06-25 17:16:45.198 0 0 I : [ 13.735791] qcom_rpmh DRV:apps_rsc TCS Busy, retrying RPMH message send: addr=0x50060
06-25 17:16:45.198 0 0 I : [ 13.735803] qcom_rpmh DRV:apps_rsc TCS Busy, retrying RPMH message send: addr=0x50060
06-25 17:16:45.198 0 0 I : [ 13.735815] qcom_rpmh DRV:apps_rsc TCS Busy, retrying RPMH message send: addr=0x50060
06-25 17:16:45.198 0 0 I : [ 13.735904] subsys-pil-tz 8300000.qcom,turing: Subsystem error monitoring/handling services are up
06-25 17:16:45.206 0 0 E [ 13.737339] register_client_adhoc: find path.src 1 dest 589
06-25 17:16:45.210 0 0 E [ 13.737382] register_client_adhoc: Failed to find path.src 1 dest 589
06-25 17:16:45.210 0 0 I [ 13.744984] adsprpc: fastrpc_restart_notifier_cb: cdsp subsystem is up
06-25 17:16:45.210 0 0 I [ 13.745184] qcom_smd_qrtr_probe: Entered
06-25 17:16:45.218 0 0 I [ 13.753127] qcom_smd_qrtr_probe: SMD QRTR driver probed
06-25 17:16:45.230 0 0 I [ 13.763496] msm_cvp: info: Opening cvp instance: 0000000000000000
06-25 17:16:45.234 0 0 E [ 13.768223] [drm: dp_display_init_aux_switch][msm-dp-err][79 ]failed to register notifier (-22)
06-25 17:16:45.234 0 0 I [ 13.768466] msm_pcie_link_train: PCIe RC0 link initialized
06-25 17:16:45.234 0 0 I [ 13.769762] adsprpc: fastrpc_rpmsg_probe: opened rpmsg channel for cdsp
06-25 17:16:45.238 0 0 I : [ 13.774860] msm_cvp_v4l2 ab00000.qcom,cvp: Linked as a consumer to regulator.77
06-25 17:16:45.238 0 0 W : [ 13.775526] subsys-pil-tz 9800000.qcom,npu: Falling back to syfs fallback for: npu.mdt
06-25 17:16:45.262 0 0 I : [ 13.784424] cnss_pci 0000:01:00.0: enabling device (0000 -> 0002)
06-25 17:16:45.262 0 0 I : [ 13.791751] msm_cvp_v4l2 ab00000.qcom,cvp: Linked as a consumer to regulator.76
06-25 17:16:45.264 0 0 D [ 13.800612] cnss: Read register offset 0x1f8031c, val = 0x6
06-25 17:16:45.264 0 0 I [ 13.802328] binder: 687:687 ioctl 40046210 7fdf0689e4 returned -22
06-25 17:16:45.266 0 0 I [ 13.803091] binder: 687:687 ioctl 40046210 7fdf068bf4 returned -22
06-25 17:16:45.274 0 0 E [ 13.808979] register_client_adhoc: find path.src 1 dest 589
06-25 17:16:45.287 0 0 E [ 13.808999] register_client_adhoc: Failed to find path.src 1 dest 589
06-25 17:16:45.287 0 0 D [ 13.817396] cnss: Write val 0x2 to register offset 0x1f8031c
06-25 17:16:45.304 0 0 E [ 13.826322] [drm: dp_display_init_aux_switch][msm-dp-err][79 ]failed to register notifier (-22)
06-25 17:16:45.304 0 0 I [ 13.827153] subsys-restart: __subsystem_get(): Changing subsys fw_name to cvpss
06-25 17:16:45.304 0 0 W : [ 13.827172] subsys-pil-tz abb0000.qcom,cvpss: Falling back to syfs fallback for: cvpss.mdt
06-25 17:16:45.304 0 0 I : [ 13.829676] subsys-pil-tz abb0000.qcom,cvpss: cvpss: loading from 0x0000000087300000 to 0x0000000087800000
06-25 17:16:45.304 0 0 I : [ 13.832391] subsys-pil-tz 17300000.qcom,lpass: adsp: Brought out of reset
06-25 17:16:45.304 0 0 W : [ 13.834293] subsys-pil-tz abb0000.qcom,cvpss: Falling back to syfs fallback for: cvpss.b02
06-25 17:16:45.304 0 0 I : [ 13.834347] subsys-pil-tz 9800000.qcom,npu: npu: loading from 0x0000000086900000 to 0x0000000086e00000
06-25 17:16:45.304 0 0 D [ 13.836032] cnss: Setting MHI state: INIT(0)
06-25 17:16:45.338 0 0 I : [ 13.856450] subsys-pil-tz 17300000.qcom,lpass: adsp: Power/Clock ready interrupt received
06-25 17:16:45.339 0 0 W : [ 13.859948] subsys-pil-tz abb0000.qcom,cvpss: Falling back to syfs fallback for: cvpss.b03
06-25 17:16:45.339 0 0 W : [ 13.859956] subsys-pil-tz abb0000.qcom,cvpss: Falling back to syfs fallback for: cvpss.b04
06-25 17:16:45.339 0 0 W : [ 13.860008] subsys-pil-tz abb0000.qcom,cvpss: Falling back to syfs fallback for: cvpss.b05
06-25 17:16:45.339 0 0 W : [ 13.863052] subsys-pil-tz abb0000.qcom,cvpss: Falling back to syfs fallback for: cvpss.b06
06-25 17:16:45.339 0 0 W : [ 13.864367] subsys-pil-tz abb0000.qcom,cvpss: Falling back to syfs fallback for: cvpss.b07
06-25 17:16:45.339 0 0 W : [ 13.866537] subsys-pil-tz abb0000.qcom,cvpss: Falling back to syfs fallback for: cvpss.b08
06-25 17:16:45.339 0 0 W : [ 13.866695] subsys-pil-tz abb0000.qcom,cvpss: Falling back to syfs fallback for: cvpss.b09
06-25 17:16:45.339 0 0 W [ 13.868271] rpmh_rsc_send_data: 2 callbacks suppressed
06-25 17:16:45.339 0 0 I : [ 13.868272] qcom_rpmh DRV:apps_rsc TCS Busy, retrying RPMH message send: addr=0x30030
06-25 17:16:45.339 0 0 W : [ 13.868786] subsys-pil-tz abb0000.qcom,cvpss: Falling back to syfs fallback for: cvpss.b10
06-25 17:16:45.339 0 0 W : [ 13.869344] subsys-pil-tz abb0000.qcom,cvpss: Falling back to syfs fallback for: cvpss.b19
06-25 17:16:45.339 0 0 W : [ 13.871550] subsys-pil-tz 9800000.qcom,npu: Falling back to syfs fallback for: npu.b02
06-25 17:16:45.339 0 0 W : [ 13.871843] subsys-pil-tz 9800000.qcom,npu: Falling back to syfs fallback for: npu.b03
06-25 17:16:45.339 0 0 W : [ 13.874347] subsys-pil-tz 9800000.qcom,npu: Falling back to syfs fallback for: npu.b04
06-25 17:16:45.339 0 0 W : [ 13.876461] subsys-pil-tz 9800000.qcom,npu: Falling back to syfs fallback for: npu.b05
06-25 17:16:45.339 0 0 W : [ 13.876917] subsys-pil-tz 9800000.qcom,npu: Falling back to syfs fallback for: npu.b06
06-25 17:16:45.349 0 0 I : [ 13.885257] qcom_rpmh DRV:apps_rsc TCS Busy, retrying RPMH message send: addr=0x30040
06-25 17:16:45.349 0 0 I : [ 13.885310] subsys-pil-tz abb0000.qcom,cvpss: cvpss: Brought out of reset
06-25 17:16:45.665 689 689 I snet_event_log: [200284993,-1,]
06-25 17:16:45.802 0 0 I : [ 14.339804] subsys-pil-tz 17300000.qcom,lpass: Subsystem error monitoring/handling services are up
06-25 17:16:45.811 0 0 I [ 14.349291] adsprpc: fastrpc_restart_notifier_cb: adsp subsystem is up
06-25 17:16:45.813 0 0 I : [ 14.349810] subsys-pil-tz 9800000.qcom,npu: npu: Brought out of reset
06-25 17:16:45.813 0 0 D [ 14.350151] cnss: DRV subsystem is connected
06-25 17:16:45.813 0 0 I [ 14.351147] adsprpc: fastrpc_rpmsg_probe: opened rpmsg channel for adsp
06-25 17:16:45.813 0 0 I [ 14.351746] qcom_smd_qrtr_probe: Entered
06-25 17:16:45.814 0 0 I [ 14.351878] qcom_smd_qrtr_probe: SMD QRTR driver probed
06-25 17:16:45.818 0 0 I : [ 14.352357] apr_tal_rpmsg qcom,glink:adsp.apr_audio_svc.-1.-1: apr_tal_rpmsg_probe: Channel[apr_audio_svc] state[Up]
06-25 17:16:45.824 0 0 E [ 14.356177] register_client_adhoc: find path.src 1 dest 589
06-25 17:16:45.862 0 0 E [ 14.356216] register_client_adhoc: Failed to find path.src 1 dest 589
06-25 17:16:45.862 0 0 E [ 14.395952] [drm: dp_display_init_aux_switch][msm-dp-err][70 ]failed to register notifier (-22)
06-25 17:16:45.862 0 0 I [ 14.399344] NPU_INFO: npu_get_fw_caps: 236 fw caps 0:2007
06-25 17:16:45.862 0 0 W [ 14.399347] NPU_WARN: host_session_msg_hdlr: 1904 handle npu session msg when FW is disabled
06-25 17:16:45.873 0 0 E [ 14.402565] register_client_adhoc: find path.src 1 dest 589
06-25 17:16:45.873 0 0 E [ 14.402604] register_client_adhoc: Failed to find path.src 1 dest 589
06-25 17:16:45.873 0 0 I [ 14.411434] NPU_INFO: npu_get_fw_caps: 236 fw caps 1:80000005
06-25 17:16:45.873 0 0 I [ 14.411435] NPU_INFO: npu_get_fw_caps: 236 fw caps 2:0
06-25 17:16:45.873 0 0 I [ 14.411435] NPU_INFO: npu_get_fw_caps: 236 fw caps 3:0
06-25 17:16:45.873 0 0 I [ 14.411436] NPU_INFO: npu_get_fw_caps: 236 fw caps 4:0
06-25 17:16:45.873 0 0 I [ 14.411436] NPU_INFO: npu_get_fw_caps: 236 fw caps 5:0
06-25 17:16:45.873 0 0 I [ 14.411437] NPU_INFO: npu_get_fw_caps: 236 fw caps 6:0
06-25 17:16:45.873 0 0 I [ 14.411437] NPU_INFO: npu_get_fw_caps: 236 fw caps 7:0
06-25 17:16:45.882 0 0 D [ 14.411922] cnss: Setting MHI state: POWER_ON(2)
06-25 17:16:45.882 0 0 I [ 14.419751] qcom_smd_qrtr_probe: Entered
06-25 17:16:45.890 0 0 W : [ 14.426042] cnss_pci 0000:01:00.0: Falling back to syfs fallback for: qca6390/amss20.bin
06-25 17:16:45.893 0 0 I [ 14.431520] msm_cvp: err: Failed to create debugfs for msm_cvp
06-25 17:16:45.893 0 0 I [ 14.431549] qcom_smd_qrtr_probe: SMD QRTR driver probed
06-25 17:16:45.895 0 0 E [ 14.432729] [drm: dp_display_init_aux_switch][msm-dp-err][18 ]failed to register notifier (-22)
06-25 17:16:45.895 0 0 E [ 14.432870] register_client_adhoc: find path.src 1 dest 589
06-25 17:16:45.914 688 688 I boot_progress_start: 14452
06-25 17:16:45.982 0 0 E [ 14.432961] register_client_adhoc: Failed to find path.src 1 dest 589
06-25 17:16:45.982 0 0 I [ 14.513814] msm_cvp: info: Closed cvp instance: 0000000000000000 session_id = 0
06-25 17:16:46.065 688 688 I snet_event_log: [200284993,-1,]
06-25 17:16:46.090 688 688 I boot_progress_preload_start: 14628
06-25 17:16:46.092 493 493 I auditd : type=1400 audit(0.0:1510): avc: denied { add_name } for comm="init" name="boot" scontext=u:r:vendor_init:s0 tcontext=u:object_r:vendor_sysfs_slpi:s0 tclass=dir permissive=1
06-25 17:16:46.111 0 0 I [ 14.633659] subsys-restart: __subsystem_get(): Changing subsys fw_name to slpi
06-25 17:16:46.111 0 0 W : [ 14.641331] subsys-pil-tz 5c00000.qcom,ssc: Falling back to syfs fallback for: slpi.mdt
06-25 17:16:46.116 1 1 I auditd : type=1400 audit(0.0:1511): avc: denied { add_name } for comm="init" name="cp_interval" scontext=u:r:init:s0 tcontext=u:object_r:sysfs_fs_f2fs:s0 tclass=dir permissive=1
06-25 17:16:46.116 1 1 I auditd : type=1400 audit(0.0:1512): avc: denied { add_name } for comm="init" name="discard_max_bytes" scontext=u:r:init:s0 tcontext=u:object_r:sysfs_dm:s0 tclass=dir permissive=1
06-25 17:16:46.146 0 0 I : [ 14.672315] subsys-pil-tz 5c00000.qcom,ssc: slpi: loading from 0x0000000088c00000 to 0x000000008a100000
06-25 17:16:46.172 0 0 I [ 14.675832] binder: 812:812 ioctl 40046210 7fcaef59c4 returned -22
06-25 17:16:46.172 0 0 W : [ 14.684503] subsys-pil-tz 5c00000.qcom,ssc: Falling back to syfs fallback for: slpi.b03
06-25 17:16:46.172 0 0 W : [ 14.684514] subsys-pil-tz 5c00000.qcom,ssc: Falling back to syfs fallback for: slpi.b02
06-25 17:16:46.172 0 0 W : [ 14.689969] subsys-pil-tz 5c00000.qcom,ssc: Falling back to syfs fallback for: slpi.b06
06-25 17:16:46.172 0 0 W : [ 14.689998] subsys-pil-tz 5c00000.qcom,ssc: Falling back to syfs fallback for: slpi.b05
06-25 17:16:46.172 0 0 W : [ 14.690003] subsys-pil-tz 5c00000.qcom,ssc: Falling back to syfs fallback for: slpi.b04
06-25 17:16:46.172 0 0 W : [ 14.690054] subsys-pil-tz 5c00000.qcom,ssc: Falling back to syfs fallback for: slpi.b07
06-25 17:16:46.172 0 0 W : [ 14.690274] subsys-pil-tz 5c00000.qcom,ssc: Falling back to syfs fallback for: slpi.b08
06-25 17:16:46.172 0 0 W : [ 14.690326] subsys-pil-tz 5c00000.qcom,ssc: Falling back to syfs fallback for: slpi.b09
06-25 17:16:46.172 0 0 W : [ 14.690492] subsys-pil-tz 5c00000.qcom,ssc: Falling back to syfs fallback for: slpi.b10
06-25 17:16:46.172 0 0 W : [ 14.690656] subsys-pil-tz 5c00000.qcom,ssc: Falling back to syfs fallback for: slpi.b11
06-25 17:16:46.172 0 0 W : [ 14.690808] subsys-pil-tz 5c00000.qcom,ssc: Falling back to syfs fallback for: slpi.b12
06-25 17:16:46.172 0 0 W : [ 14.691184] subsys-pil-tz 5c00000.qcom,ssc: Falling back to syfs fallback for: slpi.b13
06-25 17:16:46.172 0 0 W : [ 14.691401] subsys-pil-tz 5c00000.qcom,ssc: Falling back to syfs fallback for: slpi.b14
06-25 17:16:46.172 0 0 W : [ 14.691474] subsys-pil-tz 5c00000.qcom,ssc: Falling back to syfs fallback for: slpi.b15
06-25 17:16:46.172 0 0 W : [ 14.691496] subsys-pil-tz 5c00000.qcom,ssc: Falling back to syfs fallback for: slpi.b16
06-25 17:16:46.172 0 0 W : [ 14.691567] subsys-pil-tz 5c00000.qcom,ssc: Falling back to syfs fallback for: slpi.b17
06-25 17:16:46.172 0 0 W : [ 14.691725] subsys-pil-tz 5c00000.qcom,ssc: Falling back to syfs fallback for: slpi.b18
06-25 17:16:46.172 0 0 W : [ 14.692069] subsys-pil-tz 5c00000.qcom,ssc: Falling back to syfs fallback for: slpi.b19
06-25 17:16:46.172 0 0 W : [ 14.694552] subsys-pil-tz 5c00000.qcom,ssc: Falling back to syfs fallback for: slpi.b20
06-25 17:16:46.193 0 0 I [ 14.723784] binder: 813:813 ioctl 40046210 7fe0900114 returned -22
06-25 17:16:46.214 0 0 I [ 14.744331] binder: 827:827 ioctl 40046210 7fe563fa74 returned -22
06-25 17:16:46.214 0 0 I [ 14.746895] binder: 813:813 ioctl 40046210 7fe09000f4 returned -22
06-25 17:16:46.214 0 0 I [ 14.751862] binder: 821:821 ioctl 40046210 7ffe4570a4 returned -22
06-25 17:16:46.356 493 493 I auditd : type=1400 audit(0.0:1513): avc: denied { getattr } for comm="init" path="/persist/drm" dev="sda2" ino=68 scontext=u:r:vendor_init:s0 tcontext=u:object_r:mnt_product_file:s0 tclass=dir permissive=1
06-25 17:16:46.369 0 0 E [ 14.887576] rmt_storage: ERR:main: Mmap Failed for rmts (-1)...pausing execution!
06-25 17:16:46.369 0 0 I [ 14.891670] binder: 959:959 ioctl 40046210 7fef35fa24 returned -22
06-25 17:16:46.372 493 493 I auditd : type=1400 audit(0.0:1514): avc: denied { add_name } for comm="init" name="discard_max_bytes" scontext=u:r:vendor_init:s0 tcontext=u:object_r:sysfs:s0 tclass=dir permissive=1
06-25 17:16:46.390 0 0 I [ 14.908126] sysmon-qmi: ssctl_new_server: Connection established between QMI handle and slpi's SSCTL service
06-25 17:16:46.390 0 0 I [ 14.920355] sysmon-qmi: ssctl_new_server: Connection established between QMI handle and cdsp's SSCTL service
06-25 17:16:46.390 0 0 I [ 14.920895] sysmon-qmi: ssctl_new_server: Connection established between QMI handle and adsp's SSCTL service
06-25 17:16:46.390 0 0 E [ 14.921510] diag: In diag_send_feature_mask_update, control channel is not open, p: 6, 0000000000000000
06-25 17:16:46.390 0 0 I : [ 14.921998] Mass Storage Function, version: 2009/09/11
06-25 17:16:46.393 0 0 I : [ 14.931592] subsys-pil-tz 5c00000.qcom,ssc: slpi: Brought out of reset
06-25 17:16:46.401 0 0 I [ 14.938775] LUN: removable file: (no medium)
06-25 17:16:46.406 0 0 E [ 14.941316] diag: In diag_send_peripheral_buffering_mode, buffering flag not set for 5
06-25 17:16:46.421 0 0 I : [ 14.948798] file system registered
06-25 17:16:46.421 0 0 E [ 14.950955] diag: In diag_send_peripheral_buffering_mode, buffering flag not set for 6
06-25 17:16:46.421 0 0 I [ 14.955830] binder: 981:981 ioctl 40046210 7fe4681d24 returned -22
06-25 17:16:46.431 0 0 E [ 14.959927] diag: In diag_send_peripheral_buffering_mode, buffering flag not set for 1
06-25 17:16:46.431 0 0 I [ 14.960128] f_cdev_alloc: port_name:at_usb0 (0000000000000000) portno:(0)
06-25 17:16:46.441 0 0 W [ 14.978807] QSEECOM: qseecom_load_app: App (soter64) does'nt exist, loading apps for first time
06-25 17:16:46.441 0 0 I [ 14.979429] servloc: init_service_locator: Service locator initialized
06-25 17:16:46.441 0 0 I [ 14.979441] servloc: service_locator_new_server: Connection established with the Service locator
06-25 17:16:46.444 0 0 I [ 14.982190] adsprpc: fastrpc_get_service_location_notify: PDR notifier for adsp registered for msm/adsp/audio_pd (audio_pdr_adsprpc)
06-25 17:16:46.444 0 0 I [ 14.982191] adsprpc: fastrpc_get_service_location_notify: audio_pdr_adsprpc (msm/adsp/audio_pd) PDR service for adsp is uninitialized
06-25 17:16:46.444 0 0 I [ 14.982546] f_cdev_alloc: port_name:at_usb1 (0000000000000000) portno:(1)
06-25 17:16:46.447 0 0 I [ 14.983219] f_cdev_alloc: port_name:at_usb2 (0000000000000000) portno:(2)
06-25 17:16:46.447 0 0 I [ 14.983245] service-notifier: service_notifier_new_server: Connection established between QMI handle and 74 service
06-25 17:16:46.447 0 0 I [ 14.983391] audio_notifer_reg_service: service PDR_ADSP is in use
06-25 17:16:46.447 0 0 I [ 14.985652] adsprpc: fastrpc_pdr_notifier_cb: msm/adsp/audio_pd (audio_pdr_adsprpc) is up on adsp
06-25 17:16:46.447 0 0 I [ 14.985656] apr_adsp_up: Q6 is Up
06-25 17:16:46.451 0 0 I : [ 14.985998] msm-audio-ion soc:qcom,msm-audio-apr:qcom,msm-audio-ion: Linked as a consumer to 15000000.apps-smmu
06-25 17:16:46.451 0 0 I [ 14.986562] iommu: Adding device soc:qcom,msm-audio-apr:qcom,msm-audio-ion to group 50
06-25 17:16:46.451 0 0 E [ 14.987811] [drm: dp_display_init_aux_switch][msm-dp-err][54 ]failed to register notifier (-22)
06-25 17:16:46.461 0 0 I : [ 14.991076] subsys-pil-tz 5c00000.qcom,ssc: Subsystem error monitoring/handling services are up
06-25 17:16:46.461 0 0 I : [ 14.996796] subsys-pil-tz 5c00000.qcom,ssc: slpi: Power/Clock ready interrupt received
06-25 17:16:46.461 0 0 I : [ 14.996874] qcom_rpmh DRV:apps_rsc TCS Busy, retrying RPMH message send: addr=0x30040
06-25 17:16:46.464 0 0 W [ 15.002521] QSEECOM: qseecom_load_app: App with id 4 (soter64) now loaded
06-25 17:16:46.472 0 0 E [ 15.004231] register_client_adhoc: find path.src 1 dest 589
06-25 17:16:46.476 0 0 E [ 15.004286] register_client_adhoc: Failed to find path.src 1 dest 589
06-25 17:16:46.476 0 0 I [ 15.010082] sps: BAM 0x0000000003a84000 (va:0x0000000000000000) enabled: ver:0x19, number of pipes:25
06-25 17:16:46.476 0 0 I [ 15.011248] adsprpc: fastrpc_restart_notifier_cb: slpi subsystem is up
06-25 17:16:46.476 0 0 I [ 15.012494] adsprpc: fastrpc_rpmsg_probe: opened rpmsg channel for slpi
06-25 17:16:46.476 0 0 I [ 15.014497] qcom_smd_qrtr_probe: Entered
06-25 17:16:46.478 0 0 I [ 15.016238] qcom_smd_qrtr_probe: SMD QRTR driver probed
06-25 17:16:46.483 0 0 I [ 15.020046] sps: BAM 0x0000000003a84000 is registered.
06-25 17:16:46.483 0 0 I [ 15.021154] sysmon-qmi: ssctl_new_server: Connection established between QMI handle and slpi's SSCTL service
06-25 17:16:46.493 0 0 E [ 15.022879] [drm: dp_display_init_aux_switch][msm-dp-err][54 ]failed to register notifier (-22)
06-25 17:16:46.493 0 0 E [ 15.029109] diag: In diag_send_peripheral_buffering_mode, buffering flag not set for 3
06-25 17:16:46.504 0 0 E [ 15.036253] register_client_adhoc: find path.src 1 dest 589
06-25 17:16:46.492 1048 1048 I auditd : type=1400 audit(0.0:1515): avc: denied { open } for comm="getprop" path="/dev/__properties__/u:object_r:default_prop:s0" dev="tmpfs" ino=3457 scontext=u:r:vendor_qti_init_shell:s0 tcontext=u:object_r:default_prop:s0 tclass=file permissive=1
06-25 17:16:46.496 1048 1048 I auditd : type=1400 audit(0.0:1516): avc: denied { getattr } for comm="getprop" path="/dev/__properties__/u:object_r:default_prop:s0" dev="tmpfs" ino=3457 scontext=u:r:vendor_qti_init_shell:s0 tcontext=u:object_r:default_prop:s0 tclass=file permissive=1
06-25 17:16:46.496 1048 1048 I auditd : type=1400 audit(0.0:1517): avc: denied { map } for comm="getprop" path="/dev/__properties__/u:object_r:default_prop:s0" dev="tmpfs" ino=3457 scontext=u:r:vendor_qti_init_shell:s0 tcontext=u:object_r:default_prop:s0 tclass=file permissive=1
06-25 17:16:46.514 0 0 E [ 15.036303] register_client_adhoc: Failed to find path.src 1 dest 589
06-25 17:16:46.514 0 0 I [ 15.044873] msm_vidc: high: 00000001: ....d: Opening video instance: 0000000000000000, 1
06-25 17:16:46.514 0 0 I [ 15.051702] binder: 980:980 ioctl 40046210 7fe885afa4 returned -22
06-25 17:16:46.514 0 0 I [ 15.052276] binder: 980:980 ioctl 40046210 7fe885afc4 returned -22
06-25 17:16:46.514 0 0 I : [ 15.052394] msm_vidc_v4l2 aa00000.qcom,vidc: Linked as a consumer to regulator.75
06-25 17:16:46.514 0 0 I : [ 15.052414] msm_vidc_v4l2 aa00000.qcom,vidc: Linked as a consumer to regulator.74
06-25 17:16:46.515 0 0 I [ 15.052836] binder: 982:982 ioctl 40046210 7fc110d644 returned -22
06-25 17:16:46.519 0 0 I [ 15.057037] subsys-restart: __subsystem_get(): Changing subsys fw_name to venus
06-25 17:16:46.520 0 0 W : [ 15.058264] subsys-pil-tz aab0000.qcom,venus: Falling back to syfs fallback for: venus.mdt
06-25 17:16:46.529 0 0 I : [ 15.067520] subsys-pil-tz aab0000.qcom,venus: venus: loading from 0x0000000086e00000 to 0x0000000087300000
06-25 17:16:46.532 0 0 W : [ 15.069989] subsys-pil-tz aab0000.qcom,venus: Falling back to syfs fallback for: venus.b03
06-25 17:16:46.532 0 0 W : [ 15.069991] subsys-pil-tz aab0000.qcom,venus: Falling back to syfs fallback for: venus.b02
06-25 17:16:46.532 0 0 W : [ 15.070052] subsys-pil-tz aab0000.qcom,venus: Falling back to syfs fallback for: venus.b04
06-25 17:16:46.532 0 0 W : [ 15.070223] subsys-pil-tz aab0000.qcom,venus: Falling back to syfs fallback for: venus.b05
06-25 17:16:46.532 0 0 W : [ 15.070441] subsys-pil-tz aab0000.qcom,venus: Falling back to syfs fallback for: venus.b06
06-25 17:16:46.532 0 0 W : [ 15.070464] subsys-pil-tz aab0000.qcom,venus: Falling back to syfs fallback for: venus.b07
06-25 17:16:46.532 0 0 W : [ 15.070479] subsys-pil-tz aab0000.qcom,venus: Falling back to syfs fallback for: venus.b08
06-25 17:16:46.532 0 0 W : [ 15.070544] subsys-pil-tz aab0000.qcom,venus: Falling back to syfs fallback for: venus.b09
06-25 17:16:46.532 0 0 W : [ 15.070594] subsys-pil-tz aab0000.qcom,venus: Falling back to syfs fallback for: venus.b10
06-25 17:16:46.534 0 0 W : [ 15.070998] subsys-pil-tz aab0000.qcom,venus: Falling back to syfs fallback for: venus.b19
06-25 17:16:46.536 0 0 I [ 15.072432] binder: 983:983 ioctl 40046210 7ff7789cd4 returned -22
06-25 17:16:46.545 523 523 I auditd : avc: denied { find } for pid=983 uid=1000 name=vendor.qti.hardware.display.config.IDisplayConfig/default scontext=u:r:surfaceflinger:s0 tcontext=u:object_r:default_android_service:s0 tclass=service_manager permissive=1
06-25 17:16:46.550 0 0 I [ 15.080297] binder: 983:983 ioctl 40046210 7ff778b704 returned -22
06-25 17:16:46.564 0 0 W : [ 15.090071] kona-asoc-snd soc:qcom,msm-audio-apr:qcom,q6core-audio:sound: msm_init_aux_dev: Max WSA devices is 0 for this target?
06-25 17:16:46.564 0 0 E : [ 15.090454] kona-asoc-snd soc:qcom,msm-audio-apr:qcom,q6core-audio:sound: ASoC: CODEC DAI wsa_macro_vifeedback not registered
06-25 17:16:46.564 0 0 I : [ 15.095952] subsys-pil-tz aab0000.qcom,venus: venus: Brought out of reset
06-25 17:16:46.578 0 0 E : [ 15.102880] qcom-lpi-pinctrl soc:qcom,msm-audio-apr:qcom,q6core-audio:lpi_pinctrl@33c0000: snd_event_notify: No snd dev entry found
06-25 17:16:46.580 0 0 I [ 15.117754] msm_vidc: err : 00000001: ....d: Failed to create debugfs for msm_vidc
06-25 17:16:46.591 0 0 I : [ 15.120294] platform soc:qcom,msm-audio-apr:qcom,voice-mhi-audio: assigned reserved memory node mailbox_region
06-25 17:16:46.592 0 0 E [ 15.120943] [drm: dp_display_init_aux_switch][msm-dp-err][386 ]failed to register notifier (-22)
06-25 17:16:46.592 0 0 I [ 15.122994] msm_vidc: high: 00000001: h264d: Closed video instance: 0000000000000000
06-25 17:16:46.598 0 0 E [ 15.130068] register_client_adhoc: find path.src 1 dest 589
06-25 17:16:46.598 0 0 E [ 15.130117] register_client_adhoc: Failed to find path.src 1 dest 589
06-25 17:16:46.598 0 0 I [ 15.130646] msm_vidc: high: 00000001: ....d: Opening video instance: 0000000000000000, 1
06-25 17:16:46.616 0 0 W : [ 15.136636] kona-asoc-snd soc:qcom,msm-audio-apr:qcom,q6core-audio:sound: msm_init_aux_dev: Max WSA devices is 0 for this target?
06-25 17:16:46.616 0 0 E : [ 15.142628] kona-asoc-snd soc:qcom,msm-audio-apr:qcom,q6core-audio:sound: ASoC: CODEC DAI wsa_macro_vifeedback not registered
06-25 17:16:46.616 0 0 I [ 15.142687] msm_vidc: err : 00000001: ....d: Failed to create debugfs for msm_vidc
06-25 17:16:46.618 0 0 W : [ 15.154636] bolero-clk-rsc-mngr bolero-clk-rsc-mngr: DMA mask not set
06-25 17:16:46.626 0 0 W : [ 15.157140] tx_macro tx-macro: DMA mask not set
06-25 17:16:46.626 0 0 E : [ 15.157153] tx_macro tx-macro: tx_macro_probe: va-macro not registered yet, defer
06-25 17:16:46.626 0 0 I [ 15.159862] msm_vidc: high: 00000001: h264d: Closed video instance: 0000000000000000
06-25 17:16:46.630 0 0 W : [ 15.165168] rx_macro rx-macro: DMA mask not set
06-25 17:16:46.630 0 0 E : [ 15.165178] rx_macro rx-macro: rx_macro_probe: va-macro not registered yet, defer
06-25 17:16:46.630 0 0 I [ 15.166593] msm_vidc: high: 00000001: ....d: Opening video instance: 0000000000000000, 1
06-25 17:16:46.635 0 0 I [ 15.173022] msm_vidc: err : 00000001: ....d: Failed to create debugfs for msm_vidc
06-25 17:16:46.644 0 0 W : [ 15.174088] wsa_macro wsa-macro: DMA mask not set
06-25 17:16:46.644 0 0 E : [ 15.174100] wsa_macro wsa-macro: wsa_macro_probe: va-macro not registered yet, defer
06-25 17:16:46.644 0 0 I [ 15.176478] msm_vidc: high: 00000001: h265d: Closed video instance: 0000000000000000
06-25 17:16:46.644 0 0 D [ 15.182006] cnss: MHI status cb is called with reason MISSION_MODE(6)
06-25 17:16:46.644 0 0 D [ 15.182017] cnss: Notify MHI to use already allocated images
06-25 17:16:46.644 0 0 D [ 15.182021] cnss: PM relax, state: 0x8, count: 0
06-25 17:16:46.644 0 0 W : [ 15.182223] va_macro va-macro: DMA mask not set
06-25 17:16:46.644 0 0 E [ 15.182230] msm_cdc_pinctrl_get_gpiodata: device node is null
06-25 17:16:46.650 0 0 I [ 15.182771] msm_vidc: high: 00000001: ....d: Opening video instance: 0000000000000000, 1
06-25 17:16:46.650 0 0 I : [ 15.188161] va_macro va-macro: Linked as a consumer to regulator.7
06-25 17:16:46.650 0 0 I : [ 15.188164] va_macro va-macro: bolero_register_macro: register macro successful:3
06-25 17:16:46.650 0 0 I [ 15.188222] msm_vidc: err : 00000001: ....d: Failed to create debugfs for msm_vidc
06-25 17:16:46.650 0 0 E [ 15.188509] [drm: dp_display_init_aux_switch][msm-dp-err][386 ]failed to register notifier (-22)
06-25 17:16:46.665 0 0 I [ 15.193164] msm_vidc: high: 00000001: h265d: Closed video instance: 0000000000000000
06-25 17:16:46.665 0 0 E [ 15.197588] register_client_adhoc: find path.src 1 dest 589
06-25 17:16:46.665 0 0 E [ 15.197631] register_client_adhoc: Failed to find path.src 1 dest 589
06-25 17:16:46.665 0 0 I [ 15.198366] msm_vidc: high: 00000001: ....d: Opening video instance: 0000000000000000, 1
06-25 17:16:46.681 0 0 W : [ 15.203835] kona-asoc-snd soc:qcom,msm-audio-apr:qcom,q6core-audio:sound: msm_init_aux_dev: Max WSA devices is 0 for this target?
06-25 17:16:46.681 0 0 E : [ 15.210045] kona-asoc-snd soc:qcom,msm-audio-apr:qcom,q6core-audio:sound: ASoC: CODEC DAI wsa_macro_vifeedback not registered
06-25 17:16:46.681 0 0 I [ 15.211030] msm_vidc: err : 00000001: ....d: Failed to create debugfs for msm_vidc
06-25 17:16:46.681 0 0 W : [ 15.217348] kgsl kgsl-3d0: Falling back to syfs fallback for: a650_sqe.fw
06-25 17:16:46.684 0 0 W : [ 15.220600] kgsl kgsl-3d0: Falling back to syfs fallback for: a650_gmu.bin
06-25 17:16:46.685 0 0 I : [ 15.222002] tx_macro tx-macro: bolero_register_macro: register macro successful:0
06-25 17:16:46.685 0 0 I : [ 15.222200] rx_macro rx-macro: bolero_register_macro: register macro successful:1
06-25 17:16:46.685 0 0 I : [ 15.222331] wsa_macro wsa-macro: bolero_register_macro: register macro successful:2
06-25 17:16:46.685 0 0 E [ 15.222583] [drm: dp_display_init_aux_switch][msm-dp-err][386 ]failed to register notifier (-22)
06-25 17:16:46.693 0 0 I [ 15.223603] msm_vidc: high: 00000001: vp8d: Closed video instance: 0000000000000000
06-25 17:16:46.699 0 0 E [ 15.231677] register_client_adhoc: find path.src 1 dest 589
06-25 17:16:46.699 0 0 E [ 15.231718] register_client_adhoc: Failed to find path.src 1 dest 589
06-25 17:16:46.699 0 0 I [ 15.232974] msm_vidc: high: 00000001: ....d: Opening video instance: 0000000000000000, 1
06-25 17:16:46.706 0 0 W : [ 15.237938] kona-asoc-snd soc:qcom,msm-audio-apr:qcom,q6core-audio:sound: msm_init_aux_dev: Max WSA devices is 0 for this target?
06-25 17:16:46.706 0 0 I [ 15.243944] msm_vidc: err : 00000001: ....d: Failed to create debugfs for msm_vidc
06-25 17:16:46.718 0 0 I [ 15.245710] msm_vidc: high: 00000001: vp9d: Closed video instance: 0000000000000000
06-25 17:16:46.718 0 0 I [ 15.246640] msm_vidc: high: 00000001: ....d: Opening video instance: 0000000000000000, 1
06-25 17:16:46.718 0 0 I [ 15.246666] msm_vidc: err : 00000001: ....d: Failed to create debugfs for msm_vidc
06-25 17:16:46.718 0 0 W : [ 15.247102] swr-wcd tx_swr_ctrl: DMA mask not set
06-25 17:16:46.718 0 0 W : [ 15.247229] swr-wcd rx_swr_ctrl: DMA mask not set
06-25 17:16:46.718 0 0 W : [ 15.247306] swr-wcd wsa_swr_ctrl: DMA mask not set
06-25 17:16:46.718 0 0 I [ 15.249804] msm_vidc: high: 00000001: vp9d: Closed video instance: 0000000000000000
06-25 17:16:46.718 0 0 I [ 15.250871] msm_vidc: high: 00000001: ....d: Opening video instance: 0000000000000000, 1
06-25 17:16:46.718 0 0 I [ 15.250895] msm_vidc: err : 00000001: ....d: Failed to create debugfs for msm_vidc
06-25 17:16:46.718 0 0 I [ 15.252228] msm_vidc: high: 00000001: mpg2d: Closed video instance: 0000000000000000
06-25 17:16:46.718 0 0 I [ 15.253338] msm_vidc: high: 00000001: ....d: Opening video instance: 0000000000000000, 1
06-25 17:16:46.718 0 0 I [ 15.253359] msm_vidc: err : 00000001: ....d: Failed to create debugfs for msm_vidc
06-25 17:16:46.718 0 0 D [ 15.254759] cnss: WLFW server arriving: node 7 port 1
06-25 17:16:46.718 0 0 D [ 15.254762] cnss: Posting event: SERVER_ARRIVE(0), state: 0x8 flags: 0x0
06-25 17:16:46.718 0 0 D [ 15.254763] cnss: PM stay awake, state: 0x8, count: 1
06-25 17:16:46.718 0 0 D [ 15.254775] cnss: PM relax, state: 0x8, count: 0
06-25 17:16:46.718 0 0 D [ 15.254778] cnss: PM stay awake, state: 0x8, count: 1
06-25 17:16:46.718 0 0 D [ 15.254779] cnss: Processing driver event: SERVER_ARRIVE(0), state: 0x8
06-25 17:16:46.718 0 0 I [ 15.254781] cnss: QMI WLFW service connected, state: 0x9
06-25 17:16:46.718 0 0 D [ 15.254781] cnss: Sending indication register message, state: 0x9
06-25 17:16:46.718 0 0 I [ 15.255210] msm_vidc: high: 00000001: mpg2d: Closed video instance: 0000000000000000
06-25 17:16:46.718 0 0 I [ 15.256593] msm_vidc: high: 00000001: ....e: Opening video instance: 0000000000000000, 0
06-25 17:16:46.718 0 0 I [ 15.256646] msm_vidc: err : 00000001: ....e: Failed to create debugfs for msm_vidc
06-25 17:16:46.720 0 0 D [ 15.257933] cnss: Sending host capability message, state: 0x9
06-25 17:16:46.720 0 0 D [ 15.257935] cnss: Number of clients is 2
06-25 17:16:46.720 0 0 D [ 15.257938] cnss: Assign MSI to user: WAKE, num_vectors: 1, user_base_data: 813, base_vector: 13
06-25 17:16:46.720 0 0 D [ 15.257940] cnss: WAKE MSI base data is 813
06-25 17:16:46.720 0 0 D [ 15.257941] cnss: Calibration done is 0
06-25 17:16:46.720 0 0 D [ 15.257943] cnss: Sending iova starting 0xa0000000 with size 0x10010000
06-25 17:16:46.723 0 0 E : [ 15.259697] msm-pcm-routing soc:qcom,msm-pcm-routing: ASoC: no source widget found for AUDIO_REF_EC_UL30 MUX
06-25 17:16:46.723 0 0 D [ 15.260222] cnss: PM relax, state: 0x9, count: 0
06-25 17:16:46.723 0 0 I [ 15.260990] msm_vidc: high: 00000001: h264e: Closed video instance: 0000000000000000
06-25 17:16:46.730 0 0 I [ 15.266153] msm_vidc: high: 00000001: ....e: Opening video instance: 0000000000000000, 0
06-25 17:16:46.730 0 0 I [ 15.266303] msm_vidc: err : 00000001: ....e: Failed to create debugfs for msm_vidc
06-25 17:16:46.728 1045 1045 I auditd : type=1400 audit(0.0:1518): avc: denied { write } for comm="init.qcom.usb.s" name="uvc.0" dev="configfs" ino=21027 scontext=u:r:vendor_qti_init_shell:s0 tcontext=u:object_r:configfs:s0 tclass=dir permissive=1
06-25 17:16:46.728 1045 1045 I auditd : type=1400 audit(0.0:1519): avc: denied { add_name } for comm="init.qcom.usb.s" name="streaming_maxpacket" scontext=u:r:vendor_qti_init_shell:s0 tcontext=u:object_r:configfs:s0 tclass=dir permissive=1
06-25 17:16:46.732 0 0 E : [ 15.269809] msm-pcm-routing soc:qcom,msm-pcm-routing: ASoC: Failed to add route AUDIO_REF_EC_UL30 MUX -> direct -> MM_UL30
06-25 17:16:46.744 0 0 I [ 15.272095] msm_vidc: high: 00000001: h265e: Closed video instance: 0000000000000000
06-25 17:16:46.744 0 0 I [ 15.282604] binder: 1109:1109 ioctl 40046210 7fd27eac94 returned -22
06-25 17:16:46.744 0 0 E : [ 15.282607] msm-pcm-routing soc:qcom,msm-pcm-routing: ASoC: no source widget found for AUX_PCM_TX
06-25 17:16:46.744 1124 1124 I auditd : type=1400 audit(0.0:1520): avc: denied { create } for comm="mkdir" name="h" scontext=u:r:vendor_qti_init_shell:s0 tcontext=u:object_r:configfs:s0 tclass=dir permissive=1
06-25 17:16:46.757 0 0 I [ 15.283422] msm_vidc: high: 00000001: ....e: Opening video instance: 0000000000000000, 0
06-25 17:16:46.757 0 0 E : [ 15.291736] msm-pcm-routing soc:qcom,msm-pcm-routing: ASoC: Failed to add route AUX_PCM_TX -> AUX_PCM_UL_TX -> VoLTE Stub Tx Mixer
06-25 17:16:46.757 0 0 E : [ 15.292618] msm-pcm-routing soc:qcom,msm-pcm-routing: ASoC: no source widget found for AUX_PCM_RX
06-25 17:16:46.766 0 0 I [ 15.303883] msm_vidc: err : 00000001: ....e: Failed to create debugfs for msm_vidc
06-25 17:16:46.785 0 0 E : [ 15.312898] msm-pcm-routing soc:qcom,msm-pcm-routing: ASoC: Failed to add route AUX_PCM_RX -> direct -> BE_OUT
06-25 17:16:46.785 0 0 W : [ 15.313806] msm-pcm-routing soc:qcom,msm-pcm-routing: ASoC: no dapm match for MM_DL23 --> MultiMedia23 --> QUIN_TDM_RX_1 Audio Mixer
06-25 17:16:46.785 0 0 E : [ 15.323179] msm-pcm-routing soc:qcom,msm-pcm-routing: ASoC: Failed to add route MM_DL23 -> MultiMedia23 -> QUIN_TDM_RX_1 Audio Mixer
06-25 17:16:46.798 0 0 I [ 15.324809] msm_vidc: high: 00000001: h265e: Closed video instance: 0000000000000000
06-25 17:16:46.798 0 0 E [ 15.332055] link_delay_work_func: DTC_ETH: SQI=0, link=0
06-25 17:16:46.798 0 0 W : [ 15.335413] msm-pcm-routing soc:qcom,msm-pcm-routing: ASoC: no dapm match for MM_DL24 --> MultiMedia24 --> QUIN_TDM_RX_1 Audio Mixer
06-25 17:16:46.798 0 0 E : [ 15.335414] msm-pcm-routing soc:qcom,msm-pcm-routing: ASoC: Failed to add route MM_DL24 -> MultiMedia24 -> QUIN_TDM_RX_1 Audio Mixer
06-25 17:16:46.798 0 0 W : [ 15.335415] msm-pcm-routing soc:qcom,msm-pcm-routing: ASoC: no dapm match for MM_DL25 --> MultiMedia25 --> QUIN_TDM_RX_1 Audio Mixer
06-25 17:16:46.798 0 0 E : [ 15.335416] msm-pcm-routing soc:qcom,msm-pcm-routing: ASoC: Failed to add route MM_DL25 -> MultiMedia25 -> QUIN_TDM_RX_1 Audio Mixer
06-25 17:16:46.815 0 0 E : [ 15.345535] msm-pcm-routing soc:qcom,msm-pcm-routing: ASoC: no source widget found for AUX_PCM_TX
06-25 17:16:46.836 0 0 I [ 15.355307] msm_vidc: high: 00000001: ....e: Opening video instance: 0000000000000000, 0
06-25 17:16:46.836 0 0 E : [ 15.365398] msm-pcm-routing soc:qcom,msm-pcm-routing: ASoC: Failed to add route AUX_PCM_TX -> AUX_PCM_UL_TX -> SLIMBUS_0_RX Port Mixer
06-25 17:16:46.836 0 0 E : [ 15.365454] msm-pcm-routing soc:qcom,msm-pcm-routing: ASoC: no source widget found for SEC_AUX_PCM_TX
06-25 17:16:46.858 0 0 I [ 15.374627] msm_vidc: err : 00000001: ....e: Failed to create debugfs for msm_vidc
06-25 17:16:46.858 0 0 E : [ 15.386943] msm-pcm-routing soc:qcom,msm-pcm-routing: ASoC: Failed to add route SEC_AUX_PCM_TX -> SEC_AUX_PCM_UL_TX -> SLIMBUS_0_RX Port Mixer
06-25 17:16:46.858 0 0 E : [ 15.387000] msm-pcm-routing soc:qcom,msm-pcm-routing: ASoC: no source widget found for TERT_AUX_PCM_TX
06-25 17:16:46.881 0 0 I [ 15.399027] msm_vidc: high: 00000001: h265e: Closed video instance: 0000000000000000
06-25 17:16:46.881 0 0 E : [ 15.409557] msm-pcm-routing soc:qcom,msm-pcm-routing: ASoC: Failed to add route TERT_AUX_PCM_TX -> TERT_AUXPCM_UL_TX -> SLIMBUS_0_RX Port Mixer
06-25 17:16:46.881 0 0 E : [ 15.409615] msm-pcm-routing soc:qcom,msm-pcm-routing: ASoC: no source widget found for QUAT_AUX_PCM_TX
06-25 17:16:46.891 0 0 I [ 15.421155] msm_vidc: high: 00000001: ....e: Opening video instance: 0000000000000000, 0
06-25 17:16:46.891 0 0 I [ 15.429414] init: Service 'exec 26 (/vendor/bin/modprobe -a -d /vendor/lib/modules/5.4-gki rmnet_core)' (pid 1150) exited with status 1 waiting took 0.004000 seconds
06-25 17:16:46.891 0 0 I [ 15.429420] init: Sending signal 9 to service 'exec 26 (/vendor/bin/modprobe -a -d /vendor/lib/modules/5.4-gki rmnet_core)' (pid 1150) process group...
06-25 17:16:46.891 0 0 I [ 15.429474] libprocessgroup: Successfully killed process cgroup uid 0 pid 1150 in 0ms
06-25 17:16:46.891 0 0 I [ 15.429586] init: processing action (boot) from (/vendor/etc/init/port-bridge.rc:6)
06-25 17:16:46.894 0 0 I [ 15.430199] init: processing action (boot) from (/vendor/etc/init/qmipriod.debug.rc:5)
06-25 17:16:46.894 0 0 E : [ 15.432338] msm-pcm-routing soc:qcom,msm-pcm-routing: ASoC: Failed to add route QUAT_AUX_PCM_TX -> QUAT_AUXPCM_UL_TX -> SLIMBUS_0_RX Port Mixer
06-25 17:16:46.894 0 0 E : [ 15.432407] msm-pcm-routing soc:qcom,msm-pcm-routing: ASoC: no source widget found for QUIN_AUX_PCM_TX
06-25 17:16:46.894 0 0 I [ 15.432474] init: processing action (boot) from (/vendor/etc/init/qvrd_vndr.rc:19)
06-25 17:16:46.894 0 0 I [ 15.432568] init: processing action (boot) from (/vendor/etc/init/shsusrd.rc:6)
06-25 17:16:46.897 0 0 I [ 15.435182] init: processing action (boot) from (/vendor/etc/init/vendor.qti.hardware.charger_monitor@1.0-service.rc:21)
06-25 17:16:46.897 0 0 I [ 15.435324] init: starting service 'vendor.qti-chg-policy-sh'...
06-25 17:16:46.899 0 0 I [ 15.437544] init: processing action (enable_property_trigger) from (:0)
06-25 17:16:46.917 0 0 I [ 15.441941] msm_vidc: err : 00000001: ....e: Failed to create debugfs for msm_vidc
06-25 17:16:46.917 0 0 E : [ 15.455109] msm-pcm-routing soc:qcom,msm-pcm-routing: ASoC: Failed to add route QUIN_AUX_PCM_TX -> QUIN_AUXPCM_UL_TX -> SLIMBUS_0_RX Port Mixer
06-25 17:16:46.917 0 0 E : [ 15.455180] msm-pcm-routing soc:qcom,msm-pcm-routing: ASoC: no source widget found for SEN_AUX_PCM_TX
06-25 17:16:46.919 0 0 E [ 15.456540] [MAX975X: max96755x_vc1_lcd_dtc_check] *ERROR* DTC_Display: screen not ready(0), bl_sta(1), lvl(50)
06-25 17:16:46.942 0 0 I [ 15.464921] msm_vidc: err : 00000001: ....e: msm_vidc_comm_update_ctrl: failed: control name Ltr Count, min 0, max 0, step 0, default_value 0
06-25 17:16:46.942 0 0 E : [ 15.477901] msm-pcm-routing soc:qcom,msm-pcm-routing: ASoC: Failed to add route SEN_AUX_PCM_TX -> SEN_AUXPCM_UL_TX -> SLIMBUS_0_RX Port Mixer
06-25 17:16:46.948 1 1 I auditd : type=1400 audit(0.0:1521): avc: denied { add_name } for comm="init" name="enable" scontext=u:r:init:s0 tcontext=u:object_r:sysfs_android_usb:s0 tclass=dir permissive=1
06-25 17:16:46.974 0 0 I [ 15.512176] msm_vidc: high: 00000001: vp8e: Closed video instance: 0000000000000000
06-25 17:16:47.003 0 0 I [ 15.541205] binder: 1165:1165 ioctl 40046210 fff89fe8 returned -22
06-25 17:16:47.018 0 0 I : [ 15.552914] read descriptors
06-25 17:16:47.018 0 0 I : [ 15.553002] read strings
06-25 17:16:47.066 0 0 I [ 15.600875] binder: 1166:1166 ioctl 40046210 7fc1c45d84 returned -22
06-25 17:16:47.079 0 0 I [ 15.616913] binder: 1193:1193 ioctl 40046210 7fc7ae00c4 returned -22
06-25 17:16:47.095 0 0 E [ 15.624697] wlan: Loading driver v5.2.022.10G; 2023-06-25T02:55:35Z; cld:; cmn:;
06-25 17:16:47.095 0 0 I [ 15.625027] binder: 1200:1200 ioctl 40046210 7fc024b334 returned -22
06-25 17:16:47.095 0 0 I [ 15.633212] binder: 1185:1185 ioctl 40046210 7fdd4b8a04 returned -22
06-25 17:16:47.106 0 0 E : [ 15.635574] ipa ipa3_uc_reg_rdyCB:2973 bad parm. inout=0000000000000000
06-25 17:16:47.106 0 0 I : [ 15.635666] wlan_hdd_state wlan major(476) initialized
06-25 17:16:47.106 0 0 D [ 15.644738] cnss: Start to wait for calibration to complete
06-25 17:16:47.113 0 0 I [ 15.650408] binder: 1191:1191 ioctl 40046210 7fc02d3e04 returned -22
06-25 17:16:47.114 0 0 I [ 15.651348] binder: 1219:1219 ioctl 40046210 7feb8638d4 returned -22
06-25 17:16:47.126 0 0 I [ 15.659085] binder: 1212:1212 ioctl 40046210 7fd08fb1a4 returned -22
06-25 17:16:47.126 0 0 I [ 15.659843] binder: 1212:1212 ioctl 40046210 7fd08fb124 returned -22
06-25 17:16:47.135 0 0 I [ 15.670730] binder: 1213:1213 ioctl 40046210 7fcd9e6d84 returned -22
06-25 17:16:47.194 0 0 E : [ 15.712635] msm-dai-fe soc:qcom,msm-dai-fe: ASoC: no sink widget found for AUXPCM_DL_HL
06-25 17:16:47.194 0 0 E : [ 15.720870] msm-dai-fe soc:qcom,msm-dai-fe: ASoC: Failed to add route AUXPCM_HOSTLESS Playback -> direct -> AUXPCM_DL_HL
06-25 17:16:47.194 0 0 I [ 15.722220] binder: 1209:1238 ioctl 40046210 78f81540a4 returned -22
06-25 17:16:47.194 0 0 E : [ 15.732186] msm-dai-fe soc:qcom,msm-dai-fe: ASoC: no source widget found for AUXPCM_UL_HL
06-25 17:16:47.171 688 688 I boot_progress_preload_end: 15709
06-25 17:16:47.203 0 0 I : [ 15.738110] lan743x 0001:01:00.0 eth0: using MSIX interrupts, number of vectors = 6
06-25 17:16:47.206 0 0 E : [ 15.742885] msm-dai-fe soc:qcom,msm-dai-fe: ASoC: Failed to add route AUXPCM_UL_HL -> direct -> AUXPCM_HOSTLESS Capture
06-25 17:16:47.216 0 0 I [ 15.754516] binder: 1195:1195 ioctl 40046210 7feb04c454 returned -22
06-25 17:16:47.242 0 0 E : [ 15.757563] msm-auxpcm-dev soc:qcom,msm-pri-auxpcm: ASoC: no source widget found for AUX_PCM_RX
06-25 17:16:47.242 0 0 I [ 15.760640] mv2112_config_aneg: autoneg 1
06-25 17:16:47.242 0 0 E : [ 15.766513] msm-auxpcm-dev soc:qcom,msm-pri-auxpcm: ASoC: Failed to add route AUX_PCM_RX -> direct -> AUX PCM Playback
06-25 17:16:47.242 0 0 E : [ 15.766618] msm-auxpcm-dev soc:qcom,msm-pri-auxpcm: ASoC: no sink widget found for AUX_PCM_TX
06-25 17:16:47.242 0 0 I : [ 15.778176] mv2112_restart_aneg
06-25 17:16:47.242 0 0 W [ 15.778517] healthd: No battery devices found
06-25 17:16:47.261 0 0 E : [ 15.786282] msm-auxpcm-dev soc:qcom,msm-pri-auxpcm: ASoC: Failed to add route AUX PCM Capture -> direct -> AUX_PCM_TX
06-25 17:16:47.261 0 0 E : [ 15.786402] msm-auxpcm-dev soc:qcom,msm-sec-auxpcm: ASoC: no source widget found for SEC_AUX_PCM_RX
06-25 17:16:47.274 0 0 W [ 15.800736] is_dc_online: 15 callbacks suppressed
06-25 17:16:47.274 0 0 E [ 15.800738] HL6111R: is_dc_online: DC psy unavailable
06-25 17:16:47.274 0 0 E [ 15.805026] mv2112_read_status: autoneg not complete;time=15796 ms
06-25 17:16:47.274 0 0 I : [ 15.805035] lan743x 0001:01:00.0 eth0: Link is Down
06-25 17:16:47.274 0 0 I : [ 15.805473] lan743x 0001:01:00.0 eth0: successfully registered ptp clock
06-25 17:16:47.274 0 0 I : [ 15.806725] tsnv nv_initialize successfully!
06-25 17:16:47.274 0 0 E : [ 15.806761] msm-auxpcm-dev soc:qcom,msm-sec-auxpcm: ASoC: Failed to add route SEC_AUX_PCM_RX -> direct -> Sec AUX PCM Playback
06-25 17:16:47.291 0 0 I [ 15.815750] IPv6: ADDRCONF(NETDEV_UP): eth0: link is not ready
06-25 17:16:47.291 0 0 E : [ 15.818633] msm-auxpcm-dev soc:qcom,msm-sec-auxpcm: ASoC: no sink widget found for SEC_AUX_PCM_TX
06-25 17:16:47.291 0 0 I [ 15.827312] binder: 1320:1320 ioctl 40046210 7fd08077f4 returned -22
06-25 17:16:47.309 0 0 W [ 15.840849] healthd: battery none chg=
06-25 17:16:47.309 0 0 E [ 15.841003] HL6111R: is_dc_online: DC psy unavailable
06-25 17:16:47.316 0 0 E [ 15.848685] HL6111R: is_dc_online: DC psy unavailable
06-25 17:16:47.323 0 0 I [ 15.860726] binder: 1179:1179 ioctl 40046210 7fdaf99534 returned -22
06-25 17:16:47.323 0 0 I [ 15.861051] binder: 1179:1179 ioctl 40046210 7fdaf99554 returned -22
06-25 17:16:47.332 0 0 I [ 15.869797] cnss-daemon: NL group_id 10, cnss_nl.family_id 28
06-25 17:16:47.332 0 0 I [ 15.869814] cnss-daemon: wlfw_start: Starting
06-25 17:16:47.332 0 0 I [ 15.870069] binder: 1305:1305 ioctl 40046210 7fd1180564 returned -22
06-25 17:16:47.341 0 0 I [ 15.871342] cnss-daemon: no interop issues ap currently
06-25 17:16:47.341 0 0 I [ 15.872353] binder: 1305:1305 ioctl 40046210 7fd1180394 returned -22
06-25 17:16:47.341 0 0 I [ 15.875430] binder: 1207:1207 ioctl 40046210 7ffa230084 returned -22
06-25 17:16:47.341 0 0 E : [ 15.876050] msm-auxpcm-dev soc:qcom,msm-sec-auxpcm: ASoC: Failed to add route Sec AUX PCM Capture -> direct -> SEC_AUX_PCM_TX
06-25 17:16:47.350 0 0 I [ 15.883604] binder: 1207:1207 ioctl 40046210 7ffa22ffb4 returned -22
06-25 17:16:47.354 0 0 I [ 15.891539] cnss-daemon: wlfw_service_request: Start the pthread: 0x0K
06-25 17:16:47.354 0 0 I [ 15.892462] binder: 1319:1319 ioctl 40046210 7fd077c1a4 returned -22
06-25 17:16:47.358 0 0 I [ 15.893868] cnss-daemon: ro.baseband : [apq]
06-25 17:16:47.369 0 0 I [ 15.893879] cnss-daemon: Hardware supports external modem
06-25 17:16:47.370 0 0 E : [ 15.896185] msm-auxpcm-dev soc:qcom,msm-tert-auxpcm: ASoC: no source widget found for TERT_AUX_PCM_RX
06-25 17:16:47.370 0 0 I [ 15.897250] cnss-daemon: pm_release_vote: pm_handle is NULL
06-25 17:16:47.370 0 0 I [ 15.897263] cnss-daemon: pm_release_vote: pm_handle is NULL
06-25 17:16:47.370 0 0 I [ 15.901703] android_work: did not send uevent (0 0 0000000000000000)
06-25 17:16:47.386 0 0 E : [ 15.911593] msm-auxpcm-dev soc:qcom,msm-tert-auxpcm: ASoC: Failed to add route TERT_AUX_PCM_RX -> direct -> Tert AUX PCM Playback
06-25 17:16:47.386 0 0 I [ 15.918254] binder: 1319:1319 ioctl 40046210 7fd077bda4 returned -22
06-25 17:16:47.386 0 0 E : [ 15.923739] msm-auxpcm-dev soc:qcom,msm-tert-auxpcm: ASoC: no sink widget found for TERT_AUX_PCM_TX
06-25 17:16:47.392 0 0 I [ 15.928754] cnss-daemon: wlfw_build_cal_table: not read /data/vendor/wifi/wlfw_cal_00.bin
06-25 17:16:47.392 0 0 I [ 15.928895] binder: 1268:1268 ioctl 40046210 7fc193cb84 returned -22
06-25 17:16:47.402 0 0 E : [ 15.933061] msm-auxpcm-dev soc:qcom,msm-tert-auxpcm: ASoC: Failed to add route Tert AUX PCM Capture -> direct -> TERT_AUX_PCM_TX
06-25 17:16:47.415 0 0 I [ 15.943544] binder: 1201:1201 ioctl 40046210 ffdadaf8 returned -22
06-25 17:16:47.415 0 0 D [ 15.945205] qbt: qbt_open: entry minor_no=0 fd_available=1
06-25 17:16:47.415 0 0 D [ 15.945205] qbt: qbt_open: exit : 0 fd_available=0
06-25 17:16:47.415 0 0 D [ 15.945212] qbt: qbt_open: entry minor_no=1 fd_available=0
06-25 17:16:47.415 0 0 D [ 15.945213] qbt: qbt_open: exit : 0 fd_available=0
06-25 17:16:47.415 0 0 D [ 15.945218] qbt: qbt_ioctl: cmd received 102
06-25 17:16:47.415 0 0 D [ 15.945228] qbt: qbt_ioctl: qbt_ioctl: QBT_ENABLE_IPC
06-25 17:16:47.415 0 0 I [ 15.945536] cnss-daemon: wlfw_build_cal_table: not read /data/vendor/wifi/wlfw_cal_02.bin
06-25 17:16:47.415 0 0 D [ 15.945888] qbt: qbt_ioctl: cmd received 107
06-25 17:16:47.415 0 0 D [ 15.945890] qbt: qbt_ioctl: Acquiring wakelock
06-25 17:16:47.415 0 0 D [ 15.950606] cnss: Received QMI WLFW request memory indication
06-25 17:16:47.415 0 0 D [ 15.950609] cnss: FW requests for memory, size: 0x5e0000, type: 1
06-25 17:16:47.415 0 0 D [ 15.950610] cnss: FW requests for memory, size: 0xd8000, type: 4
06-25 17:16:47.415 0 0 D [ 15.950612] cnss: Posting event: REQUEST_MEM(2), state: 0x9 flags: 0x0
06-25 17:16:47.415 0 0 D [ 15.950613] cnss: PM stay awake, state: 0x9, count: 1
06-25 17:16:47.415 0 0 D [ 15.950615] cnss: PM relax, state: 0x9, count: 0
06-25 17:16:47.415 0 0 D [ 15.950640] cnss: PM stay awake, state: 0x9, count: 1
06-25 17:16:47.415 0 0 D [ 15.950641] cnss: Processing driver event: REQUEST_MEM(2), state: 0x9
06-25 17:16:47.415 0 0 E : [ 15.952806] msm-auxpcm-dev soc:qcom,msm-quat-auxpcm: ASoC: no source widget found for QUAT_AUX_PCM_RX
06-25 17:16:47.425 0 0 I [ 15.955954] binder: 1201:1201 ioctl 40046210 ffdadae0 returned -22
06-25 17:16:47.425 0 0 E : [ 15.962319] msm-auxpcm-dev soc:qcom,msm-quat-auxpcm: ASoC: Failed to add route QUAT_AUX_PCM_RX -> direct -> Quat AUX PCM Playback
06-25 17:16:47.446 0 0 E : [ 15.974411] msm-auxpcm-dev soc:qcom,msm-quat-auxpcm: ASoC: no sink widget found for QUAT_AUX_PCM_TX
06-25 17:16:47.446 0 0 E : [ 15.983726] msm-auxpcm-dev soc:qcom,msm-quat-auxpcm: ASoC: Failed to add route Quat AUX PCM Capture -> direct -> QUAT_AUX_PCM_TX
06-25 17:16:47.473 0 0 E : [ 15.995745] msm-auxpcm-dev soc:qcom,msm-quin-auxpcm: ASoC: no source widget found for QUIN_AUX_PCM_RX
06-25 17:16:47.473 0 0 I [ 16.003784] capability: warning: `msm_irqbalance' uses 32-bit capabilities (legacy support in use)
06-25 17:16:47.473 0 0 E : [ 16.005231] msm-auxpcm-dev soc:qcom,msm-quin-auxpcm: ASoC: Failed to add route QUIN_AUX_PCM_RX -> direct -> Quin AUX PCM Playback
06-25 17:16:47.473 0 0 E : [ 16.005345] msm-auxpcm-dev soc:qcom,msm-quin-auxpcm: ASoC: no sink widget found for QUIN_AUX_PCM_TX
06-25 17:16:47.478 0 0 E : [ 16.014531] msm-dwc3 a600000.ssusb: Could not get usb psy
06-25 17:16:47.506 0 0 E : [ 16.032067] msm-auxpcm-dev soc:qcom,msm-quin-auxpcm: ASoC: Failed to add route Quin AUX PCM Capture -> direct -> QUIN_AUX_PCM_TX
06-25 17:16:47.506 0 0 E : [ 16.044071] msm-auxpcm-dev soc:qcom,msm-sen-auxpcm: ASoC: no source widget found for SEN_AUX_PCM_RX
06-25 17:16:47.527 0 0 E : [ 16.053365] msm-auxpcm-dev soc:qcom,msm-sen-auxpcm: ASoC: Failed to add route SEN_AUX_PCM_RX -> direct -> Sen AUX PCM Playback
06-25 17:16:47.527 0 0 I [ 16.062686] IPv6: ADDRCONF(NETDEV_UP): vlan0: link is not ready
06-25 17:16:47.548 0 0 E : [ 16.065168] msm-auxpcm-dev soc:qcom,msm-sen-auxpcm: ASoC: no sink widget found for SEN_AUX_PCM_TX
06-25 17:16:47.548 0 0 E : [ 16.074299] msm-auxpcm-dev soc:qcom,msm-sen-auxpcm: ASoC: Failed to add route Sen AUX PCM Capture -> direct -> SEN_AUX_PCM_TX
06-25 17:16:47.550 0 0 W : [ 16.085990] msm-dai-q6-hdmi soc:qcom,msm-dai-q6-dp: DAI driver id is not set
06-25 17:16:47.582 0 0 E : [ 16.109452] msm-dwc3 a600000.ssusb: Could not get usb psy
06-25 17:16:47.582 0 0 I [ 16.115841] binder: 1488:1488 ioctl 40046210 7fe2b8bab4 returned -22
06-25 17:16:47.599 1488 1488 I system_server_start: [1,16136,16136]
06-25 17:16:47.599 1488 1488 I boot_progress_system_run: 16137
06-25 17:16:47.645 0 0 I [ 16.183414] IPv6: ADDRCONF(NETDEV_UP): vlan1: link is not ready
06-25 17:16:47.665 0 0 E : [ 16.188702] bolero-codec soc:qcom,msm-audio-apr:qcom,q6core-audio:bolero-cdc: ASoC: unknown pin WSA AIF VI
06-25 17:16:47.665 0 0 I [ 16.200489] android_work: sent uevent USB_STATE=CONNECTED
06-25 17:16:47.668 0 0 W [ 16.204830] QSEECOM: qseecom_load_app: App (featenabler) does'nt exist, loading apps for first time
06-25 17:16:47.683 0 0 E : [ 16.207165] kona-asoc-snd soc:qcom,msm-audio-apr:qcom,q6core-audio:sound: ASoC: no source widget found for MIC BIAS1
06-25 17:16:47.683 0 0 E [ 16.215046] MAIN_MGR: hvdcp_opti Version: 3:0:0
06-25 17:16:47.683 0 0 E : [ 16.217971] kona-asoc-snd soc:qcom,msm-audio-apr:qcom,q6core-audio:sound: ASoC: Failed to add route MIC BIAS1 -> direct -> AMIC1
06-25 17:16:47.683 0 0 E : [ 16.218035] kona-asoc-snd soc:qcom,msm-audio-apr:qcom,q6core-audio:sound: ASoC: no sink widget found for MIC BIAS1
06-25 17:16:47.683 0 0 W [ 16.221588] QSEECOM: qseecom_load_app: App with id 5 (featenabler) now loaded
06-25 17:16:47.707 0 0 E [ 16.226557] MAIN_MGR: set keepcaps failed!
06-25 17:16:47.707 0 0 E [ 16.226671] CHG_POLICY_PATH: Failed to get IIO path for MAIN_PSY
06-25 17:16:47.707 0 0 E : [ 16.234534] kona-asoc-snd soc:qcom,msm-audio-apr:qcom,q6core-audio:sound: ASoC: Failed to add route Analog Mic1 -> direct -> MIC BIAS1
06-25 17:16:47.707 0 0 E : [ 16.234607] kona-asoc-snd soc:qcom,msm-audio-apr:qcom,q6core-audio:sound: ASoC: no source widget found for MIC BIAS2
