06-25 17:17:09.007 1488 1601 I commit_sys_config_file: [jobs,6]
06-25 17:17:09.013 1928 2609 I sysui_multi_action: [757,210,758,4,759,3]
06-25 17:17:09.027 1928 1928 I sysui_multi_action: [757,207,758,1]
06-25 17:17:09.027 1928 1928 I sysui_multi_action: [757,804,799,volume_from_keyguard,801,0,802,1]
06-25 17:17:09.041 1928 1928 I sysui_multi_action: [757,207,758,1]
06-25 17:17:09.041 1928 1928 I sysui_multi_action: [757,804,799,volume_from_keyguard,801,0,802,1]
06-25 17:17:09.054 0 0 I [ 37.652403] init: processing action (sys.network.wifi=1) from (/system/etc/init/dns_ts.rc:1)
06-25 17:17:09.054 0 0 I [ 37.652433] init: starting service 'exec 40 (/system/bin/sh /system/bin/dns_ts.sh vlan1 192.168.1.1 vlan4 192.168.4.4)'...
06-25 17:17:09.054 0 0 I [ 37.653626] init: SVC_EXEC service 'exec 40 (/system/bin/sh /system/bin/dns_ts.sh vlan1 192.168.1.1 vlan4 192.168.4.4)' pid 5913 (uid 0 gid 0+0 context u:r:dns_ts_ip:s0) started; waiting...
06-25 17:17:09.068 0 0 I [ 37.666011] init: Service 'exec 40 (/system/bin/sh /system/bin/dns_ts.sh vlan1 192.168.1.1 vlan4 192.168.4.4)' (pid 5913) exited with status 2 waiting took 0.012000 seconds
06-25 17:17:09.068 0 0 I [ 37.666018] init: Sending signal 9 to service 'exec 40 (/system/bin/sh /system/bin/dns_ts.sh vlan1 192.168.1.1 vlan4 192.168.4.4)' (pid 5913) process group...
06-25 17:17:09.068 0 0 I [ 37.666084] libprocessgroup: Successfully killed process cgroup uid 0 pid 5913 in 0ms
06-25 17:17:09.082 1488 1488 I notification_enqueue: [10111,3440,com.tencent.android.qqdownloader,127,NULL,0,Notification(channel=channel_id_default_silent shortcut=null contentView=com.tencent.android.qqdownloader/0x7f0a01c2 vibrate=null sound=null defaults=0x0 flags=0x2a2 color=0x00000000 groupKey=com.tencent.android.qqdownloader vis=PRIVATE),1]
06-25 17:17:09.100 1488 1754 I netstats_mobile_sample: [0,0,0,0,0,0,0,0,0,0,0,0,1687684629100]
06-25 17:17:09.101 1488 1754 I netstats_wifi_sample: [198959,467,111294,300,198959,467,111294,300,517615,1325,56708,165,1687684629100]
06-25 17:17:09.360 0 0 I [ 37.956302] init: Untracked pid 5920 exited with status 0
06-25 17:17:09.371 3274 3274 I auditd : type=1400 audit(0.0:5141): avc: denied { read } for comm="Thread-32" name="serial_number" dev="sysfs" ino=67139 scontext=u:r:untrusted_app_27:s0:c512,c768 tcontext=u:object_r:vendor_sysfs_soc:s0 tclass=file permissive=1 app=com.tencent.mobileqq
06-25 17:17:09.371 3274 3274 I auditd : type=1400 audit(0.0:5142): avc: denied { open } for comm="Thread-32" path="/sys/devices/soc0/serial_number" dev="sysfs" ino=67139 scontext=u:r:untrusted_app_27:s0:c512,c768 tcontext=u:object_r:vendor_sysfs_soc:s0 tclass=file permissive=1 app=com.tencent.mobileqq
06-25 17:17:09.371 3274 3274 I auditd : type=1400 audit(0.0:5143): avc: denied { getattr } for comm="Thread-32" path="/sys/devices/soc0/serial_number" dev="sysfs" ino=67139 scontext=u:r:untrusted_app_27:s0:c512,c768 tcontext=u:object_r:vendor_sysfs_soc:s0 tclass=file permissive=1 app=com.tencent.mobileqq
06-25 17:17:09.375 3274 3274 I auditd : type=1400 audit(0.0:5144): avc: denied { read } for comm="Thread-32" name="cache" dev="dm-10" ino=16 scontext=u:r:untrusted_app_27:s0:c512,c768 tcontext=u:object_r:cache_file:s0 tclass=lnk_file permissive=1 app=com.tencent.mobileqq
06-25 17:17:09.448 0 0 E [ 38.036467] [MAX975X: max96755x_vc1_lcd_dtc_check] *ERROR* DTC_Display: screen not ready(0), bl_sta(1), lvl(20)
06-25 17:17:09.838 523 523 I auditd : avc: denied { find } for pid=5192 uid=10105 name=authentication_service scontext=u:r:untrusted_app_29:s0:c105,c256,c512,c768 tcontext=u:object_r:default_android_service:s0 tclass=service_manager permissive=1
06-25 17:17:10.031 1928 1928 I sysui_multi_action: [757,207,758,1]
06-25 17:17:10.032 1928 1928 I sysui_multi_action: [757,804,799,volume_from_keyguard,801,0,802,1]
06-25 17:17:10.045 1928 1928 I sysui_multi_action: [757,207,758,1]
06-25 17:17:10.045 1928 1928 I sysui_multi_action: [757,804,799,volume_from_keyguard,801,0,802,1]
06-25 17:17:10.061 0 0 I [ 38.674352] init: processing action (sys.network.wifi=1) from (/system/etc/init/dns_ts.rc:1)
06-25 17:17:10.061 0 0 I [ 38.674407] init: starting service 'exec 41 (/system/bin/sh /system/bin/dns_ts.sh vlan1 192.168.1.1 vlan4 192.168.4.4)'...
06-25 17:17:10.061 0 0 I [ 38.675869] init: SVC_EXEC service 'exec 41 (/system/bin/sh /system/bin/dns_ts.sh vlan1 192.168.1.1 vlan4 192.168.4.4)' pid 5984 (uid 0 gid 0+0 context u:r:dns_ts_ip:s0) started; waiting...
06-25 17:17:10.070 1488 1488 I notification_enqueue: [10111,3440,com.tencent.android.qqdownloader,127,NULL,0,Notification(channel=channel_id_default_silent shortcut=null contentView=com.tencent.android.qqdownloader/0x7f0a01c2 vibrate=null sound=null defaults=0x0 flags=0x2a2 color=0x00000000 groupKey=com.tencent.android.qqdownloader vis=PRIVATE),1]
06-25 17:17:10.139 4795 4795 I auditd : type=1400 audit(0.0:5145): avc: granted { nlmsg_readpriv } for comm="mars::5163" scontext=u:r:untrusted_app_29:s0:c105,c256,c512,c768 tcontext=u:r:untrusted_app_29:s0:c105,c256,c512,c768 tclass=netlink_route_socket app=com.tencent.mm
06-25 17:17:10.149 0 0 W [ 38.759967] audit: audit_lost=3612 audit_rate_limit=5 audit_backlog_limit=64
06-25 17:17:10.149 0 0 E [ 38.759971] audit: rate limit exceeded
06-25 17:17:10.455 1488 1754 I netstats_mobile_sample: [0,0,0,0,0,0,0,0,0,0,0,0,1687684630455]
06-25 17:17:10.455 1488 1754 I netstats_wifi_sample: [217016,506,116832,312,217016,506,116832,312,521751,1333,62246,177,1687684630455]
06-25 17:17:10.803 3440 3440 I auditd : type=1400 audit(0.0:5151): avc: granted { execute } for comm="gatherer-1-thre" path="/data/user/0/com.tencent.android.qqdownloader/app_e_qq_com_plugin_new_b11baa871a179485a20599a8c8554089/libturingga.so" dev="dm-15" ino=26897 scontext=u:r:untrusted_app_27:s0:c512,c768 tcontext=u:object_r:app_data_file:s0:c512,c768 tclass=file app=com.tencent.android.qqdownloader
06-25 17:17:11.072 1488 1488 I notification_enqueue: [10111,3440,com.tencent.android.qqdownloader,127,NULL,0,Notification(channel=channel_id_default_silent shortcut=null contentView=com.tencent.android.qqdownloader/0x7f0a01c2 vibrate=null sound=null defaults=0x0 flags=0x2a2 color=0x00000000 groupKey=com.tencent.android.qqdownloader vis=PRIVATE),1]
06-25 17:17:11.293 0 0 I [ 39.904163] display_panel_avdd: disabling
06-25 17:17:11.293 0 0 I [ 39.904877] vdd_tof: disabling
06-25 17:17:11.713 1488 1754 I netstats_mobile_sample: [0,0,0,0,0,0,0,0,0,0,0,0,1687684631713]
06-25 17:17:11.713 1488 1754 I netstats_wifi_sample: [231665,548,120288,333,231665,548,120288,333,585854,1606,64002,188,1687684631713]
06-25 17:17:12.248 1488 2038 I ntp_failure: [time.android.com/216.239.35.4,java.net.SocketTimeoutException: Poll timed out]
06-25 17:17:13.045 1928 1928 I sysui_multi_action: [757,207,758,2]
06-25 17:17:13.046 1928 2609 I sysui_multi_action: [757,210,758,4,759,-1]
06-25 17:17:13.112 1488 1754 I netstats_mobile_sample: [0,0,0,0,0,0,0,0,0,0,0,0,1687684633112]
06-25 17:17:13.112 1488 1754 I netstats_wifi_sample: [251267,596,126296,349,251267,596,126296,349,658587,1839,67006,196,1687684633112]
06-25 17:17:13.107 687 687 I auditd : type=1400 audit(0.0:5152): avc: denied { add_name } for comm="Binder:687_4" name="globalAlert" scontext=u:r:netd:s0 tcontext=u:object_r:proc_net:s0 tclass=dir permissive=1
06-25 17:17:13.169 0 0 E [ 41.772544] [MAX975X: max96755x_vc1_lcd_dtc_check] *ERROR* DTC_Display: screen not ready(0), bl_sta(1), lvl(20)
06-25 17:17:14.271 3536 3536 I auditd : type=1400 audit(0.0:5153): avc: denied { open } for comm="qimei-s-thread-" path="/proc/uptime" dev="proc" ino=4026532246 scontext=u:r:untrusted_app_27:s0:c512,c768 tcontext=u:object_r:proc_uptime:s0 tclass=file permissive=1 app=com.tencent.android.qqdownloader
06-25 17:17:14.279 3536 3536 I auditd : type=1400 audit(0.0:5154): avc: denied { read } for comm="qimei-s-thread-" name="ioports" dev="proc" ino=4026532282 scontext=u:r:untrusted_app_27:s0:c512,c768 tcontext=u:object_r:proc:s0 tclass=file permissive=1 app=com.tencent.android.qqdownloader
06-25 17:17:14.279 3536 3536 I auditd : type=1400 audit(0.0:5155): avc: denied { open } for comm="qimei-s-thread-" path="/proc/ioports" dev="proc" ino=4026532282 scontext=u:r:untrusted_app_27:s0:c512,c768 tcontext=u:object_r:proc:s0 tclass=file permissive=1 app=com.tencent.android.qqdownloader
06-25 17:17:14.295 3536 3536 I auditd : type=1400 audit(0.0:5156): avc: granted { nlmsg_readpriv } for comm="qimei-s-thread-" scontext=u:r:untrusted_app_27:s0:c512,c768 tcontext=u:r:untrusted_app_27:s0:c512,c768 tclass=netlink_route_socket app=com.tencent.android.qqdownloader
06-25 17:17:14.392 1488 1754 I netstats_mobile_sample: [0,0,0,0,0,0,0,0,0,0,0,0,1687684634392]
06-25 17:17:14.392 1488 1754 I netstats_wifi_sample: [268999,639,132382,365,268999,639,132382,365,669547,1919,72818,210,1687684634392]
06-25 17:17:15.018 1488 1615 I am_pss : [3148,10072,com.qualcomm.location.XT,6427648,4407296,0,94330880,0,6,7]
06-25 17:17:15.030 1488 1615 I am_pss : [3363,10034,com.baidu.input,94206976,76926976,0,226168832,0,7,10]
06-25 17:17:15.037 1488 1615 I am_pss : [2499,10093,android.ext.services,9614336,7151616,0,103374848,0,5,5]
06-25 17:17:15.176 1488 1618 I am_proc_start: [0,6204,10111,com.tencent.ilink.ServiceProcess,service,{com.tencent.android.qqdownloader/com.tencent.luggage.services.WxaStartUpService}]
06-25 17:17:15.188 1488 3105 I am_proc_bound: [0,6204,com.tencent.ilink.ServiceProcess]
06-25 17:17:15.189 0 0 I [ 43.800356] binder: 6204:6204 ioctl 40046210 7fe2b8b774 returned -22
06-25 17:17:15.211 6204 6204 I auditd : type=1400 audit(0.0:5157): avc: granted { execute } for comm=".ServiceProcess" path="/data/user/0/com.tencent.android.qqdownloader/files/shell/8_8454130_1346/oat/arm64/base.odex" dev="dm-15" ino=83699 scontext=u:r:untrusted_app_27:s0:c512,c768 tcontext=u:object_r:app_data_file:s0:c512,c768 tclass=file app=com.tencent.android.qqdownloader
06-25 17:17:15.236 1488 1488 I notification_enqueue: [10111,3536,com.tencent.android.qqdownloader,101,NULL,0,Notification(channel=channel_id_default_silent shortcut=null contentView=null vibrate=null sound=null tick defaults=0x0 flags=0x240 color=0x00000000 groupKey=com.tencent.android.qqdownloader vis=PRIVATE),0]
06-25 17:17:15.239 6204 6204 I auditd : type=1400 audit(0.0:5158): avc: granted { execute } for comm="temporary-1" path="/data/user/0/com.tencent.android.qqdownloader/files/shell/8_8454130_1346/lib/arm64-v8a/libmmkv.so" dev="dm-15" ino=13627 scontext=u:r:untrusted_app_27:s0:c512,c768 tcontext=u:object_r:app_data_file:s0:c512,c768 tclass=file app=com.tencent.android.qqdownloader
06-25 17:17:15.255 6204 6204 I auditd : type=1400 audit(0.0:5159): avc: granted { execute } for comm="temporary-1" path="/data/user/0/com.tencent.android.qqdownloader/files/shell/8_8454130_1346/lib/arm64-v8a/libmarsxlog.so" dev="dm-15" ino=13626 scontext=u:r:untrusted_app_27:s0:c512,c768 tcontext=u:object_r:app_data_file:s0:c512,c768 tclass=file app=com.tencent.android.qqdownloader
06-25 17:17:15.268 0 0 W [ 43.879092] audit: audit_lost=3617 audit_rate_limit=5 audit_backlog_limit=64
06-25 17:17:15.268 0 0 E [ 43.879093] audit: rate limit exceeded
06-25 17:17:15.259 6204 6204 I auditd : type=1400 audit(0.0:5160): avc: granted { execute } for comm="temporary-3" path="/data/user/0/com.tencent.android.qqdownloader/files/shell/8_8454130_1346/lib/arm64-v8a/librdefense.so" dev="dm-15" ino=13630 scontext=u:r:untrusted_app_27:s0:c512,c768 tcontext=u:object_r:app_data_file:s0:c512,c768 tclass=file app=com.tencent.android.qqdownloader
06-25 17:17:15.270 1488 1615 I am_pss : [3440,10111,com.tencent.android.qqdownloader:daemon,204361728,177774592,0,368066560,0,4,16]
06-25 17:17:15.278 1488 1615 I am_pss : [4948,10111,com.tencent.android.qqdownloader:cloud,31544320,23232512,0,149671936,0,4,7]
06-25 17:17:15.284 1488 1615 I am_pss : [4721,99000,com.android.webview:sandboxed_process0:org.chromium.content.app.SandboxedProcessService0:0,13806592,2932736,0,78532608,0,4,4]
06-25 17:17:15.294 1488 1615 I am_pss : [3536,10111,com.tencent.android.qqdownloader,89003008,75210752,0,230313984,0,4,10]
06-25 17:17:15.300 1488 1615 I am_pss : [4754,10068,com.android.webview:webview_service,15303680,3743744,0,86724608,0,4,5]
06-25 17:17:15.723 1488 1754 I netstats_mobile_sample: [0,0,0,0,0,0,0,0,0,0,0,0,1687684635723]
06-25 17:17:15.723 1488 1754 I netstats_wifi_sample: [283250,671,134994,373,283250,671,134994,373,732939,2063,74124,214,1687684635723]
06-25 17:17:15.731 6204 6204 I auditd : type=1400 audit(0.0:5164): avc: granted { execute } for comm=4173796E635461736B202331 path="/data/user/0/com.tencent.android.qqdownloader/files/res_hub/yyb/online/wx_sdk_so_3_64_20/arm64-v8a/libwxaopenruntimejni.so" dev="dm-15" ino=39150 scontext=u:r:untrusted_app_27:s0:c512,c768 tcontext=u:object_r:app_data_file:s0:c512,c768 tclass=file app=com.tencent.android.qqdownloader
06-25 17:17:15.847 6204 6204 I auditd : type=1400 audit(0.0:5165): avc: granted { execute } for comm="Binder:6204_3" path="/data/user/0/com.tencent.android.qqdownloader/app_wxa_sdk_plugin/587202817/wxa_libs/libmmkv.so" dev="dm-15" ino=27454 scontext=u:r:untrusted_app_27:s0:c512,c768 tcontext=u:object_r:app_data_file:s0:c512,c768 tclass=file app=com.tencent.android.qqdownloader
06-25 17:17:15.863 6204 6204 I auditd : type=1400 audit(0.0:5166): avc: granted { execute } for comm="Binder:6204_3" path="/data/user/0/com.tencent.android.qqdownloader/app_wxa_sdk_plugin/587202817/wxa_libs/libwechatxlog.so" dev="dm-15" ino=27510 scontext=u:r:untrusted_app_27:s0:c512,c768 tcontext=u:object_r:app_data_file:s0:c512,c768 tclass=file app=com.tencent.android.qqdownloader
06-25 17:17:15.863 6204 6204 I auditd : type=1400 audit(0.0:5167): avc: granted { execute } for comm="Binder:6204_3" path="/data/user/0/com.tencent.android.qqdownloader/app_wxa_sdk_plugin/587202817/wxa_libs/libc++_shared.so" dev="dm-15" ino=27429 scontext=u:r:untrusted_app_27:s0:c512,c768 tcontext=u:object_r:app_data_file:s0:c512,c768 tclass=file app=com.tencent.android.qqdownloader
06-25 17:17:15.871 6204 6204 I auditd : type=1400 audit(0.0:5168): avc: granted { execute } for comm="Binder:6204_3" path="/data/user/0/com.tencent.android.qqdownloader/app_wxa_sdk_plugin/587202817/wxa_libs/libstlport_shared.so" dev="dm-15" ino=27491 scontext=u:r:untrusted_app_27:s0:c512,c768 tcontext=u:object_r:app_data_file:s0:c512,c768 tclass=file app=com.tencent.android.qqdownloader
06-25 17:17:15.993 1488 1618 I am_proc_start: [0,6309,10111,com.tencent.android.qqdownloader:wxa_container0,service,{com.tencent.android.qqdownloader/com.tencent.luggage.services.WxaProxy_WxaIPCContainerService0}]
06-25 17:17:16.005 1488 1893 I am_proc_bound: [0,6309,com.tencent.android.qqdownloader:wxa_container0]
06-25 17:17:16.006 0 0 I [ 44.617303] binder: 6309:6309 ioctl 40046210 7fe2b8b774 returned -22
06-25 17:17:16.022 1488 1615 I am_pss : [2610,10079,com.android.launcher3,64300032,55488512,0,188502016,0,5,10]
06-25 17:17:16.272 0 0 W [ 44.883372] audit: audit_lost=3630 audit_rate_limit=5 audit_backlog_limit=64
06-25 17:17:16.272 0 0 E [ 44.883374] audit: rate limit exceeded
06-25 17:17:16.368 1488 2089 I am_kill : [0,5811,com.qualcomm.timeservice,905,empty #2]
06-25 17:17:16.397 1488 3105 I am_proc_died: [0,5811,com.qualcomm.timeservice,905,19]
06-25 17:17:16.397 1488 3105 I am_uid_stopped: 10054
06-25 17:17:16.413 1488 1615 I am_pss : [3693,10123,com.bilibili.bilithings,134962176,118673408,0,221466624,0,2,8]
06-25 17:17:16.735 6309 6309 I auditd : type=1400 audit(0.0:5187): avc: granted { execute } for comm="[GT]ColdPool#0" path="/data/user/0/com.tencent.android.qqdownloader/app_wxa_sdk_plugin/587202817/wxa_libs/libmmv8.so" dev="dm-15" ino=27465 scontext=u:r:untrusted_app_27:s0:c512,c768 tcontext=u:object_r:app_data_file:s0:c512,c768 tclass=file app=com.tencent.android.qqdownloader
06-25 17:17:16.815 6309 6309 I auditd : type=1400 audit(0.0:5188): avc: granted { execute } for comm="[GT]ColdPool#0" path="/data/user/0/com.tencent.android.qqdownloader/app_wxa_sdk_plugin/587202817/wxa_libs/libmmnode.so" dev="dm-15" ino=27456 scontext=u:r:untrusted_app_27:s0:c512,c768 tcontext=u:object_r:app_data_file:s0:c512,c768 tclass=file app=com.tencent.android.qqdownloader
06-25 17:17:16.831 6309 6309 I auditd : type=1400 audit(0.0:5189): avc: granted { execute } for comm="[GT]ColdPool#0" path="/data/user/0/com.tencent.android.qqdownloader/app_wxa_sdk_plugin/587202817/wxa_libs/libwxa-runtime-binding.so" dev="dm-15" ino=27529 scontext=u:r:untrusted_app_27:s0:c512,c768 tcontext=u:object_r:app_data_file:s0:c512,c768 tclass=file app=com.tencent.android.qqdownloader
06-25 17:17:16.913 0 0 E [ 45.517007] [MAX975X: max96755x_vc1_lcd_dtc_check] *ERROR* DTC_Display: screen not ready(0), bl_sta(1), lvl(20)
06-25 17:17:17.035 687 687 I auditd : type=1400 audit(0.0:5190): avc: denied { add_name } for comm="Binder:687_4" name="globalAlert" scontext=u:r:netd:s0 tcontext=u:object_r:proc_net:s0 tclass=dir permissive=1
06-25 17:17:17.039 1488 1754 I netstats_mobile_sample: [0,0,0,0,0,0,0,0,0,0,0,0,1687684637039]
06-25 17:17:17.039 1488 1754 I netstats_wifi_sample: [301743,715,140532,385,301743,715,140532,385,760309,2168,79662,226,1687684637039]
06-25 17:17:17.116 0 0 I [ 45.728937] init: processing action (sys.tlog.tlogdshc.active=1) from (/system/etc/init/tlogd.rc:195)
06-25 17:17:17.116 0 0 I [ 45.729212] init: starting service 'tlogdshc'...
06-25 17:17:17.173 0 0 I [ 45.786215] init: Service 'tlogdshc' (pid 6434) exited with status 0 oneshot service took 0.056000 seconds in background
06-25 17:17:17.173 0 0 I [ 45.786224] init: Sending signal 9 to service 'tlogdshc' (pid 6434) process group...
06-25 17:17:17.173 0 0 I [ 45.786327] libprocessgroup: Successfully killed process cgroup uid 0 pid 6434 in 0ms
06-25 17:17:17.171 6309 6309 I auditd : type=1400 audit(0.0:5191): avc: granted { execute } for comm="[GT]ColdPool#0" path="/data/user/0/com.tencent.android.qqdownloader/app_wxa_sdk_plugin/587202817/wxa_libs/libmmskia.so" dev="dm-15" ino=27460 scontext=u:r:untrusted_app_27:s0:c512,c768 tcontext=u:object_r:app_data_file:s0:c512,c768 tclass=file app=com.tencent.android.qqdownloader
06-25 17:17:17.255 1488 2038 I ntp_failure: [time.android.com/216.239.35.12,java.net.SocketTimeoutException: Poll timed out]
06-25 17:17:17.290 0 0 W [ 45.900971] audit: audit_lost=3641 audit_rate_limit=5 audit_backlog_limit=64
06-25 17:17:17.290 0 0 E [ 45.900976] audit: rate limit exceeded
06-25 17:17:17.331 1488 1615 I am_pss : [4130,1000,com.qti.diagservices,10711040,3047424,6157312,65597440,0,10,6]
06-25 17:17:17.763 6309 6309 I auditd : type=1400 audit(0.0:5197): avc: granted { execute } for comm="[GT]ColdPool#0" path="/data/user/0/com.tencent.android.qqdownloader/app_wxa_sdk_plugin/587202817/wxa_libs/libmmudp.so" dev="dm-15" ino=27464 scontext=u:r:untrusted_app_27:s0:c512,c768 tcontext=u:object_r:app_data_file:s0:c512,c768 tclass=file app=com.tencent.android.qqdownloader
06-25 17:17:17.775 6309 6309 I auditd : type=1400 audit(0.0:5198): avc: granted { execute } for comm="[GT]ColdPool#0" path="/data/user/0/com.tencent.android.qqdownloader/app_wxa_sdk_plugin/587202817/wxa_libs/libmmtcp.so" dev="dm-15" ino=27463 scontext=u:r:untrusted_app_27:s0:c512,c768 tcontext=u:object_r:app_data_file:s0:c512,c768 tclass=file app=com.tencent.android.qqdownloader
06-25 17:17:17.795 6309 6309 I auditd : type=1400 audit(0.0:5199): avc: granted { execute } for comm="[GT]ColdPool#0" path="/data/user/0/com.tencent.android.qqdownloader/app_wxa_sdk_plugin/587202817/wxa_libs/libmmlockstep.so" dev="dm-15" ino=27455 scontext=u:r:untrusted_app_27:s0:c512,c768 tcontext=u:object_r:app_data_file:s0:c512,c768 tclass=file app=com.tencent.android.qqdownloader
06-25 17:17:17.819 6309 6309 I auditd : type=1400 audit(0.0:5200): avc: granted { execute } for comm="[GT]ColdPool#0" path="/data/user/0/com.tencent.android.qqdownloader/app_wxa_sdk_plugin/587202817/wxa_libs/libowl.so" dev="dm-15" ino=27476 scontext=u:r:untrusted_app_27:s0:c512,c768 tcontext=u:object_r:app_data_file:s0:c512,c768 tclass=file app=com.tencent.android.qqdownloader
06-25 17:17:17.855 6309 6309 I auditd : type=1400 audit(0.0:5201): avc: granted { execute } for comm="[GT]ColdPool#0" path="/data/user/0/com.tencent.android.qqdownloader/app_wxa_sdk_plugin/587202817/wxa_libs/libwcwss.so" dev="dm-15" ino=27499 scontext=u:r:untrusted_app_27:s0:c512,c768 tcontext=u:object_r:app_data_file:s0:c512,c768 tclass=file app=com.tencent.android.qqdownloader
06-25 17:17:18.323 1488 1754 I netstats_mobile_sample: [0,0,0,0,0,0,0,0,0,0,0,0,1687684638323]
06-25 17:17:18.323 1488 1754 I netstats_wifi_sample: [319760,760,141080,389,319760,760,141080,389,775653,2280,79936,228,1687684638323]
06-25 17:17:18.328 0 0 W [ 46.938780] audit: audit_lost=3647 audit_rate_limit=5 audit_backlog_limit=64
06-25 17:17:18.328 0 0 E [ 46.938783] audit: rate limit exceeded
06-25 17:17:19.402 1488 1717 I am_kill : [0,2646,com.qualcomm.qti.qccauthmgr,925,empty #2]
06-25 17:17:19.411 1488 1615 I am_pss : [3301,10111,com.tencent.android.qqdownloader:live,23837696,14114816,2064384,143659008,0,10,7]
06-25 17:17:19.426 1488 2088 I am_proc_died: [0,2646,com.qualcomm.qti.qccauthmgr,925,19]
06-25 17:17:19.426 1488 2088 I am_uid_stopped: 10081
06-25 17:17:19.609 1488 1754 I netstats_mobile_sample: [0,0,0,0,0,0,0,0,0,0,0,0,1687684639609]
06-25 17:17:19.609 1488 1754 I netstats_wifi_sample: [334842,796,149230,409,334842,796,149230,409,815621,2408,86780,244,1687684639609]
06-25 17:17:20.657 0 0 E [ 49.260523] [MAX975X: max96755x_vc1_lcd_dtc_check] *ERROR* DTC_Display: screen not ready(0), bl_sta(1), lvl(20)
06-25 17:17:20.870 1488 1754 I netstats_mobile_sample: [0,0,0,0,0,0,0,0,0,0,0,0,1687684640870]
06-25 17:17:20.870 1488 1754 I netstats_wifi_sample: [339223,806,150810,413,339223,806,150810,413,825426,2433,87570,246,1687684640870]
06-25 17:17:21.848 1488 1615 I am_pss : [4795,10105,com.tencent.mm:push,115582976,66117632,2420736,262066176,0,10,14]
06-25 17:17:22.160 1488 1754 I netstats_mobile_sample: [0,0,0,0,0,0,0,0,0,0,0,0,1687684642160]
06-25 17:17:22.160 1488 1754 I netstats_wifi_sample: [340836,815,151358,417,340836,815,151358,417,849042,2561,87844,248,1687684642160]
06-25 17:17:22.325 1488 2038 I ntp_failure: [time.android.com/216.239.35.8,java.net.SocketTimeoutException: Poll timed out]
06-25 17:17:22.327 6204 6204 I auditd : type=1400 audit(0.0:5209): avc: granted { execute } for comm="BeaconReportHan" path="/data/user/0/com.tencent.android.qqdownloader/files/shell/8_8454130_1346/lib/arm64-v8a/libqmp.so" dev="dm-15" ino=13629 scontext=u:r:untrusted_app_27:s0:c512,c768 tcontext=u:object_r:app_data_file:s0:c512,c768 tclass=file app=com.tencent.android.qqdownloader
06-25 17:17:22.339 6204 6204 I auditd : type=1400 audit(0.0:5210): avc: granted { execute } for comm="BeaconReportHan" path="/data/user/0/com.tencent.android.qqdownloader/files/shell/8_8454130_1346/lib/arm64-v8a/libbeaconid.so" dev="dm-15" ino=13618 scontext=u:r:untrusted_app_27:s0:c512,c768 tcontext=u:object_r:app_data_file:s0:c512,c768 tclass=file app=com.tencent.android.qqdownloader
06-25 17:17:22.363 6204 6204 I auditd : type=1400 audit(0.0:5211): avc: denied { read } for comm="qimei-thread-1" name="/" dev="dm-10" ino=2 scontext=u:r:untrusted_app_27:s0:c512,c768 tcontext=u:object_r:rootfs:s0 tclass=dir permissive=1 app=com.tencent.android.qqdownloader
06-25 17:17:22.363 6204 6204 I auditd : type=1400 audit(0.0:5212): avc: denied { open } for comm="qimei-thread-1" path="/" dev="dm-10" ino=2 scontext=u:r:untrusted_app_27:s0:c512,c768 tcontext=u:object_r:rootfs:s0 tclass=dir permissive=1 app=com.tencent.android.qqdownloader
06-25 17:17:23.403 6309 6309 I auditd : type=1400 audit(0.0:5213): avc: granted { execute } for comm="BeaconReportHan" path="/data/user/0/com.tencent.android.qqdownloader/files/shell/8_8454130_1346/lib/arm64-v8a/libqmp.so" dev="dm-15" ino=13629 scontext=u:r:untrusted_app_27:s0:c512,c768 tcontext=u:object_r:app_data_file:s0:c512,c768 tclass=file app=com.tencent.android.qqdownloader
06-25 17:17:23.427 6309 6309 I auditd : type=1400 audit(0.0:5214): avc: granted { execute } for comm="BeaconReportHan" path="/data/user/0/com.tencent.android.qqdownloader/files/shell/8_8454130_1346/lib/arm64-v8a/libbeaconid.so" dev="dm-15" ino=13618 scontext=u:r:untrusted_app_27:s0:c512,c768 tcontext=u:object_r:app_data_file:s0:c512,c768 tclass=file app=com.tencent.android.qqdownloader
06-25 17:17:23.487 1488 1754 I netstats_mobile_sample: [0,0,0,0,0,0,0,0,0,0,0,0,1687684643486]
06-25 17:17:23.487 1488 1754 I netstats_wifi_sample: [347326,830,159508,437,347326,830,159508,437,942434,2769,94688,264,1687684643486]
06-25 17:17:23.519 6309 6309 I auditd : type=1400 audit(0.0:5215): avc: granted { nlmsg_readpriv } for comm="qimei-thread-1" scontext=u:r:untrusted_app_27:s0:c512,c768 tcontext=u:r:untrusted_app_27:s0:c512,c768 tclass=netlink_route_socket app=com.tencent.android.qqdownloader
06-25 17:17:23.991 1488 1717 I am_kill : [0,3399,android.process.acore,925,empty #2]
06-25 17:17:24.011 1488 1615 I am_pss : [5192,10105,com.tencent.mm,268542976,215355392,3584000,428855296,0,10,18]
06-25 17:17:24.017 1488 1615 I am_pss : [3170,10092,com.android.providers.media.module,18095104,14540800,0,122765312,0,0,6]
06-25 17:17:24.019 1488 2088 I am_proc_died: [0,3399,android.process.acore,925,19]
06-25 17:17:24.019 1488 2088 I am_uid_stopped: 10022
06-25 17:17:24.025 1488 1615 I am_pss : [4085,10018,android.process.media,16921600,6115328,8877056,72380416,0,10,6]
06-25 17:17:24.037 1488 1615 I am_pss : [1912,1002,com.android.bluetooth,75149312,63528960,0,189771776,0,0,9]
06-25 17:17:24.047 1488 1615 I am_pss : [3143,10125,com.hryt.lebotp,89556992,52748288,0,213725184,0,0,8]
06-25 17:17:24.054 1488 1615 I am_pss : [3106,10085,com.qualcomm.qti.workloadclassifier,8679424,6746112,0,93458432,0,0,6]
06-25 17:17:24.062 1488 1615 I am_pss : [3075,10087,com.qualcomm.qti.qccnetstat,6291456,4308992,0,91684864,0,0,5]
06-25 17:17:24.068 1488 1615 I am_pss : [3035,10077,com.qualcomm.qti.services.systemhelper:systemhelper_service,6524928,4489216,0,93519872,0,0,6]
06-25 17:17:24.076 1488 1615 I am_pss : [3009,10055,.pasr,5583872,3686400,0,89632768,0,0,6]
06-25 17:17:24.082 1488 1615 I am_pss : [2999,10058,ts.car.uart,6349824,4456448,0,90664960,0,0,5]
06-25 17:17:24.089 1488 1615 I am_pss : [3006,1000,com.hryt.hiphishowfsecontrol,13908992,11137024,0,106381312,0,0,5]
06-25 17:17:24.095 1488 1615 I am_pss : [2765,10071,com.qualcomm.location,10440704,7806976,0,103993344,0,0,5]
06-25 17:17:24.104 1488 1615 I am_pss : [2443,1000,com.qualcomm.qti.qdma,9139200,6410240,0,104931328,0,0,6]
06-25 17:17:24.109 1488 1615 I am_pss : [2405,1000,com.thundercomm.tcservice,9816064,6688768,0,98893824,0,0,5]
06-25 17:17:24.115 1488 1615 I am_pss : [2340,1068,com.android.se,6030336,4083712,0,91693056,0,0,5]
06-25 17:17:24.120 1488 1615 I am_pss : [2323,10080,com.qti.qualcomm.mstatssystemservice,5683200,3788800,0,89845760,0,0,4]
06-25 17:17:24.127 1488 1615 I am_pss : [2367,1000,com.thundercomm.remotecontrolservice,9146368,6529024,0,101220352,0,0,5]
06-25 17:17:24.134 1488 1615 I am_pss : [2316,1000,vendor.qti.qesdk.sysservice,5726208,3788800,0,91136000,0,0,4]
06-25 17:17:24.141 1488 1615 I am_pss : [2238,1000,com.tc.logclient,7570432,5275648,0,98201600,0,0,5]
06-25 17:17:24.149 1488 1615 I am_pss : [2246,1073,com.android.networkstack.process,15683584,13123584,0,111263744,0,0,6]
06-25 17:17:24.155 1488 1615 I am_pss : [2255,1000,com.thundercomm.tcsetupwizard,6861824,4861952,0,91197440,0,0,5]
06-25 17:17:24.161 1488 1615 I am_pss : [2220,1000,com.thundercomm.tchttpserver,7658496,5484544,0,94216192,0,0,5]
06-25 17:17:24.167 1488 1615 I am_pss : [2208,10053,.qtidataservices,6087680,4149248,0,91734016,0,0,5]
06-25 17:17:24.174 1488 1615 I am_pss : [2181,1001,.dataservices,8312832,6197248,0,95473664,0,0,6]
06-25 17:17:24.181 1488 1615 I am_pss : [2153,1000,com.thundercomm.microsettings,17020928,9367552,0,120389632,0,0,6]
06-25 17:17:24.188 1488 1615 I am_pss : [2142,1000,com.thundercomm.microservice,11352064,9105408,0,99004416,0,0,5]
06-25 17:17:24.197 1488 1615 I am_pss : [2065,1000,com.thundercomm.gamemode,61945856,52256768,0,172179456,0,0,7]
06-25 17:17:24.211 1488 1615 I am_pss : [1928,10078,com.android.systemui,181091328,161243136,0,340983808,0,0,11]
06-25 17:17:24.232 1488 1615 I am_pss : [1488,1000,system,265718784,163237888,0,600244224,0,0,19]
06-25 17:17:24.770 1488 1754 I netstats_mobile_sample: [0,0,0,0,0,0,0,0,0,0,0,0,1687684644770]
06-25 17:17:24.770 1488 1754 I netstats_wifi_sample: [347326,830,159508,437,347326,830,159508,437,942434,2769,94688,264,1687684644770]
06-25 17:17:24.945 0 0 E [ 53.548468] [MAX975X: max96755x_vc1_lcd_dtc_check] *ERROR* DTC_Display: screen not ready(0), bl_sta(1), lvl(20)
06-25 17:17:25.014 1488 1717 I am_kill : [0,2520,com.thundercomm.gamemode.provider,925,empty #2]
06-25 17:17:25.031 1488 5405 I am_proc_died: [0,2520,com.thundercomm.gamemode.provider,925,19]
06-25 17:17:25.032 1488 5405 I am_uid_stopped: 10064
06-25 17:17:25.061 1488 1488 I sysui_multi_action: [757,128,758,5,759,8,793,9826,794,0,795,9826,796,101,806,com.tencent.android.qqdownloader,857,channel_id_default_silent,858,3,946,com.tencent.android.qqdownloader,947,1,1500,9826,1688,1]
06-25 17:17:25.062 1488 1488 I notification_canceled: [0|com.tencent.android.qqdownloader|101|null|10111,8,9826,9826,0,-1,-1,NULL]
06-25 17:17:25.557 1488 1488 I notification_enqueue: [10111,3440,com.tencent.android.qqdownloader,127,NULL,0,Notification(channel=channel_id_default_silent shortcut=null contentView=com.tencent.android.qqdownloader/0x7f0a01c2 vibrate=null sound=null defaults=0x0 flags=0x2a2 color=0x00000000 groupKey=com.tencent.android.qqdownloader vis=PRIVATE),1]
06-25 17:17:25.620 1488 1600 I sysui_multi_action: [757,1659,758,4,759,1,1660,2]
06-25 17:17:25.615 6566 6566 I auditd : type=1400 audit(0.0:5216): avc: denied { open } for comm="getprop" path="/dev/__properties__/u:object_r:ab_update_gki_prop:s0" dev="tmpfs" ino=3386 scontext=u:r:untrusted_app_27:s0:c512,c768 tcontext=u:object_r:ab_update_gki_prop:s0 tclass=file permissive=1 app=com.tencent.android.qqdownloader
06-25 17:17:25.622 0 0 W [ 54.236316] audit: audit_lost=3650 audit_rate_limit=5 audit_backlog_limit=64
06-25 17:17:25.615 6566 6566 I auditd : type=1400 audit(0.0:5217): avc: denied { getattr } for comm="getprop" path="/dev/__properties__/u:object_r:ab_update_gki_prop:s0" dev="tmpfs" ino=3386 scontext=u:r:untrusted_app_27:s0:c512,c768 tcontext=u:object_r:ab_update_gki_prop:s0 tclass=file permissive=1 app=com.tencent.android.qqdownloader
06-25 17:17:25.615 6566 6566 I auditd : type=1400 audit(0.0:5218): avc: denied { map } for comm="getprop" path="/dev/__properties__/u:object_r:ab_update_gki_prop:s0" dev="tmpfs" ino=3386 scontext=u:r:untrusted_app_27:s0:c512,c768 tcontext=u:object_r:ab_update_gki_prop:s0 tclass=file permissive=1 app=com.tencent.android.qqdownloader
06-25 17:17:25.619 6566 6566 I auditd : type=1400 audit(0.0:5219): avc: denied { open } for comm="getprop" path="/dev/__properties__/u:object_r:adbd_prop:s0" dev="tmpfs" ino=3388 scontext=u:r:untrusted_app_27:s0:c512,c768 tcontext=u:object_r:adbd_prop:s0 tclass=file permissive=1 app=com.tencent.android.qqdownloader
06-25 17:17:25.619 6566 6566 I auditd : type=1400 audit(0.0:5220): avc: denied { getattr } for comm="getprop" path="/dev/__properties__/u:object_r:adbd_prop:s0" dev="tmpfs" ino=3388 scontext=u:r:untrusted_app_27:s0:c512,c768 tcontext=u:object_r:adbd_prop:s0 tclass=file permissive=1 app=com.tencent.android.qqdownloader
06-25 17:17:25.619 6566 6566 I auditd : type=1400 audit(0.0:5221): avc: denied { map } for comm="getprop" path="/dev/__properties__/u:object_r:adbd_prop:s0" dev="tmpfs" ino=3388 scontext=u:r:untrusted_app_27:s0:c512,c768 tcontext=u:object_r:adbd_prop:s0 tclass=file permissive=1 app=com.tencent.android.qqdownloader
06-25 17:17:25.619 6566 6566 I auditd : type=1400 audit(0.0:5222): avc: denied { open } for comm="getprop" path="/dev/__properties__/u:object_r:apexd_config_prop:s0" dev="tmpfs" ino=3389 scontext=u:r:untrusted_app_27:s0:c512,c768 tcontext=u:object_r:apexd_config_prop:s0 tclass=file permissive=1 app=com.tencent.android.qqdownloader
06-25 17:17:25.619 6566 6566 I auditd : type=1400 audit(0.0:5223): avc: denied { getattr } for comm="getprop" path="/dev/__properties__/u:object_r:apexd_config_prop:s0" dev="tmpfs" ino=3389 scontext=u:r:untrusted_app_27:s0:c512,c768 tcontext=u:object_r:apexd_config_prop:s0 tclass=file permissive=1 app=com.tencent.android.qqdownloader
06-25 17:17:25.626 0 0 E [ 54.236318] audit: rate limit exceeded
06-25 17:17:25.713 0 0 I [ 54.326714] binder: 3536:6568 ioctl 40046210 766062a1f4 returned -22
06-25 17:17:25.924 1488 1534 I wm_task_created: [173,-1]
06-25 17:17:25.928 1488 1534 I wm_task_moved: [173,1,7]
06-25 17:17:25.928 1488 1534 I wm_task_to_front: [0,173]
06-25 17:17:25.928 3693 3693 I wm_on_top_resumed_lost_called: [138944887,com.bilibili.bilithings.homepage.HomeV2Activity,topStateChangedWhenResumed]
06-25 17:17:25.928 1488 1534 I wm_create_task: [0,173]
06-25 17:17:25.928 1488 1534 I wm_create_activity: [0,29746345,173,com.android.packageinstaller/.InstallStart,android.intent.action.VIEW,application/vnd.android.package-archive,content://com.tencent.pangu.fileprovider/external_path/Android/data/com.tencent.android.qqdownloader/files/tassistant/apk/com.kiloo.subwaysurf_40500.apk,276824067]
06-25 17:17:25.928 1488 1534 I wm_task_moved: [173,1,7]
06-25 17:17:25.929 1488 1534 I wm_pause_activity: [0,138944887,com.bilibili.bilithings/.homepage.HomeV2Activity,userLeaving=true,pauseBackTasks]
06-25 17:17:25.932 1488 1602 I am_uid_running: 10028
06-25 17:17:25.935 3693 3693 I wm_on_paused_called: [138944887,com.bilibili.bilithings.homepage.HomeV2Activity,performPause]
06-25 17:17:25.937 1488 1618 I am_proc_start: [0,6581,10028,com.android.packageinstaller,pre-top-activity,{com.android.packageinstaller/com.android.packageinstaller.InstallStart}]
06-25 17:17:25.938 1488 1602 I sysui_multi_action: [757,803,799,window_time_0,802,30]
06-25 17:17:25.949 1488 1534 I am_proc_bound: [0,6581,com.android.packageinstaller]
06-25 17:17:25.949 0 0 I [ 54.562525] binder: 6581:6581 ioctl 40046210 7fe2b8b774 returned -22
06-25 17:17:25.951 1488 1534 I wm_restart_activity: [0,29746345,173,com.android.packageinstaller/.InstallStart]
06-25 17:17:25.952 1488 1534 I wm_set_resumed_activity: [0,com.android.packageinstaller/.InstallStart,minimalResumeActivityLocked]
06-25 17:17:25.952 1488 1602 I am_uid_active: 10028
06-25 17:17:25.958 1488 5405 I am_uid_running: 10064
06-25 17:17:25.963 1488 1618 I am_proc_start: [0,6603,10064,com.thundercomm.gamemode.provider,content provider,{com.thundercomm.gamemode.provider/com.thundercomm.gamemode.provider.SettingsProvider}]
06-25 17:17:25.971 0 0 I [ 54.585071] binder: 6603:6603 ioctl 40046210 7fe2b8b774 returned -22
06-25 17:17:25.973 1488 5405 I am_proc_bound: [0,6603,com.thundercomm.gamemode.provider]
06-25 17:17:25.977 1488 2088 I wm_task_moved: [173,1,7]
06-25 17:17:25.977 1488 2088 I wm_set_resumed_activity: [0,com.android.packageinstaller/.InstallStart,positionChildAt]
06-25 17:17:25.977 1488 2088 I wm_create_activity: [0,234204635,173,com.android.packageinstaller/.InstallStaging,android.intent.action.VIEW,application/vnd.android.package-archive,content://com.tencent.pangu.fileprovider/external_path/Android/data/com.tencent.android.qqdownloader/files/tassistant/apk/com.kiloo.subwaysurf_40500.apk,33554433]
06-25 17:17:25.977 1488 2088 I wm_pause_activity: [0,29746345,com.android.packageinstaller/.InstallStart,userLeaving=true,resumeTopActivityInnerLocked]
06-25 17:17:25.980 1488 5405 I am_uid_active: 10064
06-25 17:17:25.980 1488 1534 I wm_finish_activity: [0,29746345,173,com.android.packageinstaller/.InstallStart,app-request]
06-25 17:17:25.980 6581 6581 I wm_on_create_called: [29746345,com.android.packageinstaller.InstallStart,performCreate]
06-25 17:17:25.983 1488 3103 I wm_add_to_stopping: [0,29746345,com.android.packageinstaller/.InstallStart,completeFinishing]
06-25 17:17:25.984 1488 3103 I wm_restart_activity: [0,234204635,173,com.android.packageinstaller/.InstallStaging]
06-25 17:17:25.984 1488 3103 I wm_set_resumed_activity: [0,com.android.packageinstaller/.InstallStaging,minimalResumeActivityLocked]
06-25 17:17:25.985 1488 1602 I sysui_multi_action: [757,803,799,window_time_0,802,0]
06-25 17:17:25.992 6581 6581 I wm_on_create_called: [234204635,com.android.packageinstaller.InstallStaging,performCreate]
06-25 17:17:25.993 6581 6581 I wm_on_start_called: [234204635,com.android.packageinstaller.InstallStaging,handleStartActivity]
06-25 17:17:25.993 6581 6581 I wm_on_resume_called: [234204635,com.android.packageinstaller.InstallStaging,RESUME_ACTIVITY]
06-25 17:17:25.998 6581 6581 I wm_on_top_resumed_gained_called: [234204635,com.android.packageinstaller.InstallStaging,topStateChangedWhenResumed]
06-25 17:17:26.010 1488 1603 I input_focus: [Focus request ed1baf com.android.packageinstaller/com.android.packageinstaller.InstallStaging,reason=UpdateInputWindows]
06-25 17:17:26.032 0 0 I [ 54.644123] binder: 6581:6601 ioctl 40046210 77028b11f4 returned -22
06-25 17:17:26.041 1488 1735 I input_focus: [Focus leaving 4d62498 com.bilibili.bilithings/com.bilibili.bilithings.homepage.HomeV2Activity (server),reason=Waiting for window because NOT_VISIBLE]
06-25 17:17:26.051 1488 1599 I sysui_multi_action: [319,128,322,127,325,54,757,761,758,7,759,2,806,com.android.packageinstaller,871,com.android.packageinstaller.InstallStaging,904,com.android.packageinstaller,905,0,945,31,1320,4,1321,1]
06-25 17:17:26.052 1488 1599 I wm_activity_launch_time: [0,234204635,com.android.packageinstaller/.InstallStaging,127]
06-25 17:17:26.052 1488 1602 I wm_destroy_activity: [0,29746345,173,com.android.packageinstaller/.InstallStart,finish-imm:transit]
06-25 17:17:26.056 1488 1735 I input_focus: [Focus entering ed1baf com.android.packageinstaller/com.android.packageinstaller.InstallStaging (server),reason=Window became focusable. Previous reason: NOT_VISIBLE]
06-25 17:17:26.056 6581 6581 I wm_on_destroy_called: [29746345,com.android.packageinstaller.InstallStart,performDestroy]
06-25 17:17:26.208 1488 5405 I wm_task_moved: [173,1,7]
06-25 17:17:26.208 1488 5405 I wm_set_resumed_activity: [0,com.android.packageinstaller/.InstallStaging,positionChildAt]
06-25 17:17:26.208 1488 5405 I wm_create_activity: [0,136110403,173,com.android.packageinstaller/.DeleteStagedFileOnResult,android.intent.action.VIEW,NULL,file:///data/user_de/0/com.android.packageinstaller/no_backup/package5637337012659444214.apk,33619969]
06-25 17:17:26.209 1488 5405 I wm_pause_activity: [0,234204635,com.android.packageinstaller/.InstallStaging,userLeaving=true,resumeTopActivityInnerLocked]
06-25 17:17:26.211 1488 5405 I wm_finish_activity: [0,234204635,173,com.android.packageinstaller/.InstallStaging,app-request]
06-25 17:17:26.211 6581 6581 I wm_on_top_resumed_lost_called: [234204635,com.android.packageinstaller.InstallStaging,topStateChangedWhenResumed]
06-25 17:17:26.211 6581 6581 I wm_on_paused_called: [234204635,com.android.packageinstaller.InstallStaging,performPause]
06-25 17:17:26.211 1488 3105 I wm_add_to_stopping: [0,234204635,com.android.packageinstaller/.InstallStaging,completeFinishing]
06-25 17:17:26.212 1488 3105 I wm_restart_activity: [0,136110403,173,com.android.packageinstaller/.DeleteStagedFileOnResult]
06-25 17:17:26.213 1488 3105 I wm_set_resumed_activity: [0,com.android.packageinstaller/.DeleteStagedFileOnResult,minimalResumeActivityLocked]
06-25 17:17:26.215 1488 1602 I sysui_multi_action: [757,803,799,window_time_0,802,0]
06-25 17:17:26.224 1488 3105 I wm_task_moved: [173,1,7]
06-25 17:17:26.224 1488 3105 I wm_set_resumed_activity: [0,com.android.packageinstaller/.DeleteStagedFileOnResult,positionChildAt]
06-25 17:17:26.224 1488 3105 I wm_create_activity: [0,89652149,173,com.android.packageinstaller/.PackageInstallerActivity,android.intent.action.VIEW,NULL,file:///data/user_de/0/com.android.packageinstaller/no_backup/package5637337012659444214.apk,65536]
06-25 17:17:26.225 1488 3105 I wm_pause_activity: [0,136110403,com.android.packageinstaller/.DeleteStagedFileOnResult,userLeaving=true,resumeTopActivityInnerLocked]
06-25 17:17:26.226 6581 6581 I wm_on_create_called: [136110403,com.android.packageinstaller.DeleteStagedFileOnResult,performCreate]
06-25 17:17:26.227 6581 6581 I wm_on_start_called: [136110403,com.android.packageinstaller.DeleteStagedFileOnResult,handleStartActivity]
06-25 17:17:26.227 6581 6581 I wm_on_resume_called: [136110403,com.android.packageinstaller.DeleteStagedFileOnResult,RESUME_ACTIVITY]
06-25 17:17:26.231 1488 1603 I input_focus: [Focus request 4e735bb com.android.packageinstaller/com.android.packageinstaller.DeleteStagedFileOnResult,reason=UpdateInputWindows]
06-25 17:17:26.232 6581 6581 I wm_on_top_resumed_gained_called: [136110403,com.android.packageinstaller.DeleteStagedFileOnResult,topStateChangedWhenResumed]
06-25 17:17:26.232 6581 6581 I wm_on_top_resumed_lost_called: [136110403,com.android.packageinstaller.DeleteStagedFileOnResult,topStateChangedWhenResumed]
06-25 17:17:26.234 6581 6581 I wm_on_paused_called: [136110403,com.android.packageinstaller.DeleteStagedFileOnResult,performPause]
06-25 17:17:26.235 1488 1534 I wm_restart_activity: [0,89652149,173,com.android.packageinstaller/.PackageInstallerActivity]
06-25 17:17:26.236 1488 1534 I wm_set_resumed_activity: [0,com.android.packageinstaller/.PackageInstallerActivity,minimalResumeActivityLocked]
06-25 17:17:26.236 1488 1534 I service_manager_stats: [100,41,18198]
06-25 17:17:26.239 1488 1602 I sysui_multi_action: [757,803,799,window_time_0,802,0]
06-25 17:17:26.240 1488 1735 I input_focus: [Focus leaving ed1baf com.android.packageinstaller/com.android.packageinstaller.InstallStaging (server),reason=NO_WINDOW]
06-25 17:17:26.251 6581 6581 I wm_on_create_called: [89652149,com.android.packageinstaller.PackageInstallerActivity,performCreate]
06-25 17:17:26.252 6581 6581 I wm_on_start_called: [89652149,com.android.packageinstaller.PackageInstallerActivity,handleStartActivity]
06-25 17:17:26.257 6581 6581 I wm_on_resume_called: [89652149,com.android.packageinstaller.PackageInstallerActivity,RESUME_ACTIVITY]
06-25 17:17:26.258 6581 6581 I wm_on_top_resumed_gained_called: [89652149,com.android.packageinstaller.PackageInstallerActivity,topStateChangedWhenResumed]
06-25 17:17:26.274 1488 1603 I input_focus: [Focus request 60694ee com.android.packageinstaller/com.android.packageinstaller.PackageInstallerActivity,reason=UpdateInputWindows]
06-25 17:17:26.282 1488 1599 I wm_activity_launch_time: [0,89652149,com.android.packageinstaller/.PackageInstallerActivity,75]
06-25 17:17:26.283 1488 1602 I wm_destroy_activity: [0,234204635,173,com.android.packageinstaller/.InstallStaging,finish-imm:transit]
06-25 17:17:26.289 1488 1735 I input_focus: [Focus entering 4e735bb com.android.packageinstaller/com.android.packageinstaller.DeleteStagedFileOnResult (server),reason=Window became focusable. Previous reason: NOT_VISIBLE]
06-25 17:17:26.289 1488 1735 I input_focus: [Focus leaving 4e735bb com.android.packageinstaller/com.android.packageinstaller.DeleteStagedFileOnResult (server),reason=setFocusedWindow]
06-25 17:17:26.289 1488 1735 I input_focus: [Focus entering 60694ee com.android.packageinstaller/com.android.packageinstaller.PackageInstallerActivity (server),reason=setFocusedWindow]
06-25 17:17:26.295 6581 6581 I wm_on_stop_called: [234204635,com.android.packageinstaller.InstallStaging,LIFECYCLER_STOP_ACTIVITY]
06-25 17:17:26.295 6581 6581 I wm_on_destroy_called: [234204635,com.android.packageinstaller.InstallStaging,performDestroy]
06-25 17:17:27.332 1488 2038 I ntp_failure: [time.android.com/216.239.35.0,java.net.SocketTimeoutException: Poll timed out]
06-25 17:17:28.147 3440 3440 I auditd : type=1400 audit(0.0:5897): avc: granted { nlmsg_readpriv } for comm="REPORT" scontext=u:r:untrusted_app_27:s0:c512,c768 tcontext=u:r:untrusted_app_27:s0:c512,c768 tclass=netlink_route_socket app=com.tencent.android.qqdownloader
06-25 17:17:28.159 3440 3440 I auditd : type=1400 audit(0.0:5898): avc: granted { execute } for comm="REPORT" path="/data/user/0/com.tencent.android.qqdownloader/app_lib/libbs-sec.so" dev="dm-15" ino=78914 scontext=u:r:untrusted_app_27:s0:c512,c768 tcontext=u:object_r:app_data_file:s0:c512,c768 tclass=file app=com.tencent.android.qqdownloader
06-25 17:17:28.159 3440 3440 I auditd : type=1400 audit(0.0:5899): avc: granted { execute } for comm="REPORT" path="/data/user/0/com.tencent.android.qqdownloader/app_lib/libbs-sec.so" dev="dm-15" ino=78914 scontext=u:r:untrusted_app_27:s0:c512,c768 tcontext=u:object_r:app_data_file:s0:c512,c768 tclass=file app=com.tencent.android.qqdownloader
06-25 17:17:28.195 3440 3440 I auditd : type=1400 audit(0.0:5900): avc: granted { nlmsg_readpriv } for comm="REPORT" scontext=u:r:untrusted_app_27:s0:c512,c768 tcontext=u:r:untrusted_app_27:s0:c512,c768 tclass=netlink_route_socket app=com.tencent.android.qqdownloader
06-25 17:17:28.211 0 0 W [ 56.822020] audit: audit_lost=4323 audit_rate_limit=5 audit_backlog_limit=64
06-25 17:17:28.211 0 0 E [ 56.822021] audit: rate limit exceeded
06-25 17:17:28.203 940 940 I auditd : type=1400 audit(0.0:5901): avc: denied { add_name } for comm="perf@2.2-servic" name="force_rail_on" scontext=u:r:vendor_hal_perf_default:s0 tcontext=u:object_r:vendor_sysfs_kgsl:s0 tclass=dir permissive=1
06-25 17:17:28.689 0 0 E [ 57.292499] [MAX975X: max96755x_vc1_lcd_dtc_check] *ERROR* DTC_Display: screen not ready(0), bl_sta(1), lvl(20)
06-25 17:17:32.338 1488 2038 I ntp_failure: [time.android.com/216.239.35.12,java.net.SocketTimeoutException: Poll timed out]
06-25 17:17:32.429 0 0 E [ 61.032498] [MAX975X: max96755x_vc1_lcd_dtc_check] *ERROR* DTC_Display: screen not ready(0), bl_sta(1), lvl(20)
06-25 17:17:33.580 0 0 I [ 62.182903] [schedu][0x4a317fb2][17: 17:33.568465] wlan: [3345:I:PE] Assoc rsp RX: subtype 1 vdev 0 sys role 3 lim state 1 rssi 0 from 38:a9:1c:35:03:09
06-25 17:17:33.580 0 0 E [ 62.183370] [schedu][0x4a31a2d2][17: 17:33.568933] wlan: [3345:E:QDF] Cannot malloc 0 bytes @ csr_get_cfg_max_tx_power:14199
06-25 17:17:33.580 0 0 E [ 62.194854] [schedu][0x4a350020][17: 17:33.580418] wlan: [3345:E:QDF] Cannot malloc 0 bytes @ csr_get_cfg_max_tx_power:14199
06-25 17:17:33.592 0 0 W [ 62.206641] [schedu][0x4a387433][17: 17:33.592205] wlan: [3345:W:HDD] hdd_get_rssi_snr_by_bssid: 17749: sme_get_rssi_snr_by_bssid failed
06-25 17:17:33.592 0 0 I [ 62.206668] [schedu][0x4a38763b][17: 17:33.592232] wlan: [3345:I:HDD] wlan0(vdevid-0): e2:4b:60:bc:98:b1 connected to 38:a9:1c:35:03:09
06-25 17:17:33.594 0 0 I [ 62.208871] [schedu][0x4a391b60][17: 17:33.594434] wlan: [3345:I:WMA] LFR3: Posting WMA_ROAM_OFFLOAD_SYNCH_CNF
06-25 17:17:33.595 0 0 E [ 62.209221] [schedu][0x4a3935b7][17: 17:33.594785] wlan: [3345:E:QDF] Cannot malloc 0 bytes @ csr_get_cfg_max_tx_power:14199
06-25 17:17:33.606 0 0 I [ 62.211841] [soft_i][0x4a39f9d6][17: 17:33.597400] wlan: [0:I:TXRX] HTT_T2H_MSG_TYPE_PEER_MAP msg for peer id 9 vdev id 0 n
06-25 17:17:33.606 0 0 E [ 62.220846] [soft_i][0x4a3c9d3e][17: 17:33.606406] wlan: [0:E:DP] dp_peer_find_add_id: peer 0000000000000000 ID 9 vid 0 mac 38:a9:1c:35:03:09
06-25 17:17:33.606 0 0 I [ 62.220883] [schedu][0x4a3ca062][17: 17:33.606447] wlan: [3345:I:WMA] [17:17:32.492000] [ROAM_TRIGGER]: VDEV[0] Reason: "HIGH RSSI"
06-25 17:17:33.619 0 0 I [ 62.233824] [schedu][0x4a406af5][17: 17:33.619389] wlan: [3345:I:WMA] [17:17:32.492000] [ROAM_SCAN]: VDEV[0] Scan_type: PARTIAL {5180 5200 5220 5240 5260 5280 5300 5320 5745 5765 5785 5805 5825 }
06-25 17:17:33.619 0 0 I [ 62.233826] [schedu][0x4a406b1c][17: 17:33.619391] wlan: [3345:I:WMA] ============================================================================================================================
06-25 17:17:33.619 0 0 I [ 62.233829] [schedu][0x4a406b4d][17: 17:33.619393] wlan: [3345:I:WMA] AP BSSID TSTAMP CH TY ETP RSSI/SCR CU%/SCR TOT_SCR BL_RSN BL_SRC BL_TSTAMP BL_TIMEOUT(ms)
06-25 17:17:33.619 0 0 I [ 62.233830] [schedu][0x4a406b6d][17: 17:33.619395] wlan: [3345:I:WMA] ============================================================================================================================
06-25 17:17:33.619 0 0 I [ 62.233834] [schedu][0x4a406baa][17: 17:33.619398] wlan: [3345:I:WMA] 38:a9:1c:35:03:06 [17:17:32.493000] 2412 P_AP 0 39/0 0/0 5136 0 0 [00:00:00.000000] 0
06-25 17:17:33.619 0 0 I [ 62.233839] [schedu][0x4a406be0][17: 17:33.619401] wlan: [3345:I:WMA] 38:a9:1c:35:03:09 [17:17:32.534000] 5180 R_AP 378 47/0 0/0 6092 0 0 [00:00:00.000000] 0
06-25 17:17:33.619 0 0 I [ 62.233841] [schedu][0x4a406c35][17: 17:33.619405] wlan: [3345:I:WMA] [17:17:33.661000] [ROAM_RESULT]: VDEV[0] SUCCESS
06-25 17:17:33.619 0 0 I [ 62.233849] [soft_i][0x4a406c94][17: 17:33.619410] wlan: [0:I:DP] dp_peer_find_add_id: ref_cnt: 2
06-25 17:17:33.619 0 0 E [ 62.233861] [soft_i][0x4a406d81][17: 17:33.619422] wlan: [0:E:DP] dp_peer_map_ast: peer 0000000000000000 ID 62 vid 0 mac 38:a9:1c:35:03:09
06-25 17:17:33.619 0 0 I [ 62.233990] [schedu][0x4a40774d][17: 17:33.619553] wlan: [3345:I:WMI] LFR3:OKC enabled
06-25 17:17:33.632 0 0 I [ 62.246540] [schedu][0x4a4424a6][17: 17:33.632104] wlan: [3345:I:WMI] LFR3:PMKSA caching enabled
06-25 17:17:33.633 0 0 I [ 62.247475] [soft_i][0x4a446a47][17: 17:33.633033] wlan: [0:I:DP] dp_addba_requestprocess_wifi3 restore BA win 64 based on addba req
06-25 17:17:33.633 0 0 I [ 62.247575] [soft_i][0x4a447201][17: 17:33.633136] wlan: [0:I:TXRX] dp_htt_t2h_msg_handler: 4045: PeerID 9 BAW 63 TID 7 stat 0
