06-25 17:25:47.899 1488 1911 D PowerManagerNotifier: onWakeLockReleased: flags=1, tag="*sync*/com.tencent.android.qqdownloader.YYBLiveAccountProvider/com.tencent.android.qqdownloader.YYBLiveAccountProvider.account/应用宝", packageName=android, ownerUid=1000, ownerPid=1488, workSource=WorkSource{10111}
06-25 17:25:47.899 1488 1911 D PowerManagerService: updateWakeLockSummaryLocked: mWakefulness=Awake, mWakeLockSummary=0x1
06-25 17:25:47.899 1488 1911 D PowerManagerService: updateUserActivitySummaryLocked: groupId=0, mWakefulness=Awake, mUserActivitySummary=0x1, nextTimeout=770830 (in 213852 ms)
06-25 17:25:47.899 1488 1911 D PowerManagerNotifier: onScreenPolicyUpdate: newPolicy=3
06-25 17:25:47.899 1488 1911 D PowerManagerService: updateDisplayPowerStateLocked: displayReady=true, groupId=0, policy=BRIGHT, mWakefulness=Awake, mWakeLockSummary=0x1, mUserActivitySummary=0x1, mBootCompleted=true, screenBrightnessOverride=NaN, useAutoBrightness=true, mScreenBrightnessBoostInProgress=false, mIsVrModeEnabled= false, sQuiescent=false
06-25 17:25:47.900 1488 1911 I sync : [com.tencent.android.qqdownloader.YYBLiveAccountProvider,1,4,24220937]
06-25 17:25:47.905 1488 1911 I commit_sys_config_file: [sync-status,531206]
06-25 17:25:47.905 1488 1911 D PowerManagerService: releaseWakeLockInternal: lock=197514241 [SyncLoopWakeLock], flags=0x0
06-25 17:25:47.905 1488 1911 D PowerManagerNotifier: onWakeLockReleased: flags=1, tag="SyncLoopWakeLock", packageName=android, ownerUid=1000, ownerPid=1488, workSource=null
06-25 17:25:47.906 1488 1911 D PowerManagerService: updateWakeLockSummaryLocked: mWakefulness=Awake, mWakeLockSummary=0x0
06-25 17:25:47.906 1488 1911 D PowerManagerService: updateUserActivitySummaryLocked: groupId=0, mWakefulness=Awake, mUserActivitySummary=0x1, nextTimeout=770830 (in 213845 ms)
06-25 17:25:47.906 1488 1911 D PowerManagerNotifier: onScreenPolicyUpdate: newPolicy=3
06-25 17:25:47.906 1488 1911 D PowerManagerService: updateDisplayPowerStateLocked: displayReady=true, groupId=0, policy=BRIGHT, mWakefulness=Awake, mWakeLockSummary=0x0, mUserActivitySummary=0x1, mBootCompleted=true, screenBrightnessOverride=NaN, useAutoBrightness=true, mScreenBrightnessBoostInProgress=false, mIsVrModeEnabled= false, sQuiescent=false
06-25 17:25:47.906 1488 1911 D PowerManagerService: Releasing suspend blocker "PowerManagerService.WakeLocks".
06-25 17:25:47.906 1488 1911 D PowerManagerService: acquireWakeLockInternal: lock=197514241, flags=0x1, tag="SyncLoopWakeLock", ws=null, uid=1000, pid=1488
06-25 17:25:47.906 1488 1911 D PowerManagerService: updateWakeLockSummaryLocked: mWakefulness=Awake, mWakeLockSummary=0x1
06-25 17:25:47.906 1488 1911 D PowerManagerService: updateUserActivitySummaryLocked: groupId=0, mWakefulness=Awake, mUserActivitySummary=0x1, nextTimeout=770830 (in 213845 ms)
06-25 17:25:47.906 1488 1911 D PowerManagerNotifier: onScreenPolicyUpdate: newPolicy=3
06-25 17:25:47.906 1488 1911 D PowerManagerService: updateDisplayPowerStateLocked: displayReady=true, groupId=0, policy=BRIGHT, mWakefulness=Awake, mWakeLockSummary=0x1, mUserActivitySummary=0x1, mBootCompleted=true, screenBrightnessOverride=NaN, useAutoBrightness=true, mScreenBrightnessBoostInProgress=false, mIsVrModeEnabled= false, sQuiescent=false
06-25 17:25:47.906 1488 1911 D PowerManagerService: Acquiring suspend blocker "PowerManagerService.WakeLocks".
06-25 17:25:47.906 1488 1911 D PowerManagerNotifier: onWakeLockAcquired: flags=1, tag="SyncLoopWakeLock", packageName=android, ownerUid=1000, ownerPid=1488, workSource=null
06-25 17:25:47.908 1488 1911 D PowerManagerService: releaseWakeLockInternal: lock=197514241 [SyncLoopWakeLock], flags=0x0
06-25 17:25:47.908 1488 1911 D PowerManagerNotifier: onWakeLockReleased: flags=1, tag="SyncLoopWakeLock", packageName=android, ownerUid=1000, ownerPid=1488, workSource=null
06-25 17:25:47.908 1488 1911 D PowerManagerService: updateWakeLockSummaryLocked: mWakefulness=Awake, mWakeLockSummary=0x0
06-25 17:25:47.908 1488 1911 D PowerManagerService: updateUserActivitySummaryLocked: groupId=0, mWakefulness=Awake, mUserActivitySummary=0x1, nextTimeout=770830 (in 213843 ms)
06-25 17:25:47.908 1488 1911 D PowerManagerNotifier: onScreenPolicyUpdate: newPolicy=3
06-25 17:25:47.908 1488 1911 D PowerManagerService: updateDisplayPowerStateLocked: displayReady=true, groupId=0, policy=BRIGHT, mWakefulness=Awake, mWakeLockSummary=0x0, mUserActivitySummary=0x1, mBootCompleted=true, screenBrightnessOverride=NaN, useAutoBrightness=true, mScreenBrightnessBoostInProgress=false, mIsVrModeEnabled= false, sQuiescent=false
06-25 17:25:47.908 1488 1911 D PowerManagerService: Releasing suspend blocker "PowerManagerService.WakeLocks".
06-25 17:25:47.908 1488 1488 D PowerManagerService: acquireWakeLockInternal: lock=96921694, flags=0x1, tag="*job*/com.tencent.android.qqdownloader.YYBLiveAccountProvider/com.tencent.android.qqdownloader.YYBLiveAccountProvider.account/应用宝:android", ws=WorkSource{10111}, uid=1000, pid=1488
06-25 17:25:47.908 1488 1488 D PowerManagerService: updateWakeLockSummaryLocked: mWakefulness=Awake, mWakeLockSummary=0x1
06-25 17:25:47.908 1488 1488 D PowerManagerService: updateUserActivitySummaryLocked: groupId=0, mWakefulness=Awake, mUserActivitySummary=0x1, nextTimeout=770830 (in 213843 ms)
06-25 17:25:47.909 1488 1488 D PowerManagerNotifier: onScreenPolicyUpdate: newPolicy=3
06-25 17:25:47.909 1488 1488 D PowerManagerService: updateDisplayPowerStateLocked: displayReady=true, groupId=0, policy=BRIGHT, mWakefulness=Awake, mWakeLockSummary=0x1, mUserActivitySummary=0x1, mBootCompleted=true, screenBrightnessOverride=NaN, useAutoBrightness=true, mScreenBrightnessBoostInProgress=false, mIsVrModeEnabled= false, sQuiescent=false
06-25 17:25:47.909 1488 1488 D PowerManagerService: Acquiring suspend blocker "PowerManagerService.WakeLocks".
06-25 17:25:47.909 1488 1488 D PowerManagerNotifier: onWakeLockAcquired: flags=1, tag="*job*/com.tencent.android.qqdownloader.YYBLiveAccountProvider/com.tencent.android.qqdownloader.YYBLiveAccountProvider.account/应用宝:android", packageName=android, ownerUid=1000, ownerPid=1488, workSource=WorkSource{10111}
06-25 17:25:47.909 1488 1911 D PowerManagerService: acquireWakeLockInternal: lock=197514241, flags=0x1, tag="SyncLoopWakeLock", ws=null, uid=1000, pid=1488
06-25 17:25:47.909 1488 1911 D PowerManagerService: updateWakeLockSummaryLocked: mWakefulness=Awake, mWakeLockSummary=0x1
06-25 17:25:47.909 1488 1911 D PowerManagerService: updateUserActivitySummaryLocked: groupId=0, mWakefulness=Awake, mUserActivitySummary=0x1, nextTimeout=770830 (in 213842 ms)
06-25 17:25:47.909 1488 1911 D PowerManagerNotifier: onScreenPolicyUpdate: newPolicy=3
06-25 17:25:47.909 1488 1911 D PowerManagerService: updateDisplayPowerStateLocked: displayReady=true, groupId=0, policy=BRIGHT, mWakefulness=Awake, mWakeLockSummary=0x1, mUserActivitySummary=0x1, mBootCompleted=true, screenBrightnessOverride=NaN, useAutoBrightness=true, mScreenBrightnessBoostInProgress=false, mIsVrModeEnabled= false, sQuiescent=false
06-25 17:25:47.909 1488 1911 D PowerManagerNotifier: onWakeLockAcquired: flags=1, tag="SyncLoopWakeLock", packageName=android, ownerUid=1000, ownerPid=1488, workSource=null
06-25 17:25:47.910 1488 1911 I sync : [com.tencent.android.qqdownloader.YYBLiveAccountProvider,0,3,24220937]
06-25 17:25:47.910 1488 1911 D PowerManagerService: acquireWakeLockInternal: lock=177188396, flags=0x1, tag="*sync*/com.tencent.android.qqdownloader.YYBLiveAccountProvider/com.tencent.android.qqdownloader.YYBLiveAccountProvider.account/应用宝", ws=WorkSource{10111}, uid=1000, pid=1488
06-25 17:25:47.910 1488 1911 D PowerManagerService: updateWakeLockSummaryLocked: mWakefulness=Awake, mWakeLockSummary=0x1
06-25 17:25:47.910 1488 1911 D PowerManagerService: updateUserActivitySummaryLocked: groupId=0, mWakefulness=Awake, mUserActivitySummary=0x1, nextTimeout=770830 (in 213841 ms)
06-25 17:25:47.910 1488 1911 D PowerManagerNotifier: onScreenPolicyUpdate: newPolicy=3
06-25 17:25:47.910 1488 1911 D PowerManagerService: updateDisplayPowerStateLocked: displayReady=true, groupId=0, policy=BRIGHT, mWakefulness=Awake, mWakeLockSummary=0x1, mUserActivitySummary=0x1, mBootCompleted=true, screenBrightnessOverride=NaN, useAutoBrightness=true, mScreenBrightnessBoostInProgress=false, mIsVrModeEnabled= false, sQuiescent=false
06-25 17:25:47.910 1488 1911 D PowerManagerNotifier: onWakeLockAcquired: flags=1, tag="*sync*/com.tencent.android.qqdownloader.YYBLiveAccountProvider/com.tencent.android.qqdownloader.YYBLiveAccountProvider.account/应用宝", packageName=android, ownerUid=1000, ownerPid=1488, workSource=WorkSource{10111}
06-25 17:25:47.911 1488 1911 D PowerManagerService: releaseWakeLockInternal: lock=197514241 [SyncLoopWakeLock], flags=0x0
06-25 17:25:47.911 1488 1911 D PowerManagerNotifier: onWakeLockReleased: flags=1, tag="SyncLoopWakeLock", packageName=android, ownerUid=1000, ownerPid=1488, workSource=null
06-25 17:25:47.911 1488 1911 D PowerManagerService: updateWakeLockSummaryLocked: mWakefulness=Awake, mWakeLockSummary=0x1
06-25 17:25:47.911 1488 1911 D PowerManagerService: updateUserActivitySummaryLocked: groupId=0, mWakefulness=Awake, mUserActivitySummary=0x1, nextTimeout=770830 (in 213840 ms)
06-25 17:25:47.911 1488 1911 D PowerManagerNotifier: onScreenPolicyUpdate: newPolicy=3
06-25 17:25:47.911 1488 1911 D PowerManagerService: updateDisplayPowerStateLocked: displayReady=true, groupId=0, policy=BRIGHT, mWakefulness=Awake, mWakeLockSummary=0x1, mUserActivitySummary=0x1, mBootCompleted=true, screenBrightnessOverride=NaN, useAutoBrightness=true, mScreenBrightnessBoostInProgress=false, mIsVrModeEnabled= false, sQuiescent=false
06-25 17:25:47.913 1488 1911 D PowerManagerService: acquireWakeLockInternal: lock=197514241, flags=0x1, tag="SyncLoopWakeLock", ws=null, uid=1000, pid=1488
06-25 17:25:47.914 1488 1911 D PowerManagerService: updateWakeLockSummaryLocked: mWakefulness=Awake, mWakeLockSummary=0x1
06-25 17:25:47.914 1488 1911 D PowerManagerService: updateUserActivitySummaryLocked: groupId=0, mWakefulness=Awake, mUserActivitySummary=0x1, nextTimeout=770830 (in 213838 ms)
06-25 17:25:47.914 1488 1911 D PowerManagerNotifier: onScreenPolicyUpdate: newPolicy=3
06-25 17:25:47.914 1488 1911 D PowerManagerService: updateDisplayPowerStateLocked: displayReady=true, groupId=0, policy=BRIGHT, mWakefulness=Awake, mWakeLockSummary=0x1, mUserActivitySummary=0x1, mBootCompleted=true, screenBrightnessOverride=NaN, useAutoBrightness=true, mScreenBrightnessBoostInProgress=false, mIsVrModeEnabled= false, sQuiescent=false
06-25 17:25:47.914 1488 1911 D PowerManagerNotifier: onWakeLockAcquired: flags=1, tag="SyncLoopWakeLock", packageName=android, ownerUid=1000, ownerPid=1488, workSource=null
06-25 17:25:47.914 1488 1911 D PowerManagerService: releaseWakeLockInternal: lock=197514241 [SyncLoopWakeLock], flags=0x0
06-25 17:25:47.914 1488 1911 D PowerManagerNotifier: onWakeLockReleased: flags=1, tag="SyncLoopWakeLock", packageName=android, ownerUid=1000, ownerPid=1488, workSource=null
06-25 17:25:47.914 1488 1911 D PowerManagerService: updateWakeLockSummaryLocked: mWakefulness=Awake, mWakeLockSummary=0x1
06-25 17:25:47.914 1488 1911 D PowerManagerService: updateUserActivitySummaryLocked: groupId=0, mWakefulness=Awake, mUserActivitySummary=0x1, nextTimeout=770830 (in 213837 ms)
06-25 17:25:47.914 1488 1911 D PowerManagerNotifier: onScreenPolicyUpdate: newPolicy=3
06-25 17:25:47.914 1488 1911 D PowerManagerService: updateDisplayPowerStateLocked: displayReady=true, groupId=0, policy=BRIGHT, mWakefulness=Awake, mWakeLockSummary=0x1, mUserActivitySummary=0x1, mBootCompleted=true, screenBrightnessOverride=NaN, useAutoBrightness=true, mScreenBrightnessBoostInProgress=false, mIsVrModeEnabled= false, sQuiescent=false
06-25 17:25:47.916 1488 1911 D PowerManagerService: acquireWakeLockInternal: lock=197514241, flags=0x1, tag="SyncLoopWakeLock", ws=null, uid=1000, pid=1488
06-25 17:25:47.917 1488 1911 D PowerManagerService: updateWakeLockSummaryLocked: mWakefulness=Awake, mWakeLockSummary=0x1
06-25 17:25:47.917 1488 1911 D PowerManagerService: updateUserActivitySummaryLocked: groupId=0, mWakefulness=Awake, mUserActivitySummary=0x1, nextTimeout=770830 (in 213835 ms)
06-25 17:25:47.917 1488 1911 D PowerManagerNotifier: onScreenPolicyUpdate: newPolicy=3
06-25 17:25:47.917 1488 1911 D PowerManagerService: updateDisplayPowerStateLocked: displayReady=true, groupId=0, policy=BRIGHT, mWakefulness=Awake, mWakeLockSummary=0x1, mUserActivitySummary=0x1, mBootCompleted=true, screenBrightnessOverride=NaN, useAutoBrightness=true, mScreenBrightnessBoostInProgress=false, mIsVrModeEnabled= false, sQuiescent=false
06-25 17:25:47.917 1488 1911 D PowerManagerNotifier: onWakeLockAcquired: flags=1, tag="SyncLoopWakeLock", packageName=android, ownerUid=1000, ownerPid=1488, workSource=null
06-25 17:25:47.917 1488 1488 D PowerManagerService: releaseWakeLockInternal: lock=96921694 [*job*/com.tencent.android.qqdownloader.YYBLiveAccountProvider/com.tencent.android.qqdownloader.YYBLiveAccountProvider.account/应用宝:android], flags=0x0
06-25 17:25:47.917 1488 1488 D PowerManagerNotifier: onWakeLockReleased: flags=1, tag="*job*/com.tencent.android.qqdownloader.YYBLiveAccountProvider/com.tencent.android.qqdownloader.YYBLiveAccountProvider.account/应用宝:android", packageName=android, ownerUid=1000, ownerPid=1488, workSource=WorkSource{10111}
06-25 17:25:47.917 1488 1488 D PowerManagerService: updateWakeLockSummaryLocked: mWakefulness=Awake, mWakeLockSummary=0x1
06-25 17:25:47.917 1488 1488 D PowerManagerService: updateUserActivitySummaryLocked: groupId=0, mWakefulness=Awake, mUserActivitySummary=0x1, nextTimeout=770830 (in 213834 ms)
06-25 17:25:47.918 1488 1488 D PowerManagerNotifier: onScreenPolicyUpdate: newPolicy=3
06-25 17:25:47.918 1488 1488 D PowerManagerService: updateDisplayPowerStateLocked: displayReady=true, groupId=0, policy=BRIGHT, mWakefulness=Awake, mWakeLockSummary=0x1, mUserActivitySummary=0x1, mBootCompleted=true, screenBrightnessOverride=NaN, useAutoBrightness=true, mScreenBrightnessBoostInProgress=false, mIsVrModeEnabled= false, sQuiescent=false
06-25 17:25:47.918 1488 1911 D PowerManagerService: releaseWakeLockInternal: lock=177188396 [*sync*/com.tencent.android.qqdownloader.YYBLiveAccountProvider/com.tencent.android.qqdownloader.YYBLiveAccountProvider.account/应用宝], flags=0x0
06-25 17:25:47.918 1488 1911 D PowerManagerNotifier: onWakeLockReleased: flags=1, tag="*sync*/com.tencent.android.qqdownloader.YYBLiveAccountProvider/com.tencent.android.qqdownloader.YYBLiveAccountProvider.account/应用宝", packageName=android, ownerUid=1000, ownerPid=1488, workSource=WorkSource{10111}
06-25 17:25:47.918 1488 1911 D PowerManagerService: updateWakeLockSummaryLocked: mWakefulness=Awake, mWakeLockSummary=0x1
06-25 17:25:47.918 1488 1911 D PowerManagerService: updateUserActivitySummaryLocked: groupId=0, mWakefulness=Awake, mUserActivitySummary=0x1, nextTimeout=770830 (in 213833 ms)
06-25 17:25:47.918 1488 1911 D PowerManagerNotifier: onScreenPolicyUpdate: newPolicy=3
06-25 17:25:47.918 1488 1911 D PowerManagerService: updateDisplayPowerStateLocked: displayReady=true, groupId=0, policy=BRIGHT, mWakefulness=Awake, mWakeLockSummary=0x1, mUserActivitySummary=0x1, mBootCompleted=true, screenBrightnessOverride=NaN, useAutoBrightness=true, mScreenBrightnessBoostInProgress=false, mIsVrModeEnabled= false, sQuiescent=false
06-25 17:25:47.919 1488 1911 I sync : [com.tencent.android.qqdownloader.YYBLiveAccountProvider,1,3,24220937]
06-25 17:25:47.919 1488 1911 D PowerManagerService: releaseWakeLockInternal: lock=197514241 [SyncLoopWakeLock], flags=0x0
06-25 17:25:47.919 1488 1911 D PowerManagerNotifier: onWakeLockReleased: flags=1, tag="SyncLoopWakeLock", packageName=android, ownerUid=1000, ownerPid=1488, workSource=null
06-25 17:25:47.919 1488 1911 D PowerManagerService: updateWakeLockSummaryLocked: mWakefulness=Awake, mWakeLockSummary=0x0
06-25 17:25:47.919 1488 1911 D PowerManagerService: updateUserActivitySummaryLocked: groupId=0, mWakefulness=Awake, mUserActivitySummary=0x1, nextTimeout=770830 (in 213832 ms)
06-25 17:25:47.919 1488 1911 D PowerManagerNotifier: onScreenPolicyUpdate: newPolicy=3
06-25 17:25:47.919 1488 1911 D PowerManagerService: updateDisplayPowerStateLocked: displayReady=true, groupId=0, policy=BRIGHT, mWakefulness=Awake, mWakeLockSummary=0x0, mUserActivitySummary=0x1, mBootCompleted=true, screenBrightnessOverride=NaN, useAutoBrightness=true, mScreenBrightnessBoostInProgress=false, mIsVrModeEnabled= false, sQuiescent=false
06-25 17:25:47.919 1488 1911 D PowerManagerService: Releasing suspend blocker "PowerManagerService.WakeLocks".
06-25 17:25:47.919 1488 1911 D PowerManagerService: acquireWakeLockInternal: lock=197514241, flags=0x1, tag="SyncLoopWakeLock", ws=null, uid=1000, pid=1488
06-25 17:25:47.920 1488 1911 D PowerManagerService: updateWakeLockSummaryLocked: mWakefulness=Awake, mWakeLockSummary=0x1
06-25 17:25:47.920 1488 1911 D PowerManagerService: updateUserActivitySummaryLocked: groupId=0, mWakefulness=Awake, mUserActivitySummary=0x1, nextTimeout=770830 (in 213832 ms)
06-25 17:25:47.920 1488 1911 D PowerManagerNotifier: onScreenPolicyUpdate: newPolicy=3
06-25 17:25:47.920 1488 1911 D PowerManagerService: updateDisplayPowerStateLocked: displayReady=true, groupId=0, policy=BRIGHT, mWakefulness=Awake, mWakeLockSummary=0x1, mUserActivitySummary=0x1, mBootCompleted=true, screenBrightnessOverride=NaN, useAutoBrightness=true, mScreenBrightnessBoostInProgress=false, mIsVrModeEnabled= false, sQuiescent=false
06-25 17:25:47.920 1488 1911 D PowerManagerService: Acquiring suspend blocker "PowerManagerService.WakeLocks".
06-25 17:25:47.920 1488 1911 D PowerManagerNotifier: onWakeLockAcquired: flags=1, tag="SyncLoopWakeLock", packageName=android, ownerUid=1000, ownerPid=1488, workSource=null
06-25 17:25:47.921 1488 1911 D PowerManagerService: releaseWakeLockInternal: lock=197514241 [SyncLoopWakeLock], flags=0x0
06-25 17:25:47.921 1488 1911 D PowerManagerNotifier: onWakeLockReleased: flags=1, tag="SyncLoopWakeLock", packageName=android, ownerUid=1000, ownerPid=1488, workSource=null
06-25 17:25:47.921 1488 1911 D PowerManagerService: updateWakeLockSummaryLocked: mWakefulness=Awake, mWakeLockSummary=0x0
06-25 17:25:47.921 1488 1911 D PowerManagerService: updateUserActivitySummaryLocked: groupId=0, mWakefulness=Awake, mUserActivitySummary=0x1, nextTimeout=770830 (in 213830 ms)
06-25 17:25:47.921 1488 1911 D PowerManagerNotifier: onScreenPolicyUpdate: newPolicy=3
06-25 17:25:47.921 1488 1911 D PowerManagerService: updateDisplayPowerStateLocked: displayReady=true, groupId=0, policy=BRIGHT, mWakefulness=Awake, mWakeLockSummary=0x0, mUserActivitySummary=0x1, mBootCompleted=true, screenBrightnessOverride=NaN, useAutoBrightness=true, mScreenBrightnessBoostInProgress=false, mIsVrModeEnabled= false, sQuiescent=false
06-25 17:25:47.921 1488 1911 D PowerManagerService: Releasing suspend blocker "PowerManagerService.WakeLocks".
06-25 17:25:47.922 1488 1488 D PowerManagerService: acquireWakeLockInternal: lock=199899951, flags=0x1, tag="*job*/com.tencent.android.qqdownloader.YYBLiveAccountProvider/com.tencent.android.qqdownloader.YYBLiveAccountProvider.account/应用宝:android", ws=WorkSource{10111}, uid=1000, pid=1488
06-25 17:25:47.922 1488 1488 D PowerManagerService: updateWakeLockSummaryLocked: mWakefulness=Awake, mWakeLockSummary=0x1
06-25 17:25:47.922 1488 1488 D PowerManagerService: updateUserActivitySummaryLocked: groupId=0, mWakefulness=Awake, mUserActivitySummary=0x1, nextTimeout=770830 (in 213830 ms)
06-25 17:25:47.922 1488 1488 D PowerManagerNotifier: onScreenPolicyUpdate: newPolicy=3
06-25 17:25:47.922 1488 1488 D PowerManagerService: updateDisplayPowerStateLocked: displayReady=true, groupId=0, policy=BRIGHT, mWakefulness=Awake, mWakeLockSummary=0x1, mUserActivitySummary=0x1, mBootCompleted=true, screenBrightnessOverride=NaN, useAutoBrightness=true, mScreenBrightnessBoostInProgress=false, mIsVrModeEnabled= false, sQuiescent=false
06-25 17:25:47.922 1488 1488 D PowerManagerService: Acquiring suspend blocker "PowerManagerService.WakeLocks".
06-25 17:25:47.922 1488 1488 D PowerManagerNotifier: onWakeLockAcquired: flags=1, tag="*job*/com.tencent.android.qqdownloader.YYBLiveAccountProvider/com.tencent.android.qqdownloader.YYBLiveAccountProvider.account/应用宝:android", packageName=android, ownerUid=1000, ownerPid=1488, workSource=WorkSource{10111}
06-25 17:25:47.922 1488 1911 D PowerManagerService: acquireWakeLockInternal: lock=197514241, flags=0x1, tag="SyncLoopWakeLock", ws=null, uid=1000, pid=1488
06-25 17:25:47.922 1488 1911 D PowerManagerService: updateWakeLockSummaryLocked: mWakefulness=Awake, mWakeLockSummary=0x1
06-25 17:25:47.922 1488 1911 D PowerManagerService: updateUserActivitySummaryLocked: groupId=0, mWakefulness=Awake, mUserActivitySummary=0x1, nextTimeout=770830 (in 213829 ms)
06-25 17:25:47.922 1488 1911 D PowerManagerNotifier: onScreenPolicyUpdate: newPolicy=3
06-25 17:25:47.922 1488 1911 D PowerManagerService: updateDisplayPowerStateLocked: displayReady=true, groupId=0, policy=BRIGHT, mWakefulness=Awake, mWakeLockSummary=0x1, mUserActivitySummary=0x1, mBootCompleted=true, screenBrightnessOverride=NaN, useAutoBrightness=true, mScreenBrightnessBoostInProgress=false, mIsVrModeEnabled= false, sQuiescent=false
06-25 17:25:47.922 1488 1911 D PowerManagerNotifier: onWakeLockAcquired: flags=1, tag="SyncLoopWakeLock", packageName=android, ownerUid=1000, ownerPid=1488, workSource=null
06-25 17:25:47.923 1488 1911 I sync : [com.tencent.android.qqdownloader.YYBLiveAccountProvider,0,3,24220937]
06-25 17:25:47.923 1488 1911 D PowerManagerService: acquireWakeLockInternal: lock=177188396, flags=0x1, tag="*sync*/com.tencent.android.qqdownloader.YYBLiveAccountProvider/com.tencent.android.qqdownloader.YYBLiveAccountProvider.account/应用宝", ws=WorkSource{10111}, uid=1000, pid=1488
06-25 17:25:47.923 1488 1911 D PowerManagerService: updateWakeLockSummaryLocked: mWakefulness=Awake, mWakeLockSummary=0x1
06-25 17:25:47.923 1488 1911 D PowerManagerService: updateUserActivitySummaryLocked: groupId=0, mWakefulness=Awake, mUserActivitySummary=0x1, nextTimeout=770830 (in 213828 ms)
06-25 17:25:47.923 1488 1911 D PowerManagerNotifier: onScreenPolicyUpdate: newPolicy=3
06-25 17:25:47.923 1488 1911 D PowerManagerService: updateDisplayPowerStateLocked: displayReady=true, groupId=0, policy=BRIGHT, mWakefulness=Awake, mWakeLockSummary=0x1, mUserActivitySummary=0x1, mBootCompleted=true, screenBrightnessOverride=NaN, useAutoBrightness=true, mScreenBrightnessBoostInProgress=false, mIsVrModeEnabled= false, sQuiescent=false
06-25 17:25:47.923 1488 1911 D PowerManagerNotifier: onWakeLockAcquired: flags=1, tag="*sync*/com.tencent.android.qqdownloader.YYBLiveAccountProvider/com.tencent.android.qqdownloader.YYBLiveAccountProvider.account/应用宝", packageName=android, ownerUid=1000, ownerPid=1488, workSource=WorkSource{10111}
06-25 17:25:47.924 1488 1911 D PowerManagerService: releaseWakeLockInternal: lock=197514241 [SyncLoopWakeLock], flags=0x0
06-25 17:25:47.924 1488 1911 D PowerManagerNotifier: onWakeLockReleased: flags=1, tag="SyncLoopWakeLock", packageName=android, ownerUid=1000, ownerPid=1488, workSource=null
06-25 17:25:47.924 1488 1911 D PowerManagerService: updateWakeLockSummaryLocked: mWakefulness=Awake, mWakeLockSummary=0x1
06-25 17:25:47.924 1488 1911 D PowerManagerService: updateUserActivitySummaryLocked: groupId=0, mWakefulness=Awake, mUserActivitySummary=0x1, nextTimeout=770830 (in 213827 ms)
06-25 17:25:47.924 1488 1911 D PowerManagerNotifier: onScreenPolicyUpdate: newPolicy=3
06-25 17:25:47.924 1488 1911 D PowerManagerService: updateDisplayPowerStateLocked: displayReady=true, groupId=0, policy=BRIGHT, mWakefulness=Awake, mWakeLockSummary=0x1, mUserActivitySummary=0x1, mBootCompleted=true, screenBrightnessOverride=NaN, useAutoBrightness=true, mScreenBrightnessBoostInProgress=false, mIsVrModeEnabled= false, sQuiescent=false
06-25 17:25:47.926 1488 1911 D PowerManagerService: acquireWakeLockInternal: lock=197514241, flags=0x1, tag="SyncLoopWakeLock", ws=null, uid=1000, pid=1488
06-25 17:25:47.926 1488 1911 D PowerManagerService: updateWakeLockSummaryLocked: mWakefulness=Awake, mWakeLockSummary=0x1
06-25 17:25:47.926 1488 1911 D PowerManagerService: updateUserActivitySummaryLocked: groupId=0, mWakefulness=Awake, mUserActivitySummary=0x1, nextTimeout=770830 (in 213825 ms)
06-25 17:25:47.926 1488 1911 D PowerManagerNotifier: onScreenPolicyUpdate: newPolicy=3
06-25 17:25:47.927 1488 1911 D PowerManagerService: updateDisplayPowerStateLocked: displayReady=true, groupId=0, policy=BRIGHT, mWakefulness=Awake, mWakeLockSummary=0x1, mUserActivitySummary=0x1, mBootCompleted=true, screenBrightnessOverride=NaN, useAutoBrightness=true, mScreenBrightnessBoostInProgress=false, mIsVrModeEnabled= false, sQuiescent=false
06-25 17:25:47.927 1488 1911 D PowerManagerNotifier: onWakeLockAcquired: flags=1, tag="SyncLoopWakeLock", packageName=android, ownerUid=1000, ownerPid=1488, workSource=null
06-25 17:25:47.927 1488 1911 D PowerManagerService: releaseWakeLockInternal: lock=197514241 [SyncLoopWakeLock], flags=0x0
06-25 17:25:47.927 1488 1911 D PowerManagerNotifier: onWakeLockReleased: flags=1, tag="SyncLoopWakeLock", packageName=android, ownerUid=1000, ownerPid=1488, workSource=null
06-25 17:25:47.927 1488 1911 D PowerManagerService: updateWakeLockSummaryLocked: mWakefulness=Awake, mWakeLockSummary=0x1
06-25 17:25:47.927 1488 1911 D PowerManagerService: updateUserActivitySummaryLocked: groupId=0, mWakefulness=Awake, mUserActivitySummary=0x1, nextTimeout=770830 (in 213824 ms)
06-25 17:25:47.927 1488 1911 D PowerManagerNotifier: onScreenPolicyUpdate: newPolicy=3
06-25 17:25:47.927 1488 1911 D PowerManagerService: updateDisplayPowerStateLocked: displayReady=true, groupId=0, policy=BRIGHT, mWakefulness=Awake, mWakeLockSummary=0x1, mUserActivitySummary=0x1, mBootCompleted=true, screenBrightnessOverride=NaN, useAutoBrightness=true, mScreenBrightnessBoostInProgress=false, mIsVrModeEnabled= false, sQuiescent=false
06-25 17:25:47.929 1488 1911 D PowerManagerService: acquireWakeLockInternal: lock=197514241, flags=0x1, tag="SyncLoopWakeLock", ws=null, uid=1000, pid=1488
06-25 17:25:47.929 1488 1911 D PowerManagerService: updateWakeLockSummaryLocked: mWakefulness=Awake, mWakeLockSummary=0x1
06-25 17:25:47.929 1488 1911 D PowerManagerService: updateUserActivitySummaryLocked: groupId=0, mWakefulness=Awake, mUserActivitySummary=0x1, nextTimeout=770830 (in 213822 ms)
06-25 17:25:47.929 1488 1911 D PowerManagerNotifier: onScreenPolicyUpdate: newPolicy=3
06-25 17:25:47.929 1488 1911 D PowerManagerService: updateDisplayPowerStateLocked: displayReady=true, groupId=0, policy=BRIGHT, mWakefulness=Awake, mWakeLockSummary=0x1, mUserActivitySummary=0x1, mBootCompleted=true, screenBrightnessOverride=NaN, useAutoBrightness=true, mScreenBrightnessBoostInProgress=false, mIsVrModeEnabled= false, sQuiescent=false
06-25 17:25:47.929 1488 1911 D PowerManagerNotifier: onWakeLockAcquired: flags=1, tag="SyncLoopWakeLock", packageName=android, ownerUid=1000, ownerPid=1488, workSource=null
06-25 17:25:47.930 1488 1488 D PowerManagerService: releaseWakeLockInternal: lock=199899951 [*job*/com.tencent.android.qqdownloader.YYBLiveAccountProvider/com.tencent.android.qqdownloader.YYBLiveAccountProvider.account/应用宝:android], flags=0x0
06-25 17:25:47.930 1488 1488 D PowerManagerNotifier: onWakeLockReleased: flags=1, tag="*job*/com.tencent.android.qqdownloader.YYBLiveAccountProvider/com.tencent.android.qqdownloader.YYBLiveAccountProvider.account/应用宝:android", packageName=android, ownerUid=1000, ownerPid=1488, workSource=WorkSource{10111}
06-25 17:25:47.930 1488 1488 D PowerManagerService: updateWakeLockSummaryLocked: mWakefulness=Awake, mWakeLockSummary=0x1
06-25 17:25:47.930 1488 1488 D PowerManagerService: updateUserActivitySummaryLocked: groupId=0, mWakefulness=Awake, mUserActivitySummary=0x1, nextTimeout=770830 (in 213821 ms)
06-25 17:25:47.930 1488 1488 D PowerManagerNotifier: onScreenPolicyUpdate: newPolicy=3
06-25 17:25:47.930 1488 1488 D PowerManagerService: updateDisplayPowerStateLocked: displayReady=true, groupId=0, policy=BRIGHT, mWakefulness=Awake, mWakeLockSummary=0x1, mUserActivitySummary=0x1, mBootCompleted=true, screenBrightnessOverride=NaN, useAutoBrightness=true, mScreenBrightnessBoostInProgress=false, mIsVrModeEnabled= false, sQuiescent=false
06-25 17:25:47.930 1488 1911 D PowerManagerService: releaseWakeLockInternal: lock=177188396 [*sync*/com.tencent.android.qqdownloader.YYBLiveAccountProvider/com.tencent.android.qqdownloader.YYBLiveAccountProvider.account/应用宝], flags=0x0
06-25 17:25:47.930 1488 1911 D PowerManagerNotifier: onWakeLockReleased: flags=1, tag="*sync*/com.tencent.android.qqdownloader.YYBLiveAccountProvider/com.tencent.android.qqdownloader.YYBLiveAccountProvider.account/应用宝", packageName=android, ownerUid=1000, ownerPid=1488, workSource=WorkSource{10111}
06-25 17:25:47.930 1488 1911 D PowerManagerService: updateWakeLockSummaryLocked: mWakefulness=Awake, mWakeLockSummary=0x1
06-25 17:25:47.930 1488 1911 D PowerManagerService: updateUserActivitySummaryLocked: groupId=0, mWakefulness=Awake, mUserActivitySummary=0x1, nextTimeout=770830 (in 213821 ms)
06-25 17:25:47.931 1488 1911 D PowerManagerNotifier: onScreenPolicyUpdate: newPolicy=3
06-25 17:25:47.931 1488 1911 D PowerManagerService: updateDisplayPowerStateLocked: displayReady=true, groupId=0, policy=BRIGHT, mWakefulness=Awake, mWakeLockSummary=0x1, mUserActivitySummary=0x1, mBootCompleted=true, screenBrightnessOverride=NaN, useAutoBrightness=true, mScreenBrightnessBoostInProgress=false, mIsVrModeEnabled= false, sQuiescent=false
06-25 17:25:47.932 1488 1911 I sync : [com.tencent.android.qqdownloader.YYBLiveAccountProvider,1,3,24220937]
06-25 17:25:47.934 1488 1911 I commit_sys_config_file: [sync-status,531235]
06-25 17:25:47.934 1488 1911 D PowerManagerService: releaseWakeLockInternal: lock=197514241 [SyncLoopWakeLock], flags=0x0
06-25 17:25:47.934 1488 1911 D PowerManagerNotifier: onWakeLockReleased: flags=1, tag="SyncLoopWakeLock", packageName=android, ownerUid=1000, ownerPid=1488, workSource=null
06-25 17:25:47.934 1488 1911 D PowerManagerService: updateWakeLockSummaryLocked: mWakefulness=Awake, mWakeLockSummary=0x0
06-25 17:25:47.934 1488 1911 D PowerManagerService: updateUserActivitySummaryLocked: groupId=0, mWakefulness=Awake, mUserActivitySummary=0x1, nextTimeout=770830 (in 213817 ms)
06-25 17:25:47.934 1488 1911 D PowerManagerNotifier: onScreenPolicyUpdate: newPolicy=3
06-25 17:25:47.934 1488 1911 D PowerManagerService: updateDisplayPowerStateLocked: displayReady=true, groupId=0, policy=BRIGHT, mWakefulness=Awake, mWakeLockSummary=0x0, mUserActivitySummary=0x1, mBootCompleted=true, screenBrightnessOverride=NaN, useAutoBrightness=true, mScreenBrightnessBoostInProgress=false, mIsVrModeEnabled= false, sQuiescent=false
06-25 17:25:47.934 1488 1911 D PowerManagerService: Releasing suspend blocker "PowerManagerService.WakeLocks".
06-25 17:25:47.934 1488 1911 D PowerManagerService: acquireWakeLockInternal: lock=197514241, flags=0x1, tag="SyncLoopWakeLock", ws=null, uid=1000, pid=1488
06-25 17:25:47.934 1488 1911 D PowerManagerService: updateWakeLockSummaryLocked: mWakefulness=Awake, mWakeLockSummary=0x1
06-25 17:25:47.934 1488 1911 D PowerManagerService: updateUserActivitySummaryLocked: groupId=0, mWakefulness=Awake, mUserActivitySummary=0x1, nextTimeout=770830 (in 213817 ms)
06-25 17:25:47.934 1488 1911 D PowerManagerNotifier: onScreenPolicyUpdate: newPolicy=3
06-25 17:25:47.934 1488 1911 D PowerManagerService: updateDisplayPowerStateLocked: displayReady=true, groupId=0, policy=BRIGHT, mWakefulness=Awake, mWakeLockSummary=0x1, mUserActivitySummary=0x1, mBootCompleted=true, screenBrightnessOverride=NaN, useAutoBrightness=true, mScreenBrightnessBoostInProgress=false, mIsVrModeEnabled= false, sQuiescent=false
06-25 17:25:47.934 1488 1911 D PowerManagerService: Acquiring suspend blocker "PowerManagerService.WakeLocks".
06-25 17:25:47.934 1488 1911 D PowerManagerNotifier: onWakeLockAcquired: flags=1, tag="SyncLoopWakeLock", packageName=android, ownerUid=1000, ownerPid=1488, workSource=null
06-25 17:25:47.935 1488 1911 D PowerManagerService: releaseWakeLockInternal: lock=197514241 [SyncLoopWakeLock], flags=0x0
06-25 17:25:47.935 1488 1911 D PowerManagerNotifier: onWakeLockReleased: flags=1, tag="SyncLoopWakeLock", packageName=android, ownerUid=1000, ownerPid=1488, workSource=null
06-25 17:25:47.935 1488 1911 D PowerManagerService: updateWakeLockSummaryLocked: mWakefulness=Awake, mWakeLockSummary=0x0
06-25 17:25:47.935 1488 1911 D PowerManagerService: updateUserActivitySummaryLocked: groupId=0, mWakefulness=Awake, mUserActivitySummary=0x1, nextTimeout=770830 (in 213816 ms)
06-25 17:25:47.936 1488 1911 D PowerManagerNotifier: onScreenPolicyUpdate: newPolicy=3
06-25 17:25:47.936 1488 1911 D PowerManagerService: updateDisplayPowerStateLocked: displayReady=true, groupId=0, policy=BRIGHT, mWakefulness=Awake, mWakeLockSummary=0x0, mUserActivitySummary=0x1, mBootCompleted=true, screenBrightnessOverride=NaN, useAutoBrightness=true, mScreenBrightnessBoostInProgress=false, mIsVrModeEnabled= false, sQuiescent=false
06-25 17:25:47.936 1488 1911 D PowerManagerService: Releasing suspend blocker "PowerManagerService.WakeLocks".
06-25 17:25:49.121 0 0 E [ 558.189071] [MAX975X: max96755x_vc1_lcd_dtc_check] *ERROR* DTC_Display: screen not ready(0), bl_sta(1), lvl(20)
06-25 17:25:49.890 1488 1601 I commit_sys_config_file: [jobs,3]
06-25 17:25:53.269 0 0 E [ 562.337207] [MAX975X: max96755x_vc1_lcd_dtc_check] *ERROR* DTC_Display: screen not ready(0), bl_sta(1), lvl(20)
06-25 17:25:57.406 0 0 E [ 566.473330] [MAX975X: max96755x_vc1_lcd_dtc_check] *ERROR* DTC_Display: screen not ready(0), bl_sta(1), lvl(20)
06-25 17:25:57.818 1488 1488 I notification_enqueue: [10111,3440,com.tencent.android.qqdownloader,127,NULL,0,Notification(channel=channel_id_default_silent shortcut=null contentView=com.tencent.android.qqdownloader/0x7f0a01c2 vibrate=null sound=null defaults=0x0 flags=0x2a2 color=0x00000000 groupKey=com.tencent.android.qqdownloader vis=PRIVATE),1]
06-25 17:25:58.019 1488 1488 I GameModeConfig: isGameModeOn = false
06-25 17:26:00.000 1488 1726 D PowerManagerService: acquireWakeLockInternal: lock=39155635, flags=0x1, tag="*alarm*", ws=WorkSource{1000}, uid=1000, pid=1488
06-25 17:26:00.000 1488 1726 D PowerManagerService: updateWakeLockSummaryLocked: mWakefulness=Awake, mWakeLockSummary=0x1
06-25 17:26:00.000 1488 1726 D PowerManagerService: updateUserActivitySummaryLocked: groupId=0, mWakefulness=Awake, mUserActivitySummary=0x1, nextTimeout=770830 (in 201751 ms)
06-25 17:26:00.000 1488 1726 D PowerManagerNotifier: onScreenPolicyUpdate: newPolicy=3
06-25 17:26:00.000 1488 1726 D PowerManagerService: updateDisplayPowerStateLocked: displayReady=true, groupId=0, policy=BRIGHT, mWakefulness=Awake, mWakeLockSummary=0x1, mUserActivitySummary=0x1, mBootCompleted=true, screenBrightnessOverride=NaN, useAutoBrightness=true, mScreenBrightnessBoostInProgress=false, mIsVrModeEnabled= false, sQuiescent=false
06-25 17:26:00.000 1488 1726 D PowerManagerService: Acquiring suspend blocker "PowerManagerService.WakeLocks".
06-25 17:26:00.001 1488 1726 D PowerManagerNotifier: onWakeLockAcquired: flags=1, tag="*alarm*", packageName=android, ownerUid=1000, ownerPid=1488, workSource=WorkSource{1000}
06-25 17:26:00.001 1488 1488 D PowerManagerService: releaseWakeLockInternal: lock=39155635 [*alarm*], flags=0x0
06-25 17:26:00.001 1488 1488 D PowerManagerNotifier: onWakeLockReleased: flags=1, tag="*alarm*", packageName=android, ownerUid=1000, ownerPid=1488, workSource=WorkSource{1000}
06-25 17:26:00.001 1488 1488 D PowerManagerService: updateWakeLockSummaryLocked: mWakefulness=Awake, mWakeLockSummary=0x0
06-25 17:26:00.002 1488 1488 D PowerManagerService: updateUserActivitySummaryLocked: groupId=0, mWakefulness=Awake, mUserActivitySummary=0x1, nextTimeout=770830 (in 201750 ms)
06-25 17:26:00.002 1488 1488 D PowerManagerNotifier: onScreenPolicyUpdate: newPolicy=3
06-25 17:26:00.002 1488 1488 D PowerManagerService: updateDisplayPowerStateLocked: displayReady=true, groupId=0, policy=BRIGHT, mWakefulness=Awake, mWakeLockSummary=0x0, mUserActivitySummary=0x1, mBootCompleted=true, screenBrightnessOverride=NaN, useAutoBrightness=true, mScreenBrightnessBoostInProgress=false, mIsVrModeEnabled= false, sQuiescent=false
06-25 17:26:00.002 1488 1488 D PowerManagerService: Releasing suspend blocker "PowerManagerService.WakeLocks".
06-25 17:26:01.560 0 0 E [ 570.629216] [MAX975X: max96755x_vc1_lcd_dtc_check] *ERROR* DTC_Display: screen not ready(0), bl_sta(1), lvl(20)
06-25 17:26:05.829 0 0 E [ 574.894223] [MAX975X: max96755x_vc1_lcd_dtc_check] *ERROR* DTC_Display: screen not ready(0), bl_sta(1), lvl(20)
06-25 17:26:09.973 0 0 E [ 579.040810] [MAX975X: max96755x_vc1_lcd_dtc_check] *ERROR* DTC_Display: screen not ready(0), bl_sta(1), lvl(20)
06-25 17:26:14.104 0 0 E [ 583.173215] [MAX975X: max96755x_vc1_lcd_dtc_check] *ERROR* DTC_Display: screen not ready(0), bl_sta(1), lvl(20)
06-25 17:26:16.665 0 0 I [ 585.742815] init: processing action (sys.tlog.tlogdshc.active=1) from (/system/etc/init/tlogd.rc:195)
06-25 17:26:16.665 0 0 I [ 585.742956] init: starting service 'tlogdshc'...
06-25 17:26:16.717 0 0 I [ 585.793642] init: Service 'tlogdshc' (pid 7911) exited with status 0 oneshot service took 0.049000 seconds in background
06-25 17:26:16.717 0 0 I [ 585.793653] init: Sending signal 9 to service 'tlogdshc' (pid 7911) process group...
06-25 17:26:16.717 0 0 I [ 585.793737] libprocessgroup: Successfully killed process cgroup uid 0 pid 7911 in 0ms
06-25 17:26:18.233 0 0 E [ 587.297905] [MAX975X: max96755x_vc1_lcd_dtc_check] *ERROR* DTC_Display: screen not ready(0), bl_sta(1), lvl(20)
06-25 17:26:22.493 0 0 E [ 591.560745] [MAX975X: max96755x_vc1_lcd_dtc_check] *ERROR* DTC_Display: screen not ready(0), bl_sta(1), lvl(20)
06-25 17:26:22.875 1488 1726 D PowerManagerService: acquireWakeLockInternal: lock=39155635, flags=0x1, tag="*alarm*", ws=WorkSource{1000}, uid=1000, pid=1488
06-25 17:26:22.875 1488 1726 D PowerManagerService: updateWakeLockSummaryLocked: mWakefulness=Awake, mWakeLockSummary=0x1
06-25 17:26:22.875 1488 1726 D PowerManagerService: updateUserActivitySummaryLocked: groupId=0, mWakefulness=Awake, mUserActivitySummary=0x1, nextTimeout=770830 (in 178876 ms)
06-25 17:26:22.875 1488 1726 D PowerManagerNotifier: onScreenPolicyUpdate: newPolicy=3
06-25 17:26:22.875 1488 1726 D PowerManagerService: updateDisplayPowerStateLocked: displayReady=true, groupId=0, policy=BRIGHT, mWakefulness=Awake, mWakeLockSummary=0x1, mUserActivitySummary=0x1, mBootCompleted=true, screenBrightnessOverride=NaN, useAutoBrightness=true, mScreenBrightnessBoostInProgress=false, mIsVrModeEnabled= false, sQuiescent=false
06-25 17:26:22.875 1488 1726 D PowerManagerService: Acquiring suspend blocker "PowerManagerService.WakeLocks".
06-25 17:26:22.876 1488 1726 D PowerManagerNotifier: onWakeLockAcquired: flags=1, tag="*alarm*", packageName=android, ownerUid=1000, ownerPid=1488, workSource=WorkSource{1000}
06-25 17:26:22.876 1488 1759 D PowerManagerService: releaseWakeLockInternal: lock=39155635 [*alarm*], flags=0x0
06-25 17:26:22.876 1488 1759 D PowerManagerNotifier: onWakeLockReleased: flags=1, tag="*alarm*", packageName=android, ownerUid=1000, ownerPid=1488, workSource=WorkSource{1000}
06-25 17:26:22.877 1488 1759 D PowerManagerService: updateWakeLockSummaryLocked: mWakefulness=Awake, mWakeLockSummary=0x0
06-25 17:26:22.877 1488 1759 D PowerManagerService: updateUserActivitySummaryLocked: groupId=0, mWakefulness=Awake, mUserActivitySummary=0x1, nextTimeout=770830 (in 178875 ms)
06-25 17:26:22.877 1488 1759 D PowerManagerNotifier: onScreenPolicyUpdate: newPolicy=3
06-25 17:26:22.877 1488 1759 D PowerManagerService: updateDisplayPowerStateLocked: displayReady=true, groupId=0, policy=BRIGHT, mWakefulness=Awake, mWakeLockSummary=0x0, mUserActivitySummary=0x1, mBootCompleted=true, screenBrightnessOverride=NaN, useAutoBrightness=true, mScreenBrightnessBoostInProgress=false, mIsVrModeEnabled= false, sQuiescent=false
06-25 17:26:22.877 1488 1759 D PowerManagerService: Releasing suspend blocker "PowerManagerService.WakeLocks".
06-25 17:26:22.878 1488 1488 D PowerManagerService: acquireWakeLockInternal: lock=190523338, flags=0x1, tag="*job*/com.tencent.android.qqdownloader.YYBLiveAccountProvider/com.tencent.android.qqdownloader.YYBLiveAccountProvider.account/应用宝:android", ws=WorkSource{10111}, uid=1000, pid=1488
06-25 17:26:22.878 1488 1488 D PowerManagerService: updateWakeLockSummaryLocked: mWakefulness=Awake, mWakeLockSummary=0x1
06-25 17:26:22.878 1488 1488 D PowerManagerService: updateUserActivitySummaryLocked: groupId=0, mWakefulness=Awake, mUserActivitySummary=0x1, nextTimeout=770830 (in 178873 ms)
06-25 17:26:22.878 1488 1488 D PowerManagerNotifier: onScreenPolicyUpdate: newPolicy=3
06-25 17:26:22.878 1488 1488 D PowerManagerService: updateDisplayPowerStateLocked: displayReady=true, groupId=0, policy=BRIGHT, mWakefulness=Awake, mWakeLockSummary=0x1, mUserActivitySummary=0x1, mBootCompleted=true, screenBrightnessOverride=NaN, useAutoBrightness=true, mScreenBrightnessBoostInProgress=false, mIsVrModeEnabled= false, sQuiescent=false
06-25 17:26:22.878 1488 1488 D PowerManagerService: Acquiring suspend blocker "PowerManagerService.WakeLocks".
06-25 17:26:22.879 1488 1488 D PowerManagerNotifier: onWakeLockAcquired: flags=1, tag="*job*/com.tencent.android.qqdownloader.YYBLiveAccountProvider/com.tencent.android.qqdownloader.YYBLiveAccountProvider.account/应用宝:android", packageName=android, ownerUid=1000, ownerPid=1488, workSource=WorkSource{10111}
06-25 17:26:22.879 1488 1911 D PowerManagerService: acquireWakeLockInternal: lock=197514241, flags=0x1, tag="SyncLoopWakeLock", ws=null, uid=1000, pid=1488
06-25 17:26:22.879 1488 1911 D PowerManagerService: updateWakeLockSummaryLocked: mWakefulness=Awake, mWakeLockSummary=0x1
06-25 17:26:22.879 1488 1911 D PowerManagerService: updateUserActivitySummaryLocked: groupId=0, mWakefulness=Awake, mUserActivitySummary=0x1, nextTimeout=770830 (in 178872 ms)
06-25 17:26:22.879 1488 1911 D PowerManagerNotifier: onScreenPolicyUpdate: newPolicy=3
06-25 17:26:22.879 1488 1911 D PowerManagerService: updateDisplayPowerStateLocked: displayReady=true, groupId=0, policy=BRIGHT, mWakefulness=Awake, mWakeLockSummary=0x1, mUserActivitySummary=0x1, mBootCompleted=true, screenBrightnessOverride=NaN, useAutoBrightness=true, mScreenBrightnessBoostInProgress=false, mIsVrModeEnabled= false, sQuiescent=false
06-25 17:26:22.879 1488 1911 D PowerManagerNotifier: onWakeLockAcquired: flags=1, tag="SyncLoopWakeLock", packageName=android, ownerUid=1000, ownerPid=1488, workSource=null
06-25 17:26:22.880 1488 1911 I sync : [com.tencent.android.qqdownloader.YYBLiveAccountProvider,0,3,24220937]
06-25 17:26:22.880 1488 1911 D PowerManagerService: acquireWakeLockInternal: lock=177188396, flags=0x1, tag="*sync*/com.tencent.android.qqdownloader.YYBLiveAccountProvider/com.tencent.android.qqdownloader.YYBLiveAccountProvider.account/应用宝", ws=WorkSource{10111}, uid=1000, pid=1488
06-25 17:26:22.880 1488 1911 D PowerManagerService: updateWakeLockSummaryLocked: mWakefulness=Awake, mWakeLockSummary=0x1
06-25 17:26:22.880 1488 1911 D PowerManagerService: updateUserActivitySummaryLocked: groupId=0, mWakefulness=Awake, mUserActivitySummary=0x1, nextTimeout=770830 (in 178871 ms)
06-25 17:26:22.880 1488 1911 D PowerManagerNotifier: onScreenPolicyUpdate: newPolicy=3
06-25 17:26:22.880 1488 1911 D PowerManagerService: updateDisplayPowerStateLocked: displayReady=true, groupId=0, policy=BRIGHT, mWakefulness=Awake, mWakeLockSummary=0x1, mUserActivitySummary=0x1, mBootCompleted=true, screenBrightnessOverride=NaN, useAutoBrightness=true, mScreenBrightnessBoostInProgress=false, mIsVrModeEnabled= false, sQuiescent=false
06-25 17:26:22.880 1488 1911 D PowerManagerNotifier: onWakeLockAcquired: flags=1, tag="*sync*/com.tencent.android.qqdownloader.YYBLiveAccountProvider/com.tencent.android.qqdownloader.YYBLiveAccountProvider.account/应用宝", packageName=android, ownerUid=1000, ownerPid=1488, workSource=WorkSource{10111}
06-25 17:26:22.882 1488 1911 D PowerManagerService: releaseWakeLockInternal: lock=197514241 [SyncLoopWakeLock], flags=0x0
06-25 17:26:22.882 1488 1911 D PowerManagerNotifier: onWakeLockReleased: flags=1, tag="SyncLoopWakeLock", packageName=android, ownerUid=1000, ownerPid=1488, workSource=null
06-25 17:26:22.882 1488 1911 D PowerManagerService: updateWakeLockSummaryLocked: mWakefulness=Awake, mWakeLockSummary=0x1
06-25 17:26:22.882 1488 1911 D PowerManagerService: updateUserActivitySummaryLocked: groupId=0, mWakefulness=Awake, mUserActivitySummary=0x1, nextTimeout=770830 (in 178869 ms)
06-25 17:26:22.882 1488 1911 D PowerManagerNotifier: onScreenPolicyUpdate: newPolicy=3
06-25 17:26:22.882 1488 1911 D PowerManagerService: updateDisplayPowerStateLocked: displayReady=true, groupId=0, policy=BRIGHT, mWakefulness=Awake, mWakeLockSummary=0x1, mUserActivitySummary=0x1, mBootCompleted=true, screenBrightnessOverride=NaN, useAutoBrightness=true, mScreenBrightnessBoostInProgress=false, mIsVrModeEnabled= false, sQuiescent=false
06-25 17:26:22.887 1488 1911 D PowerManagerService: acquireWakeLockInternal: lock=197514241, flags=0x1, tag="SyncLoopWakeLock", ws=null, uid=1000, pid=1488
06-25 17:26:22.887 1488 1911 D PowerManagerService: updateWakeLockSummaryLocked: mWakefulness=Awake, mWakeLockSummary=0x1
06-25 17:26:22.887 1488 1911 D PowerManagerService: updateUserActivitySummaryLocked: groupId=0, mWakefulness=Awake, mUserActivitySummary=0x1, nextTimeout=770830 (in 178864 ms)
06-25 17:26:22.887 1488 1911 D PowerManagerNotifier: onScreenPolicyUpdate: newPolicy=3
06-25 17:26:22.888 1488 1911 D PowerManagerService: updateDisplayPowerStateLocked: displayReady=true, groupId=0, policy=BRIGHT, mWakefulness=Awake, mWakeLockSummary=0x1, mUserActivitySummary=0x1, mBootCompleted=true, screenBrightnessOverride=NaN, useAutoBrightness=true, mScreenBrightnessBoostInProgress=false, mIsVrModeEnabled= false, sQuiescent=false
06-25 17:26:22.888 1488 1911 D PowerManagerNotifier: onWakeLockAcquired: flags=1, tag="SyncLoopWakeLock", packageName=android, ownerUid=1000, ownerPid=1488, workSource=null
06-25 17:26:22.888 1488 1911 D PowerManagerService: releaseWakeLockInternal: lock=197514241 [SyncLoopWakeLock], flags=0x0
06-25 17:26:22.888 1488 1911 D PowerManagerNotifier: onWakeLockReleased: flags=1, tag="SyncLoopWakeLock", packageName=android, ownerUid=1000, ownerPid=1488, workSource=null
06-25 17:26:22.888 1488 1911 D PowerManagerService: updateWakeLockSummaryLocked: mWakefulness=Awake, mWakeLockSummary=0x1
06-25 17:26:22.888 1488 1911 D PowerManagerService: updateUserActivitySummaryLocked: groupId=0, mWakefulness=Awake, mUserActivitySummary=0x1, nextTimeout=770830 (in 178863 ms)
06-25 17:26:22.888 1488 1911 D PowerManagerNotifier: onScreenPolicyUpdate: newPolicy=3
06-25 17:26:22.888 1488 1911 D PowerManagerService: updateDisplayPowerStateLocked: displayReady=true, groupId=0, policy=BRIGHT, mWakefulness=Awake, mWakeLockSummary=0x1, mUserActivitySummary=0x1, mBootCompleted=true, screenBrightnessOverride=NaN, useAutoBrightness=true, mScreenBrightnessBoostInProgress=false, mIsVrModeEnabled= false, sQuiescent=false
06-25 17:26:22.892 1488 1911 D PowerManagerService: acquireWakeLockInternal: lock=197514241, flags=0x1, tag="SyncLoopWakeLock", ws=null, uid=1000, pid=1488
06-25 17:26:22.892 1488 1911 D PowerManagerService: updateWakeLockSummaryLocked: mWakefulness=Awake, mWakeLockSummary=0x1
06-25 17:26:22.892 1488 1911 D PowerManagerService: updateUserActivitySummaryLocked: groupId=0, mWakefulness=Awake, mUserActivitySummary=0x1, nextTimeout=770830 (in 178859 ms)
06-25 17:26:22.892 1488 1911 D PowerManagerNotifier: onScreenPolicyUpdate: newPolicy=3
06-25 17:26:22.892 1488 1911 D PowerManagerService: updateDisplayPowerStateLocked: displayReady=true, groupId=0, policy=BRIGHT, mWakefulness=Awake, mWakeLockSummary=0x1, mUserActivitySummary=0x1, mBootCompleted=true, screenBrightnessOverride=NaN, useAutoBrightness=true, mScreenBrightnessBoostInProgress=false, mIsVrModeEnabled= false, sQuiescent=false
06-25 17:26:22.892 1488 1911 D PowerManagerNotifier: onWakeLockAcquired: flags=1, tag="SyncLoopWakeLock", packageName=android, ownerUid=1000, ownerPid=1488, workSource=null
06-25 17:26:22.893 1488 1911 D PowerManagerService: releaseWakeLockInternal: lock=177188396 [*sync*/com.tencent.android.qqdownloader.YYBLiveAccountProvider/com.tencent.android.qqdownloader.YYBLiveAccountProvider.account/应用宝], flags=0x0
06-25 17:26:22.894 1488 1911 D PowerManagerNotifier: onWakeLockReleased: flags=1, tag="*sync*/com.tencent.android.qqdownloader.YYBLiveAccountProvider/com.tencent.android.qqdownloader.YYBLiveAccountProvider.account/应用宝", packageName=android, ownerUid=1000, ownerPid=1488, workSource=WorkSource{10111}
06-25 17:26:22.894 1488 1911 D PowerManagerService: updateWakeLockSummaryLocked: mWakefulness=Awake, mWakeLockSummary=0x1
06-25 17:26:22.894 1488 1911 D PowerManagerService: updateUserActivitySummaryLocked: groupId=0, mWakefulness=Awake, mUserActivitySummary=0x1, nextTimeout=770830 (in 178858 ms)
06-25 17:26:22.894 1488 1911 D PowerManagerNotifier: onScreenPolicyUpdate: newPolicy=3
06-25 17:26:22.894 1488 1911 D PowerManagerService: updateDisplayPowerStateLocked: displayReady=true, groupId=0, policy=BRIGHT, mWakefulness=Awake, mWakeLockSummary=0x1, mUserActivitySummary=0x1, mBootCompleted=true, screenBrightnessOverride=NaN, useAutoBrightness=true, mScreenBrightnessBoostInProgress=false, mIsVrModeEnabled= false, sQuiescent=false
06-25 17:26:22.894 1488 1488 D PowerManagerService: releaseWakeLockInternal: lock=190523338 [*job*/com.tencent.android.qqdownloader.YYBLiveAccountProvider/com.tencent.android.qqdownloader.YYBLiveAccountProvider.account/应用宝:android], flags=0x0
