06-25 17:26:54.246 8307 8422 I OpenRuntimeJNI: mmv8 fileLen:20679136
06-25 17:26:54.255 3440 8409 W System.err: java.lang.IllegalStateException: beginBroadcast() called while already in a broadcast
06-25 17:26:54.255 3440 8409 W System.err: at android.os.RemoteCallbackList.beginBroadcast(RemoteCallbackList.java:243)
06-25 17:26:54.255 3440 8409 W System.err: at com.tencent.assistant.netservice.NetServiceImpl.d(Unknown Source:12)
06-25 17:26:54.255 3440 8409 W System.err: at com.tencent.assistant.protocol.environment.b.c.f(Unknown Source:96)
06-25 17:26:54.255 3440 8409 W System.err: at com.tencent.assistant.protocol.environment.b.c.a(Unknown Source:16)
06-25 17:26:54.255 3440 8409 W System.err: at com.tencent.assistant.protocol.environment.d.a(Unknown Source:4)
06-25 17:26:54.255 3440 8409 W System.err: at com.tencent.assistant.protocol.scu.d.onUpdateRspHeadData(Unknown Source:11)
06-25 17:26:54.255 3440 8409 W System.err: at com.tencent.assistant.protocol.ae.onNetWorkFinish(Unknown Source:299)
06-25 17:26:54.255 3440 8409 W System.err: at com.tencent.assistant.protocol.s.a(Unknown Source:193)
06-25 17:26:54.255 3440 8409 W System.err: at com.tencent.assistant.protocol.a.a(Unknown Source:59)
06-25 17:26:54.255 3440 8409 W System.err: at com.tencent.assistant.protocol.i.a(Unknown Source:156)
06-25 17:26:54.255 3440 8409 W System.err: at com.tencent.assistant.protocol.i.b(Unknown Source:488)
06-25 17:26:54.255 3440 8409 W System.err: at com.tencent.assistant.protocol.i.a(Unknown Source:22)
06-25 17:26:54.255 3440 8409 W System.err: at com.tencent.assistant.protocol.a.run(Unknown Source:215)
06-25 17:26:54.255 3440 8409 W System.err: at com.tencent.assistant.protocol.i.run(Unknown Source:0)
06-25 17:26:54.255 3440 8409 W System.err: at java.util.concurrent.Executors$RunnableAdapter.call(Executors.java:462)
06-25 17:26:54.255 3440 8409 W System.err: at java.util.concurrent.FutureTask.run(FutureTask.java:266)
06-25 17:26:54.255 3440 8409 W System.err: at com.tencent.raft.threadservice.impl.c.run(Unknown Source:5)
06-25 17:26:54.255 3440 8409 W System.err: at com.tencent.raft.threadservice.impl.d.run(Unknown Source:2)
06-25 17:26:54.255 3440 8409 W System.err: at java.util.concurrent.ThreadPoolExecutor.runWorker(ThreadPoolExecutor.java:1167)
06-25 17:26:54.255 3440 8409 W System.err: at java.util.concurrent.ThreadPoolExecutor$Worker.run(ThreadPoolExecutor.java:641)
06-25 17:26:54.255 3440 8409 W System.err: at java.lang.Thread.run(Thread.java:920)
06-25 17:26:54.255 3440 8409 W System.err: java.lang.IllegalStateException: finishBroadcast() called outside of a broadcast
06-25 17:26:54.255 3440 8409 W System.err: at android.os.RemoteCallbackList.finishBroadcast(RemoteCallbackList.java:307)
06-25 17:26:54.255 3440 8409 W System.err: at com.tencent.assistant.netservice.NetServiceImpl.d(Unknown Source:50)
06-25 17:26:54.255 3440 8409 W System.err: at com.tencent.assistant.protocol.environment.b.c.f(Unknown Source:96)
06-25 17:26:54.255 3440 8409 W System.err: at com.tencent.assistant.protocol.environment.b.c.a(Unknown Source:16)
06-25 17:26:54.255 3440 8409 W System.err: at com.tencent.assistant.protocol.environment.d.a(Unknown Source:4)
06-25 17:26:54.255 3440 8409 W System.err: at com.tencent.assistant.protocol.scu.d.onUpdateRspHeadData(Unknown Source:11)
06-25 17:26:54.255 3440 8409 W System.err: at com.tencent.assistant.protocol.ae.onNetWorkFinish(Unknown Source:299)
06-25 17:26:54.255 3440 8409 W System.err: at com.tencent.assistant.protocol.s.a(Unknown Source:193)
06-25 17:26:54.255 3440 8409 W System.err: at com.tencent.assistant.protocol.a.a(Unknown Source:59)
06-25 17:26:54.255 3440 8409 W System.err: at com.tencent.assistant.protocol.i.a(Unknown Source:156)
06-25 17:26:54.255 3440 8409 W System.err: at com.tencent.assistant.protocol.i.b(Unknown Source:488)
06-25 17:26:54.255 3440 8409 W System.err: at com.tencent.assistant.protocol.i.a(Unknown Source:22)
06-25 17:26:54.255 3440 8409 W System.err: at com.tencent.assistant.protocol.a.run(Unknown Source:215)
06-25 17:26:54.255 3440 8409 W System.err: at com.tencent.assistant.protocol.i.run(Unknown Source:0)
06-25 17:26:54.255 3440 8409 W System.err: at java.util.concurrent.Executors$RunnableAdapter.call(Executors.java:462)
06-25 17:26:54.255 3440 8409 W System.err: at java.util.concurrent.FutureTask.run(FutureTask.java:266)
06-25 17:26:54.255 3440 8409 W System.err: at com.tencent.raft.threadservice.impl.c.run(Unknown Source:5)
06-25 17:26:54.255 3440 8409 W System.err: at com.tencent.raft.threadservice.impl.d.run(Unknown Source:2)
06-25 17:26:54.255 3440 8409 W System.err: at java.util.concurrent.ThreadPoolExecutor.runWorker(ThreadPoolExecutor.java:1167)
06-25 17:26:54.255 3440 8409 W System.err: at java.util.concurrent.ThreadPoolExecutor$Worker.run(ThreadPoolExecutor.java:641)
06-25 17:26:54.255 3440 8409 W System.err: at java.lang.Thread.run(Thread.java:920)
06-25 17:26:54.256 1488 1745 D PowerManagerService: releaseWakeLockInternal: lock=231374116 [i], flags=0x0
06-25 17:26:54.256 1488 1745 D PowerManagerNotifier: onWakeLockReleased: flags=1, tag="i", packageName=com.tencent.android.qqdownloader, ownerUid=10111, ownerPid=3440, workSource=null
06-25 17:26:54.256 1488 1745 D PowerManagerService: updateWakeLockSummaryLocked: mWakefulness=Awake, mWakeLockSummary=0x1
06-25 17:26:54.256 1488 1745 D PowerManagerService: updateUserActivitySummaryLocked: groupId=0, mWakefulness=Awake, mUserActivitySummary=0x1, nextTimeout=1221463 (in 598104 ms)
06-25 17:26:54.256 1488 1745 D PowerManagerNotifier: onScreenPolicyUpdate: newPolicy=3
06-25 17:26:54.256 1488 1745 D PowerManagerService: updateDisplayPowerStateLocked: displayReady=true, groupId=0, policy=BRIGHT, mWakefulness=Awake, mWakeLockSummary=0x1, mUserActivitySummary=0x1, mBootCompleted=true, screenBrightnessOverride=NaN, useAutoBrightness=true, mScreenBrightnessBoostInProgress=false, mIsVrModeEnabled= false, sQuiescent=false
06-25 17:26:54.256 1488 2848 D PowerManagerService: releaseWakeLockInternal: lock=66654786 [i], flags=0x0
06-25 17:26:54.256 1488 2848 D PowerManagerNotifier: onWakeLockReleased: flags=1, tag="i", packageName=com.tencent.android.qqdownloader, ownerUid=10111, ownerPid=3440, workSource=null
06-25 17:26:54.256 1488 2848 D PowerManagerService: updateWakeLockSummaryLocked: mWakefulness=Awake, mWakeLockSummary=0x1
06-25 17:26:54.257 1488 2848 D PowerManagerService: updateUserActivitySummaryLocked: groupId=0, mWakefulness=Awake, mUserActivitySummary=0x1, nextTimeout=1221463 (in 598104 ms)
06-25 17:26:54.257 1488 2848 D PowerManagerNotifier: onScreenPolicyUpdate: newPolicy=3
06-25 17:26:54.257 1488 2848 D PowerManagerService: updateDisplayPowerStateLocked: displayReady=true, groupId=0, policy=BRIGHT, mWakefulness=Awake, mWakeLockSummary=0x1, mUserActivitySummary=0x1, mBootCompleted=true, screenBrightnessOverride=NaN, useAutoBrightness=true, mScreenBrightnessBoostInProgress=false, mIsVrModeEnabled= false, sQuiescent=false
06-25 17:26:54.354 8307 8422 D OpenRuntimeJNI: 2ceed6bca2ed883576f135346d708ba0 md5String:mmv8
06-25 17:26:54.354 8307 8422 I OpenRuntimeJNI: mmv8 abi:2 check success
06-25 17:26:54.356 8307 8422 I OpenRuntimeJNI: mmnode fileLen:5239592
06-25 17:26:54.383 8307 8422 D OpenRuntimeJNI: 634619a4fc123ba7867a9342c2c9f142 md5String:mmnode
06-25 17:26:54.383 8307 8422 I OpenRuntimeJNI: mmnode abi:2 check success
06-25 17:26:54.384 8307 8422 I OpenRuntimeJNI: mmj2v8 fileLen:794264
06-25 17:26:54.388 8307 8422 D OpenRuntimeJNI: 39cd8f3810bf938c6a366a90dbf3a95c md5String:mmj2v8
06-25 17:26:54.388 8307 8422 I OpenRuntimeJNI: mmj2v8 abi:2 check success
06-25 17:26:54.383 8307 8307 I auditd : type=1400 audit(0.0:5939): avc: granted { execute } for comm="JSRuntimeLooper" path="/data/user/0/com.tencent.android.qqdownloader/app_wxa_sdk_plugin/587202817/wxa_libs/libmmj2v8.so" dev="dm-15" ino=27453 scontext=u:r:untrusted_app_27:s0:c512,c768 tcontext=u:object_r:app_data_file:s0:c512,c768 tclass=file app=com.tencent.android.qqdownloader
06-25 17:26:54.383 8307 8307 W JSRuntimeLooper: type=1400 audit(0.0:5939): avc: granted { execute } for path="/data/user/0/com.tencent.android.qqdownloader/app_wxa_sdk_plugin/587202817/wxa_libs/libmmj2v8.so" dev="dm-15" ino=27453 scontext=u:r:untrusted_app_27:s0:c512,c768 tcontext=u:object_r:app_data_file:s0:c512,c768 tclass=file app=com.tencent.android.qqdownloader
06-25 17:26:54.404 8307 8404 I OpenRuntimeJNI: mmv8 fileLen:20679136
06-25 17:26:54.535 8307 8404 D OpenRuntimeJNI: 2ceed6bca2ed883576f135346d708ba0 md5String:mmv8
06-25 17:26:54.535 8307 8404 I OpenRuntimeJNI: mmv8 abi:2 check success
06-25 17:26:54.536 8307 8404 I OpenRuntimeJNI: mmnode fileLen:5239592
06-25 17:26:54.555 1488 2848 D PowerManagerService: releaseWakeLockInternal: lock=254832781 [i], flags=0x0
06-25 17:26:54.555 1488 2848 D PowerManagerNotifier: onWakeLockReleased: flags=1, tag="i", packageName=com.tencent.android.qqdownloader, ownerUid=10111, ownerPid=3440, workSource=null
06-25 17:26:54.556 1488 2848 D PowerManagerService: updateWakeLockSummaryLocked: mWakefulness=Awake, mWakeLockSummary=0x0
06-25 17:26:54.556 1488 2848 D PowerManagerService: updateUserActivitySummaryLocked: groupId=0, mWakefulness=Awake, mUserActivitySummary=0x1, nextTimeout=1221463 (in 597805 ms)
06-25 17:26:54.556 1488 2848 D PowerManagerNotifier: onScreenPolicyUpdate: newPolicy=3
06-25 17:26:54.556 1488 2848 D PowerManagerService: updateDisplayPowerStateLocked: displayReady=true, groupId=0, policy=BRIGHT, mWakefulness=Awake, mWakeLockSummary=0x0, mUserActivitySummary=0x1, mBootCompleted=true, screenBrightnessOverride=NaN, useAutoBrightness=true, mScreenBrightnessBoostInProgress=false, mIsVrModeEnabled= false, sQuiescent=false
06-25 17:26:54.556 1488 2848 D PowerManagerService: Releasing suspend blocker "PowerManagerService.WakeLocks".
06-25 17:26:54.563 1488 2848 D PowerManagerService: acquireWakeLockInternal: lock=94966355, flags=0x1, tag="i", ws=null, uid=10111, pid=3440
06-25 17:26:54.563 1488 2848 D PowerManagerService: updateWakeLockSummaryLocked: mWakefulness=Awake, mWakeLockSummary=0x1
06-25 17:26:54.563 1488 2848 D PowerManagerService: updateUserActivitySummaryLocked: groupId=0, mWakefulness=Awake, mUserActivitySummary=0x1, nextTimeout=1221463 (in 597797 ms)
06-25 17:26:54.563 1488 2848 D PowerManagerNotifier: onScreenPolicyUpdate: newPolicy=3
06-25 17:26:54.563 1488 2848 D PowerManagerService: updateDisplayPowerStateLocked: displayReady=true, groupId=0, policy=BRIGHT, mWakefulness=Awake, mWakeLockSummary=0x1, mUserActivitySummary=0x1, mBootCompleted=true, screenBrightnessOverride=NaN, useAutoBrightness=true, mScreenBrightnessBoostInProgress=false, mIsVrModeEnabled= false, sQuiescent=false
06-25 17:26:54.563 1488 2848 D PowerManagerService: Acquiring suspend blocker "PowerManagerService.WakeLocks".
06-25 17:26:54.563 1488 2848 D PowerManagerNotifier: onWakeLockAcquired: flags=1, tag="i", packageName=com.tencent.android.qqdownloader, ownerUid=10111, ownerPid=3440, workSource=null
06-25 17:26:54.565 8307 8404 D OpenRuntimeJNI: 634619a4fc123ba7867a9342c2c9f142 md5String:mmnode
06-25 17:26:54.565 8307 8404 I OpenRuntimeJNI: mmnode abi:2 check success
06-25 17:26:54.566 8307 8404 I OpenRuntimeJNI: mmj2v8 fileLen:794264
06-25 17:26:54.570 8307 8404 D OpenRuntimeJNI: 39cd8f3810bf938c6a366a90dbf3a95c md5String:mmj2v8
06-25 17:26:54.570 8307 8404 I OpenRuntimeJNI: mmj2v8 abi:2 check success
06-25 17:26:54.596 8307 8404 I OpenRuntimeJNI: mmudp fileLen:305336
06-25 17:26:54.598 8307 8404 D OpenRuntimeJNI: e8a7749edaa66dee9ce12f9654f16317 md5String:mmudp
06-25 17:26:54.598 8307 8404 I OpenRuntimeJNI: mmudp abi:2 check success
06-25 17:26:54.595 8307 8307 I auditd : type=1400 audit(0.0:5940): avc: granted { execute } for comm="[GT]ColdPool#0" path="/data/user/0/com.tencent.android.qqdownloader/app_wxa_sdk_plugin/587202817/wxa_libs/libmmudp.so" dev="dm-15" ino=27464 scontext=u:r:untrusted_app_27:s0:c512,c768 tcontext=u:object_r:app_data_file:s0:c512,c768 tclass=file app=com.tencent.android.qqdownloader
06-25 17:26:54.595 8307 8307 W [GT]ColdPool#0: type=1400 audit(0.0:5940): avc: granted { execute } for path="/data/user/0/com.tencent.android.qqdownloader/app_wxa_sdk_plugin/587202817/wxa_libs/libmmudp.so" dev="dm-15" ino=27464 scontext=u:r:untrusted_app_27:s0:c512,c768 tcontext=u:object_r:app_data_file:s0:c512,c768 tclass=file app=com.tencent.android.qqdownloader
06-25 17:26:54.606 8307 8404 I OpenRuntimeJNI: mmtcp fileLen:317624
06-25 17:26:54.608 8307 8404 D OpenRuntimeJNI: 98c765a7b1eae63d478c88783ecb02b1 md5String:mmtcp
06-25 17:26:54.608 8307 8404 I OpenRuntimeJNI: mmtcp abi:2 check success
06-25 17:26:54.607 8307 8307 I auditd : type=1400 audit(0.0:5941): avc: granted { execute } for comm="[GT]ColdPool#0" path="/data/user/0/com.tencent.android.qqdownloader/app_wxa_sdk_plugin/587202817/wxa_libs/libmmtcp.so" dev="dm-15" ino=27463 scontext=u:r:untrusted_app_27:s0:c512,c768 tcontext=u:object_r:app_data_file:s0:c512,c768 tclass=file app=com.tencent.android.qqdownloader
06-25 17:26:54.607 8307 8307 W [GT]ColdPool#0: type=1400 audit(0.0:5941): avc: granted { execute } for path="/data/user/0/com.tencent.android.qqdownloader/app_wxa_sdk_plugin/587202817/wxa_libs/libmmtcp.so" dev="dm-15" ino=27463 scontext=u:r:untrusted_app_27:s0:c512,c768 tcontext=u:object_r:app_data_file:s0:c512,c768 tclass=file app=com.tencent.android.qqdownloader
06-25 17:26:54.615 8307 8404 I OpenRuntimeJNI: mmlockstep fileLen:559304
06-25 17:26:54.618 8307 8404 D OpenRuntimeJNI: 89939e17e35f832546c3e404ddce5d8e md5String:mmlockstep
06-25 17:26:54.619 8307 8404 I OpenRuntimeJNI: mmlockstep abi:2 check success
06-25 17:26:54.623 0 0 W [ 623.722637] audit: audit_lost=4343 audit_rate_limit=5 audit_backlog_limit=64
06-25 17:26:54.623 0 0 E [ 623.722642] audit: rate limit exceeded
06-25 17:26:54.633 8307 8404 I OpenRuntimeJNI: owl fileLen:490120
06-25 17:26:54.636 8307 8404 D OpenRuntimeJNI: c777ea91aaa8b98ba65fde50e60d85a2 md5String:owl
06-25 17:26:54.636 8307 8404 I OpenRuntimeJNI: owl abi:2 check success
06-25 17:26:54.637 8307 8422 I v8 : node:internal/bootstrap/loaders:5228: Uncaught Error: No such module: report
06-25 17:26:54.641 8307 8404 I OpenRuntimeJNI: wcwss fileLen:4257632
06-25 17:26:54.643 814 2972 I vendor.qti.bluetooth@1.0-ibs_handler: DeviceSleep: TX Awake, Sending SLEEP_IND
06-25 17:26:54.643 814 2972 D vendor.qti.bluetooth@1.0-ibs_handler: SerialClockVote: vote for UART CLK OFF
06-25 17:26:54.646 8307 8422 I MicroMsg.J2V8.V8ContextEngine#167519065: [, , 8422]:initApi, save Inspector console
06-25 17:26:54.652 1488 2848 D PowerManagerService: releaseWakeLockInternal: lock=94966355 [i], flags=0x0
06-25 17:26:54.652 1488 2848 D PowerManagerNotifier: onWakeLockReleased: flags=1, tag="i", packageName=com.tencent.android.qqdownloader, ownerUid=10111, ownerPid=3440, workSource=null
06-25 17:26:54.652 1488 2848 D PowerManagerService: updateWakeLockSummaryLocked: mWakefulness=Awake, mWakeLockSummary=0x0
06-25 17:26:54.652 1488 2848 D PowerManagerService: updateUserActivitySummaryLocked: groupId=0, mWakefulness=Awake, mUserActivitySummary=0x1, nextTimeout=1221463 (in 597708 ms)
06-25 17:26:54.652 1488 2848 D PowerManagerNotifier: onScreenPolicyUpdate: newPolicy=3
06-25 17:26:54.652 1488 2848 D PowerManagerService: updateDisplayPowerStateLocked: displayReady=true, groupId=0, policy=BRIGHT, mWakefulness=Awake, mWakeLockSummary=0x0, mUserActivitySummary=0x1, mBootCompleted=true, screenBrightnessOverride=NaN, useAutoBrightness=true, mScreenBrightnessBoostInProgress=false, mIsVrModeEnabled= false, sQuiescent=false
06-25 17:26:54.652 1488 2848 D PowerManagerService: Releasing suspend blocker "PowerManagerService.WakeLocks".
06-25 17:26:54.664 8307 8404 D OpenRuntimeJNI: c02b466fdc0472585ef4395ef4ffcbef md5String:wcwss
06-25 17:26:54.664 8307 8404 I OpenRuntimeJNI: wcwss abi:2 check success
06-25 17:26:54.669 8307 8422 I MicroMsg.J2V8.V8ContextEngine#49699614: [, , 8422]:initApi, save Inspector console
06-25 17:26:54.669 8307 8404 I OpenRuntimeJNI: wcwss fileLen:4257632
06-25 17:26:54.691 8307 8404 D OpenRuntimeJNI: c02b466fdc0472585ef4395ef4ffcbef md5String:wcwss
06-25 17:26:54.691 8307 8404 I OpenRuntimeJNI: wcwss abi:2 check success
06-25 17:26:54.692 8307 8404 I OpenRuntimeJNI: mmwcwss fileLen:260280
06-25 17:26:54.693 8307 8404 D OpenRuntimeJNI: 61f34a09c09e1eb18901b422968b40c4 md5String:mmwcwss
06-25 17:26:54.693 8307 8404 I OpenRuntimeJNI: mmwcwss abi:2 check success
06-25 17:26:54.706 1928 1928 V MediaTimeout: Execute timeout for 0|com.android.systemui|1|empty_media|10078
06-25 17:26:54.706 1928 1928 D MediaDataManager: Updating 0|com.android.systemui|1|empty_media|10078 timedOut: true
06-25 17:26:54.707 1928 1928 D NotificationMediaManager: onMediaDataLoaded Notification Key : 0|com.android.systemui|1|empty_media|10078
06-25 17:26:54.711 1928 1928 W ConstraintSet: id unknown center_vertical_guideline
06-25 17:26:54.711 1928 1928 W ConstraintSet: id unknown center_horizontal_guideline
06-25 17:26:54.711 8307 8404 I OpenRuntimeJNI: wxWtf fileLen:20114632
06-25 17:26:54.711 1928 1928 W ConstraintSet: id unknown media_action_barrier
06-25 17:26:54.711 1928 1928 W ConstraintSet: id unknown remove_text
06-25 17:26:54.711 1928 1928 W ConstraintSet: id unknown settings
06-25 17:26:54.711 1928 1928 W ConstraintSet: id unknown cancel
06-25 17:26:54.711 1928 1928 W ConstraintSet: id unknown dismiss
06-25 17:26:54.716 664 681 I mpu_uart: [MSG-P:RECV]:No message received in 1000 ms
06-25 17:26:54.751 1488 1735 I input_interaction: Interaction with: f5cace0 com.tencent.android.qqdownloader/com.tencent.assistantv2.activity.MainActivity (server), edge-swipe (server), swipe-up (server), PointerEventDispatcher0 (server),
06-25 17:26:54.751 1928 1928 D ViewTouchDebug: mView : com.android.systemui.navigationbar.NavigationBarFrame{7207003 V.E...... ........ 0,0-2560,46 #7f0b03f3 app:id/navigation_bar_frame}Receive event : MotionEvent { action=ACTION_OUTSIDE, actionButton=0, id[0]=0, x[0]=0.0, y[0]=-1034.0, toolType[0]=TOOL_TYPE_FINGER, buttonState=0, classification=NONE, metaState=0, flags=0x0, edgeFlags=0x0, pointerCount=1, historySize=0, eventTime=623853, downTime=623853, deviceId=4, source=0x5002, displayId=0, eventId=1350970345 }
06-25 17:26:54.751 3536 3536 D ViewTouchDebug: mView : DecorView@e2086b0[MainActivity]Receive event : MotionEvent { action=ACTION_DOWN, actionButton=0, id[0]=0, x[0]=618.74994, y[0]=166.24997, toolType[0]=TOOL_TYPE_FINGER, buttonState=0, classification=NONE, metaState=0, flags=0x0, edgeFlags=0x0, pointerCount=1, historySize=0, eventTime=623853, downTime=623853, deviceId=4, source=0x5002, displayId=0, eventId=536909631 }
06-25 17:26:54.752 1488 1735 D PowerManagerService: userActivityNoUpdateLocked: groupId=0, eventTime=623853, event=2, flags=0x0, uid=1000
06-25 17:26:54.752 1488 1735 D PowerManagerNotifier: onUserActivity: event=2, uid=1000
06-25 17:26:54.752 1488 1735 D PowerManagerService: updateUserActivitySummaryLocked: groupId=0, mWakefulness=Awake, mUserActivitySummary=0x1, nextTimeout=1223853 (in 599998 ms)
06-25 17:26:54.752 1488 1735 D PowerManagerNotifier: onScreenPolicyUpdate: newPolicy=3
06-25 17:26:54.752 1488 1735 D PowerManagerService: updateDisplayPowerStateLocked: displayReady=true, groupId=0, policy=BRIGHT, mWakefulness=Awake, mWakeLockSummary=0x0, mUserActivitySummary=0x1, mBootCompleted=true, screenBrightnessOverride=NaN, useAutoBrightness=true, mScreenBrightnessBoostInProgress=false, mIsVrModeEnabled= false, sQuiescent=false
06-25 17:26:54.793 814 2628 D vendor.qti.bluetooth@1.0-wake_lock: Release wakelock is released
06-25 17:26:54.816 8307 8404 D OpenRuntimeJNI: a47706a89d4134233ffddc637ee6f197 md5String:wxWtf
06-25 17:26:54.816 8307 8404 I OpenRuntimeJNI: wxWtf abi:2 check success
06-25 17:26:54.821 8307 8404 I OpenRuntimeJNI: wxaudio fileLen:28869520
06-25 17:26:54.834 3536 3536 D ViewTouchDebug: mView : DecorView@e2086b0[MainActivity]Receive event : MotionEvent { action=ACTION_UP, actionButton=0, id[0]=0, x[0]=618.74994, y[0]=166.24997, toolType[0]=TOOL_TYPE_FINGER, buttonState=0, classification=NONE, metaState=0, flags=0x0, edgeFlags=0x0, pointerCount=1, historySize=0, eventTime=623936, downTime=623853, deviceId=4, source=0x5002, displayId=0, eventId=559516906 }
06-25 17:26:54.844 1488 2848 I thunderperf: Maybe need boostperf for current app!
06-25 17:26:54.844 2065 2084 D FgBoostPerfService: [FgBoostPerfService.perfBoostAcq]start: stat=true pkgName=com.tencent.android.qqdownloader
06-25 17:26:54.844 2065 2084 I FgBoostPerfService: [FgBoostPerfService.perfBoostAcq] not game-mode or game app!
06-25 17:26:54.844 1488 2848 I ThunderPerfManager: PerfAcq error : state=true pkgName=com.tencent.android.qqdownloader
06-25 17:26:54.845 2065 2084 I FgBoostPerfService: [GetGpuMode] isMode=0 isGame=false mGpuMode=0
06-25 17:26:54.845 2065 2084 I FgBoostPerfService: [GetGpuDpiType] isMode=0 isGame=false mGpuDpiType=0
06-25 17:26:54.845 2065 2084 I FgBoostPerfService: [GetGpuDpiType] isMode=0 isGame=false mGpuStandardValue=0
06-25 17:26:54.845 1488 2848 I thunderperf: Current app pkgName=com.tencent.android.qqdownloader bm:com.thundercomm.perf.BoostPerfManager@9259436 gpuMode=-1 gpuType=-1 gpuStandardVal=-1
06-25 17:26:54.845 1488 2848 I ThunderBoostPerfService: Resolution: Uid=10111 Pid=3536 gMode=-1 dType=-1 gpuStandardVal=-1
06-25 17:26:54.846 1488 2848 I thunderperf: PlatormCompat.setOverrides: Uid1=10111 Pid1=3536 Uid2=10111 Pid2=3536
06-25 17:26:54.846 1488 2848 I thunderperf: PlatormCompat.setOverrides: needCheck:false
06-25 17:26:54.846 1488 2848 I thunderperf: CompatConfig.addOverrideUnsafe: bef-state=0
06-25 17:26:54.846 1488 2848 I thunderperf: CompatConfig.addOverrideUnsafe: aft-state=0
06-25 17:26:54.846 1488 2848 W PackageManager: MATCH_ANY_USER flag requires INTERACT_ACROSS_USERS permission: UID 10111 requires android.permission.INTERACT_ACROSS_USERS_FULL or android.permission.INTERACT_ACROSS_USERS to access user 0.
06-25 17:26:54.846 1488 2848 E BoostPerfManager: UpdateResolution SecurityException : e=java.lang.SecurityException: MATCH_ANY_USER flag requires INTERACT_ACROSS_USERS permission: UID 10111 requires android.permission.INTERACT_ACROSS_USERS_FULL or android.permission.INTERACT_ACROSS_USERS to access user 0.
06-25 17:26:54.846 1488 2848 I ActivityTaskManager: START u0 {cmp=com.tencent.android.qqdownloader/com.tencent.pangu.activity.DownloadActivity (has extras)} from uid 10111
06-25 17:26:54.846 1488 1602 I EventSequenceValidator: Transition from ACTIVITY_FINISHED to INTENT_STARTED
06-25 17:26:54.847 1488 2848 D ActivityTaskManager: TaskLaunchParamsModifier:task=null activity=ActivityRecord{9c08889 u0 com.tencent.android.qqdownloader/com.tencent.pangu.activity.DownloadActivity taskAffinity=10111:com.tencent.android.qqdownloader display-area-from-source=DefaultTaskDisplayArea@226190358 display-id=0 display-windowing-mode=1 suggested-display-area=DefaultTaskDisplayArea@226190358
06-25 17:26:54.848 1488 2848 E ANDR-PERF-JNI: com_qualcomm_qtiperformance_native_perf_io_prefetch_start
06-25 17:26:54.848 1488 2848 D ActivityTaskManager: TaskLaunchParamsModifier:task=Task{33ba35a #174 type=standard A=10111:com.tencent.android.qqdownloader U=0 visible=true mode=freeform translucent=false sz=1 visible freeform task=true rootAffinity=10111:com.tencent.android.qqdownloader isMini=false} activity=ActivityRecord{9c08889 u0 com.tencent.android.qqdownloader/com.tencent.pangu.activity.DownloadActivity taskAffinity=10111:com.tencent.android.qqdownloader t-1} display-area-from-source=DefaultTaskDisplayArea@226190358 display-id=0 display-windowing-mode=1 suggested-display-area=DefaultTaskDisplayArea@226190358 non-freeform-display display-area=DefaultTaskDisplayArea@226190358
06-25 17:26:54.849 1488 2848 I wm_task_moved: [174,1,6]
06-25 17:26:54.849 1488 2848 I wm_set_resumed_activity: [0,com.tencent.android.qqdownloader/com.tencent.assistantv2.activity.MainActivity,positionChildAt]
06-25 17:26:54.849 1488 2848 I wm_create_activity: [0,163612809,174,com.tencent.android.qqdownloader/com.tencent.pangu.activity.DownloadActivity,NULL,NULL,NULL,268435456]
06-25 17:26:54.849 1488 2848 D CompatibilityInfo: mCompatibilityFlags - 4
06-25 17:26:54.849 1488 2848 D CompatibilityInfo: applicationDensity - 240
06-25 17:26:54.849 1488 2848 D CompatibilityInfo: applicationScale - 1.0
06-25 17:26:54.849 1488 2848 D ActivityTrigger: ActivityTrigger activityPauseTrigger
06-25 17:26:54.850 911 3329 E ANDR-IOP: io prefetch is disabled
06-25 17:26:54.850 1488 2848 I wm_pause_activity: [0,200895300,com.tencent.android.qqdownloader/com.tencent.assistantv2.activity.MainActivity,userLeaving=true,resumeTopActivityInnerLocked]
06-25 17:26:54.850 1488 2848 D PowerManagerService: acquireWakeLockInternal: lock=35788444, flags=0x1, tag="*launch*", ws=WorkSource{10111}, uid=1000, pid=1488
06-25 17:26:54.850 1488 2848 D PowerManagerService: updateWakeLockSummaryLocked: mWakefulness=Awake, mWakeLockSummary=0x1
06-25 17:26:54.850 1488 2848 D PowerManagerService: updateUserActivitySummaryLocked: groupId=0, mWakefulness=Awake, mUserActivitySummary=0x1, nextTimeout=1223853 (in 599900 ms)
06-25 17:26:54.850 1488 2848 D PowerManagerNotifier: onScreenPolicyUpdate: newPolicy=3
06-25 17:26:54.850 1488 2848 D PowerManagerService: updateDisplayPowerStateLocked: displayReady=true, groupId=0, policy=BRIGHT, mWakefulness=Awake, mWakeLockSummary=0x1, mUserActivitySummary=0x1, mBootCompleted=true, screenBrightnessOverride=NaN, useAutoBrightness=true, mScreenBrightnessBoostInProgress=false, mIsVrModeEnabled= false, sQuiescent=false
06-25 17:26:54.850 1488 2848 D PowerManagerService: Acquiring suspend blocker "PowerManagerService.WakeLocks".
06-25 17:26:54.850 1488 2848 D PowerManagerNotifier: onWakeLockAcquired: flags=1, tag="*launch*", packageName=android, ownerUid=1000, ownerPid=1488, workSource=WorkSource{10111}
06-25 17:26:54.852 1488 1602 I EventSequenceValidator: Transition from INTENT_STARTED to INTENT_FAILED
06-25 17:26:54.859 3536 3536 I wm_on_top_resumed_lost_called: [200895300,com.tencent.assistantv2.activity.MainActivity,topStateChangedWhenResumed]
06-25 17:26:54.865 3536 3536 I wm_on_paused_called: [200895300,com.tencent.assistantv2.activity.MainActivity,performPause]
06-25 17:26:54.865 1488 1745 I ActivityTaskManager: FOREGROUND_APPLICATION_CHANGED to com.tencent.pangu.activity.DownloadActivity
06-25 17:26:54.865 1488 1745 I ActivityTaskManager: The Process com.tencent.android.qqdownloader Already Exists in BG. So sending its PID: 3536
06-25 17:26:54.865 1488 1745 W ActivityTaskManager: Tried to set launchTime (0) < mLastActivityLaunchTime (621681)
06-25 17:26:54.866 1488 1745 I wm_restart_activity: [0,163612809,174,com.tencent.android.qqdownloader/com.tencent.pangu.activity.DownloadActivity]
06-25 17:26:54.866 1488 1745 D CompatibilityInfo: mCompatibilityFlags - 4
06-25 17:26:54.866 1488 1745 D CompatibilityInfo: applicationDensity - 240
06-25 17:26:54.866 1488 1745 D CompatibilityInfo: applicationScale - 1.0
06-25 17:26:54.867 1488 1745 I wm_set_resumed_activity: [0,com.tencent.android.qqdownloader/com.tencent.pangu.activity.DownloadActivity,minimalResumeActivityLocked]
06-25 17:26:54.869 1488 1602 I sysui_multi_action: [757,803,799,window_time_2,802,2]
06-25 17:26:54.872 1488 1745 D PowerManagerService: acquireWakeLockInternal: lock=156858196, flags=0x1, tag="i", ws=null, uid=10111, pid=3440
06-25 17:26:54.872 1488 1745 D PowerManagerService: updateWakeLockSummaryLocked: mWakefulness=Awake, mWakeLockSummary=0x1
06-25 17:26:54.872 1488 1745 D PowerManagerService: updateUserActivitySummaryLocked: groupId=0, mWakefulness=Awake, mUserActivitySummary=0x1, nextTimeout=1223853 (in 599878 ms)
06-25 17:26:54.872 1488 1745 D PowerManagerNotifier: onScreenPolicyUpdate: newPolicy=3
06-25 17:26:54.872 1488 1745 D PowerManagerService: updateDisplayPowerStateLocked: displayReady=true, groupId=0, policy=BRIGHT, mWakefulness=Awake, mWakeLockSummary=0x1, mUserActivitySummary=0x1, mBootCompleted=true, screenBrightnessOverride=NaN, useAutoBrightness=true, mScreenBrightnessBoostInProgress=false, mIsVrModeEnabled= false, sQuiescent=false
06-25 17:26:54.872 1488 1745 D PowerManagerNotifier: onWakeLockAcquired: flags=1, tag="i", packageName=com.tencent.android.qqdownloader, ownerUid=10111, ownerPid=3440, workSource=null
06-25 17:26:54.874 1488 2848 D PowerManagerService: acquireWakeLockInternal: lock=208377597, flags=0x1, tag="i", ws=null, uid=10111, pid=3440
06-25 17:26:54.874 1488 2848 D PowerManagerService: updateWakeLockSummaryLocked: mWakefulness=Awake, mWakeLockSummary=0x1
06-25 17:26:54.874 1488 2848 D PowerManagerService: updateUserActivitySummaryLocked: groupId=0, mWakefulness=Awake, mUserActivitySummary=0x1, nextTimeout=1223853 (in 599876 ms)
06-25 17:26:54.874 1488 2848 D PowerManagerNotifier: onScreenPolicyUpdate: newPolicy=3
06-25 17:26:54.874 1488 2848 D PowerManagerService: updateDisplayPowerStateLocked: displayReady=true, groupId=0, policy=BRIGHT, mWakefulness=Awake, mWakeLockSummary=0x1, mUserActivitySummary=0x1, mBootCompleted=true, screenBrightnessOverride=NaN, useAutoBrightness=true, mScreenBrightnessBoostInProgress=false, mIsVrModeEnabled= false, sQuiescent=false
06-25 17:26:54.874 1488 2848 D PowerManagerNotifier: onWakeLockAcquired: flags=1, tag="i", packageName=com.tencent.android.qqdownloader, ownerUid=10111, ownerPid=3440, workSource=null
06-25 17:26:54.879 3536 3536 E Instrumentation: Uninitialized ActivityThread, likely app-created Instrumentation, disabling AppComponentFactory
06-25 17:26:54.879 3536 3536 E Instrumentation: java.lang.Throwable
06-25 17:26:54.879 3536 3536 E Instrumentation: at android.app.Instrumentation.getFactory(Instrumentation.java:1283)
06-25 17:26:54.879 3536 3536 E Instrumentation: at android.app.Instrumentation.newActivity(Instrumentation.java:1274)
06-25 17:26:54.879 3536 3536 E Instrumentation: at com.tencent.crabshell.loader.instrumentation.InstrumentationProxy.newActivity(Unknown Source:26)
06-25 17:26:54.879 3536 3536 E Instrumentation: at android.app.ActivityThread.performLaunchActivity(ActivityThread.java:3533)
06-25 17:26:54.879 3536 3536 E Instrumentation: at android.app.ActivityThread.handleLaunchActivity(ActivityThread.java:3793)
06-25 17:26:54.879 3536 3536 E Instrumentation: at android.app.servertransaction.LaunchActivityItem.execute(LaunchActivityItem.java:103)
06-25 17:26:54.879 3536 3536 E Instrumentation: at android.app.servertransaction.TransactionExecutor.executeCallbacks(TransactionExecutor.java:135)
06-25 17:26:54.879 3536 3536 E Instrumentation: at android.app.servertransaction.TransactionExecutor.execute(TransactionExecutor.java:95)
06-25 17:26:54.879 3536 3536 E Instrumentation: at android.app.ActivityThread$H.handleMessage(ActivityThread.java:2211)
06-25 17:26:54.879 3536 3536 E Instrumentation: at android.os.Handler.dispatchMessage(Handler.java:106)
06-25 17:26:54.879 3536 3536 E Instrumentation: at android.os.Looper.loopOnce(Looper.java:201)
06-25 17:26:54.879 3536 3536 E Instrumentation: at android.os.Looper.loop(Looper.java:288)
06-25 17:26:54.879 3536 3536 E Instrumentation: at android.app.ActivityThread.main(ActivityThread.java:7880)
06-25 17:26:54.879 3536 3536 E Instrumentation: at java.lang.reflect.Method.invoke(Native Method)
06-25 17:26:54.879 3536 3536 E Instrumentation: at com.android.internal.os.RuntimeInit$MethodAndArgsCaller.run(RuntimeInit.java:548)
06-25 17:26:54.879 3536 3536 E Instrumentation: at com.android.internal.os.ZygoteInit.main(ZygoteInit.java:1009)
06-25 17:26:54.894 983 983 I BpBinder: onLastStrongRef automatically unlinking death recipients:
06-25 17:26:54.939 3536 3536 I wm_on_create_called: [163612809,com.tencent.pangu.activity.DownloadActivity,performCreate]
06-25 17:26:54.940 3536 3536 I wm_on_start_called: [163612809,com.tencent.pangu.activity.DownloadActivity,handleStartActivity]
06-25 17:26:54.941 1488 2130 D PowerManagerService: acquireWakeLockInternal: lock=1858796, flags=0x1, tag="i", ws=null, uid=10111, pid=3440
06-25 17:26:54.941 1488 2130 D PowerManagerService: updateWakeLockSummaryLocked: mWakefulness=Awake, mWakeLockSummary=0x1
06-25 17:26:54.941 1488 2130 D PowerManagerService: updateUserActivitySummaryLocked: groupId=0, mWakefulness=Awake, mUserActivitySummary=0x1, nextTimeout=1223853 (in 599809 ms)
06-25 17:26:54.941 1488 2130 D PowerManagerNotifier: onScreenPolicyUpdate: newPolicy=3
06-25 17:26:54.941 1488 2130 D PowerManagerService: updateDisplayPowerStateLocked: displayReady=true, groupId=0, policy=BRIGHT, mWakefulness=Awake, mWakeLockSummary=0x1, mUserActivitySummary=0x1, mBootCompleted=true, screenBrightnessOverride=NaN, useAutoBrightness=true, mScreenBrightnessBoostInProgress=false, mIsVrModeEnabled= false, sQuiescent=false
06-25 17:26:54.941 1488 2130 D PowerManagerNotifier: onWakeLockAcquired: flags=1, tag="i", packageName=com.tencent.android.qqdownloader, ownerUid=10111, ownerPid=3440, workSource=null
06-25 17:26:54.942 1488 1534 D PowerManagerService: acquireWakeLockInternal: lock=183216309, flags=0x1, tag="i", ws=null, uid=10111, pid=3440
06-25 17:26:54.942 1488 1534 D PowerManagerService: updateWakeLockSummaryLocked: mWakefulness=Awake, mWakeLockSummary=0x1
06-25 17:26:54.942 1488 1534 D PowerManagerService: updateUserActivitySummaryLocked: groupId=0, mWakefulness=Awake, mUserActivitySummary=0x1, nextTimeout=1223853 (in 599809 ms)
06-25 17:26:54.942 1488 1534 D PowerManagerNotifier: onScreenPolicyUpdate: newPolicy=3
06-25 17:26:54.942 1488 1534 D PowerManagerService: updateDisplayPowerStateLocked: displayReady=true, groupId=0, policy=BRIGHT, mWakefulness=Awake, mWakeLockSummary=0x1, mUserActivitySummary=0x1, mBootCompleted=true, screenBrightnessOverride=NaN, useAutoBrightness=true, mScreenBrightnessBoostInProgress=false, mIsVrModeEnabled= false, sQuiescent=false
06-25 17:26:54.942 1488 1534 D PowerManagerNotifier: onWakeLockAcquired: flags=1, tag="i", packageName=com.tencent.android.qqdownloader, ownerUid=10111, ownerPid=3440, workSource=null
06-25 17:26:54.942 3536 3536 I wm_on_resume_called: [163612809,com.tencent.pangu.activity.DownloadActivity,RESUME_ACTIVITY]
06-25 17:26:54.944 3536 3536 I wm_on_top_resumed_gained_called: [163612809,com.tencent.pangu.activity.DownloadActivity,topStateChangedWhenResumed]
06-25 17:26:54.945 2610 2610 D ActivityChangeReceiver: onReceive
06-25 17:26:54.945 2610 3905 D MCUUtil : saveLastActivity activityName=com.tencent.pangu.activity.DownloadActivity packageName=com.tencent.android.qqdownloader
06-25 17:26:54.951 1488 1603 I input_focus: [Focus request e8b2abb com.tencent.android.qqdownloader/com.tencent.pangu.activity.DownloadActivity,reason=UpdateInputWindows]
06-25 17:26:54.953 1488 1534 D PowerManagerService: releaseWakeLockInternal: lock=156858196 [i], flags=0x0
06-25 17:26:54.953 1488 1534 D PowerManagerNotifier: onWakeLockReleased: flags=1, tag="i", packageName=com.tencent.android.qqdownloader, ownerUid=10111, ownerPid=3440, workSource=null
06-25 17:26:54.953 1488 1534 D PowerManagerService: updateWakeLockSummaryLocked: mWakefulness=Awake, mWakeLockSummary=0x1
06-25 17:26:54.953 1488 1534 D PowerManagerService: updateUserActivitySummaryLocked: groupId=0, mWakefulness=Awake, mUserActivitySummary=0x1, nextTimeout=1223853 (in 599797 ms)
06-25 17:26:54.953 1488 1534 D PowerManagerNotifier: onScreenPolicyUpdate: newPolicy=3
06-25 17:26:54.953 1488 1534 D PowerManagerService: updateDisplayPowerStateLocked: displayReady=true, groupId=0, policy=BRIGHT, mWakefulness=Awake, mWakeLockSummary=0x1, mUserActivitySummary=0x1, mBootCompleted=true, screenBrightnessOverride=NaN, useAutoBrightness=true, mScreenBrightnessBoostInProgress=false, mIsVrModeEnabled= false, sQuiescent=false
06-25 17:26:54.955 1488 1534 D PowerManagerService: releaseWakeLockInternal: lock=208377597 [i], flags=0x0
06-25 17:26:54.955 1488 1534 D PowerManagerNotifier: onWakeLockReleased: flags=1, tag="i", packageName=com.tencent.android.qqdownloader, ownerUid=10111, ownerPid=3440, workSource=null
06-25 17:26:54.955 1488 1534 D PowerManagerService: updateWakeLockSummaryLocked: mWakefulness=Awake, mWakeLockSummary=0x1
06-25 17:26:54.955 1488 1534 D PowerManagerService: updateUserActivitySummaryLocked: groupId=0, mWakefulness=Awake, mUserActivitySummary=0x1, nextTimeout=1223853 (in 599795 ms)
06-25 17:26:54.955 1488 1534 D PowerManagerNotifier: onScreenPolicyUpdate: newPolicy=3
06-25 17:26:54.955 1488 1534 D PowerManagerService: updateDisplayPowerStateLocked: displayReady=true, groupId=0, policy=BRIGHT, mWakefulness=Awake, mWakeLockSummary=0x1, mUserActivitySummary=0x1, mBootCompleted=true, screenBrightnessOverride=NaN, useAutoBrightness=true, mScreenBrightnessBoostInProgress=false, mIsVrModeEnabled= false, sQuiescent=false
06-25 17:26:54.971 1488 1745 D ActivityTaskManager: Skipping, freeform mode : Task{33ba35a #174 type=standard A=10111:com.tencent.android.qqdownloader U=0 visible=true mode=freeform translucent=false sz=2 visible freeform task=true rootAffinity=10111:com.tencent.android.qqdownloader isMini=false}
06-25 17:26:54.971 1488 1745 D ActivityTaskManager: Skipping, freeform mode : Task{ed371cd #163 type=undefined A=10106:com.ss.android.ugc.aweme U=0 visible=false mode=freeform translucent=true sz=0 visible freeform task=true rootAffinity=10106:com.ss.android.ugc.aweme isMini=false}
06-25 17:26:54.971 1488 1745 D ActivityTaskManager: Skipping, freeform mode : Task{27fbb64 #162 type=undefined A=10117:com.tencent.mobileqq U=0 visible=false mode=freeform translucent=true sz=0 visible freeform task=true rootAffinity=10117:com.tencent.mobileqq isMini=false}
06-25 17:26:54.979 1488 1735 I input_focus: [Focus leaving f5cace0 com.tencent.android.qqdownloader/com.tencent.assistantv2.activity.MainActivity (server),reason=NOT_FOCUSABLE]
06-25 17:26:54.986 8307 8404 D OpenRuntimeJNI: 6093c373c26130c12c451310c393af3e md5String:wxaudio
06-25 17:26:54.987 8307 8404 I OpenRuntimeJNI: wxaudio abi:2 check success
06-25 17:26:54.993 3536 3536 W View : requestLayout() improperly called by android.widget.LinearLayout{a4764d5 V.E...... ......ID 1,0-79,36 #7f0802a0 app:id/b_a} during layout: running second layout pass
06-25 17:26:54.993 3536 3536 W View : requestLayout() improperly called by android.widget.LinearLayout{2dd04ea V.E...... ......ID 1,0-79,36 #7f0802a0 app:id/b_a} during layout: running second layout pass
06-25 17:26:54.993 3536 3536 W View : requestLayout() improperly called by android.widget.LinearLayout{69693db V.E...... ......ID 1,0-79,36 #7f0802a0 app:id/b_a} during layout: running second layout pass
06-25 17:26:54.993 3536 3536 W View : requestLayout() improperly called by android.widget.LinearLayout{58bde78 V.E...... ......ID 1,0-79,36 #7f0802a0 app:id/b_a} during layout: running second layout pass
06-25 17:26:54.993 3536 3536 W View : requestLayout() improperly called by android.widget.LinearLayout{3267951 V.E...... ......ID 1,0-79,36 #7f0802a0 app:id/b_a} during layout: running second layout pass
06-25 17:26:54.993 3536 3536 W View : requestLayout() improperly called by android.widget.LinearLayout{5fe85b6 V.E...... ......ID 1,0-79,36 #7f0802a0 app:id/b_a} during layout: running second layout pass
06-25 17:26:55.008 1488 2130 D PowerManagerService: releaseWakeLockInternal: lock=1858796 [i], flags=0x0
06-25 17:26:55.008 1488 2130 D PowerManagerNotifier: onWakeLockReleased: flags=1, tag="i", packageName=com.tencent.android.qqdownloader, ownerUid=10111, ownerPid=3440, workSource=null
06-25 17:26:55.008 1488 2130 D PowerManagerService: updateWakeLockSummaryLocked: mWakefulness=Awake, mWakeLockSummary=0x1
06-25 17:26:55.008 1488 2130 D PowerManagerService: updateUserActivitySummaryLocked: groupId=0, mWakefulness=Awake, mUserActivitySummary=0x1, nextTimeout=1223853 (in 599742 ms)
06-25 17:26:55.009 1488 2130 D PowerManagerNotifier: onScreenPolicyUpdate: newPolicy=3
06-25 17:26:55.009 1488 2130 D PowerManagerService: updateDisplayPowerStateLocked: displayReady=true, groupId=0, policy=BRIGHT, mWakefulness=Awake, mWakeLockSummary=0x1, mUserActivitySummary=0x1, mBootCompleted=true, screenBrightnessOverride=NaN, useAutoBrightness=true, mScreenBrightnessBoostInProgress=false, mIsVrModeEnabled= false, sQuiescent=false
06-25 17:26:55.011 1488 1599 I wm_activity_launch_time: [0,163612809,com.tencent.android.qqdownloader/com.tencent.pangu.activity.DownloadActivity,164]
06-25 17:26:55.012 1488 1599 I ActivityTaskManager: Displayed com.tencent.android.qqdownloader/com.tencent.pangu.activity.DownloadActivity: +164ms
06-25 17:26:55.014 8307 8422 I UdpNative: UdpNative isolate_ptr:521804255472,context_ptr:513481966896,uvloop_ptr:517509290832
06-25 17:26:55.020 8307 8422 I TcpNative: TcpNative isolate_ptr:521804255472,context_ptr:513481966896,uvloop_ptr:517509290832
06-25 17:26:55.029 1488 1735 I input_focus: [Focus entering e8b2abb com.tencent.android.qqdownloader/com.tencent.pangu.activity.DownloadActivity (server),reason=Window became focusable. Previous reason: NOT_VISIBLE]
06-25 17:26:55.032 8307 8422 I WcwssNative: WcwssNative MMWcWss initWcwss str_contextId:516703304912
06-25 17:26:55.034 8307 8422 I MicroMsg.WebAudio.WxAudioNative: WxAudioNative isolate_ptr:521804255472,context_ptr:513481966896,uvloop_ptr:517509290832
06-25 17:26:55.045 3363 3363 I ImeService: ImeService(com.baidu.input.ImeService@35f94c9) life called >>> onFinishInput
06-25 17:26:55.046 3363 3363 D ImeService: onFinishInput
06-25 17:26:55.047 3363 3363 I ImeService: ImeService(com.baidu.input.ImeService@35f94c9) life called >>> onStartInput false 10.6.1003.16
06-25 17:26:55.047 3363 3363 D ImeService: current version:10.6.1003.16
06-25 17:26:55.047 3363 3363 D ImeService: onStartInput:packageName:com.tencent.android.qqdownloader inputType:0 restarting:false,fieldId:-1,imeOptions:0
06-25 17:26:55.048 3363 3758 E CarAuth : check ok
06-25 17:26:55.050 3363 3363 I ColorPicker: invalidatePickedColors: oldFloatColor=fff5f7fa
06-25 17:26:55.056 8307 8404 I OpenRuntimeJNI: native-iv fileLen:88184
06-25 17:26:55.056 8307 8404 D OpenRuntimeJNI: eeba24422202f7901349f7e78067a056 md5String:native-iv
06-25 17:26:55.056 8307 8404 I OpenRuntimeJNI: native-iv abi:2 check success
06-25 17:26:55.065 8307 8404 I NativeImage: [WxImageLoader] construct
06-25 17:26:55.088 8307 8441 I AdrenoGLES-0: QUALCOMM build : 47421dbee6, I139f36ad46
06-25 17:26:55.088 8307 8441 I AdrenoGLES-0: Build Date : 02/18/22
06-25 17:26:55.088 8307 8441 I AdrenoGLES-0: OpenGL ES Shader Compiler Version: EV031.32.02.17
06-25 17:26:55.088 8307 8441 I AdrenoGLES-0: Local Branch :
06-25 17:26:55.088 8307 8441 I AdrenoGLES-0: Remote Branch :
06-25 17:26:55.088 8307 8441 I AdrenoGLES-0: Remote Branch :
06-25 17:26:55.088 8307 8441 I AdrenoGLES-0: Reconstruct Branch :
06-25 17:26:55.088 8307 8441 I AdrenoGLES-0: Build Config : S P 10.0.7 AArch64
06-25 17:26:55.088 8307 8441 I AdrenoGLES-0: Driver Path : /vendor/lib64/egl/libGLESv2_adreno.so
06-25 17:26:55.089 524 524 I hwservicemanager: getTransport: Cannot find entry android.hardware.graphics.mapper@4.0::IMapper/default in either framework or device VINTF manifest.
06-25 17:26:55.095 8307 8441 I AdrenoGLES-0: PFP: 0x016dd093, ME: 0x00000000
06-25 17:26:55.108 8307 8441 I vbhook : on bh_elf_destroy, elf name: /apex/com.android.vndk.v30/lib64/android.hidl.memory.token@1.0.so
06-25 17:26:55.108 8307 8441 I vbhook : on bh_elf_destroy, elf name: /apex/com.android.vndk.v30/lib64/android.hidl.memory@1.0.so
06-25 17:26:55.108 8307 8441 I vbhook : on bh_elf_destroy, elf name: /apex/com.android.vndk.v30/lib64/libhidlmemory.so
06-25 17:26:55.108 8307 8441 I vbhook : on bh_elf_destroy, elf name: /vendor/lib64/libadreno_app_profiles.so
06-25 17:26:55.108 8307 8441 I vbhook : on bh_elf_destroy, elf name: /vendor/lib64/vendor.qti.qspmhal@1.0.so
06-25 17:26:55.108 8307 8442 I OpenRuntimeJNI: NLog fileLen:116304
06-25 17:26:55.109 8307 8442 D OpenRuntimeJNI: b2d69159e404b292bb567f6a095a0c24 md5String:NLog
06-25 17:26:55.109 8307 8442 I OpenRuntimeJNI: NLog abi:2 check success
06-25 17:26:55.112 8307 8442 I NLog : Load NLog 1.3
06-25 17:26:55.114 8307 8441 D libEGL : MSAA-->msaa:0 gamemode:0 4x_msaa:0
06-25 17:26:55.118 8307 8442 I OpenRuntimeJNI: audio_common fileLen:104016
06-25 17:26:55.119 8307 8442 D OpenRuntimeJNI: c00c855c46d0f8209b14b20facdbab1f md5String:audio_common
06-25 17:26:55.119 8307 8442 I OpenRuntimeJNI: audio_common abi:2 check success
06-25 17:26:55.279 1488 1534 D PowerManagerService: releaseWakeLockInternal: lock=183216309 [i], flags=0x0
06-25 17:26:55.279 1488 1534 D PowerManagerNotifier: onWakeLockReleased: flags=1, tag="i", packageName=com.tencent.android.qqdownloader, ownerUid=10111, ownerPid=3440, workSource=null
06-25 17:26:55.279 1488 1534 D PowerManagerService: updateWakeLockSummaryLocked: mWakefulness=Awake, mWakeLockSummary=0x1
06-25 17:26:55.279 1488 1534 D PowerManagerService: updateUserActivitySummaryLocked: groupId=0, mWakefulness=Awake, mUserActivitySummary=0x1, nextTimeout=1223853 (in 599471 ms)
06-25 17:26:55.279 1488 1534 D PowerManagerNotifier: onScreenPolicyUpdate: newPolicy=3
06-25 17:26:55.279 1488 1534 D PowerManagerService: updateDisplayPowerStateLocked: displayReady=true, groupId=0, policy=BRIGHT, mWakefulness=Awake, mWakeLockSummary=0x1, mUserActivitySummary=0x1, mBootCompleted=true, screenBrightnessOverride=NaN, useAutoBrightness=true, mScreenBrightnessBoostInProgress=false, mIsVrModeEnabled= false, sQuiescent=false
06-25 17:26:55.302 3536 3990 W System.err: java.lang.NullPointerException: Attempt to get length of null array
06-25 17:26:55.302 3536 3990 W System.err: at java.lang.StringFactory.newStringFromBytes(StringFactory.java:65)
06-25 17:26:55.302 3536 3990 W System.err: at com.tencent.rapidview.utils.ab.a(Unknown Source:4)
06-25 17:26:55.302 3536 3990 W System.err: at com.tencent.rapidview.utils.io.ac.a(Unknown Source:8)
06-25 17:26:55.302 3536 3990 W System.err: at com.tencent.rapidview.utils.io.ac.load(Unknown Source:0)
06-25 17:26:55.302 3536 3990 W System.err: at com.tencent.rapidview.utils.io.q.get(Unknown Source:60)
06-25 17:26:55.302 3536 3990 W System.err: at com.tencent.rapidview.utils.o.d(Unknown Source:7)
06-25 17:26:55.302 3536 3990 W System.err: at com.tencent.rapidview.utils.o.a(Unknown Source:3)
06-25 17:26:55.302 3536 3990 W System.err: at com.tencent.rapidview.server.ad.run(Unknown Source:6)
06-25 17:26:55.302 3536 3990 W System.err: at java.util.concurrent.Executors$RunnableAdapter.call(Executors.java:462)
06-25 17:26:55.302 3536 3990 W System.err: at java.util.concurrent.FutureTask.run(FutureTask.java:266)
06-25 17:26:55.302 3536 3990 W System.err: at java.util.concurrent.ThreadPoolExecutor.runWorker(ThreadPoolExecutor.java:1167)
06-25 17:26:55.302 3536 3990 W System.err: at java.util.concurrent.ThreadPoolExecutor$Worker.run(ThreadPoolExecutor.java:641)
06-25 17:26:55.302 3536 3990 W System.err: at java.lang.Thread.run(Thread.java:920)
06-25 17:26:55.306 3536 3989 W System.err: java.lang.NullPointerException: Attempt to get length of null array
06-25 17:26:55.306 3536 3989 W System.err: at java.lang.StringFactory.newStringFromBytes(StringFactory.java:65)
06-25 17:26:55.306 3536 3989 W System.err: at com.tencent.rapidview.utils.ab.a(Unknown Source:4)
06-25 17:26:55.306 3536 3989 W System.err: at com.tencent.rapidview.utils.io.ac.a(Unknown Source:8)
06-25 17:26:55.306 3536 3989 W System.err: at com.tencent.rapidview.utils.io.ac.load(Unknown Source:0)
06-25 17:26:55.306 3536 3989 W System.err: at com.tencent.rapidview.utils.io.q.get(Unknown Source:60)
06-25 17:26:55.306 3536 3989 W System.err: at com.tencent.rapidview.utils.o.d(Unknown Source:7)
06-25 17:26:55.306 3536 3989 W System.err: at com.tencent.rapidview.utils.o.a(Unknown Source:3)
06-25 17:26:55.306 3536 3989 W System.err: at com.tencent.rapidview.server.ad.run(Unknown Source:6)
06-25 17:26:55.306 3536 3989 W System.err: at java.util.concurrent.Executors$RunnableAdapter.call(Executors.java:462)
06-25 17:26:55.306 3536 3989 W System.err: at java.util.concurrent.FutureTask.run(FutureTask.java:266)
06-25 17:26:55.306 3536 3989 W System.err: at java.util.concurrent.ThreadPoolExecutor.runWorker(ThreadPoolExecutor.java:1167)
06-25 17:26:55.306 3536 3989 W System.err: at java.util.concurrent.ThreadPoolExecutor$Worker.run(ThreadPoolExecutor.java:641)
06-25 17:26:55.306 3536 3989 W System.err: at java.lang.Thread.run(Thread.java:920)
06-25 17:26:55.306 3536 3870 W System.err: java.lang.NullPointerException: Attempt to get length of null array
06-25 17:26:55.306 3536 3870 W System.err: at java.lang.StringFactory.newStringFromBytes(StringFactory.java:65)
06-25 17:26:55.306 3536 3870 W System.err: at com.tencent.rapidview.utils.ab.a(Unknown Source:4)
06-25 17:26:55.306 3536 3870 W System.err: at com.tencent.rapidview.utils.io.ac.a(Unknown Source:8)
06-25 17:26:55.306 3536 3870 W System.err: at com.tencent.rapidview.utils.io.ac.load(Unknown Source:0)
06-25 17:26:55.306 3536 3870 W System.err: at com.tencent.rapidview.utils.io.q.get(Unknown Source:60)
06-25 17:26:55.306 3536 3870 W System.err: at com.tencent.rapidview.utils.o.d(Unknown Source:7)
06-25 17:26:55.306 3536 3870 W System.err: at com.tencent.rapidview.utils.o.a(Unknown Source:3)
06-25 17:26:55.306 3536 3870 W System.err: at com.tencent.rapidview.server.ad.run(Unknown Source:6)
06-25 17:26:55.306 3536 3870 W System.err: at java.util.concurrent.Executors$RunnableAdapter.call(Executors.java:462)
06-25 17:26:55.306 3536 3870 W System.err: at java.util.concurrent.FutureTask.run(FutureTask.java:266)
06-25 17:26:55.306 3536 3870 W System.err: at java.util.concurrent.ThreadPoolExecutor.runWorker(ThreadPoolExecutor.java:1167)
06-25 17:26:55.306 3536 3870 W System.err: at java.util.concurrent.ThreadPoolExecutor$Worker.run(ThreadPoolExecutor.java:641)
06-25 17:26:55.306 3536 3870 W System.err: at java.lang.Thread.run(Thread.java:920)
06-25 17:26:55.417 8307 8404 D Luggage.IDKeyReporter: [, , 8404]:idkeyStat ID:778 key:13 val:1 important:false
06-25 17:26:55.501 1928 2426 D Tile.BluetoothTile: handleUpdateState: true, connected: false, isTransient: false
