06-25 17:26:22.894 1488 1488 D PowerManagerNotifier: onWakeLockReleased: flags=1, tag="*job*/com.tencent.android.qqdownloader.YYBLiveAccountProvider/com.tencent.android.qqdownloader.YYBLiveAccountProvider.account/应用宝:android", packageName=android, ownerUid=1000, ownerPid=1488, workSource=WorkSource{10111}
06-25 17:26:22.894 1488 1488 D PowerManagerService: updateWakeLockSummaryLocked: mWakefulness=Awake, mWakeLockSummary=0x1
06-25 17:26:22.894 1488 1488 D PowerManagerService: updateUserActivitySummaryLocked: groupId=0, mWakefulness=Awake, mUserActivitySummary=0x1, nextTimeout=770830 (in 178857 ms)
06-25 17:26:22.894 1488 1488 D PowerManagerNotifier: onScreenPolicyUpdate: newPolicy=3
06-25 17:26:22.894 1488 1488 D PowerManagerService: updateDisplayPowerStateLocked: displayReady=true, groupId=0, policy=BRIGHT, mWakefulness=Awake, mWakeLockSummary=0x1, mUserActivitySummary=0x1, mBootCompleted=true, screenBrightnessOverride=NaN, useAutoBrightness=true, mScreenBrightnessBoostInProgress=false, mIsVrModeEnabled= false, sQuiescent=false
06-25 17:26:22.895 1488 1911 I sync : [com.tencent.android.qqdownloader.YYBLiveAccountProvider,1,3,24220937]
06-25 17:26:22.897 1488 1911 I commit_sys_config_file: [sync-status,566198]
06-25 17:26:22.897 1488 1911 D PowerManagerService: releaseWakeLockInternal: lock=197514241 [SyncLoopWakeLock], flags=0x0
06-25 17:26:22.897 1488 1911 D PowerManagerNotifier: onWakeLockReleased: flags=1, tag="SyncLoopWakeLock", packageName=android, ownerUid=1000, ownerPid=1488, workSource=null
06-25 17:26:22.898 1488 1911 D PowerManagerService: updateWakeLockSummaryLocked: mWakefulness=Awake, mWakeLockSummary=0x0
06-25 17:26:22.898 1488 1911 D PowerManagerService: updateUserActivitySummaryLocked: groupId=0, mWakefulness=Awake, mUserActivitySummary=0x1, nextTimeout=770830 (in 178854 ms)
06-25 17:26:22.898 1488 1911 D PowerManagerNotifier: onScreenPolicyUpdate: newPolicy=3
06-25 17:26:22.898 1488 1911 D PowerManagerService: updateDisplayPowerStateLocked: displayReady=true, groupId=0, policy=BRIGHT, mWakefulness=Awake, mWakeLockSummary=0x0, mUserActivitySummary=0x1, mBootCompleted=true, screenBrightnessOverride=NaN, useAutoBrightness=true, mScreenBrightnessBoostInProgress=false, mIsVrModeEnabled= false, sQuiescent=false
06-25 17:26:22.898 1488 1911 D PowerManagerService: Releasing suspend blocker "PowerManagerService.WakeLocks".
06-25 17:26:22.898 1488 1911 D PowerManagerService: acquireWakeLockInternal: lock=197514241, flags=0x1, tag="SyncLoopWakeLock", ws=null, uid=1000, pid=1488
06-25 17:26:22.898 1488 1911 D PowerManagerService: updateWakeLockSummaryLocked: mWakefulness=Awake, mWakeLockSummary=0x1
06-25 17:26:22.898 1488 1911 D PowerManagerService: updateUserActivitySummaryLocked: groupId=0, mWakefulness=Awake, mUserActivitySummary=0x1, nextTimeout=770830 (in 178853 ms)
06-25 17:26:22.898 1488 1911 D PowerManagerNotifier: onScreenPolicyUpdate: newPolicy=3
06-25 17:26:22.898 1488 1911 D PowerManagerService: updateDisplayPowerStateLocked: displayReady=true, groupId=0, policy=BRIGHT, mWakefulness=Awake, mWakeLockSummary=0x1, mUserActivitySummary=0x1, mBootCompleted=true, screenBrightnessOverride=NaN, useAutoBrightness=true, mScreenBrightnessBoostInProgress=false, mIsVrModeEnabled= false, sQuiescent=false
06-25 17:26:22.898 1488 1911 D PowerManagerService: Acquiring suspend blocker "PowerManagerService.WakeLocks".
06-25 17:26:22.898 1488 1911 D PowerManagerNotifier: onWakeLockAcquired: flags=1, tag="SyncLoopWakeLock", packageName=android, ownerUid=1000, ownerPid=1488, workSource=null
06-25 17:26:22.900 1488 1911 D PowerManagerService: releaseWakeLockInternal: lock=197514241 [SyncLoopWakeLock], flags=0x0
06-25 17:26:22.900 1488 1911 D PowerManagerNotifier: onWakeLockReleased: flags=1, tag="SyncLoopWakeLock", packageName=android, ownerUid=1000, ownerPid=1488, workSource=null
06-25 17:26:22.900 1488 1911 D PowerManagerService: updateWakeLockSummaryLocked: mWakefulness=Awake, mWakeLockSummary=0x0
06-25 17:26:22.900 1488 1911 D PowerManagerService: updateUserActivitySummaryLocked: groupId=0, mWakefulness=Awake, mUserActivitySummary=0x1, nextTimeout=770830 (in 178851 ms)
06-25 17:26:22.900 1488 1911 D PowerManagerNotifier: onScreenPolicyUpdate: newPolicy=3
06-25 17:26:22.900 1488 1911 D PowerManagerService: updateDisplayPowerStateLocked: displayReady=true, groupId=0, policy=BRIGHT, mWakefulness=Awake, mWakeLockSummary=0x0, mUserActivitySummary=0x1, mBootCompleted=true, screenBrightnessOverride=NaN, useAutoBrightness=true, mScreenBrightnessBoostInProgress=false, mIsVrModeEnabled= false, sQuiescent=false
06-25 17:26:22.900 1488 1911 D PowerManagerService: Releasing suspend blocker "PowerManagerService.WakeLocks".
06-25 17:26:22.900 1488 1488 D PowerManagerService: acquireWakeLockInternal: lock=95820680, flags=0x1, tag="*job*/com.tencent.android.qqdownloader.YYBLiveAccountProvider/com.tencent.android.qqdownloader.YYBLiveAccountProvider.account/应用宝:android", ws=WorkSource{10111}, uid=1000, pid=1488
06-25 17:26:22.901 1488 1488 D PowerManagerService: updateWakeLockSummaryLocked: mWakefulness=Awake, mWakeLockSummary=0x1
06-25 17:26:22.901 1488 1488 D PowerManagerService: updateUserActivitySummaryLocked: groupId=0, mWakefulness=Awake, mUserActivitySummary=0x1, nextTimeout=770830 (in 178851 ms)
06-25 17:26:22.901 1488 1488 D PowerManagerNotifier: onScreenPolicyUpdate: newPolicy=3
06-25 17:26:22.901 1488 1488 D PowerManagerService: updateDisplayPowerStateLocked: displayReady=true, groupId=0, policy=BRIGHT, mWakefulness=Awake, mWakeLockSummary=0x1, mUserActivitySummary=0x1, mBootCompleted=true, screenBrightnessOverride=NaN, useAutoBrightness=true, mScreenBrightnessBoostInProgress=false, mIsVrModeEnabled= false, sQuiescent=false
06-25 17:26:22.901 1488 1488 D PowerManagerService: Acquiring suspend blocker "PowerManagerService.WakeLocks".
06-25 17:26:22.901 1488 1488 D PowerManagerNotifier: onWakeLockAcquired: flags=1, tag="*job*/com.tencent.android.qqdownloader.YYBLiveAccountProvider/com.tencent.android.qqdownloader.YYBLiveAccountProvider.account/应用宝:android", packageName=android, ownerUid=1000, ownerPid=1488, workSource=WorkSource{10111}
06-25 17:26:22.901 1488 1911 D PowerManagerService: acquireWakeLockInternal: lock=197514241, flags=0x1, tag="SyncLoopWakeLock", ws=null, uid=1000, pid=1488
06-25 17:26:22.901 1488 1911 D PowerManagerService: updateWakeLockSummaryLocked: mWakefulness=Awake, mWakeLockSummary=0x1
06-25 17:26:22.901 1488 1911 D PowerManagerService: updateUserActivitySummaryLocked: groupId=0, mWakefulness=Awake, mUserActivitySummary=0x1, nextTimeout=770830 (in 178850 ms)
06-25 17:26:22.901 1488 1911 D PowerManagerNotifier: onScreenPolicyUpdate: newPolicy=3
06-25 17:26:22.901 1488 1911 D PowerManagerService: updateDisplayPowerStateLocked: displayReady=true, groupId=0, policy=BRIGHT, mWakefulness=Awake, mWakeLockSummary=0x1, mUserActivitySummary=0x1, mBootCompleted=true, screenBrightnessOverride=NaN, useAutoBrightness=true, mScreenBrightnessBoostInProgress=false, mIsVrModeEnabled= false, sQuiescent=false
06-25 17:26:22.901 1488 1911 D PowerManagerNotifier: onWakeLockAcquired: flags=1, tag="SyncLoopWakeLock", packageName=android, ownerUid=1000, ownerPid=1488, workSource=null
06-25 17:26:22.902 1488 1911 I sync : [com.tencent.android.qqdownloader.YYBLiveAccountProvider,0,3,24220937]
06-25 17:26:22.902 1488 1911 D PowerManagerService: acquireWakeLockInternal: lock=177188396, flags=0x1, tag="*sync*/com.tencent.android.qqdownloader.YYBLiveAccountProvider/com.tencent.android.qqdownloader.YYBLiveAccountProvider.account/应用宝", ws=WorkSource{10111}, uid=1000, pid=1488
06-25 17:26:22.902 1488 1911 D PowerManagerService: updateWakeLockSummaryLocked: mWakefulness=Awake, mWakeLockSummary=0x1
06-25 17:26:22.902 1488 1911 D PowerManagerService: updateUserActivitySummaryLocked: groupId=0, mWakefulness=Awake, mUserActivitySummary=0x1, nextTimeout=770830 (in 178849 ms)
06-25 17:26:22.902 1488 1911 D PowerManagerNotifier: onScreenPolicyUpdate: newPolicy=3
06-25 17:26:22.902 1488 1911 D PowerManagerService: updateDisplayPowerStateLocked: displayReady=true, groupId=0, policy=BRIGHT, mWakefulness=Awake, mWakeLockSummary=0x1, mUserActivitySummary=0x1, mBootCompleted=true, screenBrightnessOverride=NaN, useAutoBrightness=true, mScreenBrightnessBoostInProgress=false, mIsVrModeEnabled= false, sQuiescent=false
06-25 17:26:22.902 1488 1911 D PowerManagerNotifier: onWakeLockAcquired: flags=1, tag="*sync*/com.tencent.android.qqdownloader.YYBLiveAccountProvider/com.tencent.android.qqdownloader.YYBLiveAccountProvider.account/应用宝", packageName=android, ownerUid=1000, ownerPid=1488, workSource=WorkSource{10111}
06-25 17:26:22.904 1488 1911 D PowerManagerService: releaseWakeLockInternal: lock=197514241 [SyncLoopWakeLock], flags=0x0
06-25 17:26:22.904 1488 1911 D PowerManagerNotifier: onWakeLockReleased: flags=1, tag="SyncLoopWakeLock", packageName=android, ownerUid=1000, ownerPid=1488, workSource=null
06-25 17:26:22.904 1488 1911 D PowerManagerService: updateWakeLockSummaryLocked: mWakefulness=Awake, mWakeLockSummary=0x1
06-25 17:26:22.904 1488 1911 D PowerManagerService: updateUserActivitySummaryLocked: groupId=0, mWakefulness=Awake, mUserActivitySummary=0x1, nextTimeout=770830 (in 178847 ms)
06-25 17:26:22.904 1488 1911 D PowerManagerNotifier: onScreenPolicyUpdate: newPolicy=3
06-25 17:26:22.904 1488 1911 D PowerManagerService: updateDisplayPowerStateLocked: displayReady=true, groupId=0, policy=BRIGHT, mWakefulness=Awake, mWakeLockSummary=0x1, mUserActivitySummary=0x1, mBootCompleted=true, screenBrightnessOverride=NaN, useAutoBrightness=true, mScreenBrightnessBoostInProgress=false, mIsVrModeEnabled= false, sQuiescent=false
06-25 17:26:22.907 1488 1911 D PowerManagerService: acquireWakeLockInternal: lock=197514241, flags=0x1, tag="SyncLoopWakeLock", ws=null, uid=1000, pid=1488
06-25 17:26:22.907 1488 1911 D PowerManagerService: updateWakeLockSummaryLocked: mWakefulness=Awake, mWakeLockSummary=0x1
06-25 17:26:22.907 1488 1911 D PowerManagerService: updateUserActivitySummaryLocked: groupId=0, mWakefulness=Awake, mUserActivitySummary=0x1, nextTimeout=770830 (in 178844 ms)
06-25 17:26:22.907 1488 1911 D PowerManagerNotifier: onScreenPolicyUpdate: newPolicy=3
06-25 17:26:22.907 1488 1911 D PowerManagerService: updateDisplayPowerStateLocked: displayReady=true, groupId=0, policy=BRIGHT, mWakefulness=Awake, mWakeLockSummary=0x1, mUserActivitySummary=0x1, mBootCompleted=true, screenBrightnessOverride=NaN, useAutoBrightness=true, mScreenBrightnessBoostInProgress=false, mIsVrModeEnabled= false, sQuiescent=false
06-25 17:26:22.907 1488 1911 D PowerManagerNotifier: onWakeLockAcquired: flags=1, tag="SyncLoopWakeLock", packageName=android, ownerUid=1000, ownerPid=1488, workSource=null
06-25 17:26:22.908 1488 1911 D PowerManagerService: releaseWakeLockInternal: lock=197514241 [SyncLoopWakeLock], flags=0x0
06-25 17:26:22.908 1488 1911 D PowerManagerNotifier: onWakeLockReleased: flags=1, tag="SyncLoopWakeLock", packageName=android, ownerUid=1000, ownerPid=1488, workSource=null
06-25 17:26:22.908 1488 1911 D PowerManagerService: updateWakeLockSummaryLocked: mWakefulness=Awake, mWakeLockSummary=0x1
06-25 17:26:22.908 1488 1911 D PowerManagerService: updateUserActivitySummaryLocked: groupId=0, mWakefulness=Awake, mUserActivitySummary=0x1, nextTimeout=770830 (in 178843 ms)
06-25 17:26:22.908 1488 1911 D PowerManagerNotifier: onScreenPolicyUpdate: newPolicy=3
06-25 17:26:22.908 1488 1911 D PowerManagerService: updateDisplayPowerStateLocked: displayReady=true, groupId=0, policy=BRIGHT, mWakefulness=Awake, mWakeLockSummary=0x1, mUserActivitySummary=0x1, mBootCompleted=true, screenBrightnessOverride=NaN, useAutoBrightness=true, mScreenBrightnessBoostInProgress=false, mIsVrModeEnabled= false, sQuiescent=false
06-25 17:26:22.910 1488 1911 D PowerManagerService: acquireWakeLockInternal: lock=197514241, flags=0x1, tag="SyncLoopWakeLock", ws=null, uid=1000, pid=1488
06-25 17:26:22.910 1488 1911 D PowerManagerService: updateWakeLockSummaryLocked: mWakefulness=Awake, mWakeLockSummary=0x1
06-25 17:26:22.910 1488 1911 D PowerManagerService: updateUserActivitySummaryLocked: groupId=0, mWakefulness=Awake, mUserActivitySummary=0x1, nextTimeout=770830 (in 178841 ms)
06-25 17:26:22.910 1488 1911 D PowerManagerNotifier: onScreenPolicyUpdate: newPolicy=3
06-25 17:26:22.910 1488 1911 D PowerManagerService: updateDisplayPowerStateLocked: displayReady=true, groupId=0, policy=BRIGHT, mWakefulness=Awake, mWakeLockSummary=0x1, mUserActivitySummary=0x1, mBootCompleted=true, screenBrightnessOverride=NaN, useAutoBrightness=true, mScreenBrightnessBoostInProgress=false, mIsVrModeEnabled= false, sQuiescent=false
06-25 17:26:22.911 1488 1911 D PowerManagerNotifier: onWakeLockAcquired: flags=1, tag="SyncLoopWakeLock", packageName=android, ownerUid=1000, ownerPid=1488, workSource=null
06-25 17:26:22.911 1488 1488 D PowerManagerService: releaseWakeLockInternal: lock=95820680 [*job*/com.tencent.android.qqdownloader.YYBLiveAccountProvider/com.tencent.android.qqdownloader.YYBLiveAccountProvider.account/应用宝:android], flags=0x0
06-25 17:26:22.911 1488 1488 D PowerManagerNotifier: onWakeLockReleased: flags=1, tag="*job*/com.tencent.android.qqdownloader.YYBLiveAccountProvider/com.tencent.android.qqdownloader.YYBLiveAccountProvider.account/应用宝:android", packageName=android, ownerUid=1000, ownerPid=1488, workSource=WorkSource{10111}
06-25 17:26:22.911 1488 1488 D PowerManagerService: updateWakeLockSummaryLocked: mWakefulness=Awake, mWakeLockSummary=0x1
06-25 17:26:22.911 1488 1488 D PowerManagerService: updateUserActivitySummaryLocked: groupId=0, mWakefulness=Awake, mUserActivitySummary=0x1, nextTimeout=770830 (in 178840 ms)
06-25 17:26:22.911 1488 1488 D PowerManagerNotifier: onScreenPolicyUpdate: newPolicy=3
06-25 17:26:22.911 1488 1488 D PowerManagerService: updateDisplayPowerStateLocked: displayReady=true, groupId=0, policy=BRIGHT, mWakefulness=Awake, mWakeLockSummary=0x1, mUserActivitySummary=0x1, mBootCompleted=true, screenBrightnessOverride=NaN, useAutoBrightness=true, mScreenBrightnessBoostInProgress=false, mIsVrModeEnabled= false, sQuiescent=false
06-25 17:26:22.912 1488 1911 D PowerManagerService: releaseWakeLockInternal: lock=177188396 [*sync*/com.tencent.android.qqdownloader.YYBLiveAccountProvider/com.tencent.android.qqdownloader.YYBLiveAccountProvider.account/应用宝], flags=0x0
06-25 17:26:22.912 1488 1911 D PowerManagerNotifier: onWakeLockReleased: flags=1, tag="*sync*/com.tencent.android.qqdownloader.YYBLiveAccountProvider/com.tencent.android.qqdownloader.YYBLiveAccountProvider.account/应用宝", packageName=android, ownerUid=1000, ownerPid=1488, workSource=WorkSource{10111}
06-25 17:26:22.912 1488 1911 D PowerManagerService: updateWakeLockSummaryLocked: mWakefulness=Awake, mWakeLockSummary=0x1
06-25 17:26:22.912 1488 1911 D PowerManagerService: updateUserActivitySummaryLocked: groupId=0, mWakefulness=Awake, mUserActivitySummary=0x1, nextTimeout=770830 (in 178839 ms)
06-25 17:26:22.912 1488 1911 D PowerManagerNotifier: onScreenPolicyUpdate: newPolicy=3
06-25 17:26:22.912 1488 1911 D PowerManagerService: updateDisplayPowerStateLocked: displayReady=true, groupId=0, policy=BRIGHT, mWakefulness=Awake, mWakeLockSummary=0x1, mUserActivitySummary=0x1, mBootCompleted=true, screenBrightnessOverride=NaN, useAutoBrightness=true, mScreenBrightnessBoostInProgress=false, mIsVrModeEnabled= false, sQuiescent=false
06-25 17:26:22.913 1488 1911 I sync : [com.tencent.android.qqdownloader.YYBLiveAccountProvider,1,3,24220937]
06-25 17:26:22.915 1488 1911 I commit_sys_config_file: [sync-status,566216]
06-25 17:26:22.915 1488 1911 D PowerManagerService: releaseWakeLockInternal: lock=197514241 [SyncLoopWakeLock], flags=0x0
06-25 17:26:22.915 1488 1911 D PowerManagerNotifier: onWakeLockReleased: flags=1, tag="SyncLoopWakeLock", packageName=android, ownerUid=1000, ownerPid=1488, workSource=null
06-25 17:26:22.915 1488 1911 D PowerManagerService: updateWakeLockSummaryLocked: mWakefulness=Awake, mWakeLockSummary=0x0
06-25 17:26:22.915 1488 1911 D PowerManagerService: updateUserActivitySummaryLocked: groupId=0, mWakefulness=Awake, mUserActivitySummary=0x1, nextTimeout=770830 (in 178836 ms)
06-25 17:26:22.915 1488 1911 D PowerManagerNotifier: onScreenPolicyUpdate: newPolicy=3
06-25 17:26:22.915 1488 1911 D PowerManagerService: updateDisplayPowerStateLocked: displayReady=true, groupId=0, policy=BRIGHT, mWakefulness=Awake, mWakeLockSummary=0x0, mUserActivitySummary=0x1, mBootCompleted=true, screenBrightnessOverride=NaN, useAutoBrightness=true, mScreenBrightnessBoostInProgress=false, mIsVrModeEnabled= false, sQuiescent=false
06-25 17:26:22.915 1488 1911 D PowerManagerService: Releasing suspend blocker "PowerManagerService.WakeLocks".
06-25 17:26:22.916 1488 1911 D PowerManagerService: acquireWakeLockInternal: lock=197514241, flags=0x1, tag="SyncLoopWakeLock", ws=null, uid=1000, pid=1488
06-25 17:26:22.916 1488 1911 D PowerManagerService: updateWakeLockSummaryLocked: mWakefulness=Awake, mWakeLockSummary=0x1
06-25 17:26:22.916 1488 1911 D PowerManagerService: updateUserActivitySummaryLocked: groupId=0, mWakefulness=Awake, mUserActivitySummary=0x1, nextTimeout=770830 (in 178836 ms)
06-25 17:26:22.916 1488 1911 D PowerManagerNotifier: onScreenPolicyUpdate: newPolicy=3
06-25 17:26:22.916 1488 1911 D PowerManagerService: updateDisplayPowerStateLocked: displayReady=true, groupId=0, policy=BRIGHT, mWakefulness=Awake, mWakeLockSummary=0x1, mUserActivitySummary=0x1, mBootCompleted=true, screenBrightnessOverride=NaN, useAutoBrightness=true, mScreenBrightnessBoostInProgress=false, mIsVrModeEnabled= false, sQuiescent=false
06-25 17:26:22.916 1488 1911 D PowerManagerService: Acquiring suspend blocker "PowerManagerService.WakeLocks".
06-25 17:26:22.916 1488 1911 D PowerManagerNotifier: onWakeLockAcquired: flags=1, tag="SyncLoopWakeLock", packageName=android, ownerUid=1000, ownerPid=1488, workSource=null
06-25 17:26:22.917 1488 1911 D PowerManagerService: releaseWakeLockInternal: lock=197514241 [SyncLoopWakeLock], flags=0x0
06-25 17:26:22.917 1488 1911 D PowerManagerNotifier: onWakeLockReleased: flags=1, tag="SyncLoopWakeLock", packageName=android, ownerUid=1000, ownerPid=1488, workSource=null
06-25 17:26:22.917 1488 1911 D PowerManagerService: updateWakeLockSummaryLocked: mWakefulness=Awake, mWakeLockSummary=0x0
06-25 17:26:22.917 1488 1911 D PowerManagerService: updateUserActivitySummaryLocked: groupId=0, mWakefulness=Awake, mUserActivitySummary=0x1, nextTimeout=770830 (in 178834 ms)
06-25 17:26:22.917 1488 1911 D PowerManagerNotifier: onScreenPolicyUpdate: newPolicy=3
06-25 17:26:22.917 1488 1911 D PowerManagerService: updateDisplayPowerStateLocked: displayReady=true, groupId=0, policy=BRIGHT, mWakefulness=Awake, mWakeLockSummary=0x0, mUserActivitySummary=0x1, mBootCompleted=true, screenBrightnessOverride=NaN, useAutoBrightness=true, mScreenBrightnessBoostInProgress=false, mIsVrModeEnabled= false, sQuiescent=false
06-25 17:26:22.917 1488 1911 D PowerManagerService: Releasing suspend blocker "PowerManagerService.WakeLocks".
06-25 17:26:24.900 1488 1601 I commit_sys_config_file: [jobs,3]
06-25 17:26:26.620 0 0 E [ 595.688743] [MAX975X: max96755x_vc1_lcd_dtc_check] *ERROR* DTC_Display: screen not ready(0), bl_sta(1), lvl(20)
06-25 17:26:30.002 2153 5600 W ContextImpl: Calling a method in the system process without a qualified user: android.app.ContextImpl.sendBroadcast:1173 android.content.ContextWrapper.sendBroadcast:479 com.thundercomm.microsettings.action.SetTimeAction.timeUpdated:191 com.thundercomm.microsettings.action.SetTimeAction.update24HourFormat:173 com.thundercomm.microsettings.action.SetTimeAction.doActualAction:133
06-25 17:26:30.005 1488 1488 D DevicePolicyManager: updateSystemUpdateFreezePeriodsRecord
06-25 17:26:30.005 1488 1488 D ConditionProviders.SCP: onReceive android.intent.action.TIME_SET
06-25 17:26:30.006 1488 1488 D ConditionProviders.SCP: evaluateSubscriptionLocked cal=ScheduleCalendar[mDays={1, 2, 3, 4, 5, 6, 7}, mSchedule=ScheduleInfo{days=[1, 2, 3, 4, 5, 6, 7], startHour=22, startMinute=0, endHour=7, endMinute=0, exitAtAlarm=true, nextAlarm=Thu Jan 01 08:00:00 GMT+08:00 1970 (0)}], now=Sun Jun 25 17:26:30 GMT+08:00 2023 (1687685190005), nextUserAlarmTime=Thu Jan 01 08:00:00 GMT+08:00 1970 (0)
06-25 17:26:30.006 1488 1488 D ConditionProviders.SCP: notifyCondition condition://android/schedule?days=1.2.3.4.5.6.7&start=22.0&end=7.0&exitAtAlarm=true STATE_FALSE reason=!meetsSchedule
06-25 17:26:30.006 1488 1617 I am_uid_running: 10054
06-25 17:26:30.006 1488 1488 D ConditionProviders.SCP: Scheduling evaluate for Sun Jun 25 22:00:00 GMT+08:00 2023 (1687701600000), in +4h33m29s995ms, now=Sun Jun 25 17:26:30 GMT+08:00 2023 (1687685190005)
06-25 17:26:30.006 1488 1617 D CompatibilityChangeReporter: Compat change id reported: 135634846; UID 10054; state: DISABLED
06-25 17:26:30.006 1488 1617 D CompatibilityChangeReporter: Compat change id reported: 177438394; UID 10054; state: DISABLED
06-25 17:26:30.006 1488 1617 D CompatibilityChangeReporter: Compat change id reported: 135772972; UID 10054; state: DISABLED
06-25 17:26:30.007 1488 1617 D CompatibilityChangeReporter: Compat change id reported: 135754954; UID 10054; state: ENABLED
06-25 17:26:30.007 1488 1618 D CompatibilityChangeReporter: Compat change id reported: 143937733; UID 10054; state: ENABLED
06-25 17:26:30.008 1488 1798 I am_uid_active: 10032
06-25 17:26:30.014 1488 1618 I am_proc_start: [0,7926,10054,com.qualcomm.timeservice,broadcast,{com.qualcomm.timeservice/com.qualcomm.timeservice.TimeServiceBroadcastReceiver}]
06-25 17:26:30.014 1488 1618 I ActivityManager: Start proc 7926:com.qualcomm.timeservice/u0a54 for broadcast {com.qualcomm.timeservice/com.qualcomm.timeservice.TimeServiceBroadcastReceiver}
06-25 17:26:30.028 1488 3105 I am_proc_bound: [0,7926,com.qualcomm.timeservice]
06-25 17:26:30.029 0 0 I [ 599.128844] binder: 7926:7926 ioctl 40046210 7fe2b8b774 returned -22
06-25 17:26:30.055 1488 2089 D PowerManagerService: acquireWakeLockInternal: lock=60067790, flags=0x1, tag="TimeService", ws=null, uid=10054, pid=7926
06-25 17:26:30.055 1488 2089 D PowerManagerService: updateWakeLockSummaryLocked: mWakefulness=Awake, mWakeLockSummary=0x1
06-25 17:26:30.055 1488 2089 D PowerManagerService: updateUserActivitySummaryLocked: groupId=0, mWakefulness=Awake, mUserActivitySummary=0x1, nextTimeout=770830 (in 171672 ms)
06-25 17:26:30.055 1488 2089 D PowerManagerNotifier: onScreenPolicyUpdate: newPolicy=3
06-25 17:26:30.055 1488 2089 D PowerManagerService: updateDisplayPowerStateLocked: displayReady=true, groupId=0, policy=BRIGHT, mWakefulness=Awake, mWakeLockSummary=0x1, mUserActivitySummary=0x1, mBootCompleted=true, screenBrightnessOverride=NaN, useAutoBrightness=true, mScreenBrightnessBoostInProgress=false, mIsVrModeEnabled= false, sQuiescent=false
06-25 17:26:30.055 1488 2089 D PowerManagerService: Acquiring suspend blocker "PowerManagerService.WakeLocks".
06-25 17:26:30.055 1488 2089 D PowerManagerNotifier: onWakeLockAcquired: flags=1, tag="TimeService", packageName=com.qualcomm.timeservice, ownerUid=10054, ownerPid=7926, workSource=null
06-25 17:26:30.060 1488 2089 D PowerManagerService: releaseWakeLockInternal: lock=60067790 [TimeService], flags=0x0
06-25 17:26:30.060 1488 2089 D PowerManagerNotifier: onWakeLockReleased: flags=1, tag="TimeService", packageName=com.qualcomm.timeservice, ownerUid=10054, ownerPid=7926, workSource=null
06-25 17:26:30.060 1488 2089 D PowerManagerService: updateWakeLockSummaryLocked: mWakefulness=Awake, mWakeLockSummary=0x0
06-25 17:26:30.060 1488 2089 D PowerManagerService: updateUserActivitySummaryLocked: groupId=0, mWakefulness=Awake, mUserActivitySummary=0x1, nextTimeout=770830 (in 171667 ms)
06-25 17:26:30.060 1488 2089 D PowerManagerNotifier: onScreenPolicyUpdate: newPolicy=3
06-25 17:26:30.060 1488 2089 D PowerManagerService: updateDisplayPowerStateLocked: displayReady=true, groupId=0, policy=BRIGHT, mWakefulness=Awake, mWakeLockSummary=0x0, mUserActivitySummary=0x1, mBootCompleted=true, screenBrightnessOverride=NaN, useAutoBrightness=true, mScreenBrightnessBoostInProgress=false, mIsVrModeEnabled= false, sQuiescent=false
06-25 17:26:30.060 1488 2089 D PowerManagerService: Releasing suspend blocker "PowerManagerService.WakeLocks".
06-25 17:26:30.061 1488 2089 D CompatibilityChangeReporter: Compat change id reported: 135634846; UID 10117; state: DISABLED
06-25 17:26:30.061 1488 2089 D CompatibilityChangeReporter: Compat change id reported: 177438394; UID 10117; state: DISABLED
06-25 17:26:30.061 1488 2089 D CompatibilityChangeReporter: Compat change id reported: 135772972; UID 10117; state: DISABLED
06-25 17:26:30.061 1488 2089 D CompatibilityChangeReporter: Compat change id reported: 135754954; UID 10117; state: DISABLED
06-25 17:26:30.061 1488 1618 D CompatibilityChangeReporter: Compat change id reported: 143937733; UID 10117; state: DISABLED
06-25 17:26:30.061 1488 2089 I ActivityManager: Killing 7790:com.tencent.mobileqq/u0a117 (adj 905): empty #2
06-25 17:26:30.061 1488 2089 I am_kill : [0,7790,com.tencent.mobileqq,905,empty #2]
06-25 17:26:30.066 1488 1618 I am_proc_start: [0,7944,10117,com.tencent.mobileqq:MSF,broadcast,{com.tencent.mobileqq/com.tencent.mobileqq.msf.core.NetConnInfoCenter}]
06-25 17:26:30.066 1488 1618 I ActivityManager: Start proc 7944:com.tencent.mobileqq:MSF/u0a117 for broadcast {com.tencent.mobileqq/com.tencent.mobileqq.msf.core.NetConnInfoCenter}
06-25 17:26:30.081 0 0 I [ 599.182346] binder: 7944:7944 ioctl 40046210 7fe2b8b774 returned -22
06-25 17:26:30.081 1488 2089 I am_proc_bound: [0,7944,com.tencent.mobileqq:MSF]
06-25 17:26:30.095 1488 2089 I am_proc_died: [0,7790,com.tencent.mobileqq,905,19]
06-25 17:26:30.235 1488 2089 D CompatibilityChangeReporter: Compat change id reported: 135634846; UID 10117; state: DISABLED
06-25 17:26:30.235 1488 2089 D CompatibilityChangeReporter: Compat change id reported: 177438394; UID 10117; state: DISABLED
06-25 17:26:30.235 1488 2089 D CompatibilityChangeReporter: Compat change id reported: 135772972; UID 10117; state: DISABLED
06-25 17:26:30.235 1488 2089 D CompatibilityChangeReporter: Compat change id reported: 135754954; UID 10117; state: DISABLED
06-25 17:26:30.235 1488 1618 D CompatibilityChangeReporter: Compat change id reported: 143937733; UID 10117; state: DISABLED
06-25 17:26:30.241 1488 1618 I am_proc_start: [0,7963,10117,com.tencent.mobileqq,content provider,{com.tencent.mobileqq/com.tencent.mqq.shared_file_accessor.ContentProviderImpl}]
06-25 17:26:30.241 1488 1618 I ActivityManager: Start proc 7963:com.tencent.mobileqq/u0a117 for content provider {com.tencent.mobileqq/com.tencent.mqq.shared_file_accessor.ContentProviderImpl}
06-25 17:26:30.257 0 0 I [ 599.357950] binder: 7963:7963 ioctl 40046210 7fe2b8b774 returned -22
06-25 17:26:30.258 1488 2089 I am_proc_bound: [0,7963,com.tencent.mobileqq] --------- beginning of main
06-25 17:26:30.470 7963 7963 D PandoraEx.Utils: convertAndUpdateConfig: Config{module[clipboard], systemApi[CM#HAS_PRI_CLIP], rules[{normal=Rule{scene[normal], strategy[normal], highFreq[null], cacheTime[0], silenceTime[0], reportRate[0], legalPage[[]], illegalPage[[]]}, before=Rule{scene[before], strategy[ban], highFreq[null], cacheTime[0], silenceTime[0], reportRate[0], legalPage[[]], illegalPage[[]]}, back=Rule{scene[back], strategy[cache_only], highFreq[null], cacheTime[0], silenceTime[0], reportRate[0], legalPage[[]], illegalPage[[]]}}], specialPage[null], isBanAccess[false], isBanBackgroundAccess[false], isReportRealTime[false], reportSampleRate[5000000], configHighFrequency[null}
06-25 17:26:30.470 7963 7963 D PandoraEx.Utils: convertAndUpdateConfig: Config{module[sensor], systemApi[null], rules[{normal=Rule{scene[normal], strategy[normal], highFreq[null], cacheTime[0], silenceTime[0], reportRate[0], legalPage[[]], illegalPage[[]]}, before=Rule{scene[before], strategy[ban], highFreq[null], cacheTime[0], silenceTime[0], reportRate[0], legalPage[[]], illegalPage[[]]}, back=Rule{scene[back], strategy[normal], highFreq[null], cacheTime[0], silenceTime[0], reportRate[0], legalPage[[]], illegalPage[[]]}}], specialPage[null], isBanAccess[false], isBanBackgroundAccess[false], isReportRealTime[false], reportSampleRate[100000], configHighFrequency[null}
06-25 17:26:30.471 7963 7963 D PandoraEx.Utils: convertAndUpdateConfig: Config{module[mediaFile], systemApi[null], rules[{normal=Rule{scene[normal], strategy[normal], highFreq[null], cacheTime[0], silenceTime[0], reportRate[0], legalPage[[]], illegalPage[[]]}, before=Rule{scene[before], strategy[ban], highFreq[null], cacheTime[0], silenceTime[0], reportRate[0], legalPage[[]], illegalPage[[]]}, back=Rule{scene[back], strategy[normal], highFreq[null], cacheTime[0], silenceTime[0], reportRate[0], legalPage[[]], illegalPage[[]]}}], specialPage[null], isBanAccess[false], isBanBackgroundAccess[false], isReportRealTime[false], reportSampleRate[100000], configHighFrequency[null}
06-25 17:26:30.471 7963 7963 D PandoraEx.Utils: convertAndUpdateConfig: Config{module[network], systemApi[WI#G_MA_ADDR], rules[{normal=Rule{scene[normal], strategy[storage], highFreq[null], cacheTime[0], silenceTime[0], reportRate[0], legalPage[[]], illegalPage[[]]}, before=Rule{scene[before], strategy[ban], highFreq[null], cacheTime[0], silenceTime[0], reportRate[0], legalPage[[]], illegalPage[[]]}, back=Rule{scene[back], strategy[cache_only], highFreq[null], cacheTime[0], silenceTime[0], reportRate[0], legalPage[[]], illegalPage[[]]}}], specialPage[null], isBanAccess[false], isBanBackgroundAccess[false], isReportRealTime[false], reportSampleRate[20000], configHighFrequency[null}
06-25 17:26:30.471 7963 7963 D PandoraEx.Utils: convertAndUpdateConfig: Config{module[network], systemApi[NI#G_HW_ADDR], rules[{normal=Rule{scene[normal], strategy[storage], highFreq[null], cacheTime[0], silenceTime[0], reportRate[0], legalPage[[]], illegalPage[[]]}, before=Rule{scene[before], strategy[ban], highFreq[null], cacheTime[0], silenceTime[0], reportRate[0], legalPage[[]], illegalPage[[]]}, back=Rule{scene[back], strategy[cache_only], highFreq[null], cacheTime[0], silenceTime[0], reportRate[0], legalPage[[]], illegalPage[[]]}}], specialPage[null], isBanAccess[false], isBanBackgroundAccess[false], isReportRealTime[false], reportSampleRate[20000], configHighFrequency[null}
06-25 17:26:30.472 7963 7963 D PandoraEx.Utils: convertAndUpdateConfig: Config{module[network], systemApi[SE#G_AID], rules[{normal=Rule{scene[normal], strategy[storage], highFreq[null], cacheTime[0], silenceTime[0], reportRate[0], legalPage[[]], illegalPage[[]]}, before=Rule{scene[before], strategy[ban], highFreq[null], cacheTime[0], silenceTime[0], reportRate[0], legalPage[[]], illegalPage[[]]}, back=Rule{scene[back], strategy[cache_only], highFreq[null], cacheTime[0], silenceTime[0], reportRate[0], legalPage[[]], illegalPage[[]]}}], specialPage[null], isBanAccess[false], isBanBackgroundAccess[false], isReportRealTime[false], reportSampleRate[500000], configHighFrequency[null}
06-25 17:26:30.472 7963 7963 D PandoraEx.Utils: convertAndUpdateConfig: Config{module[appinfo], systemApi[null], rules[{normal=Rule{scene[normal], strategy[normal], highFreq[null], cacheTime[0], silenceTime[0], reportRate[0], legalPage[[]], illegalPage[[]]}, before=Rule{scene[before], strategy[ban], highFreq[null], cacheTime[0], silenceTime[0], reportRate[0], legalPage[[]], illegalPage[[]]}, back=Rule{scene[back], strategy[normal], highFreq[null], cacheTime[0], silenceTime[0], reportRate[0], legalPage[[]], illegalPage[[]]}}], specialPage[null], isBanAccess[false], isBanBackgroundAccess[false], isReportRealTime[false], reportSampleRate[10000], configHighFrequency[null}
06-25 17:26:30.472 7963 7963 D PandoraEx.Utils: convertAndUpdateConfig: Config{module[device], systemApi[TM#G_LI_NUM], rules[{normal=Rule{scene[normal], strategy[ban], highFreq[null], cacheTime[0], silenceTime[0], reportRate[0], legalPage[[]], illegalPage[[]]}, before=Rule{scene[before], strategy[ban], highFreq[null], cacheTime[0], silenceTime[0], reportRate[0], legalPage[[]], illegalPage[[]]}, back=Rule{scene[back], strategy[ban], highFreq[null], cacheTime[0], silenceTime[0], reportRate[0], legalPage[[]], illegalPage[[]]}}], specialPage[null], isBanAccess[false], isBanBackgroundAccess[false], isReportRealTime[false], reportSampleRate[100000], configHighFrequency[null}
06-25 17:26:30.473 7963 7963 D PandoraEx.Utils: convertAndUpdateConfig: Config{module[device], systemApi[TM#G_SIM_SE_NUM], rules[{normal=Rule{scene[normal], strategy[ban], highFreq[null], cacheTime[0], silenceTime[0], reportRate[0], legalPage[[]], illegalPage[[]]}, before=Rule{scene[before], strategy[ban], highFreq[null], cacheTime[0], silenceTime[0], reportRate[0], legalPage[[]], illegalPage[[]]}, back=Rule{scene[back], strategy[ban], highFreq[null], cacheTime[0], silenceTime[0], reportRate[0], legalPage[[]], illegalPage[[]]}}], specialPage[null], isBanAccess[false], isBanBackgroundAccess[false], isReportRealTime[false], reportSampleRate[100000], configHighFrequency[null}
06-25 17:26:30.473 7963 7963 D PandoraEx.Utils: convertAndUpdateConfig: Config{module[device], systemApi[TM#G_UICC_INFO], rules[{normal=Rule{scene[normal], strategy[ban], highFreq[null], cacheTime[0], silenceTime[0], reportRate[0], legalPage[[]], illegalPage[[]]}, before=Rule{scene[before], strategy[ban], highFreq[null], cacheTime[0], silenceTime[0], reportRate[0], legalPage[[]], illegalPage[[]]}, back=Rule{scene[back], strategy[ban], highFreq[null], cacheTime[0], silenceTime[0], reportRate[0], legalPage[[]], illegalPage[[]]}}], specialPage[null], isBanAccess[false], isBanBackgroundAccess[false], isReportRealTime[false], reportSampleRate[100000], configHighFrequency[null}
06-25 17:26:30.473 7963 7963 D PandoraEx.Utils: convertAndUpdateConfig: Config{module[device], systemApi[TM#G_IM], rules[{normal=Rule{scene[normal], strategy[ban], highFreq[null], cacheTime[0], silenceTime[0], reportRate[0], legalPage[[]], illegalPage[[]]}, before=Rule{scene[before], strategy[ban], highFreq[null], cacheTime[0], silenceTime[0], reportRate[0], legalPage[[]], illegalPage[[]]}, back=Rule{scene[back], strategy[ban], highFreq[null], cacheTime[0], silenceTime[0], reportRate[0], legalPage[[]], illegalPage[[]]}}], specialPage[null], isBanAccess[false], isBanBackgroundAccess[false], isReportRealTime[false], reportSampleRate[1000000], configHighFrequency[null}
06-25 17:26:30.474 7963 7963 D PandoraEx.Utils: convertAndUpdateConfig: Config{module[device], systemApi[TM#G_IM#I], rules[{normal=Rule{scene[normal], strategy[ban], highFreq[null], cacheTime[0], silenceTime[0], reportRate[0], legalPage[[]], illegalPage[[]]}, before=Rule{scene[before], strategy[ban], highFreq[null], cacheTime[0], silenceTime[0], reportRate[0], legalPage[[]], illegalPage[[]]}, back=Rule{scene[back], strategy[ban], highFreq[null], cacheTime[0], silenceTime[0], reportRate[0], legalPage[[]], illegalPage[[]]}}], specialPage[null], isBanAccess[false], isBanBackgroundAccess[false], isReportRealTime[false], reportSampleRate[1000000], configHighFrequency[null}
06-25 17:26:30.474 7963 7963 D PandoraEx.Utils: convertAndUpdateConfig: Config{module[device], systemApi[TM#G_DID], rules[{normal=Rule{scene[normal], strategy[ban], highFreq[null], cacheTime[0], silenceTime[0], reportRate[0], legalPage[[]], illegalPage[[]]}, before=Rule{scene[before], strategy[ban], highFreq[null], cacheTime[0], silenceTime[0], reportRate[0], legalPage[[]], illegalPage[[]]}, back=Rule{scene[back], strategy[ban], highFreq[null], cacheTime[0], silenceTime[0], reportRate[0], legalPage[[]], illegalPage[[]]}}], specialPage[null], isBanAccess[false], isBanBackgroundAccess[false], isReportRealTime[false], reportSampleRate[1000000], configHighFrequency[null}
06-25 17:26:30.474 7963 7963 D PandoraEx.Utils: convertAndUpdateConfig: Config{module[device], systemApi[TM#G_DID#I], rules[{normal=Rule{scene[normal], strategy[ban], highFreq[null], cacheTime[0], silenceTime[0], reportRate[0], legalPage[[]], illegalPage[[]]}, before=Rule{scene[before], strategy[ban], highFreq[null], cacheTime[0], silenceTime[0], reportRate[0], legalPage[[]], illegalPage[[]]}, back=Rule{scene[back], strategy[ban], highFreq[null], cacheTime[0], silenceTime[0], reportRate[0], legalPage[[]], illegalPage[[]]}}], specialPage[null], isBanAccess[false], isBanBackgroundAccess[false], isReportRealTime[false], reportSampleRate[1000000], configHighFrequency[null}
06-25 17:26:30.474 7963 7963 D PandoraEx.Utils: convertAndUpdateConfig: Config{module[device], systemApi[TM#G_SID], rules[{normal=Rule{scene[normal], strategy[ban], highFreq[null], cacheTime[0], silenceTime[0], reportRate[0], legalPage[[]], illegalPage[[]]}, before=Rule{scene[before], strategy[ban], highFreq[null], cacheTime[0], silenceTime[0], reportRate[0], legalPage[[]], illegalPage[[]]}, back=Rule{scene[back], strategy[ban], highFreq[null], cacheTime[0], silenceTime[0], reportRate[0], legalPage[[]], illegalPage[[]]}}], specialPage[null], isBanAccess[false], isBanBackgroundAccess[false], isReportRealTime[false], reportSampleRate[200000], configHighFrequency[null}
06-25 17:26:30.474 7963 7963 D PandoraEx.Utils: convertAndUpdateConfig: Config{module[device], systemApi[TM#G_MID], rules[{normal=Rule{scene[normal], strategy[ban], highFreq[null], cacheTime[0], silenceTime[0], reportRate[0], legalPage[[]], illegalPage[[]]}, before=Rule{scene[before], strategy[ban], highFreq[null], cacheTime[0], silenceTime[0], reportRate[0], legalPage[[]], illegalPage[[]]}, back=Rule{scene[back], strategy[ban], highFreq[null], cacheTime[0], silenceTime[0], reportRate[0], legalPage[[]], illegalPage[[]]}}], specialPage[null], isBanAccess[false], isBanBackgroundAccess[false], isReportRealTime[false], reportSampleRate[300000], configHighFrequency[null}
06-25 17:26:30.475 7963 7963 D PandoraEx.Utils: convertAndUpdateConfig: Config{module[device], systemApi[TM#G_MID#I], rules[{normal=Rule{scene[normal], strategy[ban], highFreq[null], cacheTime[0], silenceTime[0], reportRate[0], legalPage[[]], illegalPage[[]]}, before=Rule{scene[before], strategy[ban], highFreq[null], cacheTime[0], silenceTime[0], reportRate[0], legalPage[[]], illegalPage[[]]}, back=Rule{scene[back], strategy[ban], highFreq[null], cacheTime[0], silenceTime[0], reportRate[0], legalPage[[]], illegalPage[[]]}}], specialPage[null], isBanAccess[false], isBanBackgroundAccess[false], isReportRealTime[false], reportSampleRate[300000], configHighFrequency[null}
06-25 17:26:30.475 7963 7963 D PandoraEx.Utils: convertAndUpdateConfig: Config{module[network], systemApi[TM#G_DA_NET_TYPE], rules[{normal=Rule{scene[normal], strategy[ban], highFreq[null], cacheTime[0], silenceTime[0], reportRate[0], legalPage[[]], illegalPage[[]]}, before=Rule{scene[before], strategy[ban], highFreq[null], cacheTime[0], silenceTime[0], reportRate[0], legalPage[[]], illegalPage[[]]}, back=Rule{scene[back], strategy[ban], highFreq[null], cacheTime[0], silenceTime[0], reportRate[0], legalPage[[]], illegalPage[[]]}}], specialPage[null], isBanAccess[false], isBanBackgroundAccess[false], isReportRealTime[false], reportSampleRate[300000], configHighFrequency[null}
06-25 17:26:30.475 7963 7963 D PandoraEx.Utils: convertAndUpdateConfig: Config{module[device], systemApi[BU#MODEL], rules[{normal=Rule{scene[normal], strategy[storage], highFreq[null], cacheTime[86400000], silenceTime[0], reportRate[0], legalPage[[]], illegalPage[[]]}, before=Rule{scene[before], strategy[ban], highFreq[null], cacheTime[0], silenceTime[0], reportRate[0], legalPage[[]], illegalPage[[]]}, back=Rule{scene[back], strategy[cache_only], highFreq[null], cacheTime[0], silenceTime[0], reportRate[0], legalPage[[]], illegalPage[[]]}}], specialPage[null], isBanAccess[false], isBanBackgroundAccess[false], isReportRealTime[false], reportSampleRate[20000000], configHighFrequency[null}
06-25 17:26:30.475 7963 7963 D PrivacyProtectionManager: getConfigFormMmkv begin
06-25 17:26:30.476 7963 7963 D PrivacyMonitorConfigProcessor: [config] getConfigFormMMKV: PrivacyMonitorConfigBean{ configList = [] isUseOldConfig = true}
06-25 17:26:30.477 7963 7963 W SingletonPool: create com.tencent.mobileqq.unitedconfig_android.api.impl.UnitedConfigManagerImpl
06-25 17:26:30.482 7963 7963 D SoLoadCore: loadSo begin, libName[c++_shared]
06-25 17:26:30.483 7963 7963 D SoLoadCore: initAssestCrcConfigs success
06-25 17:26:30.483 7963 7963 D SoLoadCore: getRightcrcWhenLoadSo libc++_shared.so: 3686037175
06-25 17:26:30.486 7963 7963 D SoLoadCore: System.loadLibrary, lib = c++_shared suc
06-25 17:26:30.486 7963 7963 D SoLoadUtilNew: loadSoByName[c++_shared], loadRes[true], resultCode[15728640]
06-25 17:26:30.486 7963 7963 D SoLoadCore: loadSo begin, libName[unitedconfig]
06-25 17:26:30.487 7963 7963 W SoLoadCore: assestCrcConfigs already exists
06-25 17:26:30.487 7963 7963 D SoLoadCore: getRightcrcWhenLoadSo libunitedconfig.so: 3033483621
06-25 17:26:30.493 7963 7963 D SoLoadCore: System.loadLibrary, lib = unitedconfig suc
06-25 17:26:30.493 7963 7963 D SoLoadUtilNew: loadSoByName[unitedconfig], loadRes[true], resultCode[15728640]
06-25 17:26:30.494 7963 7963 I QMMKVHandler: open fd[0x4a], /data/user/0/com.tencent.mobileqq/files/mmkv/united_config_mmkv
06-25 17:26:30.494 7963 7963 I QMMKVHandler: open fd[0x4b], /data/user/0/com.tencent.mobileqq/files/mmkv/united_config_mmkv.crc
06-25 17:26:30.494 7963 7963 I QMMKVHandler: loading [united_config_mmkv] with 0 actual size, file size 4096, InterProcess 1, meta info version:1
06-25 17:26:30.494 7963 7963 I QMMKVHandler: loaded [united_config_mmkv] with 0 key-values
06-25 17:26:30.497 7963 7963 I MMKV : Disable checkProcessMode()
06-25 17:26:30.498 7963 7963 I QMMKVHandler: root dir: /data/user/0/com.tencent.mobileqq/files/mmkv unordered_map size: 3, load factor: 0.005964, bucket count: 503
06-25 17:26:30.498 7963 7963 D PandoraEx.MMKVStrategy: initMMKV at: /data/user/0/com.tencent.mobileqq/files/mmkv
06-25 17:26:30.498 7963 7963 I QMMKVHandler: open fd[0x4c], /data/user/0/com.tencent.mobileqq/files/mmkv/Pandora
06-25 17:26:30.498 7963 7963 I QMMKVHandler: open fd[0x4d], /data/user/0/com.tencent.mobileqq/files/mmkv/Pandora.crc
06-25 17:26:30.499 7963 7963 I QMMKVHandler: loading [Pandora] with 2185 actual size, file size 4096, InterProcess 1, meta info version:3
06-25 17:26:30.499 7963 7963 I QMMKVHandler: loading [Pandora] with crc 522107051 sequence 133 version 3
06-25 17:26:30.499 7963 7963 I QMMKVHandler: loaded [Pandora] with 16 key-values
06-25 17:26:30.503 7963 7963 W SingletonPool: create com.tencent.mobileqq.unitedconfig_android.api.impl.UnitedConfigManagerImpl cost:26
06-25 17:26:30.504 7963 7963 D MsfSdkUtils: load accountList 0 from backFile
06-25 17:26:30.504 7963 7963 W UnitedConfigManager: can not get uin, use default
06-25 17:26:30.506 1488 2089 D ConnectivityService: requestNetwork for uid/pid:10117/7963 activeRequest: null callbackRequest: 83 [NetworkRequest [ REQUEST id=84, [ Capabilities: INTERNET&NOT_RESTRICTED&TRUSTED&NOT_VCN_MANAGED Uid: 10117 RequestorUid: 10117 RequestorPkg: com.tencent.mobileqq] ]] callback flags: 0 priority: 2147483647
06-25 17:26:30.507 7963 7963 D PandoraEx.NetworkUtil: requestNetworkCallback success
06-25 17:26:30.507 7963 7963 D PrivacyProtectionManager: setNetWorkListener isSucceed :true
06-25 17:26:30.507 1488 1788 D ConnectivityService: NetReassign [84 : null → 101]
06-25 17:26:30.508 7963 7963 D PandoraEx.Utils: convertAndUpdateConfig: Config{module[network], systemApi[WI#G_BSSID], rules[{normal=Rule{scene[normal], strategy[storage], highFreq[null], cacheTime[0], silenceTime[0], reportRate[0], legalPage[[]], illegalPage[[]]}, before=Rule{scene[before], strategy[ban], highFreq[null], cacheTime[0], silenceTime[0], reportRate[0], legalPage[[]], illegalPage[[]]}, back=Rule{scene[back], strategy[cache_only], highFreq[null], cacheTime[0], silenceTime[0], reportRate[0], legalPage[[]], illegalPage[[]]}}], specialPage[null], isBanAccess[false], isBanBackgroundAccess[false], isReportRealTime[false], reportSampleRate[100000], configHighFrequency[null}
06-25 17:26:30.508 7963 7963 D PandoraEx.Utils: convertAndUpdateConfig: Config{module[network], systemApi[WI#G_SSID], rules[{normal=Rule{scene[normal], strategy[storage], highFreq[null], cacheTime[0], silenceTime[0], reportRate[0], legalPage[[]], illegalPage[[]]}, before=Rule{scene[before], strategy[ban], highFreq[null], cacheTime[0], silenceTime[0], reportRate[0], legalPage[[]], illegalPage[[]]}, back=Rule{scene[back], strategy[cache_only], highFreq[null], cacheTime[0], silenceTime[0], reportRate[0], legalPage[[]], illegalPage[[]]}}], specialPage[null], isBanAccess[false], isBanBackgroundAccess[false], isReportRealTime[false], reportSampleRate[100000], configHighFrequency[null}
06-25 17:26:30.508 7963 7963 D PandoraEx.Utils: convertAndUpdateConfig: Config{module[location], systemApi[WM#G_CON_INFO], rules[{normal=Rule{scene[normal], strategy[storage], highFreq[null], cacheTime[0], silenceTime[0], reportRate[0], legalPage[[]], illegalPage[[]]}, before=Rule{scene[before], strategy[ban], highFreq[null], cacheTime[0], silenceTime[0], reportRate[0], legalPage[[]], illegalPage[[]]}, back=Rule{scene[back], strategy[cache_only], highFreq[null], cacheTime[0], silenceTime[0], reportRate[0], legalPage[[]], illegalPage[[]]}}], specialPage[null], isBanAccess[false], isBanBackgroundAccess[false], isReportRealTime[false], reportSampleRate[300000], configHighFrequency[null}
06-25 17:26:30.508 1488 1896 D Ethernet: got request NetworkRequest [ REQUEST id=84, [ Capabilities: INTERNET&NOT_RESTRICTED&TRUSTED&NOT_VCN_MANAGED Uid: 10117 RequestorUid: 10117 RequestorPkg: com.tencent.mobileqq] ]
06-25 17:26:30.508 1488 1896 D EthernetNetworkFactory: acceptRequest, request: NetworkRequest [ REQUEST id=84, [ Capabilities: INTERNET&NOT_RESTRICTED&TRUSTED&NOT_VCN_MANAGED Uid: 10117 RequestorUid: 10117 RequestorPkg: com.tencent.mobileqq] ]
06-25 17:26:30.509 7963 7963 D PandoraEx.Utils: convertAndUpdateConfig: Config{module[network], systemApi[NI#GET_EXT_INFO], rules[{normal=Rule{scene[normal], strategy[storage], highFreq[null], cacheTime[0], silenceTime[0], reportRate[0], legalPage[[]], illegalPage[[]]}, before=Rule{scene[before], strategy[ban], highFreq[null], cacheTime[0], silenceTime[0], reportRate[0], legalPage[[]], illegalPage[[]]}, back=Rule{scene[back], strategy[cache_only], highFreq[null], cacheTime[0], silenceTime[0], reportRate[0], legalPage[[]], illegalPage[[]]}}], specialPage[null], isBanAccess[false], isBanBackgroundAccess[false], isReportRealTime[false], reportSampleRate[100000], configHighFrequency[null}
06-25 17:26:30.509 1488 1896 I EthernetNetworkFactory: networkForRequest, request: NetworkRequest [ REQUEST id=84, [ Capabilities: INTERNET&NOT_RESTRICTED&TRUSTED&NOT_VCN_MANAGED Uid: 10117 RequestorUid: 10117 RequestorPkg: com.tencent.mobileqq] ], network: NetworkInterfaceState{ refCount: 1, iface: eth0, up: true, hwAddress: 36:7c:7c:00:00:0f, networkCapabilities: [ Transports: ETHERNET Capabilities: INTERNET&NOT_RESTRICTED&TRUSTED&NOT_VPN&NOT_ROAMING&NOT_CONGESTED&NOT_SUSPENDED&NOT_VCN_MANAGED LinkUpBandwidth>=100000Kbps LinkDnBandwidth>=100000Kbps], networkAgent: com.android.server.ethernet.EthernetNetworkFactory$NetworkInterfaceState$1@1562fa3, score: 70, ipClient: android.net.ip.IIpClient$Stub$Proxy@f4822a0,linkProperties: {InterfaceName: eth0 LinkAddresses: [ fe80::90b3:387:dbbc:7225/64,192.168.50.16/24 ] DnsAddresses: [ /101.226.4.6 ] Domains: null MTU: 0 TcpBufferSizes: 524288,1048576,3145728,524288,1048576,2097152 Routes: [ fe80::/64 -> :: eth0 mtu 0,192.168.50.0/24 -> 0.0.0.0 eth0 mtu 0,0.0.0.0/0 -> 192.168.50.4 eth0 mtu 0 ]}}
06-25 17:26:30.509 1488 1896 I EthernetNetworkFactory: networkForRequest, request: NetworkRequest [ REQUEST id=84, [ Capabilities: INTERNET&NOT_RESTRICTED&TRUSTED&NOT_VCN_MANAGED Uid: 10117 RequestorUid: 10117 RequestorPkg: com.tencent.mobileqq] ], network: NetworkInterfaceState{ refCount: 1, iface: eth0, up: true, hwAddress: 36:7c:7c:00:00:0f, networkCapabilities: [ Transports: ETHERNET Capabilities: INTERNET&NOT_RESTRICTED&TRUSTED&NOT_VPN&NOT_ROAMING&NOT_CONGESTED&NOT_SUSPENDED&NOT_VCN_MANAGED LinkUpBandwidth>=100000Kbps LinkDnBandwidth>=100000Kbps], networkAgent: com.android.server.ethernet.EthernetNetworkFactory$NetworkInterfaceState$1@1562fa3, score: 70, ipClient: android.net.ip.IIpClient$Stub$Proxy@f4822a0,linkProperties: {InterfaceName: eth0 LinkAddresses: [ fe80::90b3:387:dbbc:7225/64,192.168.50.16/24 ] DnsAddresses: [ /101.226.4.6 ] Domains: null MTU: 0 TcpBufferSizes: 524288,1048576,3145728,524288,1048576,2097152 Routes: [ fe80::/64 -> :: eth0 mtu 0,192.168.50.0/24 -> 0.0.0.0 eth0 mtu 0,0.0.0.0/0 -> 192.168.50.4 eth0 mtu 0 ]}}
06-25 17:26:30.509 1488 1759 D UntrustedWifiNetworkFactory: got request NetworkRequest [ REQUEST id=84, [ Capabilities: INTERNET&NOT_RESTRICTED&TRUSTED&NOT_VCN_MANAGED Uid: 10117 RequestorUid: 10117 RequestorPkg: com.tencent.mobileqq] ]
06-25 17:26:30.509 1488 1759 D OemPaidWifiNetworkFactory: got request NetworkRequest [ REQUEST id=84, [ Capabilities: INTERNET&NOT_RESTRICTED&TRUSTED&NOT_VCN_MANAGED Uid: 10117 RequestorUid: 10117 RequestorPkg: com.tencent.mobileqq] ]
06-25 17:26:30.509 7963 7988 D PandoraEx.NetworkUtil: NetWorkState Change
06-25 17:26:30.509 7963 7988 D PandoraEx.NetworkUtil: NetworkCallback onLinkPropertiesChanged
06-25 17:26:30.510 7963 7963 D PandoraEx.PrivacyPolicyHelper: setPrivacyPolicyStatus, state=1
06-25 17:26:30.510 7963 7963 D PrivacyProtectionManager: com.tencent.mobileqq init privacy_protection successful
06-25 17:26:30.511 7963 7963 D PrivacyProtectionManager: initPrivacyProtection cost:60
06-25 17:26:30.512 7963 7963 D MsfSdkUtils: load accountList 0 from backFile
06-25 17:26:30.512 7963 7963 W UnitedConfigManager: can not get uin, use default
06-25 17:26:30.514 7963 7963 D DexMonitor: config: DexMonitorConfigBean{isOpenDexMonitor=false, reportSample=200, isNeedTransform=false, TransformList=[]}
