06-25 17:26:53.732 1488 2848 D PowerManagerService: updateUserActivitySummaryLocked: groupId=0, mWakefulness=Awake, mUserActivitySummary=0x1, nextTimeout=1221463 (in 598628 ms)
06-25 17:26:53.732 1488 2848 D PowerManagerNotifier: onScreenPolicyUpdate: newPolicy=3
06-25 17:26:53.732 1488 2848 D PowerManagerService: updateDisplayPowerStateLocked: displayReady=true, groupId=0, policy=BRIGHT, mWakefulness=Awake, mWakeLockSummary=0x1, mUserActivitySummary=0x1, mBootCompleted=true, screenBrightnessOverride=NaN, useAutoBrightness=true, mScreenBrightnessBoostInProgress=false, mIsVrModeEnabled= false, sQuiescent=false
06-25 17:26:53.732 3536 3536 W System.err: at android.view.ViewGroup.addViewInner(ViewGroup.java:5247)
06-25 17:26:53.732 3536 3536 W System.err: at android.view.ViewGroup.addView(ViewGroup.java:5076)
06-25 17:26:53.732 3536 3536 W System.err: at android.view.ViewGroup.addView(ViewGroup.java:5048)
06-25 17:26:53.732 1488 2848 D PowerManagerNotifier: onWakeLockAcquired: flags=1, tag="i", packageName=com.tencent.android.qqdownloader, ownerUid=10111, ownerPid=3440, workSource=null
06-25 17:26:53.732 3536 3536 W System.err: at com.tencent.assistant.component.FlashIconView.enableDisplayFlash(Unknown Source:14)
06-25 17:26:53.732 3536 3536 W System.err: at com.tencent.rapidview.parser.tp.run(Unknown Source:25)
06-25 17:26:53.732 3536 3536 W System.err: at com.tencent.rapidview.parser.RapidParserObject.loadAttribute(Unknown Source:28)
06-25 17:26:53.732 3536 3536 W System.err: at com.tencent.rapidview.parser.RapidParserObject.update(Unknown Source:15)
06-25 17:26:53.732 3536 3536 W System.err: at com.tencent.rapidview.data.c.updateVar(Unknown Source:122)
06-25 17:26:53.732 3536 3536 W System.err: at com.tencent.rapidview.data.c.update(Unknown Source:81)
06-25 17:26:53.732 3536 3536 W System.err: at com.tencent.rapidview.runtime.BasePlaceHolder.loadData(Unknown Source:35)
06-25 17:26:53.732 3536 3536 W System.err: at com.tencent.rapidview.runtime.c.loadData(Unknown Source:2)
06-25 17:26:53.732 3536 3536 W System.err: at com.tencent.rapidview.control.NormalRecyclerViewAdapter.onBindViewHolder(Unknown Source:116)
06-25 17:26:53.732 3536 3536 W System.err: at com.tencent.rapidview.control.NormalRecyclerViewAdapter.onBindViewHolder(Unknown Source:2)
06-25 17:26:53.732 3536 3536 W System.err: at android.support.v7.widget.RecyclerView$Adapter.onBindViewHolder(Unknown Source:0)
06-25 17:26:53.732 3536 3536 W System.err: at android.support.v7.widget.RecyclerView$Adapter.bindViewHolder(Unknown Source:29)
06-25 17:26:53.732 3536 3536 W System.err: at android.support.v7.widget.RecyclerView$Recycler.a(Unknown Source:39)
06-25 17:26:53.732 3536 3536 W System.err: at android.support.v7.widget.RecyclerView$Recycler.a(Unknown Source:507)
06-25 17:26:53.732 3536 3536 W System.err: at android.support.v7.widget.RecyclerView$Recycler.a(Unknown Source:5)
06-25 17:26:53.732 3536 3536 W System.err: at android.support.v7.widget.RecyclerView$Recycler.getViewForPosition(Unknown Source:1)
06-25 17:26:53.732 3536 3536 W System.err: at android.support.v7.widget.LinearLayoutManager$LayoutState.a(Unknown Source:11)
06-25 17:26:53.732 3536 3536 W System.err: at android.support.v7.widget.LinearLayoutManager.a(Unknown Source:0)
06-25 17:26:53.732 3536 3536 W System.err: at android.support.v7.widget.LinearLayoutManager.a(Unknown Source:44)
06-25 17:26:53.732 3536 3536 W System.err: at android.support.v7.widget.LinearLayoutManager.onLayoutChildren(Unknown Source:366)
06-25 17:26:53.732 3536 3536 W System.err: at android.support.v7.widget.RecyclerView.dispatchLayoutStep2(Unknown Source:42)
06-25 17:26:53.732 3536 3536 W System.err: at android.support.v7.widget.RecyclerView.onMeasure(Unknown Source:65)
06-25 17:26:53.732 3536 3536 W System.err: at android.view.View.measure(View.java:25778)
06-25 17:26:53.732 3536 3536 W System.err: at android.widget.RelativeLayout.measureChildHorizontal(RelativeLayout.java:735)
06-25 17:26:53.732 3536 3536 W System.err: at android.widget.RelativeLayout.onMeasure(RelativeLayout.java:481)
06-25 17:26:53.732 3536 3536 W System.err: at android.view.View.measure(View.java:25778)
06-25 17:26:53.732 3536 3536 W System.err: at android.widget.RelativeLayout.measureChildHorizontal(RelativeLayout.java:735)
06-25 17:26:53.732 3536 3536 W System.err: at android.widget.RelativeLayout.onMeasure(RelativeLayout.java:481)
06-25 17:26:53.732 3536 3536 W System.err: at android.view.View.measure(View.java:25778)
06-25 17:26:53.732 3536 3536 W System.err: at android.widget.RelativeLayout.measureChildHorizontal(RelativeLayout.java:735)
06-25 17:26:53.732 3536 3536 W System.err: at android.widget.RelativeLayout.onMeasure(RelativeLayout.java:481)
06-25 17:26:53.732 3536 3536 W System.err: at android.view.View.measure(View.java:25778)
06-25 17:26:53.732 3536 3536 W System.err: at android.support.v7.widget.RecyclerView$LayoutManager.measureChildWithMargins(Unknown Source:98)
06-25 17:26:53.732 3536 3536 W System.err: at android.support.v7.widget.LinearLayoutManager.a(Unknown Source:60)
06-25 17:26:53.732 3536 3536 W System.err: at android.support.v7.widget.LinearLayoutManager.a(Unknown Source:44)
06-25 17:26:53.732 3536 3536 W System.err: at android.support.v7.widget.LinearLayoutManager.onLayoutChildren(Unknown Source:366)
06-25 17:26:53.732 3536 3536 W System.err: at android.support.v7.widget.RecyclerView.dispatchLayoutStep2(Unknown Source:42)
06-25 17:26:53.732 3536 3536 W System.err: at android.support.v7.widget.RecyclerView.dispatchLayout(Unknown Source:30)
06-25 17:26:53.732 3536 3536 W System.err: at android.support.v7.widget.RecyclerView.onLayout(Unknown Source:5)
06-25 17:26:53.732 3536 3536 W System.err: at android.view.View.layout(View.java:23148)
06-25 17:26:53.732 3536 3536 W System.err: at android.view.ViewGroup.layout(ViewGroup.java:6412)
06-25 17:26:53.732 3536 3536 W System.err: at android.widget.FrameLayout.layoutChildren(FrameLayout.java:332)
06-25 17:26:53.732 3536 3536 W System.err: at android.widget.FrameLayout.onLayout(FrameLayout.java:270)
06-25 17:26:53.732 3536 3536 W System.err: at android.view.View.layout(View.java:23148)
06-25 17:26:53.732 3536 3536 W System.err: at android.view.ViewGroup.layout(ViewGroup.java:6412)
06-25 17:26:53.732 3536 3536 W System.err: at android.support.v4.view.ViewPager.onLayout(Unknown Source:260)
06-25 17:26:53.732 3536 3536 W System.err: at android.view.View.layout(View.java:23148)
06-25 17:26:53.732 3536 3536 W System.err: at android.view.ViewGroup.layout(ViewGroup.java:6412)
06-25 17:26:53.732 3536 3536 W System.err: at com.tencent.ptrlayout.SmartRefreshLayout.onLayout(Unknown Source:135)
06-25 17:26:53.732 3536 3536 W System.err: at android.view.View.layout(View.java:23148)
06-25 17:26:53.732 3536 3536 W System.err: at android.view.ViewGroup.layout(ViewGroup.java:6412)
06-25 17:26:53.732 3536 3536 W System.err: at android.widget.RelativeLayout.onLayout(RelativeLayout.java:1103)
06-25 17:26:53.732 3536 3536 W System.err: at android.view.View.layout(View.java:23148)
06-25 17:26:53.732 3536 3536 W System.err: at android.view.ViewGroup.layout(ViewGroup.java:6412)
06-25 17:26:53.732 3536 3536 W System.err: at android.support.v4.view.ViewPager.onLayout(Unknown Source:260)
06-25 17:26:53.732 3536 3536 W System.err: at android.view.View.layout(View.java:23148)
06-25 17:26:53.732 3536 3536 W System.err: at android.view.ViewGroup.layout(ViewGroup.java:6412)
06-25 17:26:53.733 3536 3536 W System.err: at android.widget.RelativeLayout.onLayout(RelativeLayout.java:1103)
06-25 17:26:53.733 3536 3536 W System.err: at android.view.View.layout(View.java:23148)
06-25 17:26:53.733 3536 3536 W System.err: at android.view.ViewGroup.layout(ViewGroup.java:6412)
06-25 17:26:53.733 3536 3536 W System.err: at android.widget.FrameLayout.layoutChildren(FrameLayout.java:332)
06-25 17:26:53.733 3536 3536 W System.err: at android.widget.FrameLayout.onLayout(FrameLayout.java:270)
06-25 17:26:53.733 3536 3536 W System.err: at com.tencent.argussdk.ui.TrackerFrameLayout.onLayout(Unknown Source:14)
06-25 17:26:53.733 3536 3536 W System.err: at android.view.View.layout(View.java:23148)
06-25 17:26:53.733 3536 3536 W System.err: at android.view.ViewGroup.layout(ViewGroup.java:6412)
06-25 17:26:53.733 3536 3536 W System.err: at android.widget.FrameLayout.layoutChildren(FrameLayout.java:332)
06-25 17:26:53.733 3536 3536 W System.err: at android.widget.FrameLayout.onLayout(FrameLayout.java:270)
06-25 17:26:53.733 3536 3536 W System.err: at android.view.View.layout(View.java:23148)
06-25 17:26:53.733 3536 3536 W System.err: at android.view.ViewGroup.layout(ViewGroup.java:6412)
06-25 17:26:53.733 3536 3536 W System.err: at android.widget.LinearLayout.setChildFrame(LinearLayout.java:1829)
06-25 17:26:53.733 3536 3536 W System.err: at android.widget.LinearLayout.layoutVertical(LinearLayout.java:1673)
06-25 17:26:53.733 3536 3536 W System.err: at android.widget.LinearLayout.onLayout(LinearLayout.java:1582)
06-25 17:26:53.733 3536 3536 W System.err: at android.view.View.layout(View.java:23148)
06-25 17:26:53.733 3536 3536 W System.err: at android.view.ViewGroup.layout(ViewGroup.java:6412)
06-25 17:26:53.733 3536 3536 W System.err: at com.android.internal.widget.DecorCaptionView.onLayout(DecorCaptionView.java:419)
06-25 17:26:53.733 3536 3536 W System.err: at android.view.View.layout(View.java:23148)
06-25 17:26:53.733 3536 3536 W System.err: at android.view.ViewGroup.layout(ViewGroup.java:6412)
06-25 17:26:53.733 3536 3536 W System.err: at android.widget.FrameLayout.layoutChildren(FrameLayout.java:332)
06-25 17:26:53.733 3536 3536 W System.err: at android.widget.FrameLayout.onLayout(FrameLayout.java:270)
06-25 17:26:53.733 3536 3536 W System.err: at com.android.internal.policy.DecorView.onLayout(DecorView.java:879)
06-25 17:26:53.733 3536 3536 W System.err: at android.view.View.layout(View.java:23148)
06-25 17:26:53.733 3536 3536 W System.err: at android.view.ViewGroup.layout(ViewGroup.java:6412)
06-25 17:26:53.733 3536 3536 W System.err: at android.view.ViewRootImpl.performLayout(ViewRootImpl.java:3716)
06-25 17:26:53.733 3536 3536 W System.err: at android.view.ViewRootImpl.performTraversals(ViewRootImpl.java:3175)
06-25 17:26:53.733 3536 3536 W System.err: at android.view.ViewRootImpl.doTraversal(ViewRootImpl.java:2158)
06-25 17:26:53.733 3536 3536 W System.err: at android.view.ViewRootImpl$TraversalRunnable.run(ViewRootImpl.java:8688)
06-25 17:26:53.733 3536 3536 W System.err: at android.view.Choreographer$CallbackRecord.run(Choreographer.java:1120)
06-25 17:26:53.733 3536 3536 W System.err: at android.view.Choreographer.doCallbacks(Choreographer.java:926)
06-25 17:26:53.733 3536 3536 W System.err: at android.view.Choreographer.doFrame(Choreographer.java:859)
06-25 17:26:53.733 3536 3536 W System.err: at android.view.Choreographer$FrameDisplayEventReceiver.run(Choreographer.java:1105)
06-25 17:26:53.733 3536 3536 W System.err: at android.os.Handler.handleCallback(Handler.java:938)
06-25 17:26:53.733 3536 3536 W System.err: at android.os.Handler.dispatchMessage(Handler.java:99)
06-25 17:26:53.733 3536 3536 W System.err: at android.os.Looper.loopOnce(Looper.java:201)
06-25 17:26:53.733 3536 3536 W System.err: at android.os.Looper.loop(Looper.java:288)
06-25 17:26:53.733 3536 3536 W System.err: at android.app.ActivityThread.main(ActivityThread.java:7880)
06-25 17:26:53.733 3536 3536 W System.err: at java.lang.reflect.Method.invoke(Native Method)
06-25 17:26:53.733 3536 3536 W System.err: at com.android.internal.os.RuntimeInit$MethodAndArgsCaller.run(RuntimeInit.java:548)
06-25 17:26:53.733 3536 3536 W System.err: at com.android.internal.os.ZygoteInit.main(ZygoteInit.java:1009)
06-25 17:26:53.738 1488 2848 D PowerManagerService: acquireWakeLockInternal: lock=28230008, flags=0x1, tag="i", ws=null, uid=10111, pid=3440
06-25 17:26:53.738 1488 2848 D PowerManagerService: updateWakeLockSummaryLocked: mWakefulness=Awake, mWakeLockSummary=0x1
06-25 17:26:53.738 1488 2848 D PowerManagerService: updateUserActivitySummaryLocked: groupId=0, mWakefulness=Awake, mUserActivitySummary=0x1, nextTimeout=1221463 (in 598622 ms)
06-25 17:26:53.738 1488 2848 D PowerManagerNotifier: onScreenPolicyUpdate: newPolicy=3
06-25 17:26:53.738 1488 2848 D PowerManagerService: updateDisplayPowerStateLocked: displayReady=true, groupId=0, policy=BRIGHT, mWakefulness=Awake, mWakeLockSummary=0x1, mUserActivitySummary=0x1, mBootCompleted=true, screenBrightnessOverride=NaN, useAutoBrightness=true, mScreenBrightnessBoostInProgress=false, mIsVrModeEnabled= false, sQuiescent=false
06-25 17:26:53.738 1488 2848 D PowerManagerNotifier: onWakeLockAcquired: flags=1, tag="i", packageName=com.tencent.android.qqdownloader, ownerUid=10111, ownerPid=3440, workSource=null
06-25 17:26:53.740 3536 3536 W System.err: java.lang.IllegalStateException: The specified child already has a parent. You must call removeView() on the child's parent first.
06-25 17:26:53.740 1488 2848 D PowerManagerService: acquireWakeLockInternal: lock=19603537, flags=0x1, tag="i", ws=null, uid=10111, pid=3440
06-25 17:26:53.740 1488 2848 D PowerManagerService: updateWakeLockSummaryLocked: mWakefulness=Awake, mWakeLockSummary=0x1
06-25 17:26:53.740 1488 2848 D PowerManagerService: updateUserActivitySummaryLocked: groupId=0, mWakefulness=Awake, mUserActivitySummary=0x1, nextTimeout=1221463 (in 598620 ms)
06-25 17:26:53.740 1488 2848 D PowerManagerNotifier: onScreenPolicyUpdate: newPolicy=3
06-25 17:26:53.740 3536 3536 W System.err: at android.view.ViewGroup.addViewInner(ViewGroup.java:5247)
06-25 17:26:53.740 3536 3536 W System.err: at android.view.ViewGroup.addView(ViewGroup.java:5076)
06-25 17:26:53.740 3536 3536 W System.err: at android.view.ViewGroup.addView(ViewGroup.java:5048)
06-25 17:26:53.740 3536 3536 W System.err: at com.tencent.assistant.component.FlashIconView.enableDisplayFlash(Unknown Source:14)
06-25 17:26:53.740 1488 2848 D PowerManagerService: updateDisplayPowerStateLocked: displayReady=true, groupId=0, policy=BRIGHT, mWakefulness=Awake, mWakeLockSummary=0x1, mUserActivitySummary=0x1, mBootCompleted=true, screenBrightnessOverride=NaN, useAutoBrightness=true, mScreenBrightnessBoostInProgress=false, mIsVrModeEnabled= false, sQuiescent=false
06-25 17:26:53.740 3536 3536 W System.err: at com.tencent.rapidview.parser.tp.run(Unknown Source:25)
06-25 17:26:53.740 3536 3536 W System.err: at com.tencent.rapidview.parser.RapidParserObject.loadAttribute(Unknown Source:28)
06-25 17:26:53.740 3536 3536 W System.err: at com.tencent.rapidview.parser.RapidParserObject.update(Unknown Source:15)
06-25 17:26:53.740 1488 2848 D PowerManagerNotifier: onWakeLockAcquired: flags=1, tag="i", packageName=com.tencent.android.qqdownloader, ownerUid=10111, ownerPid=3440, workSource=null
06-25 17:26:53.740 3536 3536 W System.err: at com.tencent.rapidview.data.c.updateVar(Unknown Source:122)
06-25 17:26:53.740 3536 3536 W System.err: at com.tencent.rapidview.data.c.update(Unknown Source:81)
06-25 17:26:53.740 3536 3536 W System.err: at com.tencent.rapidview.runtime.BasePlaceHolder.loadData(Unknown Source:35)
06-25 17:26:53.740 3536 3536 W System.err: at com.tencent.rapidview.runtime.c.loadData(Unknown Source:2)
06-25 17:26:53.740 3536 3536 W System.err: at com.tencent.rapidview.control.NormalRecyclerViewAdapter.onBindViewHolder(Unknown Source:116)
06-25 17:26:53.740 3536 3536 W System.err: at com.tencent.rapidview.control.NormalRecyclerViewAdapter.onBindViewHolder(Unknown Source:2)
06-25 17:26:53.740 3536 3536 W System.err: at android.support.v7.widget.RecyclerView$Adapter.onBindViewHolder(Unknown Source:0)
06-25 17:26:53.740 3536 3536 W System.err: at android.support.v7.widget.RecyclerView$Adapter.bindViewHolder(Unknown Source:29)
06-25 17:26:53.740 3536 3536 W System.err: at android.support.v7.widget.RecyclerView$Recycler.a(Unknown Source:39)
06-25 17:26:53.740 3536 3536 W System.err: at android.support.v7.widget.RecyclerView$Recycler.a(Unknown Source:507)
06-25 17:26:53.740 3536 3536 W System.err: at android.support.v7.widget.RecyclerView$Recycler.a(Unknown Source:5)
06-25 17:26:53.740 3536 3536 W System.err: at android.support.v7.widget.RecyclerView$Recycler.getViewForPosition(Unknown Source:1)
06-25 17:26:53.740 3536 3536 W System.err: at android.support.v7.widget.LinearLayoutManager$LayoutState.a(Unknown Source:11)
06-25 17:26:53.740 3536 3536 W System.err: at android.support.v7.widget.LinearLayoutManager.a(Unknown Source:0)
06-25 17:26:53.740 3536 3536 W System.err: at android.support.v7.widget.LinearLayoutManager.a(Unknown Source:44)
06-25 17:26:53.740 3536 3536 W System.err: at android.support.v7.widget.LinearLayoutManager.onLayoutChildren(Unknown Source:366)
06-25 17:26:53.740 3536 3536 W System.err: at android.support.v7.widget.RecyclerView.dispatchLayoutStep2(Unknown Source:42)
06-25 17:26:53.740 3536 3536 W System.err: at android.support.v7.widget.RecyclerView.onMeasure(Unknown Source:65)
06-25 17:26:53.740 3536 3536 W System.err: at android.view.View.measure(View.java:25778)
06-25 17:26:53.740 3536 3536 W System.err: at android.widget.RelativeLayout.measureChildHorizontal(RelativeLayout.java:735)
06-25 17:26:53.740 3536 3536 W System.err: at android.widget.RelativeLayout.onMeasure(RelativeLayout.java:481)
06-25 17:26:53.740 3536 3536 W System.err: at android.view.View.measure(View.java:25778)
06-25 17:26:53.740 3536 3536 W System.err: at android.widget.RelativeLayout.measureChildHorizontal(RelativeLayout.java:735)
06-25 17:26:53.740 3536 3536 W System.err: at android.widget.RelativeLayout.onMeasure(RelativeLayout.java:481)
06-25 17:26:53.740 3536 3536 W System.err: at android.view.View.measure(View.java:25778)
06-25 17:26:53.740 3536 3536 W System.err: at android.widget.RelativeLayout.measureChildHorizontal(RelativeLayout.java:735)
06-25 17:26:53.740 3536 3536 W System.err: at android.widget.RelativeLayout.onMeasure(RelativeLayout.java:481)
06-25 17:26:53.740 3536 3536 W System.err: at android.view.View.measure(View.java:25778)
06-25 17:26:53.740 3536 3536 W System.err: at android.support.v7.widget.RecyclerView$LayoutManager.measureChildWithMargins(Unknown Source:98)
06-25 17:26:53.740 3536 3536 W System.err: at android.support.v7.widget.LinearLayoutManager.a(Unknown Source:60)
06-25 17:26:53.740 3536 3536 W System.err: at android.support.v7.widget.LinearLayoutManager.a(Unknown Source:44)
06-25 17:26:53.740 3536 3536 W System.err: at android.support.v7.widget.LinearLayoutManager.onLayoutChildren(Unknown Source:366)
06-25 17:26:53.740 3536 3536 W System.err: at android.support.v7.widget.RecyclerView.dispatchLayoutStep2(Unknown Source:42)
06-25 17:26:53.740 3536 3536 W System.err: at android.support.v7.widget.RecyclerView.dispatchLayout(Unknown Source:30)
06-25 17:26:53.740 3536 3536 W System.err: at android.support.v7.widget.RecyclerView.onLayout(Unknown Source:5)
06-25 17:26:53.740 3536 3536 W System.err: at android.view.View.layout(View.java:23148)
06-25 17:26:53.740 3536 3536 W System.err: at android.view.ViewGroup.layout(ViewGroup.java:6412)
06-25 17:26:53.740 3536 3536 W System.err: at android.widget.FrameLayout.layoutChildren(FrameLayout.java:332)
06-25 17:26:53.740 3536 3536 W System.err: at android.widget.FrameLayout.onLayout(FrameLayout.java:270)
06-25 17:26:53.740 3536 3536 W System.err: at android.view.View.layout(View.java:23148)
06-25 17:26:53.740 3536 3536 W System.err: at android.view.ViewGroup.layout(ViewGroup.java:6412)
06-25 17:26:53.740 3536 3536 W System.err: at android.support.v4.view.ViewPager.onLayout(Unknown Source:260)
06-25 17:26:53.740 3536 3536 W System.err: at android.view.View.layout(View.java:23148)
06-25 17:26:53.740 3536 3536 W System.err: at android.view.ViewGroup.layout(ViewGroup.java:6412)
06-25 17:26:53.740 3536 3536 W System.err: at com.tencent.ptrlayout.SmartRefreshLayout.onLayout(Unknown Source:135)
06-25 17:26:53.740 3536 3536 W System.err: at android.view.View.layout(View.java:23148)
06-25 17:26:53.740 3536 3536 W System.err: at android.view.ViewGroup.layout(ViewGroup.java:6412)
06-25 17:26:53.740 3536 3536 W System.err: at android.widget.RelativeLayout.onLayout(RelativeLayout.java:1103)
06-25 17:26:53.740 3536 3536 W System.err: at android.view.View.layout(View.java:23148)
06-25 17:26:53.740 3536 3536 W System.err: at android.view.ViewGroup.layout(ViewGroup.java:6412)
06-25 17:26:53.740 3536 3536 W System.err: at android.support.v4.view.ViewPager.onLayout(Unknown Source:260)
06-25 17:26:53.740 3536 3536 W System.err: at android.view.View.layout(View.java:23148)
06-25 17:26:53.740 3536 3536 W System.err: at android.view.ViewGroup.layout(ViewGroup.java:6412)
06-25 17:26:53.740 3536 3536 W System.err: at android.widget.RelativeLayout.onLayout(RelativeLayout.java:1103)
06-25 17:26:53.740 3536 3536 W System.err: at android.view.View.layout(View.java:23148)
06-25 17:26:53.740 3536 3536 W System.err: at android.view.ViewGroup.layout(ViewGroup.java:6412)
06-25 17:26:53.740 3536 3536 W System.err: at android.widget.FrameLayout.layoutChildren(FrameLayout.java:332)
06-25 17:26:53.740 3536 3536 W System.err: at android.widget.FrameLayout.onLayout(FrameLayout.java:270)
06-25 17:26:53.740 3536 3536 W System.err: at com.tencent.argussdk.ui.TrackerFrameLayout.onLayout(Unknown Source:14)
06-25 17:26:53.741 3536 3536 W System.err: at android.view.View.layout(View.java:23148)
06-25 17:26:53.741 3536 3536 W System.err: at android.view.ViewGroup.layout(ViewGroup.java:6412)
06-25 17:26:53.741 3536 3536 W System.err: at android.widget.FrameLayout.layoutChildren(FrameLayout.java:332)
06-25 17:26:53.741 3536 3536 W System.err: at android.widget.FrameLayout.onLayout(FrameLayout.java:270)
06-25 17:26:53.741 3536 3536 W System.err: at android.view.View.layout(View.java:23148)
06-25 17:26:53.741 3536 3536 W System.err: at android.view.ViewGroup.layout(ViewGroup.java:6412)
06-25 17:26:53.741 3536 3536 W System.err: at android.widget.LinearLayout.setChildFrame(LinearLayout.java:1829)
06-25 17:26:53.741 3536 3536 W System.err: at android.widget.LinearLayout.layoutVertical(LinearLayout.java:1673)
06-25 17:26:53.741 3536 3536 W System.err: at android.widget.LinearLayout.onLayout(LinearLayout.java:1582)
06-25 17:26:53.741 3536 3536 W System.err: at android.view.View.layout(View.java:23148)
06-25 17:26:53.741 3536 3536 W System.err: at android.view.ViewGroup.layout(ViewGroup.java:6412)
06-25 17:26:53.741 3536 3536 W System.err: at com.android.internal.widget.DecorCaptionView.onLayout(DecorCaptionView.java:419)
06-25 17:26:53.741 3536 3536 W System.err: at android.view.View.layout(View.java:23148)
06-25 17:26:53.741 3536 3536 W System.err: at android.view.ViewGroup.layout(ViewGroup.java:6412)
06-25 17:26:53.741 3536 3536 W System.err: at android.widget.FrameLayout.layoutChildren(FrameLayout.java:332)
06-25 17:26:53.741 3536 3536 W System.err: at android.widget.FrameLayout.onLayout(FrameLayout.java:270)
06-25 17:26:53.741 3536 3536 W System.err: at com.android.internal.policy.DecorView.onLayout(DecorView.java:879)
06-25 17:26:53.741 3536 3536 W System.err: at android.view.View.layout(View.java:23148)
06-25 17:26:53.741 3536 3536 W System.err: at android.view.ViewGroup.layout(ViewGroup.java:6412)
06-25 17:26:53.741 3536 3536 W System.err: at android.view.ViewRootImpl.performLayout(ViewRootImpl.java:3716)
06-25 17:26:53.741 3536 3536 W System.err: at android.view.ViewRootImpl.performTraversals(ViewRootImpl.java:3175)
06-25 17:26:53.741 3536 3536 W System.err: at android.view.ViewRootImpl.doTraversal(ViewRootImpl.java:2158)
06-25 17:26:53.741 3536 3536 W System.err: at android.view.ViewRootImpl$TraversalRunnable.run(ViewRootImpl.java:8688)
06-25 17:26:53.741 3536 3536 W System.err: at android.view.Choreographer$CallbackRecord.run(Choreographer.java:1120)
06-25 17:26:53.741 3536 3536 W System.err: at android.view.Choreographer.doCallbacks(Choreographer.java:926)
06-25 17:26:53.741 3536 3536 W System.err: at android.view.Choreographer.doFrame(Choreographer.java:859)
06-25 17:26:53.741 3536 3536 W System.err: at android.view.Choreographer$FrameDisplayEventReceiver.run(Choreographer.java:1105)
06-25 17:26:53.741 3536 3536 W System.err: at android.os.Handler.handleCallback(Handler.java:938)
06-25 17:26:53.741 3536 3536 W System.err: at android.os.Handler.dispatchMessage(Handler.java:99)
06-25 17:26:53.741 3536 3536 W System.err: at android.os.Looper.loopOnce(Looper.java:201)
06-25 17:26:53.741 3536 3536 W System.err: at android.os.Looper.loop(Looper.java:288)
06-25 17:26:53.741 3536 3536 W System.err: at android.app.ActivityThread.main(ActivityThread.java:7880)
06-25 17:26:53.741 3536 3536 W System.err: at java.lang.reflect.Method.invoke(Native Method)
06-25 17:26:53.741 3536 3536 W System.err: at com.android.internal.os.RuntimeInit$MethodAndArgsCaller.run(RuntimeInit.java:548)
06-25 17:26:53.741 3536 3536 W System.err: at com.android.internal.os.ZygoteInit.main(ZygoteInit.java:1009)
06-25 17:26:53.746 8307 8404 I OpenRuntimeJNI: mmnode fileLen:5239592
06-25 17:26:53.747 1488 2848 D PowerManagerService: acquireWakeLockInternal: lock=47947958, flags=0x1, tag="i", ws=null, uid=10111, pid=3440
06-25 17:26:53.747 1488 2848 D PowerManagerService: updateWakeLockSummaryLocked: mWakefulness=Awake, mWakeLockSummary=0x1
06-25 17:26:53.747 1488 2848 D PowerManagerService: updateUserActivitySummaryLocked: groupId=0, mWakefulness=Awake, mUserActivitySummary=0x1, nextTimeout=1221463 (in 598613 ms)
06-25 17:26:53.747 1488 2848 D PowerManagerNotifier: onScreenPolicyUpdate: newPolicy=3
06-25 17:26:53.747 1488 2848 D PowerManagerService: updateDisplayPowerStateLocked: displayReady=true, groupId=0, policy=BRIGHT, mWakefulness=Awake, mWakeLockSummary=0x1, mUserActivitySummary=0x1, mBootCompleted=true, screenBrightnessOverride=NaN, useAutoBrightness=true, mScreenBrightnessBoostInProgress=false, mIsVrModeEnabled= false, sQuiescent=false
06-25 17:26:53.747 1488 2848 D PowerManagerNotifier: onWakeLockAcquired: flags=1, tag="i", packageName=com.tencent.android.qqdownloader, ownerUid=10111, ownerPid=3440, workSource=null
06-25 17:26:53.758 1488 2848 D PowerManagerService: releaseWakeLockInternal: lock=130075235 [i], flags=0x0
06-25 17:26:53.758 1488 2848 D PowerManagerNotifier: onWakeLockReleased: flags=1, tag="i", packageName=com.tencent.android.qqdownloader, ownerUid=10111, ownerPid=3440, workSource=null
06-25 17:26:53.758 1488 2848 D PowerManagerService: updateWakeLockSummaryLocked: mWakefulness=Awake, mWakeLockSummary=0x1
06-25 17:26:53.758 1488 2848 D PowerManagerService: updateUserActivitySummaryLocked: groupId=0, mWakefulness=Awake, mUserActivitySummary=0x1, nextTimeout=1221463 (in 598602 ms)
06-25 17:26:53.758 1488 2848 D PowerManagerNotifier: onScreenPolicyUpdate: newPolicy=3
06-25 17:26:53.758 1488 2848 D PowerManagerService: updateDisplayPowerStateLocked: displayReady=true, groupId=0, policy=BRIGHT, mWakefulness=Awake, mWakeLockSummary=0x1, mUserActivitySummary=0x1, mBootCompleted=true, screenBrightnessOverride=NaN, useAutoBrightness=true, mScreenBrightnessBoostInProgress=false, mIsVrModeEnabled= false, sQuiescent=false
06-25 17:26:53.767 1488 2848 D PowerManagerService: acquireWakeLockInternal: lock=88019383, flags=0x1, tag="i", ws=null, uid=10111, pid=3440
06-25 17:26:53.767 1488 2848 D PowerManagerService: updateWakeLockSummaryLocked: mWakefulness=Awake, mWakeLockSummary=0x1
06-25 17:26:53.767 1488 2848 D PowerManagerService: updateUserActivitySummaryLocked: groupId=0, mWakefulness=Awake, mUserActivitySummary=0x1, nextTimeout=1221463 (in 598594 ms)
06-25 17:26:53.767 1488 2848 D PowerManagerNotifier: onScreenPolicyUpdate: newPolicy=3
06-25 17:26:53.767 1488 2848 D PowerManagerService: updateDisplayPowerStateLocked: displayReady=true, groupId=0, policy=BRIGHT, mWakefulness=Awake, mWakeLockSummary=0x1, mUserActivitySummary=0x1, mBootCompleted=true, screenBrightnessOverride=NaN, useAutoBrightness=true, mScreenBrightnessBoostInProgress=false, mIsVrModeEnabled= false, sQuiescent=false
06-25 17:26:53.767 1488 2848 D PowerManagerNotifier: onWakeLockAcquired: flags=1, tag="i", packageName=com.tencent.android.qqdownloader, ownerUid=10111, ownerPid=3440, workSource=null
06-25 17:26:53.773 1488 2848 D PowerManagerService: releaseWakeLockInternal: lock=155907038 [i], flags=0x0
06-25 17:26:53.773 1488 2848 D PowerManagerNotifier: onWakeLockReleased: flags=1, tag="i", packageName=com.tencent.android.qqdownloader, ownerUid=10111, ownerPid=3440, workSource=null
06-25 17:26:53.773 1488 2848 D PowerManagerService: updateWakeLockSummaryLocked: mWakefulness=Awake, mWakeLockSummary=0x1
06-25 17:26:53.773 1488 2848 D PowerManagerService: updateUserActivitySummaryLocked: groupId=0, mWakefulness=Awake, mUserActivitySummary=0x1, nextTimeout=1221463 (in 598587 ms)
06-25 17:26:53.773 1488 2848 D PowerManagerNotifier: onScreenPolicyUpdate: newPolicy=3
06-25 17:26:53.773 1488 2848 D PowerManagerService: updateDisplayPowerStateLocked: displayReady=true, groupId=0, policy=BRIGHT, mWakefulness=Awake, mWakeLockSummary=0x1, mUserActivitySummary=0x1, mBootCompleted=true, screenBrightnessOverride=NaN, useAutoBrightness=true, mScreenBrightnessBoostInProgress=false, mIsVrModeEnabled= false, sQuiescent=false
06-25 17:26:53.774 8307 8404 D OpenRuntimeJNI: 634619a4fc123ba7867a9342c2c9f142 md5String:mmnode
06-25 17:26:53.774 8307 8404 I OpenRuntimeJNI: mmnode abi:2 check success
06-25 17:26:53.778 1488 1745 D PowerManagerService: releaseWakeLockInternal: lock=116107711 [i], flags=0x0
06-25 17:26:53.778 1488 1745 D PowerManagerNotifier: onWakeLockReleased: flags=1, tag="i", packageName=com.tencent.android.qqdownloader, ownerUid=10111, ownerPid=3440, workSource=null
06-25 17:26:53.779 1488 1745 D PowerManagerService: updateWakeLockSummaryLocked: mWakefulness=Awake, mWakeLockSummary=0x1
06-25 17:26:53.779 1488 1745 D PowerManagerService: updateUserActivitySummaryLocked: groupId=0, mWakefulness=Awake, mUserActivitySummary=0x1, nextTimeout=1221463 (in 598582 ms)
06-25 17:26:53.779 1488 1745 D PowerManagerNotifier: onScreenPolicyUpdate: newPolicy=3
06-25 17:26:53.779 1488 1745 D PowerManagerService: updateDisplayPowerStateLocked: displayReady=true, groupId=0, policy=BRIGHT, mWakefulness=Awake, mWakeLockSummary=0x1, mUserActivitySummary=0x1, mBootCompleted=true, screenBrightnessOverride=NaN, useAutoBrightness=true, mScreenBrightnessBoostInProgress=false, mIsVrModeEnabled= false, sQuiescent=false
06-25 17:26:53.781 1488 1745 D PowerManagerService: releaseWakeLockInternal: lock=125803477 [i], flags=0x0
06-25 17:26:53.781 1488 1745 D PowerManagerNotifier: onWakeLockReleased: flags=1, tag="i", packageName=com.tencent.android.qqdownloader, ownerUid=10111, ownerPid=3440, workSource=null
06-25 17:26:53.781 1488 1745 D PowerManagerService: updateWakeLockSummaryLocked: mWakefulness=Awake, mWakeLockSummary=0x1
06-25 17:26:53.781 1488 1745 D PowerManagerService: updateUserActivitySummaryLocked: groupId=0, mWakefulness=Awake, mUserActivitySummary=0x1, nextTimeout=1221463 (in 598579 ms)
06-25 17:26:53.781 1488 1745 D PowerManagerNotifier: onScreenPolicyUpdate: newPolicy=3
06-25 17:26:53.781 1488 1745 D PowerManagerService: updateDisplayPowerStateLocked: displayReady=true, groupId=0, policy=BRIGHT, mWakefulness=Awake, mWakeLockSummary=0x1, mUserActivitySummary=0x1, mBootCompleted=true, screenBrightnessOverride=NaN, useAutoBrightness=true, mScreenBrightnessBoostInProgress=false, mIsVrModeEnabled= false, sQuiescent=false
06-25 17:26:53.782 8307 8404 I OpenRuntimeJNI: wxa-runtime-binding fileLen:653456
06-25 17:26:53.786 8307 8404 D OpenRuntimeJNI: 398186334d6ee37d5d918d113eeebaf9 md5String:wxa-runtime-binding
06-25 17:26:53.786 8307 8404 I OpenRuntimeJNI: wxa-runtime-binding abi:2 check success
06-25 17:26:53.790 1488 1745 D PowerManagerService: releaseWakeLockInternal: lock=72656665 [i], flags=0x0
06-25 17:26:53.790 1488 1745 D PowerManagerNotifier: onWakeLockReleased: flags=1, tag="i", packageName=com.tencent.android.qqdownloader, ownerUid=10111, ownerPid=3440, workSource=null
06-25 17:26:53.790 1488 1745 D PowerManagerService: updateWakeLockSummaryLocked: mWakefulness=Awake, mWakeLockSummary=0x1
06-25 17:26:53.790 1488 1745 D PowerManagerService: updateUserActivitySummaryLocked: groupId=0, mWakefulness=Awake, mUserActivitySummary=0x1, nextTimeout=1221463 (in 598570 ms)
06-25 17:26:53.790 1488 1745 D PowerManagerNotifier: onScreenPolicyUpdate: newPolicy=3
06-25 17:26:53.790 1488 1745 D PowerManagerService: updateDisplayPowerStateLocked: displayReady=true, groupId=0, policy=BRIGHT, mWakefulness=Awake, mWakeLockSummary=0x1, mUserActivitySummary=0x1, mBootCompleted=true, screenBrightnessOverride=NaN, useAutoBrightness=true, mScreenBrightnessBoostInProgress=false, mIsVrModeEnabled= false, sQuiescent=false
06-25 17:26:53.792 8307 8404 I OpenRuntimeJNI: mmv8 fileLen:20679136
06-25 17:26:53.799 1488 1745 D PowerManagerService: releaseWakeLockInternal: lock=147433612 [i], flags=0x0
06-25 17:26:53.799 1488 1745 D PowerManagerNotifier: onWakeLockReleased: flags=1, tag="i", packageName=com.tencent.android.qqdownloader, ownerUid=10111, ownerPid=3440, workSource=null
06-25 17:26:53.799 1488 1745 D PowerManagerService: updateWakeLockSummaryLocked: mWakefulness=Awake, mWakeLockSummary=0x1
06-25 17:26:53.799 1488 1745 D PowerManagerService: updateUserActivitySummaryLocked: groupId=0, mWakefulness=Awake, mUserActivitySummary=0x1, nextTimeout=1221463 (in 598561 ms)
06-25 17:26:53.799 1488 1745 D PowerManagerNotifier: onScreenPolicyUpdate: newPolicy=3
06-25 17:26:53.799 1488 1745 D PowerManagerService: updateDisplayPowerStateLocked: displayReady=true, groupId=0, policy=BRIGHT, mWakefulness=Awake, mWakeLockSummary=0x1, mUserActivitySummary=0x1, mBootCompleted=true, screenBrightnessOverride=NaN, useAutoBrightness=true, mScreenBrightnessBoostInProgress=false, mIsVrModeEnabled= false, sQuiescent=false
06-25 17:26:53.802 1488 1745 D PowerManagerService: releaseWakeLockInternal: lock=28230008 [i], flags=0x0
06-25 17:26:53.802 1488 1745 D PowerManagerNotifier: onWakeLockReleased: flags=1, tag="i", packageName=com.tencent.android.qqdownloader, ownerUid=10111, ownerPid=3440, workSource=null
06-25 17:26:53.803 1488 1745 D PowerManagerService: updateWakeLockSummaryLocked: mWakefulness=Awake, mWakeLockSummary=0x1
06-25 17:26:53.803 1488 1745 D PowerManagerService: updateUserActivitySummaryLocked: groupId=0, mWakefulness=Awake, mUserActivitySummary=0x1, nextTimeout=1221463 (in 598558 ms)
06-25 17:26:53.803 1488 1745 D PowerManagerNotifier: onScreenPolicyUpdate: newPolicy=3
06-25 17:26:53.803 1488 1745 D PowerManagerService: updateDisplayPowerStateLocked: displayReady=true, groupId=0, policy=BRIGHT, mWakefulness=Awake, mWakeLockSummary=0x1, mUserActivitySummary=0x1, mBootCompleted=true, screenBrightnessOverride=NaN, useAutoBrightness=true, mScreenBrightnessBoostInProgress=false, mIsVrModeEnabled= false, sQuiescent=false
06-25 17:26:53.813 1488 1745 D PowerManagerService: releaseWakeLockInternal: lock=29041371 [i], flags=0x0
06-25 17:26:53.813 1488 1745 D PowerManagerNotifier: onWakeLockReleased: flags=1, tag="i", packageName=com.tencent.android.qqdownloader, ownerUid=10111, ownerPid=3440, workSource=null
06-25 17:26:53.813 1488 1745 D PowerManagerService: updateWakeLockSummaryLocked: mWakefulness=Awake, mWakeLockSummary=0x1
06-25 17:26:53.813 1488 1745 D PowerManagerService: updateUserActivitySummaryLocked: groupId=0, mWakefulness=Awake, mUserActivitySummary=0x1, nextTimeout=1221463 (in 598547 ms)
06-25 17:26:53.813 1488 1745 D PowerManagerNotifier: onScreenPolicyUpdate: newPolicy=3
06-25 17:26:53.813 1488 1745 D PowerManagerService: updateDisplayPowerStateLocked: displayReady=true, groupId=0, policy=BRIGHT, mWakefulness=Awake, mWakeLockSummary=0x1, mUserActivitySummary=0x1, mBootCompleted=true, screenBrightnessOverride=NaN, useAutoBrightness=true, mScreenBrightnessBoostInProgress=false, mIsVrModeEnabled= false, sQuiescent=false
06-25 17:26:53.821 1488 1745 D PowerManagerService: releaseWakeLockInternal: lock=170706461 [i], flags=0x0
06-25 17:26:53.821 1488 1745 D PowerManagerNotifier: onWakeLockReleased: flags=1, tag="i", packageName=com.tencent.android.qqdownloader, ownerUid=10111, ownerPid=3440, workSource=null
06-25 17:26:53.822 1488 1745 D PowerManagerService: updateWakeLockSummaryLocked: mWakefulness=Awake, mWakeLockSummary=0x1
06-25 17:26:53.822 1488 1745 D PowerManagerService: updateUserActivitySummaryLocked: groupId=0, mWakefulness=Awake, mUserActivitySummary=0x1, nextTimeout=1221463 (in 598539 ms)
06-25 17:26:53.822 1488 1745 D PowerManagerNotifier: onScreenPolicyUpdate: newPolicy=3
06-25 17:26:53.822 1488 1745 D PowerManagerService: updateDisplayPowerStateLocked: displayReady=true, groupId=0, policy=BRIGHT, mWakefulness=Awake, mWakeLockSummary=0x1, mUserActivitySummary=0x1, mBootCompleted=true, screenBrightnessOverride=NaN, useAutoBrightness=true, mScreenBrightnessBoostInProgress=false, mIsVrModeEnabled= false, sQuiescent=false
06-25 17:26:53.836 1488 1745 D PowerManagerService: releaseWakeLockInternal: lock=88019383 [i], flags=0x0
06-25 17:26:53.836 1488 1745 D PowerManagerNotifier: onWakeLockReleased: flags=1, tag="i", packageName=com.tencent.android.qqdownloader, ownerUid=10111, ownerPid=3440, workSource=null
06-25 17:26:53.836 1488 1745 D PowerManagerService: updateWakeLockSummaryLocked: mWakefulness=Awake, mWakeLockSummary=0x1
06-25 17:26:53.836 1488 1745 D PowerManagerService: updateUserActivitySummaryLocked: groupId=0, mWakefulness=Awake, mUserActivitySummary=0x1, nextTimeout=1221463 (in 598524 ms)
06-25 17:26:53.836 1488 1745 D PowerManagerNotifier: onScreenPolicyUpdate: newPolicy=3
06-25 17:26:53.836 1488 1745 D PowerManagerService: updateDisplayPowerStateLocked: displayReady=true, groupId=0, policy=BRIGHT, mWakefulness=Awake, mWakeLockSummary=0x1, mUserActivitySummary=0x1, mBootCompleted=true, screenBrightnessOverride=NaN, useAutoBrightness=true, mScreenBrightnessBoostInProgress=false, mIsVrModeEnabled= false, sQuiescent=false
06-25 17:26:53.838 1488 1745 D PowerManagerService: releaseWakeLockInternal: lock=244215786 [i], flags=0x0
06-25 17:26:53.838 1488 1745 D PowerManagerNotifier: onWakeLockReleased: flags=1, tag="i", packageName=com.tencent.android.qqdownloader, ownerUid=10111, ownerPid=3440, workSource=null
06-25 17:26:53.838 1488 1745 D PowerManagerService: updateWakeLockSummaryLocked: mWakefulness=Awake, mWakeLockSummary=0x1
06-25 17:26:53.838 1488 1745 D PowerManagerService: updateUserActivitySummaryLocked: groupId=0, mWakefulness=Awake, mUserActivitySummary=0x1, nextTimeout=1221463 (in 598522 ms)
06-25 17:26:53.838 1488 1745 D PowerManagerNotifier: onScreenPolicyUpdate: newPolicy=3
06-25 17:26:53.838 1488 1745 D PowerManagerService: updateDisplayPowerStateLocked: displayReady=true, groupId=0, policy=BRIGHT, mWakefulness=Awake, mWakeLockSummary=0x1, mUserActivitySummary=0x1, mBootCompleted=true, screenBrightnessOverride=NaN, useAutoBrightness=true, mScreenBrightnessBoostInProgress=false, mIsVrModeEnabled= false, sQuiescent=false
06-25 17:26:53.840 1488 1745 D PowerManagerService: releaseWakeLockInternal: lock=106071648 [i], flags=0x0
06-25 17:26:53.840 1488 1745 D PowerManagerNotifier: onWakeLockReleased: flags=1, tag="i", packageName=com.tencent.android.qqdownloader, ownerUid=10111, ownerPid=3440, workSource=null
06-25 17:26:53.840 1488 1745 D PowerManagerService: updateWakeLockSummaryLocked: mWakefulness=Awake, mWakeLockSummary=0x1
06-25 17:26:53.840 1488 1745 D PowerManagerService: updateUserActivitySummaryLocked: groupId=0, mWakefulness=Awake, mUserActivitySummary=0x1, nextTimeout=1221463 (in 598520 ms)
06-25 17:26:53.840 1488 1745 D PowerManagerNotifier: onScreenPolicyUpdate: newPolicy=3
06-25 17:26:53.840 1488 1745 D PowerManagerService: updateDisplayPowerStateLocked: displayReady=true, groupId=0, policy=BRIGHT, mWakefulness=Awake, mWakeLockSummary=0x1, mUserActivitySummary=0x1, mBootCompleted=true, screenBrightnessOverride=NaN, useAutoBrightness=true, mScreenBrightnessBoostInProgress=false, mIsVrModeEnabled= false, sQuiescent=false
06-25 17:26:53.875 1488 1745 D PowerManagerService: releaseWakeLockInternal: lock=47947958 [i], flags=0x0
06-25 17:26:53.875 1488 1745 D PowerManagerNotifier: onWakeLockReleased: flags=1, tag="i", packageName=com.tencent.android.qqdownloader, ownerUid=10111, ownerPid=3440, workSource=null
06-25 17:26:53.875 1488 1745 D PowerManagerService: updateWakeLockSummaryLocked: mWakefulness=Awake, mWakeLockSummary=0x1
06-25 17:26:53.875 1488 1745 D PowerManagerService: updateUserActivitySummaryLocked: groupId=0, mWakefulness=Awake, mUserActivitySummary=0x1, nextTimeout=1221463 (in 598485 ms)
06-25 17:26:53.875 1488 1745 D PowerManagerNotifier: onScreenPolicyUpdate: newPolicy=3
06-25 17:26:53.875 1488 1745 D PowerManagerService: updateDisplayPowerStateLocked: displayReady=true, groupId=0, policy=BRIGHT, mWakefulness=Awake, mWakeLockSummary=0x1, mUserActivitySummary=0x1, mBootCompleted=true, screenBrightnessOverride=NaN, useAutoBrightness=true, mScreenBrightnessBoostInProgress=false, mIsVrModeEnabled= false, sQuiescent=false
06-25 17:26:53.893 1488 2848 D PowerManagerService: releaseWakeLockInternal: lock=19603537 [i], flags=0x0
06-25 17:26:53.893 1488 2848 D PowerManagerNotifier: onWakeLockReleased: flags=1, tag="i", packageName=com.tencent.android.qqdownloader, ownerUid=10111, ownerPid=3440, workSource=null
06-25 17:26:53.893 1488 2848 D PowerManagerService: updateWakeLockSummaryLocked: mWakefulness=Awake, mWakeLockSummary=0x0
06-25 17:26:53.893 1488 2848 D PowerManagerService: updateUserActivitySummaryLocked: groupId=0, mWakefulness=Awake, mUserActivitySummary=0x1, nextTimeout=1221463 (in 598467 ms)
06-25 17:26:53.893 1488 2848 D PowerManagerNotifier: onScreenPolicyUpdate: newPolicy=3
06-25 17:26:53.893 1488 2848 D PowerManagerService: updateDisplayPowerStateLocked: displayReady=true, groupId=0, policy=BRIGHT, mWakefulness=Awake, mWakeLockSummary=0x0, mUserActivitySummary=0x1, mBootCompleted=true, screenBrightnessOverride=NaN, useAutoBrightness=true, mScreenBrightnessBoostInProgress=false, mIsVrModeEnabled= false, sQuiescent=false
06-25 17:26:53.893 1488 2848 D PowerManagerService: Releasing suspend blocker "PowerManagerService.WakeLocks".
06-25 17:26:53.901 8307 8404 D OpenRuntimeJNI: 2ceed6bca2ed883576f135346d708ba0 md5String:mmv8
06-25 17:26:53.901 8307 8404 I OpenRuntimeJNI: mmv8 abi:2 check success
06-25 17:26:53.902 8307 8404 I OpenRuntimeJNI: mmnode fileLen:5239592
06-25 17:26:53.929 8307 8404 D OpenRuntimeJNI: 634619a4fc123ba7867a9342c2c9f142 md5String:mmnode
06-25 17:26:53.929 8307 8404 I OpenRuntimeJNI: mmnode abi:2 check success
06-25 17:26:53.929 8307 8404 I OpenRuntimeJNI: wxa-runtime-binding fileLen:653456
06-25 17:26:53.933 8307 8404 D OpenRuntimeJNI: 398186334d6ee37d5d918d113eeebaf9 md5String:wxa-runtime-binding
06-25 17:26:53.933 8307 8404 I OpenRuntimeJNI: wxa-runtime-binding abi:2 check success
06-25 17:26:53.938 8307 8404 I MagicBrush: start loadLibraries
06-25 17:26:53.939 8307 8404 I OpenRuntimeJNI: mmv8 fileLen:20679136
06-25 17:26:54.009 2142 5488 D MicroService: handleHeartBeat:340
06-25 17:26:54.040 2142 2142 D MicroService: onHeartBeatDetected
06-25 17:26:54.040 2142 2142 D MicroService: sendHeartbeatMessage
06-25 17:26:54.046 8307 8404 D OpenRuntimeJNI: 2ceed6bca2ed883576f135346d708ba0 md5String:mmv8
06-25 17:26:54.046 8307 8404 I OpenRuntimeJNI: mmv8 abi:2 check success
06-25 17:26:54.047 8307 8404 I OpenRuntimeJNI: mmskia fileLen:8649072
06-25 17:26:54.093 8307 8404 D OpenRuntimeJNI: 48f20f66bf76d5a2cbabeef9d8e99da6 md5String:mmskia
06-25 17:26:54.093 8307 8404 I OpenRuntimeJNI: mmskia abi:2 check success
06-25 17:26:54.100 8307 8404 I OpenRuntimeJNI: commonimgdec fileLen:379016
06-25 17:26:54.102 8307 8404 D OpenRuntimeJNI: 2abfac43eaf3b3dbabbd646697dcc517 md5String:commonimgdec
06-25 17:26:54.102 8307 8404 I OpenRuntimeJNI: commonimgdec abi:2 check success
06-25 17:26:54.104 8307 8404 I OpenRuntimeJNI: native-iv fileLen:88184
06-25 17:26:54.105 8307 8404 D OpenRuntimeJNI: eeba24422202f7901349f7e78067a056 md5String:native-iv
06-25 17:26:54.105 8307 8404 I OpenRuntimeJNI: native-iv abi:2 check success
06-25 17:26:54.106 8307 8404 I OpenRuntimeJNI: mmnode fileLen:5239592
06-25 17:26:54.133 8307 8404 D OpenRuntimeJNI: 634619a4fc123ba7867a9342c2c9f142 md5String:mmnode
06-25 17:26:54.133 8307 8404 I OpenRuntimeJNI: mmnode abi:2 check success
06-25 17:26:54.134 8307 8404 I OpenRuntimeJNI: magicbrush fileLen:4605768
06-25 17:26:54.153 1488 1745 D PowerManagerService: acquireWakeLockInternal: lock=231374116, flags=0x1, tag="i", ws=null, uid=10111, pid=3440
06-25 17:26:54.153 1488 1745 D PowerManagerService: updateWakeLockSummaryLocked: mWakefulness=Awake, mWakeLockSummary=0x1
06-25 17:26:54.153 1488 1745 D PowerManagerService: updateUserActivitySummaryLocked: groupId=0, mWakefulness=Awake, mUserActivitySummary=0x1, nextTimeout=1221463 (in 598207 ms)
06-25 17:26:54.153 1488 1745 D PowerManagerNotifier: onScreenPolicyUpdate: newPolicy=3
06-25 17:26:54.153 1488 1745 D PowerManagerService: updateDisplayPowerStateLocked: displayReady=true, groupId=0, policy=BRIGHT, mWakefulness=Awake, mWakeLockSummary=0x1, mUserActivitySummary=0x1, mBootCompleted=true, screenBrightnessOverride=NaN, useAutoBrightness=true, mScreenBrightnessBoostInProgress=false, mIsVrModeEnabled= false, sQuiescent=false
06-25 17:26:54.153 1488 1745 D PowerManagerService: Acquiring suspend blocker "PowerManagerService.WakeLocks".
06-25 17:26:54.153 1488 1745 D PowerManagerNotifier: onWakeLockAcquired: flags=1, tag="i", packageName=com.tencent.android.qqdownloader, ownerUid=10111, ownerPid=3440, workSource=null
06-25 17:26:54.158 1488 2848 D PowerManagerService: acquireWakeLockInternal: lock=254832781, flags=0x1, tag="i", ws=null, uid=10111, pid=3440
06-25 17:26:54.158 8307 8404 D OpenRuntimeJNI: ce286835c235aaac78e596bf92a4a22f md5String:magicbrush
06-25 17:26:54.158 8307 8404 I OpenRuntimeJNI: magicbrush abi:2 check success
06-25 17:26:54.158 1488 2848 D PowerManagerService: updateWakeLockSummaryLocked: mWakefulness=Awake, mWakeLockSummary=0x1
06-25 17:26:54.158 1488 2848 D PowerManagerService: updateUserActivitySummaryLocked: groupId=0, mWakefulness=Awake, mUserActivitySummary=0x1, nextTimeout=1221463 (in 598202 ms)
06-25 17:26:54.158 1488 2848 D PowerManagerNotifier: onScreenPolicyUpdate: newPolicy=3
06-25 17:26:54.158 1488 2848 D PowerManagerService: updateDisplayPowerStateLocked: displayReady=true, groupId=0, policy=BRIGHT, mWakefulness=Awake, mWakeLockSummary=0x1, mUserActivitySummary=0x1, mBootCompleted=true, screenBrightnessOverride=NaN, useAutoBrightness=true, mScreenBrightnessBoostInProgress=false, mIsVrModeEnabled= false, sQuiescent=false
06-25 17:26:54.158 1488 2848 D PowerManagerNotifier: onWakeLockAcquired: flags=1, tag="i", packageName=com.tencent.android.qqdownloader, ownerUid=10111, ownerPid=3440, workSource=null
06-25 17:26:54.155 8307 8307 I auditd : type=1400 audit(0.0:5937): avc: granted { execute } for comm="[GT]ColdPool#0" path="/data/user/0/com.tencent.android.qqdownloader/app_wxa_sdk_plugin/587202817/wxa_libs/libmagicbrush.so" dev="dm-15" ino=27449 scontext=u:r:untrusted_app_27:s0:c512,c768 tcontext=u:object_r:app_data_file:s0:c512,c768 tclass=file app=com.tencent.android.qqdownloader
06-25 17:26:54.155 8307 8307 W [GT]ColdPool#0: type=1400 audit(0.0:5937): avc: granted { execute } for path="/data/user/0/com.tencent.android.qqdownloader/app_wxa_sdk_plugin/587202817/wxa_libs/libmagicbrush.so" dev="dm-15" ino=27449 scontext=u:r:untrusted_app_27:s0:c512,c768 tcontext=u:object_r:app_data_file:s0:c512,c768 tclass=file app=com.tencent.android.qqdownloader
06-25 17:26:54.164 8307 8404 I MagicBrush: total[227]ms load mmv8 cost [108]ms, load magicbrush cost [118]ms
06-25 17:26:54.167 8307 8404 I OpenRuntimeJNI: gamelog_delegate fileLen:940136
06-25 17:26:54.168 1488 2848 D PowerManagerService: acquireWakeLockInternal: lock=66654786, flags=0x1, tag="i", ws=null, uid=10111, pid=3440
06-25 17:26:54.168 1488 2848 D PowerManagerService: updateWakeLockSummaryLocked: mWakefulness=Awake, mWakeLockSummary=0x1
06-25 17:26:54.168 1488 2848 D PowerManagerService: updateUserActivitySummaryLocked: groupId=0, mWakefulness=Awake, mUserActivitySummary=0x1, nextTimeout=1221463 (in 598192 ms)
06-25 17:26:54.168 1488 2848 D PowerManagerNotifier: onScreenPolicyUpdate: newPolicy=3
06-25 17:26:54.168 1488 2848 D PowerManagerService: updateDisplayPowerStateLocked: displayReady=true, groupId=0, policy=BRIGHT, mWakefulness=Awake, mWakeLockSummary=0x1, mUserActivitySummary=0x1, mBootCompleted=true, screenBrightnessOverride=NaN, useAutoBrightness=true, mScreenBrightnessBoostInProgress=false, mIsVrModeEnabled= false, sQuiescent=false
06-25 17:26:54.168 1488 2848 D PowerManagerNotifier: onWakeLockAcquired: flags=1, tag="i", packageName=com.tencent.android.qqdownloader, ownerUid=10111, ownerPid=3440, workSource=null
06-25 17:26:54.172 8307 8404 D OpenRuntimeJNI: ae7db0d83527455d3c082146a46e115a md5String:gamelog_delegate
06-25 17:26:54.172 8307 8404 I OpenRuntimeJNI: gamelog_delegate abi:2 check success
06-25 17:26:54.171 8307 8307 I auditd : type=1400 audit(0.0:5938): avc: granted { execute } for comm="[GT]ColdPool#0" path="/data/user/0/com.tencent.android.qqdownloader/app_wxa_sdk_plugin/587202817/wxa_libs/libgamelog_delegate.so" dev="dm-15" ino=27433 scontext=u:r:untrusted_app_27:s0:c512,c768 tcontext=u:object_r:app_data_file:s0:c512,c768 tclass=file app=com.tencent.android.qqdownloader
06-25 17:26:54.171 8307 8307 W [GT]ColdPool#0: type=1400 audit(0.0:5938): avc: granted { execute } for path="/data/user/0/com.tencent.android.qqdownloader/app_wxa_sdk_plugin/587202817/wxa_libs/libgamelog_delegate.so" dev="dm-15" ino=27433 scontext=u:r:untrusted_app_27:s0:c512,c768 tcontext=u:object_r:app_data_file:s0:c512,c768 tclass=file app=com.tencent.android.qqdownloader
06-25 17:26:54.177 8307 8404 I OpenRuntimeJNI: andromeda fileLen:7986600
06-25 17:26:54.218 8307 8404 D OpenRuntimeJNI: 746ce12a4271d99a921489850c5da56d md5String:andromeda
06-25 17:26:54.218 8307 8404 I OpenRuntimeJNI: andromeda abi:2 check success
