06-25 17:27:00.563 8307 8307 I qimei-thread-1: type=1400 audit(0.0:5959): avc: denied { open } for path="/" dev="dm-10" ino=2 scontext=u:r:untrusted_app_27:s0:c512,c768 tcontext=u:object_r:rootfs:s0 tclass=dir permissive=1 app=com.tencent.android.qqdownloader
06-25 17:27:00.571 3536 5446 I OpenGLRenderer: Davey! duration=9223371407191ms; Flags=0, FrameTimelineVsyncId=-1, IntendedVsync=629663160582, Vsync=629663161468, InputEventId=0, HandleInputStart=629663166676, AnimationStart=629663167562, PerformTraversalsStart=629663168187, DrawStart=629663195739, FrameDeadline=9223372036854775807, FrameInterval=629663161468, FrameStartTime=16666666, SyncQueued=629663253968, SyncStart=629663328187, IssueDrawCommandsStart=629663725634, SwapBuffers=629664180791, FrameCompleted=9223372036854775807, DequeueBufferDuration=11927, QueueBufferDuration=293489, GpuCompleted=9223372036854775807, SwapBuffersCompleted=629664628655, DisplayPresentTime=0,
06-25 17:27:00.571 8307 8307 I auditd : type=1400 audit(0.0:5960): avc: granted { nlmsg_readpriv } for comm="qimei-thread-2" scontext=u:r:untrusted_app_27:s0:c512,c768 tcontext=u:r:untrusted_app_27:s0:c512,c768 tclass=netlink_route_socket app=com.tencent.android.qqdownloader
06-25 17:27:00.571 8307 8307 W qimei-thread-2: type=1400 audit(0.0:5960): avc: granted { nlmsg_readpriv } for scontext=u:r:untrusted_app_27:s0:c512,c768 tcontext=u:r:untrusted_app_27:s0:c512,c768 tclass=netlink_route_socket app=com.tencent.android.qqdownloader
06-25 17:27:00.584 1488 8476 D PowerManagerService: releaseWakeLockInternal: lock=159667215 [*dexopt*], flags=0x0
06-25 17:27:00.584 1488 8476 D PowerManagerNotifier: onWakeLockReleased: flags=1, tag="*dexopt*", packageName=android, ownerUid=1000, ownerPid=1488, workSource=WorkSource{1000}
06-25 17:27:00.584 1488 8476 D PowerManagerService: updateWakeLockSummaryLocked: mWakefulness=Awake, mWakeLockSummary=0x1
06-25 17:27:00.584 1488 8476 D PowerManagerService: updateUserActivitySummaryLocked: groupId=0, mWakefulness=Awake, mUserActivitySummary=0x1, nextTimeout=1229617 (in 599930 ms)
06-25 17:27:00.584 1488 8476 D PowerManagerNotifier: onScreenPolicyUpdate: newPolicy=3
06-25 17:27:00.584 1488 8476 D PowerManagerService: updateDisplayPowerStateLocked: displayReady=true, groupId=0, policy=BRIGHT, mWakefulness=Awake, mWakeLockSummary=0x1, mUserActivitySummary=0x1, mBootCompleted=true, screenBrightnessOverride=NaN, useAutoBrightness=true, mScreenBrightnessBoostInProgress=false, mIsVrModeEnabled= false, sQuiescent=false
06-25 17:27:00.584 1488 8476 D PowerManagerService: acquireWakeLockInternal: lock=159667215, flags=0x1, tag="*dexopt*", ws=WorkSource{10121}, uid=1000, pid=1488
06-25 17:27:00.584 1488 8476 D PowerManagerService: updateWakeLockSummaryLocked: mWakefulness=Awake, mWakeLockSummary=0x1
06-25 17:27:00.584 1488 8476 D PowerManagerService: updateUserActivitySummaryLocked: groupId=0, mWakefulness=Awake, mUserActivitySummary=0x1, nextTimeout=1229617 (in 599930 ms)
06-25 17:27:00.584 1488 8476 D PowerManagerNotifier: onScreenPolicyUpdate: newPolicy=3
06-25 17:27:00.584 1488 8476 D PowerManagerService: updateDisplayPowerStateLocked: displayReady=true, groupId=0, policy=BRIGHT, mWakefulness=Awake, mWakeLockSummary=0x1, mUserActivitySummary=0x1, mBootCompleted=true, screenBrightnessOverride=NaN, useAutoBrightness=true, mScreenBrightnessBoostInProgress=false, mIsVrModeEnabled= false, sQuiescent=false
06-25 17:27:00.584 1488 8476 D PowerManagerNotifier: onWakeLockAcquired: flags=1, tag="*dexopt*", packageName=android, ownerUid=1000, ownerPid=1488, workSource=WorkSource{10121}
06-25 17:27:00.591 3536 3536 D ViewTouchDebug: mView : DecorView@3609190[DownloadActivity]Receive event : MotionEvent { action=ACTION_UP, actionButton=0, id[0]=0, x[0]=642.49994, y[0]=458.74994, toolType[0]=TOOL_TYPE_FINGER, buttonState=0, classification=NONE, metaState=0, flags=0x0, edgeFlags=0x0, pointerCount=1, historySize=0, eventTime=629693, downTime=629617, deviceId=4, source=0x5002, displayId=0, eventId=998959901 }
06-25 17:27:00.620 1488 2848 D PowerManagerService: acquireWakeLockInternal: lock=204717828, flags=0x1, tag="i", ws=null, uid=10111, pid=3440
06-25 17:27:00.620 1488 2848 D PowerManagerService: updateWakeLockSummaryLocked: mWakefulness=Awake, mWakeLockSummary=0x1
06-25 17:27:00.620 1488 2848 D PowerManagerService: updateUserActivitySummaryLocked: groupId=0, mWakefulness=Awake, mUserActivitySummary=0x1, nextTimeout=1229617 (in 599894 ms)
06-25 17:27:00.620 1488 2848 D PowerManagerNotifier: onScreenPolicyUpdate: newPolicy=3
06-25 17:27:00.620 1488 2848 D PowerManagerService: updateDisplayPowerStateLocked: displayReady=true, groupId=0, policy=BRIGHT, mWakefulness=Awake, mWakeLockSummary=0x1, mUserActivitySummary=0x1, mBootCompleted=true, screenBrightnessOverride=NaN, useAutoBrightness=true, mScreenBrightnessBoostInProgress=false, mIsVrModeEnabled= false, sQuiescent=false
06-25 17:27:00.620 1488 2848 D PowerManagerNotifier: onWakeLockAcquired: flags=1, tag="i", packageName=com.tencent.android.qqdownloader, ownerUid=10111, ownerPid=3440, workSource=null
06-25 17:27:00.638 1488 2848 D PowerManagerService: acquireWakeLockInternal: lock=122928365, flags=0x1, tag="i", ws=null, uid=10111, pid=3440
06-25 17:27:00.638 1488 2848 D PowerManagerService: updateWakeLockSummaryLocked: mWakefulness=Awake, mWakeLockSummary=0x1
06-25 17:27:00.638 1488 2848 D PowerManagerService: updateUserActivitySummaryLocked: groupId=0, mWakefulness=Awake, mUserActivitySummary=0x1, nextTimeout=1229617 (in 599877 ms)
06-25 17:27:00.638 1488 2848 D PowerManagerNotifier: onScreenPolicyUpdate: newPolicy=3
06-25 17:27:00.638 1488 2848 D PowerManagerService: updateDisplayPowerStateLocked: displayReady=true, groupId=0, policy=BRIGHT, mWakefulness=Awake, mWakeLockSummary=0x1, mUserActivitySummary=0x1, mBootCompleted=true, screenBrightnessOverride=NaN, useAutoBrightness=true, mScreenBrightnessBoostInProgress=false, mIsVrModeEnabled= false, sQuiescent=false
06-25 17:27:00.638 1488 2848 D PowerManagerNotifier: onWakeLockAcquired: flags=1, tag="i", packageName=com.tencent.android.qqdownloader, ownerUid=10111, ownerPid=3440, workSource=null
06-25 17:27:00.691 1488 1534 D PowerManagerService: releaseWakeLockInternal: lock=204717828 [i], flags=0x0
06-25 17:27:00.691 1488 1534 D PowerManagerNotifier: onWakeLockReleased: flags=1, tag="i", packageName=com.tencent.android.qqdownloader, ownerUid=10111, ownerPid=3440, workSource=null
06-25 17:27:00.691 1488 1617 I ActivityManager: Waited long enough for: ServiceRecord{cc459c2 u0 com.bilibili.bilithings/com.bilibili.lib.neuron.internal.NeuronLocalService}
06-25 17:27:00.691 1488 1534 D PowerManagerService: updateWakeLockSummaryLocked: mWakefulness=Awake, mWakeLockSummary=0x1
06-25 17:27:00.691 1488 1534 D PowerManagerService: updateUserActivitySummaryLocked: groupId=0, mWakefulness=Awake, mUserActivitySummary=0x1, nextTimeout=1229617 (in 599823 ms)
06-25 17:27:00.691 1488 1534 D PowerManagerNotifier: onScreenPolicyUpdate: newPolicy=3
06-25 17:27:00.691 1488 1534 D PowerManagerService: updateDisplayPowerStateLocked: displayReady=true, groupId=0, policy=BRIGHT, mWakefulness=Awake, mWakeLockSummary=0x1, mUserActivitySummary=0x1, mBootCompleted=true, screenBrightnessOverride=NaN, useAutoBrightness=true, mScreenBrightnessBoostInProgress=false, mIsVrModeEnabled= false, sQuiescent=false
06-25 17:27:00.697 1488 1534 D PowerManagerService: releaseWakeLockInternal: lock=122928365 [i], flags=0x0
06-25 17:27:00.697 1488 1534 D PowerManagerNotifier: onWakeLockReleased: flags=1, tag="i", packageName=com.tencent.android.qqdownloader, ownerUid=10111, ownerPid=3440, workSource=null
06-25 17:27:00.697 1488 1534 D PowerManagerService: updateWakeLockSummaryLocked: mWakefulness=Awake, mWakeLockSummary=0x1
06-25 17:27:00.697 1488 1534 D PowerManagerService: updateUserActivitySummaryLocked: groupId=0, mWakefulness=Awake, mUserActivitySummary=0x1, nextTimeout=1229617 (in 599817 ms)
06-25 17:27:00.697 1488 1534 D PowerManagerNotifier: onScreenPolicyUpdate: newPolicy=3
06-25 17:27:00.697 1488 1534 D PowerManagerService: updateDisplayPowerStateLocked: displayReady=true, groupId=0, policy=BRIGHT, mWakefulness=Awake, mWakeLockSummary=0x1, mUserActivitySummary=0x1, mBootCompleted=true, screenBrightnessOverride=NaN, useAutoBrightness=true, mScreenBrightnessBoostInProgress=false, mIsVrModeEnabled= false, sQuiescent=false
06-25 17:27:00.717 664 681 I mpu_uart: [MSG-P:RECV]:No message received in 1000 ms
06-25 17:27:00.727 1488 1603 I input_focus: [Focus request cd525b3 com.tencent.android.qqdownloader/com.tencent.pangu.activity.DownloadActivity,reason=UpdateInputWindows]
06-25 17:27:00.748 1488 1735 I input_focus: [Focus leaving e8b2abb com.tencent.android.qqdownloader/com.tencent.pangu.activity.DownloadActivity (server),reason=setFocusedWindow]
06-25 17:27:00.748 1488 1735 I input_focus: [Focus entering cd525b3 com.tencent.android.qqdownloader/com.tencent.pangu.activity.DownloadActivity (server),reason=setFocusedWindow]
06-25 17:27:00.749 3363 3363 I ImeService: ImeService(com.baidu.input.ImeService@35f94c9) life called >>> onFinishInput
06-25 17:27:00.750 3363 3363 D ImeService: onFinishInput
06-25 17:27:00.751 3363 3363 I ImeService: ImeService(com.baidu.input.ImeService@35f94c9) life called >>> onStartInput false 10.6.1003.16
06-25 17:27:00.751 3363 3363 D ImeService: current version:10.6.1003.16
06-25 17:27:00.751 3363 3363 D ImeService: onStartInput:packageName:com.tencent.android.qqdownloader inputType:0 restarting:false,fieldId:-1,imeOptions:0
06-25 17:27:00.753 3363 3971 E CarAuth : check ok
06-25 17:27:00.754 3363 3363 I ColorPicker: invalidatePickedColors: oldFloatColor=fff5f7fa
06-25 17:27:01.072 1488 8476 D PowerManagerService: releaseWakeLockInternal: lock=159667215 [*dexopt*], flags=0x0
06-25 17:27:01.072 1488 8476 D PowerManagerNotifier: onWakeLockReleased: flags=1, tag="*dexopt*", packageName=android, ownerUid=1000, ownerPid=1488, workSource=WorkSource{10121}
06-25 17:27:01.072 1488 8476 D PowerManagerService: updateWakeLockSummaryLocked: mWakefulness=Awake, mWakeLockSummary=0x1
06-25 17:27:01.072 1488 8476 D PowerManagerService: updateUserActivitySummaryLocked: groupId=0, mWakefulness=Awake, mUserActivitySummary=0x1, nextTimeout=1229617 (in 599442 ms)
06-25 17:27:01.072 1488 8476 D PowerManagerNotifier: onScreenPolicyUpdate: newPolicy=3
06-25 17:27:01.072 1488 8476 D PowerManagerService: updateDisplayPowerStateLocked: displayReady=true, groupId=0, policy=BRIGHT, mWakefulness=Awake, mWakeLockSummary=0x1, mUserActivitySummary=0x1, mBootCompleted=true, screenBrightnessOverride=NaN, useAutoBrightness=true, mScreenBrightnessBoostInProgress=false, mIsVrModeEnabled= false, sQuiescent=false
06-25 17:27:01.072 1488 8476 D PowerManagerService: acquireWakeLockInternal: lock=159667215, flags=0x1, tag="*dexopt*", ws=WorkSource{10107}, uid=1000, pid=1488
06-25 17:27:01.072 1488 8476 D PowerManagerService: updateWakeLockSummaryLocked: mWakefulness=Awake, mWakeLockSummary=0x1
06-25 17:27:01.073 1488 8476 D PowerManagerService: updateUserActivitySummaryLocked: groupId=0, mWakefulness=Awake, mUserActivitySummary=0x1, nextTimeout=1229617 (in 599442 ms)
06-25 17:27:01.073 1488 8476 D PowerManagerNotifier: onScreenPolicyUpdate: newPolicy=3
06-25 17:27:01.073 1488 8476 D PowerManagerService: updateDisplayPowerStateLocked: displayReady=true, groupId=0, policy=BRIGHT, mWakefulness=Awake, mWakeLockSummary=0x1, mUserActivitySummary=0x1, mBootCompleted=true, screenBrightnessOverride=NaN, useAutoBrightness=true, mScreenBrightnessBoostInProgress=false, mIsVrModeEnabled= false, sQuiescent=false
06-25 17:27:01.073 1488 8476 D PowerManagerNotifier: onWakeLockAcquired: flags=1, tag="*dexopt*", packageName=android, ownerUid=1000, ownerPid=1488, workSource=WorkSource{10107}
06-25 17:27:01.152 1488 1534 D PowerManagerService: acquireWakeLockInternal: lock=90657350, flags=0x1, tag="i", ws=null, uid=10111, pid=3440
06-25 17:27:01.152 1488 1534 D PowerManagerService: updateWakeLockSummaryLocked: mWakefulness=Awake, mWakeLockSummary=0x1
06-25 17:27:01.152 1488 1534 D PowerManagerService: updateUserActivitySummaryLocked: groupId=0, mWakefulness=Awake, mUserActivitySummary=0x1, nextTimeout=1229617 (in 599362 ms)
06-25 17:27:01.152 1488 1534 D PowerManagerNotifier: onScreenPolicyUpdate: newPolicy=3
06-25 17:27:01.152 1488 1534 D PowerManagerService: updateDisplayPowerStateLocked: displayReady=true, groupId=0, policy=BRIGHT, mWakefulness=Awake, mWakeLockSummary=0x1, mUserActivitySummary=0x1, mBootCompleted=true, screenBrightnessOverride=NaN, useAutoBrightness=true, mScreenBrightnessBoostInProgress=false, mIsVrModeEnabled= false, sQuiescent=false
06-25 17:27:01.152 1488 1534 D PowerManagerNotifier: onWakeLockAcquired: flags=1, tag="i", packageName=com.tencent.android.qqdownloader, ownerUid=10111, ownerPid=3440, workSource=null
06-25 17:27:01.228 1488 1735 I input_interaction: Interaction with: cd525b3 com.tencent.android.qqdownloader/com.tencent.pangu.activity.DownloadActivity (server), edge-swipe (server), swipe-up (server), PointerEventDispatcher0 (server),
06-25 17:27:01.228 1928 1928 D ViewTouchDebug: mView : com.android.systemui.navigationbar.NavigationBarFrame{7207003 V.E...... ........ 0,0-2560,46 #7f0b03f3 app:id/navigation_bar_frame}Receive event : MotionEvent { action=ACTION_OUTSIDE, actionButton=0, id[0]=0, x[0]=0.0, y[0]=-1034.0, toolType[0]=TOOL_TYPE_FINGER, buttonState=0, classification=NONE, metaState=0, flags=0x0, edgeFlags=0x0, pointerCount=1, historySize=0, eventTime=630330, downTime=630330, deviceId=4, source=0x5002, displayId=0, eventId=1639614597 }
06-25 17:27:01.228 1488 1735 D PowerManagerService: userActivityNoUpdateLocked: groupId=0, eventTime=630330, event=2, flags=0x0, uid=1000
06-25 17:27:01.228 1488 1735 D PowerManagerNotifier: onUserActivity: event=2, uid=1000
06-25 17:27:01.228 1488 1735 D PowerManagerService: updateUserActivitySummaryLocked: groupId=0, mWakefulness=Awake, mUserActivitySummary=0x1, nextTimeout=1230330 (in 599999 ms)
06-25 17:27:01.228 1488 1735 D PowerManagerNotifier: onScreenPolicyUpdate: newPolicy=3
06-25 17:27:01.228 1488 1735 D PowerManagerService: updateDisplayPowerStateLocked: displayReady=true, groupId=0, policy=BRIGHT, mWakefulness=Awake, mWakeLockSummary=0x1, mUserActivitySummary=0x1, mBootCompleted=true, screenBrightnessOverride=NaN, useAutoBrightness=true, mScreenBrightnessBoostInProgress=false, mIsVrModeEnabled= false, sQuiescent=false
06-25 17:27:01.229 3536 3536 D ViewTouchDebug: mView : DecorView@6d641ed[DownloadActivity]Receive event : MotionEvent { action=ACTION_DOWN, actionButton=0, id[0]=0, x[0]=356.24994, y[0]=192.5, toolType[0]=TOOL_TYPE_FINGER, buttonState=0, classification=NONE, metaState=0, flags=0x0, edgeFlags=0x0, pointerCount=1, historySize=0, eventTime=630330, downTime=630330, deviceId=4, source=0x5002, displayId=0, eventId=651375311 }
06-25 17:27:01.312 3536 3536 D ViewTouchDebug: mView : DecorView@6d641ed[DownloadActivity]Receive event : MotionEvent { action=ACTION_UP, actionButton=0, id[0]=0, x[0]=356.24994, y[0]=192.5, toolType[0]=TOOL_TYPE_FINGER, buttonState=0, classification=NONE, metaState=0, flags=0x0, edgeFlags=0x0, pointerCount=1, historySize=0, eventTime=630414, downTime=630330, deviceId=4, source=0x5002, displayId=0, eventId=291041859 }
06-25 17:27:01.314 1488 1534 W InputManager-JNI: Input channel object 'cd525b3 com.tencent.android.qqdownloader/com.tencent.pangu.activity.DownloadActivity (client)' was disposed without first being removed with the input manager!
06-25 17:27:01.319 1488 1603 I input_focus: [Focus request e8b2abb com.tencent.android.qqdownloader/com.tencent.pangu.activity.DownloadActivity,reason=UpdateInputWindows]
06-25 17:27:01.319 1488 1534 D PowerManagerService: acquireWakeLockInternal: lock=95075165, flags=0x1, tag="i", ws=null, uid=10111, pid=3440
06-25 17:27:01.319 1488 1534 D PowerManagerService: updateWakeLockSummaryLocked: mWakefulness=Awake, mWakeLockSummary=0x1
06-25 17:27:01.320 1488 1534 D PowerManagerService: updateUserActivitySummaryLocked: groupId=0, mWakefulness=Awake, mUserActivitySummary=0x1, nextTimeout=1230330 (in 599908 ms)
06-25 17:27:01.320 1488 1534 D PowerManagerNotifier: onScreenPolicyUpdate: newPolicy=3
06-25 17:27:01.320 1488 1534 D PowerManagerService: updateDisplayPowerStateLocked: displayReady=true, groupId=0, policy=BRIGHT, mWakefulness=Awake, mWakeLockSummary=0x1, mUserActivitySummary=0x1, mBootCompleted=true, screenBrightnessOverride=NaN, useAutoBrightness=true, mScreenBrightnessBoostInProgress=false, mIsVrModeEnabled= false, sQuiescent=false
06-25 17:27:01.320 1488 1534 D PowerManagerNotifier: onWakeLockAcquired: flags=1, tag="i", packageName=com.tencent.android.qqdownloader, ownerUid=10111, ownerPid=3440, workSource=null
06-25 17:27:01.342 1488 1534 D PowerManagerService: releaseWakeLockInternal: lock=90657350 [i], flags=0x0
06-25 17:27:01.342 1488 1534 D PowerManagerNotifier: onWakeLockReleased: flags=1, tag="i", packageName=com.tencent.android.qqdownloader, ownerUid=10111, ownerPid=3440, workSource=null
06-25 17:27:01.342 1488 1534 D PowerManagerService: updateWakeLockSummaryLocked: mWakefulness=Awake, mWakeLockSummary=0x1
06-25 17:27:01.342 1488 1534 D PowerManagerService: updateUserActivitySummaryLocked: groupId=0, mWakefulness=Awake, mUserActivitySummary=0x1, nextTimeout=1230330 (in 599885 ms)
06-25 17:27:01.342 1488 1534 D PowerManagerNotifier: onScreenPolicyUpdate: newPolicy=3
06-25 17:27:01.342 1488 1534 D PowerManagerService: updateDisplayPowerStateLocked: displayReady=true, groupId=0, policy=BRIGHT, mWakefulness=Awake, mWakeLockSummary=0x1, mUserActivitySummary=0x1, mBootCompleted=true, screenBrightnessOverride=NaN, useAutoBrightness=true, mScreenBrightnessBoostInProgress=false, mIsVrModeEnabled= false, sQuiescent=false
06-25 17:27:01.348 1488 1735 I input_focus: [Focus entering e8b2abb com.tencent.android.qqdownloader/com.tencent.pangu.activity.DownloadActivity (server),reason=setFocusedWindow]
06-25 17:27:01.361 3536 3593 E SQLiteLog: (1) no such table: segfiletable in "select * from segfiletable where task_id = ?"
06-25 17:27:01.361 3536 3593 W System.err: android.database.sqlite.SQLiteException: no such table: segfiletable (code 1 SQLITE_ERROR): , while compiling: select * from segfiletable where task_id = ?
06-25 17:27:01.361 3536 3593 W System.err: at android.database.sqlite.SQLiteConnection.nativePrepareStatement(Native Method)
06-25 17:27:01.361 3536 3593 W System.err: at android.database.sqlite.SQLiteConnection.acquirePreparedStatement(SQLiteConnection.java:1047)
06-25 17:27:01.361 3536 3593 W System.err: at android.database.sqlite.SQLiteConnection.prepare(SQLiteConnection.java:654)
06-25 17:27:01.361 3536 3593 W System.err: at android.database.sqlite.SQLiteSession.prepare(SQLiteSession.java:590)
06-25 17:27:01.361 3536 3593 W System.err: at android.database.sqlite.SQLiteProgram.(SQLiteProgram.java:62)
06-25 17:27:01.361 3536 3593 W System.err: at android.database.sqlite.SQLiteQuery.(SQLiteQuery.java:37)
06-25 17:27:01.361 3536 3593 W System.err: at android.database.sqlite.SQLiteDirectCursorDriver.query(SQLiteDirectCursorDriver.java:46)
06-25 17:27:01.361 3536 3593 W System.err: at android.database.sqlite.SQLiteDatabase.rawQueryWithFactory(SQLiteDatabase.java:1546)
06-25 17:27:01.361 3536 3593 W System.err: at android.database.sqlite.SQLiteDatabase.rawQuery(SQLiteDatabase.java:1485)
06-25 17:27:01.361 3536 3593 W System.err: at com.tencent.download.table.b.a(Unknown Source:32)
06-25 17:27:01.361 3536 3593 W System.err: at com.tencent.download.k.(Unknown Source:25)
06-25 17:27:01.361 3536 3593 W System.err: at com.tencent.download.DownloadManager.handleSegStragey(Unknown Source:58)
06-25 17:27:01.361 3536 3593 W System.err: at com.tencent.download.DownloadManager.startNewTask(Unknown Source:11)
06-25 17:27:01.361 3536 3593 W System.err: at com.tencent.download.DownloadManager.start(Unknown Source:78)
06-25 17:27:01.361 3536 3593 W System.err: at com.tencent.download.DownloadManager.start(Unknown Source:1)
06-25 17:27:01.361 3536 3593 W System.err: at com.tencent.pangu.manager.ipc.DownloadServiceProxy.b(Unknown Source:386)
06-25 17:27:01.361 3536 3593 W System.err: at com.tencent.pangu.manager.ipc.DownloadServiceProxy.g(Unknown Source:299)
06-25 17:27:01.361 3536 3593 W System.err: at com.tencent.pangu.manager.ipc.o.run(Unknown Source:23)
06-25 17:27:01.361 3536 3593 W System.err: at java.util.concurrent.Executors$RunnableAdapter.call(Executors.java:462)
06-25 17:27:01.361 3536 3593 W System.err: at java.util.concurrent.FutureTask.run(FutureTask.java:266)
06-25 17:27:01.361 3536 3593 W System.err: at java.util.concurrent.ScheduledThreadPoolExecutor$ScheduledFutureTask.run(ScheduledThreadPoolExecutor.java:301)
06-25 17:27:01.361 3536 3593 W System.err: at java.util.concurrent.ThreadPoolExecutor.runWorker(ThreadPoolExecutor.java:1167)
06-25 17:27:01.361 3536 3593 W System.err: at java.util.concurrent.ThreadPoolExecutor$Worker.run(ThreadPoolExecutor.java:641)
06-25 17:27:01.361 3536 3593 W System.err: at com.tencent.raft.threadservice.impl.v.run(Unknown Source:13)
06-25 17:27:01.361 3536 3593 W System.err: at java.lang.Thread.run(Thread.java:920)
06-25 17:27:01.361 3536 3593 E SQLiteLog: (1) no such table: segfiletable in "DELETE FROM segfiletable WHERE task_id=?"
06-25 17:27:01.361 3536 3593 W System.err: android.database.sqlite.SQLiteException: no such table: segfiletable (code 1 SQLITE_ERROR): , while compiling: DELETE FROM segfiletable WHERE task_id=?
06-25 17:27:01.361 3363 3363 I ImeService: ImeService(com.baidu.input.ImeService@35f94c9) life called >>> onFinishInput
06-25 17:27:01.361 3536 3593 W System.err: at android.database.sqlite.SQLiteConnection.nativePrepareStatement(Native Method)
06-25 17:27:01.361 3536 3593 W System.err: at android.database.sqlite.SQLiteConnection.acquirePreparedStatement(SQLiteConnection.java:1047)
06-25 17:27:01.361 3536 3593 W System.err: at android.database.sqlite.SQLiteConnection.prepare(SQLiteConnection.java:654)
06-25 17:27:01.361 3536 3593 W System.err: at android.database.sqlite.SQLiteSession.prepare(SQLiteSession.java:590)
06-25 17:27:01.362 3536 3593 W System.err: at android.database.sqlite.SQLiteProgram.(SQLiteProgram.java:62)
06-25 17:27:01.362 3536 3593 W System.err: at android.database.sqlite.SQLiteStatement.(SQLiteStatement.java:34)
06-25 17:27:01.362 3536 3593 W System.err: at android.database.sqlite.SQLiteDatabase.delete(SQLiteDatabase.java:1728)
06-25 17:27:01.362 3536 3593 W System.err: at com.tencent.download.table.b.b(Unknown Source:44)
06-25 17:27:01.362 3536 3593 W System.err: at com.tencent.download.k.a(Unknown Source:6)
06-25 17:27:01.362 3536 3593 W System.err: at com.tencent.download.DownloadManager.handleSegStragey(Unknown Source:118)
06-25 17:27:01.362 3536 3593 W System.err: at com.tencent.download.DownloadManager.startNewTask(Unknown Source:11)
06-25 17:27:01.362 3363 3363 D ImeService: onFinishInput
06-25 17:27:01.362 3536 3593 W System.err: at com.tencent.download.DownloadManager.start(Unknown Source:78)
06-25 17:27:01.362 3536 3593 W System.err: at com.tencent.download.DownloadManager.start(Unknown Source:1)
06-25 17:27:01.362 3536 3593 W System.err: at com.tencent.pangu.manager.ipc.DownloadServiceProxy.b(Unknown Source:386)
06-25 17:27:01.362 3536 3593 W System.err: at com.tencent.pangu.manager.ipc.DownloadServiceProxy.g(Unknown Source:299)
06-25 17:27:01.362 3536 3593 W System.err: at com.tencent.pangu.manager.ipc.o.run(Unknown Source:23)
06-25 17:27:01.362 3536 3593 W System.err: at java.util.concurrent.Executors$RunnableAdapter.call(Executors.java:462)
06-25 17:27:01.362 3536 3593 W System.err: at java.util.concurrent.FutureTask.run(FutureTask.java:266)
06-25 17:27:01.362 3536 3593 W System.err: at java.util.concurrent.ScheduledThreadPoolExecutor$ScheduledFutureTask.run(ScheduledThreadPoolExecutor.java:301)
06-25 17:27:01.362 3536 3593 W System.err: at java.util.concurrent.ThreadPoolExecutor.runWorker(ThreadPoolExecutor.java:1167)
06-25 17:27:01.362 3536 3593 W System.err: at java.util.concurrent.ThreadPoolExecutor$Worker.run(ThreadPoolExecutor.java:641)
06-25 17:27:01.362 3536 3593 W System.err: at com.tencent.raft.threadservice.impl.v.run(Unknown Source:13)
06-25 17:27:01.362 3536 3593 W System.err: at java.lang.Thread.run(Thread.java:920)
06-25 17:27:01.363 3363 3363 I ImeService: ImeService(com.baidu.input.ImeService@35f94c9) life called >>> onStartInput false 10.6.1003.16
06-25 17:27:01.363 3363 3363 D ImeService: current version:10.6.1003.16
06-25 17:27:01.363 3363 3363 D ImeService: onStartInput:packageName:com.tencent.android.qqdownloader inputType:0 restarting:false,fieldId:-1,imeOptions:0
06-25 17:27:01.365 3363 3987 E CarAuth : check ok
06-25 17:27:01.367 3363 3363 I ColorPicker: invalidatePickedColors: oldFloatColor=fff5f7fa
06-25 17:27:01.369 1488 1534 D PowerManagerService: acquireWakeLockInternal: lock=64794713, flags=0x1, tag="i", ws=null, uid=10111, pid=3440
06-25 17:27:01.369 1488 1534 D PowerManagerService: updateWakeLockSummaryLocked: mWakefulness=Awake, mWakeLockSummary=0x1
06-25 17:27:01.369 1488 1534 D PowerManagerService: updateUserActivitySummaryLocked: groupId=0, mWakefulness=Awake, mUserActivitySummary=0x1, nextTimeout=1230330 (in 599858 ms)
06-25 17:27:01.369 1488 1534 D PowerManagerNotifier: onScreenPolicyUpdate: newPolicy=3
06-25 17:27:01.369 1488 1534 D PowerManagerService: updateDisplayPowerStateLocked: displayReady=true, groupId=0, policy=BRIGHT, mWakefulness=Awake, mWakeLockSummary=0x1, mUserActivitySummary=0x1, mBootCompleted=true, screenBrightnessOverride=NaN, useAutoBrightness=true, mScreenBrightnessBoostInProgress=false, mIsVrModeEnabled= false, sQuiescent=false
06-25 17:27:01.370 1488 1534 D PowerManagerNotifier: onWakeLockAcquired: flags=1, tag="i", packageName=com.tencent.android.qqdownloader, ownerUid=10111, ownerPid=3440, workSource=null
06-25 17:27:01.372 3536 8537 W System.err: java.lang.NumberFormatException: For input string: "yun-hl"
06-25 17:27:01.372 3536 8537 W System.err: at java.lang.Integer.parseInt(Integer.java:615)
06-25 17:27:01.372 3536 8537 W System.err: at java.lang.Integer.parseInt(Integer.java:650)
06-25 17:27:01.372 3536 8537 W System.err: at com.tencent.halley.common.f.h.d(Unknown Source:74)
06-25 17:27:01.372 3536 8537 W System.err: at com.tencent.halley.common.b.a.g.b(Unknown Source:60)
06-25 17:27:01.372 3536 8537 W System.err: at com.tencent.halley.common.b.a.c.b(Unknown Source:389)
06-25 17:27:01.372 3536 8537 W System.err: at com.tencent.halley.downloader.d.c.a(Unknown Source:85)
06-25 17:27:01.372 3536 8537 W System.err: at com.tencent.halley.downloader.task.section.d.run(Unknown Source:155)
06-25 17:27:01.372 3536 8537 W System.err: at java.util.concurrent.Executors$RunnableAdapter.call(Executors.java:462)
06-25 17:27:01.373 3536 8537 W System.err: at java.util.concurrent.FutureTask.run(FutureTask.java:266)
06-25 17:27:01.373 3536 8537 W System.err: at java.util.concurrent.ThreadPoolExecutor.runWorker(ThreadPoolExecutor.java:1167)
06-25 17:27:01.373 3536 8537 W System.err: at java.util.concurrent.ThreadPoolExecutor$Worker.run(ThreadPoolExecutor.java:641)
06-25 17:27:01.373 3536 8537 W System.err: at java.lang.Thread.run(Thread.java:920)
06-25 17:27:01.375 1488 1534 D PowerManagerService: acquireWakeLockInternal: lock=8938526, flags=0x1, tag="i", ws=null, uid=10111, pid=3440
06-25 17:27:01.376 1488 1534 D PowerManagerService: updateWakeLockSummaryLocked: mWakefulness=Awake, mWakeLockSummary=0x1
06-25 17:27:01.376 1488 1534 D PowerManagerService: updateUserActivitySummaryLocked: groupId=0, mWakefulness=Awake, mUserActivitySummary=0x1, nextTimeout=1230330 (in 599852 ms)
06-25 17:27:01.376 1488 1534 D PowerManagerNotifier: onScreenPolicyUpdate: newPolicy=3
06-25 17:27:01.376 1488 1534 D PowerManagerService: updateDisplayPowerStateLocked: displayReady=true, groupId=0, policy=BRIGHT, mWakefulness=Awake, mWakeLockSummary=0x1, mUserActivitySummary=0x1, mBootCompleted=true, screenBrightnessOverride=NaN, useAutoBrightness=true, mScreenBrightnessBoostInProgress=false, mIsVrModeEnabled= false, sQuiescent=false
06-25 17:27:01.376 1488 1534 D PowerManagerNotifier: onWakeLockAcquired: flags=1, tag="i", packageName=com.tencent.android.qqdownloader, ownerUid=10111, ownerPid=3440, workSource=null
06-25 17:27:01.380 1488 1745 D CompatibilityInfo: mCompatibilityFlags - 4
06-25 17:27:01.380 1488 1745 D CompatibilityInfo: applicationDensity - 240
06-25 17:27:01.380 1488 1745 D CompatibilityInfo: applicationScale - 1.0
06-25 17:27:01.387 1488 2089 D PowerManagerService: releaseWakeLockInternal: lock=95075165 [i], flags=0x0
06-25 17:27:01.387 1488 2089 D PowerManagerNotifier: onWakeLockReleased: flags=1, tag="i", packageName=com.tencent.android.qqdownloader, ownerUid=10111, ownerPid=3440, workSource=null
06-25 17:27:01.387 1488 2089 D PowerManagerService: updateWakeLockSummaryLocked: mWakefulness=Awake, mWakeLockSummary=0x1
06-25 17:27:01.387 1488 2089 D PowerManagerService: updateUserActivitySummaryLocked: groupId=0, mWakefulness=Awake, mUserActivitySummary=0x1, nextTimeout=1230330 (in 599840 ms)
06-25 17:27:01.387 1488 2089 D PowerManagerNotifier: onScreenPolicyUpdate: newPolicy=3
06-25 17:27:01.388 1488 2089 D PowerManagerService: updateDisplayPowerStateLocked: displayReady=true, groupId=0, policy=BRIGHT, mWakefulness=Awake, mWakeLockSummary=0x1, mUserActivitySummary=0x1, mBootCompleted=true, screenBrightnessOverride=NaN, useAutoBrightness=true, mScreenBrightnessBoostInProgress=false, mIsVrModeEnabled= false, sQuiescent=false
06-25 17:27:01.401 1488 1617 I ActivityManager: Deferring FGS notification in legacy app com.tencent.android.qqdownloader/u0a111 : Notification(channel=channel_id_default_silent shortcut=null contentView=null vibrate=null sound=null tick defaults=0x0 flags=0x240 color=0x00000000 groupKey=com.tencent.android.qqdownloader vis=PRIVATE)
06-25 17:27:01.479 1488 2089 D PowerManagerService: releaseWakeLockInternal: lock=8938526 [i], flags=0x0
06-25 17:27:01.479 1488 2089 D PowerManagerNotifier: onWakeLockReleased: flags=1, tag="i", packageName=com.tencent.android.qqdownloader, ownerUid=10111, ownerPid=3440, workSource=null
06-25 17:27:01.479 1488 2089 D PowerManagerService: updateWakeLockSummaryLocked: mWakefulness=Awake, mWakeLockSummary=0x1
06-25 17:27:01.479 1488 2089 D PowerManagerService: updateUserActivitySummaryLocked: groupId=0, mWakefulness=Awake, mUserActivitySummary=0x1, nextTimeout=1230330 (in 599748 ms)
06-25 17:27:01.479 1488 2089 D PowerManagerNotifier: onScreenPolicyUpdate: newPolicy=3
06-25 17:27:01.479 1488 2089 D PowerManagerService: updateDisplayPowerStateLocked: displayReady=true, groupId=0, policy=BRIGHT, mWakefulness=Awake, mWakeLockSummary=0x1, mUserActivitySummary=0x1, mBootCompleted=true, screenBrightnessOverride=NaN, useAutoBrightness=true, mScreenBrightnessBoostInProgress=false, mIsVrModeEnabled= false, sQuiescent=false
06-25 17:27:01.513 1488 2089 D PowerManagerService: releaseWakeLockInternal: lock=64794713 [i], flags=0x0
06-25 17:27:01.513 1488 2089 D PowerManagerNotifier: onWakeLockReleased: flags=1, tag="i", packageName=com.tencent.android.qqdownloader, ownerUid=10111, ownerPid=3440, workSource=null
06-25 17:27:01.514 1488 2089 D PowerManagerService: updateWakeLockSummaryLocked: mWakefulness=Awake, mWakeLockSummary=0x1
06-25 17:27:01.514 1488 2089 D PowerManagerService: updateUserActivitySummaryLocked: groupId=0, mWakefulness=Awake, mUserActivitySummary=0x1, nextTimeout=1230330 (in 599714 ms)
06-25 17:27:01.514 1488 2089 D PowerManagerNotifier: onScreenPolicyUpdate: newPolicy=3
06-25 17:27:01.514 1488 2089 D PowerManagerService: updateDisplayPowerStateLocked: displayReady=true, groupId=0, policy=BRIGHT, mWakefulness=Awake, mWakeLockSummary=0x1, mUserActivitySummary=0x1, mBootCompleted=true, screenBrightnessOverride=NaN, useAutoBrightness=true, mScreenBrightnessBoostInProgress=false, mIsVrModeEnabled= false, sQuiescent=false
06-25 17:27:01.686 1488 1735 I input_interaction: Interaction with: e8b2abb com.tencent.android.qqdownloader/com.tencent.pangu.activity.DownloadActivity (server), edge-swipe (server), swipe-up (server), PointerEventDispatcher0 (server),
06-25 17:27:01.686 1488 1735 D PowerManagerService: userActivityNoUpdateLocked: groupId=0, eventTime=630789, event=2, flags=0x0, uid=1000
06-25 17:27:01.686 3536 3536 D ViewTouchDebug: mView : DecorView@3609190[DownloadActivity]Receive event : MotionEvent { action=ACTION_DOWN, actionButton=0, id[0]=0, x[0]=607.49994, y[0]=616.24994, toolType[0]=TOOL_TYPE_FINGER, buttonState=0, classification=NONE, metaState=0, flags=0x0, edgeFlags=0x0, pointerCount=1, historySize=0, eventTime=630789, downTime=630789, deviceId=4, source=0x5002, displayId=0, eventId=1033045323 }
06-25 17:27:01.686 1928 1928 D ViewTouchDebug: mView : com.android.systemui.navigationbar.NavigationBarFrame{7207003 V.E...... ........ 0,0-2560,46 #7f0b03f3 app:id/navigation_bar_frame}Receive event : MotionEvent { action=ACTION_OUTSIDE, actionButton=0, id[0]=0, x[0]=0.0, y[0]=-1034.0, toolType[0]=TOOL_TYPE_FINGER, buttonState=0, classification=NONE, metaState=0, flags=0x0, edgeFlags=0x0, pointerCount=1, historySize=0, eventTime=630789, downTime=630789, deviceId=4, source=0x5002, displayId=0, eventId=1793346393 }
06-25 17:27:01.687 1488 1735 D PowerManagerNotifier: onUserActivity: event=2, uid=1000
06-25 17:27:01.687 1488 1735 D PowerManagerService: updateUserActivitySummaryLocked: groupId=0, mWakefulness=Awake, mUserActivitySummary=0x1, nextTimeout=1230789 (in 599999 ms)
06-25 17:27:01.687 1488 1735 D PowerManagerNotifier: onScreenPolicyUpdate: newPolicy=3
06-25 17:27:01.687 1488 1735 D PowerManagerService: updateDisplayPowerStateLocked: displayReady=true, groupId=0, policy=BRIGHT, mWakefulness=Awake, mWakeLockSummary=0x1, mUserActivitySummary=0x1, mBootCompleted=true, screenBrightnessOverride=NaN, useAutoBrightness=true, mScreenBrightnessBoostInProgress=false, mIsVrModeEnabled= false, sQuiescent=false
06-25 17:27:01.717 664 681 I mpu_uart: [MSG-P:RECV]:No message received in 1000 ms
06-25 17:27:01.724 3536 8537 W System.err: java.lang.NullPointerException: Attempt to invoke virtual method 'java.lang.String org.json.JSONObject.optString(java.lang.String)' on a null object reference
06-25 17:27:01.724 3536 8537 W System.err: at com.tencent.halley.downloader.d.a.a.a(Unknown Source:5)
06-25 17:27:01.724 3536 8537 W System.err: at com.tencent.halley.downloader.d.a.a.(Unknown Source:10)
06-25 17:27:01.724 3536 8537 W System.err: at com.tencent.halley.downloader.d.c.a(Unknown Source:164)
06-25 17:27:01.724 3536 8537 W System.err: at com.tencent.halley.downloader.task.section.d.run(Unknown Source:155)
06-25 17:27:01.724 3536 8537 W System.err: at java.util.concurrent.Executors$RunnableAdapter.call(Executors.java:462)
06-25 17:27:01.724 3536 8537 W System.err: at java.util.concurrent.FutureTask.run(FutureTask.java:266)
06-25 17:27:01.724 3536 8537 W System.err: at java.util.concurrent.ThreadPoolExecutor.runWorker(ThreadPoolExecutor.java:1167)
06-25 17:27:01.724 3536 8537 W System.err: at java.util.concurrent.ThreadPoolExecutor$Worker.run(ThreadPoolExecutor.java:641)
06-25 17:27:01.724 3536 8537 W System.err: at java.lang.Thread.run(Thread.java:920)
06-25 17:27:01.780 3536 3536 D ViewTouchDebug: mView : DecorView@3609190[DownloadActivity]Receive event : MotionEvent { action=ACTION_UP, actionButton=0, id[0]=0, x[0]=607.49994, y[0]=616.24994, toolType[0]=TOOL_TYPE_FINGER, buttonState=0, classification=NONE, metaState=0, flags=0x0, edgeFlags=0x0, pointerCount=1, historySize=0, eventTime=630882, downTime=630789, deviceId=4, source=0x5002, displayId=0, eventId=686389527 }
06-25 17:27:01.804 1488 1534 D PowerManagerService: acquireWakeLockInternal: lock=191988983, flags=0x1, tag="i", ws=null, uid=10111, pid=3440
06-25 17:27:01.805 1488 1534 D PowerManagerService: updateWakeLockSummaryLocked: mWakefulness=Awake, mWakeLockSummary=0x1
06-25 17:27:01.805 1488 1534 D PowerManagerService: updateUserActivitySummaryLocked: groupId=0, mWakefulness=Awake, mUserActivitySummary=0x1, nextTimeout=1230789 (in 599882 ms)
06-25 17:27:01.805 1488 1534 D PowerManagerNotifier: onScreenPolicyUpdate: newPolicy=3
06-25 17:27:01.805 1488 1534 D PowerManagerService: updateDisplayPowerStateLocked: displayReady=true, groupId=0, policy=BRIGHT, mWakefulness=Awake, mWakeLockSummary=0x1, mUserActivitySummary=0x1, mBootCompleted=true, screenBrightnessOverride=NaN, useAutoBrightness=true, mScreenBrightnessBoostInProgress=false, mIsVrModeEnabled= false, sQuiescent=false
06-25 17:27:01.805 1488 1534 D PowerManagerNotifier: onWakeLockAcquired: flags=1, tag="i", packageName=com.tencent.android.qqdownloader, ownerUid=10111, ownerPid=3440, workSource=null
06-25 17:27:01.880 1488 1534 D PowerManagerService: releaseWakeLockInternal: lock=191988983 [i], flags=0x0
06-25 17:27:01.880 1488 1534 D PowerManagerNotifier: onWakeLockReleased: flags=1, tag="i", packageName=com.tencent.android.qqdownloader, ownerUid=10111, ownerPid=3440, workSource=null
06-25 17:27:01.880 1488 1534 D PowerManagerService: updateWakeLockSummaryLocked: mWakefulness=Awake, mWakeLockSummary=0x1
06-25 17:27:01.880 1488 1534 D PowerManagerService: updateUserActivitySummaryLocked: groupId=0, mWakefulness=Awake, mUserActivitySummary=0x1, nextTimeout=1230789 (in 599806 ms)
06-25 17:27:01.880 1488 1534 D PowerManagerNotifier: onScreenPolicyUpdate: newPolicy=3
06-25 17:27:01.881 1488 1534 D PowerManagerService: updateDisplayPowerStateLocked: displayReady=true, groupId=0, policy=BRIGHT, mWakefulness=Awake, mWakeLockSummary=0x1, mUserActivitySummary=0x1, mBootCompleted=true, screenBrightnessOverride=NaN, useAutoBrightness=true, mScreenBrightnessBoostInProgress=false, mIsVrModeEnabled= false, sQuiescent=false
06-25 17:27:01.911 1488 1603 I input_focus: [Focus request 1b635cd com.tencent.android.qqdownloader/com.tencent.pangu.activity.DownloadActivity,reason=UpdateInputWindows]
06-25 17:27:01.932 1488 1735 I input_focus: [Focus leaving e8b2abb com.tencent.android.qqdownloader/com.tencent.pangu.activity.DownloadActivity (server),reason=setFocusedWindow]
06-25 17:27:01.932 1488 1735 I input_focus: [Focus entering 1b635cd com.tencent.android.qqdownloader/com.tencent.pangu.activity.DownloadActivity (server),reason=setFocusedWindow]
06-25 17:27:01.933 3363 3363 I ImeService: ImeService(com.baidu.input.ImeService@35f94c9) life called >>> onFinishInput
06-25 17:27:01.933 3363 3363 D ImeService: onFinishInput
06-25 17:27:01.934 3363 3363 I ImeService: ImeService(com.baidu.input.ImeService@35f94c9) life called >>> onStartInput false 10.6.1003.16
06-25 17:27:01.934 3363 3363 D ImeService: current version:10.6.1003.16
06-25 17:27:01.934 3363 3363 D ImeService: onStartInput:packageName:com.tencent.android.qqdownloader inputType:0 restarting:false,fieldId:-1,imeOptions:0
06-25 17:27:01.936 3363 3997 E CarAuth : check ok
06-25 17:27:01.938 3363 3363 I ColorPicker: invalidatePickedColors: oldFloatColor=fff5f7fa
06-25 17:27:02.027 2142 5449 D MicroService: handleHeartBeat:344
06-25 17:27:02.047 2142 2142 D MicroService: onHeartBeatDetected
06-25 17:27:02.047 2142 2142 D MicroService: sendHeartbeatMessage
06-25 17:27:02.086 1488 2089 D PowerManagerService: acquireWakeLockInternal: lock=267676634, flags=0x1, tag="i", ws=null, uid=10111, pid=3440
06-25 17:27:02.086 1488 2089 D PowerManagerService: updateWakeLockSummaryLocked: mWakefulness=Awake, mWakeLockSummary=0x1
06-25 17:27:02.086 1488 2089 D PowerManagerService: updateUserActivitySummaryLocked: groupId=0, mWakefulness=Awake, mUserActivitySummary=0x1, nextTimeout=1230789 (in 599600 ms)
06-25 17:27:02.086 1488 2089 D PowerManagerNotifier: onScreenPolicyUpdate: newPolicy=3
06-25 17:27:02.086 1488 2089 D PowerManagerService: updateDisplayPowerStateLocked: displayReady=true, groupId=0, policy=BRIGHT, mWakefulness=Awake, mWakeLockSummary=0x1, mUserActivitySummary=0x1, mBootCompleted=true, screenBrightnessOverride=NaN, useAutoBrightness=true, mScreenBrightnessBoostInProgress=false, mIsVrModeEnabled= false, sQuiescent=false
06-25 17:27:02.086 1488 2089 D PowerManagerNotifier: onWakeLockAcquired: flags=1, tag="i", packageName=com.tencent.android.qqdownloader, ownerUid=10111, ownerPid=3440, workSource=null
06-25 17:27:02.107 664 680 D mpu_uart: [MSG-P:R-M]:recved H:38, L:0
06-25 17:27:02.107 664 680 V mpu_uart: recv data buf:[0x3c, 0x26, 0x0, 0x2, 0xd, 0x2, 0x1, 0x1c, 0xd, 0xa, 0x20, 0x42, 0x2d, 0x6d, 0x61, 0x69, 0x6e, 0x5f, 0x6c, 0x6f, 0x6f, 0x70, 0x20, 0x69, 0x73, 0x20, 0x72, 0x75, 0x6e, 0x6e, 0x69, 0x6e, 0x67, 0xd, 0xa, 0x0, 0x0, 0x70, ]
06-25 17:27:02.107 664 681 D mpu_uart: [SESSION-Distribute]:Message en queue:d
06-25 17:27:02.162 1488 1534 D PowerManagerService: releaseWakeLockInternal: lock=267676634 [i], flags=0x0
06-25 17:27:02.162 1488 1534 D PowerManagerNotifier: onWakeLockReleased: flags=1, tag="i", packageName=com.tencent.android.qqdownloader, ownerUid=10111, ownerPid=3440, workSource=null
06-25 17:27:02.162 1488 1534 D PowerManagerService: updateWakeLockSummaryLocked: mWakefulness=Awake, mWakeLockSummary=0x1
06-25 17:27:02.162 1488 1534 D PowerManagerService: updateUserActivitySummaryLocked: groupId=0, mWakefulness=Awake, mUserActivitySummary=0x1, nextTimeout=1230789 (in 599524 ms)
06-25 17:27:02.162 1488 1534 D PowerManagerNotifier: onScreenPolicyUpdate: newPolicy=3
06-25 17:27:02.162 1488 1534 D PowerManagerService: updateDisplayPowerStateLocked: displayReady=true, groupId=0, policy=BRIGHT, mWakefulness=Awake, mWakeLockSummary=0x1, mUserActivitySummary=0x1, mBootCompleted=true, screenBrightnessOverride=NaN, useAutoBrightness=true, mScreenBrightnessBoostInProgress=false, mIsVrModeEnabled= false, sQuiescent=false
06-25 17:27:02.412 1488 8476 D PowerManagerService: releaseWakeLockInternal: lock=159667215 [*dexopt*], flags=0x0
06-25 17:27:02.412 1488 8476 D PowerManagerNotifier: onWakeLockReleased: flags=1, tag="*dexopt*", packageName=android, ownerUid=1000, ownerPid=1488, workSource=WorkSource{10107}
06-25 17:27:02.412 1488 8476 D PowerManagerService: updateWakeLockSummaryLocked: mWakefulness=Awake, mWakeLockSummary=0x1
06-25 17:27:02.412 1488 8476 D PowerManagerService: updateUserActivitySummaryLocked: groupId=0, mWakefulness=Awake, mUserActivitySummary=0x1, nextTimeout=1230789 (in 599274 ms)
06-25 17:27:02.412 1488 8476 D PowerManagerNotifier: onScreenPolicyUpdate: newPolicy=3
06-25 17:27:02.412 1488 8476 D PowerManagerService: updateDisplayPowerStateLocked: displayReady=true, groupId=0, policy=BRIGHT, mWakefulness=Awake, mWakeLockSummary=0x1, mUserActivitySummary=0x1, mBootCompleted=true, screenBrightnessOverride=NaN, useAutoBrightness=true, mScreenBrightnessBoostInProgress=false, mIsVrModeEnabled= false, sQuiescent=false
06-25 17:27:02.412 1488 8476 D PowerManagerService: acquireWakeLockInternal: lock=159667215, flags=0x1, tag="*dexopt*", ws=WorkSource{10021}, uid=1000, pid=1488
06-25 17:27:02.412 1488 8476 D PowerManagerService: updateWakeLockSummaryLocked: mWakefulness=Awake, mWakeLockSummary=0x1
06-25 17:27:02.412 1488 8476 D PowerManagerService: updateUserActivitySummaryLocked: groupId=0, mWakefulness=Awake, mUserActivitySummary=0x1, nextTimeout=1230789 (in 599274 ms)
06-25 17:27:02.412 1488 8476 D PowerManagerNotifier: onScreenPolicyUpdate: newPolicy=3
06-25 17:27:02.412 1488 8476 D PowerManagerService: updateDisplayPowerStateLocked: displayReady=true, groupId=0, policy=BRIGHT, mWakefulness=Awake, mWakeLockSummary=0x1, mUserActivitySummary=0x1, mBootCompleted=true, screenBrightnessOverride=NaN, useAutoBrightness=true, mScreenBrightnessBoostInProgress=false, mIsVrModeEnabled= false, sQuiescent=false
06-25 17:27:02.412 1488 8476 D PowerManagerNotifier: onWakeLockAcquired: flags=1, tag="*dexopt*", packageName=android, ownerUid=1000, ownerPid=1488, workSource=WorkSource{10021}
06-25 17:27:02.414 1488 1735 I input_interaction: Interaction with: 1b635cd com.tencent.android.qqdownloader/com.tencent.pangu.activity.DownloadActivity (server), edge-swipe (server), swipe-up (server), PointerEventDispatcher0 (server),
06-25 17:27:02.414 1488 1735 D PowerManagerService: userActivityNoUpdateLocked: groupId=0, eventTime=631517, event=2, flags=0x0, uid=1000
06-25 17:27:02.415 1488 1735 D PowerManagerNotifier: onUserActivity: event=2, uid=1000
06-25 17:27:02.415 1928 1928 D ViewTouchDebug: mView : com.android.systemui.navigationbar.NavigationBarFrame{7207003 V.E...... ........ 0,0-2560,46 #7f0b03f3 app:id/navigation_bar_frame}Receive event : MotionEvent { action=ACTION_OUTSIDE, actionButton=0, id[0]=0, x[0]=0.0, y[0]=-1034.0, toolType[0]=TOOL_TYPE_FINGER, buttonState=0, classification=NONE, metaState=0, flags=0x0, edgeFlags=0x0, pointerCount=1, historySize=0, eventTime=631517, downTime=631517, deviceId=4, source=0x5002, displayId=0, eventId=1242027505 }
06-25 17:27:02.415 1488 1735 D PowerManagerService: updateUserActivitySummaryLocked: groupId=0, mWakefulness=Awake, mUserActivitySummary=0x1, nextTimeout=1231517 (in 599999 ms)
06-25 17:27:02.415 1488 1735 D PowerManagerNotifier: onScreenPolicyUpdate: newPolicy=3
06-25 17:27:02.415 1488 1735 D PowerManagerService: updateDisplayPowerStateLocked: displayReady=true, groupId=0, policy=BRIGHT, mWakefulness=Awake, mWakeLockSummary=0x1, mUserActivitySummary=0x1, mBootCompleted=true, screenBrightnessOverride=NaN, useAutoBrightness=true, mScreenBrightnessBoostInProgress=false, mIsVrModeEnabled= false, sQuiescent=false
06-25 17:27:02.415 3536 3536 D ViewTouchDebug: mView : DecorView@dc22a21[DownloadActivity]Receive event : MotionEvent { action=ACTION_DOWN, actionButton=0, id[0]=0, x[0]=369.99994, y[0]=203.75, toolType[0]=TOOL_TYPE_FINGER, buttonState=0, classification=NONE, metaState=0, flags=0x0, edgeFlags=0x0, pointerCount=1, historySize=0, eventTime=631517, downTime=631517, deviceId=4, source=0x5002, displayId=0, eventId=472316365 }
06-25 17:27:02.418 1488 8476 E system_server: Dex checksum does not match for dex: /system/priv-app/DocumentsUI/DocumentsUI.apk.Expected: 4010953523, actual: 1017586455
06-25 17:27:02.444 1488 8476 D PowerManagerService: releaseWakeLockInternal: lock=159667215 [*dexopt*], flags=0x0
06-25 17:27:02.444 1488 8476 D PowerManagerNotifier: onWakeLockReleased: flags=1, tag="*dexopt*", packageName=android, ownerUid=1000, ownerPid=1488, workSource=WorkSource{10021}
06-25 17:27:02.445 1488 8476 D PowerManagerService: updateWakeLockSummaryLocked: mWakefulness=Awake, mWakeLockSummary=0x1
06-25 17:27:02.445 1488 8476 D PowerManagerService: updateUserActivitySummaryLocked: groupId=0, mWakefulness=Awake, mUserActivitySummary=0x1, nextTimeout=1231517 (in 599970 ms)
06-25 17:27:02.445 1488 8476 D PowerManagerNotifier: onScreenPolicyUpdate: newPolicy=3
06-25 17:27:02.445 1488 8476 D PowerManagerService: updateDisplayPowerStateLocked: displayReady=true, groupId=0, policy=BRIGHT, mWakefulness=Awake, mWakeLockSummary=0x1, mUserActivitySummary=0x1, mBootCompleted=true, screenBrightnessOverride=NaN, useAutoBrightness=true, mScreenBrightnessBoostInProgress=false, mIsVrModeEnabled= false, sQuiescent=false
06-25 17:27:02.445 1488 8476 D PowerManagerService: acquireWakeLockInternal: lock=159667215, flags=0x1, tag="*dexopt*", ws=WorkSource{10027}, uid=1000, pid=1488
06-25 17:27:02.445 1488 8476 D PowerManagerService: updateWakeLockSummaryLocked: mWakefulness=Awake, mWakeLockSummary=0x1
06-25 17:27:02.445 1488 8476 D PowerManagerService: updateUserActivitySummaryLocked: groupId=0, mWakefulness=Awake, mUserActivitySummary=0x1, nextTimeout=1231517 (in 599969 ms)
06-25 17:27:02.445 1488 8476 D PowerManagerNotifier: onScreenPolicyUpdate: newPolicy=3
06-25 17:27:02.445 1488 8476 D PowerManagerService: updateDisplayPowerStateLocked: displayReady=true, groupId=0, policy=BRIGHT, mWakefulness=Awake, mWakeLockSummary=0x1, mUserActivitySummary=0x1, mBootCompleted=true, screenBrightnessOverride=NaN, useAutoBrightness=true, mScreenBrightnessBoostInProgress=false, mIsVrModeEnabled= false, sQuiescent=false
06-25 17:27:02.446 1488 8476 D PowerManagerNotifier: onWakeLockAcquired: flags=1, tag="*dexopt*", packageName=android, ownerUid=1000, ownerPid=1488, workSource=WorkSource{10027}
06-25 17:27:02.448 1488 8476 D PowerManagerService: releaseWakeLockInternal: lock=159667215 [*dexopt*], flags=0x0
06-25 17:27:02.448 1488 8476 D PowerManagerNotifier: onWakeLockReleased: flags=1, tag="*dexopt*", packageName=android, ownerUid=1000, ownerPid=1488, workSource=WorkSource{10027}
06-25 17:27:02.448 1488 8476 D PowerManagerService: updateWakeLockSummaryLocked: mWakefulness=Awake, mWakeLockSummary=0x1
06-25 17:27:02.448 1488 8476 D PowerManagerService: updateUserActivitySummaryLocked: groupId=0, mWakefulness=Awake, mUserActivitySummary=0x1, nextTimeout=1231517 (in 599966 ms)
06-25 17:27:02.448 1488 8476 D PowerManagerNotifier: onScreenPolicyUpdate: newPolicy=3
06-25 17:27:02.448 1488 8476 D PowerManagerService: updateDisplayPowerStateLocked: displayReady=true, groupId=0, policy=BRIGHT, mWakefulness=Awake, mWakeLockSummary=0x1, mUserActivitySummary=0x1, mBootCompleted=true, screenBrightnessOverride=NaN, useAutoBrightness=true, mScreenBrightnessBoostInProgress=false, mIsVrModeEnabled= false, sQuiescent=false
06-25 17:27:02.448 1488 8476 D PowerManagerService: acquireWakeLockInternal: lock=159667215, flags=0x1, tag="*dexopt*", ws=WorkSource{10048}, uid=1000, pid=1488
06-25 17:27:02.448 1488 8476 D PowerManagerService: updateWakeLockSummaryLocked: mWakefulness=Awake, mWakeLockSummary=0x1
06-25 17:27:02.448 1488 8476 D PowerManagerService: updateUserActivitySummaryLocked: groupId=0, mWakefulness=Awake, mUserActivitySummary=0x1, nextTimeout=1231517 (in 599966 ms)
06-25 17:27:02.448 1488 8476 D PowerManagerNotifier: onScreenPolicyUpdate: newPolicy=3
