06-25 17:26:53.640 3440 8189 W System.err: at com.tencent.assistant.protocol.i.run(Unknown Source:0)
06-25 17:26:53.640 3440 8189 W System.err: at java.util.concurrent.Executors$RunnableAdapter.call(Executors.java:462)
06-25 17:26:53.640 3440 8189 W System.err: at java.util.concurrent.FutureTask.run(FutureTask.java:266)
06-25 17:26:53.640 3440 8189 W System.err: at com.tencent.raft.threadservice.impl.c.run(Unknown Source:5)
06-25 17:26:53.640 3440 8189 W System.err: at com.tencent.raft.threadservice.impl.d.run(Unknown Source:2)
06-25 17:26:53.640 3440 8189 W System.err: at java.util.concurrent.ThreadPoolExecutor.runWorker(ThreadPoolExecutor.java:1167)
06-25 17:26:53.640 3440 8189 W System.err: at java.util.concurrent.ThreadPoolExecutor$Worker.run(ThreadPoolExecutor.java:641)
06-25 17:26:53.640 3440 8189 W System.err: at java.lang.Thread.run(Thread.java:920)
06-25 17:26:53.640 3440 8189 W System.err: java.lang.IllegalStateException: finishBroadcast() called outside of a broadcast
06-25 17:26:53.641 3440 8189 W System.err: at android.os.RemoteCallbackList.finishBroadcast(RemoteCallbackList.java:307)
06-25 17:26:53.641 3440 8189 W System.err: at com.tencent.assistant.netservice.NetServiceImpl.d(Unknown Source:50)
06-25 17:26:53.641 3440 8189 W System.err: at com.tencent.assistant.protocol.environment.b.c.f(Unknown Source:96)
06-25 17:26:53.641 3440 8189 W System.err: at com.tencent.assistant.protocol.environment.b.c.a(Unknown Source:16)
06-25 17:26:53.641 3440 8189 W System.err: at com.tencent.assistant.protocol.environment.d.a(Unknown Source:4)
06-25 17:26:53.641 3440 8189 W System.err: at com.tencent.assistant.protocol.scu.d.onUpdateRspHeadData(Unknown Source:11)
06-25 17:26:53.641 3440 8189 W System.err: at com.tencent.assistant.protocol.ae.onNetWorkFinish(Unknown Source:299)
06-25 17:26:53.641 3440 8189 W System.err: at com.tencent.assistant.protocol.s.a(Unknown Source:193)
06-25 17:26:53.641 3440 8189 W System.err: at com.tencent.assistant.protocol.a.a(Unknown Source:59)
06-25 17:26:53.641 3440 8189 W System.err: at com.tencent.assistant.protocol.i.a(Unknown Source:156)
06-25 17:26:53.641 3440 8189 W System.err: at com.tencent.assistant.protocol.i.b(Unknown Source:488)
06-25 17:26:53.641 3440 8189 W System.err: at com.tencent.assistant.protocol.i.a(Unknown Source:22)
06-25 17:26:53.641 3440 8189 W System.err: at com.tencent.assistant.protocol.a.run(Unknown Source:215)
06-25 17:26:53.641 3440 8189 W System.err: at com.tencent.assistant.protocol.i.run(Unknown Source:0)
06-25 17:26:53.641 3440 8189 W System.err: at java.util.concurrent.Executors$RunnableAdapter.call(Executors.java:462)
06-25 17:26:53.641 3440 8189 W System.err: at java.util.concurrent.FutureTask.run(FutureTask.java:266)
06-25 17:26:53.641 3440 8189 W System.err: at com.tencent.raft.threadservice.impl.c.run(Unknown Source:5)
06-25 17:26:53.641 3440 8189 W System.err: at com.tencent.raft.threadservice.impl.d.run(Unknown Source:2)
06-25 17:26:53.641 3440 8189 W System.err: at java.util.concurrent.ThreadPoolExecutor.runWorker(ThreadPoolExecutor.java:1167)
06-25 17:26:53.641 3440 8189 W System.err: at java.util.concurrent.ThreadPoolExecutor$Worker.run(ThreadPoolExecutor.java:641)
06-25 17:26:53.641 3440 8189 W System.err: at java.lang.Thread.run(Thread.java:920)
06-25 17:26:53.641 1488 1534 D PowerManagerService: releaseWakeLockInternal: lock=49054778 [i], flags=0x0
06-25 17:26:53.641 1488 1534 D PowerManagerNotifier: onWakeLockReleased: flags=1, tag="i", packageName=com.tencent.android.qqdownloader, ownerUid=10111, ownerPid=3440, workSource=null
06-25 17:26:53.641 1488 1534 D PowerManagerService: updateWakeLockSummaryLocked: mWakefulness=Awake, mWakeLockSummary=0x1
06-25 17:26:53.641 1488 1534 D PowerManagerService: updateUserActivitySummaryLocked: groupId=0, mWakefulness=Awake, mUserActivitySummary=0x1, nextTimeout=1221463 (in 598719 ms)
06-25 17:26:53.641 1488 1534 D PowerManagerNotifier: onScreenPolicyUpdate: newPolicy=3
06-25 17:26:53.641 1488 1534 D PowerManagerService: updateDisplayPowerStateLocked: displayReady=true, groupId=0, policy=BRIGHT, mWakefulness=Awake, mWakeLockSummary=0x1, mUserActivitySummary=0x1, mBootCompleted=true, screenBrightnessOverride=NaN, useAutoBrightness=true, mScreenBrightnessBoostInProgress=false, mIsVrModeEnabled= false, sQuiescent=false
06-25 17:26:53.642 814 2961 I vendor.qti.bluetooth@1.0-ibs_handler: ProcessIbsCmd: Received IBS_WAKE_ACK: 0xFC
06-25 17:26:53.642 814 2961 I vendor.qti.bluetooth@1.0-ibs_handler: ProcessIbsCmd: Signal wack_cond_
06-25 17:26:53.642 814 814 D vendor.qti.bluetooth@1.0-ibs_handler: DeviceWakeUp: Unblocked from waiting for FC, pthread_cond_timedwait ret = 0
06-25 17:26:53.642 1488 1745 D PowerManagerService: releaseWakeLockInternal: lock=232401131 [i], flags=0x0
06-25 17:26:53.642 1488 1745 D PowerManagerNotifier: onWakeLockReleased: flags=1, tag="i", packageName=com.tencent.android.qqdownloader, ownerUid=10111, ownerPid=3440, workSource=null
06-25 17:26:53.642 1488 1745 D PowerManagerService: updateWakeLockSummaryLocked: mWakefulness=Awake, mWakeLockSummary=0x1
06-25 17:26:53.642 1488 1745 D PowerManagerService: updateUserActivitySummaryLocked: groupId=0, mWakefulness=Awake, mUserActivitySummary=0x1, nextTimeout=1221463 (in 598719 ms)
06-25 17:26:53.642 1488 1745 D PowerManagerNotifier: onScreenPolicyUpdate: newPolicy=3
06-25 17:26:53.642 1488 1745 D PowerManagerService: updateDisplayPowerStateLocked: displayReady=true, groupId=0, policy=BRIGHT, mWakefulness=Awake, mWakeLockSummary=0x1, mUserActivitySummary=0x1, mBootCompleted=true, screenBrightnessOverride=NaN, useAutoBrightness=true, mScreenBrightnessBoostInProgress=false, mIsVrModeEnabled= false, sQuiescent=false
06-25 17:26:53.642 814 2961 I vendor.qti.bluetooth@1.0-ibs_handler: ProcessIbsCmd: Received IBS_WAKE_IND: 0xFD
06-25 17:26:53.642 814 2961 I vendor.qti.bluetooth@1.0-ibs_handler: ProcessIbsCmd: Writing IBS_WAKE_ACK
06-25 17:26:53.642 1912 2967 D bt_hci : command complete for: pc:0x7701d4aa3c
06-25 17:26:53.642 1912 2967 I bt_btm : btm_gen_resolve_paddr_low
06-25 17:26:53.642 1912 2967 D bt_btm : btm_ble_set_random_address
06-25 17:26:53.642 1912 2967 I bt_btm : btm_ble_suspend_bg_conn
06-25 17:26:53.642 1912 2967 I bt_btm : btm_ble_stop_auto_conn
06-25 17:26:53.642 1912 2967 D bt_btm : conn_st = 0, not in auto conn state, cannot stop
06-25 17:26:53.642 1912 2967 I bt_btm : btm_ble_start_auto_conn
06-25 17:26:53.642 1912 2967 I bt_stack: [INFO:btm_ble_bgconn.cc(429)] Already connection initiated (or) No Pending connections(or) Resources of lcb are exhausted
06-25 17:26:53.645 1488 2848 D PowerManagerService: acquireWakeLockInternal: lock=72656665, flags=0x1, tag="i", ws=null, uid=10111, pid=3440
06-25 17:26:53.645 1488 2848 D PowerManagerService: updateWakeLockSummaryLocked: mWakefulness=Awake, mWakeLockSummary=0x1
06-25 17:26:53.645 1488 2848 D PowerManagerService: updateUserActivitySummaryLocked: groupId=0, mWakefulness=Awake, mUserActivitySummary=0x1, nextTimeout=1221463 (in 598715 ms)
06-25 17:26:53.645 1488 2848 D PowerManagerNotifier: onScreenPolicyUpdate: newPolicy=3
06-25 17:26:53.645 1488 2848 D PowerManagerService: updateDisplayPowerStateLocked: displayReady=true, groupId=0, policy=BRIGHT, mWakefulness=Awake, mWakeLockSummary=0x1, mUserActivitySummary=0x1, mBootCompleted=true, screenBrightnessOverride=NaN, useAutoBrightness=true, mScreenBrightnessBoostInProgress=false, mIsVrModeEnabled= false, sQuiescent=false
06-25 17:26:53.645 1488 2848 D PowerManagerNotifier: onWakeLockAcquired: flags=1, tag="i", packageName=com.tencent.android.qqdownloader, ownerUid=10111, ownerPid=3440, workSource=null
06-25 17:26:53.657 3536 3536 W System.err: java.lang.IllegalStateException: The specified child already has a parent. You must call removeView() on the child's parent first.
06-25 17:26:53.657 3536 3536 W System.err: at android.view.ViewGroup.addViewInner(ViewGroup.java:5247)
06-25 17:26:53.657 3536 3536 W System.err: at android.view.ViewGroup.addView(ViewGroup.java:5076)
06-25 17:26:53.657 3536 3536 W System.err: at android.view.ViewGroup.addView(ViewGroup.java:5048)
06-25 17:26:53.657 3536 3536 W System.err: at com.tencent.assistant.component.FlashIconView.enableDisplayFlash(Unknown Source:14)
06-25 17:26:53.657 3536 3536 W System.err: at com.tencent.rapidview.parser.tp.run(Unknown Source:25)
06-25 17:26:53.657 3536 3536 W System.err: at com.tencent.rapidview.parser.RapidParserObject.loadAttribute(Unknown Source:28)
06-25 17:26:53.657 3536 3536 W System.err: at com.tencent.rapidview.parser.RapidParserObject.update(Unknown Source:15)
06-25 17:26:53.657 3536 3536 W System.err: at com.tencent.rapidview.data.c.updateVar(Unknown Source:122)
06-25 17:26:53.657 3536 3536 W System.err: at com.tencent.rapidview.data.c.update(Unknown Source:81)
06-25 17:26:53.657 3536 3536 W System.err: at com.tencent.rapidview.runtime.BasePlaceHolder.loadData(Unknown Source:35)
06-25 17:26:53.657 3536 3536 W System.err: at com.tencent.rapidview.runtime.c.loadData(Unknown Source:2)
06-25 17:26:53.657 3536 3536 W System.err: at com.tencent.rapidview.control.NormalRecyclerViewAdapter.onBindViewHolder(Unknown Source:116)
06-25 17:26:53.657 3536 3536 W System.err: at com.tencent.rapidview.control.NormalRecyclerViewAdapter.onBindViewHolder(Unknown Source:2)
06-25 17:26:53.657 3536 3536 W System.err: at android.support.v7.widget.RecyclerView$Adapter.onBindViewHolder(Unknown Source:0)
06-25 17:26:53.657 3536 3536 W System.err: at android.support.v7.widget.RecyclerView$Adapter.bindViewHolder(Unknown Source:29)
06-25 17:26:53.657 3536 3536 W System.err: at android.support.v7.widget.RecyclerView$Recycler.a(Unknown Source:39)
06-25 17:26:53.657 3536 3536 W System.err: at android.support.v7.widget.RecyclerView$Recycler.a(Unknown Source:507)
06-25 17:26:53.657 3536 3536 W System.err: at android.support.v7.widget.RecyclerView$Recycler.a(Unknown Source:5)
06-25 17:26:53.657 3536 3536 W System.err: at android.support.v7.widget.RecyclerView$Recycler.getViewForPosition(Unknown Source:1)
06-25 17:26:53.657 3536 3536 W System.err: at android.support.v7.widget.LinearLayoutManager$LayoutState.a(Unknown Source:11)
06-25 17:26:53.657 3536 3536 W System.err: at android.support.v7.widget.LinearLayoutManager.a(Unknown Source:0)
06-25 17:26:53.657 3536 3536 W System.err: at android.support.v7.widget.LinearLayoutManager.a(Unknown Source:44)
06-25 17:26:53.657 3536 3536 W System.err: at android.support.v7.widget.LinearLayoutManager.onLayoutChildren(Unknown Source:366)
06-25 17:26:53.657 3536 3536 W System.err: at android.support.v7.widget.RecyclerView.dispatchLayoutStep2(Unknown Source:42)
06-25 17:26:53.657 3536 3536 W System.err: at android.support.v7.widget.RecyclerView.dispatchLayout(Unknown Source:30)
06-25 17:26:53.657 3536 3536 W System.err: at android.support.v7.widget.RecyclerView.onLayout(Unknown Source:5)
06-25 17:26:53.657 3536 3536 W System.err: at android.view.View.layout(View.java:23148)
06-25 17:26:53.657 3536 3536 W System.err: at android.view.ViewGroup.layout(ViewGroup.java:6412)
06-25 17:26:53.657 3536 3536 W System.err: at android.widget.FrameLayout.layoutChildren(FrameLayout.java:332)
06-25 17:26:53.657 3536 3536 W System.err: at android.widget.FrameLayout.onLayout(FrameLayout.java:270)
06-25 17:26:53.657 3536 3536 W System.err: at android.view.View.layout(View.java:23148)
06-25 17:26:53.657 3536 3536 W System.err: at android.view.ViewGroup.layout(ViewGroup.java:6412)
06-25 17:26:53.657 3536 3536 W System.err: at android.support.v4.view.ViewPager.onLayout(Unknown Source:260)
06-25 17:26:53.657 3536 3536 W System.err: at android.view.View.layout(View.java:23148)
06-25 17:26:53.658 3536 3536 W System.err: at android.view.ViewGroup.layout(ViewGroup.java:6412)
06-25 17:26:53.658 3536 3536 W System.err: at com.tencent.ptrlayout.SmartRefreshLayout.onLayout(Unknown Source:135)
06-25 17:26:53.658 3536 3536 W System.err: at android.view.View.layout(View.java:23148)
06-25 17:26:53.658 3536 3536 W System.err: at android.view.ViewGroup.layout(ViewGroup.java:6412)
06-25 17:26:53.658 3536 3536 W System.err: at android.widget.RelativeLayout.onLayout(RelativeLayout.java:1103)
06-25 17:26:53.658 3536 3536 W System.err: at android.view.View.layout(View.java:23148)
06-25 17:26:53.658 3536 3536 W System.err: at android.view.ViewGroup.layout(ViewGroup.java:6412)
06-25 17:26:53.658 3536 3536 W System.err: at android.support.v4.view.ViewPager.onLayout(Unknown Source:260)
06-25 17:26:53.658 3536 3536 W System.err: at android.view.View.layout(View.java:23148)
06-25 17:26:53.658 3536 3536 W System.err: at android.view.ViewGroup.layout(ViewGroup.java:6412)
06-25 17:26:53.658 3536 3536 W System.err: at android.widget.RelativeLayout.onLayout(RelativeLayout.java:1103)
06-25 17:26:53.658 3536 3536 W System.err: at android.view.View.layout(View.java:23148)
06-25 17:26:53.658 3536 3536 W System.err: at android.view.ViewGroup.layout(ViewGroup.java:6412)
06-25 17:26:53.658 3536 3536 W System.err: at android.widget.FrameLayout.layoutChildren(FrameLayout.java:332)
06-25 17:26:53.658 3536 3536 W System.err: at android.widget.FrameLayout.onLayout(FrameLayout.java:270)
06-25 17:26:53.658 3536 3536 W System.err: at com.tencent.argussdk.ui.TrackerFrameLayout.onLayout(Unknown Source:14)
06-25 17:26:53.658 3536 3536 W System.err: at android.view.View.layout(View.java:23148)
06-25 17:26:53.658 3536 3536 W System.err: at android.view.ViewGroup.layout(ViewGroup.java:6412)
06-25 17:26:53.658 3536 3536 W System.err: at android.widget.FrameLayout.layoutChildren(FrameLayout.java:332)
06-25 17:26:53.658 3536 3536 W System.err: at android.widget.FrameLayout.onLayout(FrameLayout.java:270)
06-25 17:26:53.658 3536 3536 W System.err: at android.view.View.layout(View.java:23148)
06-25 17:26:53.658 3536 3536 W System.err: at android.view.ViewGroup.layout(ViewGroup.java:6412)
06-25 17:26:53.658 3536 3536 W System.err: at android.widget.LinearLayout.setChildFrame(LinearLayout.java:1829)
06-25 17:26:53.658 3536 3536 W System.err: at android.widget.LinearLayout.layoutVertical(LinearLayout.java:1673)
06-25 17:26:53.658 3536 3536 W System.err: at android.widget.LinearLayout.onLayout(LinearLayout.java:1582)
06-25 17:26:53.658 3536 3536 W System.err: at android.view.View.layout(View.java:23148)
06-25 17:26:53.658 3536 3536 W System.err: at android.view.ViewGroup.layout(ViewGroup.java:6412)
06-25 17:26:53.658 3536 3536 W System.err: at com.android.internal.widget.DecorCaptionView.onLayout(DecorCaptionView.java:419)
06-25 17:26:53.658 3536 3536 W System.err: at android.view.View.layout(View.java:23148)
06-25 17:26:53.658 3536 3536 W System.err: at android.view.ViewGroup.layout(ViewGroup.java:6412)
06-25 17:26:53.658 3536 3536 W System.err: at android.widget.FrameLayout.layoutChildren(FrameLayout.java:332)
06-25 17:26:53.658 3536 3536 W System.err: at android.widget.FrameLayout.onLayout(FrameLayout.java:270)
06-25 17:26:53.658 3536 3536 W System.err: at com.android.internal.policy.DecorView.onLayout(DecorView.java:879)
06-25 17:26:53.658 3536 3536 W System.err: at android.view.View.layout(View.java:23148)
06-25 17:26:53.658 3536 3536 W System.err: at android.view.ViewGroup.layout(ViewGroup.java:6412)
06-25 17:26:53.658 3536 3536 W System.err: at android.view.ViewRootImpl.performLayout(ViewRootImpl.java:3716)
06-25 17:26:53.658 3536 3536 W System.err: at android.view.ViewRootImpl.performTraversals(ViewRootImpl.java:3175)
06-25 17:26:53.658 3536 3536 W System.err: at android.view.ViewRootImpl.doTraversal(ViewRootImpl.java:2158)
06-25 17:26:53.658 3536 3536 W System.err: at android.view.ViewRootImpl$TraversalRunnable.run(ViewRootImpl.java:8688)
06-25 17:26:53.658 3536 3536 W System.err: at android.view.Choreographer$CallbackRecord.run(Choreographer.java:1120)
06-25 17:26:53.658 3536 3536 W System.err: at android.view.Choreographer.doCallbacks(Choreographer.java:926)
06-25 17:26:53.658 3536 3536 W System.err: at android.view.Choreographer.doFrame(Choreographer.java:859)
06-25 17:26:53.658 3536 3536 W System.err: at android.view.Choreographer$FrameDisplayEventReceiver.run(Choreographer.java:1105)
06-25 17:26:53.658 3536 3536 W System.err: at android.os.Handler.handleCallback(Handler.java:938)
06-25 17:26:53.658 3536 3536 W System.err: at android.os.Handler.dispatchMessage(Handler.java:99)
06-25 17:26:53.658 3536 3536 W System.err: at android.os.Looper.loopOnce(Looper.java:201)
06-25 17:26:53.658 3536 3536 W System.err: at android.os.Looper.loop(Looper.java:288)
06-25 17:26:53.658 3440 8276 W System.err: java.lang.IllegalStateException: beginBroadcast() called while already in a broadcast
06-25 17:26:53.658 3536 3536 W System.err: at android.app.ActivityThread.main(ActivityThread.java:7880)
06-25 17:26:53.658 3536 3536 W System.err: at java.lang.reflect.Method.invoke(Native Method)
06-25 17:26:53.658 3536 3536 W System.err: at com.android.internal.os.RuntimeInit$MethodAndArgsCaller.run(RuntimeInit.java:548)
06-25 17:26:53.658 3536 3536 W System.err: at com.android.internal.os.ZygoteInit.main(ZygoteInit.java:1009)
06-25 17:26:53.658 3440 8276 W System.err: at android.os.RemoteCallbackList.beginBroadcast(RemoteCallbackList.java:243)
06-25 17:26:53.658 3440 8276 W System.err: at com.tencent.assistant.netservice.NetServiceImpl.d(Unknown Source:12)
06-25 17:26:53.658 3440 8276 W System.err: at com.tencent.assistant.protocol.environment.b.c.f(Unknown Source:96)
06-25 17:26:53.658 3440 8276 W System.err: at com.tencent.assistant.protocol.environment.b.c.a(Unknown Source:16)
06-25 17:26:53.658 3440 8276 W System.err: at com.tencent.assistant.protocol.environment.d.a(Unknown Source:4)
06-25 17:26:53.658 3440 8276 W System.err: at com.tencent.assistant.protocol.scu.d.onUpdateRspHeadData(Unknown Source:11)
06-25 17:26:53.658 3440 8276 W System.err: at com.tencent.assistant.protocol.ae.onNetWorkFinish(Unknown Source:299)
06-25 17:26:53.658 3440 8276 W System.err: at com.tencent.assistant.protocol.s.a(Unknown Source:193)
06-25 17:26:53.658 3440 8276 W System.err: at com.tencent.assistant.protocol.a.a(Unknown Source:59)
06-25 17:26:53.658 3440 8276 W System.err: at com.tencent.assistant.protocol.i.a(Unknown Source:156)
06-25 17:26:53.658 3440 8276 W System.err: at com.tencent.assistant.protocol.i.b(Unknown Source:488)
06-25 17:26:53.658 3440 8276 W System.err: at com.tencent.assistant.protocol.i.a(Unknown Source:22)
06-25 17:26:53.658 3440 8276 W System.err: at com.tencent.assistant.protocol.a.run(Unknown Source:215)
06-25 17:26:53.658 3440 8276 W System.err: at com.tencent.assistant.protocol.i.run(Unknown Source:0)
06-25 17:26:53.658 3440 8276 W System.err: at java.util.concurrent.Executors$RunnableAdapter.call(Executors.java:462)
06-25 17:26:53.658 3440 8276 W System.err: at java.util.concurrent.FutureTask.run(FutureTask.java:266)
06-25 17:26:53.658 3440 8276 W System.err: at com.tencent.raft.threadservice.impl.c.run(Unknown Source:5)
06-25 17:26:53.658 3440 8276 W System.err: at com.tencent.raft.threadservice.impl.d.run(Unknown Source:2)
06-25 17:26:53.658 3440 8276 W System.err: at java.util.concurrent.ThreadPoolExecutor.runWorker(ThreadPoolExecutor.java:1167)
06-25 17:26:53.658 3440 8276 W System.err: at java.util.concurrent.ThreadPoolExecutor$Worker.run(ThreadPoolExecutor.java:641)
06-25 17:26:53.658 3440 8276 W System.err: at java.lang.Thread.run(Thread.java:920)
06-25 17:26:53.658 3440 8279 W System.err: java.lang.IllegalStateException: finishBroadcast() called outside of a broadcast
06-25 17:26:53.658 3440 8279 W System.err: at android.os.RemoteCallbackList.finishBroadcast(RemoteCallbackList.java:307)
06-25 17:26:53.658 3440 8279 W System.err: at com.tencent.assistant.netservice.NetServiceImpl.d(Unknown Source:40)
06-25 17:26:53.658 3440 8279 W System.err: at com.tencent.assistant.protocol.environment.b.c.f(Unknown Source:96)
06-25 17:26:53.658 3440 8279 W System.err: at com.tencent.assistant.protocol.environment.b.c.a(Unknown Source:16)
06-25 17:26:53.658 3440 8279 W System.err: at com.tencent.assistant.protocol.environment.d.a(Unknown Source:4)
06-25 17:26:53.658 3440 8279 W System.err: at com.tencent.assistant.protocol.scu.d.onUpdateRspHeadData(Unknown Source:11)
06-25 17:26:53.658 3440 8279 W System.err: at com.tencent.assistant.protocol.ae.onNetWorkFinish(Unknown Source:299)
06-25 17:26:53.658 3440 8279 W System.err: at com.tencent.assistant.protocol.s.a(Unknown Source:193)
06-25 17:26:53.658 3440 8279 W System.err: at com.tencent.assistant.protocol.a.a(Unknown Source:59)
06-25 17:26:53.658 3440 8279 W System.err: at com.tencent.assistant.protocol.i.a(Unknown Source:156)
06-25 17:26:53.658 3440 8279 W System.err: at com.tencent.assistant.protocol.i.b(Unknown Source:488)
06-25 17:26:53.658 3440 8279 W System.err: at com.tencent.assistant.protocol.i.a(Unknown Source:22)
06-25 17:26:53.658 3440 8279 W System.err: at com.tencent.assistant.protocol.a.run(Unknown Source:215)
06-25 17:26:53.658 3440 8279 W System.err: at com.tencent.assistant.protocol.i.run(Unknown Source:0)
06-25 17:26:53.658 3440 8279 W System.err: at java.util.concurrent.Executors$RunnableAdapter.call(Executors.java:462)
06-25 17:26:53.658 3440 8279 W System.err: at java.util.concurrent.FutureTask.run(FutureTask.java:266)
06-25 17:26:53.658 3440 8279 W System.err: at com.tencent.raft.threadservice.impl.c.run(Unknown Source:5)
06-25 17:26:53.658 3440 8279 W System.err: at com.tencent.raft.threadservice.impl.d.run(Unknown Source:2)
06-25 17:26:53.658 3440 8279 W System.err: at java.util.concurrent.ThreadPoolExecutor.runWorker(ThreadPoolExecutor.java:1167)
06-25 17:26:53.658 3440 8279 W System.err: at java.util.concurrent.ThreadPoolExecutor$Worker.run(ThreadPoolExecutor.java:641)
06-25 17:26:53.658 3440 8279 W System.err: at java.lang.Thread.run(Thread.java:920)
06-25 17:26:53.659 1488 2848 D PowerManagerService: releaseWakeLockInternal: lock=51292678 [i], flags=0x0
06-25 17:26:53.659 1488 2848 D PowerManagerNotifier: onWakeLockReleased: flags=1, tag="i", packageName=com.tencent.android.qqdownloader, ownerUid=10111, ownerPid=3440, workSource=null
06-25 17:26:53.659 1488 2848 D PowerManagerService: updateWakeLockSummaryLocked: mWakefulness=Awake, mWakeLockSummary=0x1
06-25 17:26:53.659 1488 2848 D PowerManagerService: updateUserActivitySummaryLocked: groupId=0, mWakefulness=Awake, mUserActivitySummary=0x1, nextTimeout=1221463 (in 598701 ms)
06-25 17:26:53.659 1488 2848 D PowerManagerNotifier: onScreenPolicyUpdate: newPolicy=3
06-25 17:26:53.659 1488 2848 D PowerManagerService: updateDisplayPowerStateLocked: displayReady=true, groupId=0, policy=BRIGHT, mWakefulness=Awake, mWakeLockSummary=0x1, mUserActivitySummary=0x1, mBootCompleted=true, screenBrightnessOverride=NaN, useAutoBrightness=true, mScreenBrightnessBoostInProgress=false, mIsVrModeEnabled= false, sQuiescent=false
06-25 17:26:53.660 1488 2848 D PowerManagerService: releaseWakeLockInternal: lock=253572680 [i], flags=0x0
06-25 17:26:53.660 1488 2848 D PowerManagerNotifier: onWakeLockReleased: flags=1, tag="i", packageName=com.tencent.android.qqdownloader, ownerUid=10111, ownerPid=3440, workSource=null
06-25 17:26:53.660 1488 2848 D PowerManagerService: updateWakeLockSummaryLocked: mWakefulness=Awake, mWakeLockSummary=0x1
06-25 17:26:53.660 1488 2848 D PowerManagerService: updateUserActivitySummaryLocked: groupId=0, mWakefulness=Awake, mUserActivitySummary=0x1, nextTimeout=1221463 (in 598700 ms)
06-25 17:26:53.660 1488 2848 D PowerManagerNotifier: onScreenPolicyUpdate: newPolicy=3
06-25 17:26:53.660 1488 2848 D PowerManagerService: updateDisplayPowerStateLocked: displayReady=true, groupId=0, policy=BRIGHT, mWakefulness=Awake, mWakeLockSummary=0x1, mUserActivitySummary=0x1, mBootCompleted=true, screenBrightnessOverride=NaN, useAutoBrightness=true, mScreenBrightnessBoostInProgress=false, mIsVrModeEnabled= false, sQuiescent=false
06-25 17:26:53.661 3440 8290 W System.err: java.lang.IllegalStateException: beginBroadcast() called while already in a broadcast
06-25 17:26:53.661 3440 8290 W System.err: at android.os.RemoteCallbackList.beginBroadcast(RemoteCallbackList.java:243)
06-25 17:26:53.661 3440 8290 W System.err: at com.tencent.assistant.netservice.NetServiceImpl.d(Unknown Source:12)
06-25 17:26:53.661 3440 8290 W System.err: at com.tencent.assistant.protocol.environment.b.c.f(Unknown Source:96)
06-25 17:26:53.661 3440 8290 W System.err: at com.tencent.assistant.protocol.environment.b.c.a(Unknown Source:16)
06-25 17:26:53.661 3440 8290 W System.err: at com.tencent.assistant.protocol.environment.d.a(Unknown Source:4)
06-25 17:26:53.661 3440 8290 W System.err: at com.tencent.assistant.protocol.scu.d.onUpdateRspHeadData(Unknown Source:11)
06-25 17:26:53.661 3440 8290 W System.err: at com.tencent.assistant.protocol.ae.onNetWorkFinish(Unknown Source:299)
06-25 17:26:53.661 3440 8290 W System.err: at com.tencent.assistant.protocol.s.a(Unknown Source:193)
06-25 17:26:53.661 3440 8290 W System.err: at com.tencent.assistant.protocol.a.a(Unknown Source:59)
06-25 17:26:53.661 3440 8290 W System.err: at com.tencent.assistant.protocol.i.a(Unknown Source:156)
06-25 17:26:53.661 3440 8290 W System.err: at com.tencent.assistant.protocol.i.b(Unknown Source:488)
06-25 17:26:53.661 3440 8290 W System.err: at com.tencent.assistant.protocol.i.a(Unknown Source:22)
06-25 17:26:53.661 3440 8290 W System.err: at com.tencent.assistant.protocol.a.run(Unknown Source:215)
06-25 17:26:53.661 3440 8290 W System.err: at com.tencent.assistant.protocol.i.run(Unknown Source:0)
06-25 17:26:53.661 3440 8290 W System.err: at java.util.concurrent.Executors$RunnableAdapter.call(Executors.java:462)
06-25 17:26:53.661 3440 8290 W System.err: at java.util.concurrent.FutureTask.run(FutureTask.java:266)
06-25 17:26:53.661 3440 8290 W System.err: at com.tencent.raft.threadservice.impl.c.run(Unknown Source:5)
06-25 17:26:53.661 3440 8290 W System.err: at com.tencent.raft.threadservice.impl.d.run(Unknown Source:2)
06-25 17:26:53.661 3440 8290 W System.err: at java.util.concurrent.ThreadPoolExecutor.runWorker(ThreadPoolExecutor.java:1167)
06-25 17:26:53.661 3440 8290 W System.err: at java.util.concurrent.ThreadPoolExecutor$Worker.run(ThreadPoolExecutor.java:641)
06-25 17:26:53.661 3440 8290 W System.err: at java.lang.Thread.run(Thread.java:920)
06-25 17:26:53.661 3440 8290 W System.err: java.lang.IllegalStateException: finishBroadcast() called outside of a broadcast
06-25 17:26:53.661 3440 8290 W System.err: at android.os.RemoteCallbackList.finishBroadcast(RemoteCallbackList.java:307)
06-25 17:26:53.661 3440 8290 W System.err: at com.tencent.assistant.netservice.NetServiceImpl.d(Unknown Source:50)
06-25 17:26:53.661 3440 8290 W System.err: at com.tencent.assistant.protocol.environment.b.c.f(Unknown Source:96)
06-25 17:26:53.661 3440 8290 W System.err: at com.tencent.assistant.protocol.environment.b.c.a(Unknown Source:16)
06-25 17:26:53.661 3440 8290 W System.err: at com.tencent.assistant.protocol.environment.d.a(Unknown Source:4)
06-25 17:26:53.661 3440 8290 W System.err: at com.tencent.assistant.protocol.scu.d.onUpdateRspHeadData(Unknown Source:11)
06-25 17:26:53.661 3440 8290 W System.err: at com.tencent.assistant.protocol.ae.onNetWorkFinish(Unknown Source:299)
06-25 17:26:53.661 3440 8290 W System.err: at com.tencent.assistant.protocol.s.a(Unknown Source:193)
06-25 17:26:53.661 3440 8290 W System.err: at com.tencent.assistant.protocol.a.a(Unknown Source:59)
06-25 17:26:53.661 3440 8290 W System.err: at com.tencent.assistant.protocol.i.a(Unknown Source:156)
06-25 17:26:53.661 3440 8290 W System.err: at com.tencent.assistant.protocol.i.b(Unknown Source:488)
06-25 17:26:53.661 3440 8290 W System.err: at com.tencent.assistant.protocol.i.a(Unknown Source:22)
06-25 17:26:53.661 3440 8290 W System.err: at com.tencent.assistant.protocol.a.run(Unknown Source:215)
06-25 17:26:53.661 3440 8290 W System.err: at com.tencent.assistant.protocol.i.run(Unknown Source:0)
06-25 17:26:53.661 3440 8290 W System.err: at java.util.concurrent.Executors$RunnableAdapter.call(Executors.java:462)
06-25 17:26:53.661 3440 8290 W System.err: at java.util.concurrent.FutureTask.run(FutureTask.java:266)
06-25 17:26:53.661 3440 8290 W System.err: at com.tencent.raft.threadservice.impl.c.run(Unknown Source:5)
06-25 17:26:53.661 3440 8290 W System.err: at com.tencent.raft.threadservice.impl.d.run(Unknown Source:2)
06-25 17:26:53.661 3440 8290 W System.err: at java.util.concurrent.ThreadPoolExecutor.runWorker(ThreadPoolExecutor.java:1167)
06-25 17:26:53.661 3440 8290 W System.err: at java.util.concurrent.ThreadPoolExecutor$Worker.run(ThreadPoolExecutor.java:641)
06-25 17:26:53.661 3440 8290 W System.err: at java.lang.Thread.run(Thread.java:920)
06-25 17:26:53.662 1488 2848 D PowerManagerService: releaseWakeLockInternal: lock=162151649 [i], flags=0x0
06-25 17:26:53.662 1488 2848 D PowerManagerNotifier: onWakeLockReleased: flags=1, tag="i", packageName=com.tencent.android.qqdownloader, ownerUid=10111, ownerPid=3440, workSource=null
06-25 17:26:53.662 1488 2848 D PowerManagerService: updateWakeLockSummaryLocked: mWakefulness=Awake, mWakeLockSummary=0x1
06-25 17:26:53.662 1488 2848 D PowerManagerService: updateUserActivitySummaryLocked: groupId=0, mWakefulness=Awake, mUserActivitySummary=0x1, nextTimeout=1221463 (in 598698 ms)
06-25 17:26:53.662 1488 2848 D PowerManagerNotifier: onScreenPolicyUpdate: newPolicy=3
06-25 17:26:53.662 1488 2848 D PowerManagerService: updateDisplayPowerStateLocked: displayReady=true, groupId=0, policy=BRIGHT, mWakefulness=Awake, mWakeLockSummary=0x1, mUserActivitySummary=0x1, mBootCompleted=true, screenBrightnessOverride=NaN, useAutoBrightness=true, mScreenBrightnessBoostInProgress=false, mIsVrModeEnabled= false, sQuiescent=false
06-25 17:26:53.680 1488 2848 D PowerManagerService: acquireWakeLockInternal: lock=155907038, flags=0x1, tag="i", ws=null, uid=10111, pid=3440
06-25 17:26:53.680 1488 2848 D PowerManagerService: updateWakeLockSummaryLocked: mWakefulness=Awake, mWakeLockSummary=0x1
06-25 17:26:53.680 1488 2848 D PowerManagerService: updateUserActivitySummaryLocked: groupId=0, mWakefulness=Awake, mUserActivitySummary=0x1, nextTimeout=1221463 (in 598680 ms)
06-25 17:26:53.680 1488 2848 D PowerManagerNotifier: onScreenPolicyUpdate: newPolicy=3
06-25 17:26:53.680 1488 2848 D PowerManagerService: updateDisplayPowerStateLocked: displayReady=true, groupId=0, policy=BRIGHT, mWakefulness=Awake, mWakeLockSummary=0x1, mUserActivitySummary=0x1, mBootCompleted=true, screenBrightnessOverride=NaN, useAutoBrightness=true, mScreenBrightnessBoostInProgress=false, mIsVrModeEnabled= false, sQuiescent=false
06-25 17:26:53.680 1488 2848 D PowerManagerNotifier: onWakeLockAcquired: flags=1, tag="i", packageName=com.tencent.android.qqdownloader, ownerUid=10111, ownerPid=3440, workSource=null
06-25 17:26:53.681 1488 1745 D PowerManagerService: releaseWakeLockInternal: lock=196110535 [i], flags=0x0
06-25 17:26:53.681 1488 1745 D PowerManagerNotifier: onWakeLockReleased: flags=1, tag="i", packageName=com.tencent.android.qqdownloader, ownerUid=10111, ownerPid=3440, workSource=null
06-25 17:26:53.682 1488 1745 D PowerManagerService: updateWakeLockSummaryLocked: mWakefulness=Awake, mWakeLockSummary=0x1
06-25 17:26:53.682 1488 1745 D PowerManagerService: updateUserActivitySummaryLocked: groupId=0, mWakefulness=Awake, mUserActivitySummary=0x1, nextTimeout=1221463 (in 598679 ms)
06-25 17:26:53.682 1488 1745 D PowerManagerNotifier: onScreenPolicyUpdate: newPolicy=3
06-25 17:26:53.682 1488 1745 D PowerManagerService: updateDisplayPowerStateLocked: displayReady=true, groupId=0, policy=BRIGHT, mWakefulness=Awake, mWakeLockSummary=0x1, mUserActivitySummary=0x1, mBootCompleted=true, screenBrightnessOverride=NaN, useAutoBrightness=true, mScreenBrightnessBoostInProgress=false, mIsVrModeEnabled= false, sQuiescent=false
06-25 17:26:53.702 1488 1745 D PowerManagerService: releaseWakeLockInternal: lock=183725812 [i], flags=0x0
06-25 17:26:53.702 1488 1745 D PowerManagerNotifier: onWakeLockReleased: flags=1, tag="i", packageName=com.tencent.android.qqdownloader, ownerUid=10111, ownerPid=3440, workSource=null
06-25 17:26:53.703 1488 1745 D PowerManagerService: updateWakeLockSummaryLocked: mWakefulness=Awake, mWakeLockSummary=0x1
06-25 17:26:53.703 1488 1745 D PowerManagerService: updateUserActivitySummaryLocked: groupId=0, mWakefulness=Awake, mUserActivitySummary=0x1, nextTimeout=1221463 (in 598658 ms)
06-25 17:26:53.703 1488 1745 D PowerManagerNotifier: onScreenPolicyUpdate: newPolicy=3
06-25 17:26:53.703 1488 1745 D PowerManagerService: updateDisplayPowerStateLocked: displayReady=true, groupId=0, policy=BRIGHT, mWakefulness=Awake, mWakeLockSummary=0x1, mUserActivitySummary=0x1, mBootCompleted=true, screenBrightnessOverride=NaN, useAutoBrightness=true, mScreenBrightnessBoostInProgress=false, mIsVrModeEnabled= false, sQuiescent=false
06-25 17:26:53.704 1488 1745 D PowerManagerService: releaseWakeLockInternal: lock=14377106 [i], flags=0x0
06-25 17:26:53.704 1488 1745 D PowerManagerNotifier: onWakeLockReleased: flags=1, tag="i", packageName=com.tencent.android.qqdownloader, ownerUid=10111, ownerPid=3440, workSource=null
06-25 17:26:53.704 1488 1745 D PowerManagerService: updateWakeLockSummaryLocked: mWakefulness=Awake, mWakeLockSummary=0x1
06-25 17:26:53.704 1488 1745 D PowerManagerService: updateUserActivitySummaryLocked: groupId=0, mWakefulness=Awake, mUserActivitySummary=0x1, nextTimeout=1221463 (in 598656 ms)
06-25 17:26:53.704 1488 1745 D PowerManagerNotifier: onScreenPolicyUpdate: newPolicy=3
06-25 17:26:53.704 1488 1745 D PowerManagerService: updateDisplayPowerStateLocked: displayReady=true, groupId=0, policy=BRIGHT, mWakefulness=Awake, mWakeLockSummary=0x1, mUserActivitySummary=0x1, mBootCompleted=true, screenBrightnessOverride=NaN, useAutoBrightness=true, mScreenBrightnessBoostInProgress=false, mIsVrModeEnabled= false, sQuiescent=false
06-25 17:26:53.706 1488 1745 D PowerManagerService: acquireWakeLockInternal: lock=116107711, flags=0x1, tag="i", ws=null, uid=10111, pid=3440
06-25 17:26:53.706 1488 1745 D PowerManagerService: updateWakeLockSummaryLocked: mWakefulness=Awake, mWakeLockSummary=0x1
06-25 17:26:53.706 1488 1745 D PowerManagerService: updateUserActivitySummaryLocked: groupId=0, mWakefulness=Awake, mUserActivitySummary=0x1, nextTimeout=1221463 (in 598654 ms)
06-25 17:26:53.706 1488 1745 D PowerManagerNotifier: onScreenPolicyUpdate: newPolicy=3
06-25 17:26:53.706 1488 1745 D PowerManagerService: updateDisplayPowerStateLocked: displayReady=true, groupId=0, policy=BRIGHT, mWakefulness=Awake, mWakeLockSummary=0x1, mUserActivitySummary=0x1, mBootCompleted=true, screenBrightnessOverride=NaN, useAutoBrightness=true, mScreenBrightnessBoostInProgress=false, mIsVrModeEnabled= false, sQuiescent=false
06-25 17:26:53.706 1488 1745 D PowerManagerNotifier: onWakeLockAcquired: flags=1, tag="i", packageName=com.tencent.android.qqdownloader, ownerUid=10111, ownerPid=3440, workSource=null
06-25 17:26:53.711 8307 8404 D OpenRuntimeJNI: 2ceed6bca2ed883576f135346d708ba0 md5String:mmv8
06-25 17:26:53.712 8307 8404 I OpenRuntimeJNI: mmv8 abi:2 check success
06-25 17:26:53.716 664 681 I mpu_uart: [MSG-P:RECV]:No message received in 1000 ms
06-25 17:26:53.719 1488 1745 D PowerManagerService: acquireWakeLockInternal: lock=147433612, flags=0x1, tag="i", ws=null, uid=10111, pid=3440
06-25 17:26:53.719 1488 1745 D PowerManagerService: updateWakeLockSummaryLocked: mWakefulness=Awake, mWakeLockSummary=0x1
06-25 17:26:53.719 1488 1745 D PowerManagerService: updateUserActivitySummaryLocked: groupId=0, mWakefulness=Awake, mUserActivitySummary=0x1, nextTimeout=1221463 (in 598641 ms)
06-25 17:26:53.719 1488 1745 D PowerManagerNotifier: onScreenPolicyUpdate: newPolicy=3
06-25 17:26:53.719 1488 1745 D PowerManagerService: updateDisplayPowerStateLocked: displayReady=true, groupId=0, policy=BRIGHT, mWakefulness=Awake, mWakeLockSummary=0x1, mUserActivitySummary=0x1, mBootCompleted=true, screenBrightnessOverride=NaN, useAutoBrightness=true, mScreenBrightnessBoostInProgress=false, mIsVrModeEnabled= false, sQuiescent=false
06-25 17:26:53.719 1488 1745 D PowerManagerNotifier: onWakeLockAcquired: flags=1, tag="i", packageName=com.tencent.android.qqdownloader, ownerUid=10111, ownerPid=3440, workSource=null
06-25 17:26:53.719 1488 2848 D PowerManagerService: acquireWakeLockInternal: lock=125803477, flags=0x1, tag="i", ws=null, uid=10111, pid=3440
06-25 17:26:53.719 1488 2848 D PowerManagerService: updateWakeLockSummaryLocked: mWakefulness=Awake, mWakeLockSummary=0x1
06-25 17:26:53.719 1488 2848 D PowerManagerService: updateUserActivitySummaryLocked: groupId=0, mWakefulness=Awake, mUserActivitySummary=0x1, nextTimeout=1221463 (in 598641 ms)
06-25 17:26:53.719 1488 2848 D PowerManagerNotifier: onScreenPolicyUpdate: newPolicy=3
06-25 17:26:53.720 1488 2848 D PowerManagerService: updateDisplayPowerStateLocked: displayReady=true, groupId=0, policy=BRIGHT, mWakefulness=Awake, mWakeLockSummary=0x1, mUserActivitySummary=0x1, mBootCompleted=true, screenBrightnessOverride=NaN, useAutoBrightness=true, mScreenBrightnessBoostInProgress=false, mIsVrModeEnabled= false, sQuiescent=false
06-25 17:26:53.720 1488 2848 D PowerManagerNotifier: onWakeLockAcquired: flags=1, tag="i", packageName=com.tencent.android.qqdownloader, ownerUid=10111, ownerPid=3440, workSource=null
06-25 17:26:53.721 3536 3536 W System.err: java.lang.IllegalStateException: The specified child already has a parent. You must call removeView() on the child's parent first.
06-25 17:26:53.721 3536 3536 W System.err: at android.view.ViewGroup.addViewInner(ViewGroup.java:5247)
06-25 17:26:53.721 3536 3536 W System.err: at android.view.ViewGroup.addView(ViewGroup.java:5076)
06-25 17:26:53.721 3536 3536 W System.err: at android.view.ViewGroup.addView(ViewGroup.java:5048)
06-25 17:26:53.721 3536 3536 W System.err: at com.tencent.assistant.component.FlashIconView.enableDisplayFlash(Unknown Source:14)
06-25 17:26:53.721 3536 3536 W System.err: at com.tencent.rapidview.parser.tp.run(Unknown Source:25)
06-25 17:26:53.721 3536 3536 W System.err: at com.tencent.rapidview.parser.RapidParserObject.loadAttribute(Unknown Source:28)
06-25 17:26:53.721 3536 3536 W System.err: at com.tencent.rapidview.parser.RapidParserObject.update(Unknown Source:15)
06-25 17:26:53.721 3536 3536 W System.err: at com.tencent.rapidview.data.c.updateVar(Unknown Source:122)
06-25 17:26:53.721 3536 3536 W System.err: at com.tencent.rapidview.data.c.update(Unknown Source:81)
06-25 17:26:53.721 3536 3536 W System.err: at com.tencent.rapidview.runtime.BasePlaceHolder.loadData(Unknown Source:35)
06-25 17:26:53.721 3536 3536 W System.err: at com.tencent.rapidview.runtime.c.loadData(Unknown Source:2)
06-25 17:26:53.721 3536 3536 W System.err: at com.tencent.rapidview.control.NormalRecyclerViewAdapter.onBindViewHolder(Unknown Source:116)
06-25 17:26:53.721 3536 3536 W System.err: at com.tencent.rapidview.control.NormalRecyclerViewAdapter.onBindViewHolder(Unknown Source:2)
06-25 17:26:53.721 3536 3536 W System.err: at android.support.v7.widget.RecyclerView$Adapter.onBindViewHolder(Unknown Source:0)
06-25 17:26:53.721 3536 3536 W System.err: at android.support.v7.widget.RecyclerView$Adapter.bindViewHolder(Unknown Source:29)
06-25 17:26:53.721 3536 3536 W System.err: at android.support.v7.widget.RecyclerView$Recycler.a(Unknown Source:39)
06-25 17:26:53.721 3536 3536 W System.err: at android.support.v7.widget.RecyclerView$Recycler.a(Unknown Source:507)
06-25 17:26:53.721 3536 3536 W System.err: at android.support.v7.widget.RecyclerView$Recycler.a(Unknown Source:5)
06-25 17:26:53.721 3536 3536 W System.err: at android.support.v7.widget.RecyclerView$Recycler.getViewForPosition(Unknown Source:1)
06-25 17:26:53.721 3536 3536 W System.err: at android.support.v7.widget.LinearLayoutManager$LayoutState.a(Unknown Source:11)
06-25 17:26:53.721 3536 3536 W System.err: at android.support.v7.widget.LinearLayoutManager.a(Unknown Source:0)
06-25 17:26:53.721 3536 3536 W System.err: at android.support.v7.widget.LinearLayoutManager.a(Unknown Source:44)
06-25 17:26:53.721 3536 3536 W System.err: at android.support.v7.widget.LinearLayoutManager.onLayoutChildren(Unknown Source:366)
06-25 17:26:53.721 3536 3536 W System.err: at android.support.v7.widget.RecyclerView.dispatchLayoutStep2(Unknown Source:42)
06-25 17:26:53.721 3536 3536 W System.err: at android.support.v7.widget.RecyclerView.onMeasure(Unknown Source:65)
06-25 17:26:53.721 3536 3536 W System.err: at android.view.View.measure(View.java:25778)
06-25 17:26:53.721 3536 3536 W System.err: at android.widget.RelativeLayout.measureChildHorizontal(RelativeLayout.java:735)
06-25 17:26:53.721 3536 3536 W System.err: at android.widget.RelativeLayout.onMeasure(RelativeLayout.java:481)
06-25 17:26:53.721 3536 3536 W System.err: at android.view.View.measure(View.java:25778)
06-25 17:26:53.721 3536 3536 W System.err: at android.widget.RelativeLayout.measureChildHorizontal(RelativeLayout.java:735)
06-25 17:26:53.721 3536 3536 W System.err: at android.widget.RelativeLayout.onMeasure(RelativeLayout.java:481)
06-25 17:26:53.721 3536 3536 W System.err: at android.view.View.measure(View.java:25778)
06-25 17:26:53.721 3536 3536 W System.err: at android.widget.RelativeLayout.measureChildHorizontal(RelativeLayout.java:735)
06-25 17:26:53.721 3536 3536 W System.err: at android.widget.RelativeLayout.onMeasure(RelativeLayout.java:481)
06-25 17:26:53.721 3536 3536 W System.err: at android.view.View.measure(View.java:25778)
06-25 17:26:53.721 3536 3536 W System.err: at android.support.v7.widget.RecyclerView$LayoutManager.measureChildWithMargins(Unknown Source:98)
06-25 17:26:53.721 3536 3536 W System.err: at android.support.v7.widget.LinearLayoutManager.a(Unknown Source:60)
06-25 17:26:53.721 3536 3536 W System.err: at android.support.v7.widget.LinearLayoutManager.a(Unknown Source:44)
06-25 17:26:53.721 3536 3536 W System.err: at android.support.v7.widget.LinearLayoutManager.onLayoutChildren(Unknown Source:366)
06-25 17:26:53.721 3536 3536 W System.err: at android.support.v7.widget.RecyclerView.dispatchLayoutStep2(Unknown Source:42)
06-25 17:26:53.721 3536 3536 W System.err: at android.support.v7.widget.RecyclerView.dispatchLayout(Unknown Source:30)
06-25 17:26:53.721 3536 3536 W System.err: at android.support.v7.widget.RecyclerView.onLayout(Unknown Source:5)
06-25 17:26:53.721 3536 3536 W System.err: at android.view.View.layout(View.java:23148)
06-25 17:26:53.721 3536 3536 W System.err: at android.view.ViewGroup.layout(ViewGroup.java:6412)
06-25 17:26:53.721 3536 3536 W System.err: at android.widget.FrameLayout.layoutChildren(FrameLayout.java:332)
06-25 17:26:53.721 3536 3536 W System.err: at android.widget.FrameLayout.onLayout(FrameLayout.java:270)
06-25 17:26:53.721 3536 3536 W System.err: at android.view.View.layout(View.java:23148)
06-25 17:26:53.721 3536 3536 W System.err: at android.view.ViewGroup.layout(ViewGroup.java:6412)
06-25 17:26:53.721 3536 3536 W System.err: at android.support.v4.view.ViewPager.onLayout(Unknown Source:260)
06-25 17:26:53.721 3536 3536 W System.err: at android.view.View.layout(View.java:23148)
06-25 17:26:53.721 3536 3536 W System.err: at android.view.ViewGroup.layout(ViewGroup.java:6412)
06-25 17:26:53.721 3536 3536 W System.err: at com.tencent.ptrlayout.SmartRefreshLayout.onLayout(Unknown Source:135)
06-25 17:26:53.721 3536 3536 W System.err: at android.view.View.layout(View.java:23148)
06-25 17:26:53.721 3536 3536 W System.err: at android.view.ViewGroup.layout(ViewGroup.java:6412)
06-25 17:26:53.721 3536 3536 W System.err: at android.widget.RelativeLayout.onLayout(RelativeLayout.java:1103)
06-25 17:26:53.721 3536 3536 W System.err: at android.view.View.layout(View.java:23148)
06-25 17:26:53.721 3536 3536 W System.err: at android.view.ViewGroup.layout(ViewGroup.java:6412)
06-25 17:26:53.721 3536 3536 W System.err: at android.support.v4.view.ViewPager.onLayout(Unknown Source:260)
06-25 17:26:53.721 3536 3536 W System.err: at android.view.View.layout(View.java:23148)
06-25 17:26:53.721 3536 3536 W System.err: at android.view.ViewGroup.layout(ViewGroup.java:6412)
06-25 17:26:53.721 3536 3536 W System.err: at android.widget.RelativeLayout.onLayout(RelativeLayout.java:1103)
06-25 17:26:53.721 3536 3536 W System.err: at android.view.View.layout(View.java:23148)
06-25 17:26:53.721 3536 3536 W System.err: at android.view.ViewGroup.layout(ViewGroup.java:6412)
06-25 17:26:53.722 3536 3536 W System.err: at android.widget.FrameLayout.layoutChildren(FrameLayout.java:332)
06-25 17:26:53.722 3536 3536 W System.err: at android.widget.FrameLayout.onLayout(FrameLayout.java:270)
06-25 17:26:53.722 3536 3536 W System.err: at com.tencent.argussdk.ui.TrackerFrameLayout.onLayout(Unknown Source:14)
06-25 17:26:53.722 3536 3536 W System.err: at android.view.View.layout(View.java:23148)
06-25 17:26:53.722 3536 3536 W System.err: at android.view.ViewGroup.layout(ViewGroup.java:6412)
06-25 17:26:53.722 3536 3536 W System.err: at android.widget.FrameLayout.layoutChildren(FrameLayout.java:332)
06-25 17:26:53.722 3536 3536 W System.err: at android.widget.FrameLayout.onLayout(FrameLayout.java:270)
06-25 17:26:53.722 3536 3536 W System.err: at android.view.View.layout(View.java:23148)
06-25 17:26:53.722 3536 3536 W System.err: at android.view.ViewGroup.layout(ViewGroup.java:6412)
06-25 17:26:53.722 3536 3536 W System.err: at android.widget.LinearLayout.setChildFrame(LinearLayout.java:1829)
06-25 17:26:53.722 3536 3536 W System.err: at android.widget.LinearLayout.layoutVertical(LinearLayout.java:1673)
06-25 17:26:53.722 3536 3536 W System.err: at android.widget.LinearLayout.onLayout(LinearLayout.java:1582)
06-25 17:26:53.722 3536 3536 W System.err: at android.view.View.layout(View.java:23148)
06-25 17:26:53.722 3536 3536 W System.err: at android.view.ViewGroup.layout(ViewGroup.java:6412)
06-25 17:26:53.722 3536 3536 W System.err: at com.android.internal.widget.DecorCaptionView.onLayout(DecorCaptionView.java:419)
06-25 17:26:53.722 3536 3536 W System.err: at android.view.View.layout(View.java:23148)
06-25 17:26:53.722 3536 3536 W System.err: at android.view.ViewGroup.layout(ViewGroup.java:6412)
06-25 17:26:53.722 3536 3536 W System.err: at android.widget.FrameLayout.layoutChildren(FrameLayout.java:332)
06-25 17:26:53.722 3536 3536 W System.err: at android.widget.FrameLayout.onLayout(FrameLayout.java:270)
06-25 17:26:53.722 3536 3536 W System.err: at com.android.internal.policy.DecorView.onLayout(DecorView.java:879)
06-25 17:26:53.722 3536 3536 W System.err: at android.view.View.layout(View.java:23148)
06-25 17:26:53.722 3536 3536 W System.err: at android.view.ViewGroup.layout(ViewGroup.java:6412)
06-25 17:26:53.722 3536 3536 W System.err: at android.view.ViewRootImpl.performLayout(ViewRootImpl.java:3716)
06-25 17:26:53.722 3536 3536 W System.err: at android.view.ViewRootImpl.performTraversals(ViewRootImpl.java:3175)
06-25 17:26:53.722 3536 3536 W System.err: at android.view.ViewRootImpl.doTraversal(ViewRootImpl.java:2158)
06-25 17:26:53.722 3536 3536 W System.err: at android.view.ViewRootImpl$TraversalRunnable.run(ViewRootImpl.java:8688)
06-25 17:26:53.722 3536 3536 W System.err: at android.view.Choreographer$CallbackRecord.run(Choreographer.java:1120)
06-25 17:26:53.722 3536 3536 W System.err: at android.view.Choreographer.doCallbacks(Choreographer.java:926)
06-25 17:26:53.722 3536 3536 W System.err: at android.view.Choreographer.doFrame(Choreographer.java:859)
06-25 17:26:53.722 3536 3536 W System.err: at android.view.Choreographer$FrameDisplayEventReceiver.run(Choreographer.java:1105)
06-25 17:26:53.722 3536 3536 W System.err: at android.os.Handler.handleCallback(Handler.java:938)
06-25 17:26:53.722 3536 3536 W System.err: at android.os.Handler.dispatchMessage(Handler.java:99)
06-25 17:26:53.722 3536 3536 W System.err: at android.os.Looper.loopOnce(Looper.java:201)
06-25 17:26:53.722 3536 3536 W System.err: at android.os.Looper.loop(Looper.java:288)
06-25 17:26:53.722 3536 3536 W System.err: at android.app.ActivityThread.main(ActivityThread.java:7880)
06-25 17:26:53.722 3536 3536 W System.err: at java.lang.reflect.Method.invoke(Native Method)
06-25 17:26:53.722 3536 3536 W System.err: at com.android.internal.os.RuntimeInit$MethodAndArgsCaller.run(RuntimeInit.java:548)
06-25 17:26:53.722 3536 3536 W System.err: at com.android.internal.os.ZygoteInit.main(ZygoteInit.java:1009)
06-25 17:26:53.723 814 2961 I vendor.qti.bluetooth@1.0-ibs_handler: ProcessIbsCmd: Received IBS_SLEEP_IND: 0xFE
06-25 17:26:53.727 1488 2848 D PowerManagerService: acquireWakeLockInternal: lock=244215786, flags=0x1, tag="i", ws=null, uid=10111, pid=3440
06-25 17:26:53.727 1488 2848 D PowerManagerService: updateWakeLockSummaryLocked: mWakefulness=Awake, mWakeLockSummary=0x1
06-25 17:26:53.727 1488 2848 D PowerManagerService: updateUserActivitySummaryLocked: groupId=0, mWakefulness=Awake, mUserActivitySummary=0x1, nextTimeout=1221463 (in 598633 ms)
06-25 17:26:53.727 1488 2848 D PowerManagerNotifier: onScreenPolicyUpdate: newPolicy=3
06-25 17:26:53.728 1488 2848 D PowerManagerService: updateDisplayPowerStateLocked: displayReady=true, groupId=0, policy=BRIGHT, mWakefulness=Awake, mWakeLockSummary=0x1, mUserActivitySummary=0x1, mBootCompleted=true, screenBrightnessOverride=NaN, useAutoBrightness=true, mScreenBrightnessBoostInProgress=false, mIsVrModeEnabled= false, sQuiescent=false
06-25 17:26:53.728 1488 2848 D PowerManagerNotifier: onWakeLockAcquired: flags=1, tag="i", packageName=com.tencent.android.qqdownloader, ownerUid=10111, ownerPid=3440, workSource=null
06-25 17:26:53.729 664 680 I mpu_uart: [MSG-P:R]:recv sync frame timeout
06-25 17:26:53.732 1488 2848 D PowerManagerService: acquireWakeLockInternal: lock=29041371, flags=0x1, tag="i", ws=null, uid=10111, pid=3440
06-25 17:26:53.732 3536 3536 W System.err: java.lang.IllegalStateException: The specified child already has a parent. You must call removeView() on the child's parent first.
06-25 17:26:53.732 1488 2848 D PowerManagerService: updateWakeLockSummaryLocked: mWakefulness=Awake, mWakeLockSummary=0x1
