06-25 17:16:51.344 1488 1618 I am_proc_start: [0,2238,1000,com.tc.logclient,added application,com.tc.logclient]
06-25 17:16:51.349 0 0 I [ 19.885130] binder: 2208:2208 ioctl 40046210 7fe2b8b774 returned -22
06-25 17:16:51.349 1488 2089 I am_proc_bound: [0,2208,.qtidataservices]
06-25 17:16:51.352 1488 2089 I am_uid_active: 10053
06-25 17:16:51.361 1488 1618 I am_proc_start: [0,2246,1073,com.android.networkstack.process,added application,com.android.networkstack.process]
06-25 17:16:51.375 0 0 I [ 19.909497] binder: 2220:2220 ioctl 40046210 7fe2b8b774 returned -22
06-25 17:16:51.406 0 0 I [ 19.921575] msm_vidc: high: 00000001: ....e: Opening video instance: 0000000000000000, 0
06-25 17:16:51.406 0 0 I [ 19.921646] msm_vidc: err : 00000001: ....e: Failed to create debugfs for msm_vidc
06-25 17:16:51.406 0 0 I [ 19.925785] msm_vidc: high: 00000001: h264e: Closed video instance: 0000000000000000
06-25 17:16:51.406 0 0 I [ 19.927483] binder: 2255:2255 ioctl 40046210 7fe2b8b774 returned -22
06-25 17:16:51.406 0 0 I [ 19.930586] binder: 2238:2238 ioctl 40046210 7fe2b8b774 returned -22
06-25 17:16:51.406 0 0 I [ 19.933551] binder: 2246:2246 ioctl 40046210 7fe2b8b774 returned -22
06-25 17:16:51.366 1488 1618 I am_proc_start: [0,2255,1000,com.thundercomm.tcsetupwizard,added application,com.thundercomm.tcsetupwizard]
06-25 17:16:51.376 1488 2089 I am_uid_running: 10064
06-25 17:16:51.394 2220 2220 I service_manager_slow: [18,activity]
06-25 17:16:51.395 1488 2111 I am_proc_bound: [0,2220,com.thundercomm.tchttpserver]
06-25 17:16:51.400 1488 1745 I am_proc_bound: [0,2255,com.thundercomm.tcsetupwizard]
06-25 17:16:51.405 1488 1618 I am_proc_start: [0,2316,1000,vendor.qti.qesdk.sysservice,added application,vendor.qti.qesdk.sysservice]
06-25 17:16:51.421 2246 2246 I service_manager_slow: [23,activity]
06-25 17:16:51.425 1488 2111 I am_proc_bound: [0,2246,com.android.networkstack.process]
06-25 17:16:51.429 1488 2111 I am_uid_active: 1073
06-25 17:16:51.433 2238 2238 I service_manager_slow: [31,activity]
06-25 17:16:51.438 0 0 I [ 19.975209] binder: 2181:2330 ioctl 40046210 7755f199e4 returned -22
06-25 17:16:51.435 1488 1618 I am_proc_start: [0,2323,10080,com.qti.qualcomm.mstatssystemservice,added application,com.qti.qualcomm.mstatssystemservice]
06-25 17:16:51.439 1488 1745 I am_proc_bound: [0,2238,com.tc.logclient]
06-25 17:16:51.450 0 0 I [ 19.982092] binder: 2316:2316 ioctl 40046210 7fe2b8b774 returned -22
06-25 17:16:51.450 0 0 I [ 19.985112] msm_vidc: high: 00000001: ....e: Opening video instance: 0000000000000000, 0
06-25 17:16:51.450 0 0 I [ 19.985183] msm_vidc: err : 00000001: ....e: Failed to create debugfs for msm_vidc
06-25 17:16:51.447 1488 1618 I am_proc_start: [0,2340,1068,com.android.se,added application,com.android.se]
06-25 17:16:51.456 0 0 I [ 19.993516] msm_vidc: high: 00000001: h265e: Closed video instance: 0000000000000000
06-25 17:16:51.467 0 0 I [ 20.005106] msm_vidc: high: 00000001: ....e: Opening video instance: 0000000000000000, 0
06-25 17:16:51.467 0 0 I [ 20.005175] msm_vidc: err : 00000001: ....e: Failed to create debugfs for msm_vidc
06-25 17:16:51.468 2316 2316 I service_manager_slow: [19,activity]
06-25 17:16:51.468 1488 2089 I am_proc_bound: [0,2316,vendor.qti.qesdk.sysservice]
06-25 17:16:51.478 0 0 I [ 20.012139] msm_vidc: high: 00000001: h265e: Closed video instance: 0000000000000000
06-25 17:16:51.481 0 0 I [ 20.016593] binder: 2340:2340 ioctl 40046210 7fe2b8b774 returned -22
06-25 17:16:51.475 1488 1618 I am_proc_start: [0,2367,1000,com.thundercomm.remotecontrolservice,added application,com.thundercomm.remotecontrolservice]
06-25 17:16:51.488 0 0 I [ 20.021571] binder: 2323:2323 ioctl 40046210 7fe2b8b774 returned -22
06-25 17:16:51.493 1488 1618 I am_proc_start: [0,2405,1000,com.thundercomm.tcservice,added application,com.thundercomm.tcservice]
06-25 17:16:51.495 1488 1534 I am_proc_bound: [0,2367,com.thundercomm.remotecontrolservice]
06-25 17:16:51.501 1488 1618 I am_proc_start: [0,2408,10062,com.qualcomm.qti.devicestatisticsservice,added application,com.qualcomm.qti.devicestatisticsservice]
06-25 17:16:51.502 1488 1534 I am_proc_bound: [0,2323,com.qti.qualcomm.mstatssystemservice]
06-25 17:16:51.504 2340 2340 I service_manager_slow: [10,activity]
06-25 17:16:51.506 1488 1534 I am_uid_active: 10080
06-25 17:16:51.508 1488 2089 I am_proc_bound: [0,2340,com.android.se]
06-25 17:16:51.518 1488 2089 I am_uid_active: 1068
06-25 17:16:51.523 0 0 I [ 20.030060] binder: 2367:2367 ioctl 40046210 7fe2b8b774 returned -22
06-25 17:16:51.523 0 0 I [ 20.053033] binder: 2405:2405 ioctl 40046210 7fe2b8b774 returned -22
06-25 17:16:51.523 0 0 I [ 20.053751] binder: 2408:2408 ioctl 40046210 7fe2b8b774 returned -22
06-25 17:16:51.523 0 0 I [ 20.059308] msm_vidc: high: 00000001: ....e: Opening video instance: 0000000000000000, 0
06-25 17:16:51.526 1488 1618 I am_proc_start: [0,2443,1000,com.qualcomm.qti.qdma,added application,com.qualcomm.qti.qdma]
06-25 17:16:51.528 1488 1745 I am_proc_bound: [0,2408,com.qualcomm.qti.devicestatisticsservice]
06-25 17:16:51.530 1488 1745 I am_uid_active: 10062
06-25 17:16:51.532 2405 2405 I service_manager_slow: [16,activity]
06-25 17:16:51.533 1488 1745 I am_proc_bound: [0,2405,com.thundercomm.tcservice]
06-25 17:16:51.532 817 817 I auditd : type=1400 audit(0.0:1532): avc: denied { open } for comm="Loc_hal_worker" path="/dev/__properties__/u:object_r:vendor_pd_locater_dbg_prop:s0" dev="tmpfs" ino=3670 scontext=u:r:vendor_hal_gnss_qti:s0 tcontext=u:object_r:vendor_pd_locater_dbg_prop:s0 tclass=file permissive=1
06-25 17:16:51.538 0 0 I [ 20.072509] msm_vidc: err : 00000001: ....e: Failed to create debugfs for msm_vidc
06-25 17:16:51.538 0 0 I [ 20.072603] msm_vidc: err : 00000001: ....e: msm_vidc_comm_update_ctrl: failed: control name Ltr Count, min 0, max 0, step 0, default_value 0
06-25 17:16:51.546 0 0 I [ 20.081703] msm_vidc: high: 00000001: vp8e: Closed video instance: 0000000000000000
06-25 17:16:51.547 1488 1618 I am_proc_start: [0,2460,1000,com.android.settings,top-activity,{com.android.settings/com.android.settings.FallbackHome}]
06-25 17:16:51.552 2367 2367 I service_manager_slow: [13,vendor.perfservice]
06-25 17:16:51.552 0 0 I [ 20.088910] binder: 2443:2443 ioctl 40046210 7fe2b8b774 returned -22
06-25 17:16:51.557 1488 1534 I am_proc_bound: [0,2443,com.qualcomm.qti.qdma]
06-25 17:16:51.572 0 0 I [ 20.110560] input: Remote Mouse Controller as /devices/virtual/input/input4
06-25 17:16:51.578 0 0 I [ 20.114717] input: Remote Keyboard Controller as /devices/virtual/input/input5
06-25 17:16:51.580 2340 2340 I service_manager_slow: [11,vendor.perfservice]
06-25 17:16:51.593 0 0 I [ 20.127167] binder: 2460:2460 ioctl 40046210 7fe2b8b774 returned -22
06-25 17:16:51.603 0 0 I [ 20.136588] binder: 2340:2340 ioctl 40046210 7fe2b8a724 returned -22
06-25 17:16:51.586 1488 1618 I am_proc_start: [0,2499,10093,android.ext.services,service,{android.ext.services/android.ext.services.autofill.InlineSuggestionRenderServiceImpl}]
06-25 17:16:51.603 1488 1618 I am_proc_start: [0,2520,10064,com.thundercomm.gamemode.provider,content provider,{com.thundercomm.gamemode.provider/com.thundercomm.gamemode.provider.SettingsProvider}]
06-25 17:16:51.603 1488 1745 D TelephonyRegistry: listen oscl: mHasNotifySubscriptionInfoChangedOccurred==false no callback
06-25 17:16:51.604 1488 2089 I am_proc_bound: [0,2460,com.android.settings]
06-25 17:16:51.617 0 0 I [ 20.153895] binder: 2520:2520 ioctl 40046210 7fe2b8b774 returned -22
06-25 17:16:51.615 1488 2089 I wm_restart_activity: [0,251819152,2,com.android.settings/.FallbackHome]
06-25 17:16:51.618 1488 2089 I wm_set_resumed_activity: [0,com.android.settings/.FallbackHome,minimalResumeActivityLocked]
06-25 17:16:51.626 1488 1745 I am_proc_bound: [0,2520,com.thundercomm.gamemode.provider]
06-25 17:16:51.630 1488 1745 I am_uid_active: 10064
06-25 17:16:51.657 0 0 I [ 20.193452] binder: 2499:2499 ioctl 40046210 7fe2b8b774 returned -22
06-25 17:16:51.657 0 0 I [ 20.194481] binder: 2405:2405 ioctl 40046210 7fe2b8a2e4 returned -22
06-25 17:16:51.668 1488 1533 I am_proc_bound: [0,2499,android.ext.services]
06-25 17:16:51.671 1488 1533 I am_uid_active: 10093
06-25 17:16:51.692 0 0 I [ 20.229882] binder: 2443:2443 ioctl 40046210 7fe2b89754 returned -22
06-25 17:16:51.765 2460 2460 I wm_on_create_called: [251819152,com.android.settings.FallbackHome,performCreate]
06-25 17:16:51.766 2460 2460 I wm_on_start_called: [251819152,com.android.settings.FallbackHome,handleStartActivity]
06-25 17:16:51.766 2460 2460 I wm_on_resume_called: [251819152,com.android.settings.FallbackHome,RESUME_ACTIVITY]
06-25 17:16:51.775 2460 2460 I wm_on_top_resumed_gained_called: [251819152,com.android.settings.FallbackHome,topStateChangedWhenResumed]
06-25 17:16:51.778 1488 1724 I commit_sys_config_file: [settings-0-0,11]
06-25 17:16:51.791 1488 1603 I input_focus: [Focus request 97df18f com.android.settings/com.android.settings.FallbackHome,reason=UpdateInputWindows]
06-25 17:16:51.809 1488 2089 I am_uid_running: 10079
06-25 17:16:51.820 1488 1618 I am_proc_start: [0,2610,10079,com.android.launcher3,service,{com.android.launcher3/com.android.quickstep.TouchInteractionService}]
06-25 17:16:51.837 0 0 I [ 20.375266] binder: 2460:2587 ioctl 40046210 7703ce41f4 returned -22
06-25 17:16:51.841 1488 1745 I am_uid_running: 10081
06-25 17:16:51.847 1488 1488 D TelephonyRegistry: listen oscl: mHasNotifySubscriptionInfoChangedOccurred==false no callback
06-25 17:16:51.855 1488 1488 I notification_enqueue: [10078,1928,com.android.systemui,1,empty_media,0,Notification(channel=empty_media_style_id shortcut=null contentView=null vibrate=null sound=null defaults=0x0 flags=0x20 color=0x00000000 category=transport groupKey=empty_media actions=5 vis=PRIVATE),0]
06-25 17:16:51.858 0 0 I [ 20.393751] binder: 2610:2610 ioctl 40046210 7fe2b8b774 returned -22
06-25 17:16:51.859 1488 1618 I am_proc_start: [0,2646,10081,com.qualcomm.qti.qccauthmgr,content provider,{com.qualcomm.qti.qccauthmgr/com.qualcomm.qti.qccauthmgr.providers.SMQContentProvider}]
06-25 17:16:51.861 1488 1488 I notification_cancel_all: [1000,1488,com.android.systemui,0,0,0,20,NULL]
06-25 17:16:51.862 1488 1488 D TelephonyRegistry: notifyCellLocationForSubscriber: subId=2147483647 cellIdentity=null
06-25 17:16:51.864 1488 1488 I notification_enqueue: [1000,1488,android,32,NULL,-1,Notification(channel=USB shortcut=null contentView=null vibrate=null sound=null tick defaults=0x0 flags=0x2 color=0x00000000 vis=PUBLIC),0]
06-25 17:16:51.867 1488 1488 I sysui_multi_action: [757,1501,758,1,793,172,794,0,795,172,796,1,797,empty_media,806,com.android.systemui,857,empty_media_style_id,858,4,946,empty_media,947,0,1500,0,1641,transport,1745,1043716538]
06-25 17:16:51.867 1488 1488 I sysui_multi_action: [757,804,799,note_interruptive,801,0,802,1]
06-25 17:16:51.870 1488 1602 I boot_progress_enable_screen: 20408
06-25 17:16:51.873 1488 2130 I am_proc_bound: [0,2610,com.android.launcher3]
06-25 17:16:51.874 1488 1488 I sysui_multi_action: [757,1501,758,1,793,117,794,0,795,117,796,32,806,android,857,USB,858,1,947,0,1500,0]
06-25 17:16:51.874 1488 1488 I sysui_multi_action: [757,804,799,note_interruptive,801,0,802,1]
06-25 17:16:51.875 0 0 E [ 20.401625] bt_ioctl: BT_CMD_PWR_CTRL pwr_cntrl:0
06-25 17:16:51.875 0 0 E [ 20.406705] bt_ioctl: BT state already:0 no change done
06-25 17:16:51.875 0 0 E : [ 20.406705]
06-25 17:16:51.879 1488 2130 I am_uid_active: 10079
06-25 17:16:51.881 1488 1602 I screen_toggled: 1
06-25 17:16:51.885 1928 2609 I sysui_multi_action: [757,213,758,4,759,-1]
06-25 17:16:51.894 0 0 E [ 20.418978] bt_ioctl: BT_CMD_PWR_CTRL pwr_cntrl:1
06-25 17:16:51.894 0 0 I : [ 20.425176] bt_power vendor:bt_qca6390: Linked as a consumer to regulator.9
06-25 17:16:51.894 0 0 E [ 20.425249] bt_vreg_enable: vreg_en successful for : qca,bt-vdd-aon
06-25 17:16:51.894 0 0 I : [ 20.431737] bt_power vendor:bt_qca6390: Linked as a consumer to regulator.51
06-25 17:16:51.894 0 0 E [ 20.431817] bt_vreg_enable: vreg_en successful for : qca,bt-vdd-dig
06-25 17:16:51.902 0 0 I [ 20.438647] binder: 2646:2646 ioctl 40046210 7fe2b8b774 returned -22
06-25 17:16:51.902 0 0 I : [ 20.438766] bt_power vendor:bt_qca6390: Linked as a consumer to regulator.8
06-25 17:16:51.902 0 0 E [ 20.438878] bt_vreg_enable: vreg_en successful for : qca,bt-vdd-rfa1
06-25 17:16:51.907 0 0 I [ 20.442329] binder: 1928:2614 ioctl 40046210 76ef88f124 returned -22
06-25 17:16:51.908 0 0 I : [ 20.445778] bt_power vendor:bt_qca6390: Linked as a consumer to regulator.36
06-25 17:16:51.908 0 0 E [ 20.445881] bt_vreg_enable: vreg_en successful for : qca,bt-vdd-rfa2
06-25 17:16:51.920 0 0 E [ 20.448063] link_delay_work_func: DTC_ETH: SQI=0, link=0
06-25 17:16:51.920 0 0 I : [ 20.452457] bt_power vendor:bt_qca6390: Linked as a consumer to regulator.27
06-25 17:16:51.908 1488 2584 I am_proc_bound: [0,2646,com.qualcomm.qti.qccauthmgr]
06-25 17:16:51.921 1488 2584 I am_uid_active: 10081
06-25 17:16:51.932 0 0 E [ 20.458920] bt_vreg_enable: vreg_en successful for : qca,bt-vdd-asd
06-25 17:16:51.957 1928 1928 W CarrierConfigManager: Error getting config for subId -1 ICarrierConfigLoader is null
06-25 17:16:51.987 0 0 E [ 20.509810] init: Control message: Could not find 'vendor.qti.hardware.iop@2.0::IIop/default' for ctl.interface_start from pid: 524 (/system/bin/hwservicemanager)
06-25 17:16:51.987 0 0 I [ 20.520141] bt_configure_gpios: BTON:Turn Bt Off bt-reset-gpio(1121) value(0)
06-25 17:16:51.987 0 0 I [ 20.524760] bt_configure_gpios: BTON:Turn Bt Off
06-25 17:16:51.987 0 0 I [ 20.524764] bt_configure_gpios: bt-sw-ctrl-gpio(1224) value(1)
06-25 17:16:51.987 0 0 I [ 20.524765] bt_enable_bt_reset_gpios_safely: bt_enable_bt_reset_gpios_safely: BTON:Turn Bt On
06-25 17:16:51.987 0 0 I [ 20.524767] bt_enable_bt_reset_gpios_safely: bt_enable_bt_reset_gpios_safely: wl-reset-gpio(1120) value(1)
06-25 17:16:51.987 0 0 I [ 20.524768] bt_enable_bt_reset_gpios_safely: bt_enable_bt_reset_gpios_safely: BTON: Asserting BT_EN
06-25 17:16:51.989 1488 2089 D TelephonyRegistry: listen oscl: mHasNotifySubscriptionInfoChangedOccurred==false no callback
06-25 17:16:52.014 0 0 E [ 20.533837] init: Control message: Could not find 'vendor.qti.hardware.iop@2.0::IIop/default' for ctl.interface_start from pid: 524 (/system/bin/hwservicemanager)
06-25 17:16:52.017 0 0 I [ 20.553978] init: starting service 'hht_ota_mgr_service'...
06-25 17:16:52.039 0 0 E [ 20.561919] init: Control message: Could not find 'vendor.qti.hardware.iop@2.0::IIop/default' for ctl.interface_start from pid: 524 (/system/bin/hwservicemanager)
06-25 17:16:52.043 0 0 I [ 20.580121] bt_configure_gpios: BTON:Turn Bt On bt-reset-gpio(1121) value(1)
06-25 17:16:52.043 0 0 I : [ 20.580121]
06-25 17:16:52.043 0 0 I [ 20.580126] bt_configure_gpios: BTON:Turn Bt On
06-25 17:16:52.043 0 0 I [ 20.580131] bt_configure_gpios: bt-sw-ctrl-gpio(1224) value(1)
06-25 17:16:52.043 0 0 I [ 20.580135] bt_configure_gpios: bt_gpio= 1121 on: 1 is successful
06-25 17:16:52.060 814 814 I auditd : type=1400 audit(0.0:1533): avc: denied { search } for comm="bluetooth@1.0-s" name="bluetooth" dev="sda2" ino=69 scontext=u:r:hal_bluetooth_default:s0 tcontext=u:object_r:mnt_product_file:s0 tclass=dir permissive=1
06-25 17:16:52.078 0 0 E [ 20.611002] bt_ioctl: unified Current SOC Version : 400a0200
06-25 17:16:52.450 0 0 E [ 20.980040] diag: In diag_ioctl_set_buffering_mode, invalid peripheral = -22
06-25 17:16:52.687 1488 1602 I wm_boot_animation_done: 21225
06-25 17:16:52.693 1488 1617 I am_wtf : [0,1488,system_server,-1,DisplayDeviceConfig,requesting nits when no mapping exists.]
06-25 17:16:52.694 1488 1617 I am_wtf : [0,1488,system_server,-1,DisplayDeviceConfig,requesting nits when no mapping exists.]
06-25 17:16:52.716 0 0 W [ 21.212741] cnss-daemon: wlfw_qmi_ind_cb: Receive Ind : 0x2a
06-25 17:16:52.716 0 0 I [ 21.254292] init: processing action (sys.usb.config=none && sys.usb.configfs=1) from (/vendor/etc/init/hw/init.qcom.usb.rc:142)
06-25 17:16:52.722 0 0 I [ 21.258712] init: Command 'rm /config/usb_gadget/g1/configs/b.1/f2' action=sys.usb.config=none && sys.usb.configfs=1 (/vendor/etc/init/hw/init.qcom.usb.rc:144) took 0ms and failed: unlink() failed: No such file or directory
06-25 17:16:52.722 0 0 I [ 21.258788] init: Command 'rm /config/usb_gadget/g1/configs/b.1/f3' action=sys.usb.config=none && sys.usb.configfs=1 (/vendor/etc/init/hw/init.qcom.usb.rc:145) took 0ms and failed: unlink() failed: No such file or directory
06-25 17:16:52.722 0 0 I [ 21.258865] init: Command 'rm /config/usb_gadget/g1/configs/b.1/f4' action=sys.usb.config=none && sys.usb.configfs=1 (/vendor/etc/init/hw/init.qcom.usb.rc:146) took 0ms and failed: unlink() failed: No such file or directory
06-25 17:16:52.722 0 0 I [ 21.258934] init: Command 'rm /config/usb_gadget/g1/configs/b.1/f5' action=sys.usb.config=none && sys.usb.configfs=1 (/vendor/etc/init/hw/init.qcom.usb.rc:147) took 0ms and failed: unlink() failed: No such file or directory
06-25 17:16:52.722 0 0 I [ 21.258994] init: Command 'rm /config/usb_gadget/g1/configs/b.1/f6' action=sys.usb.config=none && sys.usb.configfs=1 (/vendor/etc/init/hw/init.qcom.usb.rc:148) took 0ms and failed: unlink() failed: No such file or directory
06-25 17:16:52.724 1488 1602 I uc_finish_user_boot: 0
06-25 17:16:52.724 1488 1602 I am_user_state_changed: [0,1]
06-25 17:16:52.724 1488 1602 I uc_send_user_broadcast: [0,android.intent.action.LOCKED_BOOT_COMPLETED]
06-25 17:16:52.745 1488 1602 I uc_finish_user_unlocking: 0
06-25 17:16:52.752 1488 2130 I am_uid_running: 10071
06-25 17:16:52.754 1488 1488 I notification_enqueue: [1000,1488,android,55,NULL,-1,Notification(channel=DEVELOPER shortcut=null contentView=null vibrate=null sound=null tick defaults=0x0 flags=0x2 color=0x00000000 vis=PUBLIC),0]
06-25 17:16:52.764 1488 1618 I am_proc_start: [0,2765,10071,com.qualcomm.location,broadcast,{com.qualcomm.location/com.qualcomm.location.LocationServiceReceiver}]
06-25 17:16:52.778 0 0 D [ 21.312997] qbt: qbt_open: entry minor_no=0 fd_available=1
06-25 17:16:52.798 0 0 D [ 21.312999] qbt: qbt_open: exit : 0 fd_available=0
06-25 17:16:52.798 0 0 D [ 21.313008] qbt: qbt_open: entry minor_no=1 fd_available=0
06-25 17:16:52.798 0 0 D [ 21.313009] qbt: qbt_open: exit : 0 fd_available=0
06-25 17:16:52.798 0 0 D [ 21.313017] qbt: qbt_ioctl: cmd received 107
06-25 17:16:52.798 0 0 D [ 21.313018] qbt: qbt_ioctl: Acquiring wakelock
06-25 17:16:52.798 0 0 I [ 21.315253] binder: 2765:2765 ioctl 40046210 7fe2b8b774 returned -22
06-25 17:16:52.798 0 0 W [ 21.320446] QSEECOM: qseecom_load_app: App (fingerpr) does'nt exist, loading apps for first time
06-25 17:16:52.800 1488 2130 I am_proc_bound: [0,2765,com.qualcomm.location]
06-25 17:16:52.804 1488 2130 I am_uid_active: 10071
06-25 17:16:52.825 2783 2783 F libc : Fatal signal 6 (SIGABRT), code -1 (SI_QUEUE) in tid 2783 (init), pid 2783 (init)
06-25 17:16:52.838 0 0 W : [ 21.359150] Boot completed
06-25 17:16:52.838 0 0 I [ 21.375694] init: qssi copy & sync /metadata/vold/metadata_encryption/key/encrypted_key to /persist/key/encrypted_key_bak: No such file or directory
06-25 17:16:52.840 0 0 I [ 21.377921] init: qssi copy & sync /metadata/vold/metadata_encryption/key/keymaster_key_blob to /persist/key/keymaster_key_blob_bak: No such file or directory
06-25 17:16:52.842 0 0 I [ 21.379769] init: qssi copy & sync /metadata/vold/metadata_encryption/key/secdiscardable to /persist/key/secdiscardable_bak: No such file or directory
06-25 17:16:52.848 0 0 I [ 21.384807] init: qssi copy & sync /metadata/vold/metadata_encryption/key/stretching to /persist/key/stretching_bak: No such file or directory
06-25 17:16:52.852 0 0 I [ 21.388539] init: qssi copy & sync /metadata/vold/metadata_encryption/key/version to /persist/key/version_bak: No such file or directory
06-25 17:16:52.848 2790 2790 I auditd : type=1400 audit(0.0:1534): avc: denied { ptrace } for comm="crash_dump64" scontext=u:r:crash_dump:s0 tcontext=u:r:init:s0 tclass=process permissive=1
06-25 17:16:52.858 0 0 I : [ 21.395342] read descriptors
06-25 17:16:52.858 0 0 I : [ 21.395475] read strings
06-25 17:16:52.860 2790 2790 I auditd : type=1400 audit(0.0:1535): avc: denied { ptrace } for comm="crash_dump64" scontext=u:r:crash_dump:s0 tcontext=u:r:init:s0 tclass=process permissive=1
06-25 17:16:52.860 2790 2790 I auditd : type=1400 audit(0.0:1536): avc: denied { search } for comm="crash_dump64" name="bootstrap" dev="dm-10" ino=3003 scontext=u:r:crash_dump:s0 tcontext=u:object_r:system_bootstrap_lib_file:s0 tclass=dir permissive=1
06-25 17:16:52.860 2790 2790 I auditd : type=1400 audit(0.0:1537): avc: denied { read } for comm="crash_dump64" name="libc.so" dev="dm-10" ino=3004 scontext=u:r:crash_dump:s0 tcontext=u:object_r:system_bootstrap_lib_file:s0 tclass=file permissive=1
06-25 17:16:52.860 2790 2790 I auditd : type=1400 audit(0.0:1538): avc: denied { open } for comm="crash_dump64" path="/system/lib64/bootstrap/libc.so" dev="dm-10" ino=3004 scontext=u:r:crash_dump:s0 tcontext=u:object_r:system_bootstrap_lib_file:s0 tclass=file permissive=1
06-25 17:16:52.860 2790 2790 I auditd : type=1400 audit(0.0:1539): avc: denied { getattr } for comm="crash_dump64" path="/system/lib64/bootstrap/libc.so" dev="dm-10" ino=3004 scontext=u:r:crash_dump:s0 tcontext=u:object_r:system_bootstrap_lib_file:s0 tclass=file permissive=1
06-25 17:16:52.860 2790 2790 I auditd : type=1400 audit(0.0:1540): avc: denied { map } for comm="crash_dump64" path="/system/lib64/bootstrap/libc.so" dev="dm-10" ino=3004 scontext=u:r:crash_dump:s0 tcontext=u:object_r:system_bootstrap_lib_file:s0 tclass=file permissive=1
06-25 17:16:52.864 2790 2790 I auditd : type=1400 audit(0.0:1541): avc: denied { open } for comm="crash_dump64" path="/dev/__properties__/u:object_r:zram_control_prop:s0" dev="tmpfs" ino=3729 scontext=u:r:crash_dump:s0 tcontext=u:object_r:zram_control_prop:s0 tclass=file permissive=1
06-25 17:16:52.864 2790 2790 I auditd : type=1400 audit(0.0:1542): avc: denied { getattr } for comm="crash_dump64" path="/dev/__properties__/u:object_r:zram_control_prop:s0" dev="tmpfs" ino=3729 scontext=u:r:crash_dump:s0 tcontext=u:object_r:zram_control_prop:s0 tclass=file permissive=1
06-25 17:16:52.864 2790 2790 I auditd : type=1400 audit(0.0:1543): avc: denied { map } for comm="crash_dump64" path="/dev/__properties__/u:object_r:zram_control_prop:s0" dev="tmpfs" ino=3729 scontext=u:r:crash_dump:s0 tcontext=u:object_r:zram_control_prop:s0 tclass=file permissive=1
06-25 17:16:52.864 2790 2790 I auditd : type=1400 audit(0.0:1544): avc: denied { open } for comm="crash_dump64" path="/dev/__properties__/u:object_r:zram_config_prop:s0" dev="tmpfs" ino=3728 scontext=u:r:crash_dump:s0 tcontext=u:object_r:zram_config_prop:s0 tclass=file permissive=1
06-25 17:16:52.864 2790 2790 I auditd : type=1400 audit(0.0:1545): avc: denied { getattr } for comm="crash_dump64" path="/dev/__properties__/u:object_r:zram_config_prop:s0" dev="tmpfs" ino=3728 scontext=u:r:crash_dump:s0 tcontext=u:object_r:zram_config_prop:s0 tclass=file permissive=1
06-25 17:16:52.864 2790 2790 I auditd : type=1400 audit(0.0:1546): avc: denied { map } for comm="crash_dump64" path="/dev/__properties__/u:object_r:zram_config_prop:s0" dev="tmpfs" ino=3728 scontext=u:r:crash_dump:s0 tcontext=u:object_r:zram_config_prop:s0 tclass=file permissive=1
06-25 17:16:52.864 2790 2790 I auditd : type=1400 audit(0.0:1547): avc: denied { open } for comm="crash_dump64" path="/dev/__properties__/u:object_r:wifi_prop:s0" dev="tmpfs" ino=3727 scontext=u:r:crash_dump:s0 tcontext=u:object_r:wifi_prop:s0 tclass=file permissive=1
06-25 17:16:52.864 2790 2790 I auditd : type=1400 audit(0.0:1548): avc: denied { getattr } for comm="crash_dump64" path="/dev/__properties__/u:object_r:wifi_prop:s0" dev="tmpfs" ino=3727 scontext=u:r:crash_dump:s0 tcontext=u:object_r:wifi_prop:s0 tclass=file permissive=1
06-25 17:16:52.864 2790 2790 I auditd : type=1400 audit(0.0:1549): avc: denied { map } for comm="crash_dump64" path="/dev/__properties__/u:object_r:wifi_prop:s0" dev="tmpfs" ino=3727 scontext=u:r:crash_dump:s0 tcontext=u:object_r:wifi_prop:s0 tclass=file permissive=1
06-25 17:16:52.864 2790 2790 I auditd : type=1400 audit(0.0:1550): avc: denied { open } for comm="crash_dump64" path="/dev/__properties__/u:object_r:wifi_hal_prop:s0" dev="tmpfs" ino=3725 scontext=u:r:crash_dump:s0 tcontext=u:object_r:wifi_hal_prop:s0 tclass=file permissive=1
06-25 17:16:52.864 2790 2790 I auditd : type=1400 audit(0.0:1551): avc: denied { getattr } for comm="crash_dump64" path="/dev/__properties__/u:object_r:wifi_hal_prop:s0" dev="tmpfs" ino=3725 scontext=u:r:crash_dump:s0 tcontext=u:object_r:wifi_hal_prop:s0 tclass=file permissive=1
06-25 17:16:52.864 2790 2790 I auditd : type=1400 audit(0.0:1552): avc: denied { map } for comm="crash_dump64" path="/dev/__properties__/u:object_r:wifi_hal_prop:s0" dev="tmpfs" ino=3725 scontext=u:r:crash_dump:s0 tcontext=u:object_r:wifi_hal_prop:s0 tclass=file permissive=1
06-25 17:16:52.864 2790 2790 I auditd : type=1400 audit(0.0:1553): avc: denied { open } for comm="crash_dump64" path="/dev/__properties__/u:object_r:wifi_config_prop:s0" dev="tmpfs" ino=3724 scontext=u:r:crash_dump:s0 tcontext=u:object_r:wifi_config_prop:s0 tclass=file permissive=1
06-25 17:16:52.864 2790 2790 I auditd : type=1400 audit(0.0:1554): avc: denied { getattr } for comm="crash_dump64" path="/dev/__properties__/u:object_r:wifi_config_prop:s0" dev="tmpfs" ino=3724 scontext=u:r:crash_dump:s0 tcontext=u:object_r:wifi_config_prop:s0 tclass=file permissive=1
06-25 17:16:52.864 2790 2790 I auditd : type=1400 audit(0.0:1555): avc: denied { map } for comm="crash_dump64" path="/dev/__properties__/u:object_r:wifi_config_prop:s0" dev="tmpfs" ino=3724 scontext=u:r:crash_dump:s0 tcontext=u:object_r:wifi_config_prop:s0 tclass=file permissive=1
06-25 17:16:52.864 2790 2790 I auditd : type=1400 audit(0.0:1556): avc: denied { open } for comm="crash_dump64" path="/dev/__properties__/u:object_r:vold_post_fs_data_prop:s0" dev="tmpfs" ino=3719 scontext=u:r:crash_dump:s0 tcontext=u:object_r:vold_post_fs_data_prop:s0 tclass=file permissive=1
06-25 17:16:52.864 2790 2790 I auditd : type=1400 audit(0.0:1557): avc: denied { getattr } for comm="crash_dump64" path="/dev/__properties__/u:object_r:vold_post_fs_data_prop:s0" dev="tmpfs" ino=3719 scontext=u:r:crash_dump:s0 tcontext=u:object_r:vold_post_fs_data_prop:s0 tclass=file permissive=1
06-25 17:16:52.864 2790 2790 I auditd : type=1400 audit(0.0:1558): avc: denied { map } for comm="crash_dump64" path="/dev/__properties__/u:object_r:vold_post_fs_data_prop:s0" dev="tmpfs" ino=3719 scontext=u:r:crash_dump:s0 tcontext=u:object_r:vold_post_fs_data_prop:s0 tclass=file permissive=1
06-25 17:16:52.864 2790 2790 I auditd : type=1400 audit(0.0:1559): avc: denied { open } for comm="crash_dump64" path="/dev/__properties__/u:object_r:virtual_ab_prop:s0" dev="tmpfs" ino=3716 scontext=u:r:crash_dump:s0 tcontext=u:object_r:virtual_ab_prop:s0 tclass=file permissive=1
06-25 17:16:52.864 2790 2790 I auditd : type=1400 audit(0.0:1560): avc: denied { getattr } for comm="crash_dump64" path="/dev/__properties__/u:object_r:virtual_ab_prop:s0" dev="tmpfs" ino=3716 scontext=u:r:crash_dump:s0 tcontext=u:object_r:virtual_ab_prop:s0 tclass=file permissive=1
06-25 17:16:52.864 2790 2790 I auditd : type=1400 audit(0.0:1561): avc: denied { map } for comm="crash_dump64" path="/dev/__properties__/u:object_r:virtual_ab_prop:s0" dev="tmpfs" ino=3716 scontext=u:r:crash_dump:s0 tcontext=u:object_r:virtual_ab_prop:s0 tclass=file permissive=1
06-25 17:16:52.864 2790 2790 I auditd : type=1400 audit(0.0:1562): avc: denied { open } for comm="crash_dump64" path="/dev/__properties__/u:object_r:vendor_xrcb_prop:s0" dev="tmpfs" ino=3714 scontext=u:r:crash_dump:s0 tcontext=u:object_r:vendor_xrcb_prop:s0 tclass=file permissive=1
06-25 17:16:52.864 2790 2790 I auditd : type=1400 audit(0.0:1563): avc: denied { getattr } for comm="crash_dump64" path="/dev/__properties__/u:object_r:vendor_xrcb_prop:s0" dev="tmpfs" ino=3714 scontext=u:r:crash_dump:s0 tcontext=u:object_r:vendor_xrcb_prop:s0 tclass=file permissive=1
06-25 17:16:52.864 2790 2790 I auditd : type=1400 audit(0.0:1564): avc: denied { map } for comm="crash_dump64" path="/dev/__properties__/u:object_r:vendor_xrcb_prop:s0" dev="tmpfs" ino=3714 scontext=u:r:crash_dump:s0 tcontext=u:object_r:vendor_xrcb_prop:s0 tclass=file permissive=1
06-25 17:16:52.864 2790 2790 I auditd : type=1400 audit(0.0:1565): avc: denied { open } for comm="crash_dump64" path="/dev/__properties__/u:object_r:vendor_xlat_prop:s0" dev="tmpfs" ino=3713 scontext=u:r:crash_dump:s0 tcontext=u:object_r:vendor_xlat_prop:s0 tclass=file permissive=1
06-25 17:16:52.864 2790 2790 I auditd : type=1400 audit(0.0:1566): avc: denied { getattr } for comm="crash_dump64" path="/dev/__properties__/u:object_r:vendor_xlat_prop:s0" dev="tmpfs" ino=3713 scontext=u:r:crash_dump:s0 tcontext=u:object_r:vendor_xlat_prop:s0 tclass=file permissive=1
06-25 17:16:52.864 2790 2790 I auditd : type=1400 audit(0.0:1567): avc: denied { map } for comm="crash_dump64" path="/dev/__properties__/u:object_r:vendor_xlat_prop:s0" dev="tmpfs" ino=3713 scontext=u:r:crash_dump:s0 tcontext=u:object_r:vendor_xlat_prop:s0 tclass=file permissive=1
06-25 17:16:52.864 2790 2790 I auditd : type=1400 audit(0.0:1568): avc: denied { open } for comm="crash_dump64" path="/dev/__properties__/u:object_r:vendor_wlc_prop:s0" dev="tmpfs" ino=3712 scontext=u:r:crash_dump:s0 tcontext=u:object_r:vendor_wlc_prop:s0 tclass=file permissive=1
06-25 17:16:52.864 2790 2790 I auditd : type=1400 audit(0.0:1569): avc: denied { getattr } for comm="crash_dump64" path="/dev/__properties__/u:object_r:vendor_wlc_prop:s0" dev="tmpfs" ino=3712 scontext=u:r:crash_dump:s0 tcontext=u:object_r:vendor_wlc_prop:s0 tclass=file permissive=1
06-25 17:16:52.864 2790 2790 I auditd : type=1400 audit(0.0:1570): avc: denied { map } for comm="crash_dump64" path="/dev/__properties__/u:object_r:vendor_wlc_prop:s0" dev="tmpfs" ino=3712 scontext=u:r:crash_dump:s0 tcontext=u:object_r:vendor_wlc_prop:s0 tclass=file permissive=1
06-25 17:16:52.864 2790 2790 I auditd : type=1400 audit(0.0:1571): avc: denied { open } for comm="crash_dump64" path="/dev/__properties__/u:object_r:vendor_wigig_prop:s0" dev="tmpfs" ino=3711 scontext=u:r:crash_dump:s0 tcontext=u:object_r:vendor_wigig_prop:s0 tclass=file permissive=1
06-25 17:16:52.864 2790 2790 I auditd : type=1400 audit(0.0:1572): avc: denied { getattr } for comm="crash_dump64" path="/dev/__properties__/u:object_r:vendor_wigig_prop:s0" dev="tmpfs" ino=3711 scontext=u:r:crash_dump:s0 tcontext=u:object_r:vendor_wigig_prop:s0 tclass=file permissive=1
06-25 17:16:52.864 2790 2790 I auditd : type=1400 audit(0.0:1573): avc: denied { map } for comm="crash_dump64" path="/dev/__properties__/u:object_r:vendor_wigig_prop:s0" dev="tmpfs" ino=3711 scontext=u:r:crash_dump:s0 tcontext=u:object_r:vendor_wigig_prop:s0 tclass=file permissive=1
06-25 17:16:52.864 2790 2790 I auditd : type=1400 audit(0.0:1574): avc: denied { open } for comm="crash_dump64" path="/dev/__properties__/u:object_r:vendor_wigig_core_prop:s0" dev="tmpfs" ino=3710 scontext=u:r:crash_dump:s0 tcontext=u:object_r:vendor_wigig_core_prop:s0 tclass=file permissive=1
06-25 17:16:52.864 2790 2790 I auditd : type=1400 audit(0.0:1575): avc: denied { getattr } for comm="crash_dump64" path="/dev/__properties__/u:object_r:vendor_wigig_core_prop:s0" dev="tmpfs" ino=3710 scontext=u:r:crash_dump:s0 tcontext=u:object_r:vendor_wigig_core_prop:s0 tclass=file permissive=1
06-25 17:16:52.876 0 0 W [ 21.405922] audit_log_start: 424 callbacks suppressed
06-25 17:16:52.876 0 0 W [ 21.405924] audit: audit_backlog=65 > audit_backlog_limit=64
06-25 17:16:52.876 0 0 W [ 21.405926] audit: audit_lost=145 audit_rate_limit=0 audit_backlog_limit=64
06-25 17:16:52.876 0 0 E [ 21.405927] audit: backlog limit exceeded
06-25 17:16:52.876 0 0 I [ 21.413353] binder: 2765:2807 ioctl 40046210 7704a8b934 returned -22
06-25 17:16:52.864 2790 2790 I auditd : type=1400 audit(0.0:1576): avc: denied { map } for comm="crash_dump64" path="/dev/__properties__/u:object_r:vendor_wigig_core_prop:s0" dev="tmpfs" ino=3710 scontext=u:r:crash_dump:s0 tcontext=u:object_r:vendor_wigig_core_prop:s0 tclass=file permissive=1
06-25 17:16:52.864 2790 2790 I auditd : type=1400 audit(0.0:1577): avc: denied { open } for comm="crash_dump64" path="/dev/__properties__/u:object_r:vendor_wifi_version:s0" dev="tmpfs" ino=3709 scontext=u:r:crash_dump:s0 tcontext=u:object_r:vendor_wifi_version:s0 tclass=file permissive=1
06-25 17:16:52.864 2790 2790 I auditd : type=1400 audit(0.0:1578): avc: denied { getattr } for comm="crash_dump64" path="/dev/__properties__/u:object_r:vendor_wifi_version:s0" dev="tmpfs" ino=3709 scontext=u:r:crash_dump:s0 tcontext=u:object_r:vendor_wifi_version:s0 tclass=file permissive=1
06-25 17:16:52.864 2790 2790 I auditd : type=1400 audit(0.0:1579): avc: denied { map } for comm="crash_dump64" path="/dev/__properties__/u:object_r:vendor_wifi_version:s0" dev="tmpfs" ino=3709 scontext=u:r:crash_dump:s0 tcontext=u:object_r:vendor_wifi_version:s0 tclass=file permissive=1
06-25 17:16:52.864 2790 2790 I auditd : type=1400 audit(0.0:1580): avc: denied { open } for comm="crash_dump64" path="/dev/__properties__/u:object_r:vendor_wifi_prop:s0" dev="tmpfs" ino=3708 scontext=u:r:crash_dump:s0 tcontext=u:object_r:vendor_wifi_prop:s0 tclass=file permissive=1
06-25 17:16:52.864 2790 2790 I auditd : type=1400 audit(0.0:1581): avc: denied { getattr } for comm="crash_dump64" path="/dev/__properties__/u:object_r:vendor_wifi_prop:s0" dev="tmpfs" ino=3708 scontext=u:r:crash_dump:s0 tcontext=u:object_r:vendor_wifi_prop:s0 tclass=file permissive=1
06-25 17:16:52.864 2790 2790 I auditd : type=1400 audit(0.0:1582): avc: denied { map } for comm="crash_dump64" path="/dev/__properties__/u:object_r:vendor_wifi_prop:s0" dev="tmpfs" ino=3708 scontext=u:r:crash_dump:s0 tcontext=u:object_r:vendor_wifi_prop:s0 tclass=file permissive=1
06-25 17:16:52.864 2790 2790 I auditd : type=1400 audit(0.0:1583): avc: denied { open } for comm="crash_dump64" path="/dev/__properties__/u:object_r:vendor_wfd_sys_debug_prop:s0" dev="tmpfs" ino=3707 scontext=u:r:crash_dump:s0 tcontext=u:object_r:vendor_wfd_sys_debug_prop:s0 tclass=file permissive=1
06-25 17:16:52.864 2790 2790 I auditd : type=1400 audit(0.0:1584): avc: denied { getattr } for comm="crash_dump64" path="/dev/__properties__/u:object_r:vendor_wfd_sys_debug_prop:s0" dev="tmpfs" ino=3707 scontext=u:r:crash_dump:s0 tcontext=u:object_r:vendor_wfd_sys_debug_prop:s0 tclass=file permissive=1
06-25 17:16:52.864 2790 2790 I auditd : type=1400 audit(0.0:1585): avc: denied { map } for comm="crash_dump64" path="/dev/__properties__/u:object_r:vendor_wfd_sys_debug_prop:s0" dev="tmpfs" ino=3707 scontext=u:r:crash_dump:s0 tcontext=u:object_r:vendor_wfd_sys_debug_prop:s0 tclass=file permissive=1
06-25 17:16:52.864 2790 2790 I auditd : type=1400 audit(0.0:1586): avc: denied { open } for comm="crash_dump64" path="/dev/__properties__/u:object_r:vendor_wfd_service_prop:s0" dev="tmpfs" ino=3706 scontext=u:r:crash_dump:s0 tcontext=u:object_r:vendor_wfd_service_prop:s0 tclass=file permissive=1
06-25 17:16:52.864 2790 2790 I auditd : type=1400 audit(0.0:1587): avc: denied { getattr } for comm="crash_dump64" path="/dev/__properties__/u:object_r:vendor_wfd_service_prop:s0" dev="tmpfs" ino=3706 scontext=u:r:crash_dump:s0 tcontext=u:object_r:vendor_wfd_service_prop:s0 tclass=file permissive=1
06-25 17:16:52.864 2790 2790 I auditd : type=1400 audit(0.0:1588): avc: denied { map } for comm="crash_dump64" path="/dev/__properties__/u:object_r:vendor_wfd_service_prop:s0" dev="tmpfs" ino=3706 scontext=u:r:crash_dump:s0 tcontext=u:object_r:vendor_wfd_service_prop:s0 tclass=file permissive=1
06-25 17:16:52.864 2790 2790 I auditd : type=1400 audit(0.0:1589): avc: denied { open } for comm="crash_dump64" path="/dev/__properties__/u:object_r:vendor_video_prop:s0" dev="tmpfs" ino=3705 scontext=u:r:crash_dump:s0 tcontext=u:object_r:vendor_video_prop:s0 tclass=file permissive=1
06-25 17:16:52.864 2790 2790 I auditd : type=1400 audit(0.0:1590): avc: denied { getattr } for comm="crash_dump64" path="/dev/__properties__/u:object_r:vendor_video_prop:s0" dev="tmpfs" ino=3705 scontext=u:r:crash_dump:s0 tcontext=u:object_r:vendor_video_prop:s0 tclass=file permissive=1
06-25 17:16:52.864 2790 2790 I auditd : type=1400 audit(0.0:1591): avc: denied { map } for comm="crash_dump64" path="/dev/__properties__/u:object_r:vendor_video_prop:s0" dev="tmpfs" ino=3705 scontext=u:r:crash_dump:s0 tcontext=u:object_r:vendor_video_prop:s0 tclass=file permissive=1
06-25 17:16:52.864 2790 2790 I auditd : type=1400 audit(0.0:1592): avc: denied { open } for comm="crash_dump64" path="/dev/__properties__/u:object_r:vendor_usb_prop:s0" dev="tmpfs" ino=3704 scontext=u:r:crash_dump:s0 tcontext=u:object_r:vendor_usb_prop:s0 tclass=file permissive=1
06-25 17:16:52.864 2790 2790 I auditd : type=1400 audit(0.0:1593): avc: denied { getattr } for comm="crash_dump64" path="/dev/__properties__/u:object_r:vendor_usb_prop:s0" dev="tmpfs" ino=3704 scontext=u:r:crash_dump:s0 tcontext=u:object_r:vendor_usb_prop:s0 tclass=file permissive=1
06-25 17:16:52.864 2790 2790 I auditd : type=1400 audit(0.0:1594): avc: denied { map } for comm="crash_dump64" path="/dev/__properties__/u:object_r:vendor_usb_prop:s0" dev="tmpfs" ino=3704 scontext=u:r:crash_dump:s0 tcontext=u:object_r:vendor_usb_prop:s0 tclass=file permissive=1
06-25 17:16:52.864 2790 2790 I auditd : type=1400 audit(0.0:1595): avc: denied { open } for comm="crash_dump64" path="/dev/__properties__/u:object_r:vendor_time_service_prop:s0" dev="tmpfs" ino=3703 scontext=u:r:crash_dump:s0 tcontext=u:object_r:vendor_time_service_prop:s0 tclass=file permissive=1
06-25 17:16:52.864 2790 2790 I auditd : type=1400 audit(0.0:1596): avc: denied { getattr } for comm="crash_dump64" path="/dev/__properties__/u:object_r:vendor_time_service_prop:s0" dev="tmpfs" ino=3703 scontext=u:r:crash_dump:s0 tcontext=u:object_r:vendor_time_service_prop:s0 tclass=file permissive=1
06-25 17:16:52.864 2790 2790 I auditd : type=1400 audit(0.0:1597): avc: denied { map } for comm="crash_dump64" path="/dev/__properties__/u:object_r:vendor_time_service_prop:s0" dev="tmpfs" ino=3703 scontext=u:r:crash_dump:s0 tcontext=u:object_r:vendor_time_service_prop:s0 tclass=file permissive=1
06-25 17:16:52.864 2790 2790 I auditd : type=1400 audit(0.0:1598): avc: denied { open } for comm="crash_dump64" path="/dev/__properties__/u:object_r:vendor_tee_listener_prop:s0" dev="tmpfs" ino=3702 scontext=u:r:crash_dump:s0 tcontext=u:object_r:vendor_tee_listener_prop:s0 tclass=file permissive=1
06-25 17:16:52.864 2790 2790 I auditd : type=1400 audit(0.0:1599): avc: denied { getattr } for comm="crash_dump64" path="/dev/__properties__/u:object_r:vendor_tee_listener_prop:s0" dev="tmpfs" ino=3702 scontext=u:r:crash_dump:s0 tcontext=u:object_r:vendor_tee_listener_prop:s0 tclass=file permissive=1
06-25 17:16:52.864 2790 2790 I auditd : type=1400 audit(0.0:1600): avc: denied { map } for comm="crash_dump64" path="/dev/__properties__/u:object_r:vendor_tee_listener_prop:s0" dev="tmpfs" ino=3702 scontext=u:r:crash_dump:s0 tcontext=u:object_r:vendor_tee_listener_prop:s0 tclass=file permissive=1
06-25 17:16:52.864 2790 2790 I auditd : type=1400 audit(0.0:1601): avc: denied { open } for comm="crash_dump64" path="/dev/__properties__/u:object_r:vendor_system_prop:s0" dev="tmpfs" ino=3701 scontext=u:r:crash_dump:s0 tcontext=u:object_r:vendor_system_prop:s0 tclass=file permissive=1
06-25 17:16:52.864 2790 2790 I auditd : type=1400 audit(0.0:1602): avc: denied { getattr } for comm="crash_dump64" path="/dev/__properties__/u:object_r:vendor_system_prop:s0" dev="tmpfs" ino=3701 scontext=u:r:crash_dump:s0 tcontext=u:object_r:vendor_system_prop:s0 tclass=file permissive=1
06-25 17:16:52.864 2790 2790 I auditd : type=1400 audit(0.0:1603): avc: denied { map } for comm="crash_dump64" path="/dev/__properties__/u:object_r:vendor_system_prop:s0" dev="tmpfs" ino=3701 scontext=u:r:crash_dump:s0 tcontext=u:object_r:vendor_system_prop:s0 tclass=file permissive=1
06-25 17:16:52.864 2790 2790 I auditd : type=1400 audit(0.0:1604): avc: denied { open } for comm="crash_dump64" path="/dev/__properties__/u:object_r:vendor_sys_video_prop:s0" dev="tmpfs" ino=3700 scontext=u:r:crash_dump:s0 tcontext=u:object_r:vendor_sys_video_prop:s0 tclass=file permissive=1
06-25 17:16:52.864 2790 2790 I auditd : type=1400 audit(0.0:1605): avc: denied { getattr } for comm="crash_dump64" path="/dev/__properties__/u:object_r:vendor_sys_video_prop:s0" dev="tmpfs" ino=3700 scontext=u:r:crash_dump:s0 tcontext=u:object_r:vendor_sys_video_prop:s0 tclass=file permissive=1
06-25 17:16:52.876 2790 2790 I auditd : type=1400 audit(0.0:1606): avc: denied { open } for comm="crash_dump64" path="/dev/__properties__/u:object_r:vendor_sxr_prop:s0" dev="tmpfs" ino=3699 scontext=u:r:crash_dump:s0 tcontext=u:object_r:vendor_sxr_prop:s0 tclass=file permissive=1
06-25 17:16:52.876 2790 2790 I auditd : type=1400 audit(0.0:1607): avc: denied { getattr } for comm="crash_dump64" path="/dev/__properties__/u:object_r:vendor_sxr_prop:s0" dev="tmpfs" ino=3699 scontext=u:r:crash_dump:s0 tcontext=u:object_r:vendor_sxr_prop:s0 tclass=file permissive=1
06-25 17:16:52.876 2790 2790 I auditd : type=1400 audit(0.0:1608): avc: denied { map } for comm="crash_dump64" path="/dev/__properties__/u:object_r:vendor_sxr_prop:s0" dev="tmpfs" ino=3699 scontext=u:r:crash_dump:s0 tcontext=u:object_r:vendor_sxr_prop:s0 tclass=file permissive=1
06-25 17:16:52.876 2790 2790 I auditd : type=1400 audit(0.0:1609): avc: denied { open } for comm="crash_dump64" path="/dev/__properties__/u:object_r:vendor_ssr_prop:s0" dev="tmpfs" ino=3698 scontext=u:r:crash_dump:s0 tcontext=u:object_r:vendor_ssr_prop:s0 tclass=file permissive=1
06-25 17:16:52.876 2790 2790 I auditd : type=1400 audit(0.0:1610): avc: denied { getattr } for comm="crash_dump64" path="/dev/__properties__/u:object_r:vendor_ssr_prop:s0" dev="tmpfs" ino=3698 scontext=u:r:crash_dump:s0 tcontext=u:object_r:vendor_ssr_prop:s0 tclass=file permissive=1
06-25 17:16:52.876 2790 2790 I auditd : type=1400 audit(0.0:1611): avc: denied { map } for comm="crash_dump64" path="/dev/__properties__/u:object_r:vendor_ssr_prop:s0" dev="tmpfs" ino=3698 scontext=u:r:crash_dump:s0 tcontext=u:object_r:vendor_ssr_prop:s0 tclass=file permissive=1
06-25 17:16:52.876 2790 2790 I auditd : type=1400 audit(0.0:1612): avc: denied { open } for comm="crash_dump64" path="/dev/__properties__/u:object_r:vendor_spunvm_prop:s0" dev="tmpfs" ino=3697 scontext=u:r:crash_dump:s0 tcontext=u:object_r:vendor_spunvm_prop:s0 tclass=file permissive=1
06-25 17:16:52.876 2790 2790 I auditd : type=1400 audit(0.0:1613): avc: denied { getattr } for comm="crash_dump64" path="/dev/__properties__/u:object_r:vendor_spunvm_prop:s0" dev="tmpfs" ino=3697 scontext=u:r:crash_dump:s0 tcontext=u:object_r:vendor_spunvm_prop:s0 tclass=file permissive=1
06-25 17:16:52.876 2790 2790 I auditd : type=1400 audit(0.0:1614): avc: denied { map } for comm="crash_dump64" path="/dev/__properties__/u:object_r:vendor_spunvm_prop:s0" dev="tmpfs" ino=3697 scontext=u:r:crash_dump:s0 tcontext=u:object_r:vendor_spunvm_prop:s0 tclass=file permissive=1
06-25 17:16:52.884 0 0 W [ 21.418568] audit: audit_lost=146 audit_rate_limit=5 audit_backlog_limit=64
06-25 17:16:52.884 0 0 E [ 21.418570] audit: rate limit exceeded
06-25 17:16:52.900 0 0 W [ 21.437856] QSEECOM: qseecom_load_app: App with id 7 (fingerpr) now loaded
06-25 17:16:52.902 1488 2130 D TelephonyRegistry: listen oscl: mHasNotifySubscriptionInfoChangedOccurred==false no callback
06-25 17:16:52.910 2790 2790 F DEBUG : *** *** *** *** *** *** *** *** *** *** *** *** *** *** *** ***
06-25 17:16:52.910 2790 2790 F DEBUG : Build fingerprint: 'HiPhi/PassengerDisplay_CN/PassengerDisplay:12/SKQ1.220201.001/4294:user/release-keys'
06-25 17:16:52.910 2790 2790 F DEBUG : Revision: '0'
06-25 17:16:52.910 2790 2790 F DEBUG : ABI: 'arm64'
06-25 17:16:52.910 2790 2790 F DEBUG : Timestamp: 2023-06-25 17:16:52.862559111+0800
06-25 17:16:52.910 2790 2790 F DEBUG : Process uptime: 0s
06-25 17:16:52.910 2790 2790 F DEBUG : Cmdline: /system/bin/init second_stage
06-25 17:16:52.910 2790 2790 F DEBUG : pid: 2783, tid: 2783, name: init >>> /system/bin/init <<<
06-25 17:16:52.910 2790 2790 F DEBUG : uid: 0
06-25 17:16:52.910 2790 2790 F DEBUG : signal 6 (SIGABRT), code -1 (SI_QUEUE), fault addr --------
06-25 17:16:52.910 2790 2790 F DEBUG : x0 0000000000000000 x1 0000000000000adf x2 0000000000000006 x3 0000007fc8d1b150
06-25 17:16:52.910 2790 2790 F DEBUG : x4 000000000000000a x5 000000000000000a x6 000000000000000a x7 000000000000000a
06-25 17:16:52.910 2790 2790 F DEBUG : x8 00000000000000f0 x9 b53f9597381d168f x10 0000000000000000 x11 ffffff80ffffffdf
06-25 17:16:52.910 2790 2790 F DEBUG : x12 0000000000000001 x13 3a73747069726373 x14 0000000000000010 x15 0000000000000000
06-25 17:16:52.910 2790 2790 F DEBUG : x16 0000007facc66060 x17 0000007facc42560 x18 0000007fb0274000 x19 0000000000000adf
06-25 17:16:52.910 2790 2790 F DEBUG : x20 0000000000000adf x21 00000000ffffffff x22 0000007fb0133000 x23 0000007fb0133000
06-25 17:16:52.910 2790 2790 F DEBUG : x24 0000007fc8d1b420 x25 0000007fc8d1b420 x26 0000000000000000 x27 0000007fb0133000
06-25 17:16:52.910 2790 2790 F DEBUG : x28 0000007facbf6d20 x29 0000007fc8d1b1d0
06-25 17:16:52.910 2790 2790 F DEBUG : lr 0000007facbf295c sp 0000007fc8d1b130 pc 0000007facbf2988 pst 0000000000001000
06-25 17:16:52.910 2790 2790 F DEBUG : backtrace:
06-25 17:16:52.910 2790 2790 F DEBUG : #00 pc 0000000000051988 /system/lib64/bootstrap/libc.so (abort+168) (BuildId: 369edc656806aeaf384cbeb8f7a347af)
06-25 17:16:52.910 2790 2790 F DEBUG : #01 pc 0000000000015038 /system/lib64/libbase.so (android::base::DefaultAborter(char const*)+16) (BuildId: 96895dcea0300fc102132e9762aef6bc)
06-25 17:16:52.910 2790 2790 F DEBUG : #02 pc 0000000000016bc4 /system/lib64/libbase.so (android::base::SetAborter(std::__1::function&&)::$_3::__invoke(char const*)+80) (BuildId: 96895dcea0300fc102132e9762aef6bc)
06-25 17:16:52.910 2790 2790 F DEBUG : #03 pc 0000000000016184 /system/lib64/libbase.so (android::base::LogMessage::~LogMessage()+368) (BuildId: 96895dcea0300fc102132e9762aef6bc)
06-25 17:16:52.910 2790 2790 F DEBUG : #04 pc 00000000000d8128 /system/bin/init (android::init::Service::SetProcessAttributesAndCaps()+716) (BuildId: 22e05086498bc9c9e3a5fc9a10a930c1)
06-25 17:16:52.910 2790 2790 F DEBUG : #05 pc 00000000000dac18 /system/bin/init (android::init::Service::Start()+7348) (BuildId: 22e05086498bc9c9e3a5fc9a10a930c1)
06-25 17:16:52.910 2790 2790 F DEBUG : #06 pc 00000000000cda20 /system/bin/init (android::init::do_start(android::init::BuiltinArguments const&)+316) (BuildId: 22e05086498bc9c9e3a5fc9a10a930c1)
06-25 17:16:52.910 2790 2790 F DEBUG : #07 pc 00000000000b16cc /system/bin/init (android::init::RunBuiltinFunction(std::__1::function (android::init::BuiltinArguments const&)> const&, std::__1::vector, std::__1::allocator >, std::__1::allocator, std::__1::allocator > > > const&, std::__1::basic_string, std::__1::allocator > const&)+476) (BuildId: 22e05086498bc9c9e3a5fc9a10a930c1)
06-25 17:16:52.910 2790 2790 F DEBUG : #08 pc 00000000000b1880 /system/bin/init (android::init::Command::InvokeFunc(android::init::Subcontext*) const+284) (BuildId: 22e05086498bc9c9e3a5fc9a10a930c1)
06-25 17:16:52.910 2790 2790 F DEBUG : #09 pc 00000000000b22e4 /system/bin/init (android::init::Action::ExecuteCommand(android::init::Command const&) const+80) (BuildId: 22e05086498bc9c9e3a5fc9a10a930c1)
06-25 17:16:52.910 2790 2790 F DEBUG : #10 pc 00000000000b21d8 /system/bin/init (android::init::Action::ExecuteOneCommand(unsigned long) const+336) (BuildId: 22e05086498bc9c9e3a5fc9a10a930c1)
06-25 17:16:52.910 2790 2790 F DEBUG : #11 pc 00000000000e2d74 /system/bin/init (android::init::ActionManager::ExecuteOneCommand()+188) (BuildId: 22e05086498bc9c9e3a5fc9a10a930c1)
06-25 17:16:52.910 2790 2790 F DEBUG : #12 pc 00000000000fa6dc /system/bin/init (android::init::SecondStageMain(int, char**)+7560) (BuildId: 22e05086498bc9c9e3a5fc9a10a930c1)
06-25 17:16:52.910 2790 2790 F DEBUG : #13 pc 00000000000ac19c /system/bin/init (main+308) (BuildId: 22e05086498bc9c9e3a5fc9a10a930c1)
06-25 17:16:52.910 2790 2790 F DEBUG : #14 pc 000000000004a084 /system/lib64/bootstrap/libc.so (__libc_init+100) (BuildId: 369edc656806aeaf384cbeb8f7a347af)
06-25 17:16:52.920 1488 2111 I am_uid_running: 10083
06-25 17:16:52.928 1488 1618 I am_proc_start: [0,2822,10083,com.qualcomm.qtil.aptxui,broadcast,{com.qualcomm.qtil.aptxui/com.qualcomm.qtil.aptxui.aptxuiBootReceiver}]
06-25 17:16:52.940 1488 1720 I dropbox_file_copy: [/data/tombstones/tombstone_00,98304,SYSTEM_TOMBSTONE]
06-25 17:16:52.942 1488 1720 I commit_sys_config_file: [log-files,2]
06-25 17:16:52.945 1488 1720 I commit_sys_config_file: [log-files,5]
06-25 17:16:52.973 0 0 I [ 21.510905] binder: 2822:2822 ioctl 40046210 7fe2b8b774 returned -22
06-25 17:16:52.978 1488 2111 I am_proc_bound: [0,2822,com.qualcomm.qtil.aptxui]
06-25 17:16:52.980 1488 2111 I service_manager_stats: [1414,278,5006]
06-25 17:16:52.983 1488 2111 I am_uid_active: 10083
06-25 17:16:53.014 0 0 D [ 21.548124] cnss: Received QMI WLFW pin connect result indication
06-25 17:16:53.014 0 0 D [ 21.548127] cnss: Pin connect Result: pwr_pin: 0x0 phy_io_pin: 0x0 rf_io_pin: 0x2b
06-25 17:16:53.014 0 0 D [ 21.548158] cnss: Received QMI WLFW calibration done indication
06-25 17:16:53.014 0 0 D [ 21.548160] cnss: Posting event: COLD_BOOT_CAL_DONE(6), state: 0xf flags: 0x0
06-25 17:16:53.014 0 0 D [ 21.548162] cnss: PM stay awake, state: 0xf, count: 1
06-25 17:16:53.014 0 0 D [ 21.548164] cnss: PM relax, state: 0xf, count: 0
06-25 17:16:53.014 0 0 D [ 21.548166] cnss: PM stay awake, state: 0xf, count: 1
06-25 17:16:53.014 0 0 D [ 21.548167] cnss: Processing driver event: COLD_BOOT_CAL_DONE(6), state: 0xf
