06-25 17:25:12.880 1488 1488 D PowerManagerService: updateUserActivitySummaryLocked: groupId=0, mWakefulness=Awake, mUserActivitySummary=0x1, nextTimeout=770830 (in 248872 ms)
06-25 17:25:12.880 1488 1488 D PowerManagerNotifier: onScreenPolicyUpdate: newPolicy=3
06-25 17:25:12.880 1488 1488 D PowerManagerService: updateDisplayPowerStateLocked: displayReady=true, groupId=0, policy=BRIGHT, mWakefulness=Awake, mWakeLockSummary=0x1, mUserActivitySummary=0x1, mBootCompleted=true, screenBrightnessOverride=NaN, useAutoBrightness=true, mScreenBrightnessBoostInProgress=false, mIsVrModeEnabled= false, sQuiescent=false
06-25 17:25:12.880 1488 1488 D PowerManagerService: Acquiring suspend blocker "PowerManagerService.WakeLocks".
06-25 17:25:12.880 1488 1488 D PowerManagerNotifier: onWakeLockAcquired: flags=1, tag="*job*/com.tencent.android.qqdownloader.YYBLiveAccountProvider/com.tencent.android.qqdownloader.YYBLiveAccountProvider.account/应用宝:android", packageName=android, ownerUid=1000, ownerPid=1488, workSource=WorkSource{10111}
06-25 17:25:12.881 1488 1911 D PowerManagerService: acquireWakeLockInternal: lock=197514241, flags=0x1, tag="SyncLoopWakeLock", ws=null, uid=1000, pid=1488
06-25 17:25:12.881 1488 1911 D PowerManagerService: updateWakeLockSummaryLocked: mWakefulness=Awake, mWakeLockSummary=0x1
06-25 17:25:12.881 1488 1911 D PowerManagerService: updateUserActivitySummaryLocked: groupId=0, mWakefulness=Awake, mUserActivitySummary=0x1, nextTimeout=770830 (in 248870 ms)
06-25 17:25:12.881 1488 1911 D PowerManagerNotifier: onScreenPolicyUpdate: newPolicy=3
06-25 17:25:12.881 1488 1911 D PowerManagerService: updateDisplayPowerStateLocked: displayReady=true, groupId=0, policy=BRIGHT, mWakefulness=Awake, mWakeLockSummary=0x1, mUserActivitySummary=0x1, mBootCompleted=true, screenBrightnessOverride=NaN, useAutoBrightness=true, mScreenBrightnessBoostInProgress=false, mIsVrModeEnabled= false, sQuiescent=false
06-25 17:25:12.881 1488 1911 D PowerManagerNotifier: onWakeLockAcquired: flags=1, tag="SyncLoopWakeLock", packageName=android, ownerUid=1000, ownerPid=1488, workSource=null
06-25 17:25:12.882 1488 1911 I sync : [com.tencent.android.qqdownloader.YYBLiveAccountProvider,0,3,24220937]
06-25 17:25:12.882 1488 1911 D PowerManagerService: acquireWakeLockInternal: lock=177188396, flags=0x1, tag="*sync*/com.tencent.android.qqdownloader.YYBLiveAccountProvider/com.tencent.android.qqdownloader.YYBLiveAccountProvider.account/应用宝", ws=WorkSource{10111}, uid=1000, pid=1488
06-25 17:25:12.882 1488 1911 D PowerManagerService: updateWakeLockSummaryLocked: mWakefulness=Awake, mWakeLockSummary=0x1
06-25 17:25:12.882 1488 1911 D PowerManagerService: updateUserActivitySummaryLocked: groupId=0, mWakefulness=Awake, mUserActivitySummary=0x1, nextTimeout=770830 (in 248869 ms)
06-25 17:25:12.882 1488 1911 D PowerManagerNotifier: onScreenPolicyUpdate: newPolicy=3
06-25 17:25:12.882 1488 1911 D PowerManagerService: updateDisplayPowerStateLocked: displayReady=true, groupId=0, policy=BRIGHT, mWakefulness=Awake, mWakeLockSummary=0x1, mUserActivitySummary=0x1, mBootCompleted=true, screenBrightnessOverride=NaN, useAutoBrightness=true, mScreenBrightnessBoostInProgress=false, mIsVrModeEnabled= false, sQuiescent=false
06-25 17:25:12.883 1488 1911 D PowerManagerNotifier: onWakeLockAcquired: flags=1, tag="*sync*/com.tencent.android.qqdownloader.YYBLiveAccountProvider/com.tencent.android.qqdownloader.YYBLiveAccountProvider.account/应用宝", packageName=android, ownerUid=1000, ownerPid=1488, workSource=WorkSource{10111}
06-25 17:25:12.884 1488 1911 D PowerManagerService: releaseWakeLockInternal: lock=197514241 [SyncLoopWakeLock], flags=0x0
06-25 17:25:12.884 1488 1911 D PowerManagerNotifier: onWakeLockReleased: flags=1, tag="SyncLoopWakeLock", packageName=android, ownerUid=1000, ownerPid=1488, workSource=null
06-25 17:25:12.885 1488 1911 D PowerManagerService: updateWakeLockSummaryLocked: mWakefulness=Awake, mWakeLockSummary=0x1
06-25 17:25:12.885 1488 1911 D PowerManagerService: updateUserActivitySummaryLocked: groupId=0, mWakefulness=Awake, mUserActivitySummary=0x1, nextTimeout=770830 (in 248866 ms)
06-25 17:25:12.885 1488 1911 D PowerManagerNotifier: onScreenPolicyUpdate: newPolicy=3
06-25 17:25:12.885 1488 1911 D PowerManagerService: updateDisplayPowerStateLocked: displayReady=true, groupId=0, policy=BRIGHT, mWakefulness=Awake, mWakeLockSummary=0x1, mUserActivitySummary=0x1, mBootCompleted=true, screenBrightnessOverride=NaN, useAutoBrightness=true, mScreenBrightnessBoostInProgress=false, mIsVrModeEnabled= false, sQuiescent=false
06-25 17:25:12.889 1488 1911 D PowerManagerService: acquireWakeLockInternal: lock=197514241, flags=0x1, tag="SyncLoopWakeLock", ws=null, uid=1000, pid=1488
06-25 17:25:12.889 1488 1911 D PowerManagerService: updateWakeLockSummaryLocked: mWakefulness=Awake, mWakeLockSummary=0x1
06-25 17:25:12.889 1488 1911 D PowerManagerService: updateUserActivitySummaryLocked: groupId=0, mWakefulness=Awake, mUserActivitySummary=0x1, nextTimeout=770830 (in 248863 ms)
06-25 17:25:12.889 1488 1911 D PowerManagerNotifier: onScreenPolicyUpdate: newPolicy=3
06-25 17:25:12.889 1488 1911 D PowerManagerService: updateDisplayPowerStateLocked: displayReady=true, groupId=0, policy=BRIGHT, mWakefulness=Awake, mWakeLockSummary=0x1, mUserActivitySummary=0x1, mBootCompleted=true, screenBrightnessOverride=NaN, useAutoBrightness=true, mScreenBrightnessBoostInProgress=false, mIsVrModeEnabled= false, sQuiescent=false
06-25 17:25:12.889 1488 1911 D PowerManagerNotifier: onWakeLockAcquired: flags=1, tag="SyncLoopWakeLock", packageName=android, ownerUid=1000, ownerPid=1488, workSource=null
06-25 17:25:12.889 1488 1911 D PowerManagerService: releaseWakeLockInternal: lock=197514241 [SyncLoopWakeLock], flags=0x0
06-25 17:25:12.889 1488 1911 D PowerManagerNotifier: onWakeLockReleased: flags=1, tag="SyncLoopWakeLock", packageName=android, ownerUid=1000, ownerPid=1488, workSource=null
06-25 17:25:12.889 1488 1911 D PowerManagerService: updateWakeLockSummaryLocked: mWakefulness=Awake, mWakeLockSummary=0x1
06-25 17:25:12.889 1488 1911 D PowerManagerService: updateUserActivitySummaryLocked: groupId=0, mWakefulness=Awake, mUserActivitySummary=0x1, nextTimeout=770830 (in 248862 ms)
06-25 17:25:12.889 1488 1911 D PowerManagerNotifier: onScreenPolicyUpdate: newPolicy=3
06-25 17:25:12.889 1488 1911 D PowerManagerService: updateDisplayPowerStateLocked: displayReady=true, groupId=0, policy=BRIGHT, mWakefulness=Awake, mWakeLockSummary=0x1, mUserActivitySummary=0x1, mBootCompleted=true, screenBrightnessOverride=NaN, useAutoBrightness=true, mScreenBrightnessBoostInProgress=false, mIsVrModeEnabled= false, sQuiescent=false
06-25 17:25:12.891 1488 1911 D PowerManagerService: acquireWakeLockInternal: lock=197514241, flags=0x1, tag="SyncLoopWakeLock", ws=null, uid=1000, pid=1488
06-25 17:25:12.891 1488 1911 D PowerManagerService: updateWakeLockSummaryLocked: mWakefulness=Awake, mWakeLockSummary=0x1
06-25 17:25:12.891 1488 1911 D PowerManagerService: updateUserActivitySummaryLocked: groupId=0, mWakefulness=Awake, mUserActivitySummary=0x1, nextTimeout=770830 (in 248860 ms)
06-25 17:25:12.891 1488 1911 D PowerManagerNotifier: onScreenPolicyUpdate: newPolicy=3
06-25 17:25:12.891 1488 1911 D PowerManagerService: updateDisplayPowerStateLocked: displayReady=true, groupId=0, policy=BRIGHT, mWakefulness=Awake, mWakeLockSummary=0x1, mUserActivitySummary=0x1, mBootCompleted=true, screenBrightnessOverride=NaN, useAutoBrightness=true, mScreenBrightnessBoostInProgress=false, mIsVrModeEnabled= false, sQuiescent=false
06-25 17:25:12.891 1488 1911 D PowerManagerNotifier: onWakeLockAcquired: flags=1, tag="SyncLoopWakeLock", packageName=android, ownerUid=1000, ownerPid=1488, workSource=null
06-25 17:25:12.892 1488 1488 D PowerManagerService: releaseWakeLockInternal: lock=177729497 [*job*/com.tencent.android.qqdownloader.YYBLiveAccountProvider/com.tencent.android.qqdownloader.YYBLiveAccountProvider.account/应用宝:android], flags=0x0
06-25 17:25:12.892 1488 1488 D PowerManagerNotifier: onWakeLockReleased: flags=1, tag="*job*/com.tencent.android.qqdownloader.YYBLiveAccountProvider/com.tencent.android.qqdownloader.YYBLiveAccountProvider.account/应用宝:android", packageName=android, ownerUid=1000, ownerPid=1488, workSource=WorkSource{10111}
06-25 17:25:12.892 1488 1488 D PowerManagerService: updateWakeLockSummaryLocked: mWakefulness=Awake, mWakeLockSummary=0x1
06-25 17:25:12.892 1488 1488 D PowerManagerService: updateUserActivitySummaryLocked: groupId=0, mWakefulness=Awake, mUserActivitySummary=0x1, nextTimeout=770830 (in 248859 ms)
06-25 17:25:12.892 1488 1488 D PowerManagerNotifier: onScreenPolicyUpdate: newPolicy=3
06-25 17:25:12.892 1488 1488 D PowerManagerService: updateDisplayPowerStateLocked: displayReady=true, groupId=0, policy=BRIGHT, mWakefulness=Awake, mWakeLockSummary=0x1, mUserActivitySummary=0x1, mBootCompleted=true, screenBrightnessOverride=NaN, useAutoBrightness=true, mScreenBrightnessBoostInProgress=false, mIsVrModeEnabled= false, sQuiescent=false
06-25 17:25:12.893 1488 1911 D PowerManagerService: releaseWakeLockInternal: lock=177188396 [*sync*/com.tencent.android.qqdownloader.YYBLiveAccountProvider/com.tencent.android.qqdownloader.YYBLiveAccountProvider.account/应用宝], flags=0x0
06-25 17:25:12.893 1488 1911 D PowerManagerNotifier: onWakeLockReleased: flags=1, tag="*sync*/com.tencent.android.qqdownloader.YYBLiveAccountProvider/com.tencent.android.qqdownloader.YYBLiveAccountProvider.account/应用宝", packageName=android, ownerUid=1000, ownerPid=1488, workSource=WorkSource{10111}
06-25 17:25:12.893 1488 1911 D PowerManagerService: updateWakeLockSummaryLocked: mWakefulness=Awake, mWakeLockSummary=0x1
06-25 17:25:12.893 1488 1911 D PowerManagerService: updateUserActivitySummaryLocked: groupId=0, mWakefulness=Awake, mUserActivitySummary=0x1, nextTimeout=770830 (in 248858 ms)
06-25 17:25:12.893 1488 1911 D PowerManagerNotifier: onScreenPolicyUpdate: newPolicy=3
06-25 17:25:12.893 1488 1911 D PowerManagerService: updateDisplayPowerStateLocked: displayReady=true, groupId=0, policy=BRIGHT, mWakefulness=Awake, mWakeLockSummary=0x1, mUserActivitySummary=0x1, mBootCompleted=true, screenBrightnessOverride=NaN, useAutoBrightness=true, mScreenBrightnessBoostInProgress=false, mIsVrModeEnabled= false, sQuiescent=false
06-25 17:25:12.894 1488 1911 I sync : [com.tencent.android.qqdownloader.YYBLiveAccountProvider,1,3,24220937]
06-25 17:25:12.896 1488 1911 I commit_sys_config_file: [sync-status,496196]
06-25 17:25:12.896 1488 1911 D PowerManagerService: releaseWakeLockInternal: lock=197514241 [SyncLoopWakeLock], flags=0x0
06-25 17:25:12.896 1488 1911 D PowerManagerNotifier: onWakeLockReleased: flags=1, tag="SyncLoopWakeLock", packageName=android, ownerUid=1000, ownerPid=1488, workSource=null
06-25 17:25:12.896 1488 1911 D PowerManagerService: updateWakeLockSummaryLocked: mWakefulness=Awake, mWakeLockSummary=0x0
06-25 17:25:12.896 1488 1911 D PowerManagerService: updateUserActivitySummaryLocked: groupId=0, mWakefulness=Awake, mUserActivitySummary=0x1, nextTimeout=770830 (in 248855 ms)
06-25 17:25:12.896 1488 1911 D PowerManagerNotifier: onScreenPolicyUpdate: newPolicy=3
06-25 17:25:12.896 1488 1911 D PowerManagerService: updateDisplayPowerStateLocked: displayReady=true, groupId=0, policy=BRIGHT, mWakefulness=Awake, mWakeLockSummary=0x0, mUserActivitySummary=0x1, mBootCompleted=true, screenBrightnessOverride=NaN, useAutoBrightness=true, mScreenBrightnessBoostInProgress=false, mIsVrModeEnabled= false, sQuiescent=false
06-25 17:25:12.896 1488 1911 D PowerManagerService: Releasing suspend blocker "PowerManagerService.WakeLocks".
06-25 17:25:12.896 1488 1911 D PowerManagerService: acquireWakeLockInternal: lock=197514241, flags=0x1, tag="SyncLoopWakeLock", ws=null, uid=1000, pid=1488
06-25 17:25:12.896 1488 1911 D PowerManagerService: updateWakeLockSummaryLocked: mWakefulness=Awake, mWakeLockSummary=0x1
06-25 17:25:12.896 1488 1911 D PowerManagerService: updateUserActivitySummaryLocked: groupId=0, mWakefulness=Awake, mUserActivitySummary=0x1, nextTimeout=770830 (in 248855 ms)
06-25 17:25:12.896 1488 1911 D PowerManagerNotifier: onScreenPolicyUpdate: newPolicy=3
06-25 17:25:12.896 1488 1911 D PowerManagerService: updateDisplayPowerStateLocked: displayReady=true, groupId=0, policy=BRIGHT, mWakefulness=Awake, mWakeLockSummary=0x1, mUserActivitySummary=0x1, mBootCompleted=true, screenBrightnessOverride=NaN, useAutoBrightness=true, mScreenBrightnessBoostInProgress=false, mIsVrModeEnabled= false, sQuiescent=false
06-25 17:25:12.896 1488 1911 D PowerManagerService: Acquiring suspend blocker "PowerManagerService.WakeLocks".
06-25 17:25:12.896 1488 1911 D PowerManagerNotifier: onWakeLockAcquired: flags=1, tag="SyncLoopWakeLock", packageName=android, ownerUid=1000, ownerPid=1488, workSource=null
06-25 17:25:12.898 1488 1911 D PowerManagerService: releaseWakeLockInternal: lock=197514241 [SyncLoopWakeLock], flags=0x0
06-25 17:25:12.898 1488 1911 D PowerManagerNotifier: onWakeLockReleased: flags=1, tag="SyncLoopWakeLock", packageName=android, ownerUid=1000, ownerPid=1488, workSource=null
06-25 17:25:12.898 1488 1911 D PowerManagerService: updateWakeLockSummaryLocked: mWakefulness=Awake, mWakeLockSummary=0x0
06-25 17:25:12.898 1488 1911 D PowerManagerService: updateUserActivitySummaryLocked: groupId=0, mWakefulness=Awake, mUserActivitySummary=0x1, nextTimeout=770830 (in 248853 ms)
06-25 17:25:12.899 1488 1911 D PowerManagerNotifier: onScreenPolicyUpdate: newPolicy=3
06-25 17:25:12.899 1488 1911 D PowerManagerService: updateDisplayPowerStateLocked: displayReady=true, groupId=0, policy=BRIGHT, mWakefulness=Awake, mWakeLockSummary=0x0, mUserActivitySummary=0x1, mBootCompleted=true, screenBrightnessOverride=NaN, useAutoBrightness=true, mScreenBrightnessBoostInProgress=false, mIsVrModeEnabled= false, sQuiescent=false
06-25 17:25:12.899 1488 1911 D PowerManagerService: Releasing suspend blocker "PowerManagerService.WakeLocks".
06-25 17:25:12.899 1488 1488 D PowerManagerService: acquireWakeLockInternal: lock=229115759, flags=0x1, tag="*job*/com.tencent.android.qqdownloader.YYBLiveAccountProvider/com.tencent.android.qqdownloader.YYBLiveAccountProvider.account/应用宝:android", ws=WorkSource{10111}, uid=1000, pid=1488
06-25 17:25:12.899 1488 1488 D PowerManagerService: updateWakeLockSummaryLocked: mWakefulness=Awake, mWakeLockSummary=0x1
06-25 17:25:12.899 1488 1488 D PowerManagerService: updateUserActivitySummaryLocked: groupId=0, mWakefulness=Awake, mUserActivitySummary=0x1, nextTimeout=770830 (in 248852 ms)
06-25 17:25:12.899 1488 1488 D PowerManagerNotifier: onScreenPolicyUpdate: newPolicy=3
06-25 17:25:12.899 1488 1488 D PowerManagerService: updateDisplayPowerStateLocked: displayReady=true, groupId=0, policy=BRIGHT, mWakefulness=Awake, mWakeLockSummary=0x1, mUserActivitySummary=0x1, mBootCompleted=true, screenBrightnessOverride=NaN, useAutoBrightness=true, mScreenBrightnessBoostInProgress=false, mIsVrModeEnabled= false, sQuiescent=false
06-25 17:25:12.899 1488 1488 D PowerManagerService: Acquiring suspend blocker "PowerManagerService.WakeLocks".
06-25 17:25:12.899 1488 1488 D PowerManagerNotifier: onWakeLockAcquired: flags=1, tag="*job*/com.tencent.android.qqdownloader.YYBLiveAccountProvider/com.tencent.android.qqdownloader.YYBLiveAccountProvider.account/应用宝:android", packageName=android, ownerUid=1000, ownerPid=1488, workSource=WorkSource{10111}
06-25 17:25:12.900 1488 1911 D PowerManagerService: acquireWakeLockInternal: lock=197514241, flags=0x1, tag="SyncLoopWakeLock", ws=null, uid=1000, pid=1488
06-25 17:25:12.900 1488 1911 D PowerManagerService: updateWakeLockSummaryLocked: mWakefulness=Awake, mWakeLockSummary=0x1
06-25 17:25:12.900 1488 1911 D PowerManagerService: updateUserActivitySummaryLocked: groupId=0, mWakefulness=Awake, mUserActivitySummary=0x1, nextTimeout=770830 (in 248851 ms)
06-25 17:25:12.900 1488 1911 D PowerManagerNotifier: onScreenPolicyUpdate: newPolicy=3
06-25 17:25:12.900 1488 1911 D PowerManagerService: updateDisplayPowerStateLocked: displayReady=true, groupId=0, policy=BRIGHT, mWakefulness=Awake, mWakeLockSummary=0x1, mUserActivitySummary=0x1, mBootCompleted=true, screenBrightnessOverride=NaN, useAutoBrightness=true, mScreenBrightnessBoostInProgress=false, mIsVrModeEnabled= false, sQuiescent=false
06-25 17:25:12.900 1488 1911 D PowerManagerNotifier: onWakeLockAcquired: flags=1, tag="SyncLoopWakeLock", packageName=android, ownerUid=1000, ownerPid=1488, workSource=null
06-25 17:25:12.900 1488 1911 I sync : [com.tencent.android.qqdownloader.YYBLiveAccountProvider,0,3,24220937]
06-25 17:25:12.900 1488 1911 D PowerManagerService: acquireWakeLockInternal: lock=177188396, flags=0x1, tag="*sync*/com.tencent.android.qqdownloader.YYBLiveAccountProvider/com.tencent.android.qqdownloader.YYBLiveAccountProvider.account/应用宝", ws=WorkSource{10111}, uid=1000, pid=1488
06-25 17:25:12.900 1488 1911 D PowerManagerService: updateWakeLockSummaryLocked: mWakefulness=Awake, mWakeLockSummary=0x1
06-25 17:25:12.900 1488 1911 D PowerManagerService: updateUserActivitySummaryLocked: groupId=0, mWakefulness=Awake, mUserActivitySummary=0x1, nextTimeout=770830 (in 248851 ms)
06-25 17:25:12.900 1488 1911 D PowerManagerNotifier: onScreenPolicyUpdate: newPolicy=3
06-25 17:25:12.901 1488 1911 D PowerManagerService: updateDisplayPowerStateLocked: displayReady=true, groupId=0, policy=BRIGHT, mWakefulness=Awake, mWakeLockSummary=0x1, mUserActivitySummary=0x1, mBootCompleted=true, screenBrightnessOverride=NaN, useAutoBrightness=true, mScreenBrightnessBoostInProgress=false, mIsVrModeEnabled= false, sQuiescent=false
06-25 17:25:12.901 1488 1911 D PowerManagerNotifier: onWakeLockAcquired: flags=1, tag="*sync*/com.tencent.android.qqdownloader.YYBLiveAccountProvider/com.tencent.android.qqdownloader.YYBLiveAccountProvider.account/应用宝", packageName=android, ownerUid=1000, ownerPid=1488, workSource=WorkSource{10111}
06-25 17:25:12.902 1488 1911 D PowerManagerService: releaseWakeLockInternal: lock=197514241 [SyncLoopWakeLock], flags=0x0
06-25 17:25:12.902 1488 1911 D PowerManagerNotifier: onWakeLockReleased: flags=1, tag="SyncLoopWakeLock", packageName=android, ownerUid=1000, ownerPid=1488, workSource=null
06-25 17:25:12.902 1488 1911 D PowerManagerService: updateWakeLockSummaryLocked: mWakefulness=Awake, mWakeLockSummary=0x1
06-25 17:25:12.902 1488 1911 D PowerManagerService: updateUserActivitySummaryLocked: groupId=0, mWakefulness=Awake, mUserActivitySummary=0x1, nextTimeout=770830 (in 248849 ms)
06-25 17:25:12.902 1488 1911 D PowerManagerNotifier: onScreenPolicyUpdate: newPolicy=3
06-25 17:25:12.902 1488 1911 D PowerManagerService: updateDisplayPowerStateLocked: displayReady=true, groupId=0, policy=BRIGHT, mWakefulness=Awake, mWakeLockSummary=0x1, mUserActivitySummary=0x1, mBootCompleted=true, screenBrightnessOverride=NaN, useAutoBrightness=true, mScreenBrightnessBoostInProgress=false, mIsVrModeEnabled= false, sQuiescent=false
06-25 17:25:12.905 1488 1911 D PowerManagerService: acquireWakeLockInternal: lock=197514241, flags=0x1, tag="SyncLoopWakeLock", ws=null, uid=1000, pid=1488
06-25 17:25:12.905 1488 1911 D PowerManagerService: updateWakeLockSummaryLocked: mWakefulness=Awake, mWakeLockSummary=0x1
06-25 17:25:12.905 1488 1911 D PowerManagerService: updateUserActivitySummaryLocked: groupId=0, mWakefulness=Awake, mUserActivitySummary=0x1, nextTimeout=770830 (in 248846 ms)
06-25 17:25:12.905 1488 1911 D PowerManagerNotifier: onScreenPolicyUpdate: newPolicy=3
06-25 17:25:12.905 1488 1911 D PowerManagerService: updateDisplayPowerStateLocked: displayReady=true, groupId=0, policy=BRIGHT, mWakefulness=Awake, mWakeLockSummary=0x1, mUserActivitySummary=0x1, mBootCompleted=true, screenBrightnessOverride=NaN, useAutoBrightness=true, mScreenBrightnessBoostInProgress=false, mIsVrModeEnabled= false, sQuiescent=false
06-25 17:25:12.905 1488 1911 D PowerManagerNotifier: onWakeLockAcquired: flags=1, tag="SyncLoopWakeLock", packageName=android, ownerUid=1000, ownerPid=1488, workSource=null
06-25 17:25:12.905 1488 1911 D PowerManagerService: releaseWakeLockInternal: lock=197514241 [SyncLoopWakeLock], flags=0x0
06-25 17:25:12.905 1488 1911 D PowerManagerNotifier: onWakeLockReleased: flags=1, tag="SyncLoopWakeLock", packageName=android, ownerUid=1000, ownerPid=1488, workSource=null
06-25 17:25:12.906 1488 1911 D PowerManagerService: updateWakeLockSummaryLocked: mWakefulness=Awake, mWakeLockSummary=0x1
06-25 17:25:12.906 1488 1911 D PowerManagerService: updateUserActivitySummaryLocked: groupId=0, mWakefulness=Awake, mUserActivitySummary=0x1, nextTimeout=770830 (in 248846 ms)
06-25 17:25:12.906 1488 1911 D PowerManagerNotifier: onScreenPolicyUpdate: newPolicy=3
06-25 17:25:12.906 1488 1911 D PowerManagerService: updateDisplayPowerStateLocked: displayReady=true, groupId=0, policy=BRIGHT, mWakefulness=Awake, mWakeLockSummary=0x1, mUserActivitySummary=0x1, mBootCompleted=true, screenBrightnessOverride=NaN, useAutoBrightness=true, mScreenBrightnessBoostInProgress=false, mIsVrModeEnabled= false, sQuiescent=false
06-25 17:25:12.908 1488 1911 D PowerManagerService: acquireWakeLockInternal: lock=197514241, flags=0x1, tag="SyncLoopWakeLock", ws=null, uid=1000, pid=1488
06-25 17:25:12.908 1488 1911 D PowerManagerService: updateWakeLockSummaryLocked: mWakefulness=Awake, mWakeLockSummary=0x1
06-25 17:25:12.908 1488 1911 D PowerManagerService: updateUserActivitySummaryLocked: groupId=0, mWakefulness=Awake, mUserActivitySummary=0x1, nextTimeout=770830 (in 248843 ms)
06-25 17:25:12.908 1488 1911 D PowerManagerNotifier: onScreenPolicyUpdate: newPolicy=3
06-25 17:25:12.908 1488 1911 D PowerManagerService: updateDisplayPowerStateLocked: displayReady=true, groupId=0, policy=BRIGHT, mWakefulness=Awake, mWakeLockSummary=0x1, mUserActivitySummary=0x1, mBootCompleted=true, screenBrightnessOverride=NaN, useAutoBrightness=true, mScreenBrightnessBoostInProgress=false, mIsVrModeEnabled= false, sQuiescent=false
06-25 17:25:12.908 1488 1911 D PowerManagerNotifier: onWakeLockAcquired: flags=1, tag="SyncLoopWakeLock", packageName=android, ownerUid=1000, ownerPid=1488, workSource=null
06-25 17:25:12.908 1488 1488 D PowerManagerService: releaseWakeLockInternal: lock=229115759 [*job*/com.tencent.android.qqdownloader.YYBLiveAccountProvider/com.tencent.android.qqdownloader.YYBLiveAccountProvider.account/应用宝:android], flags=0x0
06-25 17:25:12.908 1488 1488 D PowerManagerNotifier: onWakeLockReleased: flags=1, tag="*job*/com.tencent.android.qqdownloader.YYBLiveAccountProvider/com.tencent.android.qqdownloader.YYBLiveAccountProvider.account/应用宝:android", packageName=android, ownerUid=1000, ownerPid=1488, workSource=WorkSource{10111}
06-25 17:25:12.908 1488 1488 D PowerManagerService: updateWakeLockSummaryLocked: mWakefulness=Awake, mWakeLockSummary=0x1
06-25 17:25:12.908 1488 1488 D PowerManagerService: updateUserActivitySummaryLocked: groupId=0, mWakefulness=Awake, mUserActivitySummary=0x1, nextTimeout=770830 (in 248843 ms)
06-25 17:25:12.908 1488 1488 D PowerManagerNotifier: onScreenPolicyUpdate: newPolicy=3
06-25 17:25:12.908 1488 1488 D PowerManagerService: updateDisplayPowerStateLocked: displayReady=true, groupId=0, policy=BRIGHT, mWakefulness=Awake, mWakeLockSummary=0x1, mUserActivitySummary=0x1, mBootCompleted=true, screenBrightnessOverride=NaN, useAutoBrightness=true, mScreenBrightnessBoostInProgress=false, mIsVrModeEnabled= false, sQuiescent=false
06-25 17:25:12.909 1488 1911 D PowerManagerService: releaseWakeLockInternal: lock=177188396 [*sync*/com.tencent.android.qqdownloader.YYBLiveAccountProvider/com.tencent.android.qqdownloader.YYBLiveAccountProvider.account/应用宝], flags=0x0
06-25 17:25:12.909 1488 1911 D PowerManagerNotifier: onWakeLockReleased: flags=1, tag="*sync*/com.tencent.android.qqdownloader.YYBLiveAccountProvider/com.tencent.android.qqdownloader.YYBLiveAccountProvider.account/应用宝", packageName=android, ownerUid=1000, ownerPid=1488, workSource=WorkSource{10111}
06-25 17:25:12.909 1488 1911 D PowerManagerService: updateWakeLockSummaryLocked: mWakefulness=Awake, mWakeLockSummary=0x1
06-25 17:25:12.909 1488 1911 D PowerManagerService: updateUserActivitySummaryLocked: groupId=0, mWakefulness=Awake, mUserActivitySummary=0x1, nextTimeout=770830 (in 248842 ms)
06-25 17:25:12.909 1488 1911 D PowerManagerNotifier: onScreenPolicyUpdate: newPolicy=3
06-25 17:25:12.909 1488 1911 D PowerManagerService: updateDisplayPowerStateLocked: displayReady=true, groupId=0, policy=BRIGHT, mWakefulness=Awake, mWakeLockSummary=0x1, mUserActivitySummary=0x1, mBootCompleted=true, screenBrightnessOverride=NaN, useAutoBrightness=true, mScreenBrightnessBoostInProgress=false, mIsVrModeEnabled= false, sQuiescent=false
06-25 17:25:12.910 1488 1911 I sync : [com.tencent.android.qqdownloader.YYBLiveAccountProvider,1,3,24220937]
06-25 17:25:12.912 1488 1911 I commit_sys_config_file: [sync-status,496212]
06-25 17:25:12.912 1488 1911 D PowerManagerService: releaseWakeLockInternal: lock=197514241 [SyncLoopWakeLock], flags=0x0
06-25 17:25:12.912 1488 1911 D PowerManagerNotifier: onWakeLockReleased: flags=1, tag="SyncLoopWakeLock", packageName=android, ownerUid=1000, ownerPid=1488, workSource=null
06-25 17:25:12.912 1488 1911 D PowerManagerService: updateWakeLockSummaryLocked: mWakefulness=Awake, mWakeLockSummary=0x0
06-25 17:25:12.912 1488 1911 D PowerManagerService: updateUserActivitySummaryLocked: groupId=0, mWakefulness=Awake, mUserActivitySummary=0x1, nextTimeout=770830 (in 248839 ms)
06-25 17:25:12.912 1488 1911 D PowerManagerNotifier: onScreenPolicyUpdate: newPolicy=3
06-25 17:25:12.912 1488 1911 D PowerManagerService: updateDisplayPowerStateLocked: displayReady=true, groupId=0, policy=BRIGHT, mWakefulness=Awake, mWakeLockSummary=0x0, mUserActivitySummary=0x1, mBootCompleted=true, screenBrightnessOverride=NaN, useAutoBrightness=true, mScreenBrightnessBoostInProgress=false, mIsVrModeEnabled= false, sQuiescent=false
06-25 17:25:12.912 1488 1911 D PowerManagerService: Releasing suspend blocker "PowerManagerService.WakeLocks".
06-25 17:25:12.912 1488 1911 D PowerManagerService: acquireWakeLockInternal: lock=197514241, flags=0x1, tag="SyncLoopWakeLock", ws=null, uid=1000, pid=1488
06-25 17:25:12.912 1488 1911 D PowerManagerService: updateWakeLockSummaryLocked: mWakefulness=Awake, mWakeLockSummary=0x1
06-25 17:25:12.912 1488 1911 D PowerManagerService: updateUserActivitySummaryLocked: groupId=0, mWakefulness=Awake, mUserActivitySummary=0x1, nextTimeout=770830 (in 248839 ms)
06-25 17:25:12.912 1488 1911 D PowerManagerNotifier: onScreenPolicyUpdate: newPolicy=3
06-25 17:25:12.912 1488 1911 D PowerManagerService: updateDisplayPowerStateLocked: displayReady=true, groupId=0, policy=BRIGHT, mWakefulness=Awake, mWakeLockSummary=0x1, mUserActivitySummary=0x1, mBootCompleted=true, screenBrightnessOverride=NaN, useAutoBrightness=true, mScreenBrightnessBoostInProgress=false, mIsVrModeEnabled= false, sQuiescent=false
06-25 17:25:12.912 1488 1911 D PowerManagerService: Acquiring suspend blocker "PowerManagerService.WakeLocks".
06-25 17:25:12.912 1488 1911 D PowerManagerNotifier: onWakeLockAcquired: flags=1, tag="SyncLoopWakeLock", packageName=android, ownerUid=1000, ownerPid=1488, workSource=null
06-25 17:25:12.913 1488 1911 D PowerManagerService: releaseWakeLockInternal: lock=197514241 [SyncLoopWakeLock], flags=0x0
06-25 17:25:12.913 1488 1911 D PowerManagerNotifier: onWakeLockReleased: flags=1, tag="SyncLoopWakeLock", packageName=android, ownerUid=1000, ownerPid=1488, workSource=null
06-25 17:25:12.913 1488 1911 D PowerManagerService: updateWakeLockSummaryLocked: mWakefulness=Awake, mWakeLockSummary=0x0
06-25 17:25:12.913 1488 1911 D PowerManagerService: updateUserActivitySummaryLocked: groupId=0, mWakefulness=Awake, mUserActivitySummary=0x1, nextTimeout=770830 (in 248838 ms)
06-25 17:25:12.913 1488 1911 D PowerManagerNotifier: onScreenPolicyUpdate: newPolicy=3
06-25 17:25:12.913 1488 1911 D PowerManagerService: updateDisplayPowerStateLocked: displayReady=true, groupId=0, policy=BRIGHT, mWakefulness=Awake, mWakeLockSummary=0x0, mUserActivitySummary=0x1, mBootCompleted=true, screenBrightnessOverride=NaN, useAutoBrightness=true, mScreenBrightnessBoostInProgress=false, mIsVrModeEnabled= false, sQuiescent=false
06-25 17:25:12.913 1488 1911 D PowerManagerService: Releasing suspend blocker "PowerManagerService.WakeLocks".
06-25 17:25:14.898 1488 1601 I commit_sys_config_file: [jobs,3]
06-25 17:25:15.813 0 0 E [ 524.877708] [MAX975X: max96755x_vc1_lcd_dtc_check] *ERROR* DTC_Display: screen not ready(0), bl_sta(1), lvl(20)
06-25 17:25:16.664 0 0 I [ 525.741409] init: processing action (sys.tlog.tlogdshc.active=1) from (/system/etc/init/tlogd.rc:195)
06-25 17:25:16.664 0 0 I [ 525.741660] init: starting service 'tlogdshc'...
06-25 17:25:16.707 0 0 I [ 525.786257] init: Service 'tlogdshc' (pid 7882) exited with status 0 oneshot service took 0.043000 seconds in background
06-25 17:25:16.707 0 0 I [ 525.786265] init: Sending signal 9 to service 'tlogdshc' (pid 7882) process group...
06-25 17:25:16.707 0 0 I [ 525.786332] libprocessgroup: Successfully killed process cgroup uid 0 pid 7882 in 0ms
06-25 17:25:19.961 0 0 E [ 529.024807] [MAX975X: max96755x_vc1_lcd_dtc_check] *ERROR* DTC_Display: screen not ready(0), bl_sta(1), lvl(20)
06-25 17:25:24.085 0 0 E [ 533.152834] [MAX975X: max96755x_vc1_lcd_dtc_check] *ERROR* DTC_Display: screen not ready(0), bl_sta(1), lvl(20)
06-25 17:25:28.217 0 0 E [ 537.285119] [MAX975X: max96755x_vc1_lcd_dtc_check] *ERROR* DTC_Display: screen not ready(0), bl_sta(1), lvl(20)
06-25 17:25:32.477 0 0 E [ 541.545138] [MAX975X: max96755x_vc1_lcd_dtc_check] *ERROR* DTC_Display: screen not ready(0), bl_sta(1), lvl(20)
06-25 17:25:36.600 0 0 E [ 545.668817] [MAX975X: max96755x_vc1_lcd_dtc_check] *ERROR* DTC_Display: screen not ready(0), bl_sta(1), lvl(20)
06-25 17:25:40.726 0 0 E [ 549.795084] [MAX975X: max96755x_vc1_lcd_dtc_check] *ERROR* DTC_Display: screen not ready(0), bl_sta(1), lvl(20)
06-25 17:25:44.852 0 0 E [ 553.920901] [MAX975X: max96755x_vc1_lcd_dtc_check] *ERROR* DTC_Display: screen not ready(0), bl_sta(1), lvl(20)
06-25 17:25:45.053 1488 1617 I am_uid_idle: 10032
06-25 17:25:46.665 0 0 I [ 555.742275] init: processing action (sys.tlog.tlogdshc.active=1) from (/system/etc/init/tlogd.rc:195)
06-25 17:25:46.665 0 0 I [ 555.742480] init: starting service 'tlogdshc'...
06-25 17:25:46.705 0 0 I [ 555.784286] init: Service 'tlogdshc' (pid 7894) exited with status 0 oneshot service took 0.040000 seconds in background
06-25 17:25:46.705 0 0 I [ 555.784295] init: Sending signal 9 to service 'tlogdshc' (pid 7894) process group...
06-25 17:25:46.705 0 0 I [ 555.784393] libprocessgroup: Successfully killed process cgroup uid 0 pid 7894 in 0ms
06-25 17:25:47.874 1488 1726 D PowerManagerService: acquireWakeLockInternal: lock=39155635, flags=0x1, tag="*alarm*", ws=WorkSource{1000}, uid=1000, pid=1488
06-25 17:25:47.874 1488 1726 D PowerManagerService: updateWakeLockSummaryLocked: mWakefulness=Awake, mWakeLockSummary=0x1
06-25 17:25:47.874 1488 1726 D PowerManagerService: updateUserActivitySummaryLocked: groupId=0, mWakefulness=Awake, mUserActivitySummary=0x1, nextTimeout=770830 (in 213877 ms)
06-25 17:25:47.874 1488 1726 D PowerManagerNotifier: onScreenPolicyUpdate: newPolicy=3
06-25 17:25:47.874 1488 1726 D PowerManagerService: updateDisplayPowerStateLocked: displayReady=true, groupId=0, policy=BRIGHT, mWakefulness=Awake, mWakeLockSummary=0x1, mUserActivitySummary=0x1, mBootCompleted=true, screenBrightnessOverride=NaN, useAutoBrightness=true, mScreenBrightnessBoostInProgress=false, mIsVrModeEnabled= false, sQuiescent=false
06-25 17:25:47.874 1488 1726 D PowerManagerService: Acquiring suspend blocker "PowerManagerService.WakeLocks".
06-25 17:25:47.875 1488 1726 D PowerManagerNotifier: onWakeLockAcquired: flags=1, tag="*alarm*", packageName=android, ownerUid=1000, ownerPid=1488, workSource=WorkSource{1000}
06-25 17:25:47.876 1488 1759 D PowerManagerService: updateWakeLockWorkSourceInternal: lock=39155635 [*alarm*], ws=WorkSource{10111 com.tencent.android.qqdownloader}
06-25 17:25:47.876 1488 1759 D PowerManagerNotifier: onWakeLockChanging: flags=1, tag="*alarm*", packageName=android, ownerUid=1000, ownerPid=1488, workSource=WorkSource{10111 com.tencent.android.qqdownloader}
06-25 17:25:47.876 1488 1488 D PowerManagerService: releaseWakeLockInternal: lock=39155635 [*alarm*], flags=0x0
06-25 17:25:47.876 1488 1488 D PowerManagerNotifier: onWakeLockReleased: flags=1, tag="*alarm*", packageName=android, ownerUid=1000, ownerPid=1488, workSource=WorkSource{10111 com.tencent.android.qqdownloader}
06-25 17:25:47.876 1488 1488 D PowerManagerService: updateWakeLockSummaryLocked: mWakefulness=Awake, mWakeLockSummary=0x0
06-25 17:25:47.877 1488 1488 D PowerManagerService: updateUserActivitySummaryLocked: groupId=0, mWakefulness=Awake, mUserActivitySummary=0x1, nextTimeout=770830 (in 213875 ms)
06-25 17:25:47.877 1488 1488 D PowerManagerNotifier: onScreenPolicyUpdate: newPolicy=3
06-25 17:25:47.877 1488 1488 D PowerManagerService: updateDisplayPowerStateLocked: displayReady=true, groupId=0, policy=BRIGHT, mWakefulness=Awake, mWakeLockSummary=0x0, mUserActivitySummary=0x1, mBootCompleted=true, screenBrightnessOverride=NaN, useAutoBrightness=true, mScreenBrightnessBoostInProgress=false, mIsVrModeEnabled= false, sQuiescent=false
06-25 17:25:47.877 1488 1488 D PowerManagerService: Releasing suspend blocker "PowerManagerService.WakeLocks".
06-25 17:25:47.880 1488 1488 D PowerManagerService: acquireWakeLockInternal: lock=212042710, flags=0x1, tag="*job*/com.tencent.android.qqdownloader.YYBLiveAccountProvider/com.tencent.android.qqdownloader.YYBLiveAccountProvider.account/应用宝:android", ws=WorkSource{10111}, uid=1000, pid=1488
06-25 17:25:47.880 1488 1488 D PowerManagerService: updateWakeLockSummaryLocked: mWakefulness=Awake, mWakeLockSummary=0x1
06-25 17:25:47.880 1488 1488 D PowerManagerService: updateUserActivitySummaryLocked: groupId=0, mWakefulness=Awake, mUserActivitySummary=0x1, nextTimeout=770830 (in 213871 ms)
06-25 17:25:47.880 1488 1488 D PowerManagerNotifier: onScreenPolicyUpdate: newPolicy=3
06-25 17:25:47.880 1488 1488 D PowerManagerService: updateDisplayPowerStateLocked: displayReady=true, groupId=0, policy=BRIGHT, mWakefulness=Awake, mWakeLockSummary=0x1, mUserActivitySummary=0x1, mBootCompleted=true, screenBrightnessOverride=NaN, useAutoBrightness=true, mScreenBrightnessBoostInProgress=false, mIsVrModeEnabled= false, sQuiescent=false
06-25 17:25:47.880 1488 1488 D PowerManagerService: Acquiring suspend blocker "PowerManagerService.WakeLocks".
06-25 17:25:47.881 1488 1488 D PowerManagerNotifier: onWakeLockAcquired: flags=1, tag="*job*/com.tencent.android.qqdownloader.YYBLiveAccountProvider/com.tencent.android.qqdownloader.YYBLiveAccountProvider.account/应用宝:android", packageName=android, ownerUid=1000, ownerPid=1488, workSource=WorkSource{10111}
06-25 17:25:47.881 1488 1488 D PowerManagerService: acquireWakeLockInternal: lock=21923415, flags=0x1, tag="*job*/com.tencent.android.qqdownloader.YYBLiveAccountProvider/com.tencent.android.qqdownloader.YYBLiveAccountProvider.account/应用宝:android", ws=WorkSource{10111}, uid=1000, pid=1488
06-25 17:25:47.881 1488 1488 D PowerManagerService: updateWakeLockSummaryLocked: mWakefulness=Awake, mWakeLockSummary=0x1
06-25 17:25:47.881 1488 1488 D PowerManagerService: updateUserActivitySummaryLocked: groupId=0, mWakefulness=Awake, mUserActivitySummary=0x1, nextTimeout=770830 (in 213870 ms)
06-25 17:25:47.881 1488 1488 D PowerManagerNotifier: onScreenPolicyUpdate: newPolicy=3
06-25 17:25:47.881 1488 1488 D PowerManagerService: updateDisplayPowerStateLocked: displayReady=true, groupId=0, policy=BRIGHT, mWakefulness=Awake, mWakeLockSummary=0x1, mUserActivitySummary=0x1, mBootCompleted=true, screenBrightnessOverride=NaN, useAutoBrightness=true, mScreenBrightnessBoostInProgress=false, mIsVrModeEnabled= false, sQuiescent=false
06-25 17:25:47.881 1488 1488 D PowerManagerNotifier: onWakeLockAcquired: flags=1, tag="*job*/com.tencent.android.qqdownloader.YYBLiveAccountProvider/com.tencent.android.qqdownloader.YYBLiveAccountProvider.account/应用宝:android", packageName=android, ownerUid=1000, ownerPid=1488, workSource=WorkSource{10111}
06-25 17:25:47.882 1488 1911 D PowerManagerService: acquireWakeLockInternal: lock=197514241, flags=0x1, tag="SyncLoopWakeLock", ws=null, uid=1000, pid=1488
06-25 17:25:47.882 1488 1911 D PowerManagerService: updateWakeLockSummaryLocked: mWakefulness=Awake, mWakeLockSummary=0x1
06-25 17:25:47.882 1488 1911 D PowerManagerService: updateUserActivitySummaryLocked: groupId=0, mWakefulness=Awake, mUserActivitySummary=0x1, nextTimeout=770830 (in 213869 ms)
06-25 17:25:47.882 1488 1911 D PowerManagerNotifier: onScreenPolicyUpdate: newPolicy=3
06-25 17:25:47.882 1488 1911 D PowerManagerService: updateDisplayPowerStateLocked: displayReady=true, groupId=0, policy=BRIGHT, mWakefulness=Awake, mWakeLockSummary=0x1, mUserActivitySummary=0x1, mBootCompleted=true, screenBrightnessOverride=NaN, useAutoBrightness=true, mScreenBrightnessBoostInProgress=false, mIsVrModeEnabled= false, sQuiescent=false
06-25 17:25:47.882 1488 1911 D PowerManagerNotifier: onWakeLockAcquired: flags=1, tag="SyncLoopWakeLock", packageName=android, ownerUid=1000, ownerPid=1488, workSource=null
06-25 17:25:47.883 1488 1911 I sync : [com.tencent.android.qqdownloader.YYBLiveAccountProvider,0,4,24220937]
06-25 17:25:47.883 1488 1911 D PowerManagerService: acquireWakeLockInternal: lock=177188396, flags=0x1, tag="*sync*/com.tencent.android.qqdownloader.YYBLiveAccountProvider/com.tencent.android.qqdownloader.YYBLiveAccountProvider.account/应用宝", ws=WorkSource{10111}, uid=1000, pid=1488
06-25 17:25:47.883 1488 1911 D PowerManagerService: updateWakeLockSummaryLocked: mWakefulness=Awake, mWakeLockSummary=0x1
06-25 17:25:47.883 1488 1911 D PowerManagerService: updateUserActivitySummaryLocked: groupId=0, mWakefulness=Awake, mUserActivitySummary=0x1, nextTimeout=770830 (in 213868 ms)
06-25 17:25:47.883 1488 1911 D PowerManagerNotifier: onScreenPolicyUpdate: newPolicy=3
06-25 17:25:47.883 1488 1911 D PowerManagerService: updateDisplayPowerStateLocked: displayReady=true, groupId=0, policy=BRIGHT, mWakefulness=Awake, mWakeLockSummary=0x1, mUserActivitySummary=0x1, mBootCompleted=true, screenBrightnessOverride=NaN, useAutoBrightness=true, mScreenBrightnessBoostInProgress=false, mIsVrModeEnabled= false, sQuiescent=false
06-25 17:25:47.883 1488 1911 D PowerManagerNotifier: onWakeLockAcquired: flags=1, tag="*sync*/com.tencent.android.qqdownloader.YYBLiveAccountProvider/com.tencent.android.qqdownloader.YYBLiveAccountProvider.account/应用宝", packageName=android, ownerUid=1000, ownerPid=1488, workSource=WorkSource{10111}
06-25 17:25:47.885 1488 1911 D PowerManagerService: releaseWakeLockInternal: lock=197514241 [SyncLoopWakeLock], flags=0x0
06-25 17:25:47.885 1488 1911 D PowerManagerNotifier: onWakeLockReleased: flags=1, tag="SyncLoopWakeLock", packageName=android, ownerUid=1000, ownerPid=1488, workSource=null
06-25 17:25:47.885 1488 1911 D PowerManagerService: updateWakeLockSummaryLocked: mWakefulness=Awake, mWakeLockSummary=0x1
06-25 17:25:47.885 1488 1911 D PowerManagerService: updateUserActivitySummaryLocked: groupId=0, mWakefulness=Awake, mUserActivitySummary=0x1, nextTimeout=770830 (in 213866 ms)
06-25 17:25:47.886 1488 1911 D PowerManagerNotifier: onScreenPolicyUpdate: newPolicy=3
06-25 17:25:47.886 1488 1911 D PowerManagerService: updateDisplayPowerStateLocked: displayReady=true, groupId=0, policy=BRIGHT, mWakefulness=Awake, mWakeLockSummary=0x1, mUserActivitySummary=0x1, mBootCompleted=true, screenBrightnessOverride=NaN, useAutoBrightness=true, mScreenBrightnessBoostInProgress=false, mIsVrModeEnabled= false, sQuiescent=false
06-25 17:25:47.886 1488 1911 D PowerManagerService: acquireWakeLockInternal: lock=197514241, flags=0x1, tag="SyncLoopWakeLock", ws=null, uid=1000, pid=1488
06-25 17:25:47.886 1488 1911 D PowerManagerService: updateWakeLockSummaryLocked: mWakefulness=Awake, mWakeLockSummary=0x1
06-25 17:25:47.886 1488 1911 D PowerManagerService: updateUserActivitySummaryLocked: groupId=0, mWakefulness=Awake, mUserActivitySummary=0x1, nextTimeout=770830 (in 213865 ms)
06-25 17:25:47.886 1488 1911 D PowerManagerNotifier: onScreenPolicyUpdate: newPolicy=3
06-25 17:25:47.886 1488 1911 D PowerManagerService: updateDisplayPowerStateLocked: displayReady=true, groupId=0, policy=BRIGHT, mWakefulness=Awake, mWakeLockSummary=0x1, mUserActivitySummary=0x1, mBootCompleted=true, screenBrightnessOverride=NaN, useAutoBrightness=true, mScreenBrightnessBoostInProgress=false, mIsVrModeEnabled= false, sQuiescent=false
06-25 17:25:47.886 1488 1911 D PowerManagerNotifier: onWakeLockAcquired: flags=1, tag="SyncLoopWakeLock", packageName=android, ownerUid=1000, ownerPid=1488, workSource=null
06-25 17:25:47.887 1488 1488 D PowerManagerService: releaseWakeLockInternal: lock=21923415 [*job*/com.tencent.android.qqdownloader.YYBLiveAccountProvider/com.tencent.android.qqdownloader.YYBLiveAccountProvider.account/应用宝:android], flags=0x0
06-25 17:25:47.887 1488 1488 D PowerManagerNotifier: onWakeLockReleased: flags=1, tag="*job*/com.tencent.android.qqdownloader.YYBLiveAccountProvider/com.tencent.android.qqdownloader.YYBLiveAccountProvider.account/应用宝:android", packageName=android, ownerUid=1000, ownerPid=1488, workSource=WorkSource{10111}
06-25 17:25:47.887 1488 1488 D PowerManagerService: updateWakeLockSummaryLocked: mWakefulness=Awake, mWakeLockSummary=0x1
06-25 17:25:47.887 1488 1488 D PowerManagerService: updateUserActivitySummaryLocked: groupId=0, mWakefulness=Awake, mUserActivitySummary=0x1, nextTimeout=770830 (in 213864 ms)
06-25 17:25:47.887 1488 1488 D PowerManagerNotifier: onScreenPolicyUpdate: newPolicy=3
06-25 17:25:47.887 1488 1488 D PowerManagerService: updateDisplayPowerStateLocked: displayReady=true, groupId=0, policy=BRIGHT, mWakefulness=Awake, mWakeLockSummary=0x1, mUserActivitySummary=0x1, mBootCompleted=true, screenBrightnessOverride=NaN, useAutoBrightness=true, mScreenBrightnessBoostInProgress=false, mIsVrModeEnabled= false, sQuiescent=false
06-25 17:25:47.891 1488 1911 D PowerManagerService: releaseWakeLockInternal: lock=197514241 [SyncLoopWakeLock], flags=0x0
06-25 17:25:47.891 1488 1911 D PowerManagerNotifier: onWakeLockReleased: flags=1, tag="SyncLoopWakeLock", packageName=android, ownerUid=1000, ownerPid=1488, workSource=null
06-25 17:25:47.891 1488 1911 D PowerManagerService: updateWakeLockSummaryLocked: mWakefulness=Awake, mWakeLockSummary=0x1
06-25 17:25:47.891 1488 1911 D PowerManagerService: updateUserActivitySummaryLocked: groupId=0, mWakefulness=Awake, mUserActivitySummary=0x1, nextTimeout=770830 (in 213860 ms)
06-25 17:25:47.891 1488 1911 D PowerManagerNotifier: onScreenPolicyUpdate: newPolicy=3
06-25 17:25:47.891 1488 1911 D PowerManagerService: updateDisplayPowerStateLocked: displayReady=true, groupId=0, policy=BRIGHT, mWakefulness=Awake, mWakeLockSummary=0x1, mUserActivitySummary=0x1, mBootCompleted=true, screenBrightnessOverride=NaN, useAutoBrightness=true, mScreenBrightnessBoostInProgress=false, mIsVrModeEnabled= false, sQuiescent=false
06-25 17:25:47.891 1488 1911 D PowerManagerService: acquireWakeLockInternal: lock=197514241, flags=0x1, tag="SyncLoopWakeLock", ws=null, uid=1000, pid=1488
06-25 17:25:47.891 1488 1911 D PowerManagerService: updateWakeLockSummaryLocked: mWakefulness=Awake, mWakeLockSummary=0x1
06-25 17:25:47.891 1488 1911 D PowerManagerService: updateUserActivitySummaryLocked: groupId=0, mWakefulness=Awake, mUserActivitySummary=0x1, nextTimeout=770830 (in 213860 ms)
06-25 17:25:47.891 1488 1911 D PowerManagerNotifier: onScreenPolicyUpdate: newPolicy=3
06-25 17:25:47.891 1488 1911 D PowerManagerService: updateDisplayPowerStateLocked: displayReady=true, groupId=0, policy=BRIGHT, mWakefulness=Awake, mWakeLockSummary=0x1, mUserActivitySummary=0x1, mBootCompleted=true, screenBrightnessOverride=NaN, useAutoBrightness=true, mScreenBrightnessBoostInProgress=false, mIsVrModeEnabled= false, sQuiescent=false
06-25 17:25:47.891 1488 1911 D PowerManagerNotifier: onWakeLockAcquired: flags=1, tag="SyncLoopWakeLock", packageName=android, ownerUid=1000, ownerPid=1488, workSource=null
06-25 17:25:47.892 1488 1911 D PowerManagerService: releaseWakeLockInternal: lock=197514241 [SyncLoopWakeLock], flags=0x0
06-25 17:25:47.892 1488 1911 D PowerManagerNotifier: onWakeLockReleased: flags=1, tag="SyncLoopWakeLock", packageName=android, ownerUid=1000, ownerPid=1488, workSource=null
06-25 17:25:47.892 1488 1911 D PowerManagerService: updateWakeLockSummaryLocked: mWakefulness=Awake, mWakeLockSummary=0x1
06-25 17:25:47.892 1488 1911 D PowerManagerService: updateUserActivitySummaryLocked: groupId=0, mWakefulness=Awake, mUserActivitySummary=0x1, nextTimeout=770830 (in 213859 ms)
06-25 17:25:47.892 1488 1911 D PowerManagerNotifier: onScreenPolicyUpdate: newPolicy=3
06-25 17:25:47.892 1488 1911 D PowerManagerService: updateDisplayPowerStateLocked: displayReady=true, groupId=0, policy=BRIGHT, mWakefulness=Awake, mWakeLockSummary=0x1, mUserActivitySummary=0x1, mBootCompleted=true, screenBrightnessOverride=NaN, useAutoBrightness=true, mScreenBrightnessBoostInProgress=false, mIsVrModeEnabled= false, sQuiescent=false
06-25 17:25:47.894 1488 1911 D PowerManagerService: acquireWakeLockInternal: lock=197514241, flags=0x1, tag="SyncLoopWakeLock", ws=null, uid=1000, pid=1488
06-25 17:25:47.894 1488 1911 D PowerManagerService: updateWakeLockSummaryLocked: mWakefulness=Awake, mWakeLockSummary=0x1
06-25 17:25:47.894 1488 1911 D PowerManagerService: updateUserActivitySummaryLocked: groupId=0, mWakefulness=Awake, mUserActivitySummary=0x1, nextTimeout=770830 (in 213857 ms)
06-25 17:25:47.894 1488 1911 D PowerManagerNotifier: onScreenPolicyUpdate: newPolicy=3
06-25 17:25:47.894 1488 1911 D PowerManagerService: updateDisplayPowerStateLocked: displayReady=true, groupId=0, policy=BRIGHT, mWakefulness=Awake, mWakeLockSummary=0x1, mUserActivitySummary=0x1, mBootCompleted=true, screenBrightnessOverride=NaN, useAutoBrightness=true, mScreenBrightnessBoostInProgress=false, mIsVrModeEnabled= false, sQuiescent=false
06-25 17:25:47.894 1488 1911 D PowerManagerNotifier: onWakeLockAcquired: flags=1, tag="SyncLoopWakeLock", packageName=android, ownerUid=1000, ownerPid=1488, workSource=null
06-25 17:25:47.895 1488 1911 D PowerManagerService: releaseWakeLockInternal: lock=197514241 [SyncLoopWakeLock], flags=0x0
06-25 17:25:47.895 1488 1911 D PowerManagerNotifier: onWakeLockReleased: flags=1, tag="SyncLoopWakeLock", packageName=android, ownerUid=1000, ownerPid=1488, workSource=null
06-25 17:25:47.895 1488 1911 D PowerManagerService: updateWakeLockSummaryLocked: mWakefulness=Awake, mWakeLockSummary=0x1
06-25 17:25:47.895 1488 1911 D PowerManagerService: updateUserActivitySummaryLocked: groupId=0, mWakefulness=Awake, mUserActivitySummary=0x1, nextTimeout=770830 (in 213856 ms)
06-25 17:25:47.895 1488 1911 D PowerManagerNotifier: onScreenPolicyUpdate: newPolicy=3
06-25 17:25:47.895 1488 1911 D PowerManagerService: updateDisplayPowerStateLocked: displayReady=true, groupId=0, policy=BRIGHT, mWakefulness=Awake, mWakeLockSummary=0x1, mUserActivitySummary=0x1, mBootCompleted=true, screenBrightnessOverride=NaN, useAutoBrightness=true, mScreenBrightnessBoostInProgress=false, mIsVrModeEnabled= false, sQuiescent=false
06-25 17:25:47.897 1488 1911 D PowerManagerService: acquireWakeLockInternal: lock=197514241, flags=0x1, tag="SyncLoopWakeLock", ws=null, uid=1000, pid=1488
06-25 17:25:47.897 1488 1911 D PowerManagerService: updateWakeLockSummaryLocked: mWakefulness=Awake, mWakeLockSummary=0x1
06-25 17:25:47.897 1488 1911 D PowerManagerService: updateUserActivitySummaryLocked: groupId=0, mWakefulness=Awake, mUserActivitySummary=0x1, nextTimeout=770830 (in 213854 ms)
06-25 17:25:47.897 1488 1911 D PowerManagerNotifier: onScreenPolicyUpdate: newPolicy=3
06-25 17:25:47.897 1488 1911 D PowerManagerService: updateDisplayPowerStateLocked: displayReady=true, groupId=0, policy=BRIGHT, mWakefulness=Awake, mWakeLockSummary=0x1, mUserActivitySummary=0x1, mBootCompleted=true, screenBrightnessOverride=NaN, useAutoBrightness=true, mScreenBrightnessBoostInProgress=false, mIsVrModeEnabled= false, sQuiescent=false
06-25 17:25:47.897 1488 1911 D PowerManagerNotifier: onWakeLockAcquired: flags=1, tag="SyncLoopWakeLock", packageName=android, ownerUid=1000, ownerPid=1488, workSource=null
06-25 17:25:47.898 1488 1488 D PowerManagerService: releaseWakeLockInternal: lock=212042710 [*job*/com.tencent.android.qqdownloader.YYBLiveAccountProvider/com.tencent.android.qqdownloader.YYBLiveAccountProvider.account/应用宝:android], flags=0x0
06-25 17:25:47.898 1488 1488 D PowerManagerNotifier: onWakeLockReleased: flags=1, tag="*job*/com.tencent.android.qqdownloader.YYBLiveAccountProvider/com.tencent.android.qqdownloader.YYBLiveAccountProvider.account/应用宝:android", packageName=android, ownerUid=1000, ownerPid=1488, workSource=WorkSource{10111}
06-25 17:25:47.898 1488 1488 D PowerManagerService: updateWakeLockSummaryLocked: mWakefulness=Awake, mWakeLockSummary=0x1
06-25 17:25:47.898 1488 1488 D PowerManagerService: updateUserActivitySummaryLocked: groupId=0, mWakefulness=Awake, mUserActivitySummary=0x1, nextTimeout=770830 (in 213853 ms)
06-25 17:25:47.899 1488 1488 D PowerManagerNotifier: onScreenPolicyUpdate: newPolicy=3
06-25 17:25:47.899 1488 1488 D PowerManagerService: updateDisplayPowerStateLocked: displayReady=true, groupId=0, policy=BRIGHT, mWakefulness=Awake, mWakeLockSummary=0x1, mUserActivitySummary=0x1, mBootCompleted=true, screenBrightnessOverride=NaN, useAutoBrightness=true, mScreenBrightnessBoostInProgress=false, mIsVrModeEnabled= false, sQuiescent=false
06-25 17:25:47.899 1488 1911 D PowerManagerService: releaseWakeLockInternal: lock=177188396 [*sync*/com.tencent.android.qqdownloader.YYBLiveAccountProvider/com.tencent.android.qqdownloader.YYBLiveAccountProvider.account/应用宝], flags=0x0
