06-25 17:17:33.735 1488 1617 I am_wtf : [0,1488,system_server,-1,ConnectivityService,BUG: NetworkAgentInfo{network{100} handle{432902426637} ni{WIFI CONNECTED extra: } Score(60 ; KeepConnected : 1 ; Policies : TRANSPORT_PRIMARY&EVER_VALIDATED&IS_UNMETERED&IS_VALIDATED) everValidated lastValidated lp{{InterfaceName: wlan0 LinkAddresses: [ fe80::e04b:60ff:febc:98b1/64,192.168.124.35/24 ] DnsAddresses: [ /192.168.124.1 ] Domains: null MTU: 0 ServerAddress: /192.168.124.1 TcpBufferSizes: 524288,1048576,2097152,262144,524288,1048576 Routes: [ fe80::/64 -> :: wlan0 mtu 0,192.168.124.0/24 -> 0.0.0.0 wlan0 mtu 0,0.0.0.0/0 -> 192.168.124.1 wlan0 mtu 0 ]}} nc{[ Transports: WIFI Capabilities: NOT_METERED&INTERNET&NOT_RESTRICTED&TRUSTED&NOT_VPN&VALIDATED&NOT_ROAMING&FOREGROUND&NOT_CONGESTED&NOT_SUSPENDED&NOT_VCN_MANAGED LinkUpBandwidth>=12000Kbps LinkDnBandwidth>=30000Kbps Specifier: TransportInfo: :: wlan0 mtu 0,192.168.124.0/24 -> 0.0.0.0 wlan0 mtu 0,0.0.0.0/0 -> 192.168.124.1 wlan0 mtu 0 ]}} nc{[ Transports: WIFI Capabilities: NOT_METERED&INTERNET&NOT_RESTRICTED&TRUSTED&NOT_VPN&VALIDATED&NOT_ROAMING&FOREGROUND&NOT_CONGESTED&NOT_SUSPENDED&NOT_VCN_MANAGED LinkUpBandwidth>=12000Kbps LinkDnBandwidth>=30000Kbps Specifier: TransportInfo: 2500), lowering kernel.perf_event_max_sample_rate to 79500
06-25 17:23:40.680 0 0 E [ 429.737120] [MAX975X: max96755x_vc1_lcd_dtc_check] *ERROR* DTC_Display: screen not ready(0), bl_sta(1), lvl(20)
06-25 17:23:44.314 1488 1754 D PowerManagerService: acquireWakeLockInternal: lock=111620083, flags=0x1, tag="NetworkStats", ws=null, uid=1000, pid=1488
06-25 17:23:44.314 1488 1754 D PowerManagerService: updateWakeLockSummaryLocked: mWakefulness=Awake, mWakeLockSummary=0x1
06-25 17:23:44.314 1488 1754 D PowerManagerService: updateUserActivitySummaryLocked: groupId=0, mWakefulness=Awake, mUserActivitySummary=0x1, nextTimeout=770830 (in 337448 ms)
06-25 17:23:44.314 1488 1754 D PowerManagerNotifier: onScreenPolicyUpdate: newPolicy=3
06-25 17:23:44.314 1488 1754 D PowerManagerService: updateDisplayPowerStateLocked: displayReady=true, groupId=0, policy=BRIGHT, mWakefulness=Awake, mWakeLockSummary=0x1, mUserActivitySummary=0x1, mBootCompleted=true, screenBrightnessOverride=NaN, useAutoBrightness=true, mScreenBrightnessBoostInProgress=false, mIsVrModeEnabled= false, sQuiescent=false
06-25 17:23:44.314 1488 1754 D PowerManagerService: Acquiring suspend blocker "PowerManagerService.WakeLocks".
06-25 17:23:44.315 1488 1754 D PowerManagerNotifier: onWakeLockAcquired: flags=1, tag="NetworkStats", packageName=android, ownerUid=1000, ownerPid=1488, workSource=null
06-25 17:23:44.325 1488 1754 I netstats_mobile_sample: [0,0,0,0,0,0,0,0,0,0,0,0,1687685024325]
06-25 17:23:44.325 1488 1754 I netstats_wifi_sample: [1034636,2631,1180326,3175,1034636,2631,1180326,3175,10677210,26077,957342,2402,1687685024325]
06-25 17:23:44.325 1488 1754 D PowerManagerService: releaseWakeLockInternal: lock=111620083 [NetworkStats], flags=0x0
06-25 17:23:44.325 1488 1754 D PowerManagerNotifier: onWakeLockReleased: flags=1, tag="NetworkStats", packageName=android, ownerUid=1000, ownerPid=1488, workSource=null
06-25 17:23:44.326 1488 1754 D PowerManagerService: updateWakeLockSummaryLocked: mWakefulness=Awake, mWakeLockSummary=0x0
06-25 17:23:44.326 1488 1754 D PowerManagerService: updateUserActivitySummaryLocked: groupId=0, mWakefulness=Awake, mUserActivitySummary=0x1, nextTimeout=770830 (in 337436 ms)
06-25 17:23:44.326 1488 1754 D PowerManagerNotifier: onScreenPolicyUpdate: newPolicy=3
06-25 17:23:44.326 1488 1754 D PowerManagerService: updateDisplayPowerStateLocked: displayReady=true, groupId=0, policy=BRIGHT, mWakefulness=Awake, mWakeLockSummary=0x0, mUserActivitySummary=0x1, mBootCompleted=true, screenBrightnessOverride=NaN, useAutoBrightness=true, mScreenBrightnessBoostInProgress=false, mIsVrModeEnabled= false, sQuiescent=false
06-25 17:23:44.326 1488 1754 D PowerManagerService: Releasing suspend blocker "PowerManagerService.WakeLocks".
06-25 17:23:44.940 0 0 E [ 433.996624] [MAX975X: max96755x_vc1_lcd_dtc_check] *ERROR* DTC_Display: screen not ready(0), bl_sta(1), lvl(20)
06-25 17:23:46.672 0 0 I [ 435.738991] init: processing action (sys.tlog.tlogdshc.active=1) from (/system/etc/init/tlogd.rc:195)
06-25 17:23:46.672 0 0 I [ 435.739155] init: starting service 'tlogdshc'...
06-25 17:23:46.727 0 0 I [ 435.794860] init: Service 'tlogdshc' (pid 7595) exited with status 0 oneshot service took 0.054000 seconds in background
06-25 17:23:46.727 0 0 I [ 435.794878] init: Sending signal 9 to service 'tlogdshc' (pid 7595) process group...
06-25 17:23:46.727 0 0 I [ 435.794986] libprocessgroup: Successfully killed process cgroup uid 0 pid 7595 in 0ms
06-25 17:23:49.232 0 0 E [ 438.289007] [MAX975X: max96755x_vc1_lcd_dtc_check] *ERROR* DTC_Display: screen not ready(0), bl_sta(1), lvl(20)
06-25 17:23:53.512 0 0 E [ 442.569915] [MAX975X: max96755x_vc1_lcd_dtc_check] *ERROR* DTC_Display: screen not ready(0), bl_sta(1), lvl(20)
06-25 17:23:54.836 1488 1488 I notification_enqueue: [10111,3440,com.tencent.android.qqdownloader,127,NULL,0,Notification(channel=channel_id_default_silent shortcut=null contentView=com.tencent.android.qqdownloader/0x7f0a01c2 vibrate=null sound=null defaults=0x0 flags=0x2a2 color=0x00000000 groupKey=com.tencent.android.qqdownloader vis=PRIVATE),1]
06-25 17:23:55.037 1488 1488 I GameModeConfig: isGameModeOn = false
06-25 17:23:57.803 0 0 E [ 446.861003] [MAX975X: max96755x_vc1_lcd_dtc_check] *ERROR* DTC_Display: screen not ready(0), bl_sta(1), lvl(20)
06-25 17:24:00.000 1488 1726 D PowerManagerService: acquireWakeLockInternal: lock=39155635, flags=0x1, tag="*alarm*", ws=WorkSource{1000}, uid=1000, pid=1488
06-25 17:24:00.000 1488 1726 D PowerManagerService: updateWakeLockSummaryLocked: mWakefulness=Awake, mWakeLockSummary=0x1
06-25 17:24:00.000 1488 1726 D PowerManagerService: updateUserActivitySummaryLocked: groupId=0, mWakefulness=Awake, mUserActivitySummary=0x1, nextTimeout=770830 (in 321762 ms)
06-25 17:24:00.000 1488 1726 D PowerManagerNotifier: onScreenPolicyUpdate: newPolicy=3
06-25 17:24:00.000 1488 1726 D PowerManagerService: updateDisplayPowerStateLocked: displayReady=true, groupId=0, policy=BRIGHT, mWakefulness=Awake, mWakeLockSummary=0x1, mUserActivitySummary=0x1, mBootCompleted=true, screenBrightnessOverride=NaN, useAutoBrightness=true, mScreenBrightnessBoostInProgress=false, mIsVrModeEnabled= false, sQuiescent=false
06-25 17:24:00.000 1488 1726 D PowerManagerService: Acquiring suspend blocker "PowerManagerService.WakeLocks".
06-25 17:24:00.002 1488 1726 D PowerManagerNotifier: onWakeLockAcquired: flags=1, tag="*alarm*", packageName=android, ownerUid=1000, ownerPid=1488, workSource=WorkSource{1000}
06-25 17:24:00.002 1488 1488 D PowerManagerService: releaseWakeLockInternal: lock=39155635 [*alarm*], flags=0x0
06-25 17:24:00.002 1488 1488 D PowerManagerNotifier: onWakeLockReleased: flags=1, tag="*alarm*", packageName=android, ownerUid=1000, ownerPid=1488, workSource=WorkSource{1000}
06-25 17:24:00.002 1488 1488 D PowerManagerService: updateWakeLockSummaryLocked: mWakefulness=Awake, mWakeLockSummary=0x0
06-25 17:24:00.002 1488 1488 D PowerManagerService: updateUserActivitySummaryLocked: groupId=0, mWakefulness=Awake, mUserActivitySummary=0x1, nextTimeout=770830 (in 321760 ms)
06-25 17:24:00.002 1488 1488 D PowerManagerNotifier: onScreenPolicyUpdate: newPolicy=3
06-25 17:24:00.002 1488 1488 D PowerManagerService: updateDisplayPowerStateLocked: displayReady=true, groupId=0, policy=BRIGHT, mWakefulness=Awake, mWakeLockSummary=0x0, mUserActivitySummary=0x1, mBootCompleted=true, screenBrightnessOverride=NaN, useAutoBrightness=true, mScreenBrightnessBoostInProgress=false, mIsVrModeEnabled= false, sQuiescent=false
06-25 17:24:00.002 1488 1488 D PowerManagerService: Releasing suspend blocker "PowerManagerService.WakeLocks".
06-25 17:24:02.088 0 0 E [ 451.144894] [MAX975X: max96755x_vc1_lcd_dtc_check] *ERROR* DTC_Display: screen not ready(0), bl_sta(1), lvl(20)
06-25 17:24:02.880 1488 1726 D PowerManagerService: acquireWakeLockInternal: lock=39155635, flags=0x1, tag="*alarm*", ws=WorkSource{1000}, uid=1000, pid=1488
06-25 17:24:02.880 1488 1726 D PowerManagerService: updateWakeLockSummaryLocked: mWakefulness=Awake, mWakeLockSummary=0x1
06-25 17:24:02.880 1488 1726 D PowerManagerService: updateUserActivitySummaryLocked: groupId=0, mWakefulness=Awake, mUserActivitySummary=0x1, nextTimeout=770830 (in 318882 ms)
06-25 17:24:02.880 1488 1726 D PowerManagerNotifier: onScreenPolicyUpdate: newPolicy=3
06-25 17:24:02.880 1488 1726 D PowerManagerService: updateDisplayPowerStateLocked: displayReady=true, groupId=0, policy=BRIGHT, mWakefulness=Awake, mWakeLockSummary=0x1, mUserActivitySummary=0x1, mBootCompleted=true, screenBrightnessOverride=NaN, useAutoBrightness=true, mScreenBrightnessBoostInProgress=false, mIsVrModeEnabled= false, sQuiescent=false
06-25 17:24:02.880 1488 1726 D PowerManagerService: Acquiring suspend blocker "PowerManagerService.WakeLocks".
06-25 17:24:02.881 1488 1726 D PowerManagerNotifier: onWakeLockAcquired: flags=1, tag="*alarm*", packageName=android, ownerUid=1000, ownerPid=1488, workSource=WorkSource{1000}
06-25 17:24:02.883 1488 1759 D PowerManagerService: updateWakeLockWorkSourceInternal: lock=39155635 [*alarm*], ws=WorkSource{10111 com.tencent.android.qqdownloader}
06-25 17:24:02.883 1488 1759 D PowerManagerNotifier: onWakeLockChanging: flags=1, tag="*alarm*", packageName=android, ownerUid=1000, ownerPid=1488, workSource=WorkSource{10111 com.tencent.android.qqdownloader}
06-25 17:24:02.885 1488 1488 D PowerManagerService: acquireWakeLockInternal: lock=115655016, flags=0x1, tag="*job*/com.tencent.android.qqdownloader.YYBLiveAccountProvider/com.tencent.android.qqdownloader.YYBLiveAccountProvider.account/应用宝:android", ws=WorkSource{10111}, uid=1000, pid=1488
06-25 17:24:02.885 1488 1488 D PowerManagerService: updateWakeLockSummaryLocked: mWakefulness=Awake, mWakeLockSummary=0x1
06-25 17:24:02.885 1488 1488 D PowerManagerService: updateUserActivitySummaryLocked: groupId=0, mWakefulness=Awake, mUserActivitySummary=0x1, nextTimeout=770830 (in 318877 ms)
06-25 17:24:02.885 1488 1488 D PowerManagerNotifier: onScreenPolicyUpdate: newPolicy=3
06-25 17:24:02.885 1488 1488 D PowerManagerService: updateDisplayPowerStateLocked: displayReady=true, groupId=0, policy=BRIGHT, mWakefulness=Awake, mWakeLockSummary=0x1, mUserActivitySummary=0x1, mBootCompleted=true, screenBrightnessOverride=NaN, useAutoBrightness=true, mScreenBrightnessBoostInProgress=false, mIsVrModeEnabled= false, sQuiescent=false
06-25 17:24:02.885 1488 1488 D PowerManagerNotifier: onWakeLockAcquired: flags=1, tag="*job*/com.tencent.android.qqdownloader.YYBLiveAccountProvider/com.tencent.android.qqdownloader.YYBLiveAccountProvider.account/应用宝:android", packageName=android, ownerUid=1000, ownerPid=1488, workSource=WorkSource{10111}
06-25 17:24:02.886 1488 1488 D PowerManagerService: releaseWakeLockInternal: lock=39155635 [*alarm*], flags=0x0
06-25 17:24:02.886 1488 1488 D PowerManagerNotifier: onWakeLockReleased: flags=1, tag="*alarm*", packageName=android, ownerUid=1000, ownerPid=1488, workSource=WorkSource{10111 com.tencent.android.qqdownloader}
06-25 17:24:02.886 1488 1488 D PowerManagerService: updateWakeLockSummaryLocked: mWakefulness=Awake, mWakeLockSummary=0x1
06-25 17:24:02.886 1488 1488 D PowerManagerService: updateUserActivitySummaryLocked: groupId=0, mWakefulness=Awake, mUserActivitySummary=0x1, nextTimeout=770830 (in 318876 ms)
06-25 17:24:02.886 1488 1488 D PowerManagerNotifier: onScreenPolicyUpdate: newPolicy=3
06-25 17:24:02.886 1488 1488 D PowerManagerService: updateDisplayPowerStateLocked: displayReady=true, groupId=0, policy=BRIGHT, mWakefulness=Awake, mWakeLockSummary=0x1, mUserActivitySummary=0x1, mBootCompleted=true, screenBrightnessOverride=NaN, useAutoBrightness=true, mScreenBrightnessBoostInProgress=false, mIsVrModeEnabled= false, sQuiescent=false
06-25 17:24:02.887 1488 1911 D PowerManagerService: acquireWakeLockInternal: lock=197514241, flags=0x1, tag="SyncLoopWakeLock", ws=null, uid=1000, pid=1488
06-25 17:24:02.887 1488 1911 D PowerManagerService: updateWakeLockSummaryLocked: mWakefulness=Awake, mWakeLockSummary=0x1
06-25 17:24:02.887 1488 1911 D PowerManagerService: updateUserActivitySummaryLocked: groupId=0, mWakefulness=Awake, mUserActivitySummary=0x1, nextTimeout=770830 (in 318875 ms)
06-25 17:24:02.887 1488 1911 D PowerManagerNotifier: onScreenPolicyUpdate: newPolicy=3
06-25 17:24:02.887 1488 1911 D PowerManagerService: updateDisplayPowerStateLocked: displayReady=true, groupId=0, policy=BRIGHT, mWakefulness=Awake, mWakeLockSummary=0x1, mUserActivitySummary=0x1, mBootCompleted=true, screenBrightnessOverride=NaN, useAutoBrightness=true, mScreenBrightnessBoostInProgress=false, mIsVrModeEnabled= false, sQuiescent=false
06-25 17:24:02.887 1488 1911 D PowerManagerNotifier: onWakeLockAcquired: flags=1, tag="SyncLoopWakeLock", packageName=android, ownerUid=1000, ownerPid=1488, workSource=null
06-25 17:24:02.888 1488 1911 I sync : [com.tencent.android.qqdownloader.YYBLiveAccountProvider,0,3,24220937]
06-25 17:24:02.888 1488 1911 D PowerManagerService: acquireWakeLockInternal: lock=177188396, flags=0x1, tag="*sync*/com.tencent.android.qqdownloader.YYBLiveAccountProvider/com.tencent.android.qqdownloader.YYBLiveAccountProvider.account/应用宝", ws=WorkSource{10111}, uid=1000, pid=1488
06-25 17:24:02.888 1488 1911 D PowerManagerService: updateWakeLockSummaryLocked: mWakefulness=Awake, mWakeLockSummary=0x1
06-25 17:24:02.888 1488 1911 D PowerManagerService: updateUserActivitySummaryLocked: groupId=0, mWakefulness=Awake, mUserActivitySummary=0x1, nextTimeout=770830 (in 318874 ms)
06-25 17:24:02.888 1488 1911 D PowerManagerNotifier: onScreenPolicyUpdate: newPolicy=3
06-25 17:24:02.888 1488 1911 D PowerManagerService: updateDisplayPowerStateLocked: displayReady=true, groupId=0, policy=BRIGHT, mWakefulness=Awake, mWakeLockSummary=0x1, mUserActivitySummary=0x1, mBootCompleted=true, screenBrightnessOverride=NaN, useAutoBrightness=true, mScreenBrightnessBoostInProgress=false, mIsVrModeEnabled= false, sQuiescent=false
06-25 17:24:02.888 1488 1911 D PowerManagerNotifier: onWakeLockAcquired: flags=1, tag="*sync*/com.tencent.android.qqdownloader.YYBLiveAccountProvider/com.tencent.android.qqdownloader.YYBLiveAccountProvider.account/应用宝", packageName=android, ownerUid=1000, ownerPid=1488, workSource=WorkSource{10111}
06-25 17:24:02.890 1488 1911 D PowerManagerService: releaseWakeLockInternal: lock=197514241 [SyncLoopWakeLock], flags=0x0
06-25 17:24:02.890 1488 1911 D PowerManagerNotifier: onWakeLockReleased: flags=1, tag="SyncLoopWakeLock", packageName=android, ownerUid=1000, ownerPid=1488, workSource=null
06-25 17:24:02.890 1488 1911 D PowerManagerService: updateWakeLockSummaryLocked: mWakefulness=Awake, mWakeLockSummary=0x1
06-25 17:24:02.890 1488 1911 D PowerManagerService: updateUserActivitySummaryLocked: groupId=0, mWakefulness=Awake, mUserActivitySummary=0x1, nextTimeout=770830 (in 318872 ms)
06-25 17:24:02.890 1488 1911 D PowerManagerNotifier: onScreenPolicyUpdate: newPolicy=3
06-25 17:24:02.890 1488 1911 D PowerManagerService: updateDisplayPowerStateLocked: displayReady=true, groupId=0, policy=BRIGHT, mWakefulness=Awake, mWakeLockSummary=0x1, mUserActivitySummary=0x1, mBootCompleted=true, screenBrightnessOverride=NaN, useAutoBrightness=true, mScreenBrightnessBoostInProgress=false, mIsVrModeEnabled= false, sQuiescent=false
06-25 17:24:02.894 1488 1911 D PowerManagerService: acquireWakeLockInternal: lock=197514241, flags=0x1, tag="SyncLoopWakeLock", ws=null, uid=1000, pid=1488
06-25 17:24:02.894 1488 1911 D PowerManagerService: updateWakeLockSummaryLocked: mWakefulness=Awake, mWakeLockSummary=0x1
06-25 17:24:02.894 1488 1911 D PowerManagerService: updateUserActivitySummaryLocked: groupId=0, mWakefulness=Awake, mUserActivitySummary=0x1, nextTimeout=770830 (in 318868 ms)
06-25 17:24:02.894 1488 1911 D PowerManagerNotifier: onScreenPolicyUpdate: newPolicy=3
06-25 17:24:02.894 1488 1911 D PowerManagerService: updateDisplayPowerStateLocked: displayReady=true, groupId=0, policy=BRIGHT, mWakefulness=Awake, mWakeLockSummary=0x1, mUserActivitySummary=0x1, mBootCompleted=true, screenBrightnessOverride=NaN, useAutoBrightness=true, mScreenBrightnessBoostInProgress=false, mIsVrModeEnabled= false, sQuiescent=false
06-25 17:24:02.894 1488 1911 D PowerManagerNotifier: onWakeLockAcquired: flags=1, tag="SyncLoopWakeLock", packageName=android, ownerUid=1000, ownerPid=1488, workSource=null
06-25 17:24:02.895 1488 1911 D PowerManagerService: releaseWakeLockInternal: lock=197514241 [SyncLoopWakeLock], flags=0x0
06-25 17:24:02.895 1488 1911 D PowerManagerNotifier: onWakeLockReleased: flags=1, tag="SyncLoopWakeLock", packageName=android, ownerUid=1000, ownerPid=1488, workSource=null
06-25 17:24:02.895 1488 1911 D PowerManagerService: updateWakeLockSummaryLocked: mWakefulness=Awake, mWakeLockSummary=0x1
06-25 17:24:02.895 1488 1911 D PowerManagerService: updateUserActivitySummaryLocked: groupId=0, mWakefulness=Awake, mUserActivitySummary=0x1, nextTimeout=770830 (in 318867 ms)
06-25 17:24:02.895 1488 1911 D PowerManagerNotifier: onScreenPolicyUpdate: newPolicy=3
06-25 17:24:02.895 1488 1911 D PowerManagerService: updateDisplayPowerStateLocked: displayReady=true, groupId=0, policy=BRIGHT, mWakefulness=Awake, mWakeLockSummary=0x1, mUserActivitySummary=0x1, mBootCompleted=true, screenBrightnessOverride=NaN, useAutoBrightness=true, mScreenBrightnessBoostInProgress=false, mIsVrModeEnabled= false, sQuiescent=false
06-25 17:24:02.899 1488 1911 D PowerManagerService: acquireWakeLockInternal: lock=197514241, flags=0x1, tag="SyncLoopWakeLock", ws=null, uid=1000, pid=1488
06-25 17:24:02.899 1488 1911 D PowerManagerService: updateWakeLockSummaryLocked: mWakefulness=Awake, mWakeLockSummary=0x1
06-25 17:24:02.899 1488 1911 D PowerManagerService: updateUserActivitySummaryLocked: groupId=0, mWakefulness=Awake, mUserActivitySummary=0x1, nextTimeout=770830 (in 318863 ms)
06-25 17:24:02.899 1488 1911 D PowerManagerNotifier: onScreenPolicyUpdate: newPolicy=3
06-25 17:24:02.899 1488 1911 D PowerManagerService: updateDisplayPowerStateLocked: displayReady=true, groupId=0, policy=BRIGHT, mWakefulness=Awake, mWakeLockSummary=0x1, mUserActivitySummary=0x1, mBootCompleted=true, screenBrightnessOverride=NaN, useAutoBrightness=true, mScreenBrightnessBoostInProgress=false, mIsVrModeEnabled= false, sQuiescent=false
06-25 17:24:02.899 1488 1911 D PowerManagerNotifier: onWakeLockAcquired: flags=1, tag="SyncLoopWakeLock", packageName=android, ownerUid=1000, ownerPid=1488, workSource=null
06-25 17:24:02.900 1488 1488 D PowerManagerService: releaseWakeLockInternal: lock=115655016 [*job*/com.tencent.android.qqdownloader.YYBLiveAccountProvider/com.tencent.android.qqdownloader.YYBLiveAccountProvider.account/应用宝:android], flags=0x0
06-25 17:24:02.900 1488 1488 D PowerManagerNotifier: onWakeLockReleased: flags=1, tag="*job*/com.tencent.android.qqdownloader.YYBLiveAccountProvider/com.tencent.android.qqdownloader.YYBLiveAccountProvider.account/应用宝:android", packageName=android, ownerUid=1000, ownerPid=1488, workSource=WorkSource{10111}
06-25 17:24:02.900 1488 1488 D PowerManagerService: updateWakeLockSummaryLocked: mWakefulness=Awake, mWakeLockSummary=0x1
06-25 17:24:02.900 1488 1488 D PowerManagerService: updateUserActivitySummaryLocked: groupId=0, mWakefulness=Awake, mUserActivitySummary=0x1, nextTimeout=770830 (in 318862 ms)
06-25 17:24:02.901 1488 1488 D PowerManagerNotifier: onScreenPolicyUpdate: newPolicy=3
06-25 17:24:02.901 1488 1488 D PowerManagerService: updateDisplayPowerStateLocked: displayReady=true, groupId=0, policy=BRIGHT, mWakefulness=Awake, mWakeLockSummary=0x1, mUserActivitySummary=0x1, mBootCompleted=true, screenBrightnessOverride=NaN, useAutoBrightness=true, mScreenBrightnessBoostInProgress=false, mIsVrModeEnabled= false, sQuiescent=false
06-25 17:24:02.901 1488 1911 D PowerManagerService: releaseWakeLockInternal: lock=177188396 [*sync*/com.tencent.android.qqdownloader.YYBLiveAccountProvider/com.tencent.android.qqdownloader.YYBLiveAccountProvider.account/应用宝], flags=0x0
06-25 17:24:02.901 1488 1911 D PowerManagerNotifier: onWakeLockReleased: flags=1, tag="*sync*/com.tencent.android.qqdownloader.YYBLiveAccountProvider/com.tencent.android.qqdownloader.YYBLiveAccountProvider.account/应用宝", packageName=android, ownerUid=1000, ownerPid=1488, workSource=WorkSource{10111}
06-25 17:24:02.901 1488 1911 D PowerManagerService: updateWakeLockSummaryLocked: mWakefulness=Awake, mWakeLockSummary=0x1
06-25 17:24:02.901 1488 1911 D PowerManagerService: updateUserActivitySummaryLocked: groupId=0, mWakefulness=Awake, mUserActivitySummary=0x1, nextTimeout=770830 (in 318861 ms)
06-25 17:24:02.901 1488 1911 D PowerManagerNotifier: onScreenPolicyUpdate: newPolicy=3
06-25 17:24:02.901 1488 1911 D PowerManagerService: updateDisplayPowerStateLocked: displayReady=true, groupId=0, policy=BRIGHT, mWakefulness=Awake, mWakeLockSummary=0x1, mUserActivitySummary=0x1, mBootCompleted=true, screenBrightnessOverride=NaN, useAutoBrightness=true, mScreenBrightnessBoostInProgress=false, mIsVrModeEnabled= false, sQuiescent=false
06-25 17:24:02.902 1488 1911 I sync : [com.tencent.android.qqdownloader.YYBLiveAccountProvider,1,3,24220937]
06-25 17:24:02.904 1488 1911 I commit_sys_config_file: [sync-status,426194]
06-25 17:24:02.904 1488 1911 D PowerManagerService: releaseWakeLockInternal: lock=197514241 [SyncLoopWakeLock], flags=0x0
06-25 17:24:02.904 1488 1911 D PowerManagerNotifier: onWakeLockReleased: flags=1, tag="SyncLoopWakeLock", packageName=android, ownerUid=1000, ownerPid=1488, workSource=null
06-25 17:24:02.904 1488 1911 D PowerManagerService: updateWakeLockSummaryLocked: mWakefulness=Awake, mWakeLockSummary=0x0
06-25 17:24:02.904 1488 1911 D PowerManagerService: updateUserActivitySummaryLocked: groupId=0, mWakefulness=Awake, mUserActivitySummary=0x1, nextTimeout=770830 (in 318858 ms)
06-25 17:24:02.904 1488 1911 D PowerManagerNotifier: onScreenPolicyUpdate: newPolicy=3
06-25 17:24:02.904 1488 1911 D PowerManagerService: updateDisplayPowerStateLocked: displayReady=true, groupId=0, policy=BRIGHT, mWakefulness=Awake, mWakeLockSummary=0x0, mUserActivitySummary=0x1, mBootCompleted=true, screenBrightnessOverride=NaN, useAutoBrightness=true, mScreenBrightnessBoostInProgress=false, mIsVrModeEnabled= false, sQuiescent=false
06-25 17:24:02.904 1488 1911 D PowerManagerService: Releasing suspend blocker "PowerManagerService.WakeLocks".
06-25 17:24:02.904 1488 1911 D PowerManagerService: acquireWakeLockInternal: lock=197514241, flags=0x1, tag="SyncLoopWakeLock", ws=null, uid=1000, pid=1488
06-25 17:24:02.904 1488 1911 D PowerManagerService: updateWakeLockSummaryLocked: mWakefulness=Awake, mWakeLockSummary=0x1
06-25 17:24:02.904 1488 1911 D PowerManagerService: updateUserActivitySummaryLocked: groupId=0, mWakefulness=Awake, mUserActivitySummary=0x1, nextTimeout=770830 (in 318858 ms)
06-25 17:24:02.904 1488 1911 D PowerManagerNotifier: onScreenPolicyUpdate: newPolicy=3
06-25 17:24:02.905 1488 1911 D PowerManagerService: updateDisplayPowerStateLocked: displayReady=true, groupId=0, policy=BRIGHT, mWakefulness=Awake, mWakeLockSummary=0x1, mUserActivitySummary=0x1, mBootCompleted=true, screenBrightnessOverride=NaN, useAutoBrightness=true, mScreenBrightnessBoostInProgress=false, mIsVrModeEnabled= false, sQuiescent=false
06-25 17:24:02.905 1488 1911 D PowerManagerService: Acquiring suspend blocker "PowerManagerService.WakeLocks".
06-25 17:24:02.905 1488 1911 D PowerManagerNotifier: onWakeLockAcquired: flags=1, tag="SyncLoopWakeLock", packageName=android, ownerUid=1000, ownerPid=1488, workSource=null
06-25 17:24:02.906 1488 1911 D PowerManagerService: releaseWakeLockInternal: lock=197514241 [SyncLoopWakeLock], flags=0x0
06-25 17:24:02.906 1488 1911 D PowerManagerNotifier: onWakeLockReleased: flags=1, tag="SyncLoopWakeLock", packageName=android, ownerUid=1000, ownerPid=1488, workSource=null
06-25 17:24:02.907 1488 1911 D PowerManagerService: updateWakeLockSummaryLocked: mWakefulness=Awake, mWakeLockSummary=0x0
06-25 17:24:02.907 1488 1911 D PowerManagerService: updateUserActivitySummaryLocked: groupId=0, mWakefulness=Awake, mUserActivitySummary=0x1, nextTimeout=770830 (in 318855 ms)
06-25 17:24:02.907 1488 1911 D PowerManagerNotifier: onScreenPolicyUpdate: newPolicy=3
06-25 17:24:02.907 1488 1911 D PowerManagerService: updateDisplayPowerStateLocked: displayReady=true, groupId=0, policy=BRIGHT, mWakefulness=Awake, mWakeLockSummary=0x0, mUserActivitySummary=0x1, mBootCompleted=true, screenBrightnessOverride=NaN, useAutoBrightness=true, mScreenBrightnessBoostInProgress=false, mIsVrModeEnabled= false, sQuiescent=false
06-25 17:24:02.907 1488 1911 D PowerManagerService: Releasing suspend blocker "PowerManagerService.WakeLocks".
06-25 17:24:02.907 1488 1488 D PowerManagerService: acquireWakeLockInternal: lock=53033174, flags=0x1, tag="*job*/com.tencent.android.qqdownloader.YYBLiveAccountProvider/com.tencent.android.qqdownloader.YYBLiveAccountProvider.account/应用宝:android", ws=WorkSource{10111}, uid=1000, pid=1488
06-25 17:24:02.907 1488 1488 D PowerManagerService: updateWakeLockSummaryLocked: mWakefulness=Awake, mWakeLockSummary=0x1
06-25 17:24:02.907 1488 1488 D PowerManagerService: updateUserActivitySummaryLocked: groupId=0, mWakefulness=Awake, mUserActivitySummary=0x1, nextTimeout=770830 (in 318855 ms)
06-25 17:24:02.907 1488 1488 D PowerManagerNotifier: onScreenPolicyUpdate: newPolicy=3
06-25 17:24:02.907 1488 1488 D PowerManagerService: updateDisplayPowerStateLocked: displayReady=true, groupId=0, policy=BRIGHT, mWakefulness=Awake, mWakeLockSummary=0x1, mUserActivitySummary=0x1, mBootCompleted=true, screenBrightnessOverride=NaN, useAutoBrightness=true, mScreenBrightnessBoostInProgress=false, mIsVrModeEnabled= false, sQuiescent=false
06-25 17:24:02.907 1488 1488 D PowerManagerService: Acquiring suspend blocker "PowerManagerService.WakeLocks".
06-25 17:24:02.907 1488 1488 D PowerManagerNotifier: onWakeLockAcquired: flags=1, tag="*job*/com.tencent.android.qqdownloader.YYBLiveAccountProvider/com.tencent.android.qqdownloader.YYBLiveAccountProvider.account/应用宝:android", packageName=android, ownerUid=1000, ownerPid=1488, workSource=WorkSource{10111}
06-25 17:24:02.907 1488 1911 D PowerManagerService: acquireWakeLockInternal: lock=197514241, flags=0x1, tag="SyncLoopWakeLock", ws=null, uid=1000, pid=1488
06-25 17:24:02.907 1488 1911 D PowerManagerService: updateWakeLockSummaryLocked: mWakefulness=Awake, mWakeLockSummary=0x1
06-25 17:24:02.907 1488 1911 D PowerManagerService: updateUserActivitySummaryLocked: groupId=0, mWakefulness=Awake, mUserActivitySummary=0x1, nextTimeout=770830 (in 318855 ms)
06-25 17:24:02.907 1488 1911 D PowerManagerNotifier: onScreenPolicyUpdate: newPolicy=3
06-25 17:24:02.907 1488 1911 D PowerManagerService: updateDisplayPowerStateLocked: displayReady=true, groupId=0, policy=BRIGHT, mWakefulness=Awake, mWakeLockSummary=0x1, mUserActivitySummary=0x1, mBootCompleted=true, screenBrightnessOverride=NaN, useAutoBrightness=true, mScreenBrightnessBoostInProgress=false, mIsVrModeEnabled= false, sQuiescent=false
06-25 17:24:02.907 1488 1911 D PowerManagerNotifier: onWakeLockAcquired: flags=1, tag="SyncLoopWakeLock", packageName=android, ownerUid=1000, ownerPid=1488, workSource=null
06-25 17:24:02.908 1488 1911 I sync : [com.tencent.android.qqdownloader.YYBLiveAccountProvider,0,3,24220937]
06-25 17:24:02.908 1488 1911 D PowerManagerService: acquireWakeLockInternal: lock=177188396, flags=0x1, tag="*sync*/com.tencent.android.qqdownloader.YYBLiveAccountProvider/com.tencent.android.qqdownloader.YYBLiveAccountProvider.account/应用宝", ws=WorkSource{10111}, uid=1000, pid=1488
06-25 17:24:02.908 1488 1911 D PowerManagerService: updateWakeLockSummaryLocked: mWakefulness=Awake, mWakeLockSummary=0x1
06-25 17:24:02.908 1488 1911 D PowerManagerService: updateUserActivitySummaryLocked: groupId=0, mWakefulness=Awake, mUserActivitySummary=0x1, nextTimeout=770830 (in 318854 ms)
06-25 17:24:02.908 1488 1911 D PowerManagerNotifier: onScreenPolicyUpdate: newPolicy=3
06-25 17:24:02.908 1488 1911 D PowerManagerService: updateDisplayPowerStateLocked: displayReady=true, groupId=0, policy=BRIGHT, mWakefulness=Awake, mWakeLockSummary=0x1, mUserActivitySummary=0x1, mBootCompleted=true, screenBrightnessOverride=NaN, useAutoBrightness=true, mScreenBrightnessBoostInProgress=false, mIsVrModeEnabled= false, sQuiescent=false
06-25 17:24:02.908 1488 1911 D PowerManagerNotifier: onWakeLockAcquired: flags=1, tag="*sync*/com.tencent.android.qqdownloader.YYBLiveAccountProvider/com.tencent.android.qqdownloader.YYBLiveAccountProvider.account/应用宝", packageName=android, ownerUid=1000, ownerPid=1488, workSource=WorkSource{10111}
06-25 17:24:02.910 1488 1911 D PowerManagerService: releaseWakeLockInternal: lock=197514241 [SyncLoopWakeLock], flags=0x0
06-25 17:24:02.910 1488 1911 D PowerManagerNotifier: onWakeLockReleased: flags=1, tag="SyncLoopWakeLock", packageName=android, ownerUid=1000, ownerPid=1488, workSource=null
06-25 17:24:02.910 1488 1911 D PowerManagerService: updateWakeLockSummaryLocked: mWakefulness=Awake, mWakeLockSummary=0x1
06-25 17:24:02.910 1488 1911 D PowerManagerService: updateUserActivitySummaryLocked: groupId=0, mWakefulness=Awake, mUserActivitySummary=0x1, nextTimeout=770830 (in 318852 ms)
06-25 17:24:02.910 1488 1911 D PowerManagerNotifier: onScreenPolicyUpdate: newPolicy=3
06-25 17:24:02.910 1488 1911 D PowerManagerService: updateDisplayPowerStateLocked: displayReady=true, groupId=0, policy=BRIGHT, mWakefulness=Awake, mWakeLockSummary=0x1, mUserActivitySummary=0x1, mBootCompleted=true, screenBrightnessOverride=NaN, useAutoBrightness=true, mScreenBrightnessBoostInProgress=false, mIsVrModeEnabled= false, sQuiescent=false
06-25 17:24:02.913 1488 1911 D PowerManagerService: acquireWakeLockInternal: lock=197514241, flags=0x1, tag="SyncLoopWakeLock", ws=null, uid=1000, pid=1488
06-25 17:24:02.913 1488 1911 D PowerManagerService: updateWakeLockSummaryLocked: mWakefulness=Awake, mWakeLockSummary=0x1
06-25 17:24:02.913 1488 1911 D PowerManagerService: updateUserActivitySummaryLocked: groupId=0, mWakefulness=Awake, mUserActivitySummary=0x1, nextTimeout=770830 (in 318849 ms)
06-25 17:24:02.913 1488 1911 D PowerManagerNotifier: onScreenPolicyUpdate: newPolicy=3
06-25 17:24:02.913 1488 1911 D PowerManagerService: updateDisplayPowerStateLocked: displayReady=true, groupId=0, policy=BRIGHT, mWakefulness=Awake, mWakeLockSummary=0x1, mUserActivitySummary=0x1, mBootCompleted=true, screenBrightnessOverride=NaN, useAutoBrightness=true, mScreenBrightnessBoostInProgress=false, mIsVrModeEnabled= false, sQuiescent=false
06-25 17:24:02.913 1488 1911 D PowerManagerNotifier: onWakeLockAcquired: flags=1, tag="SyncLoopWakeLock", packageName=android, ownerUid=1000, ownerPid=1488, workSource=null
06-25 17:24:02.913 1488 1911 D PowerManagerService: releaseWakeLockInternal: lock=197514241 [SyncLoopWakeLock], flags=0x0
06-25 17:24:02.913 1488 1911 D PowerManagerNotifier: onWakeLockReleased: flags=1, tag="SyncLoopWakeLock", packageName=android, ownerUid=1000, ownerPid=1488, workSource=null
06-25 17:24:02.913 1488 1911 D PowerManagerService: updateWakeLockSummaryLocked: mWakefulness=Awake, mWakeLockSummary=0x1
06-25 17:24:02.913 1488 1911 D PowerManagerService: updateUserActivitySummaryLocked: groupId=0, mWakefulness=Awake, mUserActivitySummary=0x1, nextTimeout=770830 (in 318849 ms)
06-25 17:24:02.913 1488 1911 D PowerManagerNotifier: onScreenPolicyUpdate: newPolicy=3
06-25 17:24:02.913 1488 1911 D PowerManagerService: updateDisplayPowerStateLocked: displayReady=true, groupId=0, policy=BRIGHT, mWakefulness=Awake, mWakeLockSummary=0x1, mUserActivitySummary=0x1, mBootCompleted=true, screenBrightnessOverride=NaN, useAutoBrightness=true, mScreenBrightnessBoostInProgress=false, mIsVrModeEnabled= false, sQuiescent=false
06-25 17:24:02.917 1488 1911 D PowerManagerService: acquireWakeLockInternal: lock=197514241, flags=0x1, tag="SyncLoopWakeLock", ws=null, uid=1000, pid=1488
06-25 17:24:02.917 1488 1911 D PowerManagerService: updateWakeLockSummaryLocked: mWakefulness=Awake, mWakeLockSummary=0x1
06-25 17:24:02.917 1488 1911 D PowerManagerService: updateUserActivitySummaryLocked: groupId=0, mWakefulness=Awake, mUserActivitySummary=0x1, nextTimeout=770830 (in 318845 ms)
06-25 17:24:02.917 1488 1911 D PowerManagerNotifier: onScreenPolicyUpdate: newPolicy=3
06-25 17:24:02.917 1488 1911 D PowerManagerService: updateDisplayPowerStateLocked: displayReady=true, groupId=0, policy=BRIGHT, mWakefulness=Awake, mWakeLockSummary=0x1, mUserActivitySummary=0x1, mBootCompleted=true, screenBrightnessOverride=NaN, useAutoBrightness=true, mScreenBrightnessBoostInProgress=false, mIsVrModeEnabled= false, sQuiescent=false
06-25 17:24:02.917 1488 1911 D PowerManagerNotifier: onWakeLockAcquired: flags=1, tag="SyncLoopWakeLock", packageName=android, ownerUid=1000, ownerPid=1488, workSource=null
06-25 17:24:02.917 1488 1488 D PowerManagerService: releaseWakeLockInternal: lock=53033174 [*job*/com.tencent.android.qqdownloader.YYBLiveAccountProvider/com.tencent.android.qqdownloader.YYBLiveAccountProvider.account/应用宝:android], flags=0x0
06-25 17:24:02.917 1488 1488 D PowerManagerNotifier: onWakeLockReleased: flags=1, tag="*job*/com.tencent.android.qqdownloader.YYBLiveAccountProvider/com.tencent.android.qqdownloader.YYBLiveAccountProvider.account/应用宝:android", packageName=android, ownerUid=1000, ownerPid=1488, workSource=WorkSource{10111}
06-25 17:24:02.917 1488 1488 D PowerManagerService: updateWakeLockSummaryLocked: mWakefulness=Awake, mWakeLockSummary=0x1
06-25 17:24:02.917 1488 1488 D PowerManagerService: updateUserActivitySummaryLocked: groupId=0, mWakefulness=Awake, mUserActivitySummary=0x1, nextTimeout=770830 (in 318845 ms)
06-25 17:24:02.917 1488 1488 D PowerManagerNotifier: onScreenPolicyUpdate: newPolicy=3
06-25 17:24:02.917 1488 1488 D PowerManagerService: updateDisplayPowerStateLocked: displayReady=true, groupId=0, policy=BRIGHT, mWakefulness=Awake, mWakeLockSummary=0x1, mUserActivitySummary=0x1, mBootCompleted=true, screenBrightnessOverride=NaN, useAutoBrightness=true, mScreenBrightnessBoostInProgress=false, mIsVrModeEnabled= false, sQuiescent=false
06-25 17:24:02.918 1488 1911 D PowerManagerService: releaseWakeLockInternal: lock=177188396 [*sync*/com.tencent.android.qqdownloader.YYBLiveAccountProvider/com.tencent.android.qqdownloader.YYBLiveAccountProvider.account/应用宝], flags=0x0
06-25 17:24:02.918 1488 1911 D PowerManagerNotifier: onWakeLockReleased: flags=1, tag="*sync*/com.tencent.android.qqdownloader.YYBLiveAccountProvider/com.tencent.android.qqdownloader.YYBLiveAccountProvider.account/应用宝", packageName=android, ownerUid=1000, ownerPid=1488, workSource=WorkSource{10111}
06-25 17:24:02.918 1488 1911 D PowerManagerService: updateWakeLockSummaryLocked: mWakefulness=Awake, mWakeLockSummary=0x1
06-25 17:24:02.918 1488 1911 D PowerManagerService: updateUserActivitySummaryLocked: groupId=0, mWakefulness=Awake, mUserActivitySummary=0x1, nextTimeout=770830 (in 318844 ms)
06-25 17:24:02.918 1488 1911 D PowerManagerNotifier: onScreenPolicyUpdate: newPolicy=3
06-25 17:24:02.918 1488 1911 D PowerManagerService: updateDisplayPowerStateLocked: displayReady=true, groupId=0, policy=BRIGHT, mWakefulness=Awake, mWakeLockSummary=0x1, mUserActivitySummary=0x1, mBootCompleted=true, screenBrightnessOverride=NaN, useAutoBrightness=true, mScreenBrightnessBoostInProgress=false, mIsVrModeEnabled= false, sQuiescent=false
06-25 17:24:02.919 1488 1911 I sync : [com.tencent.android.qqdownloader.YYBLiveAccountProvider,1,3,24220937]
06-25 17:24:02.921 1488 1911 I commit_sys_config_file: [sync-status,426211]
06-25 17:24:02.922 1488 1911 D PowerManagerService: releaseWakeLockInternal: lock=197514241 [SyncLoopWakeLock], flags=0x0
06-25 17:24:02.922 1488 1911 D PowerManagerNotifier: onWakeLockReleased: flags=1, tag="SyncLoopWakeLock", packageName=android, ownerUid=1000, ownerPid=1488, workSource=null
06-25 17:24:02.922 1488 1911 D PowerManagerService: updateWakeLockSummaryLocked: mWakefulness=Awake, mWakeLockSummary=0x0
06-25 17:24:02.922 1488 1911 D PowerManagerService: updateUserActivitySummaryLocked: groupId=0, mWakefulness=Awake, mUserActivitySummary=0x1, nextTimeout=770830 (in 318840 ms)
06-25 17:24:02.922 1488 1911 D PowerManagerNotifier: onScreenPolicyUpdate: newPolicy=3
06-25 17:24:02.922 1488 1911 D PowerManagerService: updateDisplayPowerStateLocked: displayReady=true, groupId=0, policy=BRIGHT, mWakefulness=Awake, mWakeLockSummary=0x0, mUserActivitySummary=0x1, mBootCompleted=true, screenBrightnessOverride=NaN, useAutoBrightness=true, mScreenBrightnessBoostInProgress=false, mIsVrModeEnabled= false, sQuiescent=false
06-25 17:24:02.922 1488 1911 D PowerManagerService: Releasing suspend blocker "PowerManagerService.WakeLocks".
06-25 17:24:02.922 1488 1911 D PowerManagerService: acquireWakeLockInternal: lock=197514241, flags=0x1, tag="SyncLoopWakeLock", ws=null, uid=1000, pid=1488
06-25 17:24:02.922 1488 1911 D PowerManagerService: updateWakeLockSummaryLocked: mWakefulness=Awake, mWakeLockSummary=0x1
06-25 17:24:02.922 1488 1911 D PowerManagerService: updateUserActivitySummaryLocked: groupId=0, mWakefulness=Awake, mUserActivitySummary=0x1, nextTimeout=770830 (in 318840 ms)
06-25 17:24:02.922 1488 1911 D PowerManagerNotifier: onScreenPolicyUpdate: newPolicy=3
06-25 17:24:02.922 1488 1911 D PowerManagerService: updateDisplayPowerStateLocked: displayReady=true, groupId=0, policy=BRIGHT, mWakefulness=Awake, mWakeLockSummary=0x1, mUserActivitySummary=0x1, mBootCompleted=true, screenBrightnessOverride=NaN, useAutoBrightness=true, mScreenBrightnessBoostInProgress=false, mIsVrModeEnabled= false, sQuiescent=false
06-25 17:24:02.922 1488 1911 D PowerManagerService: Acquiring suspend blocker "PowerManagerService.WakeLocks".
06-25 17:24:02.922 1488 1911 D PowerManagerNotifier: onWakeLockAcquired: flags=1, tag="SyncLoopWakeLock", packageName=android, ownerUid=1000, ownerPid=1488, workSource=null
06-25 17:24:02.923 1488 1911 D PowerManagerService: releaseWakeLockInternal: lock=197514241 [SyncLoopWakeLock], flags=0x0
06-25 17:24:02.923 1488 1911 D PowerManagerNotifier: onWakeLockReleased: flags=1, tag="SyncLoopWakeLock", packageName=android, ownerUid=1000, ownerPid=1488, workSource=null
06-25 17:24:02.923 1488 1911 D PowerManagerService: updateWakeLockSummaryLocked: mWakefulness=Awake, mWakeLockSummary=0x0
06-25 17:24:02.923 1488 1911 D PowerManagerService: updateUserActivitySummaryLocked: groupId=0, mWakefulness=Awake, mUserActivitySummary=0x1, nextTimeout=770830 (in 318839 ms)
06-25 17:24:02.923 1488 1911 D PowerManagerNotifier: onScreenPolicyUpdate: newPolicy=3
06-25 17:24:02.923 1488 1911 D PowerManagerService: updateDisplayPowerStateLocked: displayReady=true, groupId=0, policy=BRIGHT, mWakefulness=Awake, mWakeLockSummary=0x0, mUserActivitySummary=0x1, mBootCompleted=true, screenBrightnessOverride=NaN, useAutoBrightness=true, mScreenBrightnessBoostInProgress=false, mIsVrModeEnabled= false, sQuiescent=false
06-25 17:24:02.923 1488 1911 D PowerManagerService: Releasing suspend blocker "PowerManagerService.WakeLocks".
06-25 17:24:04.906 1488 1601 I commit_sys_config_file: [jobs,3]
06-25 17:24:06.208 0 0 E [ 455.264588] [MAX975X: max96755x_vc1_lcd_dtc_check] *ERROR* DTC_Display: screen not ready(0), bl_sta(1), lvl(20)
06-25 17:24:10.348 0 0 E [ 459.404537] [MAX975X: max96755x_vc1_lcd_dtc_check] *ERROR* DTC_Display: screen not ready(0), bl_sta(1), lvl(20)
06-25 17:24:14.640 0 0 E [ 463.697163] [MAX975X: max96755x_vc1_lcd_dtc_check] *ERROR* DTC_Display: screen not ready(0), bl_sta(1), lvl(20)
06-25 17:24:16.672 0 0 I [ 465.740077] init: processing action (sys.tlog.tlogdshc.active=1) from (/system/etc/init/tlogd.rc:195)
06-25 17:24:16.672 0 0 I [ 465.740228] init: starting service 'tlogdshc'...
06-25 17:24:16.719 0 0 I [ 465.787312] init: Service 'tlogdshc' (pid 7612) exited with status 0 oneshot service took 0.045000 seconds in background
06-25 17:24:16.719 0 0 I [ 465.787326] init: Sending signal 9 to service 'tlogdshc' (pid 7612) process group...
06-25 17:24:16.719 0 0 I [ 465.787409] libprocessgroup: Successfully killed process cgroup uid 0 pid 7612 in 0ms
06-25 17:24:18.652 0 0 E [ 467.708544] [MAX975X: max96755x_vc1_lcd_dtc_check] *ERROR* DTC_Display: screen not ready(0), bl_sta(1), lvl(20)
06-25 17:24:22.656 0 0 E [ 471.708841] [MAX975X: max96755x_vc1_lcd_dtc_check] *ERROR* DTC_Display: screen not ready(0), bl_sta(1), lvl(20)
06-25 17:24:23.058 1488 7032 D CompatibilityChangeReporter: Compat change id reported: 168419799; UID 10123; state: DISABLED
06-25 17:24:23.070 1488 1615 I am_pss : [3693,10123,com.bilibili.bilithings,127662080,110399488,0,210055168,0,2,10]
06-25 17:24:26.784 0 0 E [ 475.840509] [MAX975X: max96755x_vc1_lcd_dtc_check] *ERROR* DTC_Display: screen not ready(0), bl_sta(1), lvl(20)
06-25 17:24:30.002 2153 5595 W ContextImpl: Calling a method in the system process without a qualified user: android.app.ContextImpl.sendBroadcast:1173 android.content.ContextWrapper.sendBroadcast:479 com.thundercomm.microsettings.action.SetTimeAction.timeUpdated:191 com.thundercomm.microsettings.action.SetTimeAction.update24HourFormat:173 com.thundercomm.microsettings.action.SetTimeAction.doActualAction:133
06-25 17:24:30.006 1488 1488 D DevicePolicyManager: updateSystemUpdateFreezePeriodsRecord
06-25 17:24:30.006 1488 1488 D ConditionProviders.SCP: onReceive android.intent.action.TIME_SET
06-25 17:24:30.006 1488 1617 I am_uid_running: 10054
06-25 17:24:30.006 1488 1488 D ConditionProviders.SCP: evaluateSubscriptionLocked cal=ScheduleCalendar[mDays={1, 2, 3, 4, 5, 6, 7}, mSchedule=ScheduleInfo{days=[1, 2, 3, 4, 5, 6, 7], startHour=22, startMinute=0, endHour=7, endMinute=0, exitAtAlarm=true, nextAlarm=Thu Jan 01 08:00:00 GMT+08:00 1970 (0)}], now=Sun Jun 25 17:24:30 GMT+08:00 2023 (1687685070006), nextUserAlarmTime=Thu Jan 01 08:00:00 GMT+08:00 1970 (0)
06-25 17:24:30.006 1488 1488 D ConditionProviders.SCP: notifyCondition condition://android/schedule?days=1.2.3.4.5.6.7&start=22.0&end=7.0&exitAtAlarm=true STATE_FALSE reason=!meetsSchedule
06-25 17:24:30.007 1488 1617 D CompatibilityChangeReporter: Compat change id reported: 135634846; UID 10054; state: DISABLED
06-25 17:24:30.007 1488 1617 D CompatibilityChangeReporter: Compat change id reported: 177438394; UID 10054; state: DISABLED
06-25 17:24:30.007 1488 1617 D CompatibilityChangeReporter: Compat change id reported: 135772972; UID 10054; state: DISABLED
06-25 17:24:30.007 1488 1488 D ConditionProviders.SCP: Scheduling evaluate for Sun Jun 25 22:00:00 GMT+08:00 2023 (1687701600000), in +4h35m29s994ms, now=Sun Jun 25 17:24:30 GMT+08:00 2023 (1687685070006)
06-25 17:24:30.007 1488 1617 D CompatibilityChangeReporter: Compat change id reported: 135754954; UID 10054; state: ENABLED
06-25 17:24:30.007 1488 1618 D CompatibilityChangeReporter: Compat change id reported: 143937733; UID 10054; state: ENABLED
06-25 17:24:30.010 1488 7032 D CompatibilityChangeReporter: Compat change id reported: 171306433; UID 10032; state: ENABLED
06-25 17:24:30.012 1488 1798 I am_uid_active: 10032
06-25 17:24:30.014 1488 1618 I am_proc_start: [0,7630,10054,com.qualcomm.timeservice,broadcast,{com.qualcomm.timeservice/com.qualcomm.timeservice.TimeServiceBroadcastReceiver}]
06-25 17:24:30.014 1488 1618 I ActivityManager: Start proc 7630:com.qualcomm.timeservice/u0a54 for broadcast {com.qualcomm.timeservice/com.qualcomm.timeservice.TimeServiceBroadcastReceiver}
06-25 17:24:30.029 0 0 I [ 479.107966] binder: 7630:7630 ioctl 40046210 7fe2b8b774 returned -22
06-25 17:24:30.031 1488 3105 I am_proc_bound: [0,7630,com.qualcomm.timeservice]
06-25 17:24:30.063 1488 3105 D PowerManagerService: acquireWakeLockInternal: lock=250285580, flags=0x1, tag="TimeService", ws=null, uid=10054, pid=7630
06-25 17:24:30.064 1488 3105 D PowerManagerService: updateWakeLockSummaryLocked: mWakefulness=Awake, mWakeLockSummary=0x1
06-25 17:24:30.064 1488 3105 D PowerManagerService: updateUserActivitySummaryLocked: groupId=0, mWakefulness=Awake, mUserActivitySummary=0x1, nextTimeout=770830 (in 291688 ms)
06-25 17:24:30.064 1488 3105 D PowerManagerNotifier: onScreenPolicyUpdate: newPolicy=3
06-25 17:24:30.064 1488 3105 D PowerManagerService: updateDisplayPowerStateLocked: displayReady=true, groupId=0, policy=BRIGHT, mWakefulness=Awake, mWakeLockSummary=0x1, mUserActivitySummary=0x1, mBootCompleted=true, screenBrightnessOverride=NaN, useAutoBrightness=true, mScreenBrightnessBoostInProgress=false, mIsVrModeEnabled= false, sQuiescent=false
06-25 17:24:30.064 1488 3105 D PowerManagerService: Acquiring suspend blocker "PowerManagerService.WakeLocks".
06-25 17:24:30.064 1488 3105 D PowerManagerNotifier: onWakeLockAcquired: flags=1, tag="TimeService", packageName=com.qualcomm.timeservice, ownerUid=10054, ownerPid=7630, workSource=null
06-25 17:24:30.069 1488 3105 D PowerManagerService: releaseWakeLockInternal: lock=250285580 [TimeService], flags=0x0
06-25 17:24:30.069 1488 3105 D PowerManagerNotifier: onWakeLockReleased: flags=1, tag="TimeService", packageName=com.qualcomm.timeservice, ownerUid=10054, ownerPid=7630, workSource=null
06-25 17:24:30.070 1488 3105 D PowerManagerService: updateWakeLockSummaryLocked: mWakefulness=Awake, mWakeLockSummary=0x0
06-25 17:24:30.070 1488 3105 D PowerManagerService: updateUserActivitySummaryLocked: groupId=0, mWakefulness=Awake, mUserActivitySummary=0x1, nextTimeout=770830 (in 291682 ms)
06-25 17:24:30.070 1488 3105 D PowerManagerNotifier: onScreenPolicyUpdate: newPolicy=3
06-25 17:24:30.070 1488 3105 D PowerManagerService: updateDisplayPowerStateLocked: displayReady=true, groupId=0, policy=BRIGHT, mWakefulness=Awake, mWakeLockSummary=0x0, mUserActivitySummary=0x1, mBootCompleted=true, screenBrightnessOverride=NaN, useAutoBrightness=true, mScreenBrightnessBoostInProgress=false, mIsVrModeEnabled= false, sQuiescent=false
06-25 17:24:30.070 1488 3105 D PowerManagerService: Releasing suspend blocker "PowerManagerService.WakeLocks".
06-25 17:24:30.071 1488 3105 D CompatibilityChangeReporter: Compat change id reported: 135634846; UID 10117; state: DISABLED
06-25 17:24:30.071 1488 3105 D CompatibilityChangeReporter: Compat change id reported: 177438394; UID 10117; state: DISABLED
06-25 17:24:30.071 1488 3105 D CompatibilityChangeReporter: Compat change id reported: 135772972; UID 10117; state: DISABLED
06-25 17:24:30.071 1488 3105 D CompatibilityChangeReporter: Compat change id reported: 135754954; UID 10117; state: DISABLED
06-25 17:24:30.071 1488 1618 D CompatibilityChangeReporter: Compat change id reported: 143937733; UID 10117; state: DISABLED
06-25 17:24:30.071 1488 3105 I ActivityManager: Killing 7484:com.tencent.mobileqq/u0a117 (adj 905): empty #2
06-25 17:24:30.072 1488 3105 I am_kill : [0,7484,com.tencent.mobileqq,905,empty #2]
06-25 17:24:30.077 1488 1618 I am_proc_start: [0,7647,10117,com.tencent.mobileqq:MSF,broadcast,{com.tencent.mobileqq/com.tencent.mobileqq.msf.core.NetConnInfoCenter}]
06-25 17:24:30.077 1488 1618 I ActivityManager: Start proc 7647:com.tencent.mobileqq:MSF/u0a117 for broadcast {com.tencent.mobileqq/com.tencent.mobileqq.msf.core.NetConnInfoCenter}
06-25 17:24:30.093 0 0 I [ 479.170335] binder: 7647:7647 ioctl 40046210 7fe2b8b774 returned -22
06-25 17:24:30.095 1488 3105 I am_proc_bound: [0,7647,com.tencent.mobileqq:MSF]
06-25 17:24:30.103 1488 3105 I am_proc_died: [0,7484,com.tencent.mobileqq,905,19]
06-25 17:24:30.109 1488 1615 I am_pss : [4085,10018,android.process.media,25691136,3268608,20559872,61218816,0,10,5]
06-25 17:24:30.115 1488 1615 I am_pss : [4130,1000,com.qti.diagservices,22906880,405504,21125120,53342208,0,10,5]
06-25 17:24:30.249 1488 2088 D CompatibilityChangeReporter: Compat change id reported: 135634846; UID 10117; state: DISABLED
06-25 17:24:30.250 1488 2088 D CompatibilityChangeReporter: Compat change id reported: 177438394; UID 10117; state: DISABLED
06-25 17:24:30.250 1488 2088 D CompatibilityChangeReporter: Compat change id reported: 135772972; UID 10117; state: DISABLED
06-25 17:24:30.250 1488 2088 D CompatibilityChangeReporter: Compat change id reported: 135754954; UID 10117; state: DISABLED
06-25 17:24:30.250 1488 1618 D CompatibilityChangeReporter: Compat change id reported: 143937733; UID 10117; state: DISABLED
06-25 17:24:30.256 1488 1618 I am_proc_start: [0,7665,10117,com.tencent.mobileqq,content provider,{com.tencent.mobileqq/com.tencent.mqq.shared_file_accessor.ContentProviderImpl}]
06-25 17:24:30.256 1488 1618 I ActivityManager: Start proc 7665:com.tencent.mobileqq/u0a117 for content provider {com.tencent.mobileqq/com.tencent.mqq.shared_file_accessor.ContentProviderImpl}
06-25 17:24:30.265 0 0 I [ 479.343609] binder: 7665:7665 ioctl 40046210 7fe2b8b774 returned -22
06-25 17:24:30.267 1488 2088 I am_proc_bound: [0,7665,com.tencent.mobileqq]
06-25 17:24:30.905 0 0 E [ 479.972695] [MAX975X: max96755x_vc1_lcd_dtc_check] *ERROR* DTC_Display: screen not ready(0), bl_sta(1), lvl(20)
06-25 17:24:30.912 1488 2088 W ActivityManager: Background start not allowed: service Intent { cmp=com.tencent.mobileqq/.msf.service.MsfService (has extras) } to com.tencent.mobileqq/.msf.service.MsfService from pid=7647 uid=10117 pkg=com.tencent.mobileqq startFg?=false
06-25 17:24:31.098 7647 7647 E ActivityThread: Failed to find provider info for telephony
06-25 17:24:31.105 1488 3105 I service_manager_stats: [100,55,425333]
06-25 17:24:31.200 1488 2088 I ActivityManager: Killing 7665:com.tencent.mobileqq/u0a117 (adj 915): empty #2
06-25 17:24:31.200 1488 2088 I am_kill : [0,7665,com.tencent.mobileqq,915,empty #2]
06-25 17:24:31.201 1488 2088 I ActivityManager: Killing 7630:com.qualcomm.timeservice/u0a54 (adj 905): empty #3
06-25 17:24:31.201 1488 2088 I am_kill : [0,7630,com.qualcomm.timeservice,905,empty #3]
06-25 17:24:31.227 1488 2088 I am_proc_died: [0,7630,com.qualcomm.timeservice,905,19]
