06-25 17:26:59.035 1488 2130 D PowerManagerNotifier: onWakeLockReleased: flags=1, tag="i", packageName=com.tencent.android.qqdownloader, ownerUid=10111, ownerPid=3440, workSource=null
06-25 17:26:59.035 1488 2130 D PowerManagerService: updateWakeLockSummaryLocked: mWakefulness=Awake, mWakeLockSummary=0x1
06-25 17:26:59.035 1488 2130 D PowerManagerService: updateUserActivitySummaryLocked: groupId=0, mWakefulness=Awake, mUserActivitySummary=0x1, nextTimeout=1227713 (in 599575 ms)
06-25 17:26:59.035 1488 2130 D PowerManagerNotifier: onScreenPolicyUpdate: newPolicy=3
06-25 17:26:59.035 1488 2130 D PowerManagerService: updateDisplayPowerStateLocked: displayReady=true, groupId=0, policy=BRIGHT, mWakefulness=Awake, mWakeLockSummary=0x1, mUserActivitySummary=0x1, mBootCompleted=true, screenBrightnessOverride=NaN, useAutoBrightness=true, mScreenBrightnessBoostInProgress=false, mIsVrModeEnabled= false, sQuiescent=false
06-25 17:26:59.076 1488 1735 D PowerManagerService: userActivityNoUpdateLocked: groupId=0, eventTime=628178, event=2, flags=0x0, uid=1000
06-25 17:26:59.076 1928 1928 D ViewTouchDebug: mView : com.android.systemui.navigationbar.NavigationBarFrame{7207003 V.E...... ........ 0,0-2560,46 #7f0b03f3 app:id/navigation_bar_frame}Receive event : MotionEvent { action=ACTION_OUTSIDE, actionButton=0, id[0]=0, x[0]=0.0, y[0]=-1034.0, toolType[0]=TOOL_TYPE_FINGER, buttonState=0, classification=NONE, metaState=0, flags=0x0, edgeFlags=0x0, pointerCount=1, historySize=0, eventTime=628178, downTime=628178, deviceId=4, source=0x5002, displayId=0, eventId=1871291192 }
06-25 17:26:59.076 1488 1735 D PowerManagerNotifier: onUserActivity: event=2, uid=1000
06-25 17:26:59.076 1488 1735 D PowerManagerService: updateUserActivitySummaryLocked: groupId=0, mWakefulness=Awake, mUserActivitySummary=0x1, nextTimeout=1228178 (in 599999 ms)
06-25 17:26:59.076 1488 1735 D PowerManagerNotifier: onScreenPolicyUpdate: newPolicy=3
06-25 17:26:59.076 1488 1735 D PowerManagerService: updateDisplayPowerStateLocked: displayReady=true, groupId=0, policy=BRIGHT, mWakefulness=Awake, mWakeLockSummary=0x1, mUserActivitySummary=0x1, mBootCompleted=true, screenBrightnessOverride=NaN, useAutoBrightness=true, mScreenBrightnessBoostInProgress=false, mIsVrModeEnabled= false, sQuiescent=false
06-25 17:26:59.077 3536 3536 D ViewTouchDebug: mView : DecorView@3609190[DownloadActivity]Receive event : MotionEvent { action=ACTION_DOWN, actionButton=0, id[0]=0, x[0]=629.99994, y[0]=611.24994, toolType[0]=TOOL_TYPE_FINGER, buttonState=0, classification=NONE, metaState=0, flags=0x0, edgeFlags=0x0, pointerCount=1, historySize=0, eventTime=628178, downTime=628178, deviceId=4, source=0x5002, displayId=0, eventId=398108331 }
06-25 17:26:59.097 1488 2130 D PowerManagerService: releaseWakeLockInternal: lock=246570952 [i], flags=0x0
06-25 17:26:59.097 1488 2130 D PowerManagerNotifier: onWakeLockReleased: flags=1, tag="i", packageName=com.tencent.android.qqdownloader, ownerUid=10111, ownerPid=3440, workSource=null
06-25 17:26:59.098 1488 2130 D PowerManagerService: updateWakeLockSummaryLocked: mWakefulness=Awake, mWakeLockSummary=0x1
06-25 17:26:59.098 1488 2130 D PowerManagerService: updateUserActivitySummaryLocked: groupId=0, mWakefulness=Awake, mUserActivitySummary=0x1, nextTimeout=1228178 (in 599978 ms)
06-25 17:26:59.098 1488 2130 D PowerManagerNotifier: onScreenPolicyUpdate: newPolicy=3
06-25 17:26:59.098 1488 2130 D PowerManagerService: updateDisplayPowerStateLocked: displayReady=true, groupId=0, policy=BRIGHT, mWakefulness=Awake, mWakeLockSummary=0x1, mUserActivitySummary=0x1, mBootCompleted=true, screenBrightnessOverride=NaN, useAutoBrightness=true, mScreenBrightnessBoostInProgress=false, mIsVrModeEnabled= false, sQuiescent=false
06-25 17:26:59.125 1488 1488 I notification_enqueue: [10111,3440,com.tencent.android.qqdownloader,127,NULL,0,Notification(channel=channel_id_default_silent shortcut=null contentView=com.tencent.android.qqdownloader/0x7f0a01c2 vibrate=null sound=null defaults=0x0 flags=0x2a2 color=0x00000000 groupKey=com.tencent.android.qqdownloader vis=PRIVATE),1]
06-25 17:26:59.129 1488 2130 D PowerManagerService: acquireWakeLockInternal: lock=60902136, flags=0x1, tag="i", ws=null, uid=10111, pid=3440
06-25 17:26:59.129 1488 2130 D PowerManagerService: updateWakeLockSummaryLocked: mWakefulness=Awake, mWakeLockSummary=0x1
06-25 17:26:59.129 1488 2130 D PowerManagerService: updateUserActivitySummaryLocked: groupId=0, mWakefulness=Awake, mUserActivitySummary=0x1, nextTimeout=1228178 (in 599946 ms)
06-25 17:26:59.129 1488 2130 D PowerManagerNotifier: onScreenPolicyUpdate: newPolicy=3
06-25 17:26:59.129 1488 2130 D PowerManagerService: updateDisplayPowerStateLocked: displayReady=true, groupId=0, policy=BRIGHT, mWakefulness=Awake, mWakeLockSummary=0x1, mUserActivitySummary=0x1, mBootCompleted=true, screenBrightnessOverride=NaN, useAutoBrightness=true, mScreenBrightnessBoostInProgress=false, mIsVrModeEnabled= false, sQuiescent=false
06-25 17:26:59.129 1488 2130 D PowerManagerNotifier: onWakeLockAcquired: flags=1, tag="i", packageName=com.tencent.android.qqdownloader, ownerUid=10111, ownerPid=3440, workSource=null
06-25 17:26:59.134 1488 2130 D PowerManagerService: acquireWakeLockInternal: lock=72657873, flags=0x1, tag="i", ws=null, uid=10111, pid=3440
06-25 17:26:59.134 1488 2130 D PowerManagerService: updateWakeLockSummaryLocked: mWakefulness=Awake, mWakeLockSummary=0x1
06-25 17:26:59.134 1488 2130 D PowerManagerService: updateUserActivitySummaryLocked: groupId=0, mWakefulness=Awake, mUserActivitySummary=0x1, nextTimeout=1228178 (in 599941 ms)
06-25 17:26:59.134 1488 2130 D PowerManagerNotifier: onScreenPolicyUpdate: newPolicy=3
06-25 17:26:59.134 1488 2130 D PowerManagerService: updateDisplayPowerStateLocked: displayReady=true, groupId=0, policy=BRIGHT, mWakefulness=Awake, mWakeLockSummary=0x1, mUserActivitySummary=0x1, mBootCompleted=true, screenBrightnessOverride=NaN, useAutoBrightness=true, mScreenBrightnessBoostInProgress=false, mIsVrModeEnabled= false, sQuiescent=false
06-25 17:26:59.134 1488 2130 D PowerManagerNotifier: onWakeLockAcquired: flags=1, tag="i", packageName=com.tencent.android.qqdownloader, ownerUid=10111, ownerPid=3440, workSource=null
06-25 17:26:59.180 1488 1735 D PowerManagerService: userActivityNoUpdateLocked: groupId=0, eventTime=628282, event=2, flags=0x0, uid=1000
06-25 17:26:59.180 3536 3536 D ViewTouchDebug: mView : DecorView@3609190[DownloadActivity]Receive event : MotionEvent { action=ACTION_UP, actionButton=0, id[0]=0, x[0]=629.99994, y[0]=611.24994, toolType[0]=TOOL_TYPE_FINGER, buttonState=0, classification=NONE, metaState=0, flags=0x0, edgeFlags=0x0, pointerCount=1, historySize=0, eventTime=628282, downTime=628178, deviceId=4, source=0x5002, displayId=0, eventId=792725496 }
06-25 17:26:59.180 1488 1735 D PowerManagerNotifier: onUserActivity: event=2, uid=1000
06-25 17:26:59.180 1488 1735 D PowerManagerService: updateUserActivitySummaryLocked: groupId=0, mWakefulness=Awake, mUserActivitySummary=0x1, nextTimeout=1228282 (in 599999 ms)
06-25 17:26:59.180 1488 1735 D PowerManagerNotifier: onScreenPolicyUpdate: newPolicy=3
06-25 17:26:59.180 1488 1735 D PowerManagerService: updateDisplayPowerStateLocked: displayReady=true, groupId=0, policy=BRIGHT, mWakefulness=Awake, mWakeLockSummary=0x1, mUserActivitySummary=0x1, mBootCompleted=true, screenBrightnessOverride=NaN, useAutoBrightness=true, mScreenBrightnessBoostInProgress=false, mIsVrModeEnabled= false, sQuiescent=false
06-25 17:26:59.197 1488 2130 D PowerManagerService: releaseWakeLockInternal: lock=60902136 [i], flags=0x0
06-25 17:26:59.197 1488 2130 D PowerManagerNotifier: onWakeLockReleased: flags=1, tag="i", packageName=com.tencent.android.qqdownloader, ownerUid=10111, ownerPid=3440, workSource=null
06-25 17:26:59.197 1488 2130 D PowerManagerService: updateWakeLockSummaryLocked: mWakefulness=Awake, mWakeLockSummary=0x1
06-25 17:26:59.197 1488 2130 D PowerManagerService: updateUserActivitySummaryLocked: groupId=0, mWakefulness=Awake, mUserActivitySummary=0x1, nextTimeout=1228282 (in 599983 ms)
06-25 17:26:59.197 1488 2130 D PowerManagerNotifier: onScreenPolicyUpdate: newPolicy=3
06-25 17:26:59.197 1488 2130 D PowerManagerService: updateDisplayPowerStateLocked: displayReady=true, groupId=0, policy=BRIGHT, mWakefulness=Awake, mWakeLockSummary=0x1, mUserActivitySummary=0x1, mBootCompleted=true, screenBrightnessOverride=NaN, useAutoBrightness=true, mScreenBrightnessBoostInProgress=false, mIsVrModeEnabled= false, sQuiescent=false
06-25 17:26:59.203 1488 2130 D PowerManagerService: acquireWakeLockInternal: lock=151848502, flags=0x1, tag="i", ws=null, uid=10111, pid=3440
06-25 17:26:59.203 1488 2130 D PowerManagerService: updateWakeLockSummaryLocked: mWakefulness=Awake, mWakeLockSummary=0x1
06-25 17:26:59.203 1488 2130 D PowerManagerService: updateUserActivitySummaryLocked: groupId=0, mWakefulness=Awake, mUserActivitySummary=0x1, nextTimeout=1228282 (in 599976 ms)
06-25 17:26:59.203 1488 2130 D PowerManagerNotifier: onScreenPolicyUpdate: newPolicy=3
06-25 17:26:59.203 1488 2130 D PowerManagerService: updateDisplayPowerStateLocked: displayReady=true, groupId=0, policy=BRIGHT, mWakefulness=Awake, mWakeLockSummary=0x1, mUserActivitySummary=0x1, mBootCompleted=true, screenBrightnessOverride=NaN, useAutoBrightness=true, mScreenBrightnessBoostInProgress=false, mIsVrModeEnabled= false, sQuiescent=false
06-25 17:26:59.203 1488 2130 D PowerManagerNotifier: onWakeLockAcquired: flags=1, tag="i", packageName=com.tencent.android.qqdownloader, ownerUid=10111, ownerPid=3440, workSource=null
06-25 17:26:59.210 1488 2130 D PowerManagerService: releaseWakeLockInternal: lock=72657873 [i], flags=0x0
06-25 17:26:59.210 1488 2130 D PowerManagerNotifier: onWakeLockReleased: flags=1, tag="i", packageName=com.tencent.android.qqdownloader, ownerUid=10111, ownerPid=3440, workSource=null
06-25 17:26:59.211 1488 2130 D PowerManagerService: updateWakeLockSummaryLocked: mWakefulness=Awake, mWakeLockSummary=0x1
06-25 17:26:59.211 1488 2130 D PowerManagerService: updateUserActivitySummaryLocked: groupId=0, mWakefulness=Awake, mUserActivitySummary=0x1, nextTimeout=1228282 (in 599969 ms)
06-25 17:26:59.211 1488 2130 D PowerManagerNotifier: onScreenPolicyUpdate: newPolicy=3
06-25 17:26:59.211 1488 2130 D PowerManagerService: updateDisplayPowerStateLocked: displayReady=true, groupId=0, policy=BRIGHT, mWakefulness=Awake, mWakeLockSummary=0x1, mUserActivitySummary=0x1, mBootCompleted=true, screenBrightnessOverride=NaN, useAutoBrightness=true, mScreenBrightnessBoostInProgress=false, mIsVrModeEnabled= false, sQuiescent=false
06-25 17:26:59.267 1488 2130 D PowerManagerService: releaseWakeLockInternal: lock=151848502 [i], flags=0x0
06-25 17:26:59.267 1488 2130 D PowerManagerNotifier: onWakeLockReleased: flags=1, tag="i", packageName=com.tencent.android.qqdownloader, ownerUid=10111, ownerPid=3440, workSource=null
06-25 17:26:59.267 1488 2130 D PowerManagerService: updateWakeLockSummaryLocked: mWakefulness=Awake, mWakeLockSummary=0x1
06-25 17:26:59.267 1488 2130 D PowerManagerService: updateUserActivitySummaryLocked: groupId=0, mWakefulness=Awake, mUserActivitySummary=0x1, nextTimeout=1228282 (in 599912 ms)
06-25 17:26:59.267 1488 2130 D PowerManagerNotifier: onScreenPolicyUpdate: newPolicy=3
06-25 17:26:59.267 1488 2130 D PowerManagerService: updateDisplayPowerStateLocked: displayReady=true, groupId=0, policy=BRIGHT, mWakefulness=Awake, mWakeLockSummary=0x1, mUserActivitySummary=0x1, mBootCompleted=true, screenBrightnessOverride=NaN, useAutoBrightness=true, mScreenBrightnessBoostInProgress=false, mIsVrModeEnabled= false, sQuiescent=false
06-25 17:26:59.326 1488 1488 I GameModeConfig: isGameModeOn = false
06-25 17:26:59.330 1928 1928 W ShadeListBuilder: (Build 58) Duplicate summary for group "0|com.tencent.android.qqdownloader|g:com.tencent.android.qqdownloader": "0|com.tencent.android.qqdownloader|127|null|10111" vs. "0|com.tencent.android.qqdownloader|273948|null|10111"
06-25 17:26:59.331 1928 1928 D InterruptionStateProvider: No bubble up: not allowed to bubble: 0|com.tencent.android.qqdownloader|127|null|10111
06-25 17:26:59.331 1928 1928 D InterruptionStateProvider: No heads up: unimportant notification: 0|com.tencent.android.qqdownloader|127|null|10111
06-25 17:26:59.335 1488 1603 I input_focus: [Focus request a1c1ea4 com.tencent.android.qqdownloader/com.tencent.pangu.activity.DownloadActivity,reason=UpdateInputWindows]
06-25 17:26:59.337 1928 2426 D PeopleSpaceWidgetMgr: Sbn doesn't contain valid PeopleTileKey: null/0/com.tencent.android.qqdownloader
06-25 17:26:59.350 1488 1735 I input_focus: [Focus leaving e8b2abb com.tencent.android.qqdownloader/com.tencent.pangu.activity.DownloadActivity (server),reason=Waiting for window because NOT_VISIBLE]
06-25 17:26:59.350 1928 1928 V NotificationMediaManager: DEBUG_MEDIA: updating album art for notification null metadata=null metaDataChanged=false state=0
06-25 17:26:59.365 1488 1735 I input_focus: [Focus entering a1c1ea4 com.tencent.android.qqdownloader/com.tencent.pangu.activity.DownloadActivity (server),reason=Window became focusable. Previous reason: NOT_VISIBLE]
06-25 17:26:59.366 3363 3363 I ImeService: ImeService(com.baidu.input.ImeService@35f94c9) life called >>> onFinishInput
06-25 17:26:59.367 3363 3363 D ImeService: onFinishInput
06-25 17:26:59.367 3363 3363 I ImeService: ImeService(com.baidu.input.ImeService@35f94c9) life called >>> onStartInput false 10.6.1003.16
06-25 17:26:59.368 3363 3363 D ImeService: current version:10.6.1003.16
06-25 17:26:59.368 3363 3363 D ImeService: onStartInput:packageName:com.tencent.android.qqdownloader inputType:0 restarting:false,fieldId:-1,imeOptions:0
06-25 17:26:59.376 3363 3363 I NewUpdateRunner: : NewUpdateRunner: execute
06-25 17:26:59.377 3363 3363 I CommandFactory: isNeedDelayNetwork: false
06-25 17:26:59.378 3363 3363 I NewUpdateRunner: : NewUpdateRunner: feb factory satisfied(true)
06-25 17:26:59.379 3363 3363 I CommandFactory: isNeedDelayNetwork: false
06-25 17:26:59.379 3363 3363 I NewUpdateRunner: : NewUpdateRunner: fed factory satisfied(false)
06-25 17:26:59.379 3363 3363 I CommandFactory: isNeedDelayNetwork: false
06-25 17:26:59.379 3363 3363 I NewUpdateRunner: : NewUpdateRunner: fdt factory satisfied(true)
06-25 17:26:59.380 3363 3363 I CommandFactory: isNeedDelayNetwork: false
06-25 17:26:59.380 3363 3363 I NewUpdateRunner: : NewUpdateRunner: fdy factory satisfied(false)
06-25 17:26:59.380 3363 3363 I CommandFactory: isNeedDelayNetwork: false
06-25 17:26:59.380 3363 3363 I fef : SyncCikuUpdate.isConditionSatisfied() -> deltaTime: 1687685219380
06-25 17:26:59.381 1928 1928 W ShadeListBuilder: (Build 59) Duplicate summary for group "0|com.tencent.android.qqdownloader|g:com.tencent.android.qqdownloader": "0|com.tencent.android.qqdownloader|127|null|10111" vs. "0|com.tencent.android.qqdownloader|273948|null|10111"
06-25 17:26:59.381 3363 3363 I fcp : SyncCiKu canSynNetCiku() -> netStat: 1
06-25 17:26:59.388 3363 3363 I NewUpdateRunner: : NewUpdateRunner: fef factory satisfied(false)
06-25 17:26:59.388 3363 3363 I CommandFactory: isNeedDelayNetwork: false
06-25 17:26:59.388 3363 3363 I NewUpdateRunner: : NewUpdateRunner: feg factory satisfied(false)
06-25 17:26:59.388 3363 3363 I CommandFactory: isNeedDelayNetwork: false
06-25 17:26:59.388 3363 3363 I NewUpdateRunner: : NewUpdateRunner: fdu factory satisfied(false)
06-25 17:26:59.388 3363 3363 I CommandFactory: isNeedDelayNetwork: false
06-25 17:26:59.389 3363 3363 I NewUpdateRunner: : NewUpdateRunner: fdv factory satisfied(false)
06-25 17:26:59.389 3363 3363 I CommandFactory: isNeedDelayNetwork: false
06-25 17:26:59.389 3363 3363 I NewUpdateRunner: : NewUpdateRunner: fdw factory satisfied(false)
06-25 17:26:59.389 3363 3363 I CommandFactory: isNeedDelayNetwork: false
06-25 17:26:59.389 3363 3363 I NewUpdateRunner: : NewUpdateRunner: feh factory satisfied(false)
06-25 17:26:59.389 3363 3363 I CommandFactory: isNeedDelayNetwork: false
06-25 17:26:59.389 3363 3363 I NewUpdateRunner: : NewUpdateRunner: fem factory satisfied(true)
06-25 17:26:59.390 3363 3363 I CommandFactory: isNeedDelayNetwork: false
06-25 17:26:59.390 3363 3363 I NewUpdateRunner: : NewUpdateRunner: fej factory satisfied(false)
06-25 17:26:59.390 3363 3363 I CommandFactory: isNeedDelayNetwork: false
06-25 17:26:59.391 3363 3363 I NewUpdateRunner: : NewUpdateRunner: fek factory satisfied(false)
06-25 17:26:59.391 3363 3363 I CommandFactory: isNeedDelayNetwork: false
06-25 17:26:59.391 3363 3363 I NewUpdateRunner: : NewUpdateRunner: fel factory satisfied(false)
06-25 17:26:59.391 3363 3363 I CommandFactory: isNeedDelayNetwork: false
06-25 17:26:59.391 3363 3363 I NewUpdateRunner: : NewUpdateRunner: fea factory satisfied(true)
06-25 17:26:59.392 3363 3363 I CommandFactory: isNeedDelayNetwork: false
06-25 17:26:59.393 3363 3363 I NewUpdateRunner: : NewUpdateRunner: fdz factory satisfied(true)
06-25 17:26:59.393 3363 3363 I CommandFactory: isNeedDelayNetwork: false
06-25 17:26:59.394 3363 3363 I NewUpdateRunner: : NewUpdateRunner: fee factory satisfied(false)
06-25 17:26:59.394 3363 3363 I CommandFactory: isNeedDelayNetwork: false
06-25 17:26:59.394 3363 3363 I NewUpdateRunner: : NewUpdateRunner: fec factory satisfied(false)
06-25 17:26:59.394 3363 3363 I NewUpdateRunner: : NewUpdateRunner: fei factory satisfied(false)
06-25 17:26:59.395 3363 8484 I BaseUpdateCommand: : BaseUpdateCommand: fdl execute
06-25 17:26:59.395 3363 8484 I BaseUpdateCommand: : BaseUpdateCommand: fdl onBeforeExecute : taskCount = 1 , thread = pool-18-thread-1 : 98
06-25 17:26:59.395 3363 8484 I NOTI_CENTER_V3: BaseUpdateCommand: fdl onExecute
06-25 17:26:59.396 3363 3816 E CarAuth : check ok
06-25 17:26:59.398 3363 3363 I ColorPicker: invalidatePickedColors: oldFloatColor=fff5f7fa
06-25 17:26:59.416 3363 8485 I NOTI_CENTER_V3: start noti center request with init state-true, initFinished state-true, and requesting state-false
06-25 17:26:59.416 3363 8485 I NOTI_CENTER_V3: init noti center request body
06-25 17:26:59.417 3363 8485 I NOTI_CENTER_V3: start request noti center with notiBody: {"sug_version":{"message_version":1684998350},"sug_icon_list_version":{"message_version":1580619430},"positive_negative_power_switch":{"message_version":1620737346},"emoji_invert":{"message_version":0},"app_sentence_predict":{"message_version":1646585582},"icon_oem":{"message_version":0},"serverlog":{"message_version":1649818839},"auto_write":{"message_version":1686972510},"blacklist_int_guidance":{"message_version":1494937460},"commercialize_dp_white_data":{"message_version":0},"soft":{"message_version":1687674081},"noti_switch_new":{"message_version":1687177587},"string_safty_replace":{"message_version":1628837838},"minimalist_voice_cand":{"message_version":1676973879},"wordlib_hotwords":{"message_version":1687345693},"tips_icon_version":{"message_version":1686796033},"screen_eggs_strategy":{"message_version":0},"online_voice_limit":{"message_version":1587349381},"screen_eggs_relationship":{"message_version":0},"cell_loc":{"message_version":0},"emoticons":{"message_version":1635767528},"ads":{"message_version":1687344846},"airstra_version_code":{"message_version":0},"activity_advertisement":{"message_version":1684828169},"cz5down_bin":{"message_version":1684477112},"aremoji_so":{"message_version":0},"hotspots_switch":{"message_version":0},"position":{"message_version":0},"last_update_activity_time":{"message_version":1660716059},"emoji_resource_package":{"message_version":1686795158},"panel_white_data":{"message_version":1681897899},"corefile_down":{"message_version":1683268312},"doutu_tabs":{"message_version":1653969435},"scene_map_search_voice_cand":{"message_version":1609812999},"performance_version":{"message_version":0},"ai_help_activity":{"message_version":1687335888},"tab_oem":{"message_version":0},"wordlib_sys_words":{"message_version":0},"voice_tips_ver":{"message_version":0},"voice_distinguish_translate":{"message_version":1681130067},"txt_error_recovery":{"message_version":1645587400},"pushword":{"message_version":0},"5g_hand_write_model":{"message_version":1655899032},"pp_dict":{"message_version":1686813115},"sentence_predict_time":{"message_version":1645596394},"trigger_conditions":{"message_version":1645596677},"scene_address_book_voice":{"message_version":1542598573},"lazy_corpora_noti":{"message_version":0},"turbonet":{"message_version":0},"minsheng_skin_token":{"message_version":1681102767},"game_keyboard_words":{"message_version":1686907695},"cc":{"message_version":1687675590000},"emojis":{"message_version":1675075547},"airwl_version_code":{"message_version":1587046240},"ppi":{"message_version":0},"search_tpl_version":{"message_version":1652114505},"npu_sentence_predict_model":{"message_version":1608022699},"e_commerce_packages":{"message_version":1668168827},"voice_pkg_white_list":{"message_version":1483064964},"click_optimize_for_skin":{"message_version":1678263839},"wordlib_ad_cell":{"message_version":0},"kernel_blacklist":{"message_version":0},"noti_switch":{"message_version":1656412100},"paddle_nn_ranker":{"message_version":1608646273},"punctuation_blacklist":{"message_version":1478600428},"slide_model":{"message_version":2}}
06-25 17:26:59.529 3440 3528 E ActivityThread: Failed to find provider info for com.android.badge
06-25 17:26:59.534 3440 3485 E ActivityThread: Failed to find provider info for com.android.badge
06-25 17:26:59.665 1488 1735 I input_interaction: Interaction with: a1c1ea4 com.tencent.android.qqdownloader/com.tencent.pangu.activity.DownloadActivity (server), edge-swipe (server), swipe-up (server), PointerEventDispatcher0 (server),
06-25 17:26:59.665 1488 1735 D PowerManagerService: userActivityNoUpdateLocked: groupId=0, eventTime=628768, event=2, flags=0x0, uid=1000
06-25 17:26:59.665 1488 1735 D PowerManagerNotifier: onUserActivity: event=2, uid=1000
06-25 17:26:59.665 3536 3536 D ViewTouchDebug: mView : DecorView@5f4d16f[DownloadActivity]Receive event : MotionEvent { action=ACTION_DOWN, actionButton=0, id[0]=0, x[0]=522.49994, y[0]=-40.0, toolType[0]=TOOL_TYPE_FINGER, buttonState=0, classification=NONE, metaState=0, flags=0x0, edgeFlags=0x0, pointerCount=1, historySize=0, eventTime=628768, downTime=628768, deviceId=4, source=0x5002, displayId=0, eventId=770176775 }
06-25 17:26:59.665 1488 1735 D PowerManagerService: updateUserActivitySummaryLocked: groupId=0, mWakefulness=Awake, mUserActivitySummary=0x1, nextTimeout=1228768 (in 600000 ms)
06-25 17:26:59.665 1488 1735 D PowerManagerNotifier: onScreenPolicyUpdate: newPolicy=3
06-25 17:26:59.665 1488 1735 D PowerManagerService: updateDisplayPowerStateLocked: displayReady=true, groupId=0, policy=BRIGHT, mWakefulness=Awake, mWakeLockSummary=0x1, mUserActivitySummary=0x1, mBootCompleted=true, screenBrightnessOverride=NaN, useAutoBrightness=true, mScreenBrightnessBoostInProgress=false, mIsVrModeEnabled= false, sQuiescent=false
06-25 17:26:59.666 1928 1928 D ViewTouchDebug: mView : com.android.systemui.navigationbar.NavigationBarFrame{7207003 V.E...... ........ 0,0-2560,46 #7f0b03f3 app:id/navigation_bar_frame}Receive event : MotionEvent { action=ACTION_OUTSIDE, actionButton=0, id[0]=0, x[0]=0.0, y[0]=-1034.0, toolType[0]=TOOL_TYPE_FINGER, buttonState=0, classification=NONE, metaState=0, flags=0x0, edgeFlags=0x0, pointerCount=1, historySize=0, eventTime=628768, downTime=628768, deviceId=4, source=0x5002, displayId=0, eventId=2073389064 }
06-25 17:26:59.716 664 681 I mpu_uart: [MSG-P:RECV]:No message received in 1000 ms
06-25 17:26:59.733 664 680 I mpu_uart: [MSG-P:R]:recv sync frame timeout
06-25 17:26:59.759 3536 3536 D ViewTouchDebug: mView : DecorView@5f4d16f[DownloadActivity]Receive event : MotionEvent { action=ACTION_UP, actionButton=0, id[0]=0, x[0]=522.49994, y[0]=-40.0, toolType[0]=TOOL_TYPE_FINGER, buttonState=0, classification=NONE, metaState=0, flags=0x0, edgeFlags=0x0, pointerCount=1, historySize=0, eventTime=628862, downTime=628768, deviceId=4, source=0x5002, displayId=0, eventId=498857604 }
06-25 17:26:59.761 1488 2130 W InputManager-JNI: Input channel object 'a1c1ea4 com.tencent.android.qqdownloader/com.tencent.pangu.activity.DownloadActivity (client)' was disposed without first being removed with the input manager!
06-25 17:26:59.763 3536 3536 W InputEventReceiver: Attempted to finish an input event but the input event receiver has already been disposed.
06-25 17:26:59.764 1488 1603 I input_focus: [Focus request e8b2abb com.tencent.android.qqdownloader/com.tencent.pangu.activity.DownloadActivity,reason=UpdateInputWindows]
06-25 17:26:59.781 1488 1735 I input_focus: [Focus entering e8b2abb com.tencent.android.qqdownloader/com.tencent.pangu.activity.DownloadActivity (server),reason=setFocusedWindow]
06-25 17:26:59.794 3363 3363 I ImeService: ImeService(com.baidu.input.ImeService@35f94c9) life called >>> onFinishInput
06-25 17:26:59.794 3363 3363 D ImeService: onFinishInput
06-25 17:26:59.796 3363 3363 I ImeService: ImeService(com.baidu.input.ImeService@35f94c9) life called >>> onStartInput false 10.6.1003.16
06-25 17:26:59.796 3363 3363 D ImeService: current version:10.6.1003.16
06-25 17:26:59.796 3363 3363 D ImeService: onStartInput:packageName:com.tencent.android.qqdownloader inputType:0 restarting:false,fieldId:-1,imeOptions:0
06-25 17:26:59.797 3363 3939 E CarAuth : check ok
06-25 17:26:59.799 3363 3363 I ColorPicker: invalidatePickedColors: oldFloatColor=fff5f7fa
06-25 17:26:59.874 1488 1601 I commit_sys_config_file: [jobs,1]
06-25 17:26:59.976 1488 1726 D PowerManagerService: acquireWakeLockInternal: lock=39155635, flags=0x1, tag="*alarm*", ws=WorkSource{1000}, uid=1000, pid=1488
06-25 17:26:59.976 1488 1726 D PowerManagerService: updateWakeLockSummaryLocked: mWakefulness=Awake, mWakeLockSummary=0x1
06-25 17:26:59.976 1488 1726 D PowerManagerService: updateUserActivitySummaryLocked: groupId=0, mWakefulness=Awake, mUserActivitySummary=0x1, nextTimeout=1228768 (in 599689 ms)
06-25 17:26:59.976 1488 1726 D PowerManagerNotifier: onScreenPolicyUpdate: newPolicy=3
06-25 17:26:59.976 1488 1726 D PowerManagerService: updateDisplayPowerStateLocked: displayReady=true, groupId=0, policy=BRIGHT, mWakefulness=Awake, mWakeLockSummary=0x1, mUserActivitySummary=0x1, mBootCompleted=true, screenBrightnessOverride=NaN, useAutoBrightness=true, mScreenBrightnessBoostInProgress=false, mIsVrModeEnabled= false, sQuiescent=false
06-25 17:26:59.976 1488 1726 D PowerManagerNotifier: onWakeLockAcquired: flags=1, tag="*alarm*", packageName=android, ownerUid=1000, ownerPid=1488, workSource=WorkSource{1000}
06-25 17:26:59.976 1488 1488 D PowerManagerService: releaseWakeLockInternal: lock=39155635 [*alarm*], flags=0x0
06-25 17:26:59.976 1488 1488 D PowerManagerNotifier: onWakeLockReleased: flags=1, tag="*alarm*", packageName=android, ownerUid=1000, ownerPid=1488, workSource=WorkSource{1000}
06-25 17:26:59.976 1488 1488 D PowerManagerService: updateWakeLockSummaryLocked: mWakefulness=Awake, mWakeLockSummary=0x1
06-25 17:26:59.976 1488 1488 D PowerManagerService: updateUserActivitySummaryLocked: groupId=0, mWakefulness=Awake, mUserActivitySummary=0x1, nextTimeout=1228768 (in 599689 ms)
06-25 17:26:59.977 1488 1488 D PowerManagerNotifier: onScreenPolicyUpdate: newPolicy=3
06-25 17:26:59.977 1488 1488 D PowerManagerService: updateDisplayPowerStateLocked: displayReady=true, groupId=0, policy=BRIGHT, mWakefulness=Awake, mWakeLockSummary=0x1, mUserActivitySummary=0x1, mBootCompleted=true, screenBrightnessOverride=NaN, useAutoBrightness=true, mScreenBrightnessBoostInProgress=false, mIsVrModeEnabled= false, sQuiescent=false
06-25 17:26:59.977 1928 1928 D KeyguardUpdateMonitor: received broadcast android.intent.action.TIME_TICK
06-25 17:26:59.977 1928 1928 D KeyguardUpdateMonitor: handleTimeUpdate
06-25 17:27:00.000 1488 1726 D PowerManagerService: acquireWakeLockInternal: lock=39155635, flags=0x1, tag="*alarm*", ws=WorkSource{1000}, uid=1000, pid=1488
06-25 17:27:00.000 1488 1726 D PowerManagerService: updateWakeLockSummaryLocked: mWakefulness=Awake, mWakeLockSummary=0x1
06-25 17:27:00.000 1488 1726 D PowerManagerService: updateUserActivitySummaryLocked: groupId=0, mWakefulness=Awake, mUserActivitySummary=0x1, nextTimeout=1228768 (in 599665 ms)
06-25 17:27:00.000 1488 1726 D PowerManagerNotifier: onScreenPolicyUpdate: newPolicy=3
06-25 17:27:00.000 1488 1726 D PowerManagerService: updateDisplayPowerStateLocked: displayReady=true, groupId=0, policy=BRIGHT, mWakefulness=Awake, mWakeLockSummary=0x1, mUserActivitySummary=0x1, mBootCompleted=true, screenBrightnessOverride=NaN, useAutoBrightness=true, mScreenBrightnessBoostInProgress=false, mIsVrModeEnabled= false, sQuiescent=false
06-25 17:27:00.000 1488 1726 D PowerManagerNotifier: onWakeLockAcquired: flags=1, tag="*alarm*", packageName=android, ownerUid=1000, ownerPid=1488, workSource=WorkSource{1000}
06-25 17:27:00.000 1488 1488 D PowerManagerService: releaseWakeLockInternal: lock=39155635 [*alarm*], flags=0x0
06-25 17:27:00.000 1488 1488 D PowerManagerNotifier: onWakeLockReleased: flags=1, tag="*alarm*", packageName=android, ownerUid=1000, ownerPid=1488, workSource=WorkSource{1000}
06-25 17:27:00.000 1488 1488 D PowerManagerService: updateWakeLockSummaryLocked: mWakefulness=Awake, mWakeLockSummary=0x1
06-25 17:27:00.000 1488 1488 D PowerManagerService: updateUserActivitySummaryLocked: groupId=0, mWakefulness=Awake, mUserActivitySummary=0x1, nextTimeout=1228768 (in 599665 ms)
06-25 17:27:00.001 1488 1488 D PowerManagerNotifier: onScreenPolicyUpdate: newPolicy=3
06-25 17:27:00.001 1488 1488 D PowerManagerService: updateDisplayPowerStateLocked: displayReady=true, groupId=0, policy=BRIGHT, mWakefulness=Awake, mWakeLockSummary=0x1, mUserActivitySummary=0x1, mBootCompleted=true, screenBrightnessOverride=NaN, useAutoBrightness=true, mScreenBrightnessBoostInProgress=false, mIsVrModeEnabled= false, sQuiescent=false
06-25 17:27:00.001 1928 1928 D KeyguardUpdateMonitor: received broadcast android.intent.action.TIME_TICK
06-25 17:27:00.001 1928 1928 D KeyguardUpdateMonitor: handleTimeUpdate
06-25 17:27:00.021 2142 5448 D MicroService: handleHeartBeat:343
06-25 17:27:00.045 2142 2142 D MicroService: onHeartBeatDetected
06-25 17:27:00.045 2142 2142 D MicroService: sendHeartbeatMessage
06-25 17:27:00.114 3363 8485 I net_connection_state: {"errno":0,"ip":"223.109.81.100","dms":589,"url":"https:\/\/mime.baidu.com\/v5\/notiv3\/info?env=2&cen=ua_cuid_uc_oid&ua=I4Dr8_aevC_cu2iKykAojfyUmoIwrSq_trmNoihK3ofo5EqrNyFhukrEFqN6lLiHghvJI_aqvioSavC2u3qSC&uc=guLligIe-8_huBiN_uLliguq28gDIvi0LqqqB&ud=5J1q6kIlQqJqpmhlp4xuYIp4AottimYutpA6_4upsiqeC&cuid=Yivy8_8uv8jeuvfql82ruga8v8_-ivim_82Za_8l-8qiuHRv48LEaJiC1aqPC&cfrom=ffffffff&from=ffffffff&rid=2830655122&mem=8084697088&is_simulator=0&is_double_cand=1&c64=1&iid=A50-HE4WKNBSGY3WKLLDME2TALJUMI3DKLLBMY4DKLJYGUYGMYLGMNTGEYRYMU-V5VI7JRF&lus=1687685219&umode=0&hotpatch_version=0&prcy=true&tm=1687685219520&bisgn=048A752D72A7E2B05A2A7B9FC7691466","status":200}
06-25 17:27:00.116 3363 8485 I NOTI_CENTER_V3: request noti center success with response: {"ecode":0,"emsg":"success","data":{"cell_loc":{"message_version":1687345693},"lazy_corpora_noti":{"message_version":1674188749},"position":{"message_version":1687685259},"slide_model":{"message_version":1680867065},"turbonet":{"message_version":1640336700}}}
06-25 17:27:00.116 3363 8485 I NOTI_CENTER_V3: request sub noti (key-cell_loc)
06-25 17:27:00.121 3363 8485 I NOTI_CENTER_V3: request sub noti (key-lazy_corpora_noti)
06-25 17:27:00.121 3363 8485 I NOTI_CENTER_V3: request sub noti (key-position)
06-25 17:27:00.122 3363 8485 I NOTI_CENTER_V3: request sub noti (key-slide_model)
06-25 17:27:00.123 3363 8495 E NOTI_CENTER_V3: request sub noti (key-cell_loc) with error : java.util.NoSuchElementException
06-25 17:27:00.123 3363 8495 E NOTI_CENTER_V3: at com.baidu.jpk$a.onComplete(Proguard:113)
06-25 17:27:00.123 3363 8495 E NOTI_CENTER_V3: at io.reactivex.internal.disposables.EmptyDisposable.c(Proguard:53)
06-25 17:27:00.123 3363 8495 E NOTI_CENTER_V3: at com.baidu.jox.b(Proguard:28)
06-25 17:27:00.123 3363 8495 E NOTI_CENTER_V3: at com.baidu.jmu.a(Proguard:12036)
06-25 17:27:00.123 3363 8495 E NOTI_CENTER_V3: at com.baidu.jpk.b(Proguard:35)
06-25 17:27:00.123 3363 8495 E NOTI_CENTER_V3: at com.baidu.jna.a(Proguard:3313)
06-25 17:27:00.123 3363 8495 E NOTI_CENTER_V3: at io.reactivex.internal.operators.single.SingleSubscribeOn$SubscribeOnObserver.run(Proguard:89)
06-25 17:27:00.123 3363 8495 E NOTI_CENTER_V3: at com.baidu.jmz$a.run(Proguard:579)
06-25 17:27:00.123 3363 8495 E NOTI_CENTER_V3: at io.reactivex.internal.schedulers.ScheduledRunnable.run(Proguard:66)
06-25 17:27:00.123 3363 8495 E NOTI_CENTER_V3: at io.reactivex.internal.schedulers.ScheduledRunnable.call(Proguard:57)
06-25 17:27:00.123 3363 8495 E NOTI_CENTER_V3: at java.util.concurrent.FutureTask.run(FutureTask.java:266)
06-25 17:27:00.123 3363 8495 E NOTI_CENTER_V3: at java.util.concurrent.ScheduledThreadPoolExecutor$ScheduledFutureTask.run(ScheduledThreadPoolExecutor.java:301)
06-25 17:27:00.123 3363 8495 E NOTI_CENTER_V3: at java.util.concurrent.ThreadPoolExecutor.runWorker(ThreadPoolExecutor.java:1167)
06-25 17:27:00.123 3363 8495 E NOTI_CENTER_V3: at java.util.concurrent.ThreadPoolExecutor$Worker.run(ThreadPoolExecutor.java:641)
06-25 17:27:00.123 3363 8495 E NOTI_CENTER_V3: at java.lang.Thread.run(Thread.java:920)
06-25 17:27:00.124 3363 8499 E NOTI_CENTER_V3: request sub noti (key-position) with error : java.util.NoSuchElementException
06-25 17:27:00.124 3363 8499 E NOTI_CENTER_V3: at com.baidu.jpk$a.onComplete(Proguard:113)
06-25 17:27:00.124 3363 8499 E NOTI_CENTER_V3: at io.reactivex.internal.disposables.EmptyDisposable.c(Proguard:53)
06-25 17:27:00.124 3363 8499 E NOTI_CENTER_V3: at com.baidu.jox.b(Proguard:28)
06-25 17:27:00.124 3363 8499 E NOTI_CENTER_V3: at com.baidu.jmu.a(Proguard:12036)
06-25 17:27:00.124 3363 8499 E NOTI_CENTER_V3: at com.baidu.jpk.b(Proguard:35)
06-25 17:27:00.124 3363 8499 E NOTI_CENTER_V3: at com.baidu.jna.a(Proguard:3313)
06-25 17:27:00.124 3363 8499 E NOTI_CENTER_V3: at io.reactivex.internal.operators.single.SingleSubscribeOn$SubscribeOnObserver.run(Proguard:89)
06-25 17:27:00.124 3363 8499 E NOTI_CENTER_V3: at com.baidu.jmz$a.run(Proguard:579)
06-25 17:27:00.124 3363 8499 E NOTI_CENTER_V3: at io.reactivex.internal.schedulers.ScheduledRunnable.run(Proguard:66)
06-25 17:27:00.124 3363 8499 E NOTI_CENTER_V3: at io.reactivex.internal.schedulers.ScheduledRunnable.call(Proguard:57)
06-25 17:27:00.124 3363 8499 E NOTI_CENTER_V3: at java.util.concurrent.FutureTask.run(FutureTask.java:266)
06-25 17:27:00.124 3363 8499 E NOTI_CENTER_V3: at java.util.concurrent.ScheduledThreadPoolExecutor$ScheduledFutureTask.run(ScheduledThreadPoolExecutor.java:301)
06-25 17:27:00.124 3363 8499 E NOTI_CENTER_V3: at java.util.concurrent.ThreadPoolExecutor.runWorker(ThreadPoolExecutor.java:1167)
06-25 17:27:00.124 3363 8499 E NOTI_CENTER_V3: at java.util.concurrent.ThreadPoolExecutor$Worker.run(ThreadPoolExecutor.java:641)
06-25 17:27:00.124 3363 8499 E NOTI_CENTER_V3: at java.lang.Thread.run(Thread.java:920)
06-25 17:27:00.133 3363 8485 I NOTI_CENTER_V3: request sub noti (key-turbonet)
06-25 17:27:00.138 3363 8503 E NOTI_CENTER_V3: request sub noti (key-turbonet) with error : java.util.NoSuchElementException
06-25 17:27:00.138 3363 8503 E NOTI_CENTER_V3: at com.baidu.jpk$a.onComplete(Proguard:113)
06-25 17:27:00.138 3363 8503 E NOTI_CENTER_V3: at io.reactivex.internal.disposables.EmptyDisposable.c(Proguard:53)
06-25 17:27:00.138 3363 8503 E NOTI_CENTER_V3: at com.baidu.jox.b(Proguard:28)
06-25 17:27:00.138 3363 8503 E NOTI_CENTER_V3: at com.baidu.jmu.a(Proguard:12036)
06-25 17:27:00.138 3363 8503 E NOTI_CENTER_V3: at com.baidu.jpk.b(Proguard:35)
06-25 17:27:00.138 3363 8503 E NOTI_CENTER_V3: at com.baidu.jna.a(Proguard:3313)
06-25 17:27:00.138 3363 8503 E NOTI_CENTER_V3: at io.reactivex.internal.operators.single.SingleSubscribeOn$SubscribeOnObserver.run(Proguard:89)
06-25 17:27:00.138 3363 8503 E NOTI_CENTER_V3: at com.baidu.jmz$a.run(Proguard:579)
06-25 17:27:00.138 3363 8503 E NOTI_CENTER_V3: at io.reactivex.internal.schedulers.ScheduledRunnable.run(Proguard:66)
06-25 17:27:00.138 3363 8503 E NOTI_CENTER_V3: at io.reactivex.internal.schedulers.ScheduledRunnable.call(Proguard:57)
06-25 17:27:00.138 3363 8503 E NOTI_CENTER_V3: at java.util.concurrent.FutureTask.run(FutureTask.java:266)
06-25 17:27:00.138 3363 8503 E NOTI_CENTER_V3: at java.util.concurrent.ScheduledThreadPoolExecutor$ScheduledFutureTask.run(ScheduledThreadPoolExecutor.java:301)
06-25 17:27:00.138 3363 8503 E NOTI_CENTER_V3: at java.util.concurrent.ThreadPoolExecutor.runWorker(ThreadPoolExecutor.java:1167)
06-25 17:27:00.138 3363 8503 E NOTI_CENTER_V3: at java.util.concurrent.ThreadPoolExecutor$Worker.run(ThreadPoolExecutor.java:641)
06-25 17:27:00.138 3363 8503 E NOTI_CENTER_V3: at java.lang.Thread.run(Thread.java:920)
06-25 17:27:00.264 3363 8501 I net_connection_state: {"errno":0,"ip":"223.109.81.100","dms":128,"url":"https:\/\/mime.baidu.com\/v5\/slide_noti\/info?message_version=2&env=2&cen=ua_cuid_uc_oid&ua=I4Dr8_aevC_cu2iKykAojfyUmoIwrSq_trmNoihK3ofo5EqrNyFhukrEFqN6lLiHghvJI_aqvioSavC2u3qSC&uc=guLligIe-8_huBiN_uLliguq28gDIvi0LqqqB&ud=5J1q6kIlQqJqpmhlp4xuYIp4AottimYutpA6_4upsiqeC&cuid=Yivy8_8uv8jeuvfql82ruga8v8_-ivim_82Za_8l-8qiuHRv48LEaJiC1aqPC&cfrom=ffffffff&from=ffffffff&rid=2830655122&mem=8084697088&is_simulator=0&is_double_cand=1&c64=1&lus=1687685220&umode=0&hotpatch_version=0&prcy=true&tm=1687685220134&bisgn=EEE8AE03A14F0D0C5252AC65F29829C3","status":200}
06-25 17:27:00.272 3363 8501 I NOTI_CENTER_V3: request sub noti (key-slide_model) with response: {"md5":"99914b932bd37a50b983c5e7c90ae93b","data":{},"error":0,"msg":"success","version":0}
06-25 17:27:00.273 3363 8501 I NOTI_CENTER_V3: noti request success
06-25 17:27:00.273 3363 8484 I BaseUpdateCommand: : BaseUpdateCommand: fdl onAfterExecute : taskCount = 1 , thread = pool-18-thread-1 : 98
06-25 17:27:00.273 3363 8484 I BaseUpdateCommand: : BaseUpdateCommand: fcz execute
06-25 17:27:00.273 3363 8484 I BaseUpdateCommand: : BaseUpdateCommand: fcz onBeforeExecute : taskCount = 1 , thread = pool-18-thread-1 : 98
06-25 17:27:00.273 3363 8484 I BaseUpdateCommand: : BaseUpdateCommand: fcz onExecute
06-25 17:27:00.275 3363 8484 I BaseUpdateCommand: : BaseUpdateCommand: fcz onAfterExecute : taskCount = 1 , thread = pool-18-thread-1 : 98
06-25 17:27:00.275 3363 8484 I BaseUpdateCommand: : BaseUpdateCommand: fds execute
06-25 17:27:00.275 3363 8484 I BaseUpdateCommand: : BaseUpdateCommand: fds onBeforeExecute : taskCount = 1 , thread = pool-18-thread-1 : 98
06-25 17:27:00.275 3363 8484 I BaseUpdateCommand: : BaseUpdateCommand: fds onExecute
06-25 17:27:00.475 8307 8307 I auditd : type=1400 audit(0.0:5956): avc: granted { execute } for comm="BeaconReportHan" path="/data/user/0/com.tencent.android.qqdownloader/files/shell/8_8454130_1346/lib/arm64-v8a/libqmp.so" dev="dm-15" ino=13629 scontext=u:r:untrusted_app_27:s0:c512,c768 tcontext=u:object_r:app_data_file:s0:c512,c768 tclass=file app=com.tencent.android.qqdownloader
06-25 17:27:00.488 0 0 E [ 629.580484] [MAX975X: max96755x_vc1_lcd_dtc_check] *ERROR* DTC_Display: screen not ready(0), bl_sta(1), lvl(20)
06-25 17:27:00.475 8307 8307 W BeaconReportHan: type=1400 audit(0.0:5956): avc: granted { execute } for path="/data/user/0/com.tencent.android.qqdownloader/files/shell/8_8454130_1346/lib/arm64-v8a/libqmp.so" dev="dm-15" ino=13629 scontext=u:r:untrusted_app_27:s0:c512,c768 tcontext=u:object_r:app_data_file:s0:c512,c768 tclass=file app=com.tencent.android.qqdownloader
06-25 17:27:00.490 3363 8485 I net_connection_state: {"errno":0,"ip":"223.109.81.100","dms":184,"url":"https:\/\/mime.baidu.com\/v5\/fb\/an?env=2&cen=ua_cuid_uc_oid&ua=I4Dr8_aevC_cu2iKykAojfyUmoIwrSq_trmNoihK3ofo5EqrNyFhukrEFqN6lLiHghvJI_aqvioSavC2u3qSC&uc=guLligIe-8_huBiN_uLliguq28gDIvi0LqqqB&ud=5J1q6kIlQqJqpmhlp4xuYIp4AottimYutpA6_4upsiqeC&cuid=Yivy8_8uv8jeuvfql82ruga8v8_-ivim_82Za_8l-8qiuHRv48LEaJiC1aqPC&cfrom=ffffffff&from=ffffffff&rid=2830655122&mem=8084697088&is_simulator=0&is_double_cand=1&c64=1&lus=1687685220&umode=0&hotpatch_version=0&prcy=true&tm=1687685220303&bisgn=4D774011D3A84707EF1BEDC37C8C1BFA","status":200}
06-25 17:27:00.491 3363 3363 I BaseUpdateCommand: : BaseUpdateCommand: fds success
06-25 17:27:00.492 3363 8484 I BaseUpdateCommand: : BaseUpdateCommand: fds onAfterExecute : taskCount = 1 , thread = pool-18-thread-1 : 98
06-25 17:27:00.492 3363 8484 I BaseUpdateCommand: : BaseUpdateCommand: fdh execute
06-25 17:27:00.492 3363 8484 I BaseUpdateCommand: : BaseUpdateCommand: fdh onBeforeExecute : taskCount = 0 , thread = pool-18-thread-1 : 98
06-25 17:27:00.492 3363 8484 I BaseUpdateCommand: : BaseUpdateCommand: fdh onExecute
06-25 17:27:00.499 8307 8307 I auditd : type=1400 audit(0.0:5957): avc: granted { execute } for comm="BeaconReportHan" path="/data/user/0/com.tencent.android.qqdownloader/files/shell/8_8454130_1346/lib/arm64-v8a/libbeaconid.so" dev="dm-15" ino=13618 scontext=u:r:untrusted_app_27:s0:c512,c768 tcontext=u:object_r:app_data_file:s0:c512,c768 tclass=file app=com.tencent.android.qqdownloader
06-25 17:27:00.499 8307 8307 W BeaconReportHan: type=1400 audit(0.0:5957): avc: granted { execute } for path="/data/user/0/com.tencent.android.qqdownloader/files/shell/8_8454130_1346/lib/arm64-v8a/libbeaconid.so" dev="dm-15" ino=13618 scontext=u:r:untrusted_app_27:s0:c512,c768 tcontext=u:object_r:app_data_file:s0:c512,c768 tclass=file app=com.tencent.android.qqdownloader
06-25 17:27:00.515 1488 1735 I input_interaction: Interaction with: e8b2abb com.tencent.android.qqdownloader/com.tencent.pangu.activity.DownloadActivity (server), edge-swipe (server), swipe-up (server), PointerEventDispatcher0 (server),
06-25 17:27:00.515 1488 1735 D PowerManagerService: userActivityNoUpdateLocked: groupId=0, eventTime=629617, event=2, flags=0x0, uid=1000
06-25 17:27:00.515 1488 1735 D PowerManagerNotifier: onUserActivity: event=2, uid=1000
06-25 17:27:00.515 1488 1735 D PowerManagerService: updateUserActivitySummaryLocked: groupId=0, mWakefulness=Awake, mUserActivitySummary=0x1, nextTimeout=1229617 (in 599999 ms)
06-25 17:27:00.515 1488 1735 D PowerManagerNotifier: onScreenPolicyUpdate: newPolicy=3
06-25 17:27:00.515 3536 3536 D ViewTouchDebug: mView : DecorView@3609190[DownloadActivity]Receive event : MotionEvent { action=ACTION_DOWN, actionButton=0, id[0]=0, x[0]=642.49994, y[0]=458.74994, toolType[0]=TOOL_TYPE_FINGER, buttonState=0, classification=NONE, metaState=0, flags=0x0, edgeFlags=0x0, pointerCount=1, historySize=0, eventTime=629617, downTime=629617, deviceId=4, source=0x5002, displayId=0, eventId=440165887 }
06-25 17:27:00.515 1488 1735 D PowerManagerService: updateDisplayPowerStateLocked: displayReady=true, groupId=0, policy=BRIGHT, mWakefulness=Awake, mWakeLockSummary=0x1, mUserActivitySummary=0x1, mBootCompleted=true, screenBrightnessOverride=NaN, useAutoBrightness=true, mScreenBrightnessBoostInProgress=false, mIsVrModeEnabled= false, sQuiescent=false
06-25 17:27:00.515 1928 1928 D ViewTouchDebug: mView : com.android.systemui.navigationbar.NavigationBarFrame{7207003 V.E...... ........ 0,0-2560,46 #7f0b03f3 app:id/navigation_bar_frame}Receive event : MotionEvent { action=ACTION_OUTSIDE, actionButton=0, id[0]=0, x[0]=0.0, y[0]=-1034.0, toolType[0]=TOOL_TYPE_FINGER, buttonState=0, classification=NONE, metaState=0, flags=0x0, edgeFlags=0x0, pointerCount=1, historySize=0, eventTime=629617, downTime=629617, deviceId=4, source=0x5002, displayId=0, eventId=1448041489 }
06-25 17:27:00.524 8307 8509 E System : ******** DEPRECATED FUNCTIONALITY ********
06-25 17:27:00.524 8307 8509 E System : * The implementation of the KeyFactory.RSA algorithm from
06-25 17:27:00.524 8307 8509 E System : * the BC provider is deprecated in this version of Android.
06-25 17:27:00.524 8307 8509 E System : * It will be removed in a future version of Android and your
06-25 17:27:00.524 8307 8509 E System : * application will no longer be able to request it. Please see
06-25 17:27:00.524 8307 8509 E System : * https://android-developers.googleblog.com/2018/03/cryptography-changes-in-android-p.html
06-25 17:27:00.524 8307 8509 E System : * for more details.
06-25 17:27:00.527 1488 8476 D PowerManagerService: releaseWakeLockInternal: lock=159667215 [*dexopt*], flags=0x0
06-25 17:27:00.527 1488 8476 D PowerManagerNotifier: onWakeLockReleased: flags=1, tag="*dexopt*", packageName=android, ownerUid=1000, ownerPid=1488, workSource=WorkSource{10130}
06-25 17:27:00.527 1488 8476 D PowerManagerService: updateWakeLockSummaryLocked: mWakefulness=Awake, mWakeLockSummary=0x1
06-25 17:27:00.527 1488 8476 D PowerManagerService: updateUserActivitySummaryLocked: groupId=0, mWakefulness=Awake, mUserActivitySummary=0x1, nextTimeout=1229617 (in 599987 ms)
06-25 17:27:00.527 1488 8476 D PowerManagerNotifier: onScreenPolicyUpdate: newPolicy=3
06-25 17:27:00.527 1488 8476 D PowerManagerService: updateDisplayPowerStateLocked: displayReady=true, groupId=0, policy=BRIGHT, mWakefulness=Awake, mWakeLockSummary=0x1, mUserActivitySummary=0x1, mBootCompleted=true, screenBrightnessOverride=NaN, useAutoBrightness=true, mScreenBrightnessBoostInProgress=false, mIsVrModeEnabled= false, sQuiescent=false
06-25 17:27:00.528 1488 8476 D PowerManagerService: acquireWakeLockInternal: lock=159667215, flags=0x1, tag="*dexopt*", ws=WorkSource{10076}, uid=1000, pid=1488
06-25 17:27:00.528 1488 8476 D PowerManagerService: updateWakeLockSummaryLocked: mWakefulness=Awake, mWakeLockSummary=0x1
06-25 17:27:00.528 1488 8476 D PowerManagerService: updateUserActivitySummaryLocked: groupId=0, mWakefulness=Awake, mUserActivitySummary=0x1, nextTimeout=1229617 (in 599987 ms)
06-25 17:27:00.528 1488 8476 D PowerManagerNotifier: onScreenPolicyUpdate: newPolicy=3
06-25 17:27:00.528 1488 8476 D PowerManagerService: updateDisplayPowerStateLocked: displayReady=true, groupId=0, policy=BRIGHT, mWakefulness=Awake, mWakeLockSummary=0x1, mUserActivitySummary=0x1, mBootCompleted=true, screenBrightnessOverride=NaN, useAutoBrightness=true, mScreenBrightnessBoostInProgress=false, mIsVrModeEnabled= false, sQuiescent=false
06-25 17:27:00.528 1488 8476 D PowerManagerNotifier: onWakeLockAcquired: flags=1, tag="*dexopt*", packageName=android, ownerUid=1000, ownerPid=1488, workSource=WorkSource{10076}
06-25 17:27:00.530 1488 8476 D PowerManagerService: releaseWakeLockInternal: lock=159667215 [*dexopt*], flags=0x0
06-25 17:27:00.530 1488 8476 D PowerManagerNotifier: onWakeLockReleased: flags=1, tag="*dexopt*", packageName=android, ownerUid=1000, ownerPid=1488, workSource=WorkSource{10076}
06-25 17:27:00.530 1488 8476 D PowerManagerService: updateWakeLockSummaryLocked: mWakefulness=Awake, mWakeLockSummary=0x1
06-25 17:27:00.530 1488 8476 D PowerManagerService: updateUserActivitySummaryLocked: groupId=0, mWakefulness=Awake, mUserActivitySummary=0x1, nextTimeout=1229617 (in 599984 ms)
06-25 17:27:00.531 1488 8476 D PowerManagerNotifier: onScreenPolicyUpdate: newPolicy=3
06-25 17:27:00.531 1488 8476 D PowerManagerService: updateDisplayPowerStateLocked: displayReady=true, groupId=0, policy=BRIGHT, mWakefulness=Awake, mWakeLockSummary=0x1, mUserActivitySummary=0x1, mBootCompleted=true, screenBrightnessOverride=NaN, useAutoBrightness=true, mScreenBrightnessBoostInProgress=false, mIsVrModeEnabled= false, sQuiescent=false
06-25 17:27:00.531 1488 8476 D PowerManagerService: acquireWakeLockInternal: lock=159667215, flags=0x1, tag="*dexopt*", ws=WorkSource{1000}, uid=1000, pid=1488
06-25 17:27:00.531 1488 8476 D PowerManagerService: updateWakeLockSummaryLocked: mWakefulness=Awake, mWakeLockSummary=0x1
06-25 17:27:00.531 1488 8476 D PowerManagerService: updateUserActivitySummaryLocked: groupId=0, mWakefulness=Awake, mUserActivitySummary=0x1, nextTimeout=1229617 (in 599984 ms)
06-25 17:27:00.531 1488 8476 D PowerManagerNotifier: onScreenPolicyUpdate: newPolicy=3
06-25 17:27:00.531 1488 8476 D PowerManagerService: updateDisplayPowerStateLocked: displayReady=true, groupId=0, policy=BRIGHT, mWakefulness=Awake, mWakeLockSummary=0x1, mUserActivitySummary=0x1, mBootCompleted=true, screenBrightnessOverride=NaN, useAutoBrightness=true, mScreenBrightnessBoostInProgress=false, mIsVrModeEnabled= false, sQuiescent=false
06-25 17:27:00.531 1488 8476 D PowerManagerNotifier: onWakeLockAcquired: flags=1, tag="*dexopt*", packageName=android, ownerUid=1000, ownerPid=1488, workSource=WorkSource{1000}
06-25 17:27:00.546 3363 8484 I BaseUpdateCommand: : BaseUpdateCommand: fdh onAfterExecute : taskCount = 0 , thread = pool-18-thread-1 : 98
06-25 17:27:00.546 3363 8484 I BaseUpdateCommand: : BaseUpdateCommand: fdg execute
06-25 17:27:00.546 3363 8484 I BaseUpdateCommand: : BaseUpdateCommand: fdg onBeforeExecute : taskCount = 1 , thread = pool-18-thread-1 : 98
06-25 17:27:00.546 3363 8484 I BaseUpdateCommand: : BaseUpdateCommand: fdg onAfterExecute : taskCount = 1 , thread = pool-18-thread-1 : 98
06-25 17:27:00.546 3363 8484 I NewUpdateRunner: : NewUpdateRunner: setUpdateChecking false
06-25 17:27:00.563 8307 8307 I auditd : type=1400 audit(0.0:5958): avc: denied { read } for comm="qimei-thread-1" name="/" dev="dm-10" ino=2 scontext=u:r:untrusted_app_27:s0:c512,c768 tcontext=u:object_r:rootfs:s0 tclass=dir permissive=1 app=com.tencent.android.qqdownloader
06-25 17:27:00.563 8307 8307 I qimei-thread-1: type=1400 audit(0.0:5958): avc: denied { read } for name="/" dev="dm-10" ino=2 scontext=u:r:untrusted_app_27:s0:c512,c768 tcontext=u:object_r:rootfs:s0 tclass=dir permissive=1 app=com.tencent.android.qqdownloader
06-25 17:27:00.563 8307 8307 I auditd : type=1400 audit(0.0:5959): avc: denied { open } for comm="qimei-thread-1" path="/" dev="dm-10" ino=2 scontext=u:r:untrusted_app_27:s0:c512,c768 tcontext=u:object_r:rootfs:s0 tclass=dir permissive=1 app=com.tencent.android.qqdownloader
