06-25 17:26:57.578 3440 8276 W System.err: at com.tencent.assistant.protocol.ae.onNetWorkFinish(Unknown Source:299)
06-25 17:26:57.578 3440 8276 W System.err: at com.tencent.assistant.protocol.s.a(Unknown Source:193)
06-25 17:26:57.578 3440 8276 W System.err: at com.tencent.assistant.protocol.a.a(Unknown Source:59)
06-25 17:26:57.578 3440 8276 W System.err: at com.tencent.assistant.protocol.i.a(Unknown Source:156)
06-25 17:26:57.578 3440 8276 W System.err: at com.tencent.assistant.protocol.i.b(Unknown Source:488)
06-25 17:26:57.578 3440 8276 W System.err: at com.tencent.assistant.protocol.i.a(Unknown Source:22)
06-25 17:26:57.578 3440 8276 W System.err: at com.tencent.assistant.protocol.a.run(Unknown Source:215)
06-25 17:26:57.578 3440 8276 W System.err: at com.tencent.assistant.protocol.i.run(Unknown Source:0)
06-25 17:26:57.578 3440 8276 W System.err: at java.util.concurrent.Executors$RunnableAdapter.call(Executors.java:462)
06-25 17:26:57.578 3440 8276 W System.err: at java.util.concurrent.FutureTask.run(FutureTask.java:266)
06-25 17:26:57.578 3440 8276 W System.err: at com.tencent.raft.threadservice.impl.c.run(Unknown Source:5)
06-25 17:26:57.578 3440 8276 W System.err: at com.tencent.raft.threadservice.impl.d.run(Unknown Source:2)
06-25 17:26:57.578 3440 8276 W System.err: at java.util.concurrent.ThreadPoolExecutor.runWorker(ThreadPoolExecutor.java:1167)
06-25 17:26:57.578 3440 8276 W System.err: at java.util.concurrent.ThreadPoolExecutor$Worker.run(ThreadPoolExecutor.java:641)
06-25 17:26:57.578 3440 8276 W System.err: at java.lang.Thread.run(Thread.java:920)
06-25 17:26:57.578 1488 2130 D PowerManagerService: releaseWakeLockInternal: lock=198718113 [i], flags=0x0
06-25 17:26:57.578 1488 2130 D PowerManagerNotifier: onWakeLockReleased: flags=1, tag="i", packageName=com.tencent.android.qqdownloader, ownerUid=10111, ownerPid=3440, workSource=null
06-25 17:26:57.578 1488 2130 D PowerManagerService: updateWakeLockSummaryLocked: mWakefulness=Awake, mWakeLockSummary=0x1
06-25 17:26:57.578 1488 2130 D PowerManagerService: updateUserActivitySummaryLocked: groupId=0, mWakefulness=Awake, mUserActivitySummary=0x1, nextTimeout=1226622 (in 599941 ms)
06-25 17:26:57.578 1488 2130 D PowerManagerNotifier: onScreenPolicyUpdate: newPolicy=3
06-25 17:26:57.579 1488 2130 D PowerManagerService: updateDisplayPowerStateLocked: displayReady=true, groupId=0, policy=BRIGHT, mWakefulness=Awake, mWakeLockSummary=0x1, mUserActivitySummary=0x1, mBootCompleted=true, screenBrightnessOverride=NaN, useAutoBrightness=true, mScreenBrightnessBoostInProgress=false, mIsVrModeEnabled= false, sQuiescent=false
06-25 17:26:57.583 1488 2130 D PowerManagerService: releaseWakeLockInternal: lock=67161286 [i], flags=0x0
06-25 17:26:57.583 1488 2130 D PowerManagerNotifier: onWakeLockReleased: flags=1, tag="i", packageName=com.tencent.android.qqdownloader, ownerUid=10111, ownerPid=3440, workSource=null
06-25 17:26:57.583 1488 2130 D PowerManagerService: updateWakeLockSummaryLocked: mWakefulness=Awake, mWakeLockSummary=0x1
06-25 17:26:57.583 1488 2130 D PowerManagerService: updateUserActivitySummaryLocked: groupId=0, mWakefulness=Awake, mUserActivitySummary=0x1, nextTimeout=1226622 (in 599936 ms)
06-25 17:26:57.583 1488 2130 D PowerManagerNotifier: onScreenPolicyUpdate: newPolicy=3
06-25 17:26:57.583 1488 2130 D PowerManagerService: updateDisplayPowerStateLocked: displayReady=true, groupId=0, policy=BRIGHT, mWakefulness=Awake, mWakeLockSummary=0x1, mUserActivitySummary=0x1, mBootCompleted=true, screenBrightnessOverride=NaN, useAutoBrightness=true, mScreenBrightnessBoostInProgress=false, mIsVrModeEnabled= false, sQuiescent=false
06-25 17:26:57.614 1488 1534 D PowerManagerService: releaseWakeLockInternal: lock=78327732 [i], flags=0x0
06-25 17:26:57.615 1488 1534 D PowerManagerNotifier: onWakeLockReleased: flags=1, tag="i", packageName=com.tencent.android.qqdownloader, ownerUid=10111, ownerPid=3440, workSource=null
06-25 17:26:57.615 1488 1534 D PowerManagerService: updateWakeLockSummaryLocked: mWakefulness=Awake, mWakeLockSummary=0x1
06-25 17:26:57.615 1488 1534 D PowerManagerService: updateUserActivitySummaryLocked: groupId=0, mWakefulness=Awake, mUserActivitySummary=0x1, nextTimeout=1226622 (in 599905 ms)
06-25 17:26:57.615 1488 1534 D PowerManagerNotifier: onScreenPolicyUpdate: newPolicy=3
06-25 17:26:57.615 1488 1534 D PowerManagerService: updateDisplayPowerStateLocked: displayReady=true, groupId=0, policy=BRIGHT, mWakefulness=Awake, mWakeLockSummary=0x1, mUserActivitySummary=0x1, mBootCompleted=true, screenBrightnessOverride=NaN, useAutoBrightness=true, mScreenBrightnessBoostInProgress=false, mIsVrModeEnabled= false, sQuiescent=false
06-25 17:26:57.621 1488 1534 D PowerManagerService: releaseWakeLockInternal: lock=245651421 [i], flags=0x0
06-25 17:26:57.621 1488 1534 D PowerManagerNotifier: onWakeLockReleased: flags=1, tag="i", packageName=com.tencent.android.qqdownloader, ownerUid=10111, ownerPid=3440, workSource=null
06-25 17:26:57.621 1488 1534 D PowerManagerService: updateWakeLockSummaryLocked: mWakefulness=Awake, mWakeLockSummary=0x1
06-25 17:26:57.621 1488 1534 D PowerManagerService: updateUserActivitySummaryLocked: groupId=0, mWakefulness=Awake, mUserActivitySummary=0x1, nextTimeout=1226622 (in 599898 ms)
06-25 17:26:57.621 1488 1534 D PowerManagerNotifier: onScreenPolicyUpdate: newPolicy=3
06-25 17:26:57.621 1488 1534 D PowerManagerService: updateDisplayPowerStateLocked: displayReady=true, groupId=0, policy=BRIGHT, mWakefulness=Awake, mWakeLockSummary=0x1, mUserActivitySummary=0x1, mBootCompleted=true, screenBrightnessOverride=NaN, useAutoBrightness=true, mScreenBrightnessBoostInProgress=false, mIsVrModeEnabled= false, sQuiescent=false
06-25 17:26:57.629 1488 1735 D PowerManagerService: userActivityNoUpdateLocked: groupId=0, eventTime=626731, event=2, flags=0x0, uid=1000
06-25 17:26:57.629 1488 1735 D PowerManagerNotifier: onUserActivity: event=2, uid=1000
06-25 17:26:57.629 1488 1735 D PowerManagerService: updateUserActivitySummaryLocked: groupId=0, mWakefulness=Awake, mUserActivitySummary=0x1, nextTimeout=1226731 (in 599999 ms)
06-25 17:26:57.629 1488 1735 D PowerManagerNotifier: onScreenPolicyUpdate: newPolicy=3
06-25 17:26:57.629 1488 1735 D PowerManagerService: updateDisplayPowerStateLocked: displayReady=true, groupId=0, policy=BRIGHT, mWakefulness=Awake, mWakeLockSummary=0x1, mUserActivitySummary=0x1, mBootCompleted=true, screenBrightnessOverride=NaN, useAutoBrightness=true, mScreenBrightnessBoostInProgress=false, mIsVrModeEnabled= false, sQuiescent=false
06-25 17:26:57.637 1488 1534 D PowerManagerService: acquireWakeLockInternal: lock=100209187, flags=0x1, tag="i", ws=null, uid=10111, pid=3440
06-25 17:26:57.637 1488 1534 D PowerManagerService: updateWakeLockSummaryLocked: mWakefulness=Awake, mWakeLockSummary=0x1
06-25 17:26:57.637 1488 1534 D PowerManagerService: updateUserActivitySummaryLocked: groupId=0, mWakefulness=Awake, mUserActivitySummary=0x1, nextTimeout=1226731 (in 599991 ms)
06-25 17:26:57.637 1488 1534 D PowerManagerNotifier: onScreenPolicyUpdate: newPolicy=3
06-25 17:26:57.637 1488 1534 D PowerManagerService: updateDisplayPowerStateLocked: displayReady=true, groupId=0, policy=BRIGHT, mWakefulness=Awake, mWakeLockSummary=0x1, mUserActivitySummary=0x1, mBootCompleted=true, screenBrightnessOverride=NaN, useAutoBrightness=true, mScreenBrightnessBoostInProgress=false, mIsVrModeEnabled= false, sQuiescent=false
06-25 17:26:57.637 1488 1534 D PowerManagerNotifier: onWakeLockAcquired: flags=1, tag="i", packageName=com.tencent.android.qqdownloader, ownerUid=10111, ownerPid=3440, workSource=null
06-25 17:26:57.670 1488 1534 D PowerManagerService: releaseWakeLockInternal: lock=11333458 [i], flags=0x0
06-25 17:26:57.670 1488 1534 D PowerManagerNotifier: onWakeLockReleased: flags=1, tag="i", packageName=com.tencent.android.qqdownloader, ownerUid=10111, ownerPid=3440, workSource=null
06-25 17:26:57.670 1488 1534 D PowerManagerService: updateWakeLockSummaryLocked: mWakefulness=Awake, mWakeLockSummary=0x1
06-25 17:26:57.670 1488 1534 D PowerManagerService: updateUserActivitySummaryLocked: groupId=0, mWakefulness=Awake, mUserActivitySummary=0x1, nextTimeout=1226731 (in 599959 ms)
06-25 17:26:57.670 1488 1534 D PowerManagerNotifier: onScreenPolicyUpdate: newPolicy=3
06-25 17:26:57.670 1488 1534 D PowerManagerService: updateDisplayPowerStateLocked: displayReady=true, groupId=0, policy=BRIGHT, mWakefulness=Awake, mWakeLockSummary=0x1, mUserActivitySummary=0x1, mBootCompleted=true, screenBrightnessOverride=NaN, useAutoBrightness=true, mScreenBrightnessBoostInProgress=false, mIsVrModeEnabled= false, sQuiescent=false
06-25 17:26:57.704 1488 2130 D PowerManagerService: releaseWakeLockInternal: lock=100209187 [i], flags=0x0
06-25 17:26:57.704 1488 2130 D PowerManagerNotifier: onWakeLockReleased: flags=1, tag="i", packageName=com.tencent.android.qqdownloader, ownerUid=10111, ownerPid=3440, workSource=null
06-25 17:26:57.705 1488 2130 D PowerManagerService: updateWakeLockSummaryLocked: mWakefulness=Awake, mWakeLockSummary=0x0
06-25 17:26:57.705 1488 2130 D PowerManagerService: updateUserActivitySummaryLocked: groupId=0, mWakefulness=Awake, mUserActivitySummary=0x1, nextTimeout=1226731 (in 599924 ms)
06-25 17:26:57.705 1488 2130 D PowerManagerNotifier: onScreenPolicyUpdate: newPolicy=3
06-25 17:26:57.705 1488 2130 D PowerManagerService: updateDisplayPowerStateLocked: displayReady=true, groupId=0, policy=BRIGHT, mWakefulness=Awake, mWakeLockSummary=0x0, mUserActivitySummary=0x1, mBootCompleted=true, screenBrightnessOverride=NaN, useAutoBrightness=true, mScreenBrightnessBoostInProgress=false, mIsVrModeEnabled= false, sQuiescent=false
06-25 17:26:57.705 1488 2130 D PowerManagerService: Releasing suspend blocker "PowerManagerService.WakeLocks".
06-25 17:26:57.716 664 681 I mpu_uart: [MSG-P:RECV]:No message received in 1000 ms
06-25 17:26:57.737 1488 1735 D PowerManagerService: userActivityNoUpdateLocked: groupId=0, eventTime=626840, event=2, flags=0x0, uid=1000
06-25 17:26:57.737 1488 1735 D PowerManagerNotifier: onUserActivity: event=2, uid=1000
06-25 17:26:57.737 1488 1735 D PowerManagerService: updateUserActivitySummaryLocked: groupId=0, mWakefulness=Awake, mUserActivitySummary=0x1, nextTimeout=1226840 (in 600000 ms)
06-25 17:26:57.737 1488 1735 D PowerManagerNotifier: onScreenPolicyUpdate: newPolicy=3
06-25 17:26:57.737 1488 1735 D PowerManagerService: updateDisplayPowerStateLocked: displayReady=true, groupId=0, policy=BRIGHT, mWakefulness=Awake, mWakeLockSummary=0x0, mUserActivitySummary=0x1, mBootCompleted=true, screenBrightnessOverride=NaN, useAutoBrightness=true, mScreenBrightnessBoostInProgress=false, mIsVrModeEnabled= false, sQuiescent=false
06-25 17:26:57.838 1488 1735 D PowerManagerService: userActivityNoUpdateLocked: groupId=0, eventTime=626940, event=2, flags=0x0, uid=1000
06-25 17:26:57.838 1488 1735 D PowerManagerNotifier: onUserActivity: event=2, uid=1000
06-25 17:26:57.838 1488 1735 D PowerManagerService: updateUserActivitySummaryLocked: groupId=0, mWakefulness=Awake, mUserActivitySummary=0x1, nextTimeout=1226940 (in 599999 ms)
06-25 17:26:57.838 1488 1735 D PowerManagerNotifier: onScreenPolicyUpdate: newPolicy=3
06-25 17:26:57.838 1488 1735 D PowerManagerService: updateDisplayPowerStateLocked: displayReady=true, groupId=0, policy=BRIGHT, mWakefulness=Awake, mWakeLockSummary=0x0, mUserActivitySummary=0x1, mBootCompleted=true, screenBrightnessOverride=NaN, useAutoBrightness=true, mScreenBrightnessBoostInProgress=false, mIsVrModeEnabled= false, sQuiescent=false
06-25 17:26:57.852 1488 1726 D PowerManagerService: acquireWakeLockInternal: lock=39155635, flags=0x1, tag="*alarm*", ws=WorkSource{1000}, uid=1000, pid=1488
06-25 17:26:57.852 1488 1726 D PowerManagerService: updateWakeLockSummaryLocked: mWakefulness=Awake, mWakeLockSummary=0x1
06-25 17:26:57.852 1488 1726 D PowerManagerService: updateUserActivitySummaryLocked: groupId=0, mWakefulness=Awake, mUserActivitySummary=0x1, nextTimeout=1226940 (in 599985 ms)
06-25 17:26:57.852 1488 1726 D PowerManagerNotifier: onScreenPolicyUpdate: newPolicy=3
06-25 17:26:57.852 1488 1726 D PowerManagerService: updateDisplayPowerStateLocked: displayReady=true, groupId=0, policy=BRIGHT, mWakefulness=Awake, mWakeLockSummary=0x1, mUserActivitySummary=0x1, mBootCompleted=true, screenBrightnessOverride=NaN, useAutoBrightness=true, mScreenBrightnessBoostInProgress=false, mIsVrModeEnabled= false, sQuiescent=false
06-25 17:26:57.852 1488 1726 D PowerManagerService: Acquiring suspend blocker "PowerManagerService.WakeLocks".
06-25 17:26:57.852 1488 1726 D PowerManagerNotifier: onWakeLockAcquired: flags=1, tag="*alarm*", packageName=android, ownerUid=1000, ownerPid=1488, workSource=WorkSource{1000}
06-25 17:26:57.852 1488 1717 W DeviceIdleController: motion timeout went off and device isn't stationary
06-25 17:26:57.853 1488 1717 D PowerManagerService: releaseWakeLockInternal: lock=39155635 [*alarm*], flags=0x0
06-25 17:26:57.853 1488 1717 D PowerManagerNotifier: onWakeLockReleased: flags=1, tag="*alarm*", packageName=android, ownerUid=1000, ownerPid=1488, workSource=WorkSource{1000}
06-25 17:26:57.853 1488 1717 D PowerManagerService: updateWakeLockSummaryLocked: mWakefulness=Awake, mWakeLockSummary=0x0
06-25 17:26:57.853 1488 1717 D PowerManagerService: updateUserActivitySummaryLocked: groupId=0, mWakefulness=Awake, mUserActivitySummary=0x1, nextTimeout=1226940 (in 599984 ms)
06-25 17:26:57.853 1488 1717 D PowerManagerNotifier: onScreenPolicyUpdate: newPolicy=3
06-25 17:26:57.853 1488 1717 D PowerManagerService: updateDisplayPowerStateLocked: displayReady=true, groupId=0, policy=BRIGHT, mWakefulness=Awake, mWakeLockSummary=0x0, mUserActivitySummary=0x1, mBootCompleted=true, screenBrightnessOverride=NaN, useAutoBrightness=true, mScreenBrightnessBoostInProgress=false, mIsVrModeEnabled= false, sQuiescent=false
06-25 17:26:57.853 1488 1717 D PowerManagerService: Releasing suspend blocker "PowerManagerService.WakeLocks".
06-25 17:26:57.854 1488 1488 D CompatibilityInfo: mCompatibilityFlags - 4
06-25 17:26:57.854 1488 1488 D CompatibilityInfo: applicationDensity - 240
06-25 17:26:57.854 1488 1488 D CompatibilityInfo: applicationScale - 1.0
06-25 17:26:57.855 1488 1488 D CompatibilityInfo: mCompatibilityFlags - 4
06-25 17:26:57.855 1488 1488 D CompatibilityInfo: applicationDensity - 240
06-25 17:26:57.855 1488 1488 D CompatibilityInfo: applicationScale - 1.0
06-25 17:26:57.856 1488 1488 D PowerManagerService: acquireWakeLockInternal: lock=262870698, flags=0x1, tag="*job*/android/com.android.server.pm.BackgroundDexOptService", ws=WorkSource{1000}, uid=1000, pid=1488
06-25 17:26:57.856 1488 1488 D PowerManagerService: updateWakeLockSummaryLocked: mWakefulness=Awake, mWakeLockSummary=0x1
06-25 17:26:57.856 1488 1488 D PowerManagerService: updateUserActivitySummaryLocked: groupId=0, mWakefulness=Awake, mUserActivitySummary=0x1, nextTimeout=1226940 (in 599981 ms)
06-25 17:26:57.856 1488 1488 D PowerManagerNotifier: onScreenPolicyUpdate: newPolicy=3
06-25 17:26:57.856 1488 1488 D PowerManagerService: updateDisplayPowerStateLocked: displayReady=true, groupId=0, policy=BRIGHT, mWakefulness=Awake, mWakeLockSummary=0x1, mUserActivitySummary=0x1, mBootCompleted=true, screenBrightnessOverride=NaN, useAutoBrightness=true, mScreenBrightnessBoostInProgress=false, mIsVrModeEnabled= false, sQuiescent=false
06-25 17:26:57.856 1488 1488 D PowerManagerService: Acquiring suspend blocker "PowerManagerService.WakeLocks".
06-25 17:26:57.856 1488 1488 D PowerManagerNotifier: onWakeLockAcquired: flags=1, tag="*job*/android/com.android.server.pm.BackgroundDexOptService", packageName=android, ownerUid=1000, ownerPid=1488, workSource=WorkSource{1000}
06-25 17:26:57.856 1488 1488 D PowerManagerService: acquireWakeLockInternal: lock=238854811, flags=0x1, tag="*job*/com.tencent.android.qqdownloader.YYBLiveAccountProvider/com.tencent.android.qqdownloader.YYBLiveAccountProvider.account/应用宝:android", ws=WorkSource{10111}, uid=1000, pid=1488
06-25 17:26:57.856 1488 1488 D PowerManagerService: updateWakeLockSummaryLocked: mWakefulness=Awake, mWakeLockSummary=0x1
06-25 17:26:57.856 1488 1488 D PowerManagerService: updateUserActivitySummaryLocked: groupId=0, mWakefulness=Awake, mUserActivitySummary=0x1, nextTimeout=1226940 (in 599981 ms)
06-25 17:26:57.856 1488 1488 D PowerManagerNotifier: onScreenPolicyUpdate: newPolicy=3
06-25 17:26:57.856 1488 1488 D PowerManagerService: updateDisplayPowerStateLocked: displayReady=true, groupId=0, policy=BRIGHT, mWakefulness=Awake, mWakeLockSummary=0x1, mUserActivitySummary=0x1, mBootCompleted=true, screenBrightnessOverride=NaN, useAutoBrightness=true, mScreenBrightnessBoostInProgress=false, mIsVrModeEnabled= false, sQuiescent=false
06-25 17:26:57.856 1488 1488 D PowerManagerNotifier: onWakeLockAcquired: flags=1, tag="*job*/com.tencent.android.qqdownloader.YYBLiveAccountProvider/com.tencent.android.qqdownloader.YYBLiveAccountProvider.account/应用宝:android", packageName=android, ownerUid=1000, ownerPid=1488, workSource=WorkSource{10111}
06-25 17:26:57.857 1488 1911 D PowerManagerService: acquireWakeLockInternal: lock=197514241, flags=0x1, tag="SyncLoopWakeLock", ws=null, uid=1000, pid=1488
06-25 17:26:57.858 1488 1911 D PowerManagerService: updateWakeLockSummaryLocked: mWakefulness=Awake, mWakeLockSummary=0x1
06-25 17:26:57.858 1488 1911 D PowerManagerService: updateUserActivitySummaryLocked: groupId=0, mWakefulness=Awake, mUserActivitySummary=0x1, nextTimeout=1226940 (in 599980 ms)
06-25 17:26:57.858 1488 1911 D PowerManagerNotifier: onScreenPolicyUpdate: newPolicy=3
06-25 17:26:57.858 1488 1911 D PowerManagerService: updateDisplayPowerStateLocked: displayReady=true, groupId=0, policy=BRIGHT, mWakefulness=Awake, mWakeLockSummary=0x1, mUserActivitySummary=0x1, mBootCompleted=true, screenBrightnessOverride=NaN, useAutoBrightness=true, mScreenBrightnessBoostInProgress=false, mIsVrModeEnabled= false, sQuiescent=false
06-25 17:26:57.858 1488 1911 D PowerManagerNotifier: onWakeLockAcquired: flags=1, tag="SyncLoopWakeLock", packageName=android, ownerUid=1000, ownerPid=1488, workSource=null
06-25 17:26:57.858 1488 8476 D PowerManagerService: acquireWakeLockInternal: lock=159667215, flags=0x1, tag="*dexopt*", ws=WorkSource{10006}, uid=1000, pid=1488
06-25 17:26:57.858 1488 8476 D PowerManagerService: updateWakeLockSummaryLocked: mWakefulness=Awake, mWakeLockSummary=0x1
06-25 17:26:57.858 1488 8476 D PowerManagerService: updateUserActivitySummaryLocked: groupId=0, mWakefulness=Awake, mUserActivitySummary=0x1, nextTimeout=1226940 (in 599979 ms)
06-25 17:26:57.858 1488 8476 D PowerManagerNotifier: onScreenPolicyUpdate: newPolicy=3
06-25 17:26:57.858 1488 8476 D PowerManagerService: updateDisplayPowerStateLocked: displayReady=true, groupId=0, policy=BRIGHT, mWakefulness=Awake, mWakeLockSummary=0x1, mUserActivitySummary=0x1, mBootCompleted=true, screenBrightnessOverride=NaN, useAutoBrightness=true, mScreenBrightnessBoostInProgress=false, mIsVrModeEnabled= false, sQuiescent=false
06-25 17:26:57.858 1488 1911 I sync : [com.tencent.android.qqdownloader.YYBLiveAccountProvider,0,3,24220937]
06-25 17:26:57.858 1488 8476 D PowerManagerNotifier: onWakeLockAcquired: flags=1, tag="*dexopt*", packageName=android, ownerUid=1000, ownerPid=1488, workSource=WorkSource{10006}
06-25 17:26:57.858 1488 1911 D PowerManagerService: acquireWakeLockInternal: lock=177188396, flags=0x1, tag="*sync*/com.tencent.android.qqdownloader.YYBLiveAccountProvider/com.tencent.android.qqdownloader.YYBLiveAccountProvider.account/应用宝", ws=WorkSource{10111}, uid=1000, pid=1488
06-25 17:26:57.859 1488 1911 D PowerManagerService: updateWakeLockSummaryLocked: mWakefulness=Awake, mWakeLockSummary=0x1
06-25 17:26:57.859 1488 1911 D PowerManagerService: updateUserActivitySummaryLocked: groupId=0, mWakefulness=Awake, mUserActivitySummary=0x1, nextTimeout=1226940 (in 599979 ms)
06-25 17:26:57.859 1488 1911 D PowerManagerNotifier: onScreenPolicyUpdate: newPolicy=3
06-25 17:26:57.859 1488 1911 D PowerManagerService: updateDisplayPowerStateLocked: displayReady=true, groupId=0, policy=BRIGHT, mWakefulness=Awake, mWakeLockSummary=0x1, mUserActivitySummary=0x1, mBootCompleted=true, screenBrightnessOverride=NaN, useAutoBrightness=true, mScreenBrightnessBoostInProgress=false, mIsVrModeEnabled= false, sQuiescent=false
06-25 17:26:57.859 1488 1911 D PowerManagerNotifier: onWakeLockAcquired: flags=1, tag="*sync*/com.tencent.android.qqdownloader.YYBLiveAccountProvider/com.tencent.android.qqdownloader.YYBLiveAccountProvider.account/应用宝", packageName=android, ownerUid=1000, ownerPid=1488, workSource=WorkSource{10111}
06-25 17:26:57.859 1488 8476 D PowerManagerService: releaseWakeLockInternal: lock=159667215 [*dexopt*], flags=0x0
06-25 17:26:57.859 1488 8476 D PowerManagerNotifier: onWakeLockReleased: flags=1, tag="*dexopt*", packageName=android, ownerUid=1000, ownerPid=1488, workSource=WorkSource{10006}
06-25 17:26:57.859 1488 1911 D CompatibilityInfo: mCompatibilityFlags - 4
06-25 17:26:57.859 1488 1911 D CompatibilityInfo: applicationDensity - 240
06-25 17:26:57.859 1488 8476 D PowerManagerService: updateWakeLockSummaryLocked: mWakefulness=Awake, mWakeLockSummary=0x1
06-25 17:26:57.859 1488 1911 D CompatibilityInfo: applicationScale - 1.0
06-25 17:26:57.859 1488 8476 D PowerManagerService: updateUserActivitySummaryLocked: groupId=0, mWakefulness=Awake, mUserActivitySummary=0x1, nextTimeout=1226940 (in 599978 ms)
06-25 17:26:57.859 1488 8476 D PowerManagerNotifier: onScreenPolicyUpdate: newPolicy=3
06-25 17:26:57.859 1488 8476 D PowerManagerService: updateDisplayPowerStateLocked: displayReady=true, groupId=0, policy=BRIGHT, mWakefulness=Awake, mWakeLockSummary=0x1, mUserActivitySummary=0x1, mBootCompleted=true, screenBrightnessOverride=NaN, useAutoBrightness=true, mScreenBrightnessBoostInProgress=false, mIsVrModeEnabled= false, sQuiescent=false
06-25 17:26:57.860 1488 8476 D PowerManagerService: acquireWakeLockInternal: lock=159667215, flags=0x1, tag="*dexopt*", ws=WorkSource{10064}, uid=1000, pid=1488
06-25 17:26:57.864 1488 8476 D PowerManagerService: updateWakeLockSummaryLocked: mWakefulness=Awake, mWakeLockSummary=0x1
06-25 17:26:57.864 1488 8476 D PowerManagerService: updateUserActivitySummaryLocked: groupId=0, mWakefulness=Awake, mUserActivitySummary=0x1, nextTimeout=1226940 (in 599974 ms)
06-25 17:26:57.864 1488 8476 D PowerManagerNotifier: onScreenPolicyUpdate: newPolicy=3
06-25 17:26:57.864 1488 8476 D PowerManagerService: updateDisplayPowerStateLocked: displayReady=true, groupId=0, policy=BRIGHT, mWakefulness=Awake, mWakeLockSummary=0x1, mUserActivitySummary=0x1, mBootCompleted=true, screenBrightnessOverride=NaN, useAutoBrightness=true, mScreenBrightnessBoostInProgress=false, mIsVrModeEnabled= false, sQuiescent=false
06-25 17:26:57.864 1488 8476 D PowerManagerNotifier: onWakeLockAcquired: flags=1, tag="*dexopt*", packageName=android, ownerUid=1000, ownerPid=1488, workSource=WorkSource{10064}
06-25 17:26:57.864 1488 1911 D PowerManagerService: releaseWakeLockInternal: lock=197514241 [SyncLoopWakeLock], flags=0x0
06-25 17:26:57.864 1488 1911 D PowerManagerNotifier: onWakeLockReleased: flags=1, tag="SyncLoopWakeLock", packageName=android, ownerUid=1000, ownerPid=1488, workSource=null
06-25 17:26:57.864 1488 1911 D PowerManagerService: updateWakeLockSummaryLocked: mWakefulness=Awake, mWakeLockSummary=0x1
06-25 17:26:57.864 1488 1911 D PowerManagerService: updateUserActivitySummaryLocked: groupId=0, mWakefulness=Awake, mUserActivitySummary=0x1, nextTimeout=1226940 (in 599973 ms)
06-25 17:26:57.864 1488 1911 D PowerManagerNotifier: onScreenPolicyUpdate: newPolicy=3
06-25 17:26:57.864 1488 1911 D PowerManagerService: updateDisplayPowerStateLocked: displayReady=true, groupId=0, policy=BRIGHT, mWakefulness=Awake, mWakeLockSummary=0x1, mUserActivitySummary=0x1, mBootCompleted=true, screenBrightnessOverride=NaN, useAutoBrightness=true, mScreenBrightnessBoostInProgress=false, mIsVrModeEnabled= false, sQuiescent=false
06-25 17:26:57.864 1488 1911 D PowerManagerService: acquireWakeLockInternal: lock=197514241, flags=0x1, tag="SyncLoopWakeLock", ws=null, uid=1000, pid=1488
06-25 17:26:57.864 1488 1911 D PowerManagerService: updateWakeLockSummaryLocked: mWakefulness=Awake, mWakeLockSummary=0x1
06-25 17:26:57.864 1488 1911 D PowerManagerService: updateUserActivitySummaryLocked: groupId=0, mWakefulness=Awake, mUserActivitySummary=0x1, nextTimeout=1226940 (in 599973 ms)
06-25 17:26:57.864 1488 1911 D PowerManagerNotifier: onScreenPolicyUpdate: newPolicy=3
06-25 17:26:57.864 1488 1911 D PowerManagerService: updateDisplayPowerStateLocked: displayReady=true, groupId=0, policy=BRIGHT, mWakefulness=Awake, mWakeLockSummary=0x1, mUserActivitySummary=0x1, mBootCompleted=true, screenBrightnessOverride=NaN, useAutoBrightness=true, mScreenBrightnessBoostInProgress=false, mIsVrModeEnabled= false, sQuiescent=false
06-25 17:26:57.864 1488 1911 D PowerManagerNotifier: onWakeLockAcquired: flags=1, tag="SyncLoopWakeLock", packageName=android, ownerUid=1000, ownerPid=1488, workSource=null
06-25 17:26:57.865 1488 1911 D PowerManagerService: releaseWakeLockInternal: lock=197514241 [SyncLoopWakeLock], flags=0x0
06-25 17:26:57.865 1488 1911 D PowerManagerNotifier: onWakeLockReleased: flags=1, tag="SyncLoopWakeLock", packageName=android, ownerUid=1000, ownerPid=1488, workSource=null
06-25 17:26:57.865 1488 1911 D PowerManagerService: updateWakeLockSummaryLocked: mWakefulness=Awake, mWakeLockSummary=0x1
06-25 17:26:57.865 1488 1911 D PowerManagerService: updateUserActivitySummaryLocked: groupId=0, mWakefulness=Awake, mUserActivitySummary=0x1, nextTimeout=1226940 (in 599973 ms)
06-25 17:26:57.865 1488 1911 D PowerManagerNotifier: onScreenPolicyUpdate: newPolicy=3
06-25 17:26:57.865 1488 1911 D PowerManagerService: updateDisplayPowerStateLocked: displayReady=true, groupId=0, policy=BRIGHT, mWakefulness=Awake, mWakeLockSummary=0x1, mUserActivitySummary=0x1, mBootCompleted=true, screenBrightnessOverride=NaN, useAutoBrightness=true, mScreenBrightnessBoostInProgress=false, mIsVrModeEnabled= false, sQuiescent=false
06-25 17:26:57.869 1488 1911 D PowerManagerService: acquireWakeLockInternal: lock=197514241, flags=0x1, tag="SyncLoopWakeLock", ws=null, uid=1000, pid=1488
06-25 17:26:57.869 1488 1911 D PowerManagerService: updateWakeLockSummaryLocked: mWakefulness=Awake, mWakeLockSummary=0x1
06-25 17:26:57.869 1488 1911 D PowerManagerService: updateUserActivitySummaryLocked: groupId=0, mWakefulness=Awake, mUserActivitySummary=0x1, nextTimeout=1226940 (in 599968 ms)
06-25 17:26:57.869 1488 1911 D PowerManagerNotifier: onScreenPolicyUpdate: newPolicy=3
06-25 17:26:57.869 1488 1911 D PowerManagerService: updateDisplayPowerStateLocked: displayReady=true, groupId=0, policy=BRIGHT, mWakefulness=Awake, mWakeLockSummary=0x1, mUserActivitySummary=0x1, mBootCompleted=true, screenBrightnessOverride=NaN, useAutoBrightness=true, mScreenBrightnessBoostInProgress=false, mIsVrModeEnabled= false, sQuiescent=false
06-25 17:26:57.869 1488 1911 D PowerManagerNotifier: onWakeLockAcquired: flags=1, tag="SyncLoopWakeLock", packageName=android, ownerUid=1000, ownerPid=1488, workSource=null
06-25 17:26:57.870 1488 1488 D PowerManagerService: releaseWakeLockInternal: lock=238854811 [*job*/com.tencent.android.qqdownloader.YYBLiveAccountProvider/com.tencent.android.qqdownloader.YYBLiveAccountProvider.account/应用宝:android], flags=0x0
06-25 17:26:57.870 1488 1488 D PowerManagerNotifier: onWakeLockReleased: flags=1, tag="*job*/com.tencent.android.qqdownloader.YYBLiveAccountProvider/com.tencent.android.qqdownloader.YYBLiveAccountProvider.account/应用宝:android", packageName=android, ownerUid=1000, ownerPid=1488, workSource=WorkSource{10111}
06-25 17:26:57.870 1488 1488 D PowerManagerService: updateWakeLockSummaryLocked: mWakefulness=Awake, mWakeLockSummary=0x1
06-25 17:26:57.870 1488 1488 D PowerManagerService: updateUserActivitySummaryLocked: groupId=0, mWakefulness=Awake, mUserActivitySummary=0x1, nextTimeout=1226940 (in 599967 ms)
06-25 17:26:57.870 1488 1488 D PowerManagerNotifier: onScreenPolicyUpdate: newPolicy=3
06-25 17:26:57.870 1488 1488 D PowerManagerService: updateDisplayPowerStateLocked: displayReady=true, groupId=0, policy=BRIGHT, mWakefulness=Awake, mWakeLockSummary=0x1, mUserActivitySummary=0x1, mBootCompleted=true, screenBrightnessOverride=NaN, useAutoBrightness=true, mScreenBrightnessBoostInProgress=false, mIsVrModeEnabled= false, sQuiescent=false
06-25 17:26:57.871 1488 1911 D PowerManagerService: releaseWakeLockInternal: lock=177188396 [*sync*/com.tencent.android.qqdownloader.YYBLiveAccountProvider/com.tencent.android.qqdownloader.YYBLiveAccountProvider.account/应用宝], flags=0x0
06-25 17:26:57.871 1488 1911 D PowerManagerNotifier: onWakeLockReleased: flags=1, tag="*sync*/com.tencent.android.qqdownloader.YYBLiveAccountProvider/com.tencent.android.qqdownloader.YYBLiveAccountProvider.account/应用宝", packageName=android, ownerUid=1000, ownerPid=1488, workSource=WorkSource{10111}
06-25 17:26:57.871 1488 1911 D PowerManagerService: updateWakeLockSummaryLocked: mWakefulness=Awake, mWakeLockSummary=0x1
06-25 17:26:57.871 1488 1911 D PowerManagerService: updateUserActivitySummaryLocked: groupId=0, mWakefulness=Awake, mUserActivitySummary=0x1, nextTimeout=1226940 (in 599967 ms)
06-25 17:26:57.871 1488 1911 D PowerManagerNotifier: onScreenPolicyUpdate: newPolicy=3
06-25 17:26:57.871 1488 1911 D PowerManagerService: updateDisplayPowerStateLocked: displayReady=true, groupId=0, policy=BRIGHT, mWakefulness=Awake, mWakeLockSummary=0x1, mUserActivitySummary=0x1, mBootCompleted=true, screenBrightnessOverride=NaN, useAutoBrightness=true, mScreenBrightnessBoostInProgress=false, mIsVrModeEnabled= false, sQuiescent=false
06-25 17:26:57.871 1488 1911 I sync : [com.tencent.android.qqdownloader.YYBLiveAccountProvider,1,3,24220937]
06-25 17:26:57.872 1488 1911 I commit_sys_config_file: [sync-status,601197]
06-25 17:26:57.872 1488 1911 D PowerManagerService: releaseWakeLockInternal: lock=197514241 [SyncLoopWakeLock], flags=0x0
06-25 17:26:57.872 1488 1911 D PowerManagerNotifier: onWakeLockReleased: flags=1, tag="SyncLoopWakeLock", packageName=android, ownerUid=1000, ownerPid=1488, workSource=null
06-25 17:26:57.872 1488 1911 D PowerManagerService: updateWakeLockSummaryLocked: mWakefulness=Awake, mWakeLockSummary=0x1
06-25 17:26:57.872 1488 1911 D PowerManagerService: updateUserActivitySummaryLocked: groupId=0, mWakefulness=Awake, mUserActivitySummary=0x1, nextTimeout=1226940 (in 599965 ms)
06-25 17:26:57.872 1488 1911 D PowerManagerNotifier: onScreenPolicyUpdate: newPolicy=3
06-25 17:26:57.872 1488 1911 D PowerManagerService: updateDisplayPowerStateLocked: displayReady=true, groupId=0, policy=BRIGHT, mWakefulness=Awake, mWakeLockSummary=0x1, mUserActivitySummary=0x1, mBootCompleted=true, screenBrightnessOverride=NaN, useAutoBrightness=true, mScreenBrightnessBoostInProgress=false, mIsVrModeEnabled= false, sQuiescent=false
06-25 17:26:57.872 1488 1911 D PowerManagerService: acquireWakeLockInternal: lock=197514241, flags=0x1, tag="SyncLoopWakeLock", ws=null, uid=1000, pid=1488
06-25 17:26:57.872 1488 1911 D PowerManagerService: updateWakeLockSummaryLocked: mWakefulness=Awake, mWakeLockSummary=0x1
06-25 17:26:57.872 1488 1911 D PowerManagerService: updateUserActivitySummaryLocked: groupId=0, mWakefulness=Awake, mUserActivitySummary=0x1, nextTimeout=1226940 (in 599965 ms)
06-25 17:26:57.872 1488 1911 D PowerManagerNotifier: onScreenPolicyUpdate: newPolicy=3
06-25 17:26:57.872 1488 1911 D PowerManagerService: updateDisplayPowerStateLocked: displayReady=true, groupId=0, policy=BRIGHT, mWakefulness=Awake, mWakeLockSummary=0x1, mUserActivitySummary=0x1, mBootCompleted=true, screenBrightnessOverride=NaN, useAutoBrightness=true, mScreenBrightnessBoostInProgress=false, mIsVrModeEnabled= false, sQuiescent=false
06-25 17:26:57.872 1488 1911 D PowerManagerNotifier: onWakeLockAcquired: flags=1, tag="SyncLoopWakeLock", packageName=android, ownerUid=1000, ownerPid=1488, workSource=null
06-25 17:26:57.874 1488 1911 D CompatibilityInfo: mCompatibilityFlags - 4
06-25 17:26:57.874 1488 1911 D CompatibilityInfo: applicationDensity - 240
06-25 17:26:57.874 1488 1911 D CompatibilityInfo: applicationScale - 1.0
06-25 17:26:57.874 1488 1911 D PowerManagerService: releaseWakeLockInternal: lock=197514241 [SyncLoopWakeLock], flags=0x0
06-25 17:26:57.874 1488 1911 D PowerManagerNotifier: onWakeLockReleased: flags=1, tag="SyncLoopWakeLock", packageName=android, ownerUid=1000, ownerPid=1488, workSource=null
06-25 17:26:57.875 1488 1911 D PowerManagerService: updateWakeLockSummaryLocked: mWakefulness=Awake, mWakeLockSummary=0x1
06-25 17:26:57.875 1488 1911 D PowerManagerService: updateUserActivitySummaryLocked: groupId=0, mWakefulness=Awake, mUserActivitySummary=0x1, nextTimeout=1226940 (in 599963 ms)
06-25 17:26:57.875 1488 1911 D PowerManagerNotifier: onScreenPolicyUpdate: newPolicy=3
06-25 17:26:57.875 1488 1911 D PowerManagerService: updateDisplayPowerStateLocked: displayReady=true, groupId=0, policy=BRIGHT, mWakefulness=Awake, mWakeLockSummary=0x1, mUserActivitySummary=0x1, mBootCompleted=true, screenBrightnessOverride=NaN, useAutoBrightness=true, mScreenBrightnessBoostInProgress=false, mIsVrModeEnabled= false, sQuiescent=false
06-25 17:26:57.875 1488 1488 D PowerManagerService: acquireWakeLockInternal: lock=67081601, flags=0x1, tag="*job*/com.tencent.android.qqdownloader.YYBLiveAccountProvider/com.tencent.android.qqdownloader.YYBLiveAccountProvider.account/应用宝:android", ws=WorkSource{10111}, uid=1000, pid=1488
06-25 17:26:57.875 1488 1488 D PowerManagerService: updateWakeLockSummaryLocked: mWakefulness=Awake, mWakeLockSummary=0x1
06-25 17:26:57.875 1488 1488 D PowerManagerService: updateUserActivitySummaryLocked: groupId=0, mWakefulness=Awake, mUserActivitySummary=0x1, nextTimeout=1226940 (in 599962 ms)
06-25 17:26:57.875 1488 1488 D PowerManagerNotifier: onScreenPolicyUpdate: newPolicy=3
06-25 17:26:57.875 1488 1488 D PowerManagerService: updateDisplayPowerStateLocked: displayReady=true, groupId=0, policy=BRIGHT, mWakefulness=Awake, mWakeLockSummary=0x1, mUserActivitySummary=0x1, mBootCompleted=true, screenBrightnessOverride=NaN, useAutoBrightness=true, mScreenBrightnessBoostInProgress=false, mIsVrModeEnabled= false, sQuiescent=false
06-25 17:26:57.875 1488 1488 D PowerManagerNotifier: onWakeLockAcquired: flags=1, tag="*job*/com.tencent.android.qqdownloader.YYBLiveAccountProvider/com.tencent.android.qqdownloader.YYBLiveAccountProvider.account/应用宝:android", packageName=android, ownerUid=1000, ownerPid=1488, workSource=WorkSource{10111}
06-25 17:26:57.877 1488 1911 D PowerManagerService: acquireWakeLockInternal: lock=197514241, flags=0x1, tag="SyncLoopWakeLock", ws=null, uid=1000, pid=1488
06-25 17:26:57.877 1488 1911 D PowerManagerService: updateWakeLockSummaryLocked: mWakefulness=Awake, mWakeLockSummary=0x1
06-25 17:26:57.877 1488 1911 D PowerManagerService: updateUserActivitySummaryLocked: groupId=0, mWakefulness=Awake, mUserActivitySummary=0x1, nextTimeout=1226940 (in 599961 ms)
06-25 17:26:57.877 1488 1911 D PowerManagerNotifier: onScreenPolicyUpdate: newPolicy=3
06-25 17:26:57.877 1488 1911 D PowerManagerService: updateDisplayPowerStateLocked: displayReady=true, groupId=0, policy=BRIGHT, mWakefulness=Awake, mWakeLockSummary=0x1, mUserActivitySummary=0x1, mBootCompleted=true, screenBrightnessOverride=NaN, useAutoBrightness=true, mScreenBrightnessBoostInProgress=false, mIsVrModeEnabled= false, sQuiescent=false
06-25 17:26:57.877 1488 1911 D PowerManagerNotifier: onWakeLockAcquired: flags=1, tag="SyncLoopWakeLock", packageName=android, ownerUid=1000, ownerPid=1488, workSource=null
06-25 17:26:57.877 1488 1911 I sync : [com.tencent.android.qqdownloader.YYBLiveAccountProvider,0,3,24220937]
06-25 17:26:57.877 1488 1911 D PowerManagerService: acquireWakeLockInternal: lock=177188396, flags=0x1, tag="*sync*/com.tencent.android.qqdownloader.YYBLiveAccountProvider/com.tencent.android.qqdownloader.YYBLiveAccountProvider.account/应用宝", ws=WorkSource{10111}, uid=1000, pid=1488
06-25 17:26:57.877 1488 1911 D PowerManagerService: updateWakeLockSummaryLocked: mWakefulness=Awake, mWakeLockSummary=0x1
06-25 17:26:57.877 1488 1911 D PowerManagerService: updateUserActivitySummaryLocked: groupId=0, mWakefulness=Awake, mUserActivitySummary=0x1, nextTimeout=1226940 (in 599960 ms)
06-25 17:26:57.877 1488 1911 D PowerManagerNotifier: onScreenPolicyUpdate: newPolicy=3
06-25 17:26:57.877 1488 1911 D PowerManagerService: updateDisplayPowerStateLocked: displayReady=true, groupId=0, policy=BRIGHT, mWakefulness=Awake, mWakeLockSummary=0x1, mUserActivitySummary=0x1, mBootCompleted=true, screenBrightnessOverride=NaN, useAutoBrightness=true, mScreenBrightnessBoostInProgress=false, mIsVrModeEnabled= false, sQuiescent=false
06-25 17:26:57.877 1488 1911 D PowerManagerNotifier: onWakeLockAcquired: flags=1, tag="*sync*/com.tencent.android.qqdownloader.YYBLiveAccountProvider/com.tencent.android.qqdownloader.YYBLiveAccountProvider.account/应用宝", packageName=android, ownerUid=1000, ownerPid=1488, workSource=WorkSource{10111}
06-25 17:26:57.878 1488 1911 D CompatibilityInfo: mCompatibilityFlags - 4
06-25 17:26:57.878 1488 1911 D CompatibilityInfo: applicationDensity - 240
06-25 17:26:57.879 1488 1911 D CompatibilityInfo: applicationScale - 1.0
06-25 17:26:57.879 1488 1911 D PowerManagerService: releaseWakeLockInternal: lock=197514241 [SyncLoopWakeLock], flags=0x0
06-25 17:26:57.879 1488 1911 D PowerManagerNotifier: onWakeLockReleased: flags=1, tag="SyncLoopWakeLock", packageName=android, ownerUid=1000, ownerPid=1488, workSource=null
06-25 17:26:57.879 1488 1911 D PowerManagerService: updateWakeLockSummaryLocked: mWakefulness=Awake, mWakeLockSummary=0x1
06-25 17:26:57.879 1488 1911 D PowerManagerService: updateUserActivitySummaryLocked: groupId=0, mWakefulness=Awake, mUserActivitySummary=0x1, nextTimeout=1226940 (in 599958 ms)
06-25 17:26:57.879 1488 1911 D PowerManagerNotifier: onScreenPolicyUpdate: newPolicy=3
06-25 17:26:57.879 1488 1911 D PowerManagerService: updateDisplayPowerStateLocked: displayReady=true, groupId=0, policy=BRIGHT, mWakefulness=Awake, mWakeLockSummary=0x1, mUserActivitySummary=0x1, mBootCompleted=true, screenBrightnessOverride=NaN, useAutoBrightness=true, mScreenBrightnessBoostInProgress=false, mIsVrModeEnabled= false, sQuiescent=false
06-25 17:26:57.882 1488 1911 D PowerManagerService: acquireWakeLockInternal: lock=197514241, flags=0x1, tag="SyncLoopWakeLock", ws=null, uid=1000, pid=1488
06-25 17:26:57.882 1488 1911 D PowerManagerService: updateWakeLockSummaryLocked: mWakefulness=Awake, mWakeLockSummary=0x1
06-25 17:26:57.882 1488 1911 D PowerManagerService: updateUserActivitySummaryLocked: groupId=0, mWakefulness=Awake, mUserActivitySummary=0x1, nextTimeout=1226940 (in 599955 ms)
06-25 17:26:57.882 1488 1911 D PowerManagerNotifier: onScreenPolicyUpdate: newPolicy=3
06-25 17:26:57.882 1488 1911 D PowerManagerService: updateDisplayPowerStateLocked: displayReady=true, groupId=0, policy=BRIGHT, mWakefulness=Awake, mWakeLockSummary=0x1, mUserActivitySummary=0x1, mBootCompleted=true, screenBrightnessOverride=NaN, useAutoBrightness=true, mScreenBrightnessBoostInProgress=false, mIsVrModeEnabled= false, sQuiescent=false
06-25 17:26:57.882 1488 1911 D PowerManagerNotifier: onWakeLockAcquired: flags=1, tag="SyncLoopWakeLock", packageName=android, ownerUid=1000, ownerPid=1488, workSource=null
06-25 17:26:57.882 1488 1911 D PowerManagerService: releaseWakeLockInternal: lock=197514241 [SyncLoopWakeLock], flags=0x0
06-25 17:26:57.882 1488 1911 D PowerManagerNotifier: onWakeLockReleased: flags=1, tag="SyncLoopWakeLock", packageName=android, ownerUid=1000, ownerPid=1488, workSource=null
06-25 17:26:57.882 1488 1911 D PowerManagerService: updateWakeLockSummaryLocked: mWakefulness=Awake, mWakeLockSummary=0x1
06-25 17:26:57.882 1488 1911 D PowerManagerService: updateUserActivitySummaryLocked: groupId=0, mWakefulness=Awake, mUserActivitySummary=0x1, nextTimeout=1226940 (in 599955 ms)
06-25 17:26:57.882 1488 1911 D PowerManagerNotifier: onScreenPolicyUpdate: newPolicy=3
06-25 17:26:57.882 1488 1911 D PowerManagerService: updateDisplayPowerStateLocked: displayReady=true, groupId=0, policy=BRIGHT, mWakefulness=Awake, mWakeLockSummary=0x1, mUserActivitySummary=0x1, mBootCompleted=true, screenBrightnessOverride=NaN, useAutoBrightness=true, mScreenBrightnessBoostInProgress=false, mIsVrModeEnabled= false, sQuiescent=false
06-25 17:26:57.885 1488 1911 D PowerManagerService: acquireWakeLockInternal: lock=197514241, flags=0x1, tag="SyncLoopWakeLock", ws=null, uid=1000, pid=1488
06-25 17:26:57.885 1488 1911 D PowerManagerService: updateWakeLockSummaryLocked: mWakefulness=Awake, mWakeLockSummary=0x1
06-25 17:26:57.885 1488 1911 D PowerManagerService: updateUserActivitySummaryLocked: groupId=0, mWakefulness=Awake, mUserActivitySummary=0x1, nextTimeout=1226940 (in 599953 ms)
06-25 17:26:57.885 1488 1911 D PowerManagerNotifier: onScreenPolicyUpdate: newPolicy=3
06-25 17:26:57.885 1488 1911 D PowerManagerService: updateDisplayPowerStateLocked: displayReady=true, groupId=0, policy=BRIGHT, mWakefulness=Awake, mWakeLockSummary=0x1, mUserActivitySummary=0x1, mBootCompleted=true, screenBrightnessOverride=NaN, useAutoBrightness=true, mScreenBrightnessBoostInProgress=false, mIsVrModeEnabled= false, sQuiescent=false
06-25 17:26:57.885 1488 1911 D PowerManagerNotifier: onWakeLockAcquired: flags=1, tag="SyncLoopWakeLock", packageName=android, ownerUid=1000, ownerPid=1488, workSource=null
06-25 17:26:57.886 1488 1488 D PowerManagerService: releaseWakeLockInternal: lock=67081601 [*job*/com.tencent.android.qqdownloader.YYBLiveAccountProvider/com.tencent.android.qqdownloader.YYBLiveAccountProvider.account/应用宝:android], flags=0x0
06-25 17:26:57.886 1488 1488 D PowerManagerNotifier: onWakeLockReleased: flags=1, tag="*job*/com.tencent.android.qqdownloader.YYBLiveAccountProvider/com.tencent.android.qqdownloader.YYBLiveAccountProvider.account/应用宝:android", packageName=android, ownerUid=1000, ownerPid=1488, workSource=WorkSource{10111}
06-25 17:26:57.886 1488 1488 D PowerManagerService: updateWakeLockSummaryLocked: mWakefulness=Awake, mWakeLockSummary=0x1
06-25 17:26:57.886 1488 1488 D PowerManagerService: updateUserActivitySummaryLocked: groupId=0, mWakefulness=Awake, mUserActivitySummary=0x1, nextTimeout=1226940 (in 599952 ms)
06-25 17:26:57.886 1488 1488 D PowerManagerNotifier: onScreenPolicyUpdate: newPolicy=3
06-25 17:26:57.886 1488 1488 D PowerManagerService: updateDisplayPowerStateLocked: displayReady=true, groupId=0, policy=BRIGHT, mWakefulness=Awake, mWakeLockSummary=0x1, mUserActivitySummary=0x1, mBootCompleted=true, screenBrightnessOverride=NaN, useAutoBrightness=true, mScreenBrightnessBoostInProgress=false, mIsVrModeEnabled= false, sQuiescent=false
06-25 17:26:57.886 1488 1911 D PowerManagerService: releaseWakeLockInternal: lock=177188396 [*sync*/com.tencent.android.qqdownloader.YYBLiveAccountProvider/com.tencent.android.qqdownloader.YYBLiveAccountProvider.account/应用宝], flags=0x0
06-25 17:26:57.886 1488 1911 D PowerManagerNotifier: onWakeLockReleased: flags=1, tag="*sync*/com.tencent.android.qqdownloader.YYBLiveAccountProvider/com.tencent.android.qqdownloader.YYBLiveAccountProvider.account/应用宝", packageName=android, ownerUid=1000, ownerPid=1488, workSource=WorkSource{10111}
06-25 17:26:57.886 1488 1911 D PowerManagerService: updateWakeLockSummaryLocked: mWakefulness=Awake, mWakeLockSummary=0x1
06-25 17:26:57.886 1488 1911 D PowerManagerService: updateUserActivitySummaryLocked: groupId=0, mWakefulness=Awake, mUserActivitySummary=0x1, nextTimeout=1226940 (in 599951 ms)
06-25 17:26:57.886 1488 1911 D PowerManagerNotifier: onScreenPolicyUpdate: newPolicy=3
06-25 17:26:57.886 1488 1911 D PowerManagerService: updateDisplayPowerStateLocked: displayReady=true, groupId=0, policy=BRIGHT, mWakefulness=Awake, mWakeLockSummary=0x1, mUserActivitySummary=0x1, mBootCompleted=true, screenBrightnessOverride=NaN, useAutoBrightness=true, mScreenBrightnessBoostInProgress=false, mIsVrModeEnabled= false, sQuiescent=false
06-25 17:26:57.889 1488 1911 W SyncManager: failed sync operation JobId=100019 ***/com.tencent.android.qqdownloader.YYBLiveAccountProvider.account u0 [com.tencent.android.qqdownloader.YYBLiveAccountProvider] USER ExpectedIn=0s STANDBY-EXEMPTED(TOP) Reason=10111, SyncResult: syncAlreadyInProgress: true stats []
06-25 17:26:57.890 1488 8476 D PowerManagerService: releaseWakeLockInternal: lock=159667215 [*dexopt*], flags=0x0
06-25 17:26:57.890 1488 8476 D PowerManagerNotifier: onWakeLockReleased: flags=1, tag="*dexopt*", packageName=android, ownerUid=1000, ownerPid=1488, workSource=WorkSource{10064}
06-25 17:26:57.890 1488 8476 D PowerManagerService: updateWakeLockSummaryLocked: mWakefulness=Awake, mWakeLockSummary=0x1
06-25 17:26:57.890 1488 1911 I sync : [com.tencent.android.qqdownloader.YYBLiveAccountProvider,1,3,24220937]
06-25 17:26:57.890 1488 8476 D PowerManagerService: updateUserActivitySummaryLocked: groupId=0, mWakefulness=Awake, mUserActivitySummary=0x1, nextTimeout=1226940 (in 599947 ms)
06-25 17:26:57.890 1488 8476 D PowerManagerNotifier: onScreenPolicyUpdate: newPolicy=3
06-25 17:26:57.890 1488 8476 D PowerManagerService: updateDisplayPowerStateLocked: displayReady=true, groupId=0, policy=BRIGHT, mWakefulness=Awake, mWakeLockSummary=0x1, mUserActivitySummary=0x1, mBootCompleted=true, screenBrightnessOverride=NaN, useAutoBrightness=true, mScreenBrightnessBoostInProgress=false, mIsVrModeEnabled= false, sQuiescent=false
06-25 17:26:57.891 1488 8476 D PowerManagerService: acquireWakeLockInternal: lock=159667215, flags=0x1, tag="*dexopt*", ws=WorkSource{1000}, uid=1000, pid=1488
06-25 17:26:57.891 1488 8476 D PowerManagerService: updateWakeLockSummaryLocked: mWakefulness=Awake, mWakeLockSummary=0x1
06-25 17:26:57.891 1488 8476 D PowerManagerService: updateUserActivitySummaryLocked: groupId=0, mWakefulness=Awake, mUserActivitySummary=0x1, nextTimeout=1226940 (in 599947 ms)
06-25 17:26:57.891 1488 8476 D PowerManagerNotifier: onScreenPolicyUpdate: newPolicy=3
06-25 17:26:57.891 1488 8476 D PowerManagerService: updateDisplayPowerStateLocked: displayReady=true, groupId=0, policy=BRIGHT, mWakefulness=Awake, mWakeLockSummary=0x1, mUserActivitySummary=0x1, mBootCompleted=true, screenBrightnessOverride=NaN, useAutoBrightness=true, mScreenBrightnessBoostInProgress=false, mIsVrModeEnabled= false, sQuiescent=false
06-25 17:26:57.891 1488 8476 D PowerManagerNotifier: onWakeLockAcquired: flags=1, tag="*dexopt*", packageName=android, ownerUid=1000, ownerPid=1488, workSource=WorkSource{1000}
06-25 17:26:57.891 1488 1911 I commit_sys_config_file: [sync-status,601216]
06-25 17:26:57.891 1488 1911 D PowerManagerService: releaseWakeLockInternal: lock=197514241 [SyncLoopWakeLock], flags=0x0
06-25 17:26:57.891 1488 1911 D PowerManagerNotifier: onWakeLockReleased: flags=1, tag="SyncLoopWakeLock", packageName=android, ownerUid=1000, ownerPid=1488, workSource=null
06-25 17:26:57.891 1488 1911 D PowerManagerService: updateWakeLockSummaryLocked: mWakefulness=Awake, mWakeLockSummary=0x1
06-25 17:26:57.891 1488 1911 D PowerManagerService: updateUserActivitySummaryLocked: groupId=0, mWakefulness=Awake, mUserActivitySummary=0x1, nextTimeout=1226940 (in 599946 ms)
06-25 17:26:57.891 1488 1911 D PowerManagerNotifier: onScreenPolicyUpdate: newPolicy=3
06-25 17:26:57.891 1488 1911 D PowerManagerService: updateDisplayPowerStateLocked: displayReady=true, groupId=0, policy=BRIGHT, mWakefulness=Awake, mWakeLockSummary=0x1, mUserActivitySummary=0x1, mBootCompleted=true, screenBrightnessOverride=NaN, useAutoBrightness=true, mScreenBrightnessBoostInProgress=false, mIsVrModeEnabled= false, sQuiescent=false
06-25 17:26:57.891 1488 1911 D PowerManagerService: acquireWakeLockInternal: lock=197514241, flags=0x1, tag="SyncLoopWakeLock", ws=null, uid=1000, pid=1488
06-25 17:26:57.892 1488 1911 D PowerManagerService: updateWakeLockSummaryLocked: mWakefulness=Awake, mWakeLockSummary=0x1
06-25 17:26:57.892 1488 1911 D PowerManagerService: updateUserActivitySummaryLocked: groupId=0, mWakefulness=Awake, mUserActivitySummary=0x1, nextTimeout=1226940 (in 599946 ms)
06-25 17:26:57.892 1488 1911 D PowerManagerNotifier: onScreenPolicyUpdate: newPolicy=3
06-25 17:26:57.892 1488 1911 D PowerManagerService: updateDisplayPowerStateLocked: displayReady=true, groupId=0, policy=BRIGHT, mWakefulness=Awake, mWakeLockSummary=0x1, mUserActivitySummary=0x1, mBootCompleted=true, screenBrightnessOverride=NaN, useAutoBrightness=true, mScreenBrightnessBoostInProgress=false, mIsVrModeEnabled= false, sQuiescent=false
06-25 17:26:57.892 1488 1911 D PowerManagerNotifier: onWakeLockAcquired: flags=1, tag="SyncLoopWakeLock", packageName=android, ownerUid=1000, ownerPid=1488, workSource=null
06-25 17:26:57.893 1488 1911 D PowerManagerService: releaseWakeLockInternal: lock=197514241 [SyncLoopWakeLock], flags=0x0
06-25 17:26:57.893 1488 1911 D PowerManagerNotifier: onWakeLockReleased: flags=1, tag="SyncLoopWakeLock", packageName=android, ownerUid=1000, ownerPid=1488, workSource=null
06-25 17:26:57.893 1488 1911 D PowerManagerService: updateWakeLockSummaryLocked: mWakefulness=Awake, mWakeLockSummary=0x1
06-25 17:26:57.893 1488 1911 D PowerManagerService: updateUserActivitySummaryLocked: groupId=0, mWakefulness=Awake, mUserActivitySummary=0x1, nextTimeout=1226940 (in 599944 ms)
06-25 17:26:57.893 1488 1911 D PowerManagerNotifier: onScreenPolicyUpdate: newPolicy=3
06-25 17:26:57.893 1488 1911 D PowerManagerService: updateDisplayPowerStateLocked: displayReady=true, groupId=0, policy=BRIGHT, mWakefulness=Awake, mWakeLockSummary=0x1, mUserActivitySummary=0x1, mBootCompleted=true, screenBrightnessOverride=NaN, useAutoBrightness=true, mScreenBrightnessBoostInProgress=false, mIsVrModeEnabled= false, sQuiescent=false
06-25 17:26:57.909 1488 8476 D PowerManagerService: releaseWakeLockInternal: lock=159667215 [*dexopt*], flags=0x0
