--------- beginning of kernel
01-01 08:01:49.849 0 0 I : [ 0.000000] Booting Linux on physical CPU 0x0000000000 [0x51df805e]
01-01 08:01:49.849 0 0 I : [ 0.000000] Linux version 4.19.157-perf+ (scm@b53b07e4c2e8) (clang version 10.0.7 for Android NDK, GNU ld (binutils-2.27-bd24d23f) 2.27.0.20170315) #1 SMP PREEMPT Sun Jun 25 02:50:55 CST 2023
01-01 08:01:49.849 0 0 I : [ 0.000000] Machine model: Qualcomm Technologies, Inc. kona MTP-RmPM8150b. VC1(FSE) DVT2
01-01 08:01:49.849 0 0 I : [ 0.000000] Memory limit set/overridden to 6072MB
01-01 08:01:49.849 0 0 E [ 0.000000] OF: reserved mem: OVERLAP DETECTED!
01-01 08:01:49.849 0 0 E : [ 0.000000] disp_rdump_region@9c000000 (0x000000009c000000--0x000000009c800000) overlaps with cont_splash_region@9c000000 (0x000000009c000000--0x000000009e300000)
01-01 08:01:49.849 0 0 I : [ 0.000000] Reserved memory: created CMA memory pool at 0x00000000fec00000, size 16 MiB
01-01 08:01:49.849 0 0 I [ 0.000000] OF: reserved mem: initialized node user_contig_region, compatible id shared-dma-pool
01-01 08:01:49.849 0 0 I : [ 0.000000] Reserved memory: created CMA memory pool at 0x00000000fcc00000, size 32 MiB
01-01 08:01:49.849 0 0 I [ 0.000000] OF: reserved mem: initialized node linux,cma, compatible id shared-dma-pool
01-01 08:01:49.849 0 0 I : [ 0.000000] Reserved memory: created CMA memory pool at 0x00000000fbc00000, size 16 MiB
01-01 08:01:49.849 0 0 I [ 0.000000] OF: reserved mem: initialized node qseecom_ta_region, compatible id shared-dma-pool
01-01 08:01:49.849 0 0 I : [ 0.000000] Reserved memory: created CMA memory pool at 0x00000000f1800000, size 164 MiB
01-01 08:01:49.849 0 0 I [ 0.000000] OF: reserved mem: initialized node secure_display_region, compatible id shared-dma-pool
01-01 08:01:49.849 0 0 I : [ 0.000000] Reserved memory: created CMA memory pool at 0x00000000f0400000, size 20 MiB
01-01 08:01:49.849 0 0 I [ 0.000000] OF: reserved mem: initialized node cnss_wlan_region, compatible id shared-dma-pool
01-01 08:01:49.849 0 0 I : [ 0.000000] Reserved memory: created CMA memory pool at 0x00000000edc00000, size 40 MiB
01-01 08:01:49.849 0 0 I [ 0.000000] OF: reserved mem: initialized node mem_dump_region, compatible id shared-dma-pool
01-01 08:01:49.849 0 0 I : [ 0.000000] Reserved memory: created CMA memory pool at 0x00000000ecc00000, size 16 MiB
01-01 08:01:49.849 0 0 I [ 0.000000] OF: reserved mem: initialized node sp_region, compatible id shared-dma-pool
01-01 08:01:49.849 0 0 I : [ 0.000000] Reserved memory: created CMA memory pool at 0x00000000ec800000, size 4 MiB
01-01 08:01:49.849 0 0 I [ 0.000000] OF: reserved mem: initialized node cdsp_region, compatible id shared-dma-pool
01-01 08:01:49.849 0 0 I : [ 0.000000] Reserved memory: created CMA memory pool at 0x00000000eb400000, size 20 MiB
01-01 08:01:49.849 0 0 I [ 0.000000] OF: reserved mem: initialized node qseecom_region, compatible id shared-dma-pool
01-01 08:01:49.849 0 0 I : [ 0.000000] Reserved memory: created CMA memory pool at 0x00000000eac00000, size 8 MiB
01-01 08:01:49.849 0 0 I [ 0.000000] OF: reserved mem: initialized node sdsp_region, compatible id shared-dma-pool
01-01 08:01:49.849 0 0 I : [ 0.000000] Reserved memory: created CMA memory pool at 0x00000000ea000000, size 12 MiB
01-01 08:01:49.849 0 0 I [ 0.000000] OF: reserved mem: initialized node adsp_region, compatible id shared-dma-pool
01-01 08:01:49.849 0 0 I : [ 0.000000] Reserved memory: created DMA memory pool at 0x00000000ffc00000, size 0 MiB
01-01 08:01:49.849 0 0 I [ 0.000000] OF: reserved mem: initialized node mailbox_region, compatible id shared-dma-pool
01-01 08:01:49.849 0 0 I : [ 0.000000] Removed memory: created DMA memory pool at 0x0000000080880000, size 0 MiB
01-01 08:01:49.849 0 0 I [ 0.000000] OF: reserved mem: initialized node res_xbl_uefi_log_region@80880000, compatible id removed-dma-pool
01-01 08:01:49.849 0 0 I : [ 0.000000] Removed memory: created DMA memory pool at 0x0000000086700000, size 1 MiB
01-01 08:01:49.849 0 0 I [ 0.000000] OF: reserved mem: initialized node pil_wlan_fw_region@86700000, compatible id removed-dma-pool
01-01 08:01:49.849 0 0 I : [ 0.000000] Removed memory: created DMA memory pool at 0x0000000086800000, size 0 MiB
01-01 08:01:49.849 0 0 I [ 0.000000] OF: reserved mem: initialized node pil_ipa_fw_region@86800000, compatible id removed-dma-pool
01-01 08:01:49.849 0 0 I : [ 0.000000] Removed memory: created DMA memory pool at 0x0000000086810000, size 0 MiB
01-01 08:01:49.849 0 0 I [ 0.000000] OF: reserved mem: initialized node pil_ipa_gsi_region@86810000, compatible id removed-dma-pool
01-01 08:01:49.849 0 0 I : [ 0.000000] Removed memory: created DMA memory pool at 0x000000008681a000, size 0 MiB
01-01 08:01:49.849 0 0 I [ 0.000000] OF: reserved mem: initialized node pil_gpu_region@8681a000, compatible id removed-dma-pool
01-01 08:01:49.849 0 0 I : [ 0.000000] Removed memory: created DMA memory pool at 0x0000000086900000, size 5 MiB
01-01 08:01:49.849 0 0 I [ 0.000000] OF: reserved mem: initialized node pil_npu_region@86900000, compatible id removed-dma-pool
01-01 08:01:49.849 0 0 I : [ 0.000000] Removed memory: created DMA memory pool at 0x0000000086e00000, size 5 MiB
01-01 08:01:49.849 0 0 I [ 0.000000] OF: reserved mem: initialized node pil_video_region@86e00000, compatible id removed-dma-pool
01-01 08:01:49.849 0 0 I : [ 0.000000] Removed memory: created DMA memory pool at 0x0000000087300000, size 5 MiB
01-01 08:01:49.849 0 0 I [ 0.000000] OF: reserved mem: initialized node pil_cvp_region@87300000, compatible id removed-dma-pool
01-01 08:01:49.849 0 0 I : [ 0.000000] Removed memory: created DMA memory pool at 0x0000000087800000, size 20 MiB
01-01 08:01:49.849 0 0 I [ 0.000000] OF: reserved mem: initialized node pil_cdsp_region@87800000, compatible id removed-dma-pool
01-01 08:01:49.849 0 0 I : [ 0.000000] Removed memory: created DMA memory pool at 0x0000000088c00000, size 21 MiB
01-01 08:01:49.849 0 0 I [ 0.000000] OF: reserved mem: initialized node pil_slpi_region@88c00000, compatible id removed-dma-pool
01-01 08:01:49.849 0 0 I : [ 0.000000] Removed memory: created DMA memory pool at 0x000000008a100000, size 30 MiB
01-01 08:01:49.849 0 0 I [ 0.000000] OF: reserved mem: initialized node pil_adsp_region@8a100000, compatible id removed-dma-pool
01-01 08:01:49.849 0 0 I : [ 0.000000] Removed memory: created DMA memory pool at 0x000000008bf00000, size 1 MiB
01-01 08:01:49.849 0 0 I [ 0.000000] OF: reserved mem: initialized node pil_spss_region@8bf00000, compatible id removed-dma-pool
01-01 08:01:49.849 0 0 I : [ 0.000000] Removed memory: created DMA memory pool at 0x000000008c000000, size 70 MiB
01-01 08:01:49.849 0 0 I [ 0.000000] OF: reserved mem: initialized node cdsp_secure_heap@8c000000, compatible id removed-dma-pool
01-01 08:01:49.849 0 0 I : [ 0.000000] Removed memory: created DMA memory pool at 0x0000000090600000, size 1 MiB
01-01 08:01:49.849 0 0 I [ 0.000000] OF: reserved mem: initialized node ramoops@90600000, compatible id removed-dma-pool
01-01 08:01:49.849 0 0 D : [ 0.000000] On node 0 totalpages: 1489968
01-01 08:01:49.849 0 0 D : [ 0.000000] Normal zone: 24552 pages used for memmap
01-01 08:01:49.849 0 0 D : [ 0.000000] Normal zone: 0 pages reserved
01-01 08:01:49.849 0 0 D : [ 0.000000] Normal zone: 1489968 pages, LIFO batch:63
01-01 08:01:49.849 0 0 I [ 0.000000] psci: probing for conduit method from DT.
01-01 08:01:49.849 0 0 I [ 0.000000] psci: PSCIv1.1 detected in firmware.
01-01 08:01:49.849 0 0 I [ 0.000000] psci: Using standard PSCI v0.2 function IDs
01-01 08:01:49.849 0 0 I [ 0.000000] psci: MIGRATE_INFO_TYPE not supported.
01-01 08:01:49.849 0 0 I [ 0.000000] psci: SMC Calling Convention v1.1
01-01 08:01:49.849 0 0 I [ 0.000000] random: fast init done
01-01 08:01:49.849 0 0 I [ 0.000000] percpu: Embedded 24 pages/cpu s60696 r8192 d29416 u98304
01-01 08:01:49.849 0 0 D [ 0.000000] pcpu-alloc: s60696 r8192 d29416 u98304 alloc=24*4096
01-01 08:01:49.849 0 0 D [ 0.000000] pcpu-alloc: [0] 0 [0] 1 [0] 2 [0] 3 [0] 4 [0] 5 [0] 6 [0] 7
01-01 08:01:49.849 0 0 I : [ 0.000000] Detected VIPT I-cache on CPU0
01-01 08:01:49.849 0 0 I : [ 0.000000] CPU features: kernel page table isolation disabled by kernel configuration
01-01 08:01:49.849 0 0 I : [ 0.000000] CPU features: detected: Speculative Store Bypassing Safe (SSBS)
01-01 08:01:49.849 0 0 I : [ 0.000000] Built 1 zonelists, mobility grouping on. Total pages: 1465416
01-01 08:01:49.849 0 0 I : [ 0.000000] Kernel command line: cgroup_disable=pressure rcupdate.rcu_expedited=1 rcu_nocbs=0-7 kpti=off console=ttyMSM0,115200n8 androidboot.hardware=qcom androidboot.console=ttyMSM0 androidboot.memcg=1 lpm_levels.sleep_disabled=1 video=vfb:640x400,bpp=32,memsize=3072000 msm_rtb.filter=0x237 service_locator.enable=1 androidboot.usbcontroller=a600000.dwc3 swiotlb=2048 loop.max_part=7 cgroup.memory=nokmem,nosocket reboot=panic_warm buildvariant=user androidboot.verifiedbootstate=orange androidboot.keymaster=1 androidboot.vbmeta.device=PARTUUID=ba27a5cc-a504-2e47-ce4b-03949648a451 androidboot.vbmeta.avb_version=1.0 androidboot.vbmeta.device_state=unlocked androidboot.vbmeta.hash_alg=sha256 androidboot.vbmeta.size=7616 androidboot.vbmeta.digest=db86dbcba139fc169607b5b07ead336b277ecdea5e7bb04565a11ec2d0b7c30e androidboot.vbmeta.invalidate_on_error=yes androidboot.veritymode=enforcing androidboot.bootdevice=1d84000.ufshc androidboot.fstab_suffix=default androidboot.boot_devices=soc/1d84000.u
01-01 08:01:49.849 0 0 I [ 0.000000] cgroup: Disabling pressure control group feature
01-01 08:01:49.849 0 0 I : [ 0.000000] log_buf_len individual max cpu contribution: 131072 bytes
01-01 08:01:49.849 0 0 I : [ 0.000000] log_buf_len total cpu_extra contributions: 917504 bytes
01-01 08:01:49.849 0 0 I : [ 0.000000] log_buf_len min size: 131072 bytes
01-01 08:01:49.849 0 0 I [ 0.000000] log_buf_len: 1048576 bytes
01-01 08:01:49.849 0 0 I : [ 0.000000] early log buf free: 123044(93%)
01-01 08:01:49.849 0 0 I : [ 0.000000] Dentry cache hash table entries: 1048576 (order: 11, 8388608 bytes)
01-01 08:01:49.849 0 0 I : [ 0.000000] Inode-cache hash table entries: 524288 (order: 10, 4194304 bytes)
01-01 08:01:49.849 0 0 I : [ 0.000000] mem auto-init: stack:off, heap alloc:off, heap free:off
01-01 08:01:49.849 0 0 I [ 0.000000] Memory: 5407820K/5959872K available (19966K kernel code, 2010K rwdata, 9780K rodata, 4096K init, 2550K bss, 195700K reserved, 356352K cma-reserved)
01-01 08:01:49.849 0 0 I [ 0.000000] random: random: get_random_u64 called from __kmem_cache_create+0x3c/0x468 with crng_init=1
01-01 08:01:49.849 0 0 I [ 0.000000] SLUB: HWalign=64, Order=0-3, MinObjects=0, CPUs=8, Nodes=1
01-01 08:01:49.849 0 0 I [ 0.000000] rcu: Preemptible hierarchical RCU implementation.
01-01 08:01:49.849 0 0 I [ 0.000000] rcu: RCU dyntick-idle grace-period acceleration is enabled.
01-01 08:01:49.849 0 0 I : [ 0.000000] All grace periods are expedited (rcu_expedited).
01-01 08:01:49.849 0 0 I : [ 0.000000] Tasks RCU enabled.
01-01 08:01:49.849 0 0 I [ 0.000000] NR_IRQS: 64, nr_irqs: 64, preallocated irqs: 0
01-01 08:01:49.849 0 0 I [ 0.000000] GICv3: Distributor has no Range Selector support
01-01 08:01:49.849 0 0 I [ 0.000000] GICv3: no VLPI support, no direct LPI support
01-01 08:01:49.849 0 0 W [ 0.000000] ITS: No ITS available, not enabling LPIs
01-01 08:01:49.849 0 0 I [ 0.000000] rcu: Offload RCU callbacks from CPUs: 0-7.
01-01 08:01:49.849 0 0 I : [ 0.000000] Successfully registered dummy reset controller for cpucc_clocks
01-01 08:01:49.849 0 0 I : [ 0.000000] Successfully registered dummy clock controller for cpucc_clocks
01-01 08:01:49.849 0 0 I [ 0.000000] arch_timer: CPU0: Trapping CNTVCT access
01-01 08:01:49.849 0 0 I [ 0.000000] arch_timer: cp15 and mmio timer(s) running at 19.20MHz (virt/virt).
01-01 08:01:49.849 0 0 I [ 0.000000] clocksource: arch_sys_counter: mask: 0xffffffffffffff max_cycles: 0x46d987e47, max_idle_ns: 440795202767 ns
01-01 08:01:49.849 0 0 I [ 0.000004] sched_clock: 56 bits at 19MHz, resolution 52ns, wraps every 4398046511078ns
01-01 08:01:49.849 0 0 I [ 0.000014] clocksource: Switched to clocksource arch_sys_counter
01-01 08:01:49.849 0 0 I [ 0.001460] Console: colour dummy device 80x25
01-01 08:01:49.849 0 0 I : [ 0.001477] Calibrating delay loop (skipped), value calculated using timer frequency.. 38.40 BogoMIPS (lpj=76800)
01-01 08:01:49.849 0 0 I [ 0.001484] pid_max: default: 32768 minimum: 301
01-01 08:01:49.849 0 0 I : [ 0.001592] Security Framework initialized
01-01 08:01:49.849 0 0 I [ 0.001602] SELinux: Initializing.
01-01 08:01:49.849 0 0 I [ 0.001681] AppArmor: AppArmor disabled by boot time parameter
01-01 08:01:49.849 0 0 I : [ 0.001728] Mount-cache hash table entries: 16384 (order: 5, 131072 bytes)
01-01 08:01:49.849 0 0 I : [ 0.001745] Mountpoint-cache hash table entries: 16384 (order: 5, 131072 bytes)
01-01 08:01:49.849 0 0 I : [ 0.002936] ASID allocator initialised with 65536 entries
01-01 08:01:49.849 0 0 I [ 0.003014] rcu: Hierarchical SRCU implementation.
01-01 08:01:49.849 0 0 W : [ 0.007245] shmbridge is enabled
01-01 08:01:49.849 0 0 I [ 0.007733] smp: Bringing up secondary CPUs ...
01-01 08:01:49.849 0 0 I : [ 0.008845] Detected VIPT I-cache on CPU1
01-01 08:01:49.849 0 0 I [ 0.008890] arch_timer: CPU1: Trapping CNTVCT access
01-01 08:01:49.849 0 0 I [ 0.008896] CPU1: Booted secondary processor 0x0000000100 [0x51df805e]
01-01 08:01:49.849 0 0 I : [ 0.009898] Detected VIPT I-cache on CPU2
01-01 08:01:49.849 0 0 I [ 0.009927] arch_timer: CPU2: Trapping CNTVCT access
01-01 08:01:49.849 0 0 I [ 0.009932] CPU2: Booted secondary processor 0x0000000200 [0x51df805e]
01-01 08:01:49.849 0 0 I : [ 0.010879] Detected VIPT I-cache on CPU3
01-01 08:01:49.849 0 0 I [ 0.010904] arch_timer: CPU3: Trapping CNTVCT access
01-01 08:01:49.849 0 0 I [ 0.010909] CPU3: Booted secondary processor 0x0000000300 [0x51df805e]
01-01 08:01:49.849 0 0 I : [ 0.012218] CPU features: enabling workaround for Mismatched cache type
01-01 08:01:49.849 0 0 I : [ 0.012228] CPU features: enabling workaround for ARM erratum 1542418
01-01 08:01:49.849 0 0 I : [ 0.012234] CPU features: detected: Hardware dirty bit management
01-01 08:01:49.849 0 0 I : [ 0.012240] Detected PIPT I-cache on CPU4
01-01 08:01:49.849 0 0 W : [ 0.012258] CPU features: Unsupported CPU feature variation detected.
01-01 08:01:49.849 0 0 I [ 0.012292] arch_timer: CPU4: Trapping CNTVCT access
01-01 08:01:49.849 0 0 I [ 0.012304] CPU4: Booted secondary processor 0x0000000400 [0x411fd0d0]
01-01 08:01:49.849 0 0 I : [ 0.013597] Detected PIPT I-cache on CPU5
01-01 08:01:49.849 0 0 I [ 0.013650] arch_timer: CPU5: Trapping CNTVCT access
01-01 08:01:49.849 0 0 I [ 0.013663] CPU5: Booted secondary processor 0x0000000500 [0x411fd0d0]
01-01 08:01:49.849 0 0 I : [ 0.014973] Detected PIPT I-cache on CPU6
01-01 08:01:49.849 0 0 I [ 0.015024] arch_timer: CPU6: Trapping CNTVCT access
01-01 08:01:49.849 0 0 I [ 0.015036] CPU6: Booted secondary processor 0x0000000600 [0x411fd0d0]
01-01 08:01:49.849 0 0 I : [ 0.016444] Detected PIPT I-cache on CPU7
01-01 08:01:49.849 0 0 I [ 0.016470] arch_timer: CPU7: Trapping CNTVCT access
01-01 08:01:49.849 0 0 I [ 0.016475] CPU7: Booted secondary processor 0x0000000700 [0x411fd0d0]
01-01 08:01:49.849 0 0 I [ 0.016614] smp: Brought up 1 node, 8 CPUs
01-01 08:01:49.849 0 0 I [ 0.016654] SMP: Total of 8 processors activated.
01-01 08:01:49.849 0 0 I : [ 0.016658] CPU features: detected: GIC system register CPU interface
01-01 08:01:49.849 0 0 I : [ 0.016662] CPU features: detected: Privileged Access Never
01-01 08:01:49.849 0 0 I : [ 0.016665] CPU features: detected: LSE atomic instructions
01-01 08:01:49.849 0 0 I : [ 0.016668] CPU features: detected: User Access Override
01-01 08:01:49.849 0 0 I : [ 0.016671] CPU features: detected: 32-bit EL0 Support
01-01 08:01:49.849 0 0 I : [ 0.016675] CPU features: detected: RAS Extension Support
01-01 08:01:49.849 0 0 I [ 0.016975] CPU: All CPU(s) started at EL1
01-01 08:01:49.849 0 0 I [ 0.017017] alternatives: patching kernel code
01-01 08:01:49.849 0 0 I : [ 0.085614] Registered cp15_barrier emulation handler
01-01 08:01:49.849 0 0 I : [ 0.085631] Registered setend emulation handler
01-01 08:01:49.849 0 0 I [ 0.085975] clocksource: jiffies: mask: 0xffffffff max_cycles: 0xffffffff, max_idle_ns: 7645041785100000 ns
01-01 08:01:49.849 0 0 I : [ 0.085985] futex hash table entries: 2048 (order: 5, 131072 bytes)
01-01 08:01:49.849 0 0 I : [ 0.089180] pinctrl core: initialized pinctrl subsystem
01-01 08:01:49.849 0 0 I [ 0.089560] NET: Registered protocol family 16
01-01 08:01:49.849 0 0 I [ 0.090158] schedtune: configured to support 6 boost groups
01-01 08:01:49.849 0 0 I [ 0.090211] audit: initializing netlink subsys (disabled) --------- beginning of crash
01-01 08:01:49.842 527 527 F libc : Fatal signal 6 (SIGABRT), code -1 (SI_QUEUE) in tid 527 (init), pid 527 (init) --------- beginning of events
01-01 08:01:49.846 525 525 I snet_event_log: [121035042,-1,]
01-01 08:01:49.850 523 523 I snet_event_log: [121035042,-1,]
01-01 08:00:00.087 521 521 I auditd : type=2000 audit(0.0:1): state=initialized audit_enabled=0 res=1
01-01 08:01:49.852 0 0 I [ 0.090586] cpuidle: using governor menu
01-01 08:01:49.852 0 0 I [ 0.090709] cpuidle: using governor qcom
01-01 08:01:49.852 0 0 I [ 0.090796] NET: Registered protocol family 42
01-01 08:01:49.852 0 0 I [ 0.091001] hw-breakpoint: found 6 breakpoint and 4 watchpoint registers.
01-01 08:01:49.852 0 0 I [ 0.091973] DMA: preallocated 256 KiB pool for atomic allocations
01-01 08:01:49.852 0 0 I [ 0.092344] DMA: preallocated 256 KiB pool for atomic allocations
01-01 08:01:49.852 0 0 I [ 0.092553] exit: IPA_USB init success!
01-01 08:01:49.852 0 0 I : [ 0.094471] console [pstore-1] enabled
01-01 08:01:49.852 0 0 I [ 0.094476] pstore: Registered ramoops as persistent store backend
01-01 08:01:49.852 0 0 I [ 0.094482] ramoops: attached 0x100000@0x90600000, ecc: 0/0
01-01 08:01:49.852 0 0 I : [ 0.096595] platform 82400000.qseecom: assigned reserved memory node qseecom_region
01-01 08:01:49.852 0 0 I : [ 0.098822] platform soc:qcom,ipa_fws: assigned reserved memory node pil_ipa_gsi_region@86810000
01-01 08:01:49.852 0 0 I : [ 0.098863] platform soc:qcom,ipa_uc: assigned reserved memory node pil_ipa_fw_region@86800000
01-01 08:01:49.852 0 0 I : [ 0.099226] platform 17300000.qcom,lpass: assigned reserved memory node pil_adsp_region@8a100000
01-01 08:01:49.852 0 0 I : [ 0.099300] platform 8300000.qcom,turing: assigned reserved memory node pil_cdsp_region@87800000
01-01 08:01:49.852 0 0 I : [ 0.099348] platform aab0000.qcom,venus: assigned reserved memory node pil_video_region@86e00000
01-01 08:01:49.852 0 0 I : [ 0.099426] platform 188101c.qcom,spss: assigned reserved memory node pil_spss_region@8bf00000
01-01 08:01:49.852 0 0 I : [ 0.099470] platform abb0000.qcom,cvpss: assigned reserved memory node pil_cvp_region@87300000
01-01 08:01:49.852 0 0 I : [ 0.099514] platform 9800000.qcom,npu: assigned reserved memory node pil_npu_region@86900000
01-01 08:01:49.852 0 0 I : [ 0.099626] platform soc:qcom,msm-adsprpc-mem: assigned reserved memory node adsp_region
01-01 08:01:49.852 0 0 I : [ 0.099843] platform soc:mem_dump: assigned reserved memory node mem_dump_region
01-01 08:01:49.852 0 0 I : [ 0.099944] platform 5c00000.qcom,ssc: assigned reserved memory node pil_slpi_region@88c00000
01-01 08:01:49.852 0 0 I : [ 0.101093] platform 88a7000.msm_tspp: assigned reserved memory node qseecom_region
01-01 08:01:49.852 0 0 I : [ 0.110310] msm_watchdog 17c10000.qcom,wdt: wdog absent resource not present
01-01 08:01:49.852 0 0 I : [ 0.110428] msm_watchdog 17c10000.qcom,wdt: MSM Watchdog Initialized
01-01 08:01:49.852 0 0 E : [ 0.111665] Unable to find DT property: qcom,msm-imem-download_mode
01-01 08:01:49.852 0 0 E : [ 0.112323] Unable to find DT property: qcom,msm-imem-emergency_download_mode
01-01 08:01:49.852 0 0 E : [ 0.117566] msm-dcc 1023000.dcc_v2: DCC list passed 3
01-01 08:01:49.852 0 0 I : [ 0.117758] msm-dcc 1023000.dcc_v2: All values written to enable.
01-01 08:01:49.852 0 0 E : [ 0.118113] msm-dcc 1023000.dcc_v2: DCC list passed 6
01-01 08:01:49.852 0 0 I : [ 0.118334] msm-dcc 1023000.dcc_v2: All values written to enable.
01-01 08:01:49.852 0 0 E : [ 0.118748] msm-dcc 1023000.dcc_v2: DCC list passed 7
01-01 08:01:49.852 0 0 I : [ 0.118968] msm-dcc 1023000.dcc_v2: All values written to enable.
01-01 08:01:49.852 0 0 E : [ 0.119376] msm-dcc 1023000.dcc_v2: Failed to add DCC data in Minidump
01-01 08:01:49.852 0 0 I [ 0.119797] sps: sps is ready.
01-01 08:01:49.852 0 0 I : [ 0.119973] spmi spmi-0: PMIC arbiter version v5 (0x50010000)
01-01 08:01:49.852 0 0 I [ 0.121138] pm8150_s3_level: supplied by pm8150a_s3_level
01-01 08:01:49.852 0 0 I [ 0.121186] pm8150_s3_level_ao: supplied by pm8150a_s3_level_ao
01-01 08:01:49.852 0 0 I [ 0.121427] pm8150a_s3_mmcx_sup_level: supplied by pm8150_s3_mmcx_sup_level
01-01 08:01:49.852 0 0 E [ 0.123984] AMOLED: qpnp_amoled_parse_dt: Unknown peripheral type 0x0
01-01 08:01:49.852 0 0 E : [ 0.123991] qcom,qpnp-amoled-regulator c440000.qcom,spmi:qcom,pm8150l@5:qcom,amoled: Failed to parse DT params rc=-22
01-01 08:01:49.852 0 0 W [ 0.124006] qcom,qpnp-amoled-regulator: probe of c440000.qcom,spmi:qcom,pm8150l@5:qcom,amoled failed with error -22
01-01 08:01:49.852 0 0 E : [ 0.124452] spmi spmi-0: pmic_arb_wait_for_done: transaction failed (0x3)
01-01 08:01:49.852 0 0 I [ 0.124499] pm8150a_s4_level: supplied by pm8150a_s3_mmcx_sup_level
01-01 08:01:49.852 0 0 I [ 0.124672] pm8150a_s4_level_ao: supplied by pm8150a_s3_level_ao
01-01 08:01:49.852 0 0 I : [ 0.140153] MSM Memory Dump base table set up
01-01 08:01:49.852 0 0 I : [ 0.140165] MSM Memory Dump apps data table set up
01-01 08:01:49.852 0 0 I [ 0.147436] cryptd: max_cpu_qlen set to 1000
01-01 08:01:49.852 0 0 I : [ 0.147721] vServices Framework 1.0
01-01 08:01:49.852 0 0 I : [ 0.148630] gdsc af03000.qcom,gdsc: Linked as a consumer to regulator.31
01-01 08:01:49.852 0 0 I : [ 0.148644] gdsc af03000.qcom,gdsc: Dropping the link to regulator.31
01-01 08:01:49.852 0 0 I : [ 0.148715] gdsc 3d9106c.qcom,gdsc: Linked as a consumer to regulator.4
01-01 08:01:49.852 0 0 I [ 0.148764] gpu_cx_gdsc: supplied by pm8150_s3_level
01-01 08:01:49.852 0 0 I : [ 0.148835] gdsc 3d9100c.qcom,gdsc: Linked as a consumer to regulator.30
01-01 08:01:49.852 0 0 I [ 0.148885] gpu_gx_gdsc: supplied by pm8150a_s1_level
01-01 08:01:49.852 0 0 I : [ 0.148966] gdsc abf0d18.qcom,gdsc: Linked as a consumer to regulator.31
01-01 08:01:49.852 0 0 I : [ 0.148975] gdsc abf0d18.qcom,gdsc: Dropping the link to regulator.31
01-01 08:01:49.852 0 0 I : [ 0.149019] gdsc abf0bf8.qcom,gdsc: Linked as a consumer to regulator.31
01-01 08:01:49.852 0 0 I : [ 0.149027] gdsc abf0bf8.qcom,gdsc: Dropping the link to regulator.31
01-01 08:01:49.852 0 0 I : [ 0.149068] gdsc abf0d98.qcom,gdsc: Linked as a consumer to regulator.31
01-01 08:01:49.852 0 0 I : [ 0.149076] gdsc abf0d98.qcom,gdsc: Dropping the link to regulator.31
01-01 08:01:49.852 0 0 I : [ 0.149115] gdsc abf0c98.qcom,gdsc: Linked as a consumer to regulator.31
01-01 08:01:49.852 0 0 I : [ 0.149123] gdsc abf0c98.qcom,gdsc: Dropping the link to regulator.31
01-01 08:01:49.852 0 0 I : [ 0.149925] qmp-aop-clk soc:qcom,aopclk: Registered clocks with AOP
01-01 08:01:49.852 0 0 I : [ 0.150357] gcc-kona 100000.qcom,gcc: Linked as a consumer to regulator.31
01-01 08:01:49.852 0 0 I : [ 0.150369] gcc-kona 100000.qcom,gcc: Linked as a consumer to regulator.4
01-01 08:01:49.852 0 0 I : [ 0.150380] gcc-kona 100000.qcom,gcc: Linked as a consumer to regulator.5
01-01 08:01:49.852 0 0 I : [ 0.181005] gcc-kona 100000.qcom,gcc: Registered GCC clocks
01-01 08:01:49.852 0 0 I : [ 0.181213] gpu_cc-kona 3d90000.qcom,gpucc: Linked as a consumer to regulator.4
01-01 08:01:49.852 0 0 I : [ 0.181225] gpu_cc-kona 3d90000.qcom,gpucc: Linked as a consumer to regulator.1
01-01 08:01:49.852 0 0 I : [ 0.186703] gpu_cc-kona 3d90000.qcom,gpucc: Registered GPU CC clocks
01-01 08:01:49.852 0 0 I : [ 0.186902] npu_cc-kona 9980000.qcom,npucc: Linked as a consumer to regulator.4
01-01 08:01:49.852 0 0 I : [ 0.208011] npu_cc-kona 9980000.qcom,npucc: Registered NPU_CC clocks
01-01 08:01:49.852 0 0 I : [ 0.208268] video_cc-kona abf0000.qcom,videocc: Linked as a consumer to regulator.1
01-01 08:01:49.852 0 0 I : [ 0.208284] video_cc-kona abf0000.qcom,videocc: Linked as a consumer to regulator.31
01-01 08:01:49.852 0 0 E [ 0.208290] AXI: msm_bus_scale_register_client(): msm_bus_scale_register_client: Bus driver not ready.
01-01 08:01:49.852 0 0 E : [ 0.208295] video_cc-kona abf0000.qcom,videocc: Unable to register for bw voting
01-01 08:01:49.852 0 0 I : [ 0.208301] video_cc-kona abf0000.qcom,videocc: Dropping the link to regulator.31
01-01 08:01:49.852 0 0 I : [ 0.208311] video_cc-kona abf0000.qcom,videocc: Dropping the link to regulator.1
01-01 08:01:49.852 0 0 I [ 0.210734] Minidump: Enabled with max number of regions 200
01-01 08:01:49.852 0 0 I [ 0.211222] KPI: Bootloader start count = 55488
01-01 08:01:49.852 0 0 I [ 0.211228] KPI: Bootloader end count = 78116
01-01 08:01:49.852 0 0 I [ 0.211232] KPI: Bootloader display count = 3495951694
01-01 08:01:49.852 0 0 I [ 0.211236] KPI: Bootloader load kernel count = 3317
01-01 08:01:49.852 0 0 I [ 0.211241] KPI: Kernel MPM timestamp = 93714
01-01 08:01:49.852 0 0 I [ 0.211245] KPI: Kernel MPM Clock frequency = 32768
01-01 08:01:49.852 0 0 I [ 0.211259] socinfo_print: v0.15, id=481, ver=2.1, raw_id=342, raw_ver=0, hw_plat=8, hw_plat_ver=65536
01-01 08:01:49.852 0 0 I : [ 0.211259] accessory_chip=0, hw_plat_subtype=0, pmic_model=65566, pmic_die_revision=196608 foundry_id=1 serial_number=3371059444 num_pmics=4 chip_family=0x5d raw_device_family=0x6 raw_device_number=0x8 nproduct_id=0x412 num_clusters=0x1 ncluster_array_offset=0xb0 num_defective_parts=0xf ndefective_parts_array_offset=0xb4 nmodem_supported=0x0
01-01 08:01:49.852 0 0 E : [ 0.211264] msm_bus_fabric_rpmh_init_driver
01-01 08:01:49.852 0 0 E [ 0.211344] msm_bus: Probe started
01-01 08:01:49.852 0 0 W : [ 0.211750] msm_bus_device 16e0000.ad-hoc-bus: Bus type is missing
01-01 08:01:49.852 0 0 W : [ 0.211767] msm_bus_device 16e0000.ad-hoc-bus: Bus type is missing
01-01 08:01:49.852 0 0 W : [ 0.211814] msm_bus_device 16e0000.ad-hoc-bus: Bus type is missing
01-01 08:01:49.852 0 0 E [ 0.213384] msm_bus: DT Parsing complete
01-01 08:01:49.852 0 0 E [ 0.214689] msm_bus_fab_init_noc_ops: Invalid Bus type
01-01 08:01:49.852 0 0 E [ 0.214720] msm_bus_fab_init_noc_ops: Invalid Bus type
01-01 08:01:49.852 0 0 E [ 0.214854] msm_bus_fab_init_noc_ops: Invalid Bus type
01-01 08:01:49.852 0 0 I : [ 0.240740] Built 1 zonelists, mobility grouping on. Total pages: 1435761
01-01 08:01:49.852 0 0 I [ 0.287004] mem-offline: Added memory blocks ranging from mem16 - mem19
01-01 08:01:49.852 0 0 I : [ 0.288755] arm-smmu 3da0000.kgsl-smmu: Linked as a consumer to regulator.69
01-01 08:01:49.852 0 0 I : [ 0.288822] arm-smmu 3da0000.kgsl-smmu: non-coherent table walk
01-01 08:01:49.852 0 0 I : [ 0.288827] arm-smmu 3da0000.kgsl-smmu: (IDR0.CTTW overridden by FW configuration)
01-01 08:01:49.852 0 0 I : [ 0.288833] arm-smmu 3da0000.kgsl-smmu: stream matching with 6 register groups
01-01 08:01:49.852 0 0 E [ 0.290053] register_client_adhoc: find path.src 161 dest 627
01-01 08:01:49.852 0 0 E [ 0.290228] register_client_adhoc: Client handle 1 apps_smmu
01-01 08:01:49.852 0 0 I : [ 0.290309] arm-smmu 15000000.apps-smmu: non-coherent table walk
01-01 08:01:49.852 0 0 I : [ 0.290319] arm-smmu 15000000.apps-smmu: (IDR0.CTTW overridden by FW configuration)
01-01 08:01:49.852 523 523 I auditd : SELinux: Loaded service_contexts from:
01-01 08:01:49.852 0 0 I : [ 0.290326] arm-smmu 15000000.apps-smmu: stream matching with 87 register groups
01-01 08:01:49.852 0 0 E [ 0.291005] register_client_adhoc: find path.src 161 dest 627
01-01 08:01:49.852 523 523 I auditd : /system/etc/selinux/plat_service_contexts
01-01 08:01:49.852 0 0 E [ 0.291161] register_client_adhoc: Client handle 2 apps_smmu
01-01 08:01:49.852 0 0 E [ 0.291273] register_client_adhoc: find path.src 161 dest 627
01-01 08:01:49.852 523 523 I auditd : /system_ext/etc/selinux/system_ext_service_contexts
01-01 08:01:49.852 0 0 E [ 0.291406] register_client_adhoc: Client handle 3 apps_smmu
01-01 08:01:49.852 0 0 I : [ 0.291514] qsmmuv500-tbu 1518d000.mnoc_hf_0_tbu: Linked as a consumer to regulator.65
01-01 08:01:49.852 523 523 I auditd : /product/etc/selinux/product_service_contexts
01-01 08:01:49.852 0 0 E [ 0.291540] register_client_adhoc: find path.src 22 dest 773
01-01 08:01:49.852 0 0 E [ 0.291610] register_client_adhoc: Client handle 4 mnoc_hf_0_tbu
01-01 08:01:49.852 523 523 I auditd : /vendor/etc/selinux/vendor_service_contexts
01-01 08:01:49.852 0 0 I : [ 0.291713] qsmmuv500-tbu 15191000.mnoc_hf_1_tbu: Linked as a consumer to regulator.66
01-01 08:01:49.852 0 0 E [ 0.291738] register_client_adhoc: find path.src 22 dest 773
01-01 08:01:49.852 0 0 E [ 0.291802] register_client_adhoc: Client handle 5 mnoc_hf_1_tbu
01-01 08:01:49.852 0 0 E [ 0.291903] register_client_adhoc: find path.src 154 dest 10070
01-01 08:01:49.852 0 0 E [ 0.291953] register_client_adhoc: Client handle 6 apps_smmu
01-01 08:01:49.852 0 0 E [ 0.292069] register_client_adhoc: find path.src 154 dest 10070
01-01 08:01:49.852 0 0 E [ 0.292115] register_client_adhoc: Client handle 7 apps_smmu
01-01 08:01:49.852 0 0 E [ 0.292217] register_client_adhoc: find path.src 161 dest 627
01-01 08:01:49.852 0 0 E [ 0.292354] register_client_adhoc: Client handle 8 apps_smmu
01-01 08:01:49.852 0 0 E [ 0.292465] register_client_adhoc: find path.src 161 dest 627
01-01 08:01:49.852 0 0 E [ 0.292597] register_client_adhoc: Client handle 9 apps_smmu
01-01 08:01:49.852 0 0 I : [ 0.292700] qsmmuv500-tbu 151a5000.mnoc_sf_0_tbu: Linked as a consumer to regulator.67
01-01 08:01:49.852 0 0 E [ 0.292725] register_client_adhoc: find path.src 137 dest 772
01-01 08:01:49.852 0 0 E [ 0.292790] register_client_adhoc: Client handle 10 mnoc_sf_0_tbu
01-01 08:01:49.852 0 0 I : [ 0.292887] qsmmuv500-tbu 151a9000.mnoc_sf_1_tbu: Linked as a consumer to regulator.68
01-01 08:01:49.852 0 0 E [ 0.292911] register_client_adhoc: find path.src 137 dest 772
01-01 08:01:49.852 0 0 E [ 0.292972] register_client_adhoc: Client handle 11 mnoc_sf_1_tbu
01-01 08:01:49.852 0 0 E [ 0.293357] Error: Driver 'arm-smmu' is already registered, aborting...
01-01 08:01:49.852 0 0 I [ 0.293390] vgaarb: loaded
01-01 08:01:49.852 0 0 I : [ 0.293548] SCSI subsystem initialized
01-01 08:01:49.852 0 0 I [ 0.293617] usbcore: registered new interface driver usbfs
01-01 08:01:49.852 0 0 I [ 0.293635] usbcore: registered new interface driver hub
01-01 08:01:49.852 0 0 I [ 0.293752] usbcore: registered new device driver usb
01-01 08:01:49.852 0 0 W : [ 0.293903] usb_phy_generic soc:usb_nop_phy: soc:usb_nop_phy supply vcc not found, using dummy regulator
01-01 08:01:49.852 0 0 I : [ 0.293914] usb_phy_generic soc:usb_nop_phy: Linked as a consumer to regulator.0
01-01 08:01:49.852 0 0 I : [ 0.294265] qcom,qpnp-power-on c440000.qcom,spmi:qcom,pm8150@0:qcom,power-on@800: PMIC@SID0 Power-on reason: Triggered from Hard Reset and 'cold' boot
01-01 08:01:49.852 0 0 I : [ 0.294292] qcom,qpnp-power-on c440000.qcom,spmi:qcom,pm8150@0:qcom,power-on@800: PMIC@SID0: Power-off reason: Triggered from PS_HOLD (PS_HOLD/MSM Controlled Shutdown)
01-01 08:01:49.852 0 0 I [ 0.294422] input: qpnp_pon as /devices/platform/soc/c440000.qcom,spmi/spmi-0/spmi0-00/c440000.qcom,spmi:qcom,pm8150@0:qcom,power-on@800/input/input0
01-01 08:01:49.852 0 0 I : [ 0.294706] qcom,qpnp-power-on c440000.qcom,spmi:qcom,pm8150l@4:qcom,power-on@800: PMIC@SID4 Power-on reason: Triggered from PON1 (Secondary PMIC) and 'cold' boot
01-01 08:01:49.852 0 0 I : [ 0.294731] qcom,qpnp-power-on c440000.qcom,spmi:qcom,pm8150l@4:qcom,power-on@800: PMIC@SID4: Power-off reason: Triggered from SOFT (Software)
01-01 08:01:49.852 0 0 E : [ 0.294826] qcom,qpnp-power-on c440000.qcom,spmi:qcom,pm8009@a:qcom,power-on@800: Invalid PON_PERPH_SUBTYPE 0x07
01-01 08:01:49.852 0 0 W [ 0.294837] qcom,qpnp-power-on: probe of c440000.qcom,spmi:qcom,pm8009@a:qcom,power-on@800 failed with error -22
01-01 08:01:49.852 0 0 E : [ 0.294864] spmi spmi-0: pmic_arb_wait_for_done: transaction failed (0x3)
01-01 08:01:49.852 0 0 E : [ 0.294871] qcom,qpnp-power-on c440000.qcom,spmi:qcom,pmxprairie@8:qcom,power-on@800: Register read failed, addr=0x0805, rc=-5
01-01 08:01:49.852 0 0 W [ 0.294879] qcom,qpnp-power-on: probe of c440000.qcom,spmi:qcom,pmxprairie@8:qcom,power-on@800 failed with error -5
01-01 08:01:49.852 0 0 I [ 0.294919] media: Linux media interface: v0.10
01-01 08:01:49.852 0 0 I [ 0.294932] videodev: Linux video capture interface: v2.00
01-01 08:01:49.852 0 0 I [ 0.294950] pps_core: LinuxPPS API ver. 1 registered
01-01 08:01:49.852 0 0 I [ 0.294954] pps_core: Software ver. 5.3.6 - Copyright 2005-2007 Rodolfo Giometti
01-01 08:01:49.852 0 0 I : [ 0.294962] PTP clock support registered
01-01 08:01:49.852 0 0 E : [ 0.299191] virt zone: sensor[gpuss-1-usr] read error:-22
01-01 08:01:49.852 0 0 W : [ 0.299198] thermal thermal_zone25: failed to read out thermal zone (-22)
01-01 08:01:49.852 0 0 I : [ 0.300832] EDAC MC: Ver: 3.0.0
01-01 08:01:49.852 0 0 I [ 0.301845] cpufreq: driver qcom-cpufreq-hw up and running
01-01 08:01:49.852 0 0 I : [ 0.302170] platform soc:qcom,ion:qcom,ion-heap@22: assigned reserved memory node sdsp_region
01-01 08:01:49.852 0 0 I : [ 0.302206] platform soc:qcom,ion:qcom,ion-heap@26: assigned reserved memory node user_contig_region
01-01 08:01:49.852 0 0 I : [ 0.302225] platform soc:qcom,ion:qcom,ion-heap@27: assigned reserved memory node qseecom_region
01-01 08:01:49.852 0 0 I : [ 0.302243] platform soc:qcom,ion:qcom,ion-heap@19: assigned reserved memory node qseecom_ta_region
01-01 08:01:49.852 0 0 I : [ 0.302261] platform soc:qcom,ion:qcom,ion-heap@13: assigned reserved memory node sp_region
01-01 08:01:49.852 0 0 I : [ 0.302280] platform soc:qcom,ion:qcom,ion-heap@10: assigned reserved memory node secure_display_region
01-01 08:01:49.852 0 0 I : [ 0.302510] ION heap system created
01-01 08:01:49.852 0 0 I : [ 0.302612] ION heap adsp created at 0x00000000eac00000 with size 800000
01-01 08:01:49.852 0 0 I : [ 0.302616] ION heap secure_heap created
01-01 08:01:49.852 0 0 I : [ 0.302619] ION heap user_contig created at 0x00000000fec00000 with size 1000000
01-01 08:01:49.852 0 0 I : [ 0.302622] ION heap qsecom created at 0x00000000eb400000 with size 1400000
01-01 08:01:49.852 0 0 I : [ 0.302625] ION heap qsecom_ta created at 0x00000000fbc00000 with size 1000000
01-01 08:01:49.852 0 0 I : [ 0.302628] ION heap spss created at 0x00000000ecc00000 with size 1000000
01-01 08:01:49.852 0 0 I : [ 0.302632] ION heap secure_display created at 0x00000000f1800000 with size a400000
01-01 08:01:49.852 0 0 I : [ 0.338350] platform soc:qcom,ion:qcom,ion-heap@14: ion_secure_carveout: creating heap@0x8c000000, size 0x4600000
01-01 08:01:49.852 0 0 I : [ 0.338359] ION heap secure_carveout created
01-01 08:01:49.852 0 0 I [ 0.339132] PMIC@SID4: PM8150L v3.0 options: 0, 0, 0, 0
01-01 08:01:49.852 0 0 I [ 0.339218] PMIC@SID10: (null) v3.0 options: 0, 0, 0, 0
01-01 08:01:49.852 0 0 E [ 0.339586] register_client_adhoc: find path.src 90 dest 770
01-01 08:01:49.852 0 0 E [ 0.339707] register_client_adhoc: find path.src 129 dest 512
01-01 08:01:49.852 0 0 E [ 0.339730] register_client_adhoc: find path.src 90 dest 585
01-01 08:01:49.852 0 0 E [ 0.339804] register_client_adhoc: find path.src 1 dest 676
01-01 08:01:49.852 0 0 E [ 0.339864] register_client_adhoc: find path.src 143 dest 777
01-01 08:01:49.852 0 0 E [ 0.339882] register_client_adhoc: Client handle 12 ipa
01-01 08:01:49.852 0 0 I : [ 0.341252] ipa 1e00000.qcom,ipa:ipa_smmu_ap: Linked as a consumer to 15000000.apps-smmu
01-01 08:01:49.852 0 0 I [ 0.347770] iommu: Adding device 1e00000.qcom,ipa:ipa_smmu_ap to group 0
01-01 08:01:49.852 0 0 I : [ 0.348137] ipa 1e00000.qcom,ipa:ipa_smmu_wlan: Linked as a consumer to 15000000.apps-smmu
01-01 08:01:49.852 0 0 I [ 0.352357] iommu: Adding device 1e00000.qcom,ipa:ipa_smmu_wlan to group 1
01-01 08:01:49.852 0 0 I : [ 0.352627] ipa 1e00000.qcom,ipa:ipa_smmu_uc: Linked as a consumer to 15000000.apps-smmu
01-01 08:01:49.852 0 0 I [ 0.356656] iommu: Adding device 1e00000.qcom,ipa:ipa_smmu_uc to group 2
01-01 08:01:49.852 0 0 I : [ 0.356883] ipa 1e00000.qcom,ipa:ipa_smmu_11ad: Linked as a consumer to 15000000.apps-smmu
01-01 08:01:49.852 0 0 I [ 0.361263] iommu: Adding device 1e00000.qcom,ipa:ipa_smmu_11ad to group 3
01-01 08:01:49.852 0 0 I : [ 0.362265] devfreq-qcom-fw 18590000.qcom,devfreq-l3:qcom,cpu0-cpu-l3-lat: Devfreq QCOM Firmware dev registered.
01-01 08:01:49.852 0 0 I : [ 0.362316] devfreq-qcom-fw 18590000.qcom,devfreq-l3:qcom,cpu4-cpu-l3-lat: Devfreq QCOM Firmware dev registered.
01-01 08:01:49.852 0 0 I : [ 0.362355] devfreq-qcom-fw 18590000.qcom,devfreq-l3:qcom,cpu7-cpu-l3-lat: Devfreq QCOM Firmware dev registered.
01-01 08:01:49.852 0 0 I : [ 0.362398] devfreq-qcom-fw 18590000.qcom,devfreq-l3:qcom,cdsp-cdsp-l3-lat: Devfreq QCOM Firmware dev registered.
01-01 08:01:49.852 0 0 I : [ 0.362403] devfreq-qcom-fw 18590000.qcom,devfreq-l3: Devfreq QCOM Firmware parent dev inited.
01-01 08:01:49.852 0 0 I : [ 0.362773] SDAM base=0xb100 size=128 registered successfully
01-01 08:01:49.852 0 0 I : [ 0.362819] Advanced Linux Sound Architecture Driver Initialized.
01-01 08:01:49.852 0 0 I [ 0.363058] Bluetooth: Core ver 2.22
01-01 08:01:49.852 0 0 I [ 0.363064] NET: Registered protocol family 31
01-01 08:01:49.852 0 0 I [ 0.363066] Bluetooth: HCI device and connection manager initialized
01-01 08:01:49.852 0 0 I [ 0.363070] Bluetooth: HCI socket layer initialized
01-01 08:01:49.852 0 0 I [ 0.363073] Bluetooth: L2CAP socket layer initialized
01-01 08:01:49.852 0 0 I [ 0.363077] Bluetooth: SCO socket layer initialized
01-01 08:01:49.852 0 0 I [ 0.363082] NetLabel: Initializing
01-01 08:01:49.852 0 0 I [ 0.363085] NetLabel: domain hash size = 128
01-01 08:01:49.852 0 0 I [ 0.363086] NetLabel: protocols = UNLABELED CIPSOv4 CALIPSO
01-01 08:01:49.852 0 0 I [ 0.363104] NetLabel: unlabeled traffic allowed by default
01-01 08:01:49.852 0 0 F [ 0.363140] pcie: pcie_init.
01-01 08:01:49.852 0 0 E [ 0.363995] register_client_adhoc: find path.src 45 dest 512
01-01 08:01:49.852 0 0 E [ 0.364162] register_client_adhoc: Client handle 13 pcie0
01-01 08:01:49.852 0 0 W : [ 0.364266] pci-msm 1c00000.qcom,pcie: 1c00000.qcom,pcie supply vreg-3p3 not found, using dummy regulator
01-01 08:01:49.852 0 0 I : [ 0.364279] pci-msm 1c00000.qcom,pcie: Linked as a consumer to regulator.0
01-01 08:01:49.852 0 0 I : [ 0.364292] pci-msm 1c00000.qcom,pcie: Linked as a consumer to regulator.18
01-01 08:01:49.852 0 0 I : [ 0.364302] pci-msm 1c00000.qcom,pcie: Linked as a consumer to regulator.13
01-01 08:01:49.852 0 0 I : [ 0.364310] pci-msm 1c00000.qcom,pcie: Linked as a consumer to regulator.4
01-01 08:01:49.852 0 0 I : [ 0.364329] pci-msm 1c00000.qcom,pcie: Linked as a consumer to regulator.59
01-01 08:01:49.852 0 0 E [ 0.364420] msm_pcie_get_reg: PCIe: RC0: no tcsr resource found.
01-01 08:01:49.852 0 0 E [ 0.364423] msm_pcie_get_reg: PCIe: RC0: no rumi resource found.
01-01 08:01:49.852 0 0 E [ 0.364618] register_client_adhoc: find path.src 100 dest 512
01-01 08:01:49.852 0 0 E [ 0.364677] register_client_adhoc: Client handle 14 pcie1
01-01 08:01:49.852 0 0 W : [ 0.364724] pci-msm 1c08000.qcom,pcie: 1c08000.qcom,pcie supply vreg-3p3 not found, using dummy regulator
01-01 08:01:49.852 0 0 I : [ 0.364731] pci-msm 1c08000.qcom,pcie: Linked as a consumer to regulator.0
01-01 08:01:49.852 0 0 I : [ 0.364738] pci-msm 1c08000.qcom,pcie: Linked as a consumer to regulator.18
01-01 08:01:49.852 0 0 I : [ 0.364743] pci-msm 1c08000.qcom,pcie: Linked as a consumer to regulator.13
01-01 08:01:49.852 0 0 I : [ 0.364748] pci-msm 1c08000.qcom,pcie: Linked as a consumer to regulator.4
01-01 08:01:49.852 0 0 I : [ 0.364761] pci-msm 1c08000.qcom,pcie: Linked as a consumer to regulator.60
01-01 08:01:49.852 0 0 E [ 0.364823] msm_pcie_get_reg: PCIe: RC1: no tcsr resource found.
01-01 08:01:49.852 0 0 E [ 0.364826] msm_pcie_get_reg: PCIe: RC1: no rumi resource found.
01-01 08:01:49.852 0 0 E [ 0.364830] msm_pcie_probe: PCIe: RC1 could not get pinctrl sleep state1
01-01 08:01:49.852 0 0 I : [ 0.364883] Can request power-phy-gpio
01-01 08:01:49.852 0 0 I : [ 0.364883] !
01-01 08:01:49.852 0 0 I : [ 0.364890] Can request power_lan_gpio
01-01 08:01:49.852 0 0 I : [ 0.364890] !
01-01 08:01:49.852 0 0 I : [ 0.364901] Can request phy_en_gpio
01-01 08:01:49.852 0 0 I : [ 0.364901] !
01-01 08:01:49.852 0 0 I : [ 0.364910] Can request phy_rst_gpio
01-01 08:01:49.852 0 0 I : [ 0.364910] !
01-01 08:01:49.852 0 0 I : [ 0.380037] Can request lan_rst_gpio
01-01 08:01:49.852 0 0 I : [ 0.380037] !
01-01 08:01:49.852 0 0 I [ 0.380059] msm_pcie_enable: PCIe: Assert the reset of endpoint of RC1.
01-01 08:01:49.852 0 0 I [ 0.383362] msm_pcie_enable: PCIe: RC1: PCIE20_PARF_INT_ALL_MASK: 0x7f80d202
01-01 08:01:49.852 0 0 I [ 0.385427] pcie_phy_init: PCIe RC1 PHY is ready!
01-01 08:01:49.852 0 0 I [ 0.395434] msm_pcie_enable: PCIe: Release the reset of endpoint of RC1.
01-01 08:01:49.852 0 0 I [ 0.422038] msm_pcie_link_train: PCIe RC1 link initialized
01-01 08:01:49.852 0 0 I : [ 0.422306] pci-msm 1c08000.qcom,pcie: host bridge /soc/qcom,pcie@1c08000 ranges:
01-01 08:01:49.852 0 0 I : [ 0.422312] pci-msm 1c08000.qcom,pcie: No bus range found for /soc/qcom,pcie@1c08000, using [bus 00-ff]
01-01 08:01:49.852 0 0 I : [ 0.422322] pci-msm 1c08000.qcom,pcie: IO 0x40200000..0x402fffff -> 0x40200000
01-01 08:01:49.852 0 0 I : [ 0.422328] pci-msm 1c08000.qcom,pcie: MEM 0x40300000..0x5fffffff -> 0x40300000
01-01 08:01:49.852 0 0 I : [ 0.422522] pci-msm 1c08000.qcom,pcie: PCI host bridge to bus 0001:00
01-01 08:01:49.852 0 0 I : [ 0.422526] pci_bus 0001:00: root bus resource [bus 00-ff]
01-01 08:01:49.852 0 0 I : [ 0.422529] pci_bus 0001:00: root bus resource [io 0x0000-0xfffff] (bus address [0x40200000-0x402fffff])
01-01 08:01:49.852 0 0 I : [ 0.422532] pci_bus 0001:00: root bus resource [mem 0x40300000-0x5fffffff]
01-01 08:01:49.852 0 0 D : [ 0.422561] pci 0001:00:00.0: [17cb:010b] type 01 class 0x060400
01-01 08:01:49.852 0 0 D : [ 0.422608] pci 0001:00:00.0: reg 0x10: [mem 0x00000000-0x00000fff 64bit]
01-01 08:01:49.852 0 0 D : [ 0.422691] pci 0001:00:00.0: PME# supported from D0 D3hot D3cold
01-01 08:01:49.852 0 0 I : [ 0.429394] pci 0001:00:00.0: bridge configuration invalid ([bus 00-00]), reconfiguring
01-01 08:01:49.852 0 0 D : [ 0.429541] pci 0001:01:00.0: [1055:7431] type 00 class 0x020000
01-01 08:01:49.852 0 0 D : [ 0.429676] pci 0001:01:00.0: reg 0x10: [mem 0x00000000-0x00001fff 64bit]
01-01 08:01:49.852 0 0 D : [ 0.429736] pci 0001:01:00.0: reg 0x18: [mem 0x00000000-0x000000ff 64bit]
01-01 08:01:49.852 0 0 D : [ 0.429796] pci 0001:01:00.0: reg 0x20: [mem 0x00000000-0x000000ff 64bit]
01-01 08:01:49.852 0 0 D : [ 0.430051] pci 0001:01:00.0: PME# supported from D0 D3hot D3cold
01-01 08:01:49.852 0 0 D : [ 0.434977] pci_bus 0001:01: busn_res: [bus 01-ff] end is updated to 01
01-01 08:01:49.852 0 0 D : [ 0.435012] pci 0001:00:00.0: bridge window [io 0x1000-0x0fff] to [bus 01] add_size 1000
01-01 08:01:49.852 0 0 D : [ 0.435015] pci 0001:00:00.0: bridge window [mem 0x00100000-0x000fffff 64bit pref] to [bus 01] add_size 200000 add_align 100000
01-01 08:01:49.852 0 0 D : [ 0.435016] pci 0001:00:00.0: bridge window [mem 0x00100000-0x001fffff] to [bus 01] add_size 200000 add_align 100000
01-01 08:01:49.852 0 0 I : [ 0.435023] pci 0001:00:00.0: BAR 8: assigned [mem 0x40300000-0x405fffff]
01-01 08:01:49.852 0 0 I : [ 0.435028] pci 0001:00:00.0: BAR 9: assigned [mem 0x40600000-0x407fffff 64bit pref]
01-01 08:01:49.852 0 0 I : [ 0.435031] pci 0001:00:00.0: BAR 0: assigned [mem 0x40800000-0x40800fff 64bit]
01-01 08:01:49.852 0 0 I : [ 0.435049] pci 0001:00:00.0: BAR 7: assigned [io 0x1000-0x1fff]
01-01 08:01:49.852 0 0 I : [ 0.435054] pci 0001:01:00.0: BAR 0: assigned [mem 0x40300000-0x40301fff 64bit]
01-01 08:01:49.852 0 0 I : [ 0.435103] pci 0001:01:00.0: BAR 2: assigned [mem 0x40302000-0x403020ff 64bit]
01-01 08:01:49.852 0 0 I : [ 0.435153] pci 0001:01:00.0: BAR 4: assigned [mem 0x40302100-0x403021ff 64bit]
01-01 08:01:49.852 0 0 I : [ 0.435205] pci 0001:00:00.0: PCI bridge to [bus 01]
01-01 08:01:49.852 0 0 I : [ 0.435209] pci 0001:00:00.0: bridge window [io 0x1000-0x1fff]
01-01 08:01:49.852 0 0 I : [ 0.435219] pci 0001:00:00.0: bridge window [mem 0x40300000-0x405fffff]
01-01 08:01:49.852 0 0 I : [ 0.435227] pci 0001:00:00.0: bridge window [mem 0x40600000-0x407fffff 64bit pref]
01-01 08:01:49.852 0 0 I : [ 0.435328] pci-msm-rc 0001:00:00.0: Linked as a consumer to 15000000.apps-smmu
01-01 08:01:49.852 0 0 I [ 0.435644] iommu: Adding device 0001:00:00.0 to group 4
01-01 08:01:49.852 0 0 E [ 0.435957] msm_pcie_probe: RC1 is enabled in bootup
01-01 08:01:49.852 0 0 E [ 0.436331] register_client_adhoc: find path.src 22 dest 512
01-01 08:01:49.852 0 0 E [ 0.436462] register_client_adhoc: find path.src 23 dest 512
01-01 08:01:49.852 0 0 E [ 0.436527] register_client_adhoc: Client handle 15 bus-proxy-client
01-01 08:01:49.852 0 0 I : [ 0.436857] qupv3_geni_se 9c0000.qcom,qupv3_0_geni_se: Linked as a consumer to 15000000.apps-smmu
01-01 08:01:49.852 0 0 I [ 0.441297] iommu: Adding device 9c0000.qcom,qupv3_0_geni_se to group 5
01-01 08:01:49.852 0 0 I : [ 0.441537] qupv3_geni_se ac0000.qcom,qupv3_1_geni_se: Linked as a consumer to 15000000.apps-smmu
01-01 08:01:49.852 0 0 I [ 0.446119] iommu: Adding device ac0000.qcom,qupv3_1_geni_se to group 6
01-01 08:01:49.852 0 0 I : [ 0.446417] qupv3_geni_se 8c0000.qcom,qupv3_2_geni_se: Linked as a consumer to 15000000.apps-smmu
01-01 08:01:49.852 0 0 I [ 0.450941] iommu: Adding device 8c0000.qcom,qupv3_2_geni_se to group 7
01-01 08:01:49.852 0 0 I : [ 0.451210] gdsc af03000.qcom,gdsc: Linked as a consumer to regulator.31
01-01 08:01:49.852 0 0 E [ 0.451292] register_client_adhoc: find path.src 1 dest 590
01-01 08:01:49.852 0 0 E [ 0.451456] register_client_adhoc: Client handle 16 mdss_core_gdsc_ahb
01-01 08:01:49.852 0 0 I : [ 0.451511] msm-bus-type slv-qhs-display-cfg: Linked as a consumer to regulator.31
01-01 08:01:49.852 0 0 I [ 0.451650] mdss_core_gdsc: supplied by pm8150a_s4_level
01-01 08:01:49.852 0 0 I : [ 0.451789] gdsc abf0d18.qcom,gdsc: Linked as a consumer to regulator.31
01-01 08:01:49.852 0 0 E [ 0.451801] register_client_adhoc: find path.src 1 dest 596
01-01 08:01:49.852 0 0 E [ 0.451873] register_client_adhoc: Client handle 17 mvs0_gdsc_ahb
01-01 08:01:49.852 0 0 I : [ 0.451918] msm-bus-type slv-qhs-venus-cfg: Linked as a consumer to regulator.31
01-01 08:01:49.852 0 0 I [ 0.452009] mvs0_gdsc: supplied by pm8150a_s4_level
01-01 08:01:49.852 0 0 I : [ 0.452050] gdsc abf0bf8.qcom,gdsc: Linked as a consumer to regulator.31
01-01 08:01:49.853 0 0 E [ 0.452063] register_client_adhoc: find path.src 1 dest 596
01-01 08:01:49.853 0 0 E [ 0.452136] register_client_adhoc: Client handle 18 mvs0c_gdsc_ahb
01-01 08:01:49.853 0 0 I [ 0.452239] mvs0c_gdsc: supplied by pm8150a_s4_level
01-01 08:01:49.853 0 0 I : [ 0.452268] gdsc abf0d98.qcom,gdsc: Linked as a consumer to regulator.31
01-01 08:01:49.853 0 0 E [ 0.452279] register_client_adhoc: find path.src 1 dest 596
01-01 08:01:49.853 0 0 E [ 0.452348] register_client_adhoc: Client handle 19 mvs1_gdsc_ahb
01-01 08:01:49.853 0 0 I [ 0.452448] mvs1_gdsc: supplied by pm8150a_s4_level
01-01 08:01:49.853 0 0 I : [ 0.452486] gdsc abf0c98.qcom,gdsc: Linked as a consumer to regulator.31
01-01 08:01:49.853 0 0 E [ 0.452499] register_client_adhoc: find path.src 1 dest 596
01-01 08:01:49.853 0 0 E [ 0.452569] register_client_adhoc: Client handle 20 mvs1c_gdsc_ahb
01-01 08:01:49.853 0 0 I [ 0.452671] mvs1c_gdsc: supplied by pm8150a_s4_level
01-01 08:01:49.853 0 0 I : [ 0.452716] disp_cc-kona af00000.qcom,dispcc: Linked as a consumer to regulator.31
01-01 08:01:49.853 0 0 E [ 0.452724] register_client_adhoc: find path.src 1 dest 590
01-01 08:01:49.853 0 0 E [ 0.452790] register_client_adhoc: Client handle 21 clk_dispcc_debugfs
01-01 08:01:49.853 0 0 I : [ 0.455901] disp_cc-kona af00000.qcom,dispcc: Registered Display CC clocks
01-01 08:01:49.853 0 0 I : [ 0.455940] video_cc-kona abf0000.qcom,videocc: Linked as a consumer to regulator.1
01-01 08:01:49.853 0 0 I : [ 0.455946] video_cc-kona abf0000.qcom,videocc: Linked as a consumer to regulator.31
01-01 08:01:49.853 0 0 E [ 0.455954] register_client_adhoc: find path.src 1 dest 596
01-01 08:01:49.853 0 0 E [ 0.456039] register_client_adhoc: Client handle 22 clk_videocc_debugfs
01-01 08:01:49.853 0 0 I : [ 0.457323] video_cc-kona abf0000.qcom,videocc: Registered Video CC clocks
01-01 08:01:49.853 0 0 I [ 0.457510] clocksource: Switched to clocksource arch_sys_counter
01-01 08:01:49.853 0 0 I [ 0.473669] VFS: Disk quotas dquot_6.6.0
01-01 08:01:49.853 0 0 I [ 0.473700] VFS: Dquot-cache hash table entries: 512 (order 0, 4096 bytes)
01-01 08:01:49.853 0 0 E [ 0.473880] register_client_adhoc: find path.src 1 dest 589
01-01 08:01:49.853 0 0 E [ 0.473904] register_client_adhoc: Failed to find path.src 1 dest 589
01-01 08:01:49.853 0 0 I [ 0.475163] mdss_pll_probe: MDSS pll label = MDSS DSI 0 PLL
01-01 08:01:49.853 0 0 I [ 0.475172] mdss_pll_probe: mdss_pll_probe: label=MDSS DSI 0 PLL PLL SSC enabled
01-01 08:01:49.853 0 0 I [ 0.476472] dsi_pll_clock_register_7nm: Registered DSI PLL ndx=0, clocks successfully
01-01 08:01:49.853 0 0 I [ 0.476501] mdss_pll_probe: MDSS pll label = MDSS DSI 1 PLL
01-01 08:01:49.853 0 0 I [ 0.476505] mdss_pll_probe: mdss_pll_probe: label=MDSS DSI 1 PLL PLL SSC enabled
01-01 08:01:49.853 0 0 I [ 0.487479] dsi_pll_clock_register_7nm: Registered DSI PLL ndx=1, clocks successfully
01-01 08:01:49.853 0 0 I [ 0.487501] mdss_pll_probe: MDSS pll label = MDSS DP PLL
