06-25 17:16:47.730 0 0 I [ 16.262410] IPv6: ADDRCONF(NETDEV_UP): vlan2: link is not ready
06-25 17:16:47.730 0 0 E : [ 16.267975] kona-asoc-snd soc:qcom,msm-audio-apr:qcom,q6core-audio:sound: ASoC: Failed to add route MIC BIAS2 -> direct -> AMIC2
06-25 17:16:47.730 0 0 E : [ 16.268054] kona-asoc-snd soc:qcom,msm-audio-apr:qcom,q6core-audio:sound: ASoC: no sink widget found for MIC BIAS2
06-25 17:16:47.775 0 0 E : [ 16.301277] kona-asoc-snd soc:qcom,msm-audio-apr:qcom,q6core-audio:sound: ASoC: Failed to add route Analog Mic2 -> direct -> MIC BIAS2
06-25 17:16:47.798 0 0 E : [ 16.313759] kona-asoc-snd soc:qcom,msm-audio-apr:qcom,q6core-audio:sound: ASoC: no source widget found for MIC BIAS3
06-25 17:16:47.798 0 0 E : [ 16.324570] kona-asoc-snd soc:qcom,msm-audio-apr:qcom,q6core-audio:sound: ASoC: Failed to add route MIC BIAS3 -> direct -> AMIC3
06-25 17:16:47.798 0 0 I [ 16.331276] IPv6: ADDRCONF(NETDEV_UP): vlan4: link is not ready
06-25 17:16:47.821 0 0 E : [ 16.336518] kona-asoc-snd soc:qcom,msm-audio-apr:qcom,q6core-audio:sound: ASoC: no sink widget found for MIC BIAS3
06-25 17:16:47.821 0 0 E : [ 16.347140] kona-asoc-snd soc:qcom,msm-audio-apr:qcom,q6core-audio:sound: ASoC: Failed to add route Analog Mic3 -> direct -> MIC BIAS3
06-25 17:16:47.821 0 0 E : [ 16.359625] kona-asoc-snd soc:qcom,msm-audio-apr:qcom,q6core-audio:sound: ASoC: no source widget found for MIC BIAS3
06-25 17:16:47.844 0 0 E : [ 16.370428] kona-asoc-snd soc:qcom,msm-audio-apr:qcom,q6core-audio:sound: ASoC: Failed to add route MIC BIAS3 -> direct -> AMIC4
06-25 17:16:47.844 0 0 I : [ 16.372590] configfs-gadget gadget: high-speed config #1: b
06-25 17:16:47.844 0 0 E : [ 16.382383] msm-dwc3 a600000.ssusb: Could not get usb psy
06-25 17:16:47.844 0 0 E : [ 16.382397] kona-asoc-snd soc:qcom,msm-audio-apr:qcom,q6core-audio:sound: ASoC: no sink widget found for MIC BIAS3
06-25 17:16:47.860 0 0 I [ 16.390971] android_work: sent uevent USB_STATE=CONFIGURED
06-25 17:16:47.861 0 0 E : [ 16.398563] kona-asoc-snd soc:qcom,msm-audio-apr:qcom,q6core-audio:sound: ASoC: Failed to add route Analog Mic4 -> direct -> MIC BIAS3
06-25 17:16:47.861 0 0 E : [ 16.398640] kona-asoc-snd soc:qcom,msm-audio-apr:qcom,q6core-audio:sound: ASoC: no source widget found for MIC BIAS4
06-25 17:16:47.895 0 0 E : [ 16.421794] kona-asoc-snd soc:qcom,msm-audio-apr:qcom,q6core-audio:sound: ASoC: Failed to add route MIC BIAS4 -> direct -> AMIC5
06-25 17:16:47.895 0 0 I [ 16.422777] binder: 1488:1488 ioctl 40046210 7fe2b8b1b4 returned -22
06-25 17:16:47.895 0 0 I [ 16.432230] IPv6: ADDRCONF(NETDEV_UP): vlan8: link is not ready
06-25 17:16:47.895 0 0 E : [ 16.433740] kona-asoc-snd soc:qcom,msm-audio-apr:qcom,q6core-audio:sound: ASoC: no sink widget found for MIC BIAS4
06-25 17:16:47.918 0 0 E : [ 16.444366] kona-asoc-snd soc:qcom,msm-audio-apr:qcom,q6core-audio:sound: ASoC: Failed to add route Analog Mic5 -> direct -> MIC BIAS4
06-25 17:16:47.928 591 591 I auditd : type=1400 audit(0.0:1522): avc: denied { read } for comm="Binder:591_2" name="wakeup58" dev="sysfs" ino=71830 scontext=u:r:system_suspend:s0 tcontext=u:object_r:sysfs:s0 tclass=dir permissive=1
06-25 17:16:47.928 591 591 I auditd : type=1400 audit(0.0:1523): avc: denied { open } for comm="Binder:591_2" path="/sys/devices/virtual/misc/msm_g711mlaw/wakeup58" dev="sysfs" ino=71830 scontext=u:r:system_suspend:s0 tcontext=u:object_r:sysfs:s0 tclass=dir permissive=1
06-25 17:16:47.928 591 591 I auditd : type=1400 audit(0.0:1524): avc: denied { read } for comm="Binder:591_2" name="event_count" dev="sysfs" ino=71837 scontext=u:r:system_suspend:s0 tcontext=u:object_r:sysfs:s0 tclass=file permissive=1
06-25 17:16:47.928 591 591 I auditd : type=1400 audit(0.0:1525): avc: denied { open } for comm="Binder:591_2" path="/sys/devices/virtual/misc/msm_g711mlaw/wakeup58/event_count" dev="sysfs" ino=71837 scontext=u:r:system_suspend:s0 tcontext=u:object_r:sysfs:s0 tclass=file permissive=1
06-25 17:16:47.928 591 591 I auditd : type=1400 audit(0.0:1526): avc: denied { getattr } for comm="Binder:591_2" path="/sys/devices/virtual/misc/msm_g711mlaw/wakeup58/event_count" dev="sysfs" ino=71837 scontext=u:r:system_suspend:s0 tcontext=u:object_r:sysfs:s0 tclass=file permissive=1
06-25 17:16:47.941 0 0 E : [ 16.456852] kona-asoc-snd soc:qcom,msm-audio-apr:qcom,q6core-audio:sound: ASoC: no source widget found for MIC BIAS3
06-25 17:16:47.941 0 0 E : [ 16.467663] kona-asoc-snd soc:qcom,msm-audio-apr:qcom,q6core-audio:sound: ASoC: Failed to add route MIC BIAS3 -> direct -> TX DMIC0
06-25 17:16:47.950 1488 1615 I commit_sys_config_file: [batterystats,1]
06-25 17:16:47.953 1488 1615 I commit_sys_config_file: [batterystats,3]
06-25 17:16:47.965 0 0 E : [ 16.479888] kona-asoc-snd soc:qcom,msm-audio-apr:qcom,q6core-audio:sound: ASoC: no sink widget found for MIC BIAS3
06-25 17:16:47.965 0 0 E : [ 16.490513] kona-asoc-snd soc:qcom,msm-audio-apr:qcom,q6core-audio:sound: ASoC: Failed to add route Digital Mic0 -> direct -> MIC BIAS3
06-25 17:16:47.965 0 0 I [ 16.499245] IPv6: ADDRCONF(NETDEV_UP): vlan11: link is not ready
06-25 17:16:47.974 1488 1488 I service_manager_stats: [100,7,16512]
06-25 17:16:47.988 0 0 E : [ 16.503081] kona-asoc-snd soc:qcom,msm-audio-apr:qcom,q6core-audio:sound: ASoC: no source widget found for MIC BIAS3
06-25 17:16:47.988 0 0 E : [ 16.513885] kona-asoc-snd soc:qcom,msm-audio-apr:qcom,q6core-audio:sound: ASoC: Failed to add route MIC BIAS3 -> direct -> TX DMIC1
06-25 17:16:48.011 0 0 E : [ 16.526102] kona-asoc-snd soc:qcom,msm-audio-apr:qcom,q6core-audio:sound: ASoC: no sink widget found for MIC BIAS3
06-25 17:16:48.011 0 0 E : [ 16.536731] kona-asoc-snd soc:qcom,msm-audio-apr:qcom,q6core-audio:sound: ASoC: Failed to add route Digital Mic1 -> direct -> MIC BIAS3
06-25 17:16:48.034 0 0 E : [ 16.549304] kona-asoc-snd soc:qcom,msm-audio-apr:qcom,q6core-audio:sound: ASoC: no source widget found for MIC BIAS1
06-25 17:16:48.034 0 0 E : [ 16.560119] kona-asoc-snd soc:qcom,msm-audio-apr:qcom,q6core-audio:sound: ASoC: Failed to add route MIC BIAS1 -> direct -> TX DMIC2
06-25 17:16:48.039 1488 1488 I rescue_note: [0,1,16577]
06-25 17:16:48.055 1488 1602 I am_wtf : [0,1488,system_server,-1,DisplayDeviceConfig,requesting nits when no mapping exists.]
06-25 17:16:48.055 1488 1602 I am_wtf : [0,1488,system_server,-1,DisplayDeviceConfig,requesting nits when no mapping exists.]
06-25 17:16:48.057 0 0 E : [ 16.572339] kona-asoc-snd soc:qcom,msm-audio-apr:qcom,q6core-audio:sound: ASoC: no sink widget found for MIC BIAS1
06-25 17:16:48.057 0 0 E : [ 16.582970] kona-asoc-snd soc:qcom,msm-audio-apr:qcom,q6core-audio:sound: ASoC: Failed to add route Digital Mic2 -> direct -> MIC BIAS1
06-25 17:16:48.060 1488 1488 I boot_progress_pms_start: 16598
06-25 17:16:48.080 0 0 E : [ 16.595549] kona-asoc-snd soc:qcom,msm-audio-apr:qcom,q6core-audio:sound: ASoC: no source widget found for MIC BIAS1
06-25 17:16:48.080 0 0 E : [ 16.606362] kona-asoc-snd soc:qcom,msm-audio-apr:qcom,q6core-audio:sound: ASoC: Failed to add route MIC BIAS1 -> direct -> TX DMIC3
06-25 17:16:48.080 1231 1231 I auditd : type=1400 audit(0.0:1527): avc: denied { add_name } for comm="sh" name="rps_cpus" scontext=u:r:ethernet:s0 tcontext=u:object_r:sysfs:s0 tclass=dir permissive=1
06-25 17:16:48.094 0 0 E : [ 16.618586] kona-asoc-snd soc:qcom,msm-audio-apr:qcom,q6core-audio:sound: ASoC: no sink widget found for MIC BIAS1
06-25 17:16:48.094 0 0 E : [ 16.629217] kona-asoc-snd soc:qcom,msm-audio-apr:qcom,q6core-audio:sound: ASoC: Failed to add route Digital Mic3 -> direct -> MIC BIAS1
06-25 17:16:48.126 0 0 E : [ 16.641777] kona-asoc-snd soc:qcom,msm-audio-apr:qcom,q6core-audio:sound: ASoC: no source widget found for MIC BIAS4
06-25 17:16:48.126 0 0 E : [ 16.652578] kona-asoc-snd soc:qcom,msm-audio-apr:qcom,q6core-audio:sound: ASoC: Failed to add route MIC BIAS4 -> direct -> TX DMIC4
06-25 17:16:48.149 0 0 E : [ 16.664775] kona-asoc-snd soc:qcom,msm-audio-apr:qcom,q6core-audio:sound: ASoC: no sink widget found for MIC BIAS4
06-25 17:16:48.149 0 0 E : [ 16.675400] kona-asoc-snd soc:qcom,msm-audio-apr:qcom,q6core-audio:sound: ASoC: Failed to add route Digital Mic4 -> direct -> MIC BIAS4
06-25 17:16:48.160 1488 1488 I boot_progress_pms_system_scan_start: 16698
06-25 17:16:48.172 0 0 E : [ 16.687952] kona-asoc-snd soc:qcom,msm-audio-apr:qcom,q6core-audio:sound: ASoC: no source widget found for MIC BIAS4
06-25 17:16:48.172 0 0 E : [ 16.698753] kona-asoc-snd soc:qcom,msm-audio-apr:qcom,q6core-audio:sound: ASoC: Failed to add route MIC BIAS4 -> direct -> TX DMIC5
06-25 17:16:48.196 0 0 E : [ 16.710957] kona-asoc-snd soc:qcom,msm-audio-apr:qcom,q6core-audio:sound: ASoC: no sink widget found for MIC BIAS4
06-25 17:16:48.196 0 0 E : [ 16.721586] kona-asoc-snd soc:qcom,msm-audio-apr:qcom,q6core-audio:sound: ASoC: Failed to add route Digital Mic5 -> direct -> MIC BIAS4
06-25 17:16:48.218 0 0 E : [ 16.734139] kona-asoc-snd soc:qcom,msm-audio-apr:qcom,q6core-audio:sound: ASoC: no sink widget found for IN1_HPHL
06-25 17:16:48.218 0 0 E : [ 16.744680] kona-asoc-snd soc:qcom,msm-audio-apr:qcom,q6core-audio:sound: ASoC: Failed to add route HPHL_OUT -> direct -> IN1_HPHL
06-25 17:16:48.241 0 0 E : [ 16.756803] kona-asoc-snd soc:qcom,msm-audio-apr:qcom,q6core-audio:sound: ASoC: no sink widget found for IN2_HPHR
06-25 17:16:48.241 0 0 E : [ 16.767343] kona-asoc-snd soc:qcom,msm-audio-apr:qcom,q6core-audio:sound: ASoC: Failed to add route HPHR_OUT -> direct -> IN2_HPHR
06-25 17:16:48.244 1488 1488 I boot_progress_pms_data_scan_start: 16782
06-25 17:16:48.263 0 0 E : [ 16.779458] kona-asoc-snd soc:qcom,msm-audio-apr:qcom,q6core-audio:sound: ASoC: no sink widget found for IN3_AUX
06-25 17:16:48.263 0 0 E : [ 16.789909] kona-asoc-snd soc:qcom,msm-audio-apr:qcom,q6core-audio:sound: ASoC: Failed to add route AUX_OUT -> direct -> IN3_AUX
06-25 17:16:48.287 0 0 E : [ 16.801851] kona-asoc-snd soc:qcom,msm-audio-apr:qcom,q6core-audio:sound: ASoC: no source widget found for ADC1_OUTPUT
06-25 17:16:48.287 0 0 E : [ 16.812843] kona-asoc-snd soc:qcom,msm-audio-apr:qcom,q6core-audio:sound: ASoC: Failed to add route ADC1_OUTPUT -> direct -> TX SWR_ADC0
06-25 17:16:48.311 0 0 E : [ 16.825493] kona-asoc-snd soc:qcom,msm-audio-apr:qcom,q6core-audio:sound: ASoC: no source widget found for ADC2_OUTPUT
06-25 17:16:48.311 0 0 E : [ 16.836481] kona-asoc-snd soc:qcom,msm-audio-apr:qcom,q6core-audio:sound: ASoC: Failed to add route ADC2_OUTPUT -> direct -> TX SWR_ADC1
06-25 17:16:48.334 0 0 E : [ 16.849134] kona-asoc-snd soc:qcom,msm-audio-apr:qcom,q6core-audio:sound: ASoC: no source widget found for ADC3_OUTPUT
06-25 17:16:48.334 0 0 E : [ 16.860120] kona-asoc-snd soc:qcom,msm-audio-apr:qcom,q6core-audio:sound: ASoC: Failed to add route ADC3_OUTPUT -> direct -> TX SWR_ADC2
06-25 17:16:48.358 0 0 E : [ 16.872780] kona-asoc-snd soc:qcom,msm-audio-apr:qcom,q6core-audio:sound: ASoC: no source widget found for ADC4_OUTPUT
06-25 17:16:48.358 0 0 E : [ 16.883781] kona-asoc-snd soc:qcom,msm-audio-apr:qcom,q6core-audio:sound: ASoC: Failed to add route ADC4_OUTPUT -> direct -> TX SWR_ADC3
06-25 17:16:48.358 0 0 E : [ 16.896444] kona-asoc-snd soc:qcom,msm-audio-apr:qcom,q6core-audio:sound: ASoC: no source widget found for DMIC1_OUTPUT
06-25 17:16:48.382 0 0 E : [ 16.907510] kona-asoc-snd soc:qcom,msm-audio-apr:qcom,q6core-audio:sound: ASoC: Failed to add route DMIC1_OUTPUT -> direct -> TX SWR_DMIC0
06-25 17:16:48.406 0 0 E : [ 16.920352] kona-asoc-snd soc:qcom,msm-audio-apr:qcom,q6core-audio:sound: ASoC: no source widget found for DMIC2_OUTPUT
06-25 17:16:48.406 0 0 E : [ 16.931431] kona-asoc-snd soc:qcom,msm-audio-apr:qcom,q6core-audio:sound: ASoC: Failed to add route DMIC2_OUTPUT -> direct -> TX SWR_DMIC1
06-25 17:16:48.430 0 0 E : [ 16.944260] kona-asoc-snd soc:qcom,msm-audio-apr:qcom,q6core-audio:sound: ASoC: no source widget found for DMIC3_OUTPUT
06-25 17:16:48.430 0 0 E : [ 16.955328] kona-asoc-snd soc:qcom,msm-audio-apr:qcom,q6core-audio:sound: ASoC: Failed to add route DMIC3_OUTPUT -> direct -> TX SWR_DMIC2
06-25 17:16:48.454 0 0 E : [ 16.968153] kona-asoc-snd soc:qcom,msm-audio-apr:qcom,q6core-audio:sound: ASoC: no source widget found for DMIC4_OUTPUT
06-25 17:16:48.454 0 0 E : [ 16.979223] kona-asoc-snd soc:qcom,msm-audio-apr:qcom,q6core-audio:sound: ASoC: Failed to add route DMIC4_OUTPUT -> direct -> TX SWR_DMIC3
06-25 17:16:48.477 0 0 E : [ 16.992058] kona-asoc-snd soc:qcom,msm-audio-apr:qcom,q6core-audio:sound: ASoC: no source widget found for DMIC5_OUTPUT
06-25 17:16:48.477 0 0 E : [ 17.003123] kona-asoc-snd soc:qcom,msm-audio-apr:qcom,q6core-audio:sound: ASoC: Failed to add route DMIC5_OUTPUT -> direct -> TX SWR_DMIC4
06-25 17:16:48.490 0 0 E : [ 17.015935] kona-asoc-snd soc:qcom,msm-audio-apr:qcom,q6core-audio:sound: ASoC: no source widget found for DMIC6_OUTPUT
06-25 17:16:48.490 0 0 I [ 17.025589] msm_vidc: err : ffffffff: .....: DBLP Set: status 0
06-25 17:16:48.490 0 0 E : [ 17.027003] kona-asoc-snd soc:qcom,msm-audio-apr:qcom,q6core-audio:sound: ASoC: Failed to add route DMIC6_OUTPUT -> direct -> TX SWR_DMIC5
06-25 17:16:48.512 0 0 E : [ 17.039820] kona-asoc-snd soc:qcom,msm-audio-apr:qcom,q6core-audio:sound: ASoC: no source widget found for DMIC7_OUTPUT
06-25 17:16:48.512 0 0 E : [ 17.050886] kona-asoc-snd soc:qcom,msm-audio-apr:qcom,q6core-audio:sound: ASoC: Failed to add route DMIC7_OUTPUT -> direct -> TX SWR_DMIC6
06-25 17:16:48.536 0 0 E : [ 17.063682] kona-asoc-snd soc:qcom,msm-audio-apr:qcom,q6core-audio:sound: ASoC: no source widget found for DMIC8_OUTPUT
06-25 17:16:48.536 0 0 E : [ 17.074752] kona-asoc-snd soc:qcom,msm-audio-apr:qcom,q6core-audio:sound: ASoC: Failed to add route DMIC8_OUTPUT -> direct -> TX SWR_DMIC7
06-25 17:16:48.551 1488 1488 I boot_progress_pms_scan_end: 17089
06-25 17:16:48.560 0 0 E : [ 17.087641] kona-asoc-snd soc:qcom,msm-audio-apr:qcom,q6core-audio:sound: ASoC: no sink widget found for SpkrLeft IN
06-25 17:16:48.560 0 0 E : [ 17.098443] kona-asoc-snd soc:qcom,msm-audio-apr:qcom,q6core-audio:sound: ASoC: Failed to add route WSA_SPK1 OUT -> direct -> SpkrLeft IN
06-25 17:16:48.584 0 0 E : [ 17.111175] kona-asoc-snd soc:qcom,msm-audio-apr:qcom,q6core-audio:sound: ASoC: no sink widget found for SpkrRight IN
06-25 17:16:48.584 0 0 E : [ 17.122073] kona-asoc-snd soc:qcom,msm-audio-apr:qcom,q6core-audio:sound: ASoC: Failed to add route WSA_SPK2 OUT -> direct -> SpkrRight IN
06-25 17:16:48.607 0 0 E : [ 17.134920] kona-asoc-snd soc:qcom,msm-audio-apr:qcom,q6core-audio:sound: ASoC: no sink widget found for VA MIC BIAS3
06-25 17:16:48.607 0 0 E : [ 17.145817] kona-asoc-snd soc:qcom,msm-audio-apr:qcom,q6core-audio:sound: ASoC: Failed to add route Digital Mic0 -> direct -> VA MIC BIAS3
06-25 17:16:48.613 1488 1488 I commit_sys_config_file: [package-user-0,1]
06-25 17:16:48.613 1488 1488 I commit_sys_config_file: [package,19]
06-25 17:16:48.613 1488 1488 I boot_progress_pms_ready: 17151
06-25 17:16:48.631 0 0 E : [ 17.158657] kona-asoc-snd soc:qcom,msm-audio-apr:qcom,q6core-audio:sound: ASoC: no sink widget found for VA MIC BIAS3
06-25 17:16:48.631 0 0 E : [ 17.169561] kona-asoc-snd soc:qcom,msm-audio-apr:qcom,q6core-audio:sound: ASoC: Failed to add route Digital Mic1 -> direct -> VA MIC BIAS3
06-25 17:16:48.632 1488 1488 I am_uid_running: 1000
06-25 17:16:48.633 1488 1488 I am_uid_active: 1000
06-25 17:16:48.655 0 0 E : [ 17.182431] kona-asoc-snd soc:qcom,msm-audio-apr:qcom,q6core-audio:sound: ASoC: no sink widget found for VA MIC BIAS4
06-25 17:16:48.655 0 0 E : [ 17.193332] kona-asoc-snd soc:qcom,msm-audio-apr:qcom,q6core-audio:sound: ASoC: Failed to add route Digital Mic4 -> direct -> VA MIC BIAS4
06-25 17:16:48.673 0 0 E [ 17.196515] HL6111R: is_dc_online: DC psy unavailable
06-25 17:16:48.673 0 0 E : [ 17.206173] kona-asoc-snd soc:qcom,msm-audio-apr:qcom,q6core-audio:sound: ASoC: no sink widget found for VA MIC BIAS4
06-25 17:16:48.697 0 0 E : [ 17.222207] kona-asoc-snd soc:qcom,msm-audio-apr:qcom,q6core-audio:sound: ASoC: Failed to add route Digital Mic5 -> direct -> VA MIC BIAS4
06-25 17:16:48.697 0 0 E : [ 17.235049] kona-asoc-snd soc:qcom,msm-audio-apr:qcom,q6core-audio:sound: ASoC: no source widget found for VA MIC BIAS3
06-25 17:16:48.720 0 0 E : [ 17.246132] kona-asoc-snd soc:qcom,msm-audio-apr:qcom,q6core-audio:sound: ASoC: Failed to add route VA MIC BIAS3 -> direct -> VA DMIC0
06-25 17:16:48.744 0 0 E : [ 17.258613] kona-asoc-snd soc:qcom,msm-audio-apr:qcom,q6core-audio:sound: ASoC: no source widget found for VA MIC BIAS3
06-25 17:16:48.744 0 0 E : [ 17.269679] kona-asoc-snd soc:qcom,msm-audio-apr:qcom,q6core-audio:sound: ASoC: Failed to add route VA MIC BIAS3 -> direct -> VA DMIC1
06-25 17:16:48.767 0 0 E : [ 17.282185] kona-asoc-snd soc:qcom,msm-audio-apr:qcom,q6core-audio:sound: ASoC: no source widget found for VA MIC BIAS4
06-25 17:16:48.767 0 0 E : [ 17.293254] kona-asoc-snd soc:qcom,msm-audio-apr:qcom,q6core-audio:sound: ASoC: Failed to add route VA MIC BIAS4 -> direct -> VA DMIC4
06-25 17:16:48.782 1488 1488 I commit_sys_config_file: [overlays,0]
06-25 17:16:48.791 0 0 E : [ 17.305736] kona-asoc-snd soc:qcom,msm-audio-apr:qcom,q6core-audio:sound: ASoC: no source widget found for VA MIC BIAS4
06-25 17:16:48.791 0 0 E : [ 17.316802] kona-asoc-snd soc:qcom,msm-audio-apr:qcom,q6core-audio:sound: ASoC: Failed to add route VA MIC BIAS4 -> direct -> VA DMIC5
06-25 17:16:48.791 0 0 E [ 17.329104] HL6111R: is_dc_online: DC psy unavailable
06-25 17:16:48.796 1488 1613 I battery_status: [1,1,0,0,]
06-25 17:16:48.807 0 0 E : [ 17.329337] kona-asoc-snd soc:qcom,msm-audio-apr:qcom,q6core-audio:sound: ASoC: no source widget found for ADC1_OUTPUT
06-25 17:16:48.807 0 0 E [ 17.334528] HL6111R: is_dc_online: DC psy unavailable
06-25 17:16:48.807 0 0 E : [ 17.345381] kona-asoc-snd soc:qcom,msm-audio-apr:qcom,q6core-audio:sound: ASoC: Failed to add route ADC1_OUTPUT -> direct -> VA SWR_ADC0
06-25 17:16:48.807 0 0 E : [ 17.345436] kona-asoc-snd soc:qcom,msm-audio-apr:qcom,q6core-audio:sound: ASoC: no source widget found for ADC2_OUTPUT
06-25 17:16:48.825 0 0 W [ 17.350647] healthd: battery none chg=
06-25 17:16:48.825 0 0 E : [ 17.363192] kona-asoc-snd soc:qcom,msm-audio-apr:qcom,q6core-audio:sound: ASoC: Failed to add route ADC2_OUTPUT -> direct -> VA SWR_ADC1
06-25 17:16:48.825 0 0 E : [ 17.363257] kona-asoc-snd soc:qcom,msm-audio-apr:qcom,q6core-audio:sound: ASoC: no source widget found for ADC3_OUTPUT
06-25 17:16:48.848 0 0 E [ 17.374244] HL6111R: is_dc_online: DC psy unavailable
06-25 17:16:48.848 0 0 E : [ 17.386775] kona-asoc-snd soc:qcom,msm-audio-apr:qcom,q6core-audio:sound: ASoC: Failed to add route ADC3_OUTPUT -> direct -> VA SWR_ADC2
06-25 17:16:48.888 0 0 E : [ 17.415586] kona-asoc-snd soc:qcom,msm-audio-apr:qcom,q6core-audio:sound: ASoC: no source widget found for ADC4_OUTPUT
06-25 17:16:48.888 0 0 E : [ 17.426574] kona-asoc-snd soc:qcom,msm-audio-apr:qcom,q6core-audio:sound: ASoC: Failed to add route ADC4_OUTPUT -> direct -> VA SWR_ADC3
06-25 17:16:48.912 0 0 E : [ 17.439223] kona-asoc-snd soc:qcom,msm-audio-apr:qcom,q6core-audio:sound: ASoC: no source widget found for DMIC1_OUTPUT
06-25 17:16:48.912 0 0 E : [ 17.450300] kona-asoc-snd soc:qcom,msm-audio-apr:qcom,q6core-audio:sound: ASoC: Failed to add route DMIC1_OUTPUT -> direct -> VA SWR_MIC0
06-25 17:16:48.926 0 0 I [ 17.461955] binder: 1488:1488 ioctl c00c620f 7fe2b8b438 returned -22
06-25 17:16:48.926 0 0 E : [ 17.463042] kona-asoc-snd soc:qcom,msm-audio-apr:qcom,q6core-audio:sound: ASoC: no source widget found for DMIC2_OUTPUT
06-25 17:16:48.937 0 0 E : [ 17.474118] kona-asoc-snd soc:qcom,msm-audio-apr:qcom,q6core-audio:sound: ASoC: Failed to add route DMIC2_OUTPUT -> direct -> VA SWR_MIC1
06-25 17:16:48.960 0 0 E : [ 17.486865] kona-asoc-snd soc:qcom,msm-audio-apr:qcom,q6core-audio:sound: ASoC: no source widget found for DMIC3_OUTPUT
06-25 17:16:48.960 0 0 E : [ 17.497942] kona-asoc-snd soc:qcom,msm-audio-apr:qcom,q6core-audio:sound: ASoC: Failed to add route DMIC3_OUTPUT -> direct -> VA SWR_MIC2
06-25 17:16:48.960 1488 1488 I wm_task_created: [1,-1]
06-25 17:16:48.963 1488 1602 I sysui_multi_action: [757,1594,758,4,759,0,806,NULL]
06-25 17:16:48.984 0 0 E : [ 17.510688] kona-asoc-snd soc:qcom,msm-audio-apr:qcom,q6core-audio:sound: ASoC: no source widget found for DMIC4_OUTPUT
06-25 17:16:48.984 0 0 E : [ 17.521765] kona-asoc-snd soc:qcom,msm-audio-apr:qcom,q6core-audio:sound: ASoC: Failed to add route DMIC4_OUTPUT -> direct -> VA SWR_MIC3
06-25 17:16:48.999 1488 1488 I configuration_changed: 536894968
06-25 17:16:49.000 1488 1488 I sysui_multi_action: [757,1659,758,4,759,2,1660,0]
06-25 17:16:49.007 0 0 E : [ 17.534513] kona-asoc-snd soc:qcom,msm-audio-apr:qcom,q6core-audio:sound: ASoC: no source widget found for DMIC5_OUTPUT
06-25 17:16:49.007 0 0 E : [ 17.545597] kona-asoc-snd soc:qcom,msm-audio-apr:qcom,q6core-audio:sound: ASoC: Failed to add route DMIC5_OUTPUT -> direct -> VA SWR_MIC4
06-25 17:16:49.008 1488 1488 I configuration_changed: 8
06-25 17:16:49.031 0 0 E : [ 17.558349] kona-asoc-snd soc:qcom,msm-audio-apr:qcom,q6core-audio:sound: ASoC: no source widget found for DMIC6_OUTPUT
06-25 17:16:49.031 0 0 E : [ 17.569429] kona-asoc-snd soc:qcom,msm-audio-apr:qcom,q6core-audio:sound: ASoC: Failed to add route DMIC6_OUTPUT -> direct -> VA SWR_MIC5
06-25 17:16:49.055 0 0 E : [ 17.582188] kona-asoc-snd soc:qcom,msm-audio-apr:qcom,q6core-audio:sound: ASoC: no source widget found for DMIC7_OUTPUT
06-25 17:16:49.055 0 0 E : [ 17.593263] kona-asoc-snd soc:qcom,msm-audio-apr:qcom,q6core-audio:sound: ASoC: Failed to add route DMIC7_OUTPUT -> direct -> VA SWR_MIC6
06-25 17:16:49.079 0 0 E : [ 17.605999] kona-asoc-snd soc:qcom,msm-audio-apr:qcom,q6core-audio:sound: ASoC: no source widget found for DMIC8_OUTPUT
06-25 17:16:49.079 0 0 E : [ 17.617078] kona-asoc-snd soc:qcom,msm-audio-apr:qcom,q6core-audio:sound: ASoC: Failed to add route DMIC8_OUTPUT -> direct -> VA SWR_MIC7
06-25 17:16:49.119 0 0 I : [ 17.657444] kona-asoc-snd soc:qcom,msm-audio-apr:qcom,q6core-audio:sound: msm_asoc_machine_probe: Sound card kona-mtp-snd-card registered
06-25 17:16:49.141 0 0 E : [ 17.660200] swr-wcd tx_swr_ctrl: swrm_runtime_suspend: clk stop mode not supported or SSR entry
06-25 17:16:49.141 0 0 E : [ 17.669156] swr-wcd rx_swr_ctrl: swrm_runtime_suspend: clk stop mode not supported or SSR entry
06-25 17:16:49.141 0 0 W [ 17.673334] QSEECOM: qseecom_load_app: App (fingerpr) does'nt exist, loading apps for first time
06-25 17:16:49.141 0 0 E : [ 17.678111] swr-wcd wsa_swr_ctrl: swrm_runtime_suspend: clk stop mode not supported or SSR entry
06-25 17:16:49.158 0 0 E [ 17.687561] [drm: dp_display_init_aux_switch][msm-dp-err][386 ]failed to register notifier (-22)
06-25 17:16:49.165 0 0 E [ 17.697656] register_client_adhoc: find path.src 1 dest 589
06-25 17:16:49.190 0 0 E [ 17.697697] register_client_adhoc: Failed to find path.src 1 dest 589
06-25 17:16:49.190 0 0 D [ 17.716232] cnss: Sending respond memory message, state: 0x9
06-25 17:16:49.190 0 0 D [ 17.725980] cnss: Memory for FW, va: 0x0000000000000000, pa: 0x00000000a1000000, size: 0x5e0000, type: 1
06-25 17:16:49.190 0 0 D [ 17.725982] cnss: Memory for FW, va: 0x0000000000000000, pa: 0x00000000a1600000, size: 0xd8000, type: 4
06-25 17:16:49.194 0 0 D [ 17.732220] cnss: PM relax, state: 0x9, count: 0
06-25 17:16:49.195 0 0 D [ 17.733585] cnss: Received QMI WLFW FW memory ready indication
06-25 17:16:49.195 0 0 D [ 17.733593] cnss: Posting event: FW_MEM_READY(3), state: 0x9 flags: 0x0
06-25 17:16:49.195 0 0 D [ 17.733599] cnss: PM stay awake, state: 0x9, count: 1
06-25 17:16:49.195 0 0 D [ 17.733612] cnss: PM relax, state: 0x9, count: 0
06-25 17:16:49.195 0 0 D [ 17.733615] cnss: PM stay awake, state: 0x9, count: 1
06-25 17:16:49.195 0 0 D [ 17.733618] cnss: Processing driver event: FW_MEM_READY(3), state: 0x9
06-25 17:16:49.195 0 0 D [ 17.733620] cnss: Sending target capability message, state: 0xb --------- beginning of radio
06-25 17:16:49.198 1488 1488 D TelephonyRegistry: listen oscl: mHasNotifySubscriptionInfoChangedOccurred==false no callback
06-25 17:16:49.207 0 0 D [ 17.744729] cnss: Voltage for CPR: 948mV
06-25 17:16:49.207 0 0 D [ 17.744738] cnss: Got voltage 800mV from i: 0, j: 0
06-25 17:16:49.207 0 0 D [ 17.744777] cnss: Got voltage 1012mV from i: 4, j: 1
06-25 17:16:49.207 0 0 D [ 17.744912] cnss: Update TCS CMD data address 0x000000000b2e5844 with voltage 950mV
06-25 17:16:49.207 0 0 D [ 17.744914] cnss: Device frequency is 24000000 HZ
06-25 17:16:49.207 0 0 D [ 17.744917] cnss: Target capability: chip_id: 0x0, chip_family: 0xb, board_id: 0xff, soc_id: 0xffffffff, fw_version: 0x101a0521, fw_build_timestamp: 2021-12-20 07:54, fw_build_id: QC_IMAGE_VERSION_STRING=WLAN.HST.1.0.1.r1-01313-QCAHSTSWPL_SILICONZ-1, otp_version: 0x0
06-25 17:16:49.207 0 0 D [ 17.744920] cnss: Sending BDF download message, state: 0xb, type: 4
06-25 17:16:49.207 0 0 D [ 17.744924] cnss: FW name added with prefix: qca6390/regdb.bin
06-25 17:16:49.207 0 0 W : [ 17.744951] cnss2 b0000000.qcom,cnss-qca6390: Falling back to syfs fallback for: qca6390/regdb.bin
06-25 17:16:49.210 0 0 I [ 17.747419] ueventd: firmware: loading 'qca6390/regdb.bin' for '/devices/platform/soc/b0000000.qcom,cnss-qca6390/firmware/qca6390!regdb.bin'
06-25 17:16:49.228 0 0 E [ 17.748588] ueventd: firmware: could not find firmware for qca6390/regdb.bin
06-25 17:16:49.228 0 0 E [ 17.756156] ueventd: firmware: attempted /etc/firmware/qca6390/regdb.bin, open failed: No such file or directory
06-25 17:16:49.228 0 0 E [ 17.766657] ueventd: firmware: attempted /odm/firmware/qca6390/regdb.bin, open failed: No such file or directory
06-25 17:16:49.246 0 0 W : [ 17.768981] subsys-pil-tz soc:qcom,kgsl-hyp: Falling back to syfs fallback for: a650_zap.mdt
06-25 17:16:49.246 0 0 E [ 17.777108] ueventd: firmware: attempted /vendor/firmware/qca6390/regdb.bin, open failed: No such file or directory
06-25 17:16:49.246 0 0 E [ 17.777110] ueventd: firmware: attempted /firmware/image/qca6390/regdb.bin, open failed: No such file or directory
06-25 17:16:49.246 0 0 E [ 17.777120] ueventd: firmware: attempted /vendor/firmware_mnt/image/qca6390/regdb.bin, open failed: No such file or directory
06-25 17:16:49.246 0 0 I [ 17.777165] ueventd: loading /devices/platform/soc/b0000000.qcom,cnss-qca6390/firmware/qca6390!regdb.bin took 30ms
06-25 17:16:49.246 0 0 E [ 17.777267] cnss: Failed to load BDF: qca6390/regdb.bin
06-25 17:16:49.246 0 0 D [ 17.777271] cnss: Sending BDF download message, state: 0xb, type: 1
06-25 17:16:49.246 0 0 D [ 17.777273] cnss: FW name added with prefix: qca6390/bdwlan.elf
06-25 17:16:49.246 0 0 W : [ 17.777280] cnss2 b0000000.qcom,cnss-qca6390: Falling back to syfs fallback for: qca6390/bdwlan.elf
06-25 17:16:49.246 0 0 W [ 17.778622] QSEECOM: qseecom_load_app: App with id 6 (fingerpr) now loaded
06-25 17:16:49.247 0 0 I [ 17.784433] ueventd: firmware: loading 'qca6390/bdwlan.elf' for '/devices/platform/soc/b0000000.qcom,cnss-qca6390/firmware/qca6390!bdwlan.elf'
06-25 17:16:49.249 0 0 D [ 17.785898] cnss: Downloading BDF: qca6390/bdwlan.elf, size: 57908
06-25 17:16:49.249 0 0 I [ 17.786224] ueventd: loading /devices/platform/soc/b0000000.qcom,cnss-qca6390/firmware/qca6390!bdwlan.elf took 1ms
06-25 17:16:49.286 0 0 I : [ 17.823996] subsys-pil-tz soc:qcom,kgsl-hyp: a650_zap: loading from 0x00000000fcd00000 to 0x00000000fcd01000
06-25 17:16:49.286 811 913 I liblog : 33
06-25 17:16:49.290 0 0 W : [ 17.825764] subsys-pil-tz soc:qcom,kgsl-hyp: Falling back to syfs fallback for: a650_zap.b02
06-25 17:16:49.292 0 0 D [ 17.828522] cnss: FW name added with prefix: qca6390/m3.bin
06-25 17:16:49.292 0 0 W : [ 17.828534] cnss_pci 0000:01:00.0: Falling back to syfs fallback for: qca6390/m3.bin
06-25 17:16:49.297 0 0 D [ 17.832835] cnss: Sending M3 information message, state: 0xb
06-25 17:16:49.297 0 0 D [ 17.832840] cnss: M3 memory, va: 0x0000000000000000, pa: 0x00000000a1800000, size: 0x411bc
06-25 17:16:49.297 0 0 I : [ 17.834664] subsys-pil-tz soc:qcom,kgsl-hyp: a650_zap: Brought out of reset
06-25 17:16:49.300 0 0 D [ 17.838554] cnss: Received QMI WLFW FW initialization done indication
06-25 17:16:49.300 0 0 D [ 17.838558] cnss: Posting event: FW_READY(4), state: 0xb flags: 0x0
06-25 17:16:49.302 0 0 D [ 17.840137] cnss: Processing driver event: FW_READY(4), state: 0xb
06-25 17:16:49.302 0 0 D [ 17.840143] cnss: PCIE Gen speed not setup
06-25 17:16:49.302 0 0 D [ 17.840147] cnss: Sending antenna switch sync request, state: 0xf
06-25 17:16:49.317 0 0 E [ 17.847850] cnss: Antenna switch request failed, result: 1, err: 94
06-25 17:16:49.317 0 0 I [ 17.854521] binder: 1109:1135 ioctl 40046210 718737d144 returned -22
06-25 17:16:49.317 0 0 D [ 17.854831] cnss: Sending mode message, mode: CALIBRATION(7), state: 0xf
06-25 17:16:49.319 1488 1800 I storage_state: [41217664-9172-527a-b3d5-edabb50a7d69,0,0,65479118848,118610538496]
06-25 17:16:49.412 0 0 W [ 17.950244] QSEECOM: __qseecom_unload_app: App (6) is unloaded
06-25 17:16:49.413 0 0 D [ 17.950608] qbt: qbt_release: entry minor_no=0 fd_available=0
06-25 17:16:49.413 0 0 D [ 17.950610] qbt: qbt_release: Releasing wakelock
06-25 17:16:49.413 0 0 D [ 17.950611] qbt: qbt_release: exit : fd_available=1
06-25 17:16:49.413 0 0 D [ 17.950613] qbt: qbt_release: entry minor_no=1 fd_available=1
06-25 17:16:49.413 0 0 D [ 17.950614] qbt: qbt_release: exit : fd_available=1
06-25 17:16:49.484 0 0 D [ 18.022172] cnss: Received QMI WLFW pin connect result indication
06-25 17:16:49.484 0 0 D [ 18.022180] cnss: Pin connect Result: pwr_pin: 0x1 phy_io_pin: 0x0 rf_io_pin: 0x0
06-25 17:16:49.484 0 0 D [ 18.022211] cnss: Removing vote for Regulator vdd-wlan-rfa2
06-25 17:16:49.484 0 0 D [ 18.022282] cnss: Removing vote for Regulator vdd-wlan-rfa1
06-25 17:16:49.484 0 0 D [ 18.022296] cnss: Removing vote for Regulator vdd-wlan-dig
06-25 17:16:49.484 0 0 D [ 18.022306] cnss: Removing vote for Regulator vdd-wlan-aon
06-25 17:16:49.484 0 0 D [ 18.022316] cnss: Removing vote for Regulator vdd-wlan-io
06-25 17:16:49.484 0 0 D [ 18.022320] cnss: PM relax, state: 0xf, count: 0
06-25 17:16:49.484 0 0 D [ 18.022324] cnss: PM stay awake, state: 0xf, count: 1
06-25 17:16:49.484 0 0 D [ 18.022325] cnss: PM relax, state: 0xf, count: 0
06-25 17:16:49.552 1488 1601 I commit_sys_config_file: [notification-policy,3]
06-25 17:16:49.686 0 0 E : [ 18.213973] msm_qti_pp_get_rms_value_control, back not active to query rms be_idx:3
06-25 17:16:49.694 0 0 I [ 18.231736] core_get_license_status: cmdrsp_license_result.result = 0x15 for module 0x131ff
06-25 17:16:49.713 0 0 E [ 18.232323] msm_ext_disp_update_audio_ops: Display not found (EXT_DISPLAY_TYPE_DP) ctld (0) stream (0)
06-25 17:16:49.713 0 0 E [ 18.241969] msm_ext_disp_update_audio_ops: Display not found (EXT_DISPLAY_TYPE_HDMI) ctld (0) stream (0)
06-25 17:16:49.713 0 0 E [ 18.251800] msm_ext_disp_update_audio_ops: Display not found (EXT_DISPLAY_TYPE_DP) ctld (0) stream (0)
06-25 17:16:49.733 0 0 E [ 18.261410] msm_ext_disp_update_audio_ops: Display not found (EXT_DISPLAY_TYPE_DP) ctld (0) stream (0)
06-25 17:16:49.758 0 0 E [ 18.271206] msm_ext_disp_update_audio_ops: Display not found (EXT_DISPLAY_TYPE_DP) ctld (0) stream (0)
06-25 17:16:49.758 0 0 E : [ 18.280766] msm-ext-disp-audio-codec-rx soc:qcom,msm-ext-disp:qcom,msm-ext-disp-audio-codec-rx: msm_ext_disp_audio_type_get: get_audio_edid_blk() or get_intf_id is NULL
06-25 17:16:49.758 0 0 E : [ 18.288007] msm_qti_pp_get_rms_value_control, back not active to query rms be_idx:3
06-25 17:16:49.770 0 0 E [ 18.296430] msm_ext_disp_update_audio_ops: Display not found (EXT_DISPLAY_TYPE_DP) ctld (0) stream (0)
06-25 17:16:49.778 0 0 I [ 18.313499] core_get_license_status: cmdrsp_license_result.result = 0x15 for module 0x131ff
06-25 17:16:49.778 0 0 E : [ 18.313621] msm-ext-disp-audio-codec-rx soc:qcom,msm-ext-disp:qcom,msm-ext-disp-audio-codec-rx: msm_ext_disp_audio_type_get: get_audio_edid_blk() or get_intf_id is NULL
06-25 17:16:49.802 0 0 E [ 18.329056] msm_ext_disp_update_audio_ops: Display not found (EXT_DISPLAY_TYPE_DP) ctld (0) stream (0)
06-25 17:16:49.802 0 0 E [ 18.338605] msm_ext_disp_update_audio_ops: Display not found (EXT_DISPLAY_TYPE_DP) ctld (0) stream (0)
06-25 17:16:49.825 0 0 E : [ 18.348159] msm-ext-disp-audio-codec-rx soc:qcom,msm-ext-disp:qcom,msm-ext-disp-audio-codec-rx: msm_ext_disp_audio_type_get: get_audio_edid_blk() or get_intf_id is NULL
06-25 17:16:49.825 0 0 E [ 18.363589] msm_ext_disp_update_audio_ops: Display not found (EXT_DISPLAY_TYPE_HDMI) ctld (0) stream (0)
06-25 17:16:49.848 0 0 E : [ 18.364497] msm-ext-disp-audio-codec-rx soc:qcom,msm-ext-disp:qcom,msm-ext-disp-audio-codec-rx: msm_ext_disp_audio_device_get: invalid dai id: 4
06-25 17:16:49.848 0 0 E [ 18.373400] msm_ext_disp_update_audio_ops: Display not found (EXT_DISPLAY_TYPE_DP) ctld (0) stream (0)
06-25 17:16:49.867 0 0 E [ 18.396208] msm_ext_disp_update_audio_ops: Display not found (EXT_DISPLAY_TYPE_DP) ctld (0) stream (0)
06-25 17:16:49.893 0 0 E [ 18.406034] msm_ext_disp_update_audio_ops: Display not found (EXT_DISPLAY_TYPE_DP) ctld (0) stream (0)
06-25 17:16:49.893 0 0 E : [ 18.415595] msm-ext-disp-audio-codec-rx soc:qcom,msm-ext-disp:qcom,msm-ext-disp-audio-codec-rx: msm_ext_disp_audio_type_get: get_audio_edid_blk() or get_intf_id is NULL
06-25 17:16:49.893 0 0 E : [ 18.415657] msm_pcm_volume_ctl_get substream not found
06-25 17:16:49.902 0 0 E [ 18.431312] msm_ext_disp_update_audio_ops: Display not found (EXT_DISPLAY_TYPE_DP) ctld (0) stream (0)
06-25 17:16:49.923 0 0 E : [ 18.445848] msm-ext-disp-audio-codec-rx soc:qcom,msm-ext-disp:qcom,msm-ext-disp-audio-codec-rx: msm_ext_disp_audio_type_get: get_audio_edid_blk() or get_intf_id is NULL
06-25 17:16:49.948 0 0 E [ 18.461539] msm_ext_disp_update_audio_ops: Display not found (EXT_DISPLAY_TYPE_DP) ctld (0) stream (0)
06-25 17:16:49.948 0 0 E : [ 18.471093] msm-ext-disp-audio-codec-rx soc:qcom,msm-ext-disp:qcom,msm-ext-disp-audio-codec-rx: msm_ext_disp_audio_type_get: get_audio_edid_blk() or get_intf_id is NULL
06-25 17:16:49.966 0 0 E : [ 18.487586] msm-ext-disp-audio-codec-rx soc:qcom,msm-ext-disp:qcom,msm-ext-disp-audio-codec-rx: msm_ext_disp_audio_device_get: invalid dai id: 4
06-25 17:16:50.014 0 0 E : [ 18.544172] msm_pcm_volume_ctl_get substream not found
06-25 17:16:50.127 0 0 E [ 18.652457] [MAX975X: max96755x_vc1_lcd_dtc_check] *ERROR* DTC_Display: screen not ready(0), bl_sta(1), lvl(50)
06-25 17:16:50.162 0 0 E [ 18.695420] HL6111R: is_dc_online: DC psy unavailable
06-25 17:16:50.265 0 0 I [ 18.802962] [drm: dsi_display_set_mode] [msm-dsi-info]: mdp_transfer_time_us=0 us
06-25 17:16:50.265 0 0 I [ 18.802965] [drm: dsi_display_set_mode] [msm-dsi-info]: hactive= 2560,vactive= 1080,fps=60
06-25 17:16:50.266 0 0 I [ 18.803523] [MAX975X: max96755x_drm_notifier_callback] *INFO* receives BLANK: UNBLANK
06-25 17:16:50.290 0 0 E : [ 18.817433] swr-wcd tx_swr_ctrl: swrm_runtime_suspend: clk stop mode not supported or SSR entry
06-25 17:16:50.457 0 0 I : [ 18.994993] acc_open
06-25 17:16:50.457 0 0 I : [ 18.994997] acc_release
06-25 17:16:50.467 0 0 I : [ 19.004404] atmel_mxt_ts 0-004a: Enter resume
06-25 17:16:50.514 1488 1867 I stream_devices_changed: [3,0,2]
06-25 17:16:50.524 1488 1867 I stream_devices_changed: [6,0,1]
06-25 17:16:50.539 1488 1488 I configuration_changed: 512
06-25 17:16:50.570 0 0 I : [ 19.107246] Wifi Turning On from UI
06-25 17:16:50.605 1488 1488 I commit_sys_config_file: [package-session,0]
06-25 17:16:50.656 1488 1488 I auditd : type=1400 audit(0.0:1528): avc: denied { read } for comm="android.display" name="u:object_r:vendor_wfd_sys_debug_prop:s0" dev="tmpfs" ino=3707 scontext=u:r:system_server:s0 tcontext=u:object_r:vendor_wfd_sys_debug_prop:s0 tclass=file permissive=1
06-25 17:16:50.656 1488 1488 I auditd : type=1400 audit(0.0:1529): avc: denied { open } for comm="android.display" path="/dev/__properties__/u:object_r:vendor_wfd_sys_debug_prop:s0" dev="tmpfs" ino=3707 scontext=u:r:system_server:s0 tcontext=u:object_r:vendor_wfd_sys_debug_prop:s0 tclass=file permissive=1
06-25 17:16:50.656 1488 1488 I auditd : type=1400 audit(0.0:1530): avc: denied { getattr } for comm="android.display" path="/dev/__properties__/u:object_r:vendor_wfd_sys_debug_prop:s0" dev="tmpfs" ino=3707 scontext=u:r:system_server:s0 tcontext=u:object_r:vendor_wfd_sys_debug_prop:s0 tclass=file permissive=1
06-25 17:16:50.656 1488 1488 I auditd : type=1400 audit(0.0:1531): avc: denied { map } for comm="android.display" path="/dev/__properties__/u:object_r:vendor_wfd_sys_debug_prop:s0" dev="tmpfs" ino=3707 scontext=u:r:system_server:s0 tcontext=u:object_r:vendor_wfd_sys_debug_prop:s0 tclass=file permissive=1
06-25 17:16:50.671 1488 1488 I boot_progress_ams_ready: 19209
06-25 17:16:50.674 1488 1488 I configuration_changed: 268435456
06-25 17:16:50.870 1488 1488 I snet_event_log: [35028827,-1,account:Account {name=应用宝, type=com.tencent.android.qqdownloader.YYBLiveAccountProvider.account} provider:com.tencent.android.qqdownloader.YYBLiveAccountProvider1 user:0]
06-25 17:16:50.870 1488 1488 I snet_event_log: [26513719,-1,Malformed authority]
06-25 17:16:50.874 1488 1601 I am_uid_running: 1002
06-25 17:16:50.879 1488 1618 I am_proc_start: [0,1912,1002,com.android.bluetooth,service,{com.android.bluetooth/com.android.bluetooth.btservice.AdapterService}]
06-25 17:16:50.889 0 0 I [ 19.426249] binder: 1912:1912 ioctl 40046210 7fe2b8b774 returned -22
06-25 17:16:50.890 1488 1893 I am_proc_bound: [0,1912,com.android.bluetooth]
06-25 17:16:50.896 1488 1893 I am_uid_active: 1002
06-25 17:16:50.916 1488 1488 I am_uid_running: 10078
06-25 17:16:50.920 1488 1618 I am_proc_start: [0,1928,10078,com.android.systemui,service,{com.android.systemui/com.android.systemui.ImageWallpaper}]
06-25 17:16:50.945 0 0 I [ 19.481330] binder: 1928:1928 ioctl 40046210 7fe2b8b774 returned -22
06-25 17:16:50.949 1488 1893 I am_proc_bound: [0,1928,com.android.systemui]
06-25 17:16:50.953 1488 1893 I am_uid_active: 10078
06-25 17:16:50.975 1488 1750 I am_uid_running: 1037
06-25 17:16:50.993 1488 1755 I commit_sys_config_file: [net-policy,2]
06-25 17:16:50.998 1488 1754 D TelephonyRegistry: listen oscl: mHasNotifySubscriptionInfoChangedOccurred==false no callback
06-25 17:16:51.016 1488 1755 D TelephonyRegistry: listen oscl: mHasNotifySubscriptionInfoChangedOccurred==false no callback
06-25 17:16:51.020 1488 1488 D TelephonyRegistry: listen oscl: mHasNotifySubscriptionInfoChangedOccurred==false no callback
06-25 17:16:51.046 0 0 I [ 19.582217] binder: 1213:1213 ioctl 40046210 7fcd9e6344 returned -22
06-25 17:16:51.050 1488 1488 D TelephonyRegistry: listen oscl: mHasNotifySubscriptionInfoChangedOccurred==false no callback
06-25 17:16:51.054 1488 1618 I am_proc_start: [0,1989,1037,WebViewLoader-armeabi-v7a,NULL,]
06-25 17:16:51.058 1488 1618 I am_proc_start: [0,1990,1037,WebViewLoader-arm64-v8a,NULL,]
06-25 17:16:51.070 1488 1599 W CarrierConfigManager: Error getting config for subId -1 ICarrierConfigLoader is null
06-25 17:16:51.078 0 0 I [ 19.615300] binder: 1990:1990 ioctl 40046210 7fe2b8b774 returned -22
06-25 17:16:51.077 1912 1998 I bt_config_source: 1
06-25 17:16:51.077 1912 1998 I bt_config_source: 3
06-25 17:16:51.079 1488 1534 I am_proc_bound: [0,1990,WebViewLoader-arm64-v8a]
06-25 17:16:51.081 1488 1534 I am_uid_active: 1037
06-25 17:16:51.084 0 0 I [ 19.620663] binder: 1989:1989 ioctl 40046210 ff926898 returned -22
06-25 17:16:51.082 1912 1998 I liblog : 19
06-25 17:16:51.083 1912 1998 I liblog : 9
06-25 17:16:51.085 1488 1488 I am_uid_running: 1073
06-25 17:16:51.087 1488 1893 I am_proc_bound: [0,1989,WebViewLoader-armeabi-v7a]
06-25 17:16:51.092 1488 1618 I am_proc_start: [0,2037,1073,com.android.networkstack.process,service,{com.android.networkstack/com.android.server.NetworkStackService}]
06-25 17:16:51.094 1488 1488 I configuration_changed: 16384
06-25 17:16:51.097 1488 1488 D TelephonyRegistry: systemRunning register for intents
06-25 17:16:51.098 1488 1488 I ssm_user_starting: 0
06-25 17:16:51.103 1488 1615 I netstats_mobile_sample: [0,0,0,0,0,0,0,0,0,0,0,0,1687684611103]
06-25 17:16:51.103 1488 1615 I netstats_wifi_sample: [0,0,0,0,0,0,0,0,0,0,0,0,1687684611103]
06-25 17:16:51.104 0 0 I [ 19.642096] msm_vidc: high: 00000001: ....e: Opening video instance: 0000000000000000, 0
06-25 17:16:51.105 0 0 I [ 19.642156] msm_vidc: err : 00000001: ....e: Failed to create debugfs for msm_vidc
06-25 17:16:51.114 0 0 I [ 19.651844] msm_vidc: high: 00000001: h265e: Closed video instance: 0000000000000000
06-25 17:16:51.118 0 0 I [ 19.653306] binder: 2037:2037 ioctl 40046210 7fe2b8b774 returned -22
06-25 17:16:51.125 1488 1488 I am_uid_running: 1001
06-25 17:16:51.127 1488 1488 I am_uid_running: 10053
06-25 17:16:51.128 1488 1615 I netstats_mobile_sample: [0,0,0,0,0,0,0,0,0,0,0,0,1687684611128]
06-25 17:16:51.128 1488 1615 I netstats_wifi_sample: [0,0,0,0,0,0,0,0,0,0,0,0,1687684611128]
06-25 17:16:51.134 1488 1488 I am_uid_running: 10080
06-25 17:16:51.134 1488 1615 I netstats_mobile_sample: [0,0,0,0,0,0,0,0,0,0,0,0,1687684611134]
06-25 17:16:51.134 1488 1615 I netstats_wifi_sample: [0,0,0,0,0,0,0,0,0,0,0,0,1687684611134]
06-25 17:16:51.135 1488 1488 I am_uid_running: 1068
06-25 17:16:51.138 0 0 I [ 19.672650] msm_vidc: high: 00000001: ....d: Opening video instance: 0000000000000000, 1
06-25 17:16:51.138 0 0 I [ 19.672694] msm_vidc: err : 00000001: ....d: Failed to create debugfs for msm_vidc
06-25 17:16:51.138 1488 1488 I am_uid_running: 10062
06-25 17:16:51.139 1488 1615 I netstats_mobile_sample: [0,0,0,0,0,0,0,0,0,0,0,0,1687684611139]
06-25 17:16:51.139 1488 1615 I netstats_wifi_sample: [0,0,0,0,0,0,0,0,0,0,0,0,1687684611139]
06-25 17:16:51.141 0 0 I [ 19.678663] msm_vidc: high: 00000001: h264d: Closed video instance: 0000000000000000
06-25 17:16:51.143 1488 1615 I netstats_mobile_sample: [0,0,0,0,0,0,0,0,0,0,0,0,1687684611143]
06-25 17:16:51.143 1488 1615 I netstats_wifi_sample: [0,0,0,0,0,0,0,0,0,0,0,0,1687684611143]
06-25 17:16:51.150 0 0 I [ 19.687842] msm_vidc: high: 00000001: ....d: Opening video instance: 0000000000000000, 1
06-25 17:16:51.150 0 0 I [ 19.687871] msm_vidc: err : 00000001: ....d: Failed to create debugfs for msm_vidc
06-25 17:16:51.152 1488 1615 I netstats_mobile_sample: [0,0,0,0,0,0,0,0,0,0,0,0,1687684611152]
06-25 17:16:51.152 1488 1615 I netstats_wifi_sample: [0,0,0,0,0,0,0,0,0,0,0,0,1687684611152]
06-25 17:16:51.158 0 0 I [ 19.693380] binder: 2065:2065 ioctl 40046210 7fe2b8b774 returned -22
06-25 17:16:51.158 0 0 I [ 19.694744] msm_vidc: high: 00000001: h264d: Closed video instance: 0000000000000000
06-25 17:16:51.159 1488 1488 I wm_task_created: [2,-1]
06-25 17:16:51.160 1488 1488 I wm_task_moved: [2,1,2147483647]
06-25 17:16:51.160 1488 1615 I netstats_mobile_sample: [0,0,0,0,0,0,0,0,0,0,0,0,1687684611160]
06-25 17:16:51.160 1488 1615 I netstats_wifi_sample: [0,0,0,0,0,0,0,0,0,0,0,0,1687684611160]
06-25 17:16:51.162 1488 1488 I wm_task_moved: [1,1,0]
06-25 17:16:51.163 1488 1488 I wm_create_task: [0,2]
06-25 17:16:51.163 1488 1488 I wm_create_activity: [0,251819152,2,com.android.settings/.FallbackHome,android.intent.action.MAIN,NULL,NULL,276824320]
06-25 17:16:51.163 1488 1488 I wm_task_moved: [1,1,0]
06-25 17:16:51.163 1488 1488 I wm_task_moved: [2,1,2147483647]
06-25 17:16:51.163 1488 1488 I wm_task_to_front: [0,2]
06-25 17:16:51.168 1488 1615 I netstats_mobile_sample: [0,0,0,0,0,0,0,0,0,0,0,0,1687684611168]
06-25 17:16:51.168 1488 1615 I netstats_wifi_sample: [0,0,0,0,0,0,0,0,0,0,0,0,1687684611168]
06-25 17:16:51.177 1488 1615 I netstats_mobile_sample: [0,0,0,0,0,0,0,0,0,0,0,0,1687684611177]
06-25 17:16:51.177 1488 1615 I netstats_wifi_sample: [0,0,0,0,0,0,0,0,0,0,0,0,1687684611177]
06-25 17:16:51.183 1488 1615 I netstats_mobile_sample: [0,0,0,0,0,0,0,0,0,0,0,0,1687684611183]
06-25 17:16:51.183 1488 1615 I netstats_wifi_sample: [0,0,0,0,0,0,0,0,0,0,0,0,1687684611183]
06-25 17:16:51.190 0 0 I [ 19.728395] msm_vidc: high: 00000001: ....d: Opening video instance: 0000000000000000, 1
06-25 17:16:51.190 0 0 I [ 19.728442] msm_vidc: err : 00000001: ....d: Failed to create debugfs for msm_vidc
06-25 17:16:51.192 1488 1615 I netstats_mobile_sample: [0,0,0,0,0,0,0,0,0,0,0,0,1687684611192]
06-25 17:16:51.192 1488 1615 I netstats_wifi_sample: [0,0,0,0,0,0,0,0,0,0,0,0,1687684611192]
06-25 17:16:51.194 0 0 I [ 19.731687] msm_vidc: high: 00000001: h265d: Closed video instance: 0000000000000000
06-25 17:16:51.197 1488 1615 I netstats_mobile_sample: [0,0,0,0,0,0,0,0,0,0,0,0,1687684611197]
06-25 17:16:51.197 1488 1615 I netstats_wifi_sample: [0,0,0,0,0,0,0,0,0,0,0,0,1687684611197]
06-25 17:16:51.202 1488 1615 I netstats_mobile_sample: [0,0,0,0,0,0,0,0,0,0,0,0,1687684611201]
06-25 17:16:51.202 1488 1615 I netstats_wifi_sample: [0,0,0,0,0,0,0,0,0,0,0,0,1687684611201]
06-25 17:16:51.203 0 0 I [ 19.741066] msm_vidc: high: 00000001: ....d: Opening video instance: 0000000000000000, 1
06-25 17:16:51.203 0 0 I [ 19.741153] msm_vidc: err : 00000001: ....d: Failed to create debugfs for msm_vidc
06-25 17:16:51.206 1488 1615 I netstats_mobile_sample: [0,0,0,0,0,0,0,0,0,0,0,0,1687684611206]
06-25 17:16:51.206 1488 1615 I netstats_wifi_sample: [0,0,0,0,0,0,0,0,0,0,0,0,1687684611206]
06-25 17:16:51.209 0 0 I [ 19.745636] msm_vidc: high: 00000001: h265d: Closed video instance: 0000000000000000
06-25 17:16:51.212 1488 1615 I netstats_mobile_sample: [0,0,0,0,0,0,0,0,0,0,0,0,1687684611212]
06-25 17:16:51.212 1488 1615 I netstats_wifi_sample: [0,0,0,0,0,0,0,0,0,0,0,0,1687684611212]
06-25 17:16:51.213 1488 1615 D TelephonyRegistry: listen oscl: mHasNotifySubscriptionInfoChangedOccurred==false no callback
06-25 17:16:51.224 0 0 I [ 19.760632] msm_vidc: high: 00000001: ....d: Opening video instance: 0000000000000000, 1
06-25 17:16:51.224 0 0 I [ 19.760661] msm_vidc: err : 00000001: ....d: Failed to create debugfs for msm_vidc
06-25 17:16:51.225 0 0 I [ 19.762940] msm_vidc: high: 00000001: mpg2d: Closed video instance: 0000000000000000
06-25 17:16:51.229 1488 1488 I uc_send_user_broadcast: [0,android.intent.action.USER_FOREGROUND]
06-25 17:16:51.229 1488 1488 I uc_send_user_broadcast: [0,android.intent.action.USER_SWITCHED]
06-25 17:16:51.230 1488 1893 I am_drop_process: 2037
06-25 17:16:51.231 0 0 I [ 19.769446] msm_vidc: high: 00000001: ....d: Opening video instance: 0000000000000000, 1
06-25 17:16:51.232 0 0 I [ 19.769491] msm_vidc: err : 00000001: ....d: Failed to create debugfs for msm_vidc
06-25 17:16:51.233 1488 1618 I am_proc_start: [0,2065,1000,com.thundercomm.gamemode,added application,com.thundercomm.gamemode]
06-25 17:16:51.233 1488 1533 I am_proc_bound: [0,2065,com.thundercomm.gamemode]
06-25 17:16:51.237 0 0 I [ 19.774027] msm_vidc: high: 00000001: mpg2d: Closed video instance: 0000000000000000
06-25 17:16:51.244 1488 1724 I commit_sys_config_file: [settings-0-0,18]
06-25 17:16:51.246 1488 2089 I am_proc_died: [0,1989,WebViewLoader-armeabi-v7a,-700,0]
06-25 17:16:51.248 1488 1534 I wm_task_created: [3,-1]
06-25 17:16:51.250 1488 1534 I wm_task_created: [4,-1]
06-25 17:16:51.252 1488 2089 I am_low_memory: 5
06-25 17:16:51.262 0 0 I [ 19.797417] binder: undelivered TRANSACTION_COMPLETE
06-25 17:16:51.254 1488 2111 I am_proc_died: [0,1990,WebViewLoader-arm64-v8a,-700,0]
06-25 17:16:51.255 1488 2111 I am_uid_stopped: 1037
06-25 17:16:51.256 1488 2111 I am_low_memory: 4
06-25 17:16:51.260 1488 1618 I am_proc_start: [0,2142,1000,com.thundercomm.microservice,added application,com.thundercomm.microservice]
06-25 17:16:51.288 0 0 I [ 19.797424] binder: undelivered transaction 17257, process died.
06-25 17:16:51.288 0 0 I [ 19.806822] binder: 1912:1912 ioctl 40046210 7fe2b8ade4 returned -22
06-25 17:16:51.288 0 0 I [ 19.813175] binder: 2142:2142 ioctl 40046210 7fe2b8b774 returned -22
06-25 17:16:51.288 0 0 I [ 19.822592] msm_vidc: high: 00000001: ....d: Opening video instance: 0000000000000000, 1
06-25 17:16:51.288 0 0 I [ 19.822631] msm_vidc: err : 00000001: ....d: Failed to create debugfs for msm_vidc
06-25 17:16:51.271 1488 1618 I am_proc_start: [0,2153,1000,com.thundercomm.microsettings,added application,com.thundercomm.microsettings]
06-25 17:16:51.291 0 0 I [ 19.827925] msm_vidc: high: 00000001: vp8d: Closed video instance: 0000000000000000
06-25 17:16:51.283 1488 2111 I am_proc_bound: [0,2142,com.thundercomm.microservice]
06-25 17:16:51.298 0 0 I [ 19.834361] binder: 2153:2153 ioctl 40046210 7fe2b8b774 returned -22
06-25 17:16:51.295 1488 1618 I am_proc_start: [0,2181,1001,.dataservices,added application,.dataservices]
06-25 17:16:51.298 1488 1488 I notification_cancel_all: [1000,1488,android,0,0,0,20,NULL]
06-25 17:16:51.306 1488 1488 I am_uid_running: 10093
06-25 17:16:51.309 1488 2089 I wm_task_created: [5,-1]
06-25 17:16:51.310 1488 2111 I am_proc_bound: [0,2153,com.thundercomm.microsettings]
06-25 17:16:51.311 1488 2089 I wm_task_created: [6,-1]
06-25 17:16:51.316 0 0 I [ 19.852926] msm_vidc: high: 00000001: ....d: Opening video instance: 0000000000000000, 1
06-25 17:16:51.317 0 0 I [ 19.852965] msm_vidc: err : 00000001: ....d: Failed to create debugfs for msm_vidc
06-25 17:16:51.315 1488 1618 I am_proc_start: [0,2208,10053,.qtidataservices,added application,.qtidataservices]
06-25 17:16:51.315 1488 2089 I wm_task_created: [7,-1]
06-25 17:16:51.322 0 0 I [ 19.858409] binder: 2181:2181 ioctl 40046210 7fe2b8b774 returned -22
06-25 17:16:51.324 1488 1618 I am_proc_start: [0,2220,1000,com.thundercomm.tchttpserver,added application,com.thundercomm.tchttpserver]
06-25 17:16:51.327 0 0 I [ 19.863002] msm_vidc: high: 00000001: vp9d: Closed video instance: 0000000000000000
06-25 17:16:51.330 1488 2089 I am_proc_bound: [0,2181,.dataservices]
06-25 17:16:51.335 0 0 I [ 19.869898] msm_vidc: high: 00000001: ....d: Opening video instance: 0000000000000000, 1
06-25 17:16:51.335 0 0 I [ 19.869931] msm_vidc: err : 00000001: ....d: Failed to create debugfs for msm_vidc
06-25 17:16:51.339 0 0 I [ 19.874995] msm_vidc: high: 00000001: vp9d: Closed video instance: 0000000000000000
06-25 17:16:51.337 1488 2089 I am_uid_active: 1001
