06-25 17:26:30.514 7963 7963 D MsfSdkUtils: load accountList 0 from backFile
06-25 17:26:30.514 7963 7963 W UnitedConfigManager: can not get uin, use default
06-25 17:26:30.515 7963 7963 D Qqimei : [initQimeiSdk] force: true, allow: true, init: false
06-25 17:26:30.520 7963 7963 D QQBeaconPrivateInfo: getOAIDAsync: isEnable: false, aaid: , oaid:
06-25 17:26:30.521 7963 7963 D QQBeaconPrivateInfo: [initOAID] obtain oaid:
06-25 17:26:30.521 7963 7963 D PandoraEx.MonitorReporter: module[device], systemApi[SE#G_AID], scene[normal], strategy[storage], isSystemCall[false
06-25 17:26:30.522 7963 7963 D QQBeaconPrivateInfo: QQBeaconPrivateInfo init is success
06-25 17:26:30.527 7963 7963 D Qqimei : [initQimeiSdk] init. process: com.tencent.mobileqq
06-25 17:26:30.530 7963 7963 E qiqili : InitMemoryCache BaseApplicationImpl.sProcessId =1BaseApplicationImpl.processName=com.tencent.mobileqq
06-25 17:26:30.531 7963 7995 E mqq : java.io.FileNotFoundException: /data/user/0/com.tencent.mobileqq/files/Properties: open failed: ENOENT (No such file or directory)
06-25 17:26:30.531 7963 7995 E mqq : at libcore.io.IoBridge.open(IoBridge.java:575)
06-25 17:26:30.531 7963 7995 E mqq : at java.io.FileInputStream.(FileInputStream.java:160)
06-25 17:26:30.531 7963 7995 E mqq : at android.app.ContextImpl.openFileInput(ContextImpl.java:698)
06-25 17:26:30.531 7963 7995 E mqq : at android.content.ContextWrapper.openFileInput(ContextWrapper.java:224)
06-25 17:26:30.531 7963 7995 E mqq : at com.tencent.mobileqq.qfix.ApplicationDelegate.openFileInput(P:3)
06-25 17:26:30.531 7963 7995 E mqq : at mqq.app.MobileQQ.ensureInitProperty(P:6)
06-25 17:26:30.531 7963 7995 E mqq : at com.tencent.mobileqq.startup.step.EarlySdkInit$1.run(P:1)
06-25 17:26:30.531 7963 7995 E mqq : at mqq.os.MqqHandler.handleCallback(P:1)
06-25 17:26:30.531 7963 7995 E mqq : at mqq.os.MqqHandler.dispatchMessage(P:4)
06-25 17:26:30.531 7963 7995 E mqq : at mqq.os.MqqHandler$NativeHandler.dispatchMessage(P:1)
06-25 17:26:30.531 7963 7995 E mqq : at android.os.Looper.loopOnce(Looper.java:201)
06-25 17:26:30.531 7963 7995 E mqq : at android.os.Looper.loop(Looper.java:288)
06-25 17:26:30.531 7963 7995 E mqq : at android.os.HandlerThread.run(HandlerThread.java:67)
06-25 17:26:30.531 7963 7995 E mqq : Caused by: android.system.ErrnoException: open failed: ENOENT (No such file or directory)
06-25 17:26:30.531 7963 7995 E mqq : at libcore.io.Linux.open(Native Method)
06-25 17:26:30.531 7963 7995 E mqq : at libcore.io.ForwardingOs.open(ForwardingOs.java:567)
06-25 17:26:30.531 7963 7995 E mqq : at libcore.io.BlockGuardOs.open(BlockGuardOs.java:273)
06-25 17:26:30.531 7963 7995 E mqq : at libcore.io.ForwardingOs.open(ForwardingOs.java:567)
06-25 17:26:30.531 7963 7995 E mqq : at android.app.ActivityThread$AndroidOs.open(ActivityThread.java:7766)
06-25 17:26:30.531 7963 7995 E mqq : at libcore.io.IoBridge.open(IoBridge.java:561)
06-25 17:26:30.531 7963 7995 E mqq : ... 12 more
06-25 17:26:30.533 7963 7963 D AutoMonitor: InitMemoryCache, cost=4 results: true isMain: true
06-25 17:26:30.534 7963 7990 D PandoraEx.MonitorReporter: module[network], systemApi[NC#HAS_TRANS], scene[normal], strategy[normal], isSystemCall[true
06-25 17:26:30.534 7963 7990 D PandoraEx.MonitorReporter: module[network], systemApi[NC#HAS_TRANS], scene[normal], strategy[normal], isSystemCall[true
06-25 17:26:30.534 7963 7963 D SoLoadCore: loadSo begin, libName[c++_shared]
06-25 17:26:30.535 7963 7963 W SoLoadCore: assestCrcConfigs already exists
06-25 17:26:30.535 7963 7963 D SoLoadCore: getRightcrcWhenLoadSo libc++_shared.so: 3686037175
06-25 17:26:30.535 7963 7963 D SoLoadCore: System.loadLibrary, lib = c++_shared suc
06-25 17:26:30.535 7963 7963 D SoLoadUtilNew: loadSoByName[c++_shared], loadRes[true], resultCode[15728640]
06-25 17:26:30.535 7963 7990 D PandoraEx.MonitorReporter: module[network], systemApi[NC#HAS_TRANS], scene[normal], strategy[normal], isSystemCall[true
06-25 17:26:30.535 7963 7963 D SoLoadCore: loadSo begin, libName[native-memory-library-lib]
06-25 17:26:30.535 7963 7963 W SoLoadCore: assestCrcConfigs already exists
06-25 17:26:30.535 7963 7963 D SoLoadCore: getRightcrcWhenLoadSo libnative-memory-library-lib.so: 3164343568
06-25 17:26:30.536 7963 7990 D PandoraEx.MonitorReporter: module[network], systemApi[NC#HAS_TRANS], scene[normal], strategy[normal], isSystemCall[true
06-25 17:26:30.537 1488 1788 D ConnectivityService: NetReassign [no changes]
06-25 17:26:30.538 7963 7963 D SoLoadCore: System.loadLibrary, lib = native-memory-library-lib suc
06-25 17:26:30.538 7963 7963 D SoLoadUtilNew: loadSoByName[native-memory-library-lib], loadRes[true], resultCode[15728640]
06-25 17:26:30.538 7963 7963 I NativeMemoryMonitor: load so res: true
06-25 17:26:30.538 7963 7990 D PandoraEx.MonitorReporter: module[network], systemApi[NC#HAS_TRANS], scene[normal], strategy[normal], isSystemCall[true
06-25 17:26:30.539 7963 7990 D PandoraEx.MonitorReporter: module[network], systemApi[NC#HAS_TRANS], scene[normal], strategy[normal], isSystemCall[true
06-25 17:26:30.540 7963 7990 D PandoraEx.MonitorReporter: module[network], systemApi[NC#HAS_TRANS], scene[normal], strategy[normal], isSystemCall[true
06-25 17:26:30.540 7963 7963 D LIBNATIVE-MEMORY-LIBRARY-LIB: native-lib.cpp:initJniHook(49) >> mark: 510994389720, mark2: 510994389752
06-25 17:26:30.540 7963 7990 D PandoraEx.MonitorReporter: module[network], systemApi[NC#HAS_TRANS], scene[normal], strategy[normal], isSystemCall[true
06-25 17:26:30.543 7963 7993 I QMMKVHandler: root dir: /data/user/0/com.tencent.mobileqq/files/mmkv unordered_map size: 4, load factor: 0.007952, bucket count: 503
06-25 17:26:30.546 1488 1788 D ConnectivityService: NetReassign [no changes]
06-25 17:26:30.546 7963 7993 D TAB.NetworkUtils: Register NetworkCallback
06-25 17:26:30.549 7963 7988 D TAB.NetworkUtils: network onAvailable
06-25 17:26:30.550 7963 7988 D TAB.NetworkUtils: network onAvailable
06-25 17:26:30.556 7963 7963 D TeleScreen|JefsClass: JefsClassInjectUtil newInstance
06-25 17:26:30.558 7963 7963 W encent.mobileq: Class android.support.v4.util.ArraySet failed lock verification and will run slower.
06-25 17:26:30.558 7963 7963 W encent.mobileq: Common causes for lock verification issues are non-optimized dex code
06-25 17:26:30.558 7963 7963 W encent.mobileq: and incorrect proguard optimizations.
06-25 17:26:30.561 7963 7963 D QQDtReportHelper: 848QQDT [setIsMainProcess] process: 7963, from: 1
06-25 17:26:30.566 7963 7993 I QMMKVHandler: open fd[0x5c], /data/user/0/com.tencent.mobileqq/files/mmkv/tab_exp_sdk_data_info_release_1504_EmptySceneId_38CBA10D90E2CCB4DA52569610001FC17618
06-25 17:26:30.566 7963 7993 I QMMKVHandler: open fd[0x5d], /data/user/0/com.tencent.mobileqq/files/mmkv/tab_exp_sdk_data_info_release_1504_EmptySceneId_38CBA10D90E2CCB4DA52569610001FC17618.crc
06-25 17:26:30.566 7963 7993 I QMMKVHandler: loading [tab_exp_sdk_data_info_release_1504_EmptySceneId_38CBA10D90E2CCB4DA52569610001FC17618] with 98 actual size, file size 4096, InterProcess 1, meta info version:3
06-25 17:26:30.566 7963 7993 I QMMKVHandler: loading [tab_exp_sdk_data_info_release_1504_EmptySceneId_38CBA10D90E2CCB4DA52569610001FC17618] with crc 317426385 sequence 1 version 3
06-25 17:26:30.567 7963 7993 I QMMKVHandler: loaded [tab_exp_sdk_data_info_release_1504_EmptySceneId_38CBA10D90E2CCB4DA52569610001FC17618] with 1 key-values
06-25 17:26:30.567 7963 7993 I QMMKVHandler: open fd[0x5e], /data/user/0/com.tencent.mobileqq/files/mmkv/tab_exp_sdk_control_info_release_1504_EmptySceneId_38CBA10D90E2CCB4DA52569610001FC17618
06-25 17:26:30.567 7963 7993 I QMMKVHandler: open fd[0x5f], /data/user/0/com.tencent.mobileqq/files/mmkv/tab_exp_sdk_control_info_release_1504_EmptySceneId_38CBA10D90E2CCB4DA52569610001FC17618.crc
06-25 17:26:30.567 7963 7993 I QMMKVHandler: loading [tab_exp_sdk_control_info_release_1504_EmptySceneId_38CBA10D90E2CCB4DA52569610001FC17618] with 343 actual size, file size 4096, InterProcess 1, meta info version:3
06-25 17:26:30.567 7963 7993 I QMMKVHandler: loading [tab_exp_sdk_control_info_release_1504_EmptySceneId_38CBA10D90E2CCB4DA52569610001FC17618] with crc 1308515302 sequence 1 version 3
06-25 17:26:30.568 7963 7993 I QMMKVHandler: loaded [tab_exp_sdk_control_info_release_1504_EmptySceneId_38CBA10D90E2CCB4DA52569610001FC17618] with 2 key-values
06-25 17:26:30.569 7963 7993 I TabExpComponent: [environment = release, appId = 1504, sceneId = EmptySceneId, guid = 38CBA10D90E2CCB4DA52569610001FC17618]-----start-----set true start
06-25 17:26:30.569 7963 7993 I TabExpComponent: [environment = release, appId = 1504, sceneId = EmptySceneId, guid = 38CBA10D90E2CCB4DA52569610001FC17618]-----start-----set true end
06-25 17:26:30.587 7963 7963 D DtSdkInitStep: [setDtVideoSwitch] switch: false
06-25 17:26:30.588 7963 7963 D MsfSdkUtils: load accountList 0 from backFile
06-25 17:26:30.590 7963 7963 D QQDtSamplingConfig: [loadDataFromMMKVByKey], key = mmkv_key_toggle_dataset value = {"disableSample":false,"page":{},"element":{"em_xsj_share_button":{"imp_end":0.01},"em_xsj_author_name":{"imp_end":0.01},"em_xsj_comment_button":{"imp_end":0.01,"imp":0.01},"em_xsj_author_avatar":{"imp_end":0.01},"em_xsj_multimedia_music_bar":{"imp_end":0.01},"em_xsj_follow_button":{"imp_end":0.01},"em_xsj_multimedia_progress_bar":{"imp_end":0.01,"imp":0.01},"em_xsj_edit_button":{"imp_end":0.01},"em_xsj_recom_reason":{"imp_end":0.01},"em_xsj_top_tab":{"imp_end":0.01},"em_xsj_commercial_profile_photo":{"imp_end":0.01},"em_xsj_profile_album_entrance":{"imp_end":0.01},"em_xsj_msg_banner":{"imp_end":0.01},"em_xsj_push_button_expand_rocket":{"imp":0.01},"em_xsj_bullet_screen_input_box":{"imp":0.01}}}
06-25 17:26:30.590 7963 7963 D QQDtSamplingConfig: com.tencent.mobileqq [convertJsonToData]:{"disableSample":false,"page":{},"element":{"em_xsj_share_button":{"imp_end":0.01},"em_xsj_author_name":{"imp_end":0.01},"em_xsj_comment_button":{"imp_end":0.01,"imp":0.01},"em_xsj_author_avatar":{"imp_end":0.01},"em_xsj_multimedia_music_bar":{"imp_end":0.01},"em_xsj_follow_button":{"imp_end":0.01},"em_xsj_multimedia_progress_bar":{"imp_end":0.01,"imp":0.01},"em_xsj_edit_button":{"imp_end":0.01},"em_xsj_recom_reason":{"imp_end":0.01},"em_xsj_top_tab":{"imp_end":0.01},"em_xsj_commercial_profile_photo":{"imp_end":0.01},"em_xsj_profile_album_entrance":{"imp_end":0.01},"em_xsj_msg_banner":{"imp_end":0.01},"em_xsj_push_button_expand_rocket":{"imp":0.01},"em_xsj_bullet_screen_input_box":{"imp":0.01}}}
06-25 17:26:30.591 7963 7963 D QQDtSamplingConfig: com.tencent.mobileqq [onUpdateDTSamplingConfig], pageSamplingMap = {pg_aio=100.0}
06-25 17:26:30.591 7963 7963 D QQDtSamplingConfig: elementSamplingMap = {em_xsj_edit_button={imp_end=0.01}, em_xsj_top_tab={imp_end=0.01}, em_xsj_profile_album_entrance={imp_end=0.01}, em_xsj_share_button={imp_end=0.01}, em_xsj_follow_button={imp_end=0.01}, em_xsj_msg_banner={imp_end=0.01}, em_xsj_author_name={imp_end=0.01}, em_xsj_multimedia_progress_bar={imp_end=0.01, imp=0.01}, em_xsj_recom_reason={imp_end=0.01}, em_xsj_commercial_profile_photo={imp_end=0.01}, em_xsj_comment_button={imp_end=0.01, imp=0.01}, em_discover_button={imp=100.0, imp_end=100.0, clck=100.0}, em_xsj_multimedia_music_bar={imp_end=0.01}, em_xsj_bullet_screen_input_box={imp=0.01}, em_xsj_author_avatar={imp_end=0.01}, em_xsj_push_button_expand_rocket={imp=0.01}}
06-25 17:26:30.593 7963 7963 D DtSdkInitStep: 848QQDT initDTCost : 33 ms, from = 1
06-25 17:26:30.594 7963 7963 W SingletonPool: create com.tencent.mobileqq.unusedcodecheck.api.impl.UnusedCodeCheckImpl
06-25 17:26:30.595 7963 8005 I TAB.TabExpDataRoller: [environment = release, appId = 1504, sceneId = EmptySceneId, guid = 38CBA10D90E2CCB4DA52569610001FC17618]-----initUse-----finish
06-25 17:26:30.595 7963 7993 I TAB.TabExpDataRoller: [environment = release, appId = 1504, sceneId = EmptySceneId, guid = 38CBA10D90E2CCB4DA52569610001FC17618]-----startUse-----finish
06-25 17:26:30.596 7963 7993 I TAB.TabExpDataRoller: [environment = release, appId = 1504, sceneId = EmptySceneId, guid = 38CBA10D90E2CCB4DA52569610001FC17618]-----sendRollMessageDelayed-----delayMillis = 7200000
06-25 17:26:30.596 7963 7963 D MsfSdkUtils: load accountList 0 from backFile
06-25 17:26:30.596 7963 7963 W UnitedConfigManager: can not get uin, use default
06-25 17:26:30.596 7963 7993 I TabExpComponent: [environment = release, appId = 1504, sceneId = EmptySceneId, guid = 38CBA10D90E2CCB4DA52569610001FC17618]-----start-----finish
06-25 17:26:30.597 7963 7963 D UnusedCodeCheck: read config:UnusedCodeCheckConfigBean(isOpen=false, isInvalidModel=false, fileBufferSize=20480, lookupCountLimit=40, loadRateLimitLastVersion=0.5, loadRateLimit=0.4, allowLookupFailCount=3, delayTimeMainProcess=480000, delayTimeOtherProcess=300000, checkTimeIntervalMainProcess=480000, checkTimeIntervalOtherProcess=300000, cpuUsageLimit=8.0)
06-25 17:26:30.598 7963 7963 W SingletonPool: create com.tencent.mobileqq.unusedcodecheck.api.impl.UnusedCodeCheckImpl cost:3
06-25 17:26:30.598 7963 7963 D AutoMonitor: EarlySdkInit, cost=150 results: true isMain: true
06-25 17:26:30.598 7963 7963 D AutoMonitor: LoadDex, cost=160 results: true isMain: true
06-25 17:26:30.620 7963 7963 W SingletonPool: create com.tencent.mobileqq.guild.message.api.impl.GuildMessageCallbackApiImpl
06-25 17:26:30.620 7963 7963 W SingletonPool: create com.tencent.mobileqq.guild.message.api.impl.GuildMessageCallbackApiImpl cost:0
06-25 17:26:30.621 7963 7963 W SingletonPool: create com.tencent.mobileqq.guild.temp.api.impl.GuildFeatureAdapterApiImpl
06-25 17:26:30.625 7963 7963 W SingletonPool: create com.tencent.mobileqq.guild.temp.api.impl.GuildFeatureAdapterApiImpl cost:4
06-25 17:26:30.633 7963 7963 D AutoMonitor: LoadModule, cost=35 results: true isMain: true
06-25 17:26:30.636 7963 7963 D MSF.D.MonitorSocket: monitor_config not found, disable monitor socket
06-25 17:26:30.656 7963 7963 D AutoMonitor: OldApplication, cost=23 results: true isMain: true
06-25 17:26:30.657 7963 7963 D AutoMonitor: ManageThread, cost=0 results: true isMain: true
06-25 17:26:30.657 7963 7963 D AutoMonitor: BrowserGlobalSetting, cost=1 results: true isMain: true
06-25 17:26:30.657 7963 7963 D AutoMonitor: [LoadDex, LoadModule, OldApplication, ManageThread, BrowserGlobalSetting], cost=220 results: true isMain: true
06-25 17:26:30.657 7963 7963 D AutoMonitor: mCurState = 0, next = 1
06-25 17:26:30.657 7963 7963 D AutoMonitor: STATE_0, cost=221 then 1
06-25 17:26:30.659 7963 7963 W SingletonPool: create com.tencent.mobileqq.qcircle.api.impl.QCircleClassApiImpl
06-25 17:26:30.660 7963 7963 W SingletonPool: create com.tencent.mobileqq.qcircle.api.impl.QCircleClassApiImpl cost:1
06-25 17:26:30.664 7963 7963 I BaseMultiProcessSingleton: updateMultiProcessData bundle = Bundle[{key_xsj_session=}]
06-25 17:26:30.665 7963 7963 D QCircleNativeSessionManager: clearSession
06-25 17:26:30.665 7963 7995 W SingletonPool: create com.tencent.mobileqq.mqq.api.impl.AccountRuntimeImpl
06-25 17:26:30.665 7963 7995 W SingletonPool: create com.tencent.mobileqq.mqq.api.impl.AccountRuntimeImpl cost:0
06-25 17:26:30.666 7963 7995 D AccountRuntimeImpl: getAccount is null
06-25 17:26:30.666 7963 7963 D AutoMonitor: QCircleInitStep, cost=8 results: true isMain: true
06-25 17:26:30.667 7963 7995 D RFWThreadManager: createNewThreadHandler success name:RFSerialThread priority:0
06-25 17:26:30.668 7963 7995 D QCircleSpUtil: sp has not migrate to mmkv,use old spsp_qqcircle_
06-25 17:26:30.668 7963 7963 I DCL_MODULE: Initializer.init
06-25 17:26:30.668 7963 7963 I DCL_MODULE: Initializer.supportAlpha DCL_TYPE:0
06-25 17:26:30.674 7963 7963 I AGConnectProvider: AGConnectInitializeProvider#onCreate
06-25 17:26:30.674 7963 7963 I AGConnectInstance: AGConnectInstance#initialize
06-25 17:26:30.675 7963 7963 I ServiceRegistrarParser: getServices
06-25 17:26:30.676 7963 7963 I ServiceRegistrarParser: services:0
06-25 17:26:30.699 7963 7963 I BaseMultiProcessSingleton: onReceive bundle = Bundle[{key_xsj_session=}]
06-25 17:26:30.699 7963 7995 D AccountRuntimeImpl: getAccount is null
06-25 17:26:30.699 7944 7944 D PatchLogTag: DexPatchInstaller checkDexPatchConfigAndStatus patch config is null
06-25 17:26:30.699 7963 7995 D QCircleSpUtil: sp has not migrate to mmkv,use old spsp_qqcircle_
06-25 17:26:30.699 7944 7944 D PatchLogTag: DexPatchInstaller installDexPatch Not inject patch, status=0
06-25 17:26:30.702 7944 7944 D VFSRegisterProxy: initConfig start!
06-25 17:26:30.702 7944 7944 I SharedPreferencesProxy: create new ContentProviderClient: StepUpdate
06-25 17:26:30.704 7944 7944 D VFSRegisterProxy: initConfig checkSP is called, return val = false
06-25 17:26:30.704 7944 7944 D VFSRegisterProxy: initConfig end!
06-25 17:26:30.705 7944 7944 I MMKV : Disable checkProcessMode()
06-25 17:26:30.706 7944 7944 I QMMKVHandler: root dir: /data/user/0/com.tencent.mobileqq/files/mmkv unordered_map size: 1, load factor: 0.001988, bucket count: 503
06-25 17:26:30.706 7944 7944 D PandoraExConfigMMKV: initMMKV at: /data/user/0/com.tencent.mobileqq/files/mmkv
06-25 17:26:30.707 7944 7944 I QMMKVHandler: open fd[0x47], /data/user/0/com.tencent.mobileqq/files/mmkv/PandoraExConfig
06-25 17:26:30.707 7944 7944 I QMMKVHandler: open fd[0x48], /data/user/0/com.tencent.mobileqq/files/mmkv/PandoraExConfig.crc
06-25 17:26:30.708 7944 7944 I QMMKVHandler: loading [PandoraExConfig] with 0 actual size, file size 4096, InterProcess 1, meta info version:1
06-25 17:26:30.708 7944 7944 I QMMKVHandler: loaded [PandoraExConfig] with 0 key-values
06-25 17:26:30.711 7944 7944 D PandoraEx.ActivityMonitor: ActivityMonitor init success
06-25 17:26:30.714 7944 7944 D PandoraEx.Utils: convertAndUpdateConfig: Config{module[default_module], systemApi[null], rules[{}], specialPage[null], isBanAccess[false], isBanBackgroundAccess[false], isReportRealTime[false], reportSampleRate[1], configHighFrequency[null}
06-25 17:26:30.716 7944 7944 E PandoraEx.ConfigManager: initDefaultConfig initLevel is defaultConfig
06-25 17:26:30.717 0 0 E [ 599.808544] [MAX975X: max96755x_vc1_lcd_dtc_check] *ERROR* DTC_Display: screen not ready(0), bl_sta(1), lvl(20)
06-25 17:26:30.717 7944 7944 D PandoraEx.Utils: convertAndUpdateConfig: Config{module[default_module], systemApi[null], rules[{back=Rule{scene[back], strategy[cache_only], highFreq[null], cacheTime[0], silenceTime[0], reportRate[0], legalPage[[]], illegalPage[[]]}, before=Rule{scene[before], strategy[ban], highFreq[null], cacheTime[0], silenceTime[0], reportRate[0], legalPage[[]], illegalPage[[]]}}], specialPage[null], isBanAccess[false], isBanBackgroundAccess[false], isReportRealTime[false], reportSampleRate[1], configHighFrequency[null}
06-25 17:26:30.717 7944 7944 D PandoraEx.Utils: convertAndUpdateConfig: Config{module[clipboard], systemApi[null], rules[{high_freq=Rule{scene[high_freq], strategy[normal], highFreq[ConfigHighFrequency{count[10], durationMillSecond[10000], actualDuration[0]}], cacheTime[0], silenceTime[0], reportRate[0], legalPage[[]], illegalPage[[]]}}], specialPage[null], isBanAccess[false], isBanBackgroundAccess[false], isReportRealTime[false], reportSampleRate[1], configHighFrequency[ConfigHighFrequency{count[10], durationMillSecond[10000], actualDuration[0]}}
06-25 17:26:30.718 7944 7944 D PandoraEx.Utils: convertAndUpdateConfig: Config{module[contact], systemApi[null], rules[{back=Rule{scene[back], strategy[cache_only], highFreq[null], cacheTime[0], silenceTime[0], reportRate[0], legalPage[[]], illegalPage[[]]}}], specialPage[null], isBanAccess[false], isBanBackgroundAccess[true], isReportRealTime[false], reportSampleRate[1], configHighFrequency[null}
06-25 17:26:30.718 7944 7944 D PandoraEx.Utils: convertAndUpdateConfig: Config{module[location], systemApi[null], rules[{back=Rule{scene[back], strategy[cache_only], highFreq[null], cacheTime[0], silenceTime[0], reportRate[0], legalPage[[]], illegalPage[[]]}}], specialPage[null], isBanAccess[false], isBanBackgroundAccess[true], isReportRealTime[false], reportSampleRate[1], configHighFrequency[null}
06-25 17:26:30.718 7944 7944 D PandoraEx.Utils: convertAndUpdateConfig: Config{module[device], systemApi[null], rules[{normal=Rule{scene[normal], strategy[storage], highFreq[null], cacheTime[0], silenceTime[0], reportRate[0], legalPage[[]], illegalPage[[]]}}], specialPage[null], isBanAccess[false], isBanBackgroundAccess[false], isReportRealTime[false], reportSampleRate[1], configHighFrequency[null}
06-25 17:26:30.718 7944 7944 D PandoraEx.Utils: convertAndUpdateConfig: Config{module[network], systemApi[WI#G_MA_ADDR], rules[{normal=Rule{scene[normal], strategy[storage], highFreq[null], cacheTime[0], silenceTime[0], reportRate[0], legalPage[[]], illegalPage[[]]}}], specialPage[null], isBanAccess[false], isBanBackgroundAccess[false], isReportRealTime[false], reportSampleRate[1], configHighFrequency[null}
06-25 17:26:30.719 7944 7944 D PandoraEx.Utils: convertAndUpdateConfig: Config{module[network], systemApi[NI#G_HW_ADDR], rules[{normal=Rule{scene[normal], strategy[storage], highFreq[null], cacheTime[0], silenceTime[0], reportRate[0], legalPage[[]], illegalPage[[]]}}], specialPage[null], isBanAccess[false], isBanBackgroundAccess[false], isReportRealTime[false], reportSampleRate[1], configHighFrequency[null}
06-25 17:26:30.719 7944 7944 D PandoraEx.Utils: convertAndUpdateConfig: Config{module[device], systemApi[TM#G_LI_NUM], rules[{normal=Rule{scene[normal], strategy[normal], highFreq[null], cacheTime[10000], silenceTime[0], reportRate[0], legalPage[[]], illegalPage[[]]}}], specialPage[null], isBanAccess[false], isBanBackgroundAccess[false], isReportRealTime[false], reportSampleRate[1], configHighFrequency[null}
06-25 17:26:30.719 7944 7944 D PandoraEx.Utils: convertAndUpdateConfig: Config{module[device], systemApi[TM#G_SIM_OP], rules[{normal=Rule{scene[normal], strategy[normal], highFreq[null], cacheTime[10000], silenceTime[0], reportRate[0], legalPage[[]], illegalPage[[]]}}], specialPage[null], isBanAccess[false], isBanBackgroundAccess[false], isReportRealTime[false], reportSampleRate[1], configHighFrequency[null}
06-25 17:26:30.720 7944 7944 D PandoraEx.Utils: convertAndUpdateConfig: Config{module[device], systemApi[TM#G_SIM_SE_NUM], rules[{normal=Rule{scene[normal], strategy[normal], highFreq[null], cacheTime[10000], silenceTime[0], reportRate[0], legalPage[[]], illegalPage[[]]}}], specialPage[null], isBanAccess[false], isBanBackgroundAccess[false], isReportRealTime[false], reportSampleRate[1], configHighFrequency[null}
06-25 17:26:30.720 7944 7944 D PandoraEx.Utils: convertAndUpdateConfig: Config{module[sensor], systemApi[null], rules[{back=Rule{scene[back], strategy[normal], highFreq[null], cacheTime[0], silenceTime[0], reportRate[0], legalPage[[]], illegalPage[[]]}}], specialPage[null], isBanAccess[false], isBanBackgroundAccess[false], isReportRealTime[false], reportSampleRate[1], configHighFrequency[null}
06-25 17:26:30.720 7944 7944 D TraceUtil: config cost = 9.052344
06-25 17:26:30.720 7944 7944 D PandoraEx.Utils: convertAndUpdateConfig: Config{module[network], systemApi[WI#G_MA_ADDR], rules[{}], specialPage[null], isBanAccess[false], isBanBackgroundAccess[false], isReportRealTime[false], reportSampleRate[100000], configHighFrequency[null}
06-25 17:26:30.720 7944 7944 D PandoraEx.Utils: convertAndUpdateConfig: Config{module[network], systemApi[NI#G_HW_ADDR], rules[{}], specialPage[null], isBanAccess[false], isBanBackgroundAccess[false], isReportRealTime[false], reportSampleRate[100000], configHighFrequency[null}
06-25 17:26:30.721 7944 7944 D PandoraEx.Utils: convertAndUpdateConfig: Config{module[network], systemApi[NC#HAS_TRANS], rules[{normal=Rule{scene[normal], strategy[normal], highFreq[null], cacheTime[0], silenceTime[0], reportRate[0], legalPage[[]], illegalPage[[]]}, before=Rule{scene[before], strategy[ban], highFreq[null], cacheTime[0], silenceTime[0], reportRate[0], legalPage[[]], illegalPage[[]]}, back=Rule{scene[back], strategy[ban], highFreq[null], cacheTime[0], silenceTime[0], reportRate[0], legalPage[[]], illegalPage[[]]}}], specialPage[null], isBanAccess[false], isBanBackgroundAccess[false], isReportRealTime[false], reportSampleRate[100000], configHighFrequency[null}
06-25 17:26:30.721 7944 7944 D PandoraEx.Utils: convertAndUpdateConfig: Config{module[default_module], systemApi[null], rules[{}], specialPage[null], isBanAccess[false], isBanBackgroundAccess[false], isReportRealTime[false], reportSampleRate[100000], configHighFrequency[null}
06-25 17:26:30.722 7944 7944 D PandoraEx.Utils: convertAndUpdateConfig: Config{module[device], systemApi[null], rules[{}], specialPage[null], isBanAccess[false], isBanBackgroundAccess[false], isReportRealTime[false], reportSampleRate[100000], configHighFrequency[null}
06-25 17:26:30.722 7944 7944 D PandoraEx.Utils: convertAndUpdateConfig: Config{module[device], systemApi[TM#G_LI_NUM], rules[{}], specialPage[null], isBanAccess[false], isBanBackgroundAccess[false], isReportRealTime[false], reportSampleRate[100000], configHighFrequency[null}
06-25 17:26:30.722 7944 7944 D PandoraEx.Utils: convertAndUpdateConfig: Config{module[device], systemApi[TM#G_SIM_OP], rules[{}], specialPage[null], isBanAccess[false], isBanBackgroundAccess[false], isReportRealTime[false], reportSampleRate[100000], configHighFrequency[null}
06-25 17:26:30.722 7944 7944 D PandoraEx.Utils: convertAndUpdateConfig: Config{module[device], systemApi[TM#G_SIM_SE_NUM], rules[{}], specialPage[null], isBanAccess[false], isBanBackgroundAccess[false], isReportRealTime[false], reportSampleRate[100000], configHighFrequency[null}
06-25 17:26:30.723 7944 7944 D PandoraEx.Utils: convertAndUpdateConfig: Config{module[recorder], systemApi[null], rules[{normal=Rule{scene[normal], strategy[normal], highFreq[null], cacheTime[0], silenceTime[0], reportRate[0], legalPage[[]], illegalPage[[]]}, before=Rule{scene[before], strategy[ban], highFreq[null], cacheTime[0], silenceTime[0], reportRate[0], legalPage[[]], illegalPage[[]]}, back=Rule{scene[back], strategy[normal], highFreq[null], cacheTime[0], silenceTime[0], reportRate[0], legalPage[[]], illegalPage[[]]}}], specialPage[null], isBanAccess[false], isBanBackgroundAccess[false], isReportRealTime[false], reportSampleRate[10], configHighFrequency[null}
06-25 17:26:30.723 7944 7944 D PandoraEx.Utils: convertAndUpdateConfig: Config{module[camera], systemApi[null], rules[{normal=Rule{scene[normal], strategy[normal], highFreq[null], cacheTime[0], silenceTime[0], reportRate[0], legalPage[[]], illegalPage[[]]}, before=Rule{scene[before], strategy[ban], highFreq[null], cacheTime[0], silenceTime[0], reportRate[0], legalPage[[]], illegalPage[[]]}, back=Rule{scene[back], strategy[normal], highFreq[null], cacheTime[0], silenceTime[0], reportRate[0], legalPage[[]], illegalPage[[]]}}], specialPage[null], isBanAccess[false], isBanBackgroundAccess[false], isReportRealTime[false], reportSampleRate[10], configHighFrequency[null}
06-25 17:26:30.723 7944 7944 D PandoraEx.Utils: convertAndUpdateConfig: Config{module[contact], systemApi[null], rules[{normal=Rule{scene[normal], strategy[normal], highFreq[null], cacheTime[0], silenceTime[0], reportRate[0], legalPage[[]], illegalPage[[]]}, before=Rule{scene[before], strategy[ban], highFreq[null], cacheTime[0], silenceTime[0], reportRate[0], legalPage[[]], illegalPage[[]]}, back=Rule{scene[back], strategy[cache_only], highFreq[null], cacheTime[0], silenceTime[0], reportRate[0], legalPage[[]], illegalPage[[]]}}], specialPage[null], isBanAccess[false], isBanBackgroundAccess[false], isReportRealTime[false], reportSampleRate[100000], configHighFrequency[null}
06-25 17:26:30.724 7944 7944 D PandoraEx.Utils: convertAndUpdateConfig: Config{module[location], systemApi[null], rules[{normal=Rule{scene[normal], strategy[normal], highFreq[null], cacheTime[0], silenceTime[0], reportRate[0], legalPage[[]], illegalPage[[]]}, before=Rule{scene[before], strategy[ban], highFreq[null], cacheTime[0], silenceTime[0], reportRate[0], legalPage[[]], illegalPage[[]]}, back=Rule{scene[back], strategy[cache_only], highFreq[null], cacheTime[0], silenceTime[0], reportRate[0], legalPage[[]], illegalPage[[]]}}], specialPage[null], isBanAccess[false], isBanBackgroundAccess[false], isReportRealTime[false], reportSampleRate[100000], configHighFrequency[null}
06-25 17:26:30.724 7944 7944 D PandoraEx.Utils: convertAndUpdateConfig: Config{module[location], systemApi[TM#REQ_NW_SC#REC], rules[{normal=Rule{scene[normal], strategy[normal], highFreq[null], cacheTime[0], silenceTime[0], reportRate[0], legalPage[[]], illegalPage[[]]}, before=Rule{scene[before], strategy[ban], highFreq[null], cacheTime[0], silenceTime[0], reportRate[0], legalPage[[]], illegalPage[[]]}, back=Rule{scene[back], strategy[normal], highFreq[null], cacheTime[0], silenceTime[0], reportRate[0], legalPage[[]], illegalPage[[]]}}], specialPage[null], isBanAccess[false], isBanBackgroundAccess[false], isReportRealTime[false], reportSampleRate[100000], configHighFrequency[null}
06-25 17:26:30.725 7944 7944 D PandoraEx.Utils: convertAndUpdateConfig: Config{module[location], systemApi[BLS#STRT_SC#S], rules[{normal=Rule{scene[normal], strategy[normal], highFreq[null], cacheTime[0], silenceTime[0], reportRate[0], legalPage[[]], illegalPage[[]]}, before=Rule{scene[before], strategy[ban], highFreq[null], cacheTime[0], silenceTime[0], reportRate[0], legalPage[[]], illegalPage[[]]}, back=Rule{scene[back], strategy[normal], highFreq[null], cacheTime[0], silenceTime[0], reportRate[0], legalPage[[]], illegalPage[[]]}}], specialPage[null], isBanAccess[false], isBanBackgroundAccess[false], isReportRealTime[false], reportSampleRate[100000], configHighFrequency[null}
06-25 17:26:30.725 7944 7944 D PandoraEx.Utils: convertAndUpdateConfig: Config{module[location], systemApi[BLS#STRT_SC#LSS], rules[{normal=Rule{scene[normal], strategy[normal], highFreq[null], cacheTime[0], silenceTime[0], reportRate[0], legalPage[[]], illegalPage[[]]}, before=Rule{scene[before], strategy[ban], highFreq[null], cacheTime[0], silenceTime[0], reportRate[0], legalPage[[]], illegalPage[[]]}, back=Rule{scene[back], strategy[normal], highFreq[null], cacheTime[0], silenceTime[0], reportRate[0], legalPage[[]], illegalPage[[]]}}], specialPage[null], isBanAccess[false], isBanBackgroundAccess[false], isReportRealTime[false], reportSampleRate[100000], configHighFrequency[null}
06-25 17:26:30.725 7944 7944 D PandoraEx.Utils: convertAndUpdateConfig: Config{module[location], systemApi[BLS#STRT_SC#LSP], rules[{normal=Rule{scene[normal], strategy[normal], highFreq[null], cacheTime[0], silenceTime[0], reportRate[0], legalPage[[]], illegalPage[[]]}, before=Rule{scene[before], strategy[ban], highFreq[null], cacheTime[0], silenceTime[0], reportRate[0], legalPage[[]], illegalPage[[]]}, back=Rule{scene[back], strategy[normal], highFreq[null], cacheTime[0], silenceTime[0], reportRate[0], legalPage[[]], illegalPage[[]]}}], specialPage[null], isBanAccess[false], isBanBackgroundAccess[false], isReportRealTime[false], reportSampleRate[100000], configHighFrequency[null}
06-25 17:26:30.726 7944 7944 D PandoraEx.Utils: convertAndUpdateConfig: Config{module[location], systemApi[BA#STRT_DIS_COV], rules[{normal=Rule{scene[normal], strategy[normal], highFreq[null], cacheTime[0], silenceTime[0], reportRate[0], legalPage[[]], illegalPage[[]]}, before=Rule{scene[before], strategy[ban], highFreq[null], cacheTime[0], silenceTime[0], reportRate[0], legalPage[[]], illegalPage[[]]}, back=Rule{scene[back], strategy[normal], highFreq[null], cacheTime[0], silenceTime[0], reportRate[0], legalPage[[]], illegalPage[[]]}}], specialPage[null], isBanAccess[false], isBanBackgroundAccess[false], isReportRealTime[false], reportSampleRate[100000], configHighFrequency[null}
06-25 17:26:30.726 7944 7944 D PandoraEx.Utils: convertAndUpdateConfig: Config{module[location], systemApi[BA#STRT_LE_SC#L], rules[{normal=Rule{scene[normal], strategy[normal], highFreq[null], cacheTime[0], silenceTime[0], reportRate[0], legalPage[[]], illegalPage[[]]}, before=Rule{scene[before], strategy[ban], highFreq[null], cacheTime[0], silenceTime[0], reportRate[0], legalPage[[]], illegalPage[[]]}, back=Rule{scene[back], strategy[normal], highFreq[null], cacheTime[0], silenceTime[0], reportRate[0], legalPage[[]], illegalPage[[]]}}], specialPage[null], isBanAccess[false], isBanBackgroundAccess[false], isReportRealTime[false], reportSampleRate[100000], configHighFrequency[null}
06-25 17:26:30.726 7944 7944 D PandoraEx.Utils: convertAndUpdateConfig: Config{module[location], systemApi[BA#STRT_LE_SC#UL], rules[{normal=Rule{scene[normal], strategy[normal], highFreq[null], cacheTime[0], silenceTime[0], reportRate[0], legalPage[[]], illegalPage[[]]}, before=Rule{scene[before], strategy[ban], highFreq[null], cacheTime[0], silenceTime[0], reportRate[0], legalPage[[]], illegalPage[[]]}, back=Rule{scene[back], strategy[normal], highFreq[null], cacheTime[0], silenceTime[0], reportRate[0], legalPage[[]], illegalPage[[]]}}], specialPage[null], isBanAccess[false], isBanBackgroundAccess[false], isReportRealTime[false], reportSampleRate[100000], configHighFrequency[null}
06-25 17:26:30.727 7944 7944 D PandoraEx.Utils: convertAndUpdateConfig: Config{module[location], systemApi[TM#G_SER_STATE], rules[{normal=Rule{scene[normal], strategy[normal], highFreq[null], cacheTime[0], silenceTime[0], reportRate[0], legalPage[[]], illegalPage[[]]}, before=Rule{scene[before], strategy[ban], highFreq[null], cacheTime[0], silenceTime[0], reportRate[0], legalPage[[]], illegalPage[[]]}, back=Rule{scene[back], strategy[normal], highFreq[null], cacheTime[0], silenceTime[0], reportRate[0], legalPage[[]], illegalPage[[]]}}], specialPage[null], isBanAccess[false], isBanBackgroundAccess[false], isReportRealTime[false], reportSampleRate[100000], configHighFrequency[null}
06-25 17:26:30.727 7944 7944 D PandoraEx.Utils: convertAndUpdateConfig: Config{module[location], systemApi[TM#LIS#PI], rules[{normal=Rule{scene[normal], strategy[normal], highFreq[null], cacheTime[0], silenceTime[0], reportRate[0], legalPage[[]], illegalPage[[]]}, before=Rule{scene[before], strategy[ban], highFreq[null], cacheTime[0], silenceTime[0], reportRate[0], legalPage[[]], illegalPage[[]]}, back=Rule{scene[back], strategy[normal], highFreq[null], cacheTime[0], silenceTime[0], reportRate[0], legalPage[[]], illegalPage[[]]}}], specialPage[null], isBanAccess[false], isBanBackgroundAccess[false], isReportRealTime[false], reportSampleRate[100000], configHighFrequency[null}
06-25 17:26:30.728 7944 7944 D PandoraEx.Utils: convertAndUpdateConfig: Config{module[network], systemApi[null], rules[{normal=Rule{scene[normal], strategy[normal], highFreq[null], cacheTime[0], silenceTime[0], reportRate[0], legalPage[[]], illegalPage[[]]}, before=Rule{scene[before], strategy[ban], highFreq[null], cacheTime[0], silenceTime[0], reportRate[0], legalPage[[]], illegalPage[[]]}, back=Rule{scene[back], strategy[normal], highFreq[null], cacheTime[0], silenceTime[0], reportRate[0], legalPage[[]], illegalPage[[]]}}], specialPage[null], isBanAccess[false], isBanBackgroundAccess[false], isReportRealTime[false], reportSampleRate[100000], configHighFrequency[null}
06-25 17:26:30.728 7944 7944 D PandoraEx.Utils: convertAndUpdateConfig: Config{module[network], systemApi[NI#G_TYPE], rules[{normal=Rule{scene[normal], strategy[normal], highFreq[null], cacheTime[0], silenceTime[0], reportRate[0], legalPage[[]], illegalPage[[]]}, before=Rule{scene[before], strategy[ban], highFreq[null], cacheTime[0], silenceTime[0], reportRate[0], legalPage[[]], illegalPage[[]]}, back=Rule{scene[back], strategy[normal], highFreq[null], cacheTime[0], silenceTime[0], reportRate[0], legalPage[[]], illegalPage[[]]}}], specialPage[null], isBanAccess[false], isBanBackgroundAccess[false], isReportRealTime[false], reportSampleRate[5000000], configHighFrequency[null}
06-25 17:26:30.728 7944 7944 D PandoraEx.Utils: convertAndUpdateConfig: Config{module[clipboard], systemApi[CM#G_PRI_CLIP_DESC], rules[{normal=Rule{scene[normal], strategy[normal], highFreq[null], cacheTime[0], silenceTime[0], reportRate[0], legalPage[[]], illegalPage[[]]}, before=Rule{scene[before], strategy[ban], highFreq[null], cacheTime[0], silenceTime[0], reportRate[0], legalPage[[]], illegalPage[[]]}, back=Rule{scene[back], strategy[cache_only], highFreq[null], cacheTime[0], silenceTime[0], reportRate[0], legalPage[[]], illegalPage[[]]}}], specialPage[null], isBanAccess[false], isBanBackgroundAccess[false], isReportRealTime[false], reportSampleRate[10000000], configHighFrequency[null}
06-25 17:26:30.729 7944 7944 D PandoraEx.Utils: convertAndUpdateConfig: Config{module[clipboard], systemApi[CM#HAS_PRI_CLIP], rules[{normal=Rule{scene[normal], strategy[normal], highFreq[null], cacheTime[0], silenceTime[0], reportRate[0], legalPage[[]], illegalPage[[]]}, before=Rule{scene[before], strategy[ban], highFreq[null], cacheTime[0], silenceTime[0], reportRate[0], legalPage[[]], illegalPage[[]]}, back=Rule{scene[back], strategy[cache_only], highFreq[null], cacheTime[0], silenceTime[0], reportRate[0], legalPage[[]], illegalPage[[]]}}], specialPage[null], isBanAccess[false], isBanBackgroundAccess[false], isReportRealTime[false], reportSampleRate[5000000], configHighFrequency[null}
06-25 17:26:30.729 7944 7944 D PandoraEx.Utils: convertAndUpdateConfig: Config{module[sensor], systemApi[null], rules[{normal=Rule{scene[normal], strategy[normal], highFreq[null], cacheTime[0], silenceTime[0], reportRate[0], legalPage[[]], illegalPage[[]]}, before=Rule{scene[before], strategy[ban], highFreq[null], cacheTime[0], silenceTime[0], reportRate[0], legalPage[[]], illegalPage[[]]}, back=Rule{scene[back], strategy[normal], highFreq[null], cacheTime[0], silenceTime[0], reportRate[0], legalPage[[]], illegalPage[[]]}}], specialPage[null], isBanAccess[false], isBanBackgroundAccess[false], isReportRealTime[false], reportSampleRate[100000], configHighFrequency[null}
06-25 17:26:30.730 7944 7944 D PandoraEx.Utils: convertAndUpdateConfig: Config{module[mediaFile], systemApi[null], rules[{normal=Rule{scene[normal], strategy[normal], highFreq[null], cacheTime[0], silenceTime[0], reportRate[0], legalPage[[]], illegalPage[[]]}, before=Rule{scene[before], strategy[ban], highFreq[null], cacheTime[0], silenceTime[0], reportRate[0], legalPage[[]], illegalPage[[]]}, back=Rule{scene[back], strategy[normal], highFreq[null], cacheTime[0], silenceTime[0], reportRate[0], legalPage[[]], illegalPage[[]]}}], specialPage[null], isBanAccess[false], isBanBackgroundAccess[false], isReportRealTime[false], reportSampleRate[100000], configHighFrequency[null}
06-25 17:26:30.730 7944 7944 D PandoraEx.Utils: convertAndUpdateConfig: Config{module[network], systemApi[WI#G_MA_ADDR], rules[{normal=Rule{scene[normal], strategy[storage], highFreq[null], cacheTime[0], silenceTime[0], reportRate[0], legalPage[[]], illegalPage[[]]}, before=Rule{scene[before], strategy[ban], highFreq[null], cacheTime[0], silenceTime[0], reportRate[0], legalPage[[]], illegalPage[[]]}, back=Rule{scene[back], strategy[cache_only], highFreq[null], cacheTime[0], silenceTime[0], reportRate[0], legalPage[[]], illegalPage[[]]}}], specialPage[null], isBanAccess[false], isBanBackgroundAccess[false], isReportRealTime[false], reportSampleRate[20000], configHighFrequency[null}
06-25 17:26:30.730 7944 7944 D PandoraEx.Utils: convertAndUpdateConfig: Config{module[network], systemApi[NI#G_HW_ADDR], rules[{normal=Rule{scene[normal], strategy[storage], highFreq[null], cacheTime[0], silenceTime[0], reportRate[0], legalPage[[]], illegalPage[[]]}, before=Rule{scene[before], strategy[ban], highFreq[null], cacheTime[0], silenceTime[0], reportRate[0], legalPage[[]], illegalPage[[]]}, back=Rule{scene[back], strategy[cache_only], highFreq[null], cacheTime[0], silenceTime[0], reportRate[0], legalPage[[]], illegalPage[[]]}}], specialPage[null], isBanAccess[false], isBanBackgroundAccess[false], isReportRealTime[false], reportSampleRate[20000], configHighFrequency[null}
06-25 17:26:30.730 7944 7944 D PandoraEx.Utils: convertAndUpdateConfig: Config{module[network], systemApi[SE#G_AID], rules[{normal=Rule{scene[normal], strategy[storage], highFreq[null], cacheTime[0], silenceTime[0], reportRate[0], legalPage[[]], illegalPage[[]]}, before=Rule{scene[before], strategy[ban], highFreq[null], cacheTime[0], silenceTime[0], reportRate[0], legalPage[[]], illegalPage[[]]}, back=Rule{scene[back], strategy[cache_only], highFreq[null], cacheTime[0], silenceTime[0], reportRate[0], legalPage[[]], illegalPage[[]]}}], specialPage[null], isBanAccess[false], isBanBackgroundAccess[false], isReportRealTime[false], reportSampleRate[500000], configHighFrequency[null}
06-25 17:26:30.731 7944 7944 D PandoraEx.Utils: convertAndUpdateConfig: Config{module[appinfo], systemApi[null], rules[{normal=Rule{scene[normal], strategy[normal], highFreq[null], cacheTime[0], silenceTime[0], reportRate[0], legalPage[[]], illegalPage[[]]}, before=Rule{scene[before], strategy[ban], highFreq[null], cacheTime[0], silenceTime[0], reportRate[0], legalPage[[]], illegalPage[[]]}, back=Rule{scene[back], strategy[normal], highFreq[null], cacheTime[0], silenceTime[0], reportRate[0], legalPage[[]], illegalPage[[]]}}], specialPage[null], isBanAccess[false], isBanBackgroundAccess[false], isReportRealTime[false], reportSampleRate[10000], configHighFrequency[null}
06-25 17:26:30.731 7944 7944 D PandoraEx.Utils: convertAndUpdateConfig: Config{module[device], systemApi[TM#G_LI_NUM], rules[{normal=Rule{scene[normal], strategy[ban], highFreq[null], cacheTime[0], silenceTime[0], reportRate[0], legalPage[[]], illegalPage[[]]}, before=Rule{scene[before], strategy[ban], highFreq[null], cacheTime[0], silenceTime[0], reportRate[0], legalPage[[]], illegalPage[[]]}, back=Rule{scene[back], strategy[ban], highFreq[null], cacheTime[0], silenceTime[0], reportRate[0], legalPage[[]], illegalPage[[]]}}], specialPage[null], isBanAccess[false], isBanBackgroundAccess[false], isReportRealTime[false], reportSampleRate[100000], configHighFrequency[null}
06-25 17:26:30.731 7944 7944 D PandoraEx.Utils: convertAndUpdateConfig: Config{module[device], systemApi[TM#G_SIM_SE_NUM], rules[{normal=Rule{scene[normal], strategy[ban], highFreq[null], cacheTime[0], silenceTime[0], reportRate[0], legalPage[[]], illegalPage[[]]}, before=Rule{scene[before], strategy[ban], highFreq[null], cacheTime[0], silenceTime[0], reportRate[0], legalPage[[]], illegalPage[[]]}, back=Rule{scene[back], strategy[ban], highFreq[null], cacheTime[0], silenceTime[0], reportRate[0], legalPage[[]], illegalPage[[]]}}], specialPage[null], isBanAccess[false], isBanBackgroundAccess[false], isReportRealTime[false], reportSampleRate[100000], configHighFrequency[null}
06-25 17:26:30.732 7944 7944 D PandoraEx.Utils: convertAndUpdateConfig: Config{module[device], systemApi[TM#G_UICC_INFO], rules[{normal=Rule{scene[normal], strategy[ban], highFreq[null], cacheTime[0], silenceTime[0], reportRate[0], legalPage[[]], illegalPage[[]]}, before=Rule{scene[before], strategy[ban], highFreq[null], cacheTime[0], silenceTime[0], reportRate[0], legalPage[[]], illegalPage[[]]}, back=Rule{scene[back], strategy[ban], highFreq[null], cacheTime[0], silenceTime[0], reportRate[0], legalPage[[]], illegalPage[[]]}}], specialPage[null], isBanAccess[false], isBanBackgroundAccess[false], isReportRealTime[false], reportSampleRate[100000], configHighFrequency[null}
06-25 17:26:30.732 7944 7944 D PandoraEx.Utils: convertAndUpdateConfig: Config{module[device], systemApi[TM#G_IM], rules[{normal=Rule{scene[normal], strategy[ban], highFreq[null], cacheTime[0], silenceTime[0], reportRate[0], legalPage[[]], illegalPage[[]]}, before=Rule{scene[before], strategy[ban], highFreq[null], cacheTime[0], silenceTime[0], reportRate[0], legalPage[[]], illegalPage[[]]}, back=Rule{scene[back], strategy[ban], highFreq[null], cacheTime[0], silenceTime[0], reportRate[0], legalPage[[]], illegalPage[[]]}}], specialPage[null], isBanAccess[false], isBanBackgroundAccess[false], isReportRealTime[false], reportSampleRate[1000000], configHighFrequency[null}
06-25 17:26:30.732 7944 7944 D PandoraEx.Utils: convertAndUpdateConfig: Config{module[device], systemApi[TM#G_IM#I], rules[{normal=Rule{scene[normal], strategy[ban], highFreq[null], cacheTime[0], silenceTime[0], reportRate[0], legalPage[[]], illegalPage[[]]}, before=Rule{scene[before], strategy[ban], highFreq[null], cacheTime[0], silenceTime[0], reportRate[0], legalPage[[]], illegalPage[[]]}, back=Rule{scene[back], strategy[ban], highFreq[null], cacheTime[0], silenceTime[0], reportRate[0], legalPage[[]], illegalPage[[]]}}], specialPage[null], isBanAccess[false], isBanBackgroundAccess[false], isReportRealTime[false], reportSampleRate[1000000], configHighFrequency[null}
06-25 17:26:30.732 7944 7944 D PandoraEx.Utils: convertAndUpdateConfig: Config{module[device], systemApi[TM#G_DID], rules[{normal=Rule{scene[normal], strategy[ban], highFreq[null], cacheTime[0], silenceTime[0], reportRate[0], legalPage[[]], illegalPage[[]]}, before=Rule{scene[before], strategy[ban], highFreq[null], cacheTime[0], silenceTime[0], reportRate[0], legalPage[[]], illegalPage[[]]}, back=Rule{scene[back], strategy[ban], highFreq[null], cacheTime[0], silenceTime[0], reportRate[0], legalPage[[]], illegalPage[[]]}}], specialPage[null], isBanAccess[false], isBanBackgroundAccess[false], isReportRealTime[false], reportSampleRate[1000000], configHighFrequency[null}
06-25 17:26:30.733 7944 7944 D PandoraEx.Utils: convertAndUpdateConfig: Config{module[device], systemApi[TM#G_DID#I], rules[{normal=Rule{scene[normal], strategy[ban], highFreq[null], cacheTime[0], silenceTime[0], reportRate[0], legalPage[[]], illegalPage[[]]}, before=Rule{scene[before], strategy[ban], highFreq[null], cacheTime[0], silenceTime[0], reportRate[0], legalPage[[]], illegalPage[[]]}, back=Rule{scene[back], strategy[ban], highFreq[null], cacheTime[0], silenceTime[0], reportRate[0], legalPage[[]], illegalPage[[]]}}], specialPage[null], isBanAccess[false], isBanBackgroundAccess[false], isReportRealTime[false], reportSampleRate[1000000], configHighFrequency[null}
06-25 17:26:30.733 7944 7944 D PandoraEx.Utils: convertAndUpdateConfig: Config{module[device], systemApi[TM#G_SID], rules[{normal=Rule{scene[normal], strategy[ban], highFreq[null], cacheTime[0], silenceTime[0], reportRate[0], legalPage[[]], illegalPage[[]]}, before=Rule{scene[before], strategy[ban], highFreq[null], cacheTime[0], silenceTime[0], reportRate[0], legalPage[[]], illegalPage[[]]}, back=Rule{scene[back], strategy[ban], highFreq[null], cacheTime[0], silenceTime[0], reportRate[0], legalPage[[]], illegalPage[[]]}}], specialPage[null], isBanAccess[false], isBanBackgroundAccess[false], isReportRealTime[false], reportSampleRate[200000], configHighFrequency[null}
06-25 17:26:30.733 7944 7944 D PandoraEx.Utils: convertAndUpdateConfig: Config{module[device], systemApi[TM#G_MID], rules[{normal=Rule{scene[normal], strategy[ban], highFreq[null], cacheTime[0], silenceTime[0], reportRate[0], legalPage[[]], illegalPage[[]]}, before=Rule{scene[before], strategy[ban], highFreq[null], cacheTime[0], silenceTime[0], reportRate[0], legalPage[[]], illegalPage[[]]}, back=Rule{scene[back], strategy[ban], highFreq[null], cacheTime[0], silenceTime[0], reportRate[0], legalPage[[]], illegalPage[[]]}}], specialPage[null], isBanAccess[false], isBanBackgroundAccess[false], isReportRealTime[false], reportSampleRate[300000], configHighFrequency[null}
06-25 17:26:30.734 7944 7944 D PandoraEx.Utils: convertAndUpdateConfig: Config{module[device], systemApi[TM#G_MID#I], rules[{normal=Rule{scene[normal], strategy[ban], highFreq[null], cacheTime[0], silenceTime[0], reportRate[0], legalPage[[]], illegalPage[[]]}, before=Rule{scene[before], strategy[ban], highFreq[null], cacheTime[0], silenceTime[0], reportRate[0], legalPage[[]], illegalPage[[]]}, back=Rule{scene[back], strategy[ban], highFreq[null], cacheTime[0], silenceTime[0], reportRate[0], legalPage[[]], illegalPage[[]]}}], specialPage[null], isBanAccess[false], isBanBackgroundAccess[false], isReportRealTime[false], reportSampleRate[300000], configHighFrequency[null}
06-25 17:26:30.734 7944 7944 D PandoraEx.Utils: convertAndUpdateConfig: Config{module[network], systemApi[TM#G_DA_NET_TYPE], rules[{normal=Rule{scene[normal], strategy[ban], highFreq[null], cacheTime[0], silenceTime[0], reportRate[0], legalPage[[]], illegalPage[[]]}, before=Rule{scene[before], strategy[ban], highFreq[null], cacheTime[0], silenceTime[0], reportRate[0], legalPage[[]], illegalPage[[]]}, back=Rule{scene[back], strategy[ban], highFreq[null], cacheTime[0], silenceTime[0], reportRate[0], legalPage[[]], illegalPage[[]]}}], specialPage[null], isBanAccess[false], isBanBackgroundAccess[false], isReportRealTime[false], reportSampleRate[300000], configHighFrequency[null}
06-25 17:26:30.734 7944 7944 D PandoraEx.Utils: convertAndUpdateConfig: Config{module[device], systemApi[BU#MODEL], rules[{normal=Rule{scene[normal], strategy[storage], highFreq[null], cacheTime[86400000], silenceTime[0], reportRate[0], legalPage[[]], illegalPage[[]]}, before=Rule{scene[before], strategy[ban], highFreq[null], cacheTime[0], silenceTime[0], reportRate[0], legalPage[[]], illegalPage[[]]}, back=Rule{scene[back], strategy[cache_only], highFreq[null], cacheTime[0], silenceTime[0], reportRate[0], legalPage[[]], illegalPage[[]]}}], specialPage[null], isBanAccess[false], isBanBackgroundAccess[false], isReportRealTime[false], reportSampleRate[20000000], configHighFrequency[null}
06-25 17:26:30.734 7944 7944 D PrivacyProtectionManager: getConfigFormMmkv begin
06-25 17:26:30.735 7944 7944 D PrivacyMonitorConfigProcessor: [config] getConfigFormMMKV: PrivacyMonitorConfigBean{ configList = [] isUseOldConfig = true}
06-25 17:26:30.736 7944 7944 W SingletonPool: create com.tencent.mobileqq.unitedconfig_android.api.impl.UnitedConfigManagerImpl
06-25 17:26:30.741 7944 7944 D SoLoadCore: loadSo begin, libName[c++_shared]
