06-25 17:26:44.656 1488 1600 D AutofillManagerServiceImpl: Reset component for user 0:
06-25 17:26:44.656 1488 1600 D AutofillUI: destroySaveUiUiThread(): already destroyed
06-25 17:26:44.657 983 3341 I BpBinder: onLastStrongRef automatically unlinking death recipients:
06-25 17:26:44.657 1488 1735 I input_interaction: Interaction with: 4d62498 com.bilibili.bilithings/com.bilibili.bilithings.homepage.HomeV2Activity (server), PointerEventDispatcher0 (server),
06-25 17:26:44.657 3693 3693 D ViewTouchDebug: mView : DecorView@ce1de32[HomeV2Activity]Receive event : KeyEvent { action=ACTION_DOWN, keyCode=KEYCODE_BACK, scanCode=0, metaState=0, flags=0x48, repeatCount=0, eventTime=613757, downTime=613757, deviceId=-1, source=0x101, displayId=0 }
06-25 17:26:44.658 3363 3363 D ImeService: onKeyDown:keyCode:4 event:KeyEvent { action=ACTION_DOWN, keyCode=KEYCODE_BACK, scanCode=0, metaState=0, flags=0x48, repeatCount=0, eventTime=613757, downTime=613757, deviceId=-1, source=0x101, displayId=0 }
06-25 17:26:44.659 3363 3363 D ImeService: onKeyDown return false default
06-25 17:26:44.664 3363 3363 D ImeService: onKeyDown return super:false
06-25 17:26:44.665 3693 3693 D ViewTouchDebug: mView : DecorView@ce1de32[HomeV2Activity]Receive event : KeyEvent { action=ACTION_UP, keyCode=KEYCODE_BACK, scanCode=0, metaState=0, flags=0x48, repeatCount=0, eventTime=613758, downTime=613758, deviceId=-1, source=0x101, displayId=0 }
06-25 17:26:44.665 3363 3363 D ImeService: onKeyUp:keyCode:4 event:KeyEvent { action=ACTION_UP, keyCode=KEYCODE_BACK, scanCode=0, metaState=0, flags=0x48, repeatCount=0, eventTime=613758, downTime=613758, deviceId=-1, source=0x101, displayId=0 }
06-25 17:26:44.666 3363 3363 I bvj : onKeyUp return false:HARDKEY_NO
06-25 17:26:44.666 3363 3363 D ImeService: onKeyUp return super:false
06-25 17:26:44.667 1488 2130 I wm_finish_activity: [0,138944887,172,com.bilibili.bilithings/.homepage.HomeV2Activity,app-request]
06-25 17:26:44.667 1488 2130 I wm_task_moved: [1,1,6]
06-25 17:26:44.667 1488 2130 I wm_task_moved: [171,1,2147483647]
06-25 17:26:44.667 1488 2130 I wm_task_to_front: [0,171]
06-25 17:26:44.667 1488 2130 I wm_focused_root_task: [0,0,1,172,finish-top adjustFocusToNextFocusableTask]
06-25 17:26:44.667 1488 2130 I wm_set_resumed_activity: [0,com.android.launcher3/.uioverrides.QuickstepLauncher,finish-top adjustFocusToNextFocusableTask]
06-25 17:26:44.671 1488 2130 D ActivityTrigger: ActivityTrigger activityPauseTrigger
06-25 17:26:44.672 1488 2130 I wm_pause_activity: [0,138944887,com.bilibili.bilithings/.homepage.HomeV2Activity,userLeaving=false,finish]
06-25 17:26:44.672 1488 2130 D PowerManagerService: acquireWakeLockInternal: lock=35788444, flags=0x1, tag="*launch*", ws=WorkSource{10123}, uid=1000, pid=1488
06-25 17:26:44.672 1488 2130 D PowerManagerService: updateWakeLockSummaryLocked: mWakefulness=Awake, mWakeLockSummary=0x1
06-25 17:26:44.672 1488 2130 D PowerManagerService: updateUserActivitySummaryLocked: groupId=0, mWakefulness=Awake, mUserActivitySummary=0x1, nextTimeout=1213757 (in 599982 ms)
06-25 17:26:44.672 1488 2130 D PowerManagerNotifier: onScreenPolicyUpdate: newPolicy=3
06-25 17:26:44.672 1488 2130 D PowerManagerService: updateDisplayPowerStateLocked: displayReady=true, groupId=0, policy=BRIGHT, mWakefulness=Awake, mWakeLockSummary=0x1, mUserActivitySummary=0x1, mBootCompleted=true, screenBrightnessOverride=NaN, useAutoBrightness=true, mScreenBrightnessBoostInProgress=false, mIsVrModeEnabled= false, sQuiescent=false
06-25 17:26:44.672 1488 2130 D PowerManagerService: Acquiring suspend blocker "PowerManagerService.WakeLocks".
06-25 17:26:44.672 1488 2130 D PowerManagerNotifier: onWakeLockAcquired: flags=1, tag="*launch*", packageName=android, ownerUid=1000, ownerPid=1488, workSource=WorkSource{10123}
06-25 17:26:44.674 3693 3693 I wm_on_top_resumed_lost_called: [138944887,com.bilibili.bilithings.homepage.HomeV2Activity,topStateChangedWhenResumed]
06-25 17:26:44.677 3693 3693 I ActivityUtil: [main] ActivityLifecycleCallbacks onActivityPaused//com.bilibili.bilithings.homepage.HomeV2Activity@c8642b6
06-25 17:26:44.677 3693 3693 I ActivityUtil: [main] in background
06-25 17:26:44.681 3693 3693 I wm_on_paused_called: [138944887,com.bilibili.bilithings.homepage.HomeV2Activity,performPause]
06-25 17:26:44.683 1488 2130 I wm_add_to_stopping: [0,138944887,com.bilibili.bilithings/.homepage.HomeV2Activity,completeFinishing]
06-25 17:26:44.684 1488 2130 D PowerManagerService: updateWakeLockWorkSourceInternal: lock=35788444 [*launch*], ws=WorkSource{10079}
06-25 17:26:44.684 1488 2130 D PowerManagerNotifier: onWakeLockChanging: flags=1, tag="*launch*", packageName=android, ownerUid=1000, ownerPid=1488, workSource=WorkSource{10079}
06-25 17:26:44.684 1488 2130 I ActivityTaskManager: FOREGROUND_APPLICATION_CHANGED to com.android.launcher3.uioverrides.QuickstepLauncher
06-25 17:26:44.685 1488 2130 I wm_set_resumed_activity: [0,com.android.launcher3/.uioverrides.QuickstepLauncher,resumeTopActivityInnerLocked]
06-25 17:26:44.686 1488 2130 I wm_resume_activity: [0,230733077,171,com.android.launcher3/.uioverrides.QuickstepLauncher]
06-25 17:26:44.688 1488 1602 I sysui_multi_action: [757,803,799,window_time_0,802,443]
06-25 17:26:44.692 2065 4606 I GameMode_ActivityMonitoringService: onActivityLaunch: com.android.launcher3, isGameApp: false
06-25 17:26:44.692 2065 4606 V GameMode_GpuUtils: fps:60
06-25 17:26:44.693 2065 4606 D GameModeIF_GameModeSettings: getUriFor setting_content_uri_root = content://com.thundercomm.gamemode.api/gamemode_settings , name = gamemode_enable
06-25 17:26:44.694 1488 2130 I am_uid_running: 10064
06-25 17:26:44.694 1488 2130 D CompatibilityChangeReporter: Compat change id reported: 135634846; UID 10064; state: DISABLED
06-25 17:26:44.694 1488 2130 D CompatibilityChangeReporter: Compat change id reported: 177438394; UID 10064; state: DISABLED
06-25 17:26:44.694 1488 2130 D CompatibilityChangeReporter: Compat change id reported: 135772972; UID 10064; state: DISABLED
06-25 17:26:44.694 1488 2130 D CompatibilityChangeReporter: Compat change id reported: 135754954; UID 10064; state: ENABLED
06-25 17:26:44.696 1488 1618 D CompatibilityChangeReporter: Compat change id reported: 143937733; UID 10064; state: ENABLED
06-25 17:26:44.697 1488 1735 I input_focus: [Focus leaving 4d62498 com.bilibili.bilithings/com.bilibili.bilithings.homepage.HomeV2Activity (server),reason=NO_WINDOW]
06-25 17:26:44.698 2610 2610 I wm_on_restart_called: [230733077,com.android.launcher3.uioverrides.QuickstepLauncher,performRestartActivity]
06-25 17:26:44.698 2610 2610 I wm_on_start_called: [230733077,com.android.launcher3.uioverrides.QuickstepLauncher,handleStartActivity]
06-25 17:26:44.699 2610 2610 D Launcher: onResume start
06-25 17:26:44.699 2610 2610 D Launcher: onResume finish
06-25 17:26:44.699 2610 2610 I wm_on_resume_called: [230733077,com.android.launcher3.uioverrides.QuickstepLauncher,RESUME_ACTIVITY]
06-25 17:26:44.699 2610 2610 I wm_on_top_resumed_gained_called: [230733077,com.android.launcher3.uioverrides.QuickstepLauncher,topWhenResuming]
06-25 17:26:44.700 2610 2718 D BaseModelUpdateTask: BaseModelUpdateTask constructor
06-25 17:26:44.700 2610 2718 D BaseModelUpdateTask: java.lang.Exception
06-25 17:26:44.700 2610 2718 D BaseModelUpdateTask: at com.android.launcher3.model.BaseModelUpdateTask.(BaseModelUpdateTask.java:57)
06-25 17:26:44.700 2610 2718 D BaseModelUpdateTask: at com.android.launcher3.model.AddWorkspaceItemsTask.(AddWorkspaceItemsTask.java:58)
06-25 17:26:44.700 2610 2718 D BaseModelUpdateTask: at com.android.launcher3.LauncherModel.addAndBindAddedWorkspaceItems(LauncherModel.java:145)
06-25 17:26:44.700 2610 2718 D BaseModelUpdateTask: at com.android.launcher3.model.ItemInstallQueue.flushQueueInBackground(ItemInstallQueue.java:135)
06-25 17:26:44.700 2610 2718 D BaseModelUpdateTask: at com.android.launcher3.model.ItemInstallQueue.$r8$lambda$y9o06s6cW3q3Iucc6Omc-fJq-aE(Unknown Source:0)
06-25 17:26:44.700 2610 2718 D BaseModelUpdateTask: at com.android.launcher3.model.ItemInstallQueue$$ExternalSyntheticLambda2.run(Unknown Source:2)
06-25 17:26:44.700 2610 2718 D BaseModelUpdateTask: at android.os.Handler.handleCallback(Handler.java:938)
06-25 17:26:44.700 2610 2718 D BaseModelUpdateTask: at android.os.Handler.dispatchMessage(Handler.java:99)
06-25 17:26:44.700 2610 2718 D BaseModelUpdateTask: at android.os.Looper.loopOnce(Looper.java:201)
06-25 17:26:44.700 2610 2718 D BaseModelUpdateTask: at android.os.Looper.loop(Looper.java:288)
06-25 17:26:44.700 2610 2718 D BaseModelUpdateTask: at android.os.HandlerThread.run(HandlerThread.java:67)
06-25 17:26:44.701 688 688 D Zygote : Forked child process 8164
06-25 17:26:44.702 1488 1618 I am_proc_start: [0,8164,10064,com.thundercomm.gamemode.provider,content provider,{com.thundercomm.gamemode.provider/com.thundercomm.gamemode.provider.SettingsProvider}]
06-25 17:26:44.702 1488 1618 I ActivityManager: Start proc 8164:com.thundercomm.gamemode.provider/u0a64 for content provider {com.thundercomm.gamemode.provider/com.thundercomm.gamemode.provider.SettingsProvider}
06-25 17:26:44.705 8164 8164 I Zygote : seccomp disabled by setenforce 0
06-25 17:26:44.711 983 983 I BpBinder: onLastStrongRef automatically unlinking death recipients:
06-25 17:26:44.712 2785 2802 I adbd : jdwp connection from 8164
06-25 17:26:44.713 8164 8164 D ProcessState: Binder ioctl to enable oneway spam detection failed: Invalid argument
06-25 17:26:44.714 664 681 I mpu_uart: [MSG-P:RECV]:No message received in 1000 ms
06-25 17:26:44.714 0 0 I [ 613.816518] binder: 8164:8164 ioctl 40046210 7fe2b8b774 returned -22
06-25 17:26:44.717 1488 3105 I am_proc_bound: [0,8164,com.thundercomm.gamemode.provider]
06-25 17:26:44.716 1488 1603 I input_focus: [Focus request a647aaf com.android.launcher3/com.android.launcher3.uioverrides.QuickstepLauncher,reason=UpdateInputWindows]
06-25 17:26:44.718 1488 3105 D CompatibilityInfo: mCompatibilityFlags - 4
06-25 17:26:44.718 1488 3105 D CompatibilityInfo: applicationDensity - 240
06-25 17:26:44.718 1488 3105 D CompatibilityInfo: applicationScale - 1.0
06-25 17:26:44.719 1488 3105 I am_uid_active: 10064
06-25 17:26:44.720 8164 8164 D CompatibilityChangeReporter: Compat change id reported: 171979766; UID 10064; state: ENABLED
06-25 17:26:44.722 2610 2610 W View : requestLayout() improperly called by com.android.launcher3.views.NoInsetView{f0bffe6 V.ED..... ......ID 2218,0-2560,1080 #7f09007c app:id/bg_hotseat} during layout: running second layout pass
06-25 17:26:44.722 664 680 I mpu_uart: [MSG-P:R]:recv sync frame timeout
06-25 17:26:44.723 8164 8164 D nativeloader: classloader namespace configured for unbundled product apk. library_path=/product/app/GameModeProvider/lib/arm64:/product/lib64:/system/product/lib64
06-25 17:26:44.726 8164 8164 I Perf : Connecting to perf service.
06-25 17:26:44.727 2610 2610 D ActivityChangeReceiver: onReceive
06-25 17:26:44.727 2610 3905 D MCUUtil : saveLastActivity activityName=com.android.launcher3.uioverrides.QuickstepLauncher packageName=com.android.launcher3
06-25 17:26:44.728 8164 8164 V GraphicsEnvironment: ANGLE Developer option for 'com.thundercomm.gamemode.provider' set to: 'default'
06-25 17:26:44.729 8164 8164 V GraphicsEnvironment: ANGLE GameManagerService for com.thundercomm.gamemode.provider: false
06-25 17:26:44.730 8164 8164 D NetworkSecurityConfig: No Network Security Config specified, using platform default
06-25 17:26:44.730 8164 8164 D NetworkSecurityConfig: No Network Security Config specified, using platform default
06-25 17:26:44.733 1488 2130 D PowerManagerService: releaseWakeLockInternal: lock=35788444 [*launch*], flags=0x0
06-25 17:26:44.733 1488 2130 D PowerManagerNotifier: onWakeLockReleased: flags=1, tag="*launch*", packageName=android, ownerUid=1000, ownerPid=1488, workSource=WorkSource{10079}
06-25 17:26:44.733 1488 2130 D PowerManagerService: updateWakeLockSummaryLocked: mWakefulness=Awake, mWakeLockSummary=0x0
06-25 17:26:44.733 1488 2130 D PowerManagerService: updateUserActivitySummaryLocked: groupId=0, mWakefulness=Awake, mUserActivitySummary=0x1, nextTimeout=1213757 (in 599921 ms)
06-25 17:26:44.733 1488 2130 D PowerManagerNotifier: onScreenPolicyUpdate: newPolicy=3
06-25 17:26:44.733 1488 2130 D PowerManagerService: updateDisplayPowerStateLocked: displayReady=true, groupId=0, policy=BRIGHT, mWakefulness=Awake, mWakeLockSummary=0x0, mUserActivitySummary=0x1, mBootCompleted=true, screenBrightnessOverride=NaN, useAutoBrightness=true, mScreenBrightnessBoostInProgress=false, mIsVrModeEnabled= false, sQuiescent=false
06-25 17:26:44.733 1488 2130 D PowerManagerService: Releasing suspend blocker "PowerManagerService.WakeLocks".
06-25 17:26:44.736 2610 2610 D EditModeHelper: setHotseatVisibility: 0
06-25 17:26:44.746 1488 1735 I input_focus: [Focus entering a647aaf com.android.launcher3/com.android.launcher3.uioverrides.QuickstepLauncher (server),reason=setFocusedWindow]
06-25 17:26:44.747 3363 3363 I ImeService: ImeService(com.baidu.input.ImeService@35f94c9) life called >>> onUnbindInput
06-25 17:26:44.747 3363 3363 D ImeService: onUnbindInput
06-25 17:26:44.747 3363 3363 I ImeService: ImeService(com.baidu.input.ImeService@35f94c9) life called >>> onUnbindInput false
06-25 17:26:44.748 3363 3363 I ImeService: ImeService(com.baidu.input.ImeService@35f94c9) life called >>> onBindInput
06-25 17:26:44.748 3363 3363 D ImeService: onBindInput
06-25 17:26:44.749 3363 3363 I ImeService: ImeService(com.baidu.input.ImeService@35f94c9) life called >>> onFinishInput
06-25 17:26:44.749 3363 3363 D ImeService: onFinishInput
06-25 17:26:44.750 3363 3363 I ImeService: ImeService(com.baidu.input.ImeService@35f94c9) life called >>> onStartInput false 10.6.1003.16
06-25 17:26:44.750 3363 3363 D ImeService: current version:10.6.1003.16
06-25 17:26:44.750 3363 3363 D ImeService: onStartInput:packageName:com.android.launcher3 inputType:0 restarting:false,fieldId:-1,imeOptions:0
06-25 17:26:44.752 3363 3738 E CarAuth : check ok
06-25 17:26:44.754 3363 3363 I ColorPicker: invalidatePickedColors: oldFloatColor=fff5f7fa
06-25 17:26:45.084 1488 1602 I wm_destroy_activity: [0,138944887,172,com.bilibili.bilithings/.homepage.HomeV2Activity,finish-imm:idle]
06-25 17:26:45.118 3693 3693 I ActivityUtil: [main] ActivityLifecycleCallbacks onActivityStopped//com.bilibili.bilithings.homepage.HomeV2Activity@c8642b6
06-25 17:26:45.127 3693 3693 I wm_on_stop_called: [138944887,com.bilibili.bilithings.homepage.HomeV2Activity,LIFECYCLER_STOP_ACTIVITY]
06-25 17:26:45.129 3693 3693 I ActivityUtil: [main] ActivityLifecycleCallbacks onActivityDestroyed//com.bilibili.bilithings.homepage.HomeV2Activity@c8642b6
06-25 17:26:45.131 3693 3693 W bili.bilithing: Accessing hidden field Landroid/view/inputmethod/InputMethodManager;->mCurRootView:Landroid/view/ViewRootImpl; (blocked, reflection, denied)
06-25 17:26:45.144 1488 1603 W Choreographer: Frame time is 0.257462 ms in the future! Check that graphics HAL is generating vsync timestamps using the correct timebase.
06-25 17:26:45.181 3693 3693 I wm_on_destroy_called: [138944887,com.bilibili.bilithings.homepage.HomeV2Activity,performDestroy]
06-25 17:26:45.182 1488 2130 W InputManager-JNI: Input channel object '4d62498 com.bilibili.bilithings/com.bilibili.bilithings.homepage.HomeV2Activity (client)' was disposed without first being removed with the input manager!
06-25 17:26:45.184 1488 2848 I wm_task_removed: [172,removeChild:removeChild last r=ActivityRecord{8482177 u0 com.bilibili.bilithings/.homepage.HomeV2Activity taskAffinity=10123:com.bilibili.bilithings t-1 f}} in t=Task{b1eb141 #172 type=standard A=10123:com.bilibili.bilithings U=0 visible=false mode=fullscreen translucent=true sz=0 visible freeform task=true rootAffinity=10123:com.bilibili.bilithings isMini=false}]
06-25 17:26:45.185 1488 2848 I wm_task_removed: [172,removeChild]
06-25 17:26:45.186 1488 1603 W ActivityTaskManager: Can't find TaskDisplayArea to determine support for multi window. Task id=172 attached=false
06-25 17:26:45.186 1488 1603 W ActivityTaskManager: Can't find TaskDisplayArea to determine support for multi window. Task id=172 attached=false
06-25 17:26:45.187 1488 2130 W ActivityManager: Unbind failed: could not find connection for android.os.BinderProxy@7c41d9d
06-25 17:26:45.226 1488 2130 D PowerManagerService: acquireWakeLockInternal: lock=226895373, flags=0x1, tag="i", ws=null, uid=10111, pid=3440
06-25 17:26:45.226 1488 2130 D PowerManagerService: updateWakeLockSummaryLocked: mWakefulness=Awake, mWakeLockSummary=0x1
06-25 17:26:45.226 1488 2130 D PowerManagerService: updateUserActivitySummaryLocked: groupId=0, mWakefulness=Awake, mUserActivitySummary=0x1, nextTimeout=1213757 (in 599429 ms)
06-25 17:26:45.226 1488 2130 D PowerManagerNotifier: onScreenPolicyUpdate: newPolicy=3
06-25 17:26:45.226 1488 2130 D PowerManagerService: updateDisplayPowerStateLocked: displayReady=true, groupId=0, policy=BRIGHT, mWakefulness=Awake, mWakeLockSummary=0x1, mUserActivitySummary=0x1, mBootCompleted=true, screenBrightnessOverride=NaN, useAutoBrightness=true, mScreenBrightnessBoostInProgress=false, mIsVrModeEnabled= false, sQuiescent=false
06-25 17:26:45.226 1488 2130 D PowerManagerService: Acquiring suspend blocker "PowerManagerService.WakeLocks".
06-25 17:26:45.226 1488 2130 D PowerManagerNotifier: onWakeLockAcquired: flags=1, tag="i", packageName=com.tencent.android.qqdownloader, ownerUid=10111, ownerPid=3440, workSource=null
06-25 17:26:45.620 1488 2130 D PowerManagerService: releaseWakeLockInternal: lock=226895373 [i], flags=0x0
06-25 17:26:45.620 1488 2130 D PowerManagerNotifier: onWakeLockReleased: flags=1, tag="i", packageName=com.tencent.android.qqdownloader, ownerUid=10111, ownerPid=3440, workSource=null
06-25 17:26:45.620 1488 2130 D PowerManagerService: updateWakeLockSummaryLocked: mWakefulness=Awake, mWakeLockSummary=0x0
06-25 17:26:45.620 1488 2130 D PowerManagerService: updateUserActivitySummaryLocked: groupId=0, mWakefulness=Awake, mUserActivitySummary=0x1, nextTimeout=1213757 (in 599034 ms)
06-25 17:26:45.620 1488 2130 D PowerManagerNotifier: onScreenPolicyUpdate: newPolicy=3
06-25 17:26:45.620 1488 2130 D PowerManagerService: updateDisplayPowerStateLocked: displayReady=true, groupId=0, policy=BRIGHT, mWakefulness=Awake, mWakeLockSummary=0x0, mUserActivitySummary=0x1, mBootCompleted=true, screenBrightnessOverride=NaN, useAutoBrightness=true, mScreenBrightnessBoostInProgress=false, mIsVrModeEnabled= false, sQuiescent=false
06-25 17:26:45.620 1488 2130 D PowerManagerService: Releasing suspend blocker "PowerManagerService.WakeLocks".
06-25 17:26:45.690 1488 2130 D CompatibilityInfo: mCompatibilityFlags - 4
06-25 17:26:45.690 1488 2130 D CompatibilityInfo: applicationDensity - 240
06-25 17:26:45.690 1488 2130 D CompatibilityInfo: applicationScale - 1.0
06-25 17:26:45.714 664 681 I mpu_uart: [MSG-P:RECV]:No message received in 1000 ms
06-25 17:26:46.010 2142 5475 D MicroService: handleHeartBeat:336
06-25 17:26:46.031 2142 2142 D MicroService: onHeartBeatDetected
06-25 17:26:46.031 2142 2142 D MicroService: sendHeartbeatMessage
06-25 17:26:46.187 3693 3864 I moss.brdcst.reactor: [MossBroadcast] Send frame =<0, 4, Broadcast/Heartbeat, HeartbeatReq>.
06-25 17:26:46.259 3693 3864 I moss.brdcst.reactor: [MossBroadcast] Receive frame =<0, 4, Broadcast/Heartbeat, HeartbeatResp>.
06-25 17:26:46.502 8087 8192 D PandoraEx.CollectAppInfo.CollectorCore: filter report for reason = SAMPLING_LIMIT
06-25 17:26:46.587 8087 8125 E ReceiverMonitor: 外发版本暂不开放.
06-25 17:26:46.591 8087 8125 D MsfSdkUtils: load accountList 0 from backFile
06-25 17:26:46.591 8087 8125 W UnitedConfigManager: can not get uin, use default
06-25 17:26:46.594 8087 8125 I EnvStateHistoryConfig: 解析配置成功,logCountThreshold:20000, gcCountThreshold:20, physicalMemoryThreshold:4096, switch:false
06-25 17:26:46.597 8087 8125 D MsfSdkUtils: load accountList 0 from backFile
06-25 17:26:46.597 8087 8125 W UnitedConfigManager: can not get uin, use default
06-25 17:26:46.641 0 0 I [ 615.743975] init: processing action (sys.tlog.tlogdshc.active=1) from (/system/etc/init/tlogd.rc:195)
06-25 17:26:46.641 0 0 I [ 615.744421] init: starting service 'tlogdshc'...
06-25 17:26:46.685 0 0 I [ 615.788194] init: Service 'tlogdshc' (pid 8194) exited with status 0 oneshot service took 0.042000 seconds in background
06-25 17:26:46.685 0 0 I [ 615.788208] init: Sending signal 9 to service 'tlogdshc' (pid 8194) process group...
06-25 17:26:46.685 0 0 I [ 615.788345] libprocessgroup: Successfully killed process cgroup uid 0 pid 8194 in 0ms
06-25 17:26:46.715 664 681 I mpu_uart: [MSG-P:RECV]:No message received in 1000 ms
06-25 17:26:47.278 1488 1735 I input_interaction: Interaction with: a647aaf com.android.launcher3/com.android.launcher3.uioverrides.QuickstepLauncher (server), 8ad0adc com.android.systemui.ImageWallpaper (server), edge-swipe (server), swipe-up (server), PointerEventDispatcher0 (server),
06-25 17:26:47.278 1488 1735 D PowerManagerService: userActivityNoUpdateLocked: groupId=0, eventTime=616380, event=2, flags=0x0, uid=1000
06-25 17:26:47.278 1488 1735 D PowerManagerNotifier: onUserActivity: event=2, uid=1000
06-25 17:26:47.279 1928 1928 D ViewTouchDebug: mView : com.android.systemui.navigationbar.NavigationBarFrame{7207003 V.E...... ........ 0,0-2560,46 #7f0b03f3 app:id/navigation_bar_frame}Receive event : MotionEvent { action=ACTION_OUTSIDE, actionButton=0, id[0]=0, x[0]=0.0, y[0]=-1034.0, toolType[0]=TOOL_TYPE_FINGER, buttonState=0, classification=NONE, metaState=0, flags=0x0, edgeFlags=0x0, pointerCount=1, historySize=0, eventTime=616380, downTime=616380, deviceId=4, source=0x5002, displayId=0, eventId=1917022584 }
06-25 17:26:47.279 1488 1735 D PowerManagerService: updateUserActivitySummaryLocked: groupId=0, mWakefulness=Awake, mUserActivitySummary=0x1, nextTimeout=1216380 (in 599999 ms)
06-25 17:26:47.279 2610 2610 D ViewTouchDebug: mView : DecorView@40f13e[QuickstepLauncher]Receive event : MotionEvent { action=ACTION_DOWN, actionButton=0, id[0]=0, x[0]=850.0, y[0]=332.0, toolType[0]=TOOL_TYPE_FINGER, buttonState=0, classification=NONE, metaState=0, flags=0x0, edgeFlags=0x0, pointerCount=1, historySize=0, eventTime=616380, downTime=616380, deviceId=4, source=0x5002, displayId=0, eventId=207411349 }
06-25 17:26:47.279 1488 1735 D PowerManagerNotifier: onScreenPolicyUpdate: newPolicy=3
06-25 17:26:47.279 1488 1735 D PowerManagerService: updateDisplayPowerStateLocked: displayReady=true, groupId=0, policy=BRIGHT, mWakefulness=Awake, mWakeLockSummary=0x0, mUserActivitySummary=0x1, mBootCompleted=true, screenBrightnessOverride=NaN, useAutoBrightness=true, mScreenBrightnessBoostInProgress=false, mIsVrModeEnabled= false, sQuiescent=false
06-25 17:26:47.333 2610 2647 W FrameTracker: Missing SF jank callback for vsyncId: 70269
06-25 17:26:47.358 2610 2610 D ViewTouchDebug: mView : DecorView@40f13e[QuickstepLauncher]Receive event : MotionEvent { action=ACTION_UP, actionButton=0, id[0]=0, x[0]=669.0, y[0]=418.0, toolType[0]=TOOL_TYPE_FINGER, buttonState=0, classification=NONE, metaState=0, flags=0x0, edgeFlags=0x0, pointerCount=1, historySize=0, eventTime=616460, downTime=616380, deviceId=4, source=0x5002, displayId=0, eventId=893457291 }
06-25 17:26:47.625 0 0 E [ 616.717213] [MAX975X: max96755x_vc1_lcd_dtc_check] *ERROR* DTC_Display: screen not ready(0), bl_sta(1), lvl(20)
06-25 17:26:47.715 664 681 I mpu_uart: [MSG-P:RECV]:No message received in 1000 ms
06-25 17:26:47.725 664 680 I mpu_uart: [MSG-P:R]:recv sync frame timeout
06-25 17:26:48.012 2142 5478 D MicroService: handleHeartBeat:337
06-25 17:26:48.033 2142 2142 D MicroService: onHeartBeatDetected
06-25 17:26:48.034 2142 2142 D MicroService: sendHeartbeatMessage
06-25 17:26:48.689 1488 1726 D PowerManagerService: acquireWakeLockInternal: lock=39155635, flags=0x1, tag="*alarm*", ws=WorkSource{10111}, uid=1000, pid=1488
06-25 17:26:48.689 1488 1726 D PowerManagerService: updateWakeLockSummaryLocked: mWakefulness=Awake, mWakeLockSummary=0x1
06-25 17:26:48.689 1488 1726 D PowerManagerService: updateUserActivitySummaryLocked: groupId=0, mWakefulness=Awake, mUserActivitySummary=0x1, nextTimeout=1216380 (in 598588 ms)
06-25 17:26:48.689 1488 1726 D PowerManagerNotifier: onScreenPolicyUpdate: newPolicy=3
06-25 17:26:48.689 1488 1726 D PowerManagerService: updateDisplayPowerStateLocked: displayReady=true, groupId=0, policy=BRIGHT, mWakefulness=Awake, mWakeLockSummary=0x1, mUserActivitySummary=0x1, mBootCompleted=true, screenBrightnessOverride=NaN, useAutoBrightness=true, mScreenBrightnessBoostInProgress=false, mIsVrModeEnabled= false, sQuiescent=false
06-25 17:26:48.689 1488 1726 D PowerManagerService: Acquiring suspend blocker "PowerManagerService.WakeLocks".
06-25 17:26:48.690 1488 1726 D PowerManagerNotifier: onWakeLockAcquired: flags=1, tag="*alarm*", packageName=android, ownerUid=1000, ownerPid=1488, workSource=WorkSource{10111}
06-25 17:26:48.691 1488 1488 D PowerManagerService: releaseWakeLockInternal: lock=39155635 [*alarm*], flags=0x0
06-25 17:26:48.691 1488 1488 D PowerManagerNotifier: onWakeLockReleased: flags=1, tag="*alarm*", packageName=android, ownerUid=1000, ownerPid=1488, workSource=WorkSource{10111}
06-25 17:26:48.691 1488 1488 D PowerManagerService: updateWakeLockSummaryLocked: mWakefulness=Awake, mWakeLockSummary=0x0
06-25 17:26:48.691 1488 1488 D PowerManagerService: updateUserActivitySummaryLocked: groupId=0, mWakefulness=Awake, mUserActivitySummary=0x1, nextTimeout=1216380 (in 598586 ms)
06-25 17:26:48.691 1488 1488 D PowerManagerNotifier: onScreenPolicyUpdate: newPolicy=3
06-25 17:26:48.691 1488 1488 D PowerManagerService: updateDisplayPowerStateLocked: displayReady=true, groupId=0, policy=BRIGHT, mWakefulness=Awake, mWakeLockSummary=0x0, mUserActivitySummary=0x1, mBootCompleted=true, screenBrightnessOverride=NaN, useAutoBrightness=true, mScreenBrightnessBoostInProgress=false, mIsVrModeEnabled= false, sQuiescent=false
06-25 17:26:48.691 1488 1488 D PowerManagerService: Releasing suspend blocker "PowerManagerService.WakeLocks".
06-25 17:26:48.715 664 681 I mpu_uart: [MSG-P:RECV]:No message received in 1000 ms
06-25 17:26:48.896 1488 1735 D PowerManagerService: userActivityNoUpdateLocked: groupId=0, eventTime=617998, event=2, flags=0x0, uid=1000
06-25 17:26:48.896 1488 1735 D PowerManagerNotifier: onUserActivity: event=2, uid=1000
06-25 17:26:48.897 2610 2610 D ViewTouchDebug: mView : DecorView@40f13e[QuickstepLauncher]Receive event : MotionEvent { action=ACTION_DOWN, actionButton=0, id[0]=0, x[0]=1367.0, y[0]=289.0, toolType[0]=TOOL_TYPE_FINGER, buttonState=0, classification=NONE, metaState=0, flags=0x0, edgeFlags=0x0, pointerCount=1, historySize=0, eventTime=617998, downTime=617998, deviceId=4, source=0x5002, displayId=0, eventId=246019104 }
06-25 17:26:48.897 1488 1735 D PowerManagerService: updateUserActivitySummaryLocked: groupId=0, mWakefulness=Awake, mUserActivitySummary=0x1, nextTimeout=1217998 (in 599999 ms)
06-25 17:26:48.897 1928 1928 D ViewTouchDebug: mView : com.android.systemui.navigationbar.NavigationBarFrame{7207003 V.E...... ........ 0,0-2560,46 #7f0b03f3 app:id/navigation_bar_frame}Receive event : MotionEvent { action=ACTION_OUTSIDE, actionButton=0, id[0]=0, x[0]=0.0, y[0]=-1034.0, toolType[0]=TOOL_TYPE_FINGER, buttonState=0, classification=NONE, metaState=0, flags=0x0, edgeFlags=0x0, pointerCount=1, historySize=0, eventTime=617998, downTime=617998, deviceId=4, source=0x5002, displayId=0, eventId=2066770807 }
06-25 17:26:48.897 1488 1735 D PowerManagerNotifier: onScreenPolicyUpdate: newPolicy=3
06-25 17:26:48.897 1488 1735 D PowerManagerService: updateDisplayPowerStateLocked: displayReady=true, groupId=0, policy=BRIGHT, mWakefulness=Awake, mWakeLockSummary=0x0, mUserActivitySummary=0x1, mBootCompleted=true, screenBrightnessOverride=NaN, useAutoBrightness=true, mScreenBrightnessBoostInProgress=false, mIsVrModeEnabled= false, sQuiescent=false
06-25 17:26:48.934 2610 2645 I OpenGLRenderer: Davey! duration=9223371418829ms; Flags=0, FrameTimelineVsyncId=-1, IntendedVsync=618024953035, Vsync=618024954389, InputEventId=246019104, HandleInputStart=618024962149, AnimationStart=618026288347, PerformTraversalsStart=618026291003, DrawStart=618026391733, FrameDeadline=9223372036854775807, FrameInterval=618024954389, FrameStartTime=16666666, SyncQueued=618026593868, SyncStart=618026723868, IssueDrawCommandsStart=618026902306, SwapBuffers=618028943087, FrameCompleted=9223372036854775807, DequeueBufferDuration=21250, QueueBufferDuration=719636, GpuCompleted=9223372036854775807, SwapBuffersCompleted=618030049441, DisplayPresentTime=45037327713566784,
06-25 17:26:48.981 2610 2610 D ViewTouchDebug: mView : DecorView@40f13e[QuickstepLauncher]Receive event : MotionEvent { action=ACTION_UP, actionButton=0, id[0]=0, x[0]=1101.0, y[0]=286.0, toolType[0]=TOOL_TYPE_FINGER, buttonState=0, classification=NONE, metaState=0, flags=0x0, edgeFlags=0x0, pointerCount=1, historySize=0, eventTime=618083, downTime=617998, deviceId=4, source=0x5002, displayId=0, eventId=384520134 }
06-25 17:26:49.685 3143 4488 I hpplay-java: [AsyncTask #6]:IM_MessageClient:heartBeatReceived
06-25 17:26:49.687 1488 1735 D PowerManagerService: userActivityNoUpdateLocked: groupId=0, eventTime=618789, event=2, flags=0x0, uid=1000
06-25 17:26:49.687 1928 1928 D ViewTouchDebug: mView : com.android.systemui.navigationbar.NavigationBarFrame{7207003 V.E...... ........ 0,0-2560,46 #7f0b03f3 app:id/navigation_bar_frame}Receive event : MotionEvent { action=ACTION_OUTSIDE, actionButton=0, id[0]=0, x[0]=0.0, y[0]=-1034.0, toolType[0]=TOOL_TYPE_FINGER, buttonState=0, classification=NONE, metaState=0, flags=0x0, edgeFlags=0x0, pointerCount=1, historySize=0, eventTime=618789, downTime=618789, deviceId=4, source=0x5002, displayId=0, eventId=1378948787 }
06-25 17:26:49.687 1488 1735 D PowerManagerNotifier: onUserActivity: event=2, uid=1000
06-25 17:26:49.687 2610 2610 D ViewTouchDebug: mView : DecorView@40f13e[QuickstepLauncher]Receive event : MotionEvent { action=ACTION_DOWN, actionButton=0, id[0]=0, x[0]=561.0, y[0]=535.0, toolType[0]=TOOL_TYPE_FINGER, buttonState=0, classification=NONE, metaState=0, flags=0x0, edgeFlags=0x0, pointerCount=1, historySize=0, eventTime=618789, downTime=618789, deviceId=4, source=0x5002, displayId=0, eventId=318311192 }
06-25 17:26:49.687 1488 1735 D PowerManagerService: updateUserActivitySummaryLocked: groupId=0, mWakefulness=Awake, mUserActivitySummary=0x1, nextTimeout=1218789 (in 599999 ms)
06-25 17:26:49.687 1488 1735 D PowerManagerNotifier: onScreenPolicyUpdate: newPolicy=3
06-25 17:26:49.687 1488 1735 D PowerManagerService: updateDisplayPowerStateLocked: displayReady=true, groupId=0, policy=BRIGHT, mWakefulness=Awake, mWakeLockSummary=0x0, mUserActivitySummary=0x1, mBootCompleted=true, screenBrightnessOverride=NaN, useAutoBrightness=true, mScreenBrightnessBoostInProgress=false, mIsVrModeEnabled= false, sQuiescent=false
06-25 17:26:49.715 664 681 I mpu_uart: [MSG-P:RECV]:No message received in 1000 ms
06-25 17:26:49.794 1488 1735 D PowerManagerService: userActivityNoUpdateLocked: groupId=0, eventTime=618896, event=2, flags=0x0, uid=1000
06-25 17:26:49.794 1488 1735 D PowerManagerNotifier: onUserActivity: event=2, uid=1000
06-25 17:26:49.794 1488 1735 D PowerManagerService: updateUserActivitySummaryLocked: groupId=0, mWakefulness=Awake, mUserActivitySummary=0x1, nextTimeout=1218896 (in 599999 ms)
06-25 17:26:49.794 1488 1735 D PowerManagerNotifier: onScreenPolicyUpdate: newPolicy=3
06-25 17:26:49.794 1488 1735 D PowerManagerService: updateDisplayPowerStateLocked: displayReady=true, groupId=0, policy=BRIGHT, mWakefulness=Awake, mWakeLockSummary=0x0, mUserActivitySummary=0x1, mBootCompleted=true, screenBrightnessOverride=NaN, useAutoBrightness=true, mScreenBrightnessBoostInProgress=false, mIsVrModeEnabled= false, sQuiescent=false
06-25 17:26:49.814 2610 2610 D ViewTouchDebug: mView : DecorView@40f13e[QuickstepLauncher]Receive event : MotionEvent { action=ACTION_UP, actionButton=0, id[0]=0, x[0]=1016.0, y[0]=332.0, toolType[0]=TOOL_TYPE_FINGER, buttonState=0, classification=NONE, metaState=0, flags=0x0, edgeFlags=0x0, pointerCount=1, historySize=0, eventTime=618917, downTime=618789, deviceId=4, source=0x5002, displayId=0, eventId=931082873 }
06-25 17:26:50.003 2142 5484 D MicroService: handleHeartBeat:338
06-25 17:26:50.036 2142 2142 D MicroService: onHeartBeatDetected
06-25 17:26:50.036 2142 2142 D MicroService: sendHeartbeatMessage
06-25 17:26:50.253 1488 1735 D PowerManagerService: userActivityNoUpdateLocked: groupId=0, eventTime=619355, event=2, flags=0x0, uid=1000
06-25 17:26:50.253 1488 1735 D PowerManagerNotifier: onUserActivity: event=2, uid=1000
06-25 17:26:50.253 2610 2610 D ViewTouchDebug: mView : DecorView@40f13e[QuickstepLauncher]Receive event : MotionEvent { action=ACTION_DOWN, actionButton=0, id[0]=0, x[0]=677.0, y[0]=441.0, toolType[0]=TOOL_TYPE_FINGER, buttonState=0, classification=NONE, metaState=0, flags=0x0, edgeFlags=0x0, pointerCount=1, historySize=0, eventTime=619355, downTime=619355, deviceId=4, source=0x5002, displayId=0, eventId=548687924 }
06-25 17:26:50.253 1488 1735 D PowerManagerService: updateUserActivitySummaryLocked: groupId=0, mWakefulness=Awake, mUserActivitySummary=0x1, nextTimeout=1219355 (in 599999 ms)
06-25 17:26:50.253 1488 1735 D PowerManagerNotifier: onScreenPolicyUpdate: newPolicy=3
06-25 17:26:50.253 1488 1735 D PowerManagerService: updateDisplayPowerStateLocked: displayReady=true, groupId=0, policy=BRIGHT, mWakefulness=Awake, mWakeLockSummary=0x0, mUserActivitySummary=0x1, mBootCompleted=true, screenBrightnessOverride=NaN, useAutoBrightness=true, mScreenBrightnessBoostInProgress=false, mIsVrModeEnabled= false, sQuiescent=false
06-25 17:26:50.254 1928 1928 D ViewTouchDebug: mView : com.android.systemui.navigationbar.NavigationBarFrame{7207003 V.E...... ........ 0,0-2560,46 #7f0b03f3 app:id/navigation_bar_frame}Receive event : MotionEvent { action=ACTION_OUTSIDE, actionButton=0, id[0]=0, x[0]=0.0, y[0]=-1034.0, toolType[0]=TOOL_TYPE_FINGER, buttonState=0, classification=NONE, metaState=0, flags=0x0, edgeFlags=0x0, pointerCount=1, historySize=0, eventTime=619355, downTime=619355, deviceId=4, source=0x5002, displayId=0, eventId=1886981734 }
06-25 17:26:50.360 1488 1735 D PowerManagerService: userActivityNoUpdateLocked: groupId=0, eventTime=619463, event=2, flags=0x0, uid=1000
06-25 17:26:50.360 1488 1735 D PowerManagerNotifier: onUserActivity: event=2, uid=1000
06-25 17:26:50.361 1488 1735 D PowerManagerService: updateUserActivitySummaryLocked: groupId=0, mWakefulness=Awake, mUserActivitySummary=0x1, nextTimeout=1219463 (in 600000 ms)
06-25 17:26:50.361 1488 1735 D PowerManagerNotifier: onScreenPolicyUpdate: newPolicy=3
06-25 17:26:50.361 1488 1735 D PowerManagerService: updateDisplayPowerStateLocked: displayReady=true, groupId=0, policy=BRIGHT, mWakefulness=Awake, mWakeLockSummary=0x0, mUserActivitySummary=0x1, mBootCompleted=true, screenBrightnessOverride=NaN, useAutoBrightness=true, mScreenBrightnessBoostInProgress=false, mIsVrModeEnabled= false, sQuiescent=false
06-25 17:26:50.371 2610 2610 D ViewTouchDebug: mView : DecorView@40f13e[QuickstepLauncher]Receive event : MotionEvent { action=ACTION_UP, actionButton=0, id[0]=0, x[0]=993.0, y[0]=323.0, toolType[0]=TOOL_TYPE_FINGER, buttonState=0, classification=NONE, metaState=0, flags=0x0, edgeFlags=0x0, pointerCount=1, historySize=0, eventTime=619473, downTime=619355, deviceId=4, source=0x5002, displayId=0, eventId=222253118 }
06-25 17:26:50.715 664 681 I mpu_uart: [MSG-P:RECV]:No message received in 1000 ms
06-25 17:26:50.728 664 680 I mpu_uart: [MSG-P:R]:recv sync frame timeout
06-25 17:26:50.939 1488 1735 D PowerManagerService: userActivityNoUpdateLocked: groupId=0, eventTime=620041, event=2, flags=0x0, uid=1000
06-25 17:26:50.939 2610 2610 D ViewTouchDebug: mView : DecorView@40f13e[QuickstepLauncher]Receive event : MotionEvent { action=ACTION_DOWN, actionButton=0, id[0]=0, x[0]=1123.0, y[0]=327.0, toolType[0]=TOOL_TYPE_FINGER, buttonState=0, classification=NONE, metaState=0, flags=0x0, edgeFlags=0x0, pointerCount=1, historySize=0, eventTime=620041, downTime=620041, deviceId=4, source=0x5002, displayId=0, eventId=937946877 }
06-25 17:26:50.939 1488 1735 D PowerManagerNotifier: onUserActivity: event=2, uid=1000
06-25 17:26:50.939 1928 1928 D ViewTouchDebug: mView : com.android.systemui.navigationbar.NavigationBarFrame{7207003 V.E...... ........ 0,0-2560,46 #7f0b03f3 app:id/navigation_bar_frame}Receive event : MotionEvent { action=ACTION_OUTSIDE, actionButton=0, id[0]=0, x[0]=0.0, y[0]=-1034.0, toolType[0]=TOOL_TYPE_FINGER, buttonState=0, classification=NONE, metaState=0, flags=0x0, edgeFlags=0x0, pointerCount=1, historySize=0, eventTime=620041, downTime=620041, deviceId=4, source=0x5002, displayId=0, eventId=1082535213 }
06-25 17:26:50.940 1488 1735 D PowerManagerService: updateUserActivitySummaryLocked: groupId=0, mWakefulness=Awake, mUserActivitySummary=0x1, nextTimeout=1220041 (in 599999 ms)
06-25 17:26:50.940 1488 1735 D PowerManagerNotifier: onScreenPolicyUpdate: newPolicy=3
06-25 17:26:50.940 1488 1735 D PowerManagerService: updateDisplayPowerStateLocked: displayReady=true, groupId=0, policy=BRIGHT, mWakefulness=Awake, mWakeLockSummary=0x0, mUserActivitySummary=0x1, mBootCompleted=true, screenBrightnessOverride=NaN, useAutoBrightness=true, mScreenBrightnessBoostInProgress=false, mIsVrModeEnabled= false, sQuiescent=false
06-25 17:26:51.015 2610 2610 D ViewTouchDebug: mView : DecorView@40f13e[QuickstepLauncher]Receive event : MotionEvent { action=ACTION_UP, actionButton=0, id[0]=0, x[0]=899.0, y[0]=344.0, toolType[0]=TOOL_TYPE_FINGER, buttonState=0, classification=NONE, metaState=0, flags=0x0, edgeFlags=0x0, pointerCount=1, historySize=0, eventTime=620117, downTime=620041, deviceId=4, source=0x5002, displayId=0, eventId=302270472 }
06-25 17:26:51.716 664 681 I mpu_uart: [MSG-P:RECV]:No message received in 1000 ms
06-25 17:26:51.913 0 0 E [ 621.003569] [MAX975X: max96755x_vc1_lcd_dtc_check] *ERROR* DTC_Display: screen not ready(0), bl_sta(1), lvl(20)
06-25 17:26:52.021 2142 5490 D MicroService: handleHeartBeat:339
06-25 17:26:52.038 2142 2142 D MicroService: onHeartBeatDetected
06-25 17:26:52.038 2142 2142 D MicroService: sendHeartbeatMessage
06-25 17:26:52.363 1488 1735 D PowerManagerService: userActivityNoUpdateLocked: groupId=0, eventTime=621463, event=2, flags=0x0, uid=1000
06-25 17:26:52.363 1928 1928 D ViewTouchDebug: mView : com.android.systemui.navigationbar.NavigationBarFrame{7207003 V.E...... ........ 0,0-2560,46 #7f0b03f3 app:id/navigation_bar_frame}Receive event : MotionEvent { action=ACTION_OUTSIDE, actionButton=0, id[0]=0, x[0]=0.0, y[0]=-1034.0, toolType[0]=TOOL_TYPE_FINGER, buttonState=0, classification=NONE, metaState=0, flags=0x0, edgeFlags=0x0, pointerCount=1, historySize=0, eventTime=621463, downTime=621463, deviceId=4, source=0x5002, displayId=0, eventId=1649847327 }
06-25 17:26:52.363 1488 1735 D PowerManagerNotifier: onUserActivity: event=2, uid=1000
06-25 17:26:52.363 2610 2610 D ViewTouchDebug: mView : DecorView@40f13e[QuickstepLauncher]Receive event : MotionEvent { action=ACTION_DOWN, actionButton=0, id[0]=0, x[0]=574.0, y[0]=227.0, toolType[0]=TOOL_TYPE_FINGER, buttonState=0, classification=NONE, metaState=0, flags=0x0, edgeFlags=0x0, pointerCount=1, historySize=0, eventTime=621463, downTime=621463, deviceId=4, source=0x5002, displayId=0, eventId=106759125 }
06-25 17:26:52.363 1488 1735 D PowerManagerService: updateUserActivitySummaryLocked: groupId=0, mWakefulness=Awake, mUserActivitySummary=0x1, nextTimeout=1221463 (in 599997 ms)
06-25 17:26:52.364 1488 1735 D PowerManagerNotifier: onScreenPolicyUpdate: newPolicy=3
06-25 17:26:52.364 1488 1735 D PowerManagerService: updateDisplayPowerStateLocked: displayReady=true, groupId=0, policy=BRIGHT, mWakefulness=Awake, mWakeLockSummary=0x0, mUserActivitySummary=0x1, mBootCompleted=true, screenBrightnessOverride=NaN, useAutoBrightness=true, mScreenBrightnessBoostInProgress=false, mIsVrModeEnabled= false, sQuiescent=false
06-25 17:26:52.417 2610 2610 D ViewTouchDebug: mView : DecorView@40f13e[QuickstepLauncher]Receive event : MotionEvent { action=ACTION_UP, actionButton=0, id[0]=0, x[0]=574.0, y[0]=227.0, toolType[0]=TOOL_TYPE_FINGER, buttonState=0, classification=NONE, metaState=0, flags=0x0, edgeFlags=0x0, pointerCount=1, historySize=0, eventTime=621519, downTime=621463, deviceId=4, source=0x5002, displayId=0, eventId=89817472 }
06-25 17:26:52.431 2610 2610 D FreeWindowHelper: setExitFlag: old=0,new=1
06-25 17:26:52.432 1488 2130 I thunderperf: Maybe need boostperf for current app!
06-25 17:26:52.432 2065 3264 D FgBoostPerfService: [FgBoostPerfService.perfBoostAcq]start: stat=true pkgName=com.tencent.android.qqdownloader
06-25 17:26:52.432 2065 3264 I FgBoostPerfService: [FgBoostPerfService.perfBoostAcq] not game-mode or game app!
06-25 17:26:52.432 1488 2130 I ThunderPerfManager: PerfAcq error : state=true pkgName=com.tencent.android.qqdownloader
06-25 17:26:52.433 2065 3264 I FgBoostPerfService: [GetGpuMode] isMode=0 isGame=false mGpuMode=0
06-25 17:26:52.433 2065 3264 I FgBoostPerfService: [GetGpuDpiType] isMode=0 isGame=false mGpuDpiType=0
06-25 17:26:52.433 2065 3264 I FgBoostPerfService: [GetGpuDpiType] isMode=0 isGame=false mGpuStandardValue=0
06-25 17:26:52.433 1488 2130 I thunderperf: Current app pkgName=com.tencent.android.qqdownloader bm:com.thundercomm.perf.BoostPerfManager@9259436 gpuMode=-1 gpuType=-1 gpuStandardVal=-1
06-25 17:26:52.433 1488 2130 I ThunderBoostPerfService: Resolution: Uid=10079 Pid=2610 gMode=-1 dType=-1 gpuStandardVal=-1
06-25 17:26:52.434 1488 2130 I thunderperf: PlatormCompat.setOverrides: Uid1=10079 Pid1=2610 Uid2=10079 Pid2=2610
06-25 17:26:52.434 1488 2130 I thunderperf: PlatormCompat.setOverrides: needCheck:false
06-25 17:26:52.434 1488 2130 I thunderperf: CompatConfig.addOverrideUnsafe: bef-state=0
06-25 17:26:52.434 1488 2130 I thunderperf: CompatConfig.addOverrideUnsafe: aft-state=0
06-25 17:26:52.435 1488 2130 I thunderperf: CompatConfig.addOverrideUnsafe: bef-state=0
06-25 17:26:52.435 1488 2130 I thunderperf: CompatConfig.addOverrideUnsafe: aft-state=0
06-25 17:26:52.435 1488 2130 I thunderperf: CompatConfig.addOverrideUnsafe: bef-state=0
06-25 17:26:52.435 1488 2130 I thunderperf: CompatConfig.addOverrideUnsafe: aft-state=0
06-25 17:26:52.435 1488 2130 I thunderperf: CompatConfig.addOverrideUnsafe: bef-state=0
06-25 17:26:52.435 1488 2130 I thunderperf: CompatConfig.addOverrideUnsafe: aft-state=0
06-25 17:26:52.436 1488 2130 I thunderperf: CompatConfig.addOverrideUnsafe: bef-state=0
06-25 17:26:52.436 1488 2130 I thunderperf: CompatConfig.addOverrideUnsafe: aft-state=0
06-25 17:26:52.436 1488 2130 I thunderperf: CompatConfig.addOverrideUnsafe: bef-state=0
06-25 17:26:52.436 1488 2130 I thunderperf: CompatConfig.addOverrideUnsafe: aft-state=0
06-25 17:26:52.436 1488 2130 I thunderperf: CompatConfig.addOverrideUnsafe: bef-state=0
06-25 17:26:52.436 1488 2130 I thunderperf: CompatConfig.addOverrideUnsafe: aft-state=0
06-25 17:26:52.437 1488 2130 I thunderperf: CompatConfig.addOverrideUnsafe: bef-state=0
06-25 17:26:52.437 1488 2130 I thunderperf: CompatConfig.addOverrideUnsafe: aft-state=0
06-25 17:26:52.437 1488 2130 I thunderperf: CompatConfig.addOverrideUnsafe: bef-state=0
06-25 17:26:52.437 1488 2130 I thunderperf: CompatConfig.addOverrideUnsafe: aft-state=0
06-25 17:26:52.437 1488 2130 I thunderperf: CompatConfig.addOverrideUnsafe: bef-state=0
06-25 17:26:52.437 1488 2130 I thunderperf: CompatConfig.addOverrideUnsafe: aft-state=0
06-25 17:26:52.438 1488 2130 I thunderperf: CompatConfig.addOverrideUnsafe: bef-state=0
06-25 17:26:52.438 1488 2130 I thunderperf: CompatConfig.addOverrideUnsafe: aft-state=0
06-25 17:26:52.438 1488 2130 I thunderperf: CompatConfig.addOverrideUnsafe: bef-state=0
06-25 17:26:52.438 1488 2130 I thunderperf: CompatConfig.addOverrideUnsafe: aft-state=0
06-25 17:26:52.439 1488 2130 I thunderperf: CompatConfig.addOverrideUnsafe: bef-state=0
06-25 17:26:52.439 1488 2130 I thunderperf: CompatConfig.addOverrideUnsafe: aft-state=0
06-25 17:26:52.439 1488 2130 I thunderperf: CompatConfig.addOverrideUnsafe: bef-state=0
06-25 17:26:52.439 1488 2130 I thunderperf: CompatConfig.addOverrideUnsafe: aft-state=0
06-25 17:26:52.442 1488 2130 I ThunderBoostPerfService: Disable downscaling com.tencent.android.qqdownloader to 2380x1020
06-25 17:26:52.442 1488 2130 I ActivityTaskManager: START u0 {act=android.intent.action.MAIN cat=[android.intent.category.LAUNCHER] flg=0x10200000 cmp=com.tencent.android.qqdownloader/com.tencent.pangu.link.SplashActivity} from uid 10079
06-25 17:26:52.442 1488 1602 I EventSequenceValidator: Transition from INTENT_FAILED to INTENT_STARTED
06-25 17:26:52.450 1488 2130 D ActivityTaskManager: TaskLaunchParamsModifier:task=null activity=ActivityRecord{9fcb705 u0 com.tencent.android.qqdownloader/com.tencent.pangu.link.SplashActivity taskAffinity=10111:com.tencent.android.qqdownloader display-area-from-source=DefaultTaskDisplayArea@226190358 display-id=0 display-windowing-mode=1 suggested-display-area=DefaultTaskDisplayArea@226190358
06-25 17:26:52.451 1488 2130 E ANDR-PERF-JNI: com_qualcomm_qtiperformance_native_perf_io_prefetch_start
06-25 17:26:52.452 1488 2130 D ActivityTaskManager: TaskLaunchParamsModifier:task=null activity=ActivityRecord{9fcb705 u0 com.tencent.android.qqdownloader/com.tencent.pangu.link.SplashActivity taskAffinity=10111:com.tencent.android.qqdownloader t-1} display-area-from-source=DefaultTaskDisplayArea@226190358 display-id=0 display-windowing-mode=1 suggested-display-area=DefaultTaskDisplayArea@226190358 activity-options-bounds=Rect(12, 12 - 652, 986) non-freeform-display display-area=DefaultTaskDisplayArea@226190358
06-25 17:26:52.452 1488 2130 I wm_task_created: [174,-1]
06-25 17:26:52.452 1488 2130 W ActivityTaskManager: Can't find TaskDisplayArea to determine support for multi window. Task id=174 attached=false
06-25 17:26:52.453 1488 2130 D ActivityTaskManager: TaskLaunchParamsModifier:task=Task{33ba35a #174 type=standard A=10111:com.tencent.android.qqdownloader U=0 visible=false mode=freeform translucent=true sz=0 visible freeform task=true rootAffinity=10111:com.tencent.android.qqdownloader isMini=false} activity=ActivityRecord{9fcb705 u0 com.tencent.android.qqdownloader/com.tencent.pangu.link.SplashActivity taskAffinity=10111:com.tencent.android.qqdownloader t-1} display-area-from-source=DefaultTaskDisplayArea@226190358 display-id=0 display-windowing-mode=1 suggested-display-area=DefaultTaskDisplayArea@226190358 activity-options-bounds=Rect(12, 12 - 652, 986) non-freeform-display display-area=DefaultTaskDisplayArea@226190358
06-25 17:26:52.454 911 3329 E ANDR-IOP: io prefetch is disabled
06-25 17:26:52.454 1488 2130 D CompatibilityChangeReporter: Compat change id reported: 174042980; UID 10111; state: DISABLED
06-25 17:26:52.454 1488 2130 D CompatibilityChangeReporter: Compat change id reported: 184838306; UID 10111; state: DISABLED
06-25 17:26:52.455 1488 2130 D CompatibilityChangeReporter: Compat change id reported: 185004937; UID 10111; state: DISABLED
06-25 17:26:52.455 1488 2130 D CompatibilityChangeReporter: Compat change id reported: 181136395; UID 10111; state: DISABLED
06-25 17:26:52.455 1488 2130 D CompatibilityChangeReporter: Compat change id reported: 174042936; UID 10111; state: DISABLED
06-25 17:26:52.455 1488 2130 I wm_task_moved: [174,1,6]
06-25 17:26:52.455 1488 2130 I wm_task_to_front: [0,174]
06-25 17:26:52.456 1488 2130 I wm_create_task: [0,174]
06-25 17:26:52.456 1488 2130 I wm_create_activity: [0,167556869,174,com.tencent.android.qqdownloader/com.tencent.pangu.link.SplashActivity,android.intent.action.MAIN,NULL,NULL,270532608]
06-25 17:26:52.456 1488 2130 I wm_task_moved: [174,1,6]
06-25 17:26:52.456 1488 2130 D CompatibilityInfo: mCompatibilityFlags - 4
06-25 17:26:52.456 1488 2130 D CompatibilityInfo: applicationDensity - 240
06-25 17:26:52.456 1488 2130 D CompatibilityInfo: applicationScale - 1.0
06-25 17:26:52.456 1488 2130 V SplashScreenExceptionList: SplashScreen checking exception for package com.tencent.android.qqdownloader (target sdk:26) -> false
06-25 17:26:52.456 1488 2130 I ActivityTaskManager: FOREGROUND_APPLICATION_CHANGED to com.tencent.pangu.link.SplashActivity
06-25 17:26:52.456 1488 2130 I ActivityTaskManager: The Process com.tencent.android.qqdownloader:daemon Already Exists in BG. So sending its PID: 3440
06-25 17:26:52.457 1488 2130 I wm_restart_activity: [0,167556869,174,com.tencent.android.qqdownloader/com.tencent.pangu.link.SplashActivity]
06-25 17:26:52.457 1488 2130 D CompatibilityInfo: mCompatibilityFlags - 4
06-25 17:26:52.457 1488 2130 D CompatibilityInfo: applicationDensity - 240
06-25 17:26:52.457 1488 2130 D CompatibilityInfo: applicationScale - 1.0
06-25 17:26:52.457 1488 2130 I wm_set_resumed_activity: [0,com.tencent.android.qqdownloader/com.tencent.pangu.link.SplashActivity,minimalResumeActivityLocked]
06-25 17:26:52.458 1488 2130 D RecentTaskTest: checkUnusedTasks : 9
06-25 17:26:52.458 1488 2130 D RecentTaskTest: packageName : com.microsoft.emmx
06-25 17:26:52.458 1488 2130 D RecentTaskTest: packageName : com.android.settings
06-25 17:26:52.458 1488 2130 D RecentTaskTest: packageName : com.tencent.mobileqq
06-25 17:26:52.459 1488 2130 D RecentTaskTest: packageName : com.ss.android.ugc.aweme
06-25 17:26:52.459 1488 2130 D RecentTaskTest: packageName : com.android.packageinstaller
06-25 17:26:52.459 1488 2130 D RecentTaskTest: packageName : com.bilibili.bilithings
06-25 17:26:52.459 1488 2130 D RecentTaskTest: packageName : com.tencent.android.qqdownloader
06-25 17:26:52.459 1488 2130 D RecentTaskTest: nonSystemAppTasks size : 3
06-25 17:26:52.459 1488 2130 D RecentTaskTest: nonSystemAppTasks task : Task{27fbb64 #162 type=undefined A=10117:com.tencent.mobileqq U=0 visible=false mode=freeform translucent=true sz=0 visible freeform task=true rootAffinity=10117:com.tencent.mobileqq isMini=false}
