06-25 17:26:30.742 7944 7944 D SoLoadCore: initAssestCrcConfigs success
06-25 17:26:30.742 7944 7944 D SoLoadCore: getRightcrcWhenLoadSo libc++_shared.so: 3686037175
06-25 17:26:30.746 7944 7944 D SoLoadCore: System.loadLibrary, lib = c++_shared suc
06-25 17:26:30.746 7944 7944 D SoLoadUtilNew: loadSoByName[c++_shared], loadRes[true], resultCode[15728640]
06-25 17:26:30.746 7944 7944 D SoLoadCore: loadSo begin, libName[unitedconfig]
06-25 17:26:30.746 7944 7944 W SoLoadCore: assestCrcConfigs already exists
06-25 17:26:30.746 7944 7944 D SoLoadCore: getRightcrcWhenLoadSo libunitedconfig.so: 3033483621
06-25 17:26:30.753 7944 7944 D SoLoadCore: System.loadLibrary, lib = unitedconfig suc
06-25 17:26:30.753 7944 7944 D SoLoadUtilNew: loadSoByName[unitedconfig], loadRes[true], resultCode[15728640]
06-25 17:26:30.754 7944 7944 I QMMKVHandler: open fd[0x49], /data/user/0/com.tencent.mobileqq/files/mmkv/united_config_mmkv
06-25 17:26:30.754 7944 7944 I QMMKVHandler: open fd[0x4a], /data/user/0/com.tencent.mobileqq/files/mmkv/united_config_mmkv.crc
06-25 17:26:30.754 7944 7944 I QMMKVHandler: loading [united_config_mmkv] with 0 actual size, file size 4096, InterProcess 1, meta info version:1
06-25 17:26:30.755 7944 7944 I QMMKVHandler: loaded [united_config_mmkv] with 0 key-values
06-25 17:26:30.758 7944 7944 I MMKV : Disable checkProcessMode()
06-25 17:26:30.758 7944 7944 I QMMKVHandler: root dir: /data/user/0/com.tencent.mobileqq/files/mmkv unordered_map size: 3, load factor: 0.005964, bucket count: 503
06-25 17:26:30.758 7944 7944 D PandoraEx.MMKVStrategy: initMMKV at: /data/user/0/com.tencent.mobileqq/files/mmkv
06-25 17:26:30.758 7944 7944 I QMMKVHandler: open fd[0x4b], /data/user/0/com.tencent.mobileqq/files/mmkv/Pandora
06-25 17:26:30.758 7944 7944 I QMMKVHandler: open fd[0x4c], /data/user/0/com.tencent.mobileqq/files/mmkv/Pandora.crc
06-25 17:26:30.759 7944 7944 I QMMKVHandler: loading [Pandora] with 2240 actual size, file size 4096, InterProcess 1, meta info version:3
06-25 17:26:30.759 7944 7944 I QMMKVHandler: loading [Pandora] with crc 2066447039 sequence 133 version 3
06-25 17:26:30.759 7944 7944 I QMMKVHandler: loaded [Pandora] with 16 key-values
06-25 17:26:30.763 7944 7944 W SingletonPool: create com.tencent.mobileqq.unitedconfig_android.api.impl.UnitedConfigManagerImpl cost:27
06-25 17:26:30.764 7944 7944 D MsfSdkUtils: load accountList 0 from backFile
06-25 17:26:30.764 7944 7944 W UnitedConfigManager: can not get uin, use default
06-25 17:26:30.765 7944 7944 D PandoraEx.Utils: convertAndUpdateConfig: Config{module[network], systemApi[WI#G_BSSID], rules[{normal=Rule{scene[normal], strategy[storage], highFreq[null], cacheTime[0], silenceTime[0], reportRate[0], legalPage[[]], illegalPage[[]]}, before=Rule{scene[before], strategy[ban], highFreq[null], cacheTime[0], silenceTime[0], reportRate[0], legalPage[[]], illegalPage[[]]}, back=Rule{scene[back], strategy[cache_only], highFreq[null], cacheTime[0], silenceTime[0], reportRate[0], legalPage[[]], illegalPage[[]]}}], specialPage[null], isBanAccess[false], isBanBackgroundAccess[false], isReportRealTime[false], reportSampleRate[100000], configHighFrequency[null}
06-25 17:26:30.765 7944 7944 D PandoraEx.Utils: convertAndUpdateConfig: Config{module[network], systemApi[WI#G_SSID], rules[{normal=Rule{scene[normal], strategy[storage], highFreq[null], cacheTime[0], silenceTime[0], reportRate[0], legalPage[[]], illegalPage[[]]}, before=Rule{scene[before], strategy[ban], highFreq[null], cacheTime[0], silenceTime[0], reportRate[0], legalPage[[]], illegalPage[[]]}, back=Rule{scene[back], strategy[cache_only], highFreq[null], cacheTime[0], silenceTime[0], reportRate[0], legalPage[[]], illegalPage[[]]}}], specialPage[null], isBanAccess[false], isBanBackgroundAccess[false], isReportRealTime[false], reportSampleRate[100000], configHighFrequency[null}
06-25 17:26:30.766 7944 7944 D PandoraEx.Utils: convertAndUpdateConfig: Config{module[location], systemApi[WM#G_CON_INFO], rules[{normal=Rule{scene[normal], strategy[storage], highFreq[null], cacheTime[0], silenceTime[0], reportRate[0], legalPage[[]], illegalPage[[]]}, before=Rule{scene[before], strategy[ban], highFreq[null], cacheTime[0], silenceTime[0], reportRate[0], legalPage[[]], illegalPage[[]]}, back=Rule{scene[back], strategy[cache_only], highFreq[null], cacheTime[0], silenceTime[0], reportRate[0], legalPage[[]], illegalPage[[]]}}], specialPage[null], isBanAccess[false], isBanBackgroundAccess[false], isReportRealTime[false], reportSampleRate[300000], configHighFrequency[null}
06-25 17:26:30.766 7944 7944 D PandoraEx.Utils: convertAndUpdateConfig: Config{module[network], systemApi[NI#GET_EXT_INFO], rules[{normal=Rule{scene[normal], strategy[storage], highFreq[null], cacheTime[0], silenceTime[0], reportRate[0], legalPage[[]], illegalPage[[]]}, before=Rule{scene[before], strategy[ban], highFreq[null], cacheTime[0], silenceTime[0], reportRate[0], legalPage[[]], illegalPage[[]]}, back=Rule{scene[back], strategy[cache_only], highFreq[null], cacheTime[0], silenceTime[0], reportRate[0], legalPage[[]], illegalPage[[]]}}], specialPage[null], isBanAccess[false], isBanBackgroundAccess[false], isReportRealTime[false], reportSampleRate[100000], configHighFrequency[null}
06-25 17:26:30.766 7944 7944 I SharedPreferencesProxy: create new ContentProviderClient: c_profile_sharepreference
06-25 17:26:30.769 7944 7944 D PandoraEx.PrivacyPolicyHelper: setPrivacyPolicyStatus, state=1
06-25 17:26:30.769 7944 7944 D PrivacyProtectionManager: com.tencent.mobileqq:MSF init privacy_protection successful
06-25 17:26:30.769 7944 7944 D PrivacyProtectionManager: initPrivacyProtection cost:65
06-25 17:26:30.770 7944 7944 D MsfSdkUtils: load accountList 0 from backFile
06-25 17:26:30.771 7944 7944 W UnitedConfigManager: can not get uin, use default
06-25 17:26:30.772 7944 7944 D DexMonitor: config: DexMonitorConfigBean{isOpenDexMonitor=false, reportSample=200, isNeedTransform=false, TransformList=[]}
06-25 17:26:30.772 7944 7944 D MsfSdkUtils: load accountList 0 from backFile
06-25 17:26:30.772 7944 7944 W UnitedConfigManager: can not get uin, use default
06-25 17:26:30.780 7944 7944 I SharedPreferencesProxy: create new ContentProviderClient: dt_sdk_start
06-25 17:26:30.784 7944 7944 D SoLoadCore: loadSo begin, libName[c++_shared]
06-25 17:26:30.784 7944 7944 W SoLoadCore: assestCrcConfigs already exists
06-25 17:26:30.784 7944 7944 D SoLoadCore: getRightcrcWhenLoadSo libc++_shared.so: 3686037175
06-25 17:26:30.784 7944 7944 D SoLoadCore: System.loadLibrary, lib = c++_shared suc
06-25 17:26:30.784 7944 7944 D SoLoadUtilNew: loadSoByName[c++_shared], loadRes[true], resultCode[15728640]
06-25 17:26:30.784 7944 7944 D SoLoadCore: loadSo begin, libName[native-memory-library-lib]
06-25 17:26:30.784 7944 7944 W SoLoadCore: assestCrcConfigs already exists
06-25 17:26:30.784 7944 7944 D SoLoadCore: getRightcrcWhenLoadSo libnative-memory-library-lib.so: 3164343568
06-25 17:26:30.787 7944 7944 D SoLoadCore: System.loadLibrary, lib = native-memory-library-lib suc
06-25 17:26:30.787 7944 7944 D SoLoadUtilNew: loadSoByName[native-memory-library-lib], loadRes[true], resultCode[15728640]
06-25 17:26:30.788 7944 7944 I NativeMemoryMonitor: load so res: true
06-25 17:26:30.790 7944 7944 D LIBNATIVE-MEMORY-LIBRARY-LIB: native-lib.cpp:initJniHook(49) >> mark: 511050528616, mark2: 511050528648
06-25 17:26:30.805 7944 7944 D TeleScreen|JefsClass: JefsClassInjectUtil newInstance
06-25 17:26:30.807 7944 7944 W nt.mobileqq:MS: Class android.support.v4.util.ArraySet failed lock verification and will run slower.
06-25 17:26:30.807 7944 7944 W nt.mobileqq:MS: Common causes for lock verification issues are non-optimized dex code
06-25 17:26:30.807 7944 7944 W nt.mobileqq:MS: and incorrect proguard optimizations.
06-25 17:26:30.852 7944 7944 D DtSdkInitStep: [setDtVideoSwitch] switch: false
06-25 17:26:30.853 7944 7944 D DtSdkInitStep: markToProceed
06-25 17:26:30.854 7944 7944 D MsfSdkUtils: load accountList 0 from backFile
06-25 17:26:30.856 7944 7944 D QQDtSamplingConfig: [loadDataFromMMKVByKey], key = mmkv_key_toggle_dataset value = {"disableSample":false,"page":{},"element":{"em_xsj_share_button":{"imp_end":0.01},"em_xsj_author_name":{"imp_end":0.01},"em_xsj_comment_button":{"imp_end":0.01,"imp":0.01},"em_xsj_author_avatar":{"imp_end":0.01},"em_xsj_multimedia_music_bar":{"imp_end":0.01},"em_xsj_follow_button":{"imp_end":0.01},"em_xsj_multimedia_progress_bar":{"imp_end":0.01,"imp":0.01},"em_xsj_edit_button":{"imp_end":0.01},"em_xsj_recom_reason":{"imp_end":0.01},"em_xsj_top_tab":{"imp_end":0.01},"em_xsj_commercial_profile_photo":{"imp_end":0.01},"em_xsj_profile_album_entrance":{"imp_end":0.01},"em_xsj_msg_banner":{"imp_end":0.01},"em_xsj_push_button_expand_rocket":{"imp":0.01},"em_xsj_bullet_screen_input_box":{"imp":0.01}}}
06-25 17:26:30.856 7944 7944 D QQDtSamplingConfig: com.tencent.mobileqq:MSF [convertJsonToData]:{"disableSample":false,"page":{},"element":{"em_xsj_share_button":{"imp_end":0.01},"em_xsj_author_name":{"imp_end":0.01},"em_xsj_comment_button":{"imp_end":0.01,"imp":0.01},"em_xsj_author_avatar":{"imp_end":0.01},"em_xsj_multimedia_music_bar":{"imp_end":0.01},"em_xsj_follow_button":{"imp_end":0.01},"em_xsj_multimedia_progress_bar":{"imp_end":0.01,"imp":0.01},"em_xsj_edit_button":{"imp_end":0.01},"em_xsj_recom_reason":{"imp_end":0.01},"em_xsj_top_tab":{"imp_end":0.01},"em_xsj_commercial_profile_photo":{"imp_end":0.01},"em_xsj_profile_album_entrance":{"imp_end":0.01},"em_xsj_msg_banner":{"imp_end":0.01},"em_xsj_push_button_expand_rocket":{"imp":0.01},"em_xsj_bullet_screen_input_box":{"imp":0.01}}}
06-25 17:26:30.858 7944 7944 D QQDtSamplingConfig: com.tencent.mobileqq:MSF [onUpdateDTSamplingConfig], pageSamplingMap = {pg_aio=100.0}
06-25 17:26:30.858 7944 7944 D QQDtSamplingConfig: elementSamplingMap = {em_xsj_edit_button={imp_end=0.01}, em_xsj_top_tab={imp_end=0.01}, em_xsj_profile_album_entrance={imp_end=0.01}, em_xsj_share_button={imp_end=0.01}, em_xsj_follow_button={imp_end=0.01}, em_xsj_msg_banner={imp_end=0.01}, em_xsj_author_name={imp_end=0.01}, em_xsj_multimedia_progress_bar={imp_end=0.01, imp=0.01}, em_xsj_recom_reason={imp_end=0.01}, em_xsj_commercial_profile_photo={imp_end=0.01}, em_xsj_comment_button={imp_end=0.01, imp=0.01}, em_discover_button={imp=100.0, imp_end=100.0, clck=100.0}, em_xsj_multimedia_music_bar={imp_end=0.01}, em_xsj_bullet_screen_input_box={imp=0.01}, em_xsj_author_avatar={imp_end=0.01}, em_xsj_push_button_expand_rocket={imp=0.01}}
06-25 17:26:30.862 7944 7944 D DtSdkInitStep: 848QQDT initDTCost : 49 ms, from = 1
06-25 17:26:30.864 7944 7944 W SingletonPool: create com.tencent.mobileqq.unusedcodecheck.api.impl.UnusedCodeCheckImpl
06-25 17:26:30.865 7944 7944 D MsfSdkUtils: load accountList 0 from backFile
06-25 17:26:30.865 7944 7944 W UnitedConfigManager: can not get uin, use default
06-25 17:26:30.866 7944 7944 D UnusedCodeCheck: read config:UnusedCodeCheckConfigBean(isOpen=false, isInvalidModel=false, fileBufferSize=20480, lookupCountLimit=40, loadRateLimitLastVersion=0.5, loadRateLimit=0.4, allowLookupFailCount=3, delayTimeMainProcess=480000, delayTimeOtherProcess=300000, checkTimeIntervalMainProcess=480000, checkTimeIntervalOtherProcess=300000, cpuUsageLimit=8.0)
06-25 17:26:30.866 7944 7944 W SingletonPool: create com.tencent.mobileqq.unusedcodecheck.api.impl.UnusedCodeCheckImpl cost:2
06-25 17:26:30.867 7944 7944 D AutoMonitor: EarlySdkInit, cost=166 results: true isMain: true
06-25 17:26:30.867 7944 7944 D AutoMonitor: LoadDex, cost=634 results: true isMain: true
06-25 17:26:30.867 7944 7944 D AutoMonitor: Step, cost=1 results: true isMain: true
06-25 17:26:30.869 7944 7944 D MSF.D.MonitorSocket: monitor_config not found, disable monitor socket
06-25 17:26:30.891 7944 7944 D AutoMonitor: OldApplication, cost=24 results: false isMain: true
06-25 17:26:30.892 7944 7944 D AutoMonitor: [LoadDex, LoadModule, OldApplication, ManageThread, BrowserGlobalSetting], cost=660 results: false isMain: true
06-25 17:26:30.895 7944 7944 I AutoMonitor: updateVersion ProcFirstLaunch com.tencent.mobileqq:MSF c1304831 c1304831
06-25 17:26:30.895 7944 7944 D AutoMonitor: Update, cost=3 results: true isMain: true
06-25 17:26:30.895 7944 7944 D AutoMonitor: Step, cost=0 results: true isMain: true
06-25 17:26:30.895 7944 7944 D AutoMonitor: Step, cost=0 results: true isMain: true
06-25 17:26:30.895 7944 7944 D AutoMonitor: Step, cost=0 results: true isMain: true
06-25 17:26:30.896 7944 7944 D AutoMonitor: StartService, cost=0 results: true isMain: true
06-25 17:26:30.896 7944 7944 D AutoMonitor: [Rdm, NewRuntime, InitSkin, StartService], cost=0 results: true isMain: true
06-25 17:26:30.898 7944 7944 I DCL_MODULE: Initializer.init
06-25 17:26:30.898 7944 7944 I DCL_MODULE: Initializer.supportAlpha DCL_TYPE:0
06-25 17:26:30.903 7944 7944 D NetConnInfoCenter: receive broadcast Intent { act=android.intent.action.TIME_SET flg=0x1000010 cmp=com.tencent.mobileqq/.msf.core.NetConnInfoCenter (has extras) }, init = false
06-25 17:26:30.906 1488 2089 W ActivityManager: Background start not allowed: service Intent { cmp=com.tencent.mobileqq/.msf.service.MsfService (has extras) } to com.tencent.mobileqq/.msf.service.MsfService from pid=7944 uid=10117 pkg=com.tencent.mobileqq startFg?=false
06-25 17:26:30.907 7963 8012 I QMMKVHandler: prepare to trim tab_exp_sdk_data_info_release_1504_EmptySceneId_38CBA10D90E2CCB4DA52569610001FC17618
06-25 17:26:30.907 7944 7944 D NetConnInfoCenter: init msf startService exception:android.app.BackgroundServiceStartNotAllowedException: Not allowed to start service Intent { cmp=com.tencent.mobileqq/.msf.service.MsfService (has extras) }: app is in background uid UidRecord{74f41d7 u0a117 RCVR idle change:uncached procs:0 seq(0,0,0)}
06-25 17:26:30.907 7944 7944 D NetConnInfoCenter: at android.app.ContextImpl.startServiceCommon(ContextImpl.java:1861)
06-25 17:26:30.907 7944 7944 D NetConnInfoCenter: at android.app.ContextImpl.startService(ContextImpl.java:1817)
06-25 17:26:30.907 7944 7944 D NetConnInfoCenter: at android.content.ContextWrapper.startService(ContextWrapper.java:774)
06-25 17:26:30.907 7944 7944 D NetConnInfoCenter: at com.tencent.mobileqq.qfix.ApplicationDelegate.startService(P:3)
06-25 17:26:30.907 7944 7944 D NetConnInfoCenter: at com.tencent.common.app.BaseApplicationImpl.startService(P:2)
06-25 17:26:30.907 7944 7944 D NetConnInfoCenter: at com.tencent.mobileqq.msf.core.NetConnInfoCenter.startOrBindService(P:1)
06-25 17:26:30.907 7944 7944 D NetConnInfoCenter: at com.tencent.mobileqq.msf.core.NetConnInfoCenter.onReceive(P:25)
06-25 17:26:30.907 7944 7944 D NetConnInfoCenter: at android.app.ActivityThread.handleReceiver(ActivityThread.java:4309)
06-25 17:26:30.907 7944 7944 D NetConnInfoCenter: at android.app.ActivityThread.access$1600(ActivityThread.java:248)
06-25 17:26:30.907 7944 7944 D NetConnInfoCenter: at android.app.ActivityThread$H.handleMessage(ActivityThread.java:2065)
06-25 17:26:30.907 7944 7944 D NetConnInfoCenter: at android.os.Handler.dispatchMessage(Handler.java:106)
06-25 17:26:30.907 7944 7944 D NetConnInfoCenter: at android.os.Looper.loopOnce(Looper.java:201)
06-25 17:26:30.907 7944 7944 D NetConnInfoCenter: at android.os.Looper.loop(Looper.java:288)
06-25 17:26:30.907 7944 7944 D NetConnInfoCenter: at android.app.ActivityThread.main(ActivityThread.java:7880)
06-25 17:26:30.907 7944 7944 D NetConnInfoCenter: at java.lang.reflect.Method.invoke(Native Method)
06-25 17:26:30.907 7944 7944 D NetConnInfoCenter: at com.android.internal.os.RuntimeInit$MethodAndArgsCaller.run(RuntimeInit.java:548)
06-25 17:26:30.907 7944 7944 D NetConnInfoCenter: at com.android.internal.os.ZygoteInit.main(ZygoteInit.java:1009)
06-25 17:26:30.907 7963 8012 I QMMKVHandler: prepare to trim tab_exp_sdk_control_info_release_1504_EmptySceneId_38CBA10D90E2CCB4DA52569610001FC17618
06-25 17:26:30.908 1488 2089 D CompatibilityInfo: mCompatibilityFlags - 4
06-25 17:26:30.908 1488 2089 D CompatibilityInfo: applicationDensity - 240
06-25 17:26:30.908 1488 2089 D CompatibilityInfo: applicationScale - 1.0
06-25 17:26:30.910 7944 7944 I MSF.D.NetCenterNewImpl: com.tencent.mobileqq:MSF create NetConnInfoCenterNewImpl instance
06-25 17:26:30.912 7963 8012 D PandoraEx.MonitorReporter: module[network], systemApi[NC#HAS_TRANS], scene[normal], strategy[normal], isSystemCall[true
06-25 17:26:30.913 7963 8012 D PandoraEx.MonitorReporter: module[network], systemApi[NC#HAS_TRANS], scene[normal], strategy[normal], isSystemCall[true
06-25 17:26:30.913 7963 8012 D PandoraEx.MonitorReporter: module[network], systemApi[NC#HAS_TRANS], scene[normal], strategy[normal], isSystemCall[true
06-25 17:26:30.914 7944 7944 D MSF.S.MsfService: MSF_Alive_Log serivce onCreate
06-25 17:26:30.914 7944 7944 D MSF.S.MsfService: MSF_Alive_Log serviceInit inited = false boot = false gray = false public = true
06-25 17:26:30.914 7944 7944 D MSF.C.MsfCore: MsfCore init begin. isPublic=true isGray=false
06-25 17:26:30.915 7963 8012 D PandoraEx.MonitorReporter: module[network], systemApi[NC#HAS_TRANS], scene[normal], strategy[normal], isSystemCall[true
06-25 17:26:30.915 7963 8012 D PandoraEx.MonitorReporter: module[network], systemApi[TM#G_DA_NET_TYPE], scene[normal], strategy[ban], isSystemCall[false
06-25 17:26:30.918 7944 7944 D PandoraEx.MonitorReporter: module[device], systemApi[SE#G_AID], scene[normal], strategy[storage], isSystemCall[false
06-25 17:26:30.939 7944 7944 I eup : Backup Java Class And Method Success
06-25 17:26:30.939 7944 7944 I eup : Bugly Register JNI Methods Successfully ~
06-25 17:26:30.939 7944 7944 I eup : regist start
06-25 17:26:30.940 7944 7944 I eup : run in arm64
06-25 17:26:30.944 7944 7944 D MSF.C.MsfCore: init RQD cost=29
06-25 17:26:30.946 7944 7944 I QMMKVHandler: open fd[0x60], /data/user/0/com.tencent.mobileqq/files/mmkv/msf_mmkv_file
06-25 17:26:30.946 7944 7944 I QMMKVHandler: open fd[0x62], /data/user/0/com.tencent.mobileqq/files/mmkv/msf_mmkv_file.crc
06-25 17:26:30.947 7944 7944 I QMMKVHandler: loading [msf_mmkv_file] with 3697 actual size, file size 4096, InterProcess 1, meta info version:3
06-25 17:26:30.947 7944 7944 I QMMKVHandler: loading [msf_mmkv_file] with crc 3670865307 sequence 21 version 3
06-25 17:26:30.947 7944 7944 I QMMKVHandler: loaded [msf_mmkv_file] with 27 key-values
06-25 17:26:30.948 7944 7944 D MSFSharePreferencesAdapter: getSharedPreferences, spName: sp_msf_toggle, mmkvFile: msf_mmkv_file, isUseMMKV: true
06-25 17:26:30.948 7944 7944 D MSFSharePreferencesAdapter: getSharedPreferences, spName: sp_msf_toggle, mmkvFile: msf_mmkv_file, isUseMMKV: true
06-25 17:26:30.949 7944 7944 D MSFSharePreferencesAdapter: getSharedPreferences, spName: sp_msf_toggle, mmkvFile: msf_mmkv_file, isUseMMKV: true
06-25 17:26:30.949 7944 7944 D MSFSharePreferencesAdapter: getSharedPreferences, spName: sp_msf_toggle, mmkvFile: msf_mmkv_file, isUseMMKV: true
06-25 17:26:30.949 7944 7944 D MSFSharePreferencesAdapter: getSharedPreferences, spName: sp_msf_toggle, mmkvFile: msf_mmkv_file, isUseMMKV: true
06-25 17:26:30.949 7944 7944 D MSFSharePreferencesAdapter: getSharedPreferences, spName: sp_msf_toggle, mmkvFile: msf_mmkv_file, isUseMMKV: true
06-25 17:26:30.949 7944 7944 D MSFSharePreferencesAdapter: getSharedPreferences, spName: sp_msf_toggle, mmkvFile: msf_mmkv_file, isUseMMKV: true
06-25 17:26:30.950 7944 7944 D MSFSharePreferencesAdapter: getSharedPreferences, spName: sp_msf_toggle, mmkvFile: msf_mmkv_file, isUseMMKV: true
06-25 17:26:30.950 7944 7944 D MSF.C.Util: can not get imsi by toggle
06-25 17:26:30.952 7944 7944 D MSF.C.MsfCore: init deviceInfo cost=8
06-25 17:26:30.956 7944 7944 I MSF.C.MsfCore: check copysolib platform=armeabi installAppVersionCode=4030 isNewVersion=false
06-25 17:26:30.956 7944 7944 D MSF.C.CoreUtil: get new jni id = [170, 537160141]
06-25 17:26:30.957 7944 7944 D MSF.C.CoreUtil: get old jni id = [170, 537160141]
06-25 17:26:30.957 7944 7944 D MSF.C.MsfCore: init copySo cost=5
06-25 17:26:30.957 7944 7944 D MSF.C.MsfCore: init removeSo cost=0
06-25 17:26:30.959 7944 7944 E MSF.C.NativeConfigStore: loadso msfbootV2 true resultCode=262144 cost=2
06-25 17:26:30.961 7944 7944 D MSF.C.MsfCore: init msfStore cost=4
06-25 17:26:30.961 7944 7944 D MSF.C.MsfCore: init nativeConfigStore cost=0
06-25 17:26:30.974 7944 7944 W nt.mobileqq:MS: Class oicq.wlogin_sdk.request.u failed lock verification and will run slower.
06-25 17:26:30.977 7944 7944 D PandoraEx.MonitorReporter: module[device], systemApi[SE#G_AID], scene[normal], strategy[storage], isSystemCall[false
06-25 17:26:31.003 7944 7944 I SharedPreferencesProxy: create new ContentProviderClient: WLOGIN_COST
06-25 17:26:31.008 7944 7944 I SharedPreferencesProxy: create new ContentProviderClient: WLOGIN_DEVICE_INFO
06-25 17:26:31.030 7944 7944 I FEKitSoLoader: lastVersion is local is 2.2.196
06-25 17:26:31.036 7944 7944 I FEKitSoLoader: load local so success
06-25 17:26:31.037 7944 7944 D wtlogin_guid: 564a13387a3587a67c6754e4f8220415
06-25 17:26:31.038 7944 7944 D MSFSharePreferencesAdapter: getSharedPreferences, spName: sp_msf_common, mmkvFile: msf_mmkv_file, isUseMMKV: true
06-25 17:26:31.039 7944 7944 D MSF.C.MsfCore: init wtlogin cost=77
06-25 17:26:31.041 7944 7944 D MSF.C.TokenChecker: msf init ct
06-25 17:26:31.044 7944 7944 I MSF.C.AccountCenter: loadAccountInfoFromWt
06-25 17:26:31.047 7944 7944 D MSF.C.StatReport: setUserId = 0
06-25 17:26:31.048 7944 7944 D MSF.C.MsfCore: init msfAlarm cost=1
06-25 17:26:31.085 7944 7944 E PandoraEx.LocationMonitor: WM#G_CON_INFO is Really Call System API
06-25 17:26:31.086 7944 7944 D PandoraEx.LocationMonitor: WM#G_CON_INFO is save data into MMKV
06-25 17:26:31.086 7944 7944 E PandoraEx.NetworkMonitor: WI#G_SSID is Really Call System API
06-25 17:26:31.088 7944 7944 D MSF.C.SsoListManager: [Endpoint] fromString, ability = 0
06-25 17:26:31.088 7944 7944 D MSF.C.SsoListManager: [Endpoint] fromString, ability = 0
06-25 17:26:31.088 7944 7944 D MSF.C.SsoListManager: [Endpoint] fromString, ability = 0
06-25 17:26:31.089 7944 7944 D MSF.C.SsoListManager: [Endpoint] fromString, ability = 0
06-25 17:26:31.089 7944 7944 D MSF.C.SsoListManager: [Endpoint] fromString, ability = 0
06-25 17:26:31.089 7944 7944 D MSF.C.SsoListManager: [Endpoint] fromString, ability = 0
06-25 17:26:31.090 7944 7944 D MSF.C.SsoListManager: [Endpoint] fromString, ability = 0
06-25 17:26:31.090 7944 7944 D MSF.C.SsoListManager: [Endpoint] fromString, ability = 0
06-25 17:26:31.090 7944 7944 D MSF.C.SsoListManager: [Endpoint] fromString, ability = 0
06-25 17:26:31.091 7944 7944 D MSF.C.SsoListManager: [Endpoint] fromString, ability = 0
06-25 17:26:31.091 7944 7944 D MSF.C.SsoListManager: [Endpoint] fromString, ability = 0
06-25 17:26:31.091 7944 7944 D MSF.C.SsoListManager: [Endpoint] fromString, ability = 0
06-25 17:26:31.095 7944 7944 E ActivityThread: Failed to find provider info for telephony
06-25 17:26:31.098 7944 7944 D MSF.C.MsfCore: init sso&config cost=49
06-25 17:26:31.098 7944 7944 D MSFSharePreferencesAdapter: getSharedPreferences, spName: MSF.C.NetConnInfoCenter, mmkvFile: msf_mmkv_file, isUseMMKV: true
06-25 17:26:31.099 7944 7944 D MSF.C.MsfCore: init network center cost=1
06-25 17:26:31.100 7944 7944 D MSFSharePreferencesAdapter: getSharedPreferences, spName: msf_crashcontrol, mmkvFile: msf_mmkv_file, isUseMMKV: true
06-25 17:26:31.100 7944 8043 D CompatibilityChangeReporter: Compat change id reported: 147600208; UID 10117; state: DISABLED
06-25 17:26:31.103 7944 7944 D QQBeaconPrivateInfo: getOAIDAsync: isEnable: false, aaid: , oaid:
06-25 17:26:31.103 7944 7944 D QQBeaconPrivateInfo: [initOAID] obtain oaid:
06-25 17:26:31.103 7944 7944 D PandoraEx.MonitorReporter: module[device], systemApi[SE#G_AID], scene[normal], strategy[storage], isSystemCall[false
06-25 17:26:31.103 7944 7944 D QQBeaconPrivateInfo: QQBeaconPrivateInfo init is success
06-25 17:26:31.104 7944 7944 W SingletonPool: create com.tencent.mobileqq.statistics.impl.BeaconConfigImpl
06-25 17:26:31.104 7944 7944 W SingletonPool: create com.tencent.mobileqq.statistics.impl.BeaconConfigImpl cost:0
06-25 17:26:31.114 7944 7944 D QConfigManager: initQAutoInject, mOldServletInjector: a, mInjectProcessors: 399
06-25 17:26:31.115 7944 7944 D MsfSdkUtils: load accountList 0 from backFile
06-25 17:26:31.115 7944 7944 W UnitedConfigManager: can not get uin, use default
06-25 17:26:31.117 7944 7944 I QMMKVHandler: open fd[0x73], /data/user/0/com.tencent.mobileqq/files/mmkv/0_config_manager_mmkv_configurations
06-25 17:26:31.117 7944 7944 I QMMKVHandler: open fd[0x74], /data/user/0/com.tencent.mobileqq/files/mmkv/0_config_manager_mmkv_configurations.crc
06-25 17:26:31.117 7944 7944 I QMMKVHandler: loading [0_config_manager_mmkv_configurations] with 0 actual size, file size 4096, InterProcess 1, meta info version:1
06-25 17:26:31.118 7944 7944 I QMMKVHandler: loaded [0_config_manager_mmkv_configurations] with 0 key-values
06-25 17:26:31.118 7944 7944 D QQBeaconReport: [start] useSocket: true
06-25 17:26:31.118 7944 7944 I beacon : beacon logAble: false
06-25 17:26:31.119 7944 7944 D Qqimei : [initQimeiSdk] force: false, allow: true, init: false
06-25 17:26:31.125 7944 7944 D Qqimei : [initQimeiSdk] init. process: com.tencent.mobileqq:MSF
06-25 17:26:31.126 7944 7944 D beacon : QQ fix, get current processName: com.tencent.mobileqq:MSF osVer: Android 12,level 31 model: PassengerDisplay;
06-25 17:26:31.126 7944 7944 I beacon : logAble: false , SDKVersion: 4.2.84.3-qqvideo3
06-25 17:26:31.129 7944 8057 D PandoraEx.MonitorReporter: module[network], systemApi[NC#HAS_TRANS], scene[normal], strategy[normal], isSystemCall[true
06-25 17:26:31.130 7944 8057 D PandoraEx.MonitorReporter: module[network], systemApi[NC#HAS_TRANS], scene[normal], strategy[normal], isSystemCall[true
06-25 17:26:31.130 7944 8057 D PandoraEx.MonitorReporter: module[network], systemApi[NC#HAS_TRANS], scene[normal], strategy[normal], isSystemCall[true
06-25 17:26:31.131 7944 8057 D PandoraEx.MonitorReporter: module[network], systemApi[NC#HAS_TRANS], scene[normal], strategy[normal], isSystemCall[true
06-25 17:26:31.132 7944 7944 D QQBeaconReport: start Beacon & QIMEI SDK: isDebugVersion = false, appVersion: , appKey: 0S200MNJT807V3GE, log: false, userAllow: true
06-25 17:26:31.132 7944 8040 W System.err: java.lang.InterruptedException
06-25 17:26:31.133 7944 8040 W System.err: at java.lang.Thread.sleep(Native Method)
06-25 17:26:31.133 7944 8040 W System.err: at java.lang.Thread.sleep(Thread.java:451)
06-25 17:26:31.133 7944 8040 W System.err: at java.lang.Thread.sleep(Thread.java:356)
06-25 17:26:31.133 7944 8040 W System.err: at com.tencent.bugly.proguard.as.b(P:24)
06-25 17:26:31.133 7944 8040 W System.err: at com.tencent.bugly.proguard.bj.run(P:21)
06-25 17:26:31.133 1488 1788 D ConnectivityService: NetReassign [no changes]
06-25 17:26:31.133 7944 7944 D MSF.C.MsfCore: init beacon Cost=34
06-25 17:26:31.135 7944 7944 D MSFSharePreferencesAdapter: getSharedPreferences, spName: msf_config, mmkvFile: msf_mmkv_file, isUseMMKV: true
06-25 17:26:31.135 7944 7944 D MSFSharePreferencesAdapter: getSharedPreferences, spName: msf_config, mmkvFile: msf_mmkv_file, isUseMMKV: true
06-25 17:26:31.135 7944 7944 D MSFSharePreferencesAdapter: getSharedPreferences, spName: msf_config, mmkvFile: msf_mmkv_file, isUseMMKV: true
06-25 17:26:31.135 7944 8057 D PandoraEx.MonitorReporter: module[network], systemApi[NC#HAS_TRANS], scene[normal], strategy[normal], isSystemCall[true
06-25 17:26:31.135 7944 7944 D MSFSharePreferencesAdapter: getSharedPreferences, spName: msf_config, mmkvFile: msf_mmkv_file, isUseMMKV: true
06-25 17:26:31.136 7944 7944 D MSFSharePreferencesAdapter: getSharedPreferences, spName: msf_config, mmkvFile: msf_mmkv_file, isUseMMKV: true
06-25 17:26:31.136 7944 7944 D MSFSharePreferencesAdapter: getSharedPreferences, spName: msf_config, mmkvFile: msf_mmkv_file, isUseMMKV: true
06-25 17:26:31.136 7944 8057 D PandoraEx.MonitorReporter: module[network], systemApi[NC#HAS_TRANS], scene[normal], strategy[normal], isSystemCall[true
06-25 17:26:31.136 7944 7944 D MSFSharePreferencesAdapter: getSharedPreferences, spName: msf_config, mmkvFile: msf_mmkv_file, isUseMMKV: true
06-25 17:26:31.136 7944 7944 D MSFSharePreferencesAdapter: getSharedPreferences, spName: msf_config, mmkvFile: msf_mmkv_file, isUseMMKV: true
06-25 17:26:31.136 7944 7944 D MSFSharePreferencesAdapter: getSharedPreferences, spName: msf_config, mmkvFile: msf_mmkv_file, isUseMMKV: true
06-25 17:26:31.137 7944 7944 D MSFSharePreferencesAdapter: getSharedPreferences, spName: msf_config, mmkvFile: msf_mmkv_file, isUseMMKV: true
06-25 17:26:31.137 7944 8057 D PandoraEx.MonitorReporter: module[network], systemApi[NC#HAS_TRANS], scene[normal], strategy[normal], isSystemCall[true
06-25 17:26:31.137 7944 7944 D MSFSharePreferencesAdapter: getSharedPreferences, spName: msf_config, mmkvFile: msf_mmkv_file, isUseMMKV: true
06-25 17:26:31.137 7944 7944 D MSFSharePreferencesAdapter: getSharedPreferences, spName: msf_config, mmkvFile: msf_mmkv_file, isUseMMKV: true
06-25 17:26:31.137 7944 7944 D MSFSharePreferencesAdapter: getSharedPreferences, spName: msf_config, mmkvFile: msf_mmkv_file, isUseMMKV: true
06-25 17:26:31.137 7944 8057 D PandoraEx.MonitorReporter: module[network], systemApi[NC#HAS_TRANS], scene[normal], strategy[normal], isSystemCall[true
06-25 17:26:31.137 7944 7944 D MSFSharePreferencesAdapter: getSharedPreferences, spName: msf_config, mmkvFile: msf_mmkv_file, isUseMMKV: true
06-25 17:26:31.137 7944 7944 D MSFSharePreferencesAdapter: getSharedPreferences, spName: msf_config, mmkvFile: msf_mmkv_file, isUseMMKV: true
06-25 17:26:31.138 7944 7944 D MSFSharePreferencesAdapter: getSharedPreferences, spName: msf_config, mmkvFile: msf_mmkv_file, isUseMMKV: true
06-25 17:26:31.138 7944 7944 D MSFSharePreferencesAdapter: getSharedPreferences, spName: msf_config, mmkvFile: msf_mmkv_file, isUseMMKV: true
06-25 17:26:31.138 7944 7944 D MSFConfigManager: [MSFConfigManager] config:
06-25 17:26:31.138 7944 7944 D MSFSharePreferencesAdapter: getSharedPreferences, spName: msf_config, mmkvFile: msf_mmkv_file, isUseMMKV: true
06-25 17:26:31.138 7944 7944 D MSFSharePreferencesAdapter: getSharedPreferences, spName: msf_config, mmkvFile: msf_mmkv_file, isUseMMKV: true
06-25 17:26:31.138 7944 7944 D MSFSharePreferencesAdapter: getSharedPreferences, spName: msf_config, mmkvFile: msf_mmkv_file, isUseMMKV: true
06-25 17:26:31.139 7944 7944 D MSFConfigManager: MSFConfigManager{isIPCDivideToTransportEnable=false, isSleepThreadWhenIPCBlockEnable=false, isSendQuickHBByDeepSleepEnable=true, isSendQuickHBByScreenOnEnable=true, isMultiChannelReportEnable=true, isBinderConnectOptEnable=false, isChangeHuaweiDSCheck=false, udpSendSwitchOn=false, deepSleepDetectInterval=120, multiTcpEnable=false, multiTcpCmdWhiteList=, releaseSamplingRate=10000, graySamplingRate=100, importantCmdRate=100, subConnSamplingRate=1, enableCheckPandora=true, nullQimeiReleaseSamplingRate=10000, nullQimeiGraySamplingRate=100}
06-25 17:26:31.140 7944 7944 D SendQueuePerformanceReporter: [initSampleRate] rateNormal: false, rateImport: false, grayRate: 100, releaseRate: 10000, impRate: 100, subConn: 1
06-25 17:26:31.143 7944 7944 D MSFSharePreferencesAdapter: getSharedPreferences, spName: complex_connect_config_sp_name, mmkvFile: msf_mmkv_file, isUseMMKV: true
06-25 17:26:31.149 7944 8062 D PandoraEx.MonitorReporter: module[network], systemApi[NI#GET_EXT_INFO], scene[normal], strategy[storage], isSystemCall[true
06-25 17:26:31.149 7944 7944 D libboot_MSF.C.NetConnTag.true: [initQimei] obtain qimei.
06-25 17:26:31.149 7944 8062 E PandoraEx.NetworkMonitor: NI#GET_EXT_INFO is Really Call System API
06-25 17:26:31.150 7944 8058 D libboot_MSF.C.NetConnTag.true: onQimeiDispatch, sQimei = 38cba10d90e2ccb4da52569610001fc17618, qimeiOld = 38cba10d90e2ccb4da52569610001fc17618
06-25 17:26:31.151 7944 7944 E MSF.C.CodecWarpper: loadso codecwrapperV2 true resultCode=262144 cost=2
06-25 17:26:31.152 7944 7944 D PadUtil : isSplitSwitchOn = true
06-25 17:26:31.152 7944 7944 D DefaultDeviceUtil: characteristics = tablet
06-25 17:26:31.152 7944 7944 D PadUtil : initDeviceType type = TABLET
06-25 17:26:31.153 7944 7944 I MSF.C.CodecWarpper: checkSO appIdFromAppSetting = 537160189appIdFromNative = 537160189
06-25 17:26:31.153 7944 7944 D MSF.C.CodecWarpper: checkSO version=780
06-25 17:26:31.153 7944 7944 D MSF.C.NetConnTag.true: isPublicVersion = true
06-25 17:26:31.154 7944 8065 E System : ******** DEPRECATED FUNCTIONALITY ********
06-25 17:26:31.154 7944 8065 E System : * The implementation of the KeyFactory.RSA algorithm from
06-25 17:26:31.154 7944 8065 E System : * the BC provider is deprecated in this version of Android.
06-25 17:26:31.154 7944 8065 E System : * It will be removed in a future version of Android and your
06-25 17:26:31.154 7944 8065 E System : * application will no longer be able to request it. Please see
06-25 17:26:31.154 7944 8065 E System : * https://android-developers.googleblog.com/2018/03/cryptography-changes-in-android-p.html
06-25 17:26:31.154 7944 8065 E System : * for more details.
06-25 17:26:31.155 7944 7944 D MSF.C.LogManager: initLogLevel succ ,value =null
06-25 17:26:31.157 7944 7944 D libboot_MSF.C.NetConnTag.false: [initQimei] obtain qimei.
06-25 17:26:31.158 7944 7944 D MSF.C.NetConnTag.false: isPublicVersion = true
06-25 17:26:31.158 7944 8063 D libboot_MSF.C.NetConnTag.false: onQimeiDispatch, sQimei = 38cba10d90e2ccb4da52569610001fc17618, qimeiOld = 38cba10d90e2ccb4da52569610001fc17618
06-25 17:26:31.158 7944 7944 D MSF.C.LogManager: initLogLevel succ ,value =null
06-25 17:26:31.158 7944 7944 D SenderManager: [SenderManager] init: true
06-25 17:26:31.158 7944 7944 D MSFSharePreferencesAdapter: getSharedPreferences, spName: msf_sub_sender_switch, mmkvFile: msf_mmkv_file, isUseMMKV: true
06-25 17:26:31.158 7944 7944 D SenderManager: [initSubSenderSp] switch: true
06-25 17:26:31.163 7944 7944 D MSF.C.MsfCore: init sender&light cost=30
06-25 17:26:31.169 7944 8048 I PowDemo : cnt=10000 cost=159
06-25 17:26:31.172 7944 7944 D MSF.C.PushManager: loadAppPushInfo null
06-25 17:26:31.173 7944 7944 D MSF.C.MsfCore: init push cost=9
06-25 17:26:31.174 7944 7944 D MSF.C.ConfigManager: StandbyMode whitelist not be found.
06-25 17:26:31.175 7944 7944 D MSF.C.QuickSendManager: [shouldReportWeakNet] false. result: 1
06-25 17:26:31.175 7944 7944 D MSF.C.MsfCore: init standby&quickSender cost=3
06-25 17:26:31.176 7944 7944 D MSFSharePreferencesAdapter: getSharedPreferences, spName: set_sp_mp, mmkvFile: msf_mmkv_file, isUseMMKV: true
06-25 17:26:31.176 7944 7944 D MSFSharePreferencesAdapter: getSharedPreferences, spName: sp_msf_common, mmkvFile: msf_mmkv_file, isUseMMKV: true
06-25 17:26:31.177 7944 7944 I MSF.C.MsfCore: MsfCore init finished. cost=262
06-25 17:26:31.177 7944 7944 D MsfInitCost: MSF_Alive_Log MsfCoreInitCost: 262
06-25 17:26:31.178 7944 7944 D MSFSharePreferencesAdapter: getSharedPreferences, spName: common_sp_for_msf, mmkvFile: msf_mmkv_file, isUseMMKV: true
06-25 17:26:31.178 7944 7944 D MSF.S.AppProcessManager: start loadAppProcessInfos proInfos size=1
06-25 17:26:31.178 7944 8077 D PandoraEx.MonitorReporter: module[network], systemApi[NI#G_TY_NAME], scene[normal], strategy[normal], isSystemCall[true
06-25 17:26:31.178 7944 7944 D MSF.S.AppProcessManager: loadAppProcessInfo proInfo:com.tencent.mobileqq:openSdk,,false
06-25 17:26:31.178 7944 7944 I MSF.S.AppProcessManager: onRegisterApp process=com.tencent.mobileqq:openSdk processBootName= appid=0 callback=null
06-25 17:26:31.179 7944 8077 D PandoraEx.MonitorReporter: module[network], systemApi[NI#GET_EXT_INFO], scene[normal], strategy[storage], isSystemCall[false
06-25 17:26:31.180 7944 8077 D PandoraEx.MonitorReporter: module[network], systemApi[NI#G_TY_NAME], scene[normal], strategy[normal], isSystemCall[true
06-25 17:26:31.180 7944 7944 D MsfInitCost: MSF_Alive_Log ServiceInitCost: 266
06-25 17:26:31.181 7944 7944 D MSF.S.MsfService: MSF_Alive_Log serivce onBind by :null
06-25 17:26:31.182 7944 8077 I MSF.D.NetworkProvider: refresh currentAPN:. received networkInfo: CONNECTED :NetworkInfo: type: Ethernet[], state: CONNECTED/CONNECTED, reason: (unspecified), extra: 36:7c:7c, roaming: false, failover: false, isAvailable: true, isConnectedToProvisioningNetwork: true. ExtraNetInfo:
06-25 17:26:31.184 7944 7944 D MSFAliveManager: startupType = 4, firstStartup = false, bootTime = 1687684590897, lastStartupTime = 1687685071197, isOffline = true, recordDay = 19533, currentDay = 19533, times=-1, sFromType = 1sStartupBroadcast = android.intent.action.TIME_SET
06-25 17:26:31.184 7944 8077 D MSF.D.NetworkProvider: netchange NONE to UNKNOWN
06-25 17:26:31.184 7944 8043 D MSF.C.PushManager: [asyncIsMiui6], isMiui6: false
06-25 17:26:31.185 7944 8077 D MSF.D.NetworkProvider: Unexcepted activeNetInfo type:9
06-25 17:26:31.185 1488 2089 I ActivityManager: Killing 7963:com.tencent.mobileqq/u0a117 (adj 915): empty #2
06-25 17:26:31.185 1488 2089 I am_kill : [0,7963,com.tencent.mobileqq,915,empty #2]
06-25 17:26:31.186 1488 2089 I ActivityManager: Killing 7926:com.qualcomm.timeservice/u0a54 (adj 905): empty #3
06-25 17:26:31.186 1488 2089 I am_kill : [0,7926,com.qualcomm.timeservice,905,empty #3]
06-25 17:26:31.189 7944 7944 D NetConnInfoCenter: receive broadcast Intent { act=android.net.conn.CONNECTIVITY_CHANGE flg=0x4200010 (has extras) }, init = true
06-25 17:26:31.190 7944 8077 D MSF.C.MsfCore: init netflow monitor cost=14
06-25 17:26:31.190 7944 8077 D MSF.C.MsfCore: MSF_Alive_REPORT_Log do report MSF alive to bigT in msfcore init
06-25 17:26:31.190 7944 8077 D MSF.C.MsfCore: init BigT Cost=0
06-25 17:26:31.191 1488 1620 I libprocessgroup: Successfully killed process cgroup uid 10117 pid 7963 in 5ms
06-25 17:26:31.191 7944 8077 I SharedPreferencesProxy: create new ContentProviderClient: Last_Login
06-25 17:26:31.191 7944 7944 D PandoraEx.MonitorReporter: module[network], systemApi[NI#G_TY_NAME], scene[normal], strategy[normal], isSystemCall[true
06-25 17:26:31.192 7944 7944 D PandoraEx.MonitorReporter: module[network], systemApi[NI#GET_EXT_INFO], scene[normal], strategy[storage], isSystemCall[false
06-25 17:26:31.192 7944 7944 D PandoraEx.MonitorReporter: module[network], systemApi[NI#G_TY_NAME], scene[normal], strategy[normal], isSystemCall[true
06-25 17:26:31.193 7944 7944 D PandoraEx.MonitorReporter: module[network], systemApi[NI#GET_EXT_INFO], scene[normal], strategy[storage], isSystemCall[false
06-25 17:26:31.194 7944 7944 D PandoraEx.MonitorReporter: module[network], systemApi[NI#G_TY_NAME], scene[normal], strategy[normal], isSystemCall[true
06-25 17:26:31.194 7944 7944 I MSF.D.NetworkProvider: refresh currentAPN:. received networkInfo: CONNECTED :NetworkInfo: type: Ethernet[], state: CONNECTED/CONNECTED, reason: (unspecified), extra: 36:7c:7c, roaming: false, failover: false, isAvailable: true, isConnectedToProvisioningNetwork: true. ExtraNetInfo: NetworkInfo: type: Ethernet[], state: CONNECTED/CONNECTED, reason: (unspecified), extra: 36:7c:7c, roaming: false, failover: false, isAvailable: true, isConnectedToProvisioningNetwork: true
06-25 17:26:31.195 7944 8081 D MSFSharePreferencesAdapter: getSharedPreferences, spName: crashcontrol, mmkvFile: msf_mmkv_file, isUseMMKV: true
06-25 17:26:31.195 7944 7944 D MSF.D.NetworkProvider: Unexcepted activeNetInfo type:9
06-25 17:26:31.201 7944 7944 D NetConnInfoCenter: receive broadcast Intent { act=android.net.wifi.WIFI_STATE_CHANGED flg=0x4000010 (has extras) }, init = true
06-25 17:26:31.238 1488 1745 I am_proc_died: [0,7926,com.qualcomm.timeservice,905,19]
06-25 17:26:31.238 1488 1745 I am_uid_stopped: 10054
06-25 17:26:31.241 688 688 I Zygote : Process 7926 exited due to signal 9 (Killed)
06-25 17:26:31.246 0 0 I [ 600.348767] binder: undelivered transaction 419110, process died.
06-25 17:26:31.246 1488 1745 I am_proc_died: [0,7963,com.tencent.mobileqq,915,19]
06-25 17:26:31.246 1488 2089 D ConnectivityService: ConnectivityService NetworkRequestInfo binderDied(uid/pid:10117/7963, android.os.BinderProxy@438e3a2)
06-25 17:26:31.246 1488 2089 D ConnectivityService: ConnectivityService NetworkRequestInfo binderDied(uid/pid:10117/7963, android.os.BinderProxy@2e07833)
06-25 17:26:31.247 0 0 I [ 600.349091] binder: send failed reply for transaction 419132 to 7944:8077
06-25 17:26:31.246 1488 1788 D ConnectivityService: releasing NetworkRequest [ REQUEST id=84, [ Capabilities: INTERNET&NOT_RESTRICTED&TRUSTED&NOT_VCN_MANAGED Uid: 10117 RequestorUid: 10117 RequestorPkg: com.tencent.mobileqq] ] (release request)
06-25 17:26:31.246 7944 7944 I ActivityThread: Removing dead content provider:android.content.ContentProviderProxy@34b190a
06-25 17:26:31.247 1488 1896 I EthernetNetworkFactory: networkForRequest, request: NetworkRequest [ REQUEST id=84, [ Capabilities: INTERNET&NOT_RESTRICTED&TRUSTED&NOT_VCN_MANAGED Uid: 10117 RequestorUid: 10117 RequestorPkg: com.tencent.mobileqq] ], network: NetworkInterfaceState{ refCount: 2, iface: eth0, up: true, hwAddress: 36:7c:7c:00:00:0f, networkCapabilities: [ Transports: ETHERNET Capabilities: INTERNET&NOT_RESTRICTED&TRUSTED&NOT_VPN&NOT_ROAMING&NOT_CONGESTED&NOT_SUSPENDED&NOT_VCN_MANAGED LinkUpBandwidth>=100000Kbps LinkDnBandwidth>=100000Kbps], networkAgent: com.android.server.ethernet.EthernetNetworkFactory$NetworkInterfaceState$1@1562fa3, score: 70, ipClient: android.net.ip.IIpClient$Stub$Proxy@f4822a0,linkProperties: {InterfaceName: eth0 LinkAddresses: [ fe80::90b3:387:dbbc:7225/64,192.168.50.16/24 ] DnsAddresses: [ /101.226.4.6 ] Domains: null MTU: 0 TcpBufferSizes: 524288,1048576,3145728,524288,1048576,2097152 Routes: [ fe80::/64 -> :: eth0 mtu 0,192.168.50.0/24 -> 0.0.0.0 eth0 mtu 0,0.0.0.0/0 -> 192.168.50.4 eth0 mtu 0 ]}}
06-25 17:26:31.247 688 688 I Zygote : Process 7963 exited due to signal 9 (Killed)
06-25 17:26:31.248 1488 1620 I libprocessgroup: Successfully killed process cgroup uid 10054 pid 7926 in 0ms
06-25 17:26:31.248 1488 2088 D CompatibilityChangeReporter: Compat change id reported: 135634846; UID 10117; state: DISABLED
06-25 17:26:31.248 1488 2088 D CompatibilityChangeReporter: Compat change id reported: 177438394; UID 10117; state: DISABLED
06-25 17:26:31.248 1488 2088 D CompatibilityChangeReporter: Compat change id reported: 135772972; UID 10117; state: DISABLED
06-25 17:26:31.248 1488 2088 D CompatibilityChangeReporter: Compat change id reported: 135754954; UID 10117; state: DISABLED
06-25 17:26:31.248 1488 1618 D CompatibilityChangeReporter: Compat change id reported: 143937733; UID 10117; state: DISABLED
06-25 17:26:31.254 688 688 D Zygote : Forked child process 8087
06-25 17:26:31.255 1488 1618 I am_proc_start: [0,8087,10117,com.tencent.mobileqq,content provider,{com.tencent.mobileqq/com.tencent.mqq.shared_file_accessor.ContentProviderImpl}]
06-25 17:26:31.255 1488 1618 I ActivityManager: Start proc 8087:com.tencent.mobileqq/u0a117 for content provider {com.tencent.mobileqq/com.tencent.mqq.shared_file_accessor.ContentProviderImpl}
06-25 17:26:31.258 8087 8087 I Zygote : seccomp disabled by setenforce 0
06-25 17:26:31.258 8087 8087 I libc : SetHeapTaggingLevel: tag level set to 0
06-25 17:26:31.264 2785 2802 I adbd : jdwp connection from 8087
06-25 17:26:31.265 0 0 I [ 600.367943] binder: 8087:8087 ioctl 40046210 7fe2b8b774 returned -22
06-25 17:26:31.265 8087 8087 D ProcessState: Binder ioctl to enable oneway spam detection failed: Invalid argument
06-25 17:26:31.267 1488 3105 I am_proc_bound: [0,8087,com.tencent.mobileqq]
06-25 17:26:31.269 1488 3105 D CompatibilityInfo: mCompatibilityFlags - 4
06-25 17:26:31.269 1488 3105 D CompatibilityInfo: applicationDensity - 240
06-25 17:26:31.269 1488 3105 D CompatibilityInfo: applicationScale - 1.0
06-25 17:26:31.271 8087 8087 D CompatibilityChangeReporter: Compat change id reported: 171979766; UID 10117; state: DISABLED
06-25 17:26:31.276 8087 8087 D ApplicationLoaders: Returning zygote-cached class loader: /system/framework/android.test.base.jar
06-25 17:26:31.317 664 681 I mpu_uart: [MSG-P:RECV]:No message received in 1000 ms
06-25 17:26:31.322 8087 8087 I Perf : Connecting to perf service.
06-25 17:26:31.325 8087 8087 V GraphicsEnvironment: ANGLE Developer option for 'com.tencent.mobileqq' set to: 'default'
06-25 17:26:31.326 8087 8087 V GraphicsEnvironment: ANGLE GameManagerService for com.tencent.mobileqq: false
06-25 17:26:31.326 8087 8087 V GraphicsEnvironment: Updatable production driver is not supported on the device.
06-25 17:26:31.327 8087 8087 I LoadedApk: No resource references to update in package com.tencent.mobileqq.qqlucy_impl
06-25 17:26:31.328 8087 8087 I LoadedApk: No resource references to update in package com.tencent.mobileqq.qqguild_df_impl
06-25 17:26:31.328 8087 8087 I LoadedApk: No resource references to update in package com.tencent.mobileqq.qzone_df_impl
06-25 17:26:31.328 8087 8087 I LoadedApk: No resource references to update in package com.tencent.mobileqq.qqecommerce_shell_impl
06-25 17:26:31.329 8087 8087 I LoadedApk: No resource references to update in package com.tencent.mobileqq.qqecommerce_impl
06-25 17:26:31.329 8087 8087 I LoadedApk: No resource references to update in package com.tencent.mobileqq.qq_winkpublish_impl
06-25 17:26:31.330 8087 8087 I LoadedApk: No resource references to update in package com.tencent.mobileqq.mutualmark_impl
06-25 17:26:31.330 8087 8087 I LoadedApk: No resource references to update in package com.tencent.mobileqq.matchfriend_impl
06-25 17:26:31.330 8087 8087 I LoadedApk: No resource references to update in package com.tencent.mobileqq.relation_common_business_impl
06-25 17:26:31.331 8087 8087 I LoadedApk: No resource references to update in package com.tencent.mobileqq.party_room_impl
06-25 17:26:31.331 8087 8087 I LoadedApk: No resource references to update in package com.tencent.mobileqq.profilecard_feature_impl
06-25 17:26:31.332 8087 8087 I LoadedApk: No resource references to update in package com.tencent.mobileqq.wxmini_impl
06-25 17:26:31.332 8087 8087 I LoadedApk: No resource references to update in package com.tencent.mobileqq.qqexpand_impl
06-25 17:26:31.332 8087 8087 I LoadedApk: No resource references to update in package com.tencent.mobileqq.qqweishi_impl
06-25 17:26:31.333 8087 8087 I LoadedApk: No resource references to update in package com.tencent.mobileqq.qqnearby_impl
06-25 17:26:31.333 8087 8087 I LoadedApk: No resource references to update in package com.tencent.mobileqq.qqpubaccount_impl
06-25 17:26:31.333 8087 8087 I LoadedApk: No resource references to update in package com.tencent.mobileqq.qqavgame_impl
06-25 17:26:31.334 8087 8087 I LoadedApk: No resource references to update in package com.tencent.mobileqq.webview_impl
06-25 17:26:31.334 8087 8087 I LoadedApk: No resource references to update in package com.tencent.mobileqq.zplan_impl
06-25 17:26:31.335 8087 8087 I LoadedApk: No resource references to update in package com.tencent.mobileqq.cmshow_impl
06-25 17:26:31.335 8087 8087 I LoadedApk: No resource references to update in package com.tencent.mobileqq.qq_comic_impl
06-25 17:26:31.335 8087 8087 I LoadedApk: No resource references to update in package com.tencent.mobileqq.qqrtc_feature_impl
06-25 17:26:31.336 8087 8087 I LoadedApk: No resource references to update in package com.tencent.mobileqq.qqmini_impl
06-25 17:26:31.336 8087 8087 I LoadedApk: No resource references to update in package com.tencent.mobileqq.qqpay_temp_impl
06-25 17:26:31.336 8087 8087 I LoadedApk: No resource references to update in package com.tencent.mobileqq.aelight_impl
06-25 17:26:31.337 8087 8087 I LoadedApk: No resource references to update in package com.tencent.mobileqq.kandian_feature_impl
06-25 17:26:31.337 8087 8087 D NetworkSecurityConfig: Using Network Security Config from resource f debugBuild: false
06-25 17:26:31.338 8087 8087 D NetworkSecurityConfig: Using Network Security Config from resource f debugBuild: false
06-25 17:26:31.343 8087 8087 D AS : AutoMonitor, onAppAttachBaseContext, appSysLaunchCost = 72
06-25 17:26:31.359 8087 8087 I MMKV : Disable checkProcessMode()
06-25 17:26:31.361 8087 8087 I MMKV : current API level = 31, libc++_shared=0
06-25 17:26:31.361 8087 8087 I MMKV : version v1.2.12, unordered_map size 500, page size 4096, arch arm64-v8a
06-25 17:26:31.361 8087 8087 I MMKV : armv8 AES instructions is supported
06-25 17:26:31.361 8087 8087 I MMKV : armv8 CRC32 instructions is supported
06-25 17:26:31.361 8087 8087 I MMKV : root dir: /data/user/0/com.tencent.mobileqq/files/mmkv unordered_map size: 0, load factor: 0.000000, bucket count: 503
06-25 17:26:31.364 8087 8087 D QMMKV : initMMKV at:/data/user/0/com.tencent.mobileqq/files/mmkv
06-25 17:26:31.366 8087 8087 D AppSetting: QQPerf AppSetting Inject is init.
06-25 17:26:31.372 8087 8087 D QLog : [init] setDebugMode call. UIN_REPORTLOG_LEVEL: 1 _DEFAULT_REPORTLOG_LEVEL: 1 debug: false
06-25 17:26:31.372 8087 8087 D QLog : [init] setPublishMode call. isPublish=true
06-25 17:26:31.373 8087 8087 D LocaleManager: initializeAppLocale, sCurrentLocaleId:0
06-25 17:26:31.374 8087 8087 D LocaleManager: initializeAppLocale, localeIdStr:2052
06-25 17:26:31.376 8087 8087 D LocaleManager: initializeAppLocale, HwEngine.localeId:2052
06-25 17:26:31.380 8087 8087 D LocaleManager: tryApplyLocaleIfNeeded, resLocale:zh_CN
06-25 17:26:31.380 8087 8087 D LocaleManager: queryCurrentLocale, currentLocale:zh_CN
06-25 17:26:31.381 8087 8087 D MultiLanguageEngine: initAndDelegate:false, context:android.app.ContextImpl@99fa83d
06-25 17:26:31.382 8087 8087 I GlobalDisplayMetricsManager: getDeviceWidth mode is {id=1, width=2560, height=1080, fps=60.000004, alternativeRefreshRates=[30.000002, 45.0]}
06-25 17:26:31.382 8087 8087 D GlobalDisplayMetricsManager: sDeviceWidth is 2560
06-25 17:26:31.382 8087 8087 I GlobalDisplayMetricsManager: do not need adjust
06-25 17:26:31.383 8087 8087 D FontSettingManager: currentDm: 1.5, 1.5, 240
