06-25 17:26:55.670 1488 2130 D PowerManagerService: acquireWakeLockInternal: lock=40294684, flags=0x1, tag="i", ws=null, uid=10111, pid=3440
06-25 17:26:55.671 1488 2130 D PowerManagerService: updateWakeLockSummaryLocked: mWakefulness=Awake, mWakeLockSummary=0x1
06-25 17:26:55.671 1488 2130 D PowerManagerService: updateUserActivitySummaryLocked: groupId=0, mWakefulness=Awake, mUserActivitySummary=0x1, nextTimeout=1223853 (in 599080 ms)
06-25 17:26:55.671 1488 2130 D PowerManagerNotifier: onScreenPolicyUpdate: newPolicy=3
06-25 17:26:55.671 1488 2130 D PowerManagerService: updateDisplayPowerStateLocked: displayReady=true, groupId=0, policy=BRIGHT, mWakefulness=Awake, mWakeLockSummary=0x1, mUserActivitySummary=0x1, mBootCompleted=true, screenBrightnessOverride=NaN, useAutoBrightness=true, mScreenBrightnessBoostInProgress=false, mIsVrModeEnabled= false, sQuiescent=false
06-25 17:26:55.671 1488 2130 D PowerManagerNotifier: onWakeLockAcquired: flags=1, tag="i", packageName=com.tencent.android.qqdownloader, ownerUid=10111, ownerPid=3440, workSource=null
06-25 17:26:55.681 8307 8449 I v8 : node:internal/bootstrap/loaders:5228: Uncaught Error: No such module: report
06-25 17:26:55.683 8307 8449 I MicroMsg.J2V8.V8ContextEngine#261144260: [, , 8449]:initApi, save Inspector console
06-25 17:26:55.716 664 681 I mpu_uart: [MSG-P:RECV]:No message received in 1000 ms
06-25 17:26:55.716 1488 2130 D PowerManagerService: acquireWakeLockInternal: lock=60369189, flags=0x1, tag="i", ws=null, uid=10111, pid=3440
06-25 17:26:55.717 1488 2130 D PowerManagerService: updateWakeLockSummaryLocked: mWakefulness=Awake, mWakeLockSummary=0x1
06-25 17:26:55.717 1488 2130 D PowerManagerService: updateUserActivitySummaryLocked: groupId=0, mWakefulness=Awake, mUserActivitySummary=0x1, nextTimeout=1223853 (in 599034 ms)
06-25 17:26:55.717 1488 2130 D PowerManagerNotifier: onScreenPolicyUpdate: newPolicy=3
06-25 17:26:55.717 1488 2130 D PowerManagerService: updateDisplayPowerStateLocked: displayReady=true, groupId=0, policy=BRIGHT, mWakefulness=Awake, mWakeLockSummary=0x1, mUserActivitySummary=0x1, mBootCompleted=true, screenBrightnessOverride=NaN, useAutoBrightness=true, mScreenBrightnessBoostInProgress=false, mIsVrModeEnabled= false, sQuiescent=false
06-25 17:26:55.717 1488 2130 D PowerManagerNotifier: onWakeLockAcquired: flags=1, tag="i", packageName=com.tencent.android.qqdownloader, ownerUid=10111, ownerPid=3440, workSource=null
06-25 17:26:55.781 1488 2130 D PowerManagerService: releaseWakeLockInternal: lock=40294684 [i], flags=0x0
06-25 17:26:55.781 1488 2130 D PowerManagerNotifier: onWakeLockReleased: flags=1, tag="i", packageName=com.tencent.android.qqdownloader, ownerUid=10111, ownerPid=3440, workSource=null
06-25 17:26:55.781 1488 2130 D PowerManagerService: updateWakeLockSummaryLocked: mWakefulness=Awake, mWakeLockSummary=0x1
06-25 17:26:55.781 1488 2130 D PowerManagerService: updateUserActivitySummaryLocked: groupId=0, mWakefulness=Awake, mUserActivitySummary=0x1, nextTimeout=1223853 (in 598969 ms)
06-25 17:26:55.781 1488 2130 D PowerManagerNotifier: onScreenPolicyUpdate: newPolicy=3
06-25 17:26:55.781 1488 2130 D PowerManagerService: updateDisplayPowerStateLocked: displayReady=true, groupId=0, policy=BRIGHT, mWakefulness=Awake, mWakeLockSummary=0x1, mUserActivitySummary=0x1, mBootCompleted=true, screenBrightnessOverride=NaN, useAutoBrightness=true, mScreenBrightnessBoostInProgress=false, mIsVrModeEnabled= false, sQuiescent=false
06-25 17:26:55.785 1488 2130 D PowerManagerService: releaseWakeLockInternal: lock=60369189 [i], flags=0x0
06-25 17:26:55.785 1488 2130 D PowerManagerNotifier: onWakeLockReleased: flags=1, tag="i", packageName=com.tencent.android.qqdownloader, ownerUid=10111, ownerPid=3440, workSource=null
06-25 17:26:55.786 1488 2130 D PowerManagerService: updateWakeLockSummaryLocked: mWakefulness=Awake, mWakeLockSummary=0x1
06-25 17:26:55.786 1488 2130 D PowerManagerService: updateUserActivitySummaryLocked: groupId=0, mWakefulness=Awake, mUserActivitySummary=0x1, nextTimeout=1223853 (in 598965 ms)
06-25 17:26:55.786 1488 2130 D PowerManagerNotifier: onScreenPolicyUpdate: newPolicy=3
06-25 17:26:55.786 1488 2130 D PowerManagerService: updateDisplayPowerStateLocked: displayReady=true, groupId=0, policy=BRIGHT, mWakefulness=Awake, mWakeLockSummary=0x1, mUserActivitySummary=0x1, mBootCompleted=true, screenBrightnessOverride=NaN, useAutoBrightness=true, mScreenBrightnessBoostInProgress=false, mIsVrModeEnabled= false, sQuiescent=false
06-25 17:26:55.868 8307 8422 I MicroMsg.J2V8.V8ContextEngine#2564700: [, , 8422]:initApi, save Inspector console
06-25 17:26:56.014 2142 5502 D MicroService: handleHeartBeat:341
06-25 17:26:56.042 2142 2142 D MicroService: onHeartBeatDetected
06-25 17:26:56.042 2142 2142 D MicroService: sendHeartbeatMessage
06-25 17:26:56.201 0 0 E [ 625.292464] [MAX975X: max96755x_vc1_lcd_dtc_check] *ERROR* DTC_Display: screen not ready(0), bl_sta(1), lvl(20)
06-25 17:26:56.315 3440 3530 E ActivityThread: Failed to find provider info for com.android.badge
06-25 17:26:56.317 3440 3561 E ActivityThread: Failed to find provider info for com.android.badge
06-25 17:26:56.437 1488 1735 I input_interaction: Interaction with: e8b2abb com.tencent.android.qqdownloader/com.tencent.pangu.activity.DownloadActivity (server), edge-swipe (server), swipe-up (server), PointerEventDispatcher0 (server),
06-25 17:26:56.437 1488 1735 D PowerManagerService: userActivityNoUpdateLocked: groupId=0, eventTime=625539, event=2, flags=0x0, uid=1000
06-25 17:26:56.437 1488 1735 D PowerManagerNotifier: onUserActivity: event=2, uid=1000
06-25 17:26:56.437 3536 3536 D ViewTouchDebug: mView : DecorView@3609190[DownloadActivity]Receive event : MotionEvent { action=ACTION_DOWN, actionButton=0, id[0]=0, x[0]=452.49997, y[0]=713.74994, toolType[0]=TOOL_TYPE_FINGER, buttonState=0, classification=NONE, metaState=0, flags=0x0, edgeFlags=0x0, pointerCount=1, historySize=0, eventTime=625539, downTime=625539, deviceId=4, source=0x5002, displayId=0, eventId=1037185436 }
06-25 17:26:56.437 1488 1735 D PowerManagerService: updateUserActivitySummaryLocked: groupId=0, mWakefulness=Awake, mUserActivitySummary=0x1, nextTimeout=1225539 (in 599999 ms)
06-25 17:26:56.437 1488 1735 D PowerManagerNotifier: onScreenPolicyUpdate: newPolicy=3
06-25 17:26:56.437 1488 1735 D PowerManagerService: updateDisplayPowerStateLocked: displayReady=true, groupId=0, policy=BRIGHT, mWakefulness=Awake, mWakeLockSummary=0x1, mUserActivitySummary=0x1, mBootCompleted=true, screenBrightnessOverride=NaN, useAutoBrightness=true, mScreenBrightnessBoostInProgress=false, mIsVrModeEnabled= false, sQuiescent=false
06-25 17:26:56.438 1928 1928 D ViewTouchDebug: mView : com.android.systemui.navigationbar.NavigationBarFrame{7207003 V.E...... ........ 0,0-2560,46 #7f0b03f3 app:id/navigation_bar_frame}Receive event : MotionEvent { action=ACTION_OUTSIDE, actionButton=0, id[0]=0, x[0]=0.0, y[0]=-1034.0, toolType[0]=TOOL_TYPE_FINGER, buttonState=0, classification=NONE, metaState=0, flags=0x0, edgeFlags=0x0, pointerCount=1, historySize=0, eventTime=625539, downTime=625539, deviceId=4, source=0x5002, displayId=0, eventId=2076314287 }
06-25 17:26:56.495 3536 3536 D ViewTouchDebug: mView : DecorView@3609190[DownloadActivity]Receive event : MotionEvent { action=ACTION_UP, actionButton=0, id[0]=0, x[0]=448.74997, y[0]=873.7498, toolType[0]=TOOL_TYPE_FINGER, buttonState=0, classification=NONE, metaState=0, flags=0x0, edgeFlags=0x0, pointerCount=1, historySize=0, eventTime=625597, downTime=625539, deviceId=4, source=0x5002, displayId=0, eventId=1003224031 }
06-25 17:26:56.517 1488 2130 D PowerManagerService: acquireWakeLockInternal: lock=64501931, flags=0x1, tag="i", ws=null, uid=10111, pid=3440
06-25 17:26:56.517 1488 2130 D PowerManagerService: updateWakeLockSummaryLocked: mWakefulness=Awake, mWakeLockSummary=0x1
06-25 17:26:56.517 1488 2130 D PowerManagerService: updateUserActivitySummaryLocked: groupId=0, mWakefulness=Awake, mUserActivitySummary=0x1, nextTimeout=1225539 (in 599919 ms)
06-25 17:26:56.517 1488 2130 D PowerManagerNotifier: onScreenPolicyUpdate: newPolicy=3
06-25 17:26:56.517 1488 2130 D PowerManagerService: updateDisplayPowerStateLocked: displayReady=true, groupId=0, policy=BRIGHT, mWakefulness=Awake, mWakeLockSummary=0x1, mUserActivitySummary=0x1, mBootCompleted=true, screenBrightnessOverride=NaN, useAutoBrightness=true, mScreenBrightnessBoostInProgress=false, mIsVrModeEnabled= false, sQuiescent=false
06-25 17:26:56.517 1488 2130 D PowerManagerNotifier: onWakeLockAcquired: flags=1, tag="i", packageName=com.tencent.android.qqdownloader, ownerUid=10111, ownerPid=3440, workSource=null
06-25 17:26:56.580 1488 2130 D PowerManagerService: releaseWakeLockInternal: lock=64501931 [i], flags=0x0
06-25 17:26:56.580 1488 2130 D PowerManagerNotifier: onWakeLockReleased: flags=1, tag="i", packageName=com.tencent.android.qqdownloader, ownerUid=10111, ownerPid=3440, workSource=null
06-25 17:26:56.580 1488 2130 D PowerManagerService: updateWakeLockSummaryLocked: mWakefulness=Awake, mWakeLockSummary=0x1
06-25 17:26:56.580 1488 2130 D PowerManagerService: updateUserActivitySummaryLocked: groupId=0, mWakefulness=Awake, mUserActivitySummary=0x1, nextTimeout=1225539 (in 599856 ms)
06-25 17:26:56.580 1488 2130 D PowerManagerNotifier: onScreenPolicyUpdate: newPolicy=3
06-25 17:26:56.581 1488 2130 D PowerManagerService: updateDisplayPowerStateLocked: displayReady=true, groupId=0, policy=BRIGHT, mWakefulness=Awake, mWakeLockSummary=0x1, mUserActivitySummary=0x1, mBootCompleted=true, screenBrightnessOverride=NaN, useAutoBrightness=true, mScreenBrightnessBoostInProgress=false, mIsVrModeEnabled= false, sQuiescent=false
06-25 17:26:56.713 1488 2130 D PowerManagerService: releaseWakeLockInternal: lock=35788444 [*launch*], flags=0x0
06-25 17:26:56.713 1488 2130 D PowerManagerNotifier: onWakeLockReleased: flags=1, tag="*launch*", packageName=android, ownerUid=1000, ownerPid=1488, workSource=WorkSource{10111}
06-25 17:26:56.713 1488 2130 D PowerManagerService: updateWakeLockSummaryLocked: mWakefulness=Awake, mWakeLockSummary=0x0
06-25 17:26:56.713 1488 2130 D PowerManagerService: updateUserActivitySummaryLocked: groupId=0, mWakefulness=Awake, mUserActivitySummary=0x1, nextTimeout=1225539 (in 599723 ms)
06-25 17:26:56.713 1488 2130 D PowerManagerNotifier: onScreenPolicyUpdate: newPolicy=3
06-25 17:26:56.713 1488 2130 D PowerManagerService: updateDisplayPowerStateLocked: displayReady=true, groupId=0, policy=BRIGHT, mWakefulness=Awake, mWakeLockSummary=0x0, mUserActivitySummary=0x1, mBootCompleted=true, screenBrightnessOverride=NaN, useAutoBrightness=true, mScreenBrightnessBoostInProgress=false, mIsVrModeEnabled= false, sQuiescent=false
06-25 17:26:56.713 1488 2130 D PowerManagerService: Releasing suspend blocker "PowerManagerService.WakeLocks".
06-25 17:26:56.714 1488 1602 I ActivityManager: Killing 7306:com.android.providers.calendar/u0a32 (adj 935): empty #2
06-25 17:26:56.714 1488 1602 I am_kill : [0,7306,com.android.providers.calendar,935,empty #2]
06-25 17:26:56.715 1488 1602 I ActivityManager: PendingStartActivityUids startActivity to updateOomAdj delay:1848ms, uid:10111
06-25 17:26:56.716 664 681 I mpu_uart: [MSG-P:RECV]:No message received in 1000 ms
06-25 17:26:56.720 1488 1620 I libprocessgroup: Successfully killed process cgroup uid 10032 pid 7306 in 5ms
06-25 17:26:56.722 1488 1615 I am_pss : [2610,10079,com.android.launcher3,96958464,90570752,0,215412736,0,2,7]
06-25 17:26:56.727 1488 1615 I am_pss : [4092,10062,com.qualcomm.qti.devicestatisticsservice,5756928,3608576,0,89067520,0,0,4]
06-25 17:26:56.730 664 680 I mpu_uart: [MSG-P:R]:recv sync frame timeout
06-25 17:26:56.731 0 0 I [ 625.833713] binder: undelivered transaction 440954, process died.
06-25 17:26:56.731 1488 2130 I am_proc_died: [0,7306,com.android.providers.calendar,935,19]
06-25 17:26:56.731 688 688 I Zygote : Process 7306 exited due to signal 9 (Killed)
06-25 17:26:56.731 1488 2130 I am_uid_stopped: 10032
06-25 17:26:56.847 940 940 I auditd : type=1400 audit(0.0:5951): avc: denied { add_name } for comm="perf@2.2-servic" name="force_rail_on" scontext=u:r:vendor_hal_perf_default:s0 tcontext=u:object_r:vendor_sysfs_kgsl:s0 tclass=dir permissive=1
06-25 17:26:56.847 940 940 I perf@2.2-servic: type=1400 audit(0.0:5951): avc: denied { add_name } for name="force_rail_on" scontext=u:r:vendor_hal_perf_default:s0 tcontext=u:object_r:vendor_sysfs_kgsl:s0 tclass=dir permissive=1
06-25 17:26:56.847 940 940 I auditd : type=1400 audit(0.0:5952): avc: denied { add_name } for comm="perf@2.2-servic" name="min_freq" scontext=u:r:vendor_hal_perf_default:s0 tcontext=u:object_r:vendor_sysfs_devfreq:s0 tclass=dir permissive=1
06-25 17:26:56.847 940 940 I perf@2.2-servic: type=1400 audit(0.0:5952): avc: denied { add_name } for name="min_freq" scontext=u:r:vendor_hal_perf_default:s0 tcontext=u:object_r:vendor_sysfs_devfreq:s0 tclass=dir permissive=1
06-25 17:26:56.847 940 940 I auditd : type=1400 audit(0.0:5953): avc: denied { add_name } for comm="perf@2.2-servic" name="clkscale_enable" scontext=u:r:vendor_hal_perf_default:s0 tcontext=u:object_r:sysfs:s0 tclass=dir permissive=1
06-25 17:26:56.847 940 940 I perf@2.2-servic: type=1400 audit(0.0:5953): avc: denied { add_name } for name="clkscale_enable" scontext=u:r:vendor_hal_perf_default:s0 tcontext=u:object_r:sysfs:s0 tclass=dir permissive=1
06-25 17:26:56.847 940 940 I auditd : type=1400 audit(0.0:5954): avc: denied { add_name } for comm="perf@2.2-servic" name="cpu_min_freq" scontext=u:r:vendor_hal_perf_default:s0 tcontext=u:object_r:vendor_sysfs_msm_perf:s0 tclass=dir permissive=1
06-25 17:26:56.847 940 940 I perf@2.2-servic: type=1400 audit(0.0:5954): avc: denied { add_name } for name="cpu_min_freq" scontext=u:r:vendor_hal_perf_default:s0 tcontext=u:object_r:vendor_sysfs_msm_perf:s0 tclass=dir permissive=1
06-25 17:26:56.949 1488 2130 D PowerManagerService: acquireWakeLockInternal: lock=60189448, flags=0x1, tag="i", ws=null, uid=10111, pid=3440
06-25 17:26:56.950 1488 2130 D PowerManagerService: updateWakeLockSummaryLocked: mWakefulness=Awake, mWakeLockSummary=0x1
06-25 17:26:56.950 1488 2130 D PowerManagerService: updateUserActivitySummaryLocked: groupId=0, mWakefulness=Awake, mUserActivitySummary=0x1, nextTimeout=1225539 (in 599487 ms)
06-25 17:26:56.950 1488 2130 D PowerManagerNotifier: onScreenPolicyUpdate: newPolicy=3
06-25 17:26:56.950 1488 2130 D PowerManagerService: updateDisplayPowerStateLocked: displayReady=true, groupId=0, policy=BRIGHT, mWakefulness=Awake, mWakeLockSummary=0x1, mUserActivitySummary=0x1, mBootCompleted=true, screenBrightnessOverride=NaN, useAutoBrightness=true, mScreenBrightnessBoostInProgress=false, mIsVrModeEnabled= false, sQuiescent=false
06-25 17:26:56.950 1488 2130 D PowerManagerService: Acquiring suspend blocker "PowerManagerService.WakeLocks".
06-25 17:26:56.951 1488 2130 D PowerManagerNotifier: onWakeLockAcquired: flags=1, tag="i", packageName=com.tencent.android.qqdownloader, ownerUid=10111, ownerPid=3440, workSource=null
06-25 17:26:57.021 1488 1735 D PowerManagerService: userActivityNoUpdateLocked: groupId=0, eventTime=626124, event=2, flags=0x0, uid=1000
06-25 17:26:57.021 1488 1735 D PowerManagerNotifier: onUserActivity: event=2, uid=1000
06-25 17:26:57.021 1928 1928 D ViewTouchDebug: mView : com.android.systemui.navigationbar.NavigationBarFrame{7207003 V.E...... ........ 0,0-2560,46 #7f0b03f3 app:id/navigation_bar_frame}Receive event : MotionEvent { action=ACTION_OUTSIDE, actionButton=0, id[0]=0, x[0]=0.0, y[0]=-1034.0, toolType[0]=TOOL_TYPE_FINGER, buttonState=0, classification=NONE, metaState=0, flags=0x0, edgeFlags=0x0, pointerCount=1, historySize=0, eventTime=626124, downTime=626124, deviceId=4, source=0x5002, displayId=0, eventId=1938177360 }
06-25 17:26:57.021 1488 1735 D PowerManagerService: updateUserActivitySummaryLocked: groupId=0, mWakefulness=Awake, mUserActivitySummary=0x1, nextTimeout=1226124 (in 600000 ms)
06-25 17:26:57.021 1488 1735 D PowerManagerNotifier: onScreenPolicyUpdate: newPolicy=3
06-25 17:26:57.021 1488 1735 D PowerManagerService: updateDisplayPowerStateLocked: displayReady=true, groupId=0, policy=BRIGHT, mWakefulness=Awake, mWakeLockSummary=0x1, mUserActivitySummary=0x1, mBootCompleted=true, screenBrightnessOverride=NaN, useAutoBrightness=true, mScreenBrightnessBoostInProgress=false, mIsVrModeEnabled= false, sQuiescent=false
06-25 17:26:57.019 940 940 I auditd : type=1400 audit(0.0:5955): avc: denied { add_name } for comm="perf@2.2-servic" name="min_cpus" scontext=u:r:vendor_hal_perf_default:s0 tcontext=u:object_r:sysfs_devices_system_cpu:s0 tclass=dir permissive=1
06-25 17:26:57.019 940 940 I perf@2.2-servic: type=1400 audit(0.0:5955): avc: denied { add_name } for name="min_cpus" scontext=u:r:vendor_hal_perf_default:s0 tcontext=u:object_r:sysfs_devices_system_cpu:s0 tclass=dir permissive=1
06-25 17:26:57.022 3536 3536 D ViewTouchDebug: mView : DecorView@3609190[DownloadActivity]Receive event : MotionEvent { action=ACTION_DOWN, actionButton=0, id[0]=0, x[0]=404.99997, y[0]=984.9999, toolType[0]=TOOL_TYPE_FINGER, buttonState=0, classification=NONE, metaState=0, flags=0x0, edgeFlags=0x0, pointerCount=1, historySize=0, eventTime=626124, downTime=626124, deviceId=4, source=0x5002, displayId=0, eventId=264590150 }
06-25 17:26:57.087 1488 2130 D PowerManagerService: releaseWakeLockInternal: lock=60189448 [i], flags=0x0
06-25 17:26:57.087 1488 2130 D PowerManagerNotifier: onWakeLockReleased: flags=1, tag="i", packageName=com.tencent.android.qqdownloader, ownerUid=10111, ownerPid=3440, workSource=null
06-25 17:26:57.088 1488 2130 D PowerManagerService: updateWakeLockSummaryLocked: mWakefulness=Awake, mWakeLockSummary=0x0
06-25 17:26:57.088 1488 2130 D PowerManagerService: updateUserActivitySummaryLocked: groupId=0, mWakefulness=Awake, mUserActivitySummary=0x1, nextTimeout=1226124 (in 599934 ms)
06-25 17:26:57.088 1488 2130 D PowerManagerNotifier: onScreenPolicyUpdate: newPolicy=3
06-25 17:26:57.088 1488 2130 D PowerManagerService: updateDisplayPowerStateLocked: displayReady=true, groupId=0, policy=BRIGHT, mWakefulness=Awake, mWakeLockSummary=0x0, mUserActivitySummary=0x1, mBootCompleted=true, screenBrightnessOverride=NaN, useAutoBrightness=true, mScreenBrightnessBoostInProgress=false, mIsVrModeEnabled= false, sQuiescent=false
06-25 17:26:57.088 1488 2130 D PowerManagerService: Releasing suspend blocker "PowerManagerService.WakeLocks".
06-25 17:26:57.130 1488 1735 D PowerManagerService: userActivityNoUpdateLocked: groupId=0, eventTime=626232, event=2, flags=0x0, uid=1000
06-25 17:26:57.130 1488 1735 D PowerManagerNotifier: onUserActivity: event=2, uid=1000
06-25 17:26:57.130 1488 1735 D PowerManagerService: updateUserActivitySummaryLocked: groupId=0, mWakefulness=Awake, mUserActivitySummary=0x1, nextTimeout=1226232 (in 600000 ms)
06-25 17:26:57.130 1488 1735 D PowerManagerNotifier: onScreenPolicyUpdate: newPolicy=3
06-25 17:26:57.130 1488 1735 D PowerManagerService: updateDisplayPowerStateLocked: displayReady=true, groupId=0, policy=BRIGHT, mWakefulness=Awake, mWakeLockSummary=0x0, mUserActivitySummary=0x1, mBootCompleted=true, screenBrightnessOverride=NaN, useAutoBrightness=true, mScreenBrightnessBoostInProgress=false, mIsVrModeEnabled= false, sQuiescent=false
06-25 17:26:57.165 3536 3536 D ViewTouchDebug: mView : DecorView@3609190[DownloadActivity]Receive event : MotionEvent { action=ACTION_UP, actionButton=0, id[0]=0, x[0]=558.74994, y[0]=609.99994, toolType[0]=TOOL_TYPE_FINGER, buttonState=0, classification=NONE, metaState=0, flags=0x0, edgeFlags=0x0, pointerCount=1, historySize=0, eventTime=626268, downTime=626124, deviceId=4, source=0x5002, displayId=0, eventId=588023958 }
06-25 17:26:57.454 3536 3824 W System.err: java.lang.NullPointerException: Attempt to get length of null array
06-25 17:26:57.454 3536 3824 W System.err: at java.lang.StringFactory.newStringFromBytes(StringFactory.java:65)
06-25 17:26:57.454 3536 3824 W System.err: at com.tencent.rapidview.utils.ab.a(Unknown Source:4)
06-25 17:26:57.454 3536 3824 W System.err: at com.tencent.rapidview.utils.io.ac.a(Unknown Source:8)
06-25 17:26:57.454 3536 3824 W System.err: at com.tencent.rapidview.utils.io.ac.load(Unknown Source:0)
06-25 17:26:57.454 3536 3824 W System.err: at com.tencent.rapidview.utils.io.q.get(Unknown Source:60)
06-25 17:26:57.454 3536 3824 W System.err: at com.tencent.rapidview.utils.o.d(Unknown Source:7)
06-25 17:26:57.454 3536 3824 W System.err: at com.tencent.rapidview.utils.o.a(Unknown Source:3)
06-25 17:26:57.454 3536 3824 W System.err: at com.tencent.rapidview.server.ad.run(Unknown Source:6)
06-25 17:26:57.454 3536 3824 W System.err: at java.util.concurrent.Executors$RunnableAdapter.call(Executors.java:462)
06-25 17:26:57.454 3536 3824 W System.err: at java.util.concurrent.FutureTask.run(FutureTask.java:266)
06-25 17:26:57.454 3536 3824 W System.err: at java.util.concurrent.ThreadPoolExecutor.runWorker(ThreadPoolExecutor.java:1167)
06-25 17:26:57.454 3536 3824 W System.err: at java.util.concurrent.ThreadPoolExecutor$Worker.run(ThreadPoolExecutor.java:641)
06-25 17:26:57.454 3536 3824 W System.err: at java.lang.Thread.run(Thread.java:920)
06-25 17:26:57.454 3536 3824 W System.err: java.lang.NullPointerException: Attempt to get length of null array
06-25 17:26:57.454 3536 3824 W System.err: at java.lang.StringFactory.newStringFromBytes(StringFactory.java:65)
06-25 17:26:57.454 3536 3824 W System.err: at com.tencent.rapidview.utils.ab.a(Unknown Source:4)
06-25 17:26:57.454 3536 3824 W System.err: at com.tencent.rapidview.utils.io.ac.a(Unknown Source:8)
06-25 17:26:57.454 3536 3824 W System.err: at com.tencent.rapidview.utils.io.ac.load(Unknown Source:0)
06-25 17:26:57.454 3536 3824 W System.err: at com.tencent.rapidview.utils.io.q.get(Unknown Source:60)
06-25 17:26:57.454 3536 3824 W System.err: at com.tencent.rapidview.utils.o.d(Unknown Source:7)
06-25 17:26:57.454 3536 3824 W System.err: at com.tencent.rapidview.utils.o.a(Unknown Source:3)
06-25 17:26:57.454 3536 3824 W System.err: at com.tencent.rapidview.server.ad.run(Unknown Source:6)
06-25 17:26:57.454 3536 3824 W System.err: at java.util.concurrent.Executors$RunnableAdapter.call(Executors.java:462)
06-25 17:26:57.454 3536 3824 W System.err: at java.util.concurrent.FutureTask.run(FutureTask.java:266)
06-25 17:26:57.454 3536 3824 W System.err: at java.util.concurrent.ThreadPoolExecutor.runWorker(ThreadPoolExecutor.java:1167)
06-25 17:26:57.454 3536 3824 W System.err: at java.util.concurrent.ThreadPoolExecutor$Worker.run(ThreadPoolExecutor.java:641)
06-25 17:26:57.454 3536 3824 W System.err: at java.lang.Thread.run(Thread.java:920)
06-25 17:26:57.456 3536 3990 W System.err: java.lang.NullPointerException: Attempt to get length of null array
06-25 17:26:57.456 3536 3990 W System.err: at java.lang.StringFactory.newStringFromBytes(StringFactory.java:65)
06-25 17:26:57.456 3536 3990 W System.err: at com.tencent.rapidview.utils.ab.a(Unknown Source:4)
06-25 17:26:57.456 3536 3990 W System.err: at com.tencent.rapidview.utils.io.ac.a(Unknown Source:8)
06-25 17:26:57.456 3536 3990 W System.err: at com.tencent.rapidview.utils.io.ac.load(Unknown Source:0)
06-25 17:26:57.456 3536 3990 W System.err: at com.tencent.rapidview.utils.io.q.get(Unknown Source:60)
06-25 17:26:57.456 3536 3990 W System.err: at com.tencent.rapidview.utils.o.d(Unknown Source:7)
06-25 17:26:57.456 3536 3990 W System.err: at com.tencent.rapidview.utils.o.a(Unknown Source:3)
06-25 17:26:57.456 3536 3990 W System.err: at com.tencent.rapidview.server.ad.run(Unknown Source:6)
06-25 17:26:57.456 3536 3990 W System.err: at java.util.concurrent.Executors$RunnableAdapter.call(Executors.java:462)
06-25 17:26:57.456 3536 3990 W System.err: at java.util.concurrent.FutureTask.run(FutureTask.java:266)
06-25 17:26:57.456 3536 3990 W System.err: at java.util.concurrent.ThreadPoolExecutor.runWorker(ThreadPoolExecutor.java:1167)
06-25 17:26:57.456 3536 3990 W System.err: at java.util.concurrent.ThreadPoolExecutor$Worker.run(ThreadPoolExecutor.java:641)
06-25 17:26:57.456 3536 3990 W System.err: at java.lang.Thread.run(Thread.java:920)
06-25 17:26:57.456 3536 3990 W System.err: java.lang.NullPointerException: Attempt to get length of null array
06-25 17:26:57.456 3536 3990 W System.err: at java.lang.StringFactory.newStringFromBytes(StringFactory.java:65)
06-25 17:26:57.456 3536 3990 W System.err: at com.tencent.rapidview.utils.ab.a(Unknown Source:4)
06-25 17:26:57.456 3536 3990 W System.err: at com.tencent.rapidview.utils.io.ac.a(Unknown Source:8)
06-25 17:26:57.456 3536 3990 W System.err: at com.tencent.rapidview.utils.io.ac.load(Unknown Source:0)
06-25 17:26:57.456 3536 3990 W System.err: at com.tencent.rapidview.utils.io.q.get(Unknown Source:60)
06-25 17:26:57.456 3536 3990 W System.err: at com.tencent.rapidview.utils.o.d(Unknown Source:7)
06-25 17:26:57.456 3536 3990 W System.err: at com.tencent.rapidview.utils.o.a(Unknown Source:3)
06-25 17:26:57.456 3536 3990 W System.err: at com.tencent.rapidview.server.ad.run(Unknown Source:6)
06-25 17:26:57.456 3536 3990 W System.err: at java.util.concurrent.Executors$RunnableAdapter.call(Executors.java:462)
06-25 17:26:57.456 3536 3990 W System.err: at java.util.concurrent.FutureTask.run(FutureTask.java:266)
06-25 17:26:57.456 3536 3990 W System.err: at java.util.concurrent.ThreadPoolExecutor.runWorker(ThreadPoolExecutor.java:1167)
06-25 17:26:57.456 3536 3990 W System.err: at java.util.concurrent.ThreadPoolExecutor$Worker.run(ThreadPoolExecutor.java:641)
06-25 17:26:57.457 3536 3990 W System.err: at java.lang.Thread.run(Thread.java:920)
06-25 17:26:57.457 3536 3990 W System.err: java.lang.NullPointerException: Attempt to get length of null array
06-25 17:26:57.457 3536 3990 W System.err: at java.lang.StringFactory.newStringFromBytes(StringFactory.java:65)
06-25 17:26:57.457 3536 3990 W System.err: at com.tencent.rapidview.utils.ab.a(Unknown Source:4)
06-25 17:26:57.457 3536 3990 W System.err: at com.tencent.rapidview.utils.io.ac.a(Unknown Source:8)
06-25 17:26:57.457 3536 3990 W System.err: at com.tencent.rapidview.utils.io.ac.load(Unknown Source:0)
06-25 17:26:57.457 3536 3990 W System.err: at com.tencent.rapidview.utils.io.q.get(Unknown Source:60)
06-25 17:26:57.457 3536 3990 W System.err: at com.tencent.rapidview.utils.o.d(Unknown Source:7)
06-25 17:26:57.457 3536 3990 W System.err: at com.tencent.rapidview.utils.o.a(Unknown Source:3)
06-25 17:26:57.457 3536 3990 W System.err: at com.tencent.rapidview.server.ad.run(Unknown Source:6)
06-25 17:26:57.457 3536 3990 W System.err: at java.util.concurrent.Executors$RunnableAdapter.call(Executors.java:462)
06-25 17:26:57.457 3536 3990 W System.err: at java.util.concurrent.FutureTask.run(FutureTask.java:266)
06-25 17:26:57.457 3536 3990 W System.err: at java.util.concurrent.ThreadPoolExecutor.runWorker(ThreadPoolExecutor.java:1167)
06-25 17:26:57.457 3536 3990 W System.err: at java.util.concurrent.ThreadPoolExecutor$Worker.run(ThreadPoolExecutor.java:641)
06-25 17:26:57.457 3536 3990 W System.err: at java.lang.Thread.run(Thread.java:920)
06-25 17:26:57.457 3536 3990 W System.err: java.lang.NullPointerException: Attempt to get length of null array
06-25 17:26:57.457 3536 3990 W System.err: at java.lang.StringFactory.newStringFromBytes(StringFactory.java:65)
06-25 17:26:57.457 3536 3990 W System.err: at com.tencent.rapidview.utils.ab.a(Unknown Source:4)
06-25 17:26:57.457 3536 3990 W System.err: at com.tencent.rapidview.utils.io.ac.a(Unknown Source:8)
06-25 17:26:57.457 3536 3990 W System.err: at com.tencent.rapidview.utils.io.ac.load(Unknown Source:0)
06-25 17:26:57.457 3536 3990 W System.err: at com.tencent.rapidview.utils.io.q.get(Unknown Source:60)
06-25 17:26:57.457 3536 3990 W System.err: at com.tencent.rapidview.utils.o.d(Unknown Source:7)
06-25 17:26:57.457 3536 3990 W System.err: at com.tencent.rapidview.utils.o.a(Unknown Source:3)
06-25 17:26:57.457 3536 3990 W System.err: at com.tencent.rapidview.server.ad.run(Unknown Source:6)
06-25 17:26:57.457 3536 3990 W System.err: at java.util.concurrent.Executors$RunnableAdapter.call(Executors.java:462)
06-25 17:26:57.457 3536 3990 W System.err: at java.util.concurrent.FutureTask.run(FutureTask.java:266)
06-25 17:26:57.457 3536 3990 W System.err: at java.util.concurrent.ThreadPoolExecutor.runWorker(ThreadPoolExecutor.java:1167)
06-25 17:26:57.457 3536 3990 W System.err: at java.util.concurrent.ThreadPoolExecutor$Worker.run(ThreadPoolExecutor.java:641)
06-25 17:26:57.457 3536 3990 W System.err: at java.lang.Thread.run(Thread.java:920)
06-25 17:26:57.460 3536 3829 W System.err: java.lang.NullPointerException: Attempt to get length of null array
06-25 17:26:57.460 3536 3829 W System.err: at java.lang.StringFactory.newStringFromBytes(StringFactory.java:65)
06-25 17:26:57.460 3536 3829 W System.err: at com.tencent.rapidview.utils.ab.a(Unknown Source:4)
06-25 17:26:57.460 3536 3829 W System.err: at com.tencent.rapidview.utils.io.ac.a(Unknown Source:8)
06-25 17:26:57.460 3536 3829 W System.err: at com.tencent.rapidview.utils.io.ac.load(Unknown Source:0)
06-25 17:26:57.460 3536 3829 W System.err: at com.tencent.rapidview.utils.io.q.get(Unknown Source:60)
06-25 17:26:57.460 3536 3829 W System.err: at com.tencent.rapidview.utils.o.d(Unknown Source:7)
06-25 17:26:57.460 3536 3829 W System.err: at com.tencent.rapidview.utils.o.a(Unknown Source:3)
06-25 17:26:57.460 3536 3829 W System.err: at com.tencent.rapidview.server.ad.run(Unknown Source:6)
06-25 17:26:57.460 3536 3829 W System.err: at java.util.concurrent.Executors$RunnableAdapter.call(Executors.java:462)
06-25 17:26:57.460 3536 3829 W System.err: at java.util.concurrent.FutureTask.run(FutureTask.java:266)
06-25 17:26:57.460 3536 3829 W System.err: at java.util.concurrent.ThreadPoolExecutor.runWorker(ThreadPoolExecutor.java:1167)
06-25 17:26:57.460 3536 3829 W System.err: at java.util.concurrent.ThreadPoolExecutor$Worker.run(ThreadPoolExecutor.java:641)
06-25 17:26:57.460 3536 3829 W System.err: at java.lang.Thread.run(Thread.java:920)
06-25 17:26:57.461 3536 3824 W System.err: java.lang.NullPointerException: Attempt to get length of null array
06-25 17:26:57.461 3536 3824 W System.err: at java.lang.StringFactory.newStringFromBytes(StringFactory.java:65)
06-25 17:26:57.461 3536 3824 W System.err: at com.tencent.rapidview.utils.ab.a(Unknown Source:4)
06-25 17:26:57.461 3536 3824 W System.err: at com.tencent.rapidview.utils.io.ac.a(Unknown Source:8)
06-25 17:26:57.461 3536 3824 W System.err: at com.tencent.rapidview.utils.io.ac.load(Unknown Source:0)
06-25 17:26:57.461 3536 3824 W System.err: at com.tencent.rapidview.utils.io.q.get(Unknown Source:60)
06-25 17:26:57.461 3536 3824 W System.err: at com.tencent.rapidview.utils.o.d(Unknown Source:7)
06-25 17:26:57.461 3536 3824 W System.err: at com.tencent.rapidview.utils.o.a(Unknown Source:3)
06-25 17:26:57.461 3536 3824 W System.err: at com.tencent.rapidview.server.ad.run(Unknown Source:6)
06-25 17:26:57.461 3536 3824 W System.err: at java.util.concurrent.Executors$RunnableAdapter.call(Executors.java:462)
06-25 17:26:57.461 3536 3824 W System.err: at java.util.concurrent.FutureTask.run(FutureTask.java:266)
06-25 17:26:57.461 3536 3824 W System.err: at java.util.concurrent.ThreadPoolExecutor.runWorker(ThreadPoolExecutor.java:1167)
06-25 17:26:57.461 3536 3824 W System.err: at java.util.concurrent.ThreadPoolExecutor$Worker.run(ThreadPoolExecutor.java:641)
06-25 17:26:57.461 3536 3824 W System.err: at java.lang.Thread.run(Thread.java:920)
06-25 17:26:57.461 3536 3824 W System.err: java.lang.NullPointerException: Attempt to get length of null array
06-25 17:26:57.461 3536 3824 W System.err: at java.lang.StringFactory.newStringFromBytes(StringFactory.java:65)
06-25 17:26:57.461 3536 3824 W System.err: at com.tencent.rapidview.utils.ab.a(Unknown Source:4)
06-25 17:26:57.461 3536 3824 W System.err: at com.tencent.rapidview.utils.io.ac.a(Unknown Source:8)
06-25 17:26:57.461 3536 3824 W System.err: at com.tencent.rapidview.utils.io.ac.load(Unknown Source:0)
06-25 17:26:57.461 3536 3824 W System.err: at com.tencent.rapidview.utils.io.q.get(Unknown Source:60)
06-25 17:26:57.461 3536 3824 W System.err: at com.tencent.rapidview.utils.o.d(Unknown Source:7)
06-25 17:26:57.461 3536 3824 W System.err: at com.tencent.rapidview.utils.o.a(Unknown Source:3)
06-25 17:26:57.461 3536 3824 W System.err: at com.tencent.rapidview.server.ad.run(Unknown Source:6)
06-25 17:26:57.461 3536 3824 W System.err: at java.util.concurrent.Executors$RunnableAdapter.call(Executors.java:462)
06-25 17:26:57.461 3536 3824 W System.err: at java.util.concurrent.FutureTask.run(FutureTask.java:266)
06-25 17:26:57.461 3536 3824 W System.err: at java.util.concurrent.ThreadPoolExecutor.runWorker(ThreadPoolExecutor.java:1167)
06-25 17:26:57.461 3536 3824 W System.err: at java.util.concurrent.ThreadPoolExecutor$Worker.run(ThreadPoolExecutor.java:641)
06-25 17:26:57.461 3536 3824 W System.err: at java.lang.Thread.run(Thread.java:920)
06-25 17:26:57.461 3536 3824 W System.err: java.lang.NullPointerException: Attempt to get length of null array
06-25 17:26:57.461 3536 3824 W System.err: at java.lang.StringFactory.newStringFromBytes(StringFactory.java:65)
06-25 17:26:57.461 3536 3824 W System.err: at com.tencent.rapidview.utils.ab.a(Unknown Source:4)
06-25 17:26:57.461 3536 3824 W System.err: at com.tencent.rapidview.utils.io.ac.a(Unknown Source:8)
06-25 17:26:57.461 3536 3824 W System.err: at com.tencent.rapidview.utils.io.ac.load(Unknown Source:0)
06-25 17:26:57.461 3536 3824 W System.err: at com.tencent.rapidview.utils.io.q.get(Unknown Source:60)
06-25 17:26:57.461 3536 3824 W System.err: at com.tencent.rapidview.utils.o.d(Unknown Source:7)
06-25 17:26:57.461 3536 3824 W System.err: at com.tencent.rapidview.utils.o.a(Unknown Source:3)
06-25 17:26:57.461 3536 3824 W System.err: at com.tencent.rapidview.server.ad.run(Unknown Source:6)
06-25 17:26:57.461 3536 3824 W System.err: at java.util.concurrent.Executors$RunnableAdapter.call(Executors.java:462)
06-25 17:26:57.461 3536 3824 W System.err: at java.util.concurrent.FutureTask.run(FutureTask.java:266)
06-25 17:26:57.461 3536 3824 W System.err: at java.util.concurrent.ThreadPoolExecutor.runWorker(ThreadPoolExecutor.java:1167)
06-25 17:26:57.461 3536 3824 W System.err: at java.util.concurrent.ThreadPoolExecutor$Worker.run(ThreadPoolExecutor.java:641)
06-25 17:26:57.461 3536 3824 W System.err: at java.lang.Thread.run(Thread.java:920)
06-25 17:26:57.461 3536 3824 W System.err: java.lang.NullPointerException: Attempt to get length of null array
06-25 17:26:57.462 3536 3824 W System.err: at java.lang.StringFactory.newStringFromBytes(StringFactory.java:65)
06-25 17:26:57.462 3536 3824 W System.err: at com.tencent.rapidview.utils.ab.a(Unknown Source:4)
06-25 17:26:57.462 3536 3824 W System.err: at com.tencent.rapidview.utils.io.ac.a(Unknown Source:8)
06-25 17:26:57.462 3536 3824 W System.err: at com.tencent.rapidview.utils.io.ac.load(Unknown Source:0)
06-25 17:26:57.462 3536 3824 W System.err: at com.tencent.rapidview.utils.io.q.get(Unknown Source:60)
06-25 17:26:57.462 3536 3824 W System.err: at com.tencent.rapidview.utils.o.d(Unknown Source:7)
06-25 17:26:57.462 3536 3824 W System.err: at com.tencent.rapidview.utils.o.a(Unknown Source:3)
06-25 17:26:57.462 3536 3824 W System.err: at com.tencent.rapidview.server.ad.run(Unknown Source:6)
06-25 17:26:57.462 3536 3824 W System.err: at java.util.concurrent.Executors$RunnableAdapter.call(Executors.java:462)
06-25 17:26:57.462 3536 3824 W System.err: at java.util.concurrent.FutureTask.run(FutureTask.java:266)
06-25 17:26:57.462 3536 3824 W System.err: at java.util.concurrent.ThreadPoolExecutor.runWorker(ThreadPoolExecutor.java:1167)
06-25 17:26:57.462 3536 3824 W System.err: at java.util.concurrent.ThreadPoolExecutor$Worker.run(ThreadPoolExecutor.java:641)
06-25 17:26:57.462 3536 3824 W System.err: at java.lang.Thread.run(Thread.java:920)
06-25 17:26:57.462 3536 3990 W System.err: java.lang.NullPointerException: Attempt to get length of null array
06-25 17:26:57.462 3536 3990 W System.err: at java.lang.StringFactory.newStringFromBytes(StringFactory.java:65)
06-25 17:26:57.462 3536 3990 W System.err: at com.tencent.rapidview.utils.ab.a(Unknown Source:4)
06-25 17:26:57.462 3536 3990 W System.err: at com.tencent.rapidview.utils.io.ac.a(Unknown Source:8)
06-25 17:26:57.462 3536 3990 W System.err: at com.tencent.rapidview.utils.io.ac.load(Unknown Source:0)
06-25 17:26:57.462 3536 3990 W System.err: at com.tencent.rapidview.utils.io.q.get(Unknown Source:60)
06-25 17:26:57.462 3536 3990 W System.err: at com.tencent.rapidview.utils.o.d(Unknown Source:7)
06-25 17:26:57.462 3536 3990 W System.err: at com.tencent.rapidview.utils.o.a(Unknown Source:3)
06-25 17:26:57.462 3536 3990 W System.err: at com.tencent.rapidview.server.ad.run(Unknown Source:6)
06-25 17:26:57.462 3536 3990 W System.err: at java.util.concurrent.Executors$RunnableAdapter.call(Executors.java:462)
06-25 17:26:57.462 3536 3990 W System.err: at java.util.concurrent.FutureTask.run(FutureTask.java:266)
06-25 17:26:57.462 3536 3990 W System.err: at java.util.concurrent.ThreadPoolExecutor.runWorker(ThreadPoolExecutor.java:1167)
06-25 17:26:57.462 3536 3990 W System.err: at java.util.concurrent.ThreadPoolExecutor$Worker.run(ThreadPoolExecutor.java:641)
06-25 17:26:57.462 3536 3990 W System.err: at java.lang.Thread.run(Thread.java:920)
06-25 17:26:57.496 1488 2130 D PowerManagerService: acquireWakeLockInternal: lock=198718113, flags=0x1, tag="i", ws=null, uid=10111, pid=3440
06-25 17:26:57.496 1488 2130 D PowerManagerService: updateWakeLockSummaryLocked: mWakefulness=Awake, mWakeLockSummary=0x1
06-25 17:26:57.496 1488 2130 D PowerManagerService: updateUserActivitySummaryLocked: groupId=0, mWakefulness=Awake, mUserActivitySummary=0x1, nextTimeout=1226232 (in 599633 ms)
06-25 17:26:57.496 1488 2130 D PowerManagerNotifier: onScreenPolicyUpdate: newPolicy=3
06-25 17:26:57.496 1488 2130 D PowerManagerService: updateDisplayPowerStateLocked: displayReady=true, groupId=0, policy=BRIGHT, mWakefulness=Awake, mWakeLockSummary=0x1, mUserActivitySummary=0x1, mBootCompleted=true, screenBrightnessOverride=NaN, useAutoBrightness=true, mScreenBrightnessBoostInProgress=false, mIsVrModeEnabled= false, sQuiescent=false
06-25 17:26:57.496 1488 2130 D PowerManagerService: Acquiring suspend blocker "PowerManagerService.WakeLocks".
06-25 17:26:57.496 1488 2130 D PowerManagerNotifier: onWakeLockAcquired: flags=1, tag="i", packageName=com.tencent.android.qqdownloader, ownerUid=10111, ownerPid=3440, workSource=null
06-25 17:26:57.501 1488 2130 D PowerManagerService: acquireWakeLockInternal: lock=67161286, flags=0x1, tag="i", ws=null, uid=10111, pid=3440
06-25 17:26:57.501 1488 2130 D PowerManagerService: updateWakeLockSummaryLocked: mWakefulness=Awake, mWakeLockSummary=0x1
06-25 17:26:57.501 1488 2130 D PowerManagerService: updateUserActivitySummaryLocked: groupId=0, mWakefulness=Awake, mUserActivitySummary=0x1, nextTimeout=1226232 (in 599628 ms)
06-25 17:26:57.501 1488 2130 D PowerManagerNotifier: onScreenPolicyUpdate: newPolicy=3
06-25 17:26:57.501 1488 2130 D PowerManagerService: updateDisplayPowerStateLocked: displayReady=true, groupId=0, policy=BRIGHT, mWakefulness=Awake, mWakeLockSummary=0x1, mUserActivitySummary=0x1, mBootCompleted=true, screenBrightnessOverride=NaN, useAutoBrightness=true, mScreenBrightnessBoostInProgress=false, mIsVrModeEnabled= false, sQuiescent=false
06-25 17:26:57.501 1488 2130 D PowerManagerNotifier: onWakeLockAcquired: flags=1, tag="i", packageName=com.tencent.android.qqdownloader, ownerUid=10111, ownerPid=3440, workSource=null
06-25 17:26:57.504 1488 2130 D PowerManagerService: acquireWakeLockInternal: lock=165655687, flags=0x1, tag="i", ws=null, uid=10111, pid=3440
06-25 17:26:57.505 1488 2130 D PowerManagerService: updateWakeLockSummaryLocked: mWakefulness=Awake, mWakeLockSummary=0x1
06-25 17:26:57.505 1488 2130 D PowerManagerService: updateUserActivitySummaryLocked: groupId=0, mWakefulness=Awake, mUserActivitySummary=0x1, nextTimeout=1226232 (in 599625 ms)
06-25 17:26:57.505 1488 2130 D PowerManagerNotifier: onScreenPolicyUpdate: newPolicy=3
06-25 17:26:57.505 1488 2130 D PowerManagerService: updateDisplayPowerStateLocked: displayReady=true, groupId=0, policy=BRIGHT, mWakefulness=Awake, mWakeLockSummary=0x1, mUserActivitySummary=0x1, mBootCompleted=true, screenBrightnessOverride=NaN, useAutoBrightness=true, mScreenBrightnessBoostInProgress=false, mIsVrModeEnabled= false, sQuiescent=false
06-25 17:26:57.505 1488 2130 D PowerManagerNotifier: onWakeLockAcquired: flags=1, tag="i", packageName=com.tencent.android.qqdownloader, ownerUid=10111, ownerPid=3440, workSource=null
06-25 17:26:57.520 1488 1735 D PowerManagerService: userActivityNoUpdateLocked: groupId=0, eventTime=626622, event=2, flags=0x0, uid=1000
06-25 17:26:57.520 1488 1735 D PowerManagerNotifier: onUserActivity: event=2, uid=1000
06-25 17:26:57.520 1928 1928 D ViewTouchDebug: mView : com.android.systemui.navigationbar.NavigationBarFrame{7207003 V.E...... ........ 0,0-2560,46 #7f0b03f3 app:id/navigation_bar_frame}Receive event : MotionEvent { action=ACTION_OUTSIDE, actionButton=0, id[0]=0, x[0]=0.0, y[0]=-1034.0, toolType[0]=TOOL_TYPE_FINGER, buttonState=0, classification=NONE, metaState=0, flags=0x0, edgeFlags=0x0, pointerCount=1, historySize=0, eventTime=626622, downTime=626622, deviceId=4, source=0x5002, displayId=0, eventId=1686820579 }
06-25 17:26:57.520 1488 1735 D PowerManagerService: updateUserActivitySummaryLocked: groupId=0, mWakefulness=Awake, mUserActivitySummary=0x1, nextTimeout=1226622 (in 600000 ms)
06-25 17:26:57.520 1488 1735 D PowerManagerNotifier: onScreenPolicyUpdate: newPolicy=3
06-25 17:26:57.520 1488 1735 D PowerManagerService: updateDisplayPowerStateLocked: displayReady=true, groupId=0, policy=BRIGHT, mWakefulness=Awake, mWakeLockSummary=0x1, mUserActivitySummary=0x1, mBootCompleted=true, screenBrightnessOverride=NaN, useAutoBrightness=true, mScreenBrightnessBoostInProgress=false, mIsVrModeEnabled= false, sQuiescent=false
06-25 17:26:57.521 3536 3536 D ViewTouchDebug: mView : DecorView@3609190[DownloadActivity]Receive event : MotionEvent { action=ACTION_DOWN, actionButton=0, id[0]=0, x[0]=407.49997, y[0]=919.9998, toolType[0]=TOOL_TYPE_FINGER, buttonState=0, classification=NONE, metaState=0, flags=0x0, edgeFlags=0x0, pointerCount=1, historySize=0, eventTime=626622, downTime=626622, deviceId=4, source=0x5002, displayId=0, eventId=510039915 }
06-25 17:26:57.547 1488 2130 D PowerManagerService: acquireWakeLockInternal: lock=78327732, flags=0x1, tag="i", ws=null, uid=10111, pid=3440
06-25 17:26:57.547 1488 2130 D PowerManagerService: updateWakeLockSummaryLocked: mWakefulness=Awake, mWakeLockSummary=0x1
06-25 17:26:57.547 1488 2130 D PowerManagerService: updateUserActivitySummaryLocked: groupId=0, mWakefulness=Awake, mUserActivitySummary=0x1, nextTimeout=1226622 (in 599972 ms)
06-25 17:26:57.547 1488 2130 D PowerManagerNotifier: onScreenPolicyUpdate: newPolicy=3
06-25 17:26:57.547 1488 2130 D PowerManagerService: updateDisplayPowerStateLocked: displayReady=true, groupId=0, policy=BRIGHT, mWakefulness=Awake, mWakeLockSummary=0x1, mUserActivitySummary=0x1, mBootCompleted=true, screenBrightnessOverride=NaN, useAutoBrightness=true, mScreenBrightnessBoostInProgress=false, mIsVrModeEnabled= false, sQuiescent=false
06-25 17:26:57.547 1488 2130 D PowerManagerNotifier: onWakeLockAcquired: flags=1, tag="i", packageName=com.tencent.android.qqdownloader, ownerUid=10111, ownerPid=3440, workSource=null
06-25 17:26:57.553 1488 2130 D PowerManagerService: acquireWakeLockInternal: lock=245651421, flags=0x1, tag="i", ws=null, uid=10111, pid=3440
06-25 17:26:57.553 1488 2130 D PowerManagerService: updateWakeLockSummaryLocked: mWakefulness=Awake, mWakeLockSummary=0x1
06-25 17:26:57.554 1488 2130 D PowerManagerService: updateUserActivitySummaryLocked: groupId=0, mWakefulness=Awake, mUserActivitySummary=0x1, nextTimeout=1226622 (in 599966 ms)
06-25 17:26:57.554 1488 2130 D PowerManagerNotifier: onScreenPolicyUpdate: newPolicy=3
06-25 17:26:57.554 1488 2130 D PowerManagerService: updateDisplayPowerStateLocked: displayReady=true, groupId=0, policy=BRIGHT, mWakefulness=Awake, mWakeLockSummary=0x1, mUserActivitySummary=0x1, mBootCompleted=true, screenBrightnessOverride=NaN, useAutoBrightness=true, mScreenBrightnessBoostInProgress=false, mIsVrModeEnabled= false, sQuiescent=false
06-25 17:26:57.554 1488 2130 D PowerManagerNotifier: onWakeLockAcquired: flags=1, tag="i", packageName=com.tencent.android.qqdownloader, ownerUid=10111, ownerPid=3440, workSource=null
06-25 17:26:57.557 1488 2130 D PowerManagerService: acquireWakeLockInternal: lock=11333458, flags=0x1, tag="i", ws=null, uid=10111, pid=3440
06-25 17:26:57.557 1488 2130 D PowerManagerService: updateWakeLockSummaryLocked: mWakefulness=Awake, mWakeLockSummary=0x1
06-25 17:26:57.557 1488 2130 D PowerManagerService: updateUserActivitySummaryLocked: groupId=0, mWakefulness=Awake, mUserActivitySummary=0x1, nextTimeout=1226622 (in 599962 ms)
06-25 17:26:57.557 1488 2130 D PowerManagerNotifier: onScreenPolicyUpdate: newPolicy=3
06-25 17:26:57.557 1488 2130 D PowerManagerService: updateDisplayPowerStateLocked: displayReady=true, groupId=0, policy=BRIGHT, mWakefulness=Awake, mWakeLockSummary=0x1, mUserActivitySummary=0x1, mBootCompleted=true, screenBrightnessOverride=NaN, useAutoBrightness=true, mScreenBrightnessBoostInProgress=false, mIsVrModeEnabled= false, sQuiescent=false
06-25 17:26:57.557 1488 2130 D PowerManagerNotifier: onWakeLockAcquired: flags=1, tag="i", packageName=com.tencent.android.qqdownloader, ownerUid=10111, ownerPid=3440, workSource=null
06-25 17:26:57.574 3440 8409 W System.err: java.lang.IllegalStateException: beginBroadcast() called while already in a broadcast
06-25 17:26:57.574 3440 8409 W System.err: at android.os.RemoteCallbackList.beginBroadcast(RemoteCallbackList.java:243)
06-25 17:26:57.574 3440 8409 W System.err: at com.tencent.assistant.netservice.NetServiceImpl.d(Unknown Source:12)
06-25 17:26:57.574 3440 8409 W System.err: at com.tencent.assistant.protocol.environment.b.c.f(Unknown Source:96)
06-25 17:26:57.574 3440 8409 W System.err: at com.tencent.assistant.protocol.environment.b.c.a(Unknown Source:16)
06-25 17:26:57.574 3440 8409 W System.err: at com.tencent.assistant.protocol.environment.d.a(Unknown Source:4)
06-25 17:26:57.574 3440 8409 W System.err: at com.tencent.assistant.protocol.scu.d.onUpdateRspHeadData(Unknown Source:11)
06-25 17:26:57.574 3440 8409 W System.err: at com.tencent.assistant.protocol.ae.onNetWorkFinish(Unknown Source:299)
06-25 17:26:57.574 3440 8409 W System.err: at com.tencent.assistant.protocol.s.a(Unknown Source:193)
06-25 17:26:57.574 3440 8409 W System.err: at com.tencent.assistant.protocol.a.a(Unknown Source:59)
06-25 17:26:57.574 3440 8409 W System.err: at com.tencent.assistant.protocol.i.a(Unknown Source:156)
06-25 17:26:57.574 3440 8409 W System.err: at com.tencent.assistant.protocol.i.b(Unknown Source:488)
06-25 17:26:57.574 3440 8409 W System.err: at com.tencent.assistant.protocol.i.a(Unknown Source:22)
06-25 17:26:57.574 3440 8409 W System.err: at com.tencent.assistant.protocol.a.run(Unknown Source:215)
06-25 17:26:57.574 3440 8409 W System.err: at com.tencent.assistant.protocol.i.run(Unknown Source:0)
06-25 17:26:57.574 3440 8409 W System.err: at java.util.concurrent.Executors$RunnableAdapter.call(Executors.java:462)
06-25 17:26:57.574 3440 8409 W System.err: at java.util.concurrent.FutureTask.run(FutureTask.java:266)
06-25 17:26:57.574 3440 8409 W System.err: at com.tencent.raft.threadservice.impl.c.run(Unknown Source:5)
06-25 17:26:57.574 3440 8409 W System.err: at com.tencent.raft.threadservice.impl.d.run(Unknown Source:2)
06-25 17:26:57.574 3440 8409 W System.err: at java.util.concurrent.ThreadPoolExecutor.runWorker(ThreadPoolExecutor.java:1167)
06-25 17:26:57.574 3440 8409 W System.err: at java.util.concurrent.ThreadPoolExecutor$Worker.run(ThreadPoolExecutor.java:641)
06-25 17:26:57.574 3440 8409 W System.err: at java.lang.Thread.run(Thread.java:920)
06-25 17:26:57.576 1488 2130 D PowerManagerService: releaseWakeLockInternal: lock=165655687 [i], flags=0x0
06-25 17:26:57.576 1488 2130 D PowerManagerNotifier: onWakeLockReleased: flags=1, tag="i", packageName=com.tencent.android.qqdownloader, ownerUid=10111, ownerPid=3440, workSource=null
06-25 17:26:57.576 1488 2130 D PowerManagerService: updateWakeLockSummaryLocked: mWakefulness=Awake, mWakeLockSummary=0x1
06-25 17:26:57.576 1488 2130 D PowerManagerService: updateUserActivitySummaryLocked: groupId=0, mWakefulness=Awake, mUserActivitySummary=0x1, nextTimeout=1226622 (in 599943 ms)
06-25 17:26:57.576 1488 2130 D PowerManagerNotifier: onScreenPolicyUpdate: newPolicy=3
06-25 17:26:57.576 1488 2130 D PowerManagerService: updateDisplayPowerStateLocked: displayReady=true, groupId=0, policy=BRIGHT, mWakefulness=Awake, mWakeLockSummary=0x1, mUserActivitySummary=0x1, mBootCompleted=true, screenBrightnessOverride=NaN, useAutoBrightness=true, mScreenBrightnessBoostInProgress=false, mIsVrModeEnabled= false, sQuiescent=false
06-25 17:26:57.578 3440 8276 W System.err: java.lang.IllegalStateException: finishBroadcast() called outside of a broadcast
06-25 17:26:57.578 3440 8276 W System.err: at android.os.RemoteCallbackList.finishBroadcast(RemoteCallbackList.java:307)
06-25 17:26:57.578 3440 8276 W System.err: at com.tencent.assistant.netservice.NetServiceImpl.d(Unknown Source:40)
06-25 17:26:57.578 3440 8276 W System.err: at com.tencent.assistant.protocol.environment.b.c.f(Unknown Source:96)
06-25 17:26:57.578 3440 8276 W System.err: at com.tencent.assistant.protocol.environment.b.c.a(Unknown Source:16)
06-25 17:26:57.578 3440 8276 W System.err: at com.tencent.assistant.protocol.environment.d.a(Unknown Source:4)
06-25 17:26:57.578 3440 8276 W System.err: at com.tencent.assistant.protocol.scu.d.onUpdateRspHeadData(Unknown Source:11)
