06-27 00:28:48.146 W/System.err( 3507): at java.util.concurrent.Executors$RunnableAdapter.call(Executors.java:462)
06-27 00:28:48.146 W/System.err( 3507): at java.util.concurrent.FutureTask.run(FutureTask.java:266)
06-27 00:28:48.146 W/System.err( 3507): at java.util.concurrent.ThreadPoolExecutor.runWorker(ThreadPoolExecutor.java:1167)
06-27 00:28:48.146 W/System.err( 3507): at java.util.concurrent.ThreadPoolExecutor$Worker.run(ThreadPoolExecutor.java:641)
06-27 00:28:48.146 W/System.err( 3507): at java.lang.Thread.run(Thread.java:920)
06-27 00:28:48.157 W/ActivityManager( 1538): Scheduling restart of crashed service com.tencent.android.qqdownloader/com.tencent.luggage.services.WxaProxy_WxaIPCContainerService0 in 1000ms for connection
06-27 00:28:48.163 D/ConnectivityService( 1538): ConnectivityService NetworkRequestInfo binderDied(uid/pid:10111/5598, android.os.BinderProxy@5c8bb88)
06-27 00:28:48.163 I/Zygote ( 674): Process 5598 exited due to signal 9 (Killed)
06-27 00:28:48.211 W/System.err( 3274): java.net.ConnectException: Failed to connect to android.rqd.qq.com/10.0.0.1:443
06-27 00:28:48.211 W/System.err( 3274): at com.android.okhttp.internal.io.RealConnection.connectSocket(RealConnection.java:147)
06-27 00:28:48.211 W/System.err( 3274): at com.android.okhttp.internal.io.RealConnection.connect(RealConnection.java:116)
06-27 00:28:48.211 W/System.err( 3274): at com.android.okhttp.internal.http.StreamAllocation.findConnection(StreamAllocation.java:186)
06-27 00:28:48.211 W/System.err( 3274): at com.android.okhttp.internal.http.StreamAllocation.findHealthyConnection(StreamAllocation.java:128)
06-27 00:28:48.211 W/System.err( 3274): at com.android.okhttp.internal.http.StreamAllocation.newStream(StreamAllocation.java:97)
06-27 00:28:48.211 W/System.err( 3274): at com.android.okhttp.internal.http.HttpEngine.connect(HttpEngine.java:289)
06-27 00:28:48.211 W/System.err( 3274): at com.android.okhttp.internal.http.HttpEngine.sendRequest(HttpEngine.java:232)
06-27 00:28:48.211 W/System.err( 3274): at com.android.okhttp.internal.huc.HttpURLConnectionImpl.execute(HttpURLConnectionImpl.java:465)
06-27 00:28:48.211 W/System.err( 3274): at com.android.okhttp.internal.huc.HttpURLConnectionImpl.connect(HttpURLConnectionImpl.java:131)
06-27 00:28:48.211 W/System.err( 3274): at com.android.okhttp.internal.huc.HttpURLConnectionImpl.getOutputStream(HttpURLConnectionImpl.java:262)
06-27 00:28:48.211 W/System.err( 3274): at com.android.okhttp.internal.huc.DelegatingHttpsURLConnection.getOutputStream(DelegatingHttpsURLConnection.java:219)
06-27 00:28:48.211 W/System.err( 3274): at com.android.okhttp.internal.huc.HttpsURLConnectionImpl.getOutputStream(HttpsURLConnectionImpl.java:30)
06-27 00:28:48.211 W/System.err( 3274): at com.tencent.bugly.proguard.ag.a(P:63)
06-27 00:28:48.211 W/System.err( 3274): at com.tencent.bugly.proguard.ag.a(P:13)
06-27 00:28:48.211 W/System.err( 3274): at com.tencent.bugly.proguard.al.run(P:22)
06-27 00:28:48.212 W/System.err( 3274): at com.tencent.bugly.proguard.aj$1.run(P:1)
06-27 00:28:48.212 W/System.err( 3274): at java.lang.Thread.run(Thread.java:920)
06-27 00:28:48.226 I/Perf ( 6473): Connecting to perf service.
06-27 00:28:48.231 V/GraphicsEnvironment( 6473): ANGLE Developer option for 'com.tencent.mobileqq' set to: 'default'
06-27 00:28:48.232 V/GraphicsEnvironment( 6473): ANGLE GameManagerService for com.tencent.mobileqq: false
06-27 00:28:48.232 V/GraphicsEnvironment( 6473): Updatable production driver is not supported on the device.
06-27 00:28:48.233 I/LoadedApk( 6473): No resource references to update in package com.tencent.mobileqq.qqlucy_impl
06-27 00:28:48.234 I/LoadedApk( 6473): No resource references to update in package com.tencent.mobileqq.qqguild_df_impl
06-27 00:28:48.234 I/LoadedApk( 6473): No resource references to update in package com.tencent.mobileqq.qzone_df_impl
06-27 00:28:48.235 I/LoadedApk( 6473): No resource references to update in package com.tencent.mobileqq.qqecommerce_shell_impl
06-27 00:28:48.235 I/LoadedApk( 6473): No resource references to update in package com.tencent.mobileqq.qqecommerce_impl
06-27 00:28:48.236 I/LoadedApk( 6473): No resource references to update in package com.tencent.mobileqq.qq_winkpublish_impl
06-27 00:28:48.236 I/LoadedApk( 6473): No resource references to update in package com.tencent.mobileqq.mutualmark_impl
06-27 00:28:48.236 I/LoadedApk( 6473): No resource references to update in package com.tencent.mobileqq.matchfriend_impl
06-27 00:28:48.237 I/LoadedApk( 6473): No resource references to update in package com.tencent.mobileqq.relation_common_business_impl
06-27 00:28:48.237 I/LoadedApk( 6473): No resource references to update in package com.tencent.mobileqq.party_room_impl
06-27 00:28:48.237 I/LoadedApk( 6473): No resource references to update in package com.tencent.mobileqq.profilecard_feature_impl
06-27 00:28:48.238 I/LoadedApk( 6473): No resource references to update in package com.tencent.mobileqq.wxmini_impl
06-27 00:28:48.238 I/LoadedApk( 6473): No resource references to update in package com.tencent.mobileqq.qqexpand_impl
06-27 00:28:48.238 I/LoadedApk( 6473): No resource references to update in package com.tencent.mobileqq.qqweishi_impl
06-27 00:28:48.239 I/LoadedApk( 6473): No resource references to update in package com.tencent.mobileqq.qqnearby_impl
06-27 00:28:48.239 I/LoadedApk( 6473): No resource references to update in package com.tencent.mobileqq.qqpubaccount_impl
06-27 00:28:48.239 I/LoadedApk( 6473): No resource references to update in package com.tencent.mobileqq.qqavgame_impl
06-27 00:28:48.240 I/LoadedApk( 6473): No resource references to update in package com.tencent.mobileqq.webview_impl
06-27 00:28:48.240 I/LoadedApk( 6473): No resource references to update in package com.tencent.mobileqq.zplan_impl
06-27 00:28:48.241 I/LoadedApk( 6473): No resource references to update in package com.tencent.mobileqq.cmshow_impl
06-27 00:28:48.243 I/LoadedApk( 6473): No resource references to update in package com.tencent.mobileqq.qq_comic_impl
06-27 00:28:48.243 I/LoadedApk( 6473): No resource references to update in package com.tencent.mobileqq.qqrtc_feature_impl
06-27 00:28:48.243 I/LoadedApk( 6473): No resource references to update in package com.tencent.mobileqq.qqmini_impl
06-27 00:28:48.244 I/LoadedApk( 6473): No resource references to update in package com.tencent.mobileqq.qqpay_temp_impl
06-27 00:28:48.244 I/LoadedApk( 6473): No resource references to update in package com.tencent.mobileqq.aelight_impl
06-27 00:28:48.244 I/LoadedApk( 6473): No resource references to update in package com.tencent.mobileqq.kandian_feature_impl
06-27 00:28:48.245 D/NetworkSecurityConfig( 6473): Using Network Security Config from resource f debugBuild: false
06-27 00:28:48.246 D/NetworkSecurityConfig( 6473): Using Network Security Config from resource f debugBuild: false
06-27 00:28:48.250 D/AS ( 6473): AutoMonitor, onAppAttachBaseContext, appSysLaunchCost = 254
06-27 00:28:48.266 I/MMKV ( 6473): Disable checkProcessMode()
06-27 00:28:48.269 I/MMKV ( 6473): current API level = 31, libc++_shared=0
06-27 00:28:48.269 I/MMKV ( 6473): version v1.2.12, unordered_map size 500, page size 4096, arch arm64-v8a
06-27 00:28:48.269 I/MMKV ( 6473): armv8 AES instructions is supported
06-27 00:28:48.269 I/MMKV ( 6473): armv8 CRC32 instructions is supported
06-27 00:28:48.269 I/MMKV ( 6473): root dir: /data/user/0/com.tencent.mobileqq/files/mmkv unordered_map size: 0, load factor: 0.000000, bucket count: 503
06-27 00:28:48.271 D/QMMKV ( 6473): initMMKV at:/data/user/0/com.tencent.mobileqq/files/mmkv
06-27 00:28:48.273 D/AppSetting( 6473): QQPerf AppSetting Inject is init.
06-27 00:28:48.279 D/QLog ( 6473): [init] setDebugMode call. UIN_REPORTLOG_LEVEL: 1 _DEFAULT_REPORTLOG_LEVEL: 1 debug: false
06-27 00:28:48.279 D/QLog ( 6473): [init] setPublishMode call. isPublish=true
06-27 00:28:48.280 D/LocaleManager( 6473): initializeAppLocale, sCurrentLocaleId:0
06-27 00:28:48.282 D/LocaleManager( 6473): initializeAppLocale, localeIdStr:2052
06-27 00:28:48.284 D/LocaleManager( 6473): initializeAppLocale, HwEngine.localeId:2052
06-27 00:28:48.286 I/mpu_uart( 653): [MSG-P:RECV]:No message received in 1000 ms
06-27 00:28:48.287 D/LocaleManager( 6473): tryApplyLocaleIfNeeded, resLocale:zh_CN
06-27 00:28:48.288 D/LocaleManager( 6473): queryCurrentLocale, currentLocale:zh_CN
06-27 00:28:48.288 D/MultiLanguageEngine( 6473): initAndDelegate:false, context:android.app.ContextImpl@5f2b969
06-27 00:28:48.289 I/GlobalDisplayMetricsManager( 6473): getDeviceWidth mode is {id=1, width=2560, height=1080, fps=60.000004, alternativeRefreshRates=[30.000002, 45.0]}
06-27 00:28:48.289 D/GlobalDisplayMetricsManager( 6473): sDeviceWidth is 2560
06-27 00:28:48.289 I/GlobalDisplayMetricsManager( 6473): do not need adjust
06-27 00:28:48.290 D/FontSettingManager( 6473): currentDm: 1.5, 1.5, 240
06-27 00:28:48.291 I/Utils ( 6473): current process name: com.tencent.mobileqq
06-27 00:28:48.297 W/HMSSDK_PushPreferences( 6473): get new sharedPreferences failed,start to get from context.
06-27 00:28:48.297 I/mpu_uart( 653): [MSG-P:R]:recv sync frame timeout
06-27 00:28:48.312 D/[DynamicFeature] LoadCompactDynamicFeature( 6473): [compact] load: invoked. BuildConfig.IS_QRUN_COMPACT: false AppSetting.isQRunCompact(): false
06-27 00:28:48.328 I/UIRoute ( 6473): Load RouterInitializer com.tencent.mobileqq.qroute.route.generated.AQQLiteApp_RouterInitializer
06-27 00:28:48.333 I/UIRoute ( 6473): Load RouterInitializer com.tencent.mobileqq.qroute.route.generated.kandian_feature_impl_RouterInitializer
06-27 00:28:48.334 I/UIRoute ( 6473): Load RouterInitializer com.tencent.mobileqq.qroute.route.generated.aelight_impl_RouterInitializer
06-27 00:28:48.334 I/UIRoute ( 6473): Load RouterInitializer com.tencent.mobileqq.qroute.route.generated.qqpay_temp_impl_RouterInitializer
06-27 00:28:48.334 I/UIRoute ( 6473): Load RouterInitializer com.tencent.mobileqq.qroute.route.generated.qqmini_impl_RouterInitializer
06-27 00:28:48.334 I/UIRoute ( 6473): Load RouterInitializer com.tencent.mobileqq.qroute.route.generated.qqrtc_feature_impl_RouterInitializer
06-27 00:28:48.335 I/UIRoute ( 6473): Load RouterInitializer com.tencent.mobileqq.qroute.route.generated.qq_comic_impl_RouterInitializer
06-27 00:28:48.335 I/UIRoute ( 6473): Load RouterInitializer com.tencent.mobileqq.qroute.route.generated.cmshow_impl_RouterInitializer
06-27 00:28:48.335 I/UIRoute ( 6473): Load RouterInitializer com.tencent.mobileqq.qroute.route.generated.zplan_impl_RouterInitializer
06-27 00:28:48.335 I/UIRoute ( 6473): Load RouterInitializer com.tencent.mobileqq.qroute.route.generated.webview_impl_RouterInitializer
06-27 00:28:48.335 I/UIRoute ( 6473): Load RouterInitializer com.tencent.mobileqq.qroute.route.generated.qqavgame_impl_RouterInitializer
06-27 00:28:48.336 I/UIRoute ( 6473): Load RouterInitializer com.tencent.mobileqq.qroute.route.generated.qqpubaccount_impl_RouterInitializer
06-27 00:28:48.336 I/UIRoute ( 6473): Load RouterInitializer com.tencent.mobileqq.qroute.route.generated.qqnearby_impl_RouterInitializer
06-27 00:28:48.337 I/UIRoute ( 6473): Load RouterInitializer com.tencent.mobileqq.qroute.route.generated.qqweishi_impl_RouterInitializer
06-27 00:28:48.337 I/UIRoute ( 6473): Load RouterInitializer com.tencent.mobileqq.qroute.route.generated.qqexpand_impl_RouterInitializer
06-27 00:28:48.337 I/UIRoute ( 6473): Load RouterInitializer com.tencent.mobileqq.qroute.route.generated.wxmini_impl_RouterInitializer
06-27 00:28:48.337 I/UIRoute ( 6473): Load RouterInitializer com.tencent.mobileqq.qroute.route.generated.profilecard_feature_impl_RouterInitializer
06-27 00:28:48.337 I/UIRoute ( 6473): Load RouterInitializer com.tencent.mobileqq.qroute.route.generated.party_room_impl_RouterInitializer
06-27 00:28:48.338 I/UIRoute ( 6473): Load RouterInitializer com.tencent.mobileqq.qroute.route.generated.relation_common_business_impl_RouterInitializer
06-27 00:28:48.338 I/UIRoute ( 6473): Load RouterInitializer com.tencent.mobileqq.qroute.route.generated.matchfriend_impl_RouterInitializer
06-27 00:28:48.338 I/UIRoute ( 6473): Load RouterInitializer com.tencent.mobileqq.qroute.route.generated.mutualmark_impl_RouterInitializer
06-27 00:28:48.338 I/UIRoute ( 6473): Load RouterInitializer com.tencent.mobileqq.qroute.route.generated.qq_winkpublish_impl_RouterInitializer
06-27 00:28:48.338 I/UIRoute ( 6473): Load RouterInitializer com.tencent.mobileqq.qroute.route.generated.qqecommerce_impl_RouterInitializer
06-27 00:28:48.339 I/UIRoute ( 6473): Load RouterInitializer com.tencent.mobileqq.qroute.route.generated.qqecommerce_shell_impl_RouterInitializer
06-27 00:28:48.339 I/UIRoute ( 6473): Load RouterInitializer com.tencent.mobileqq.qroute.route.generated.qzone_df_impl_RouterInitializer
06-27 00:28:48.339 I/UIRoute ( 6473): Load RouterInitializer com.tencent.mobileqq.qroute.route.generated.qqguild_df_impl_RouterInitializer
06-27 00:28:48.339 I/UIRoute ( 6473): Load RouterInitializer com.tencent.mobileqq.qroute.route.generated.qqlucy_impl_RouterInitializer
06-27 00:28:48.340 I/UIRoute ( 6473): checkTime init route cost: 12
06-27 00:28:48.342 I/QMMKVHandler( 6473): open fd[0x3d], /data/user/0/com.tencent.mobileqq/files/mmkv/common_mmkv_configurations
06-27 00:28:48.342 I/QMMKVHandler( 6473): open fd[0x3e], /data/user/0/com.tencent.mobileqq/files/mmkv/common_mmkv_configurations.crc
06-27 00:28:48.342 I/QMMKVHandler( 6473): loading [common_mmkv_configurations] with 1716 actual size, file size 4096, InterProcess 1, meta info version:3
06-27 00:28:48.342 I/QMMKVHandler( 6473): loading [common_mmkv_configurations] with crc 4187421244 sequence 1 version 3
06-27 00:28:48.343 I/QMMKVHandler( 6473): loaded [common_mmkv_configurations] with 28 key-values
06-27 00:28:48.349 D/AutoMonitor( 6473): mCurState = -1, next = 0
06-27 00:28:48.349 D/PowerManagerService( 1538): userActivityNoUpdateLocked: groupId=0, eventTime=75919, event=2, flags=0x0, uid=1000
06-27 00:28:48.349 D/PowerManagerNotifier( 1538): onUserActivity: event=2, uid=1000
06-27 00:28:48.350 D/PowerManagerService( 1538): updateUserActivitySummaryLocked: groupId=0, mWakefulness=Awake, mUserActivitySummary=0x1, nextTimeout=135919 (in 59999 ms)
06-27 00:28:48.350 D/PowerManagerNotifier( 1538): onScreenPolicyUpdate: newPolicy=3
06-27 00:28:48.350 D/PowerManagerService( 1538): updateDisplayPowerStateLocked: displayReady=true, groupId=0, policy=BRIGHT, mWakefulness=Awake, mWakeLockSummary=0x1, mUserActivitySummary=0x1, mBootCompleted=true, screenBrightnessOverride=NaN, useAutoBrightness=false, mScreenBrightnessBoostInProgress=false, mIsVrModeEnabled= false, sQuiescent=false
06-27 00:28:48.350 D/ViewTouchDebug( 2649): mView : DecorView@73205d0[QuickstepLauncher]Receive event : MotionEvent { action=ACTION_DOWN, actionButton=0, id[0]=0, x[0]=2389.0, y[0]=552.0, toolType[0]=TOOL_TYPE_FINGER, buttonState=0, classification=NONE, metaState=0, flags=0x0, edgeFlags=0x0, pointerCount=1, historySize=0, eventTime=75919, downTime=75919, deviceId=2, source=0x5002, displayId=0, eventId=172673232 }
06-27 00:28:48.350 D/ViewTouchDebug( 1931): mView : com.android.systemui.navigationbar.NavigationBarFrame{c21ce80 V.E...... ........ 0,0-2560,46 #7f0b03f3 app:id/navigation_bar_frame}Receive event : MotionEvent { action=ACTION_OUTSIDE, actionButton=0, id[0]=0, x[0]=0.0, y[0]=-1034.0, toolType[0]=TOOL_TYPE_FINGER, buttonState=0, classification=NONE, metaState=0, flags=0x0, edgeFlags=0x0, pointerCount=1, historySize=0, eventTime=75919, downTime=75919, deviceId=2, source=0x5002, displayId=0, eventId=1538941582 }
06-27 00:28:48.355 D/PatchLogTag( 6473): DexPatchInstaller checkDexPatchConfigAndStatus patch config is null
06-27 00:28:48.355 D/PatchLogTag( 6473): DexPatchInstaller installDexPatch Not inject patch, status=0
06-27 00:28:48.378 D/VFSRegisterProxy( 6473): initConfig start!
06-27 00:28:48.381 D/VFSRegisterProxy( 6473): initConfig checkSP is called, return val = false
06-27 00:28:48.381 D/VFSRegisterProxy( 6473): initConfig end!
06-27 00:28:48.382 I/MMKV ( 6473): Disable checkProcessMode()
06-27 00:28:48.383 I/QMMKVHandler( 6473): root dir: /data/user/0/com.tencent.mobileqq/files/mmkv unordered_map size: 1, load factor: 0.001988, bucket count: 503
06-27 00:28:48.383 D/PandoraExConfigMMKV( 6473): initMMKV at: /data/user/0/com.tencent.mobileqq/files/mmkv
06-27 00:28:48.383 I/QMMKVHandler( 6473): open fd[0x43], /data/user/0/com.tencent.mobileqq/files/mmkv/PandoraExConfig
06-27 00:28:48.384 I/QMMKVHandler( 6473): open fd[0x44], /data/user/0/com.tencent.mobileqq/files/mmkv/PandoraExConfig.crc
06-27 00:28:48.384 I/QMMKVHandler( 6473): loading [PandoraExConfig] with 0 actual size, file size 4096, InterProcess 1, meta info version:1
06-27 00:28:48.384 I/QMMKVHandler( 6473): loaded [PandoraExConfig] with 0 key-values
06-27 00:28:48.386 D/PandoraEx.ActivityMonitor( 6473): ActivityMonitor init success
06-27 00:28:48.388 D/PandoraEx.Utils( 6473): convertAndUpdateConfig: Config{module[default_module], systemApi[null], rules[{}], specialPage[null], isBanAccess[false], isBanBackgroundAccess[false], isReportRealTime[false], reportSampleRate[1], configHighFrequency[null}
06-27 00:28:48.390 E/PandoraEx.ConfigManager( 6473): initDefaultConfig initLevel is defaultConfig
06-27 00:28:48.390 D/PandoraEx.Utils( 6473): convertAndUpdateConfig: Config{module[default_module], systemApi[null], rules[{back=Rule{scene[back], strategy[cache_only], highFreq[null], cacheTime[0], silenceTime[0], reportRate[0], legalPage[[]], illegalPage[[]]}, before=Rule{scene[before], strategy[ban], highFreq[null], cacheTime[0], silenceTime[0], reportRate[0], legalPage[[]], illegalPage[[]]}}], specialPage[null], isBanAccess[false], isBanBackgroundAccess[false], isReportRealTime[false], reportSampleRate[1], configHighFrequency[null}
06-27 00:28:48.391 D/PandoraEx.Utils( 6473): convertAndUpdateConfig: Config{module[clipboard], systemApi[null], rules[{high_freq=Rule{scene[high_freq], strategy[normal], highFreq[ConfigHighFrequency{count[10], durationMillSecond[10000], actualDuration[0]}], cacheTime[0], silenceTime[0], reportRate[0], legalPage[[]], illegalPage[[]]}}], specialPage[null], isBanAccess[false], isBanBackgroundAccess[false], isReportRealTime[false], reportSampleRate[1], configHighFrequency[ConfigHighFrequency{count[10], durationMillSecond[10000], actualDuration[0]}}
06-27 00:28:48.391 D/PandoraEx.Utils( 6473): convertAndUpdateConfig: Config{module[contact], systemApi[null], rules[{back=Rule{scene[back], strategy[cache_only], highFreq[null], cacheTime[0], silenceTime[0], reportRate[0], legalPage[[]], illegalPage[[]]}}], specialPage[null], isBanAccess[false], isBanBackgroundAccess[true], isReportRealTime[false], reportSampleRate[1], configHighFrequency[null}
06-27 00:28:48.391 D/PandoraEx.Utils( 6473): convertAndUpdateConfig: Config{module[location], systemApi[null], rules[{back=Rule{scene[back], strategy[cache_only], highFreq[null], cacheTime[0], silenceTime[0], reportRate[0], legalPage[[]], illegalPage[[]]}}], specialPage[null], isBanAccess[false], isBanBackgroundAccess[true], isReportRealTime[false], reportSampleRate[1], configHighFrequency[null}
06-27 00:28:48.391 D/PandoraEx.Utils( 6473): convertAndUpdateConfig: Config{module[device], systemApi[null], rules[{normal=Rule{scene[normal], strategy[storage], highFreq[null], cacheTime[0], silenceTime[0], reportRate[0], legalPage[[]], illegalPage[[]]}}], specialPage[null], isBanAccess[false], isBanBackgroundAccess[false], isReportRealTime[false], reportSampleRate[1], configHighFrequency[null}
06-27 00:28:48.392 D/PandoraEx.Utils( 6473): convertAndUpdateConfig: Config{module[network], systemApi[WI#G_MA_ADDR], rules[{normal=Rule{scene[normal], strategy[storage], highFreq[null], cacheTime[0], silenceTime[0], reportRate[0], legalPage[[]], illegalPage[[]]}}], specialPage[null], isBanAccess[false], isBanBackgroundAccess[false], isReportRealTime[false], reportSampleRate[1], configHighFrequency[null}
06-27 00:28:48.392 D/PandoraEx.Utils( 6473): convertAndUpdateConfig: Config{module[network], systemApi[NI#G_HW_ADDR], rules[{normal=Rule{scene[normal], strategy[storage], highFreq[null], cacheTime[0], silenceTime[0], reportRate[0], legalPage[[]], illegalPage[[]]}}], specialPage[null], isBanAccess[false], isBanBackgroundAccess[false], isReportRealTime[false], reportSampleRate[1], configHighFrequency[null}
06-27 00:28:48.392 D/PandoraEx.Utils( 6473): convertAndUpdateConfig: Config{module[device], systemApi[TM#G_LI_NUM], rules[{normal=Rule{scene[normal], strategy[normal], highFreq[null], cacheTime[10000], silenceTime[0], reportRate[0], legalPage[[]], illegalPage[[]]}}], specialPage[null], isBanAccess[false], isBanBackgroundAccess[false], isReportRealTime[false], reportSampleRate[1], configHighFrequency[null}
06-27 00:28:48.392 D/PandoraEx.Utils( 6473): convertAndUpdateConfig: Config{module[device], systemApi[TM#G_SIM_OP], rules[{normal=Rule{scene[normal], strategy[normal], highFreq[null], cacheTime[10000], silenceTime[0], reportRate[0], legalPage[[]], illegalPage[[]]}}], specialPage[null], isBanAccess[false], isBanBackgroundAccess[false], isReportRealTime[false], reportSampleRate[1], configHighFrequency[null}
06-27 00:28:48.393 D/PandoraEx.Utils( 6473): convertAndUpdateConfig: Config{module[device], systemApi[TM#G_SIM_SE_NUM], rules[{normal=Rule{scene[normal], strategy[normal], highFreq[null], cacheTime[10000], silenceTime[0], reportRate[0], legalPage[[]], illegalPage[[]]}}], specialPage[null], isBanAccess[false], isBanBackgroundAccess[false], isReportRealTime[false], reportSampleRate[1], configHighFrequency[null}
06-27 00:28:48.393 D/PandoraEx.Utils( 6473): convertAndUpdateConfig: Config{module[sensor], systemApi[null], rules[{back=Rule{scene[back], strategy[normal], highFreq[null], cacheTime[0], silenceTime[0], reportRate[0], legalPage[[]], illegalPage[[]]}}], specialPage[null], isBanAccess[false], isBanBackgroundAccess[false], isReportRealTime[false], reportSampleRate[1], configHighFrequency[null}
06-27 00:28:48.393 D/TraceUtil( 6473): config cost = 7.103854
06-27 00:28:48.393 D/PandoraEx.Utils( 6473): convertAndUpdateConfig: Config{module[network], systemApi[WI#G_MA_ADDR], rules[{}], specialPage[null], isBanAccess[false], isBanBackgroundAccess[false], isReportRealTime[false], reportSampleRate[100000], configHighFrequency[null}
06-27 00:28:48.394 D/PandoraEx.Utils( 6473): convertAndUpdateConfig: Config{module[network], systemApi[NI#G_HW_ADDR], rules[{}], specialPage[null], isBanAccess[false], isBanBackgroundAccess[false], isReportRealTime[false], reportSampleRate[100000], configHighFrequency[null}
06-27 00:28:48.394 D/PandoraEx.Utils( 6473): convertAndUpdateConfig: Config{module[network], systemApi[NC#HAS_TRANS], rules[{normal=Rule{scene[normal], strategy[normal], highFreq[null], cacheTime[0], silenceTime[0], reportRate[0], legalPage[[]], illegalPage[[]]}, before=Rule{scene[before], strategy[ban], highFreq[null], cacheTime[0], silenceTime[0], reportRate[0], legalPage[[]], illegalPage[[]]}, back=Rule{scene[back], strategy[ban], highFreq[null], cacheTime[0], silenceTime[0], reportRate[0], legalPage[[]], illegalPage[[]]}}], specialPage[null], isBanAccess[false], isBanBackgroundAccess[false], isReportRealTime[false], reportSampleRate[100000], configHighFrequency[null}
06-27 00:28:48.394 D/PandoraEx.Utils( 6473): convertAndUpdateConfig: Config{module[default_module], systemApi[null], rules[{}], specialPage[null], isBanAccess[false], isBanBackgroundAccess[false], isReportRealTime[false], reportSampleRate[100000], configHighFrequency[null}
06-27 00:28:48.394 D/PandoraEx.Utils( 6473): convertAndUpdateConfig: Config{module[device], systemApi[null], rules[{}], specialPage[null], isBanAccess[false], isBanBackgroundAccess[false], isReportRealTime[false], reportSampleRate[100000], configHighFrequency[null}
06-27 00:28:48.395 D/PandoraEx.Utils( 6473): convertAndUpdateConfig: Config{module[device], systemApi[TM#G_LI_NUM], rules[{}], specialPage[null], isBanAccess[false], isBanBackgroundAccess[false], isReportRealTime[false], reportSampleRate[100000], configHighFrequency[null}
06-27 00:28:48.395 D/PandoraEx.Utils( 6473): convertAndUpdateConfig: Config{module[device], systemApi[TM#G_SIM_OP], rules[{}], specialPage[null], isBanAccess[false], isBanBackgroundAccess[false], isReportRealTime[false], reportSampleRate[100000], configHighFrequency[null}
06-27 00:28:48.395 D/PandoraEx.Utils( 6473): convertAndUpdateConfig: Config{module[device], systemApi[TM#G_SIM_SE_NUM], rules[{}], specialPage[null], isBanAccess[false], isBanBackgroundAccess[false], isReportRealTime[false], reportSampleRate[100000], configHighFrequency[null}
06-27 00:28:48.395 D/PandoraEx.Utils( 6473): convertAndUpdateConfig: Config{module[recorder], systemApi[null], rules[{normal=Rule{scene[normal], strategy[normal], highFreq[null], cacheTime[0], silenceTime[0], reportRate[0], legalPage[[]], illegalPage[[]]}, before=Rule{scene[before], strategy[ban], highFreq[null], cacheTime[0], silenceTime[0], reportRate[0], legalPage[[]], illegalPage[[]]}, back=Rule{scene[back], strategy[normal], highFreq[null], cacheTime[0], silenceTime[0], reportRate[0], legalPage[[]], illegalPage[[]]}}], specialPage[null], isBanAccess[false], isBanBackgroundAccess[false], isReportRealTime[false], reportSampleRate[10], configHighFrequency[null}
06-27 00:28:48.396 D/PandoraEx.Utils( 6473): convertAndUpdateConfig: Config{module[camera], systemApi[null], rules[{normal=Rule{scene[normal], strategy[normal], highFreq[null], cacheTime[0], silenceTime[0], reportRate[0], legalPage[[]], illegalPage[[]]}, before=Rule{scene[before], strategy[ban], highFreq[null], cacheTime[0], silenceTime[0], reportRate[0], legalPage[[]], illegalPage[[]]}, back=Rule{scene[back], strategy[normal], highFreq[null], cacheTime[0], silenceTime[0], reportRate[0], legalPage[[]], illegalPage[[]]}}], specialPage[null], isBanAccess[false], isBanBackgroundAccess[false], isReportRealTime[false], reportSampleRate[10], configHighFrequency[null}
06-27 00:28:48.396 D/PandoraEx.Utils( 6473): convertAndUpdateConfig: Config{module[contact], systemApi[null], rules[{normal=Rule{scene[normal], strategy[normal], highFreq[null], cacheTime[0], silenceTime[0], reportRate[0], legalPage[[]], illegalPage[[]]}, before=Rule{scene[before], strategy[ban], highFreq[null], cacheTime[0], silenceTime[0], reportRate[0], legalPage[[]], illegalPage[[]]}, back=Rule{scene[back], strategy[cache_only], highFreq[null], cacheTime[0], silenceTime[0], reportRate[0], legalPage[[]], illegalPage[[]]}}], specialPage[null], isBanAccess[false], isBanBackgroundAccess[false], isReportRealTime[false], reportSampleRate[100000], configHighFrequency[null}
06-27 00:28:48.397 D/PandoraEx.Utils( 6473): convertAndUpdateConfig: Config{module[location], systemApi[null], rules[{normal=Rule{scene[normal], strategy[normal], highFreq[null], cacheTime[0], silenceTime[0], reportRate[0], legalPage[[]], illegalPage[[]]}, before=Rule{scene[before], strategy[ban], highFreq[null], cacheTime[0], silenceTime[0], reportRate[0], legalPage[[]], illegalPage[[]]}, back=Rule{scene[back], strategy[cache_only], highFreq[null], cacheTime[0], silenceTime[0], reportRate[0], legalPage[[]], illegalPage[[]]}}], specialPage[null], isBanAccess[false], isBanBackgroundAccess[false], isReportRealTime[false], reportSampleRate[100000], configHighFrequency[null}
06-27 00:28:48.397 D/PandoraEx.Utils( 6473): convertAndUpdateConfig: Config{module[location], systemApi[TM#REQ_NW_SC#REC], rules[{normal=Rule{scene[normal], strategy[normal], highFreq[null], cacheTime[0], silenceTime[0], reportRate[0], legalPage[[]], illegalPage[[]]}, before=Rule{scene[before], strategy[ban], highFreq[null], cacheTime[0], silenceTime[0], reportRate[0], legalPage[[]], illegalPage[[]]}, back=Rule{scene[back], strategy[normal], highFreq[null], cacheTime[0], silenceTime[0], reportRate[0], legalPage[[]], illegalPage[[]]}}], specialPage[null], isBanAccess[false], isBanBackgroundAccess[false], isReportRealTime[false], reportSampleRate[100000], configHighFrequency[null}
06-27 00:28:48.398 D/PandoraEx.Utils( 6473): convertAndUpdateConfig: Config{module[location], systemApi[BLS#STRT_SC#S], rules[{normal=Rule{scene[normal], strategy[normal], highFreq[null], cacheTime[0], silenceTime[0], reportRate[0], legalPage[[]], illegalPage[[]]}, before=Rule{scene[before], strategy[ban], highFreq[null], cacheTime[0], silenceTime[0], reportRate[0], legalPage[[]], illegalPage[[]]}, back=Rule{scene[back], strategy[normal], highFreq[null], cacheTime[0], silenceTime[0], reportRate[0], legalPage[[]], illegalPage[[]]}}], specialPage[null], isBanAccess[false], isBanBackgroundAccess[false], isReportRealTime[false], reportSampleRate[100000], configHighFrequency[null}
06-27 00:28:48.398 D/PandoraEx.Utils( 6473): convertAndUpdateConfig: Config{module[location], systemApi[BLS#STRT_SC#LSS], rules[{normal=Rule{scene[normal], strategy[normal], highFreq[null], cacheTime[0], silenceTime[0], reportRate[0], legalPage[[]], illegalPage[[]]}, before=Rule{scene[before], strategy[ban], highFreq[null], cacheTime[0], silenceTime[0], reportRate[0], legalPage[[]], illegalPage[[]]}, back=Rule{scene[back], strategy[normal], highFreq[null], cacheTime[0], silenceTime[0], reportRate[0], legalPage[[]], illegalPage[[]]}}], specialPage[null], isBanAccess[false], isBanBackgroundAccess[false], isReportRealTime[false], reportSampleRate[100000], configHighFrequency[null}
06-27 00:28:48.398 D/PandoraEx.Utils( 6473): convertAndUpdateConfig: Config{module[location], systemApi[BLS#STRT_SC#LSP], rules[{normal=Rule{scene[normal], strategy[normal], highFreq[null], cacheTime[0], silenceTime[0], reportRate[0], legalPage[[]], illegalPage[[]]}, before=Rule{scene[before], strategy[ban], highFreq[null], cacheTime[0], silenceTime[0], reportRate[0], legalPage[[]], illegalPage[[]]}, back=Rule{scene[back], strategy[normal], highFreq[null], cacheTime[0], silenceTime[0], reportRate[0], legalPage[[]], illegalPage[[]]}}], specialPage[null], isBanAccess[false], isBanBackgroundAccess[false], isReportRealTime[false], reportSampleRate[100000], configHighFrequency[null}
06-27 00:28:48.399 D/PandoraEx.Utils( 6473): convertAndUpdateConfig: Config{module[location], systemApi[BA#STRT_DIS_COV], rules[{normal=Rule{scene[normal], strategy[normal], highFreq[null], cacheTime[0], silenceTime[0], reportRate[0], legalPage[[]], illegalPage[[]]}, before=Rule{scene[before], strategy[ban], highFreq[null], cacheTime[0], silenceTime[0], reportRate[0], legalPage[[]], illegalPage[[]]}, back=Rule{scene[back], strategy[normal], highFreq[null], cacheTime[0], silenceTime[0], reportRate[0], legalPage[[]], illegalPage[[]]}}], specialPage[null], isBanAccess[false], isBanBackgroundAccess[false], isReportRealTime[false], reportSampleRate[100000], configHighFrequency[null}
06-27 00:28:48.399 D/PandoraEx.Utils( 6473): convertAndUpdateConfig: Config{module[location], systemApi[BA#STRT_LE_SC#L], rules[{normal=Rule{scene[normal], strategy[normal], highFreq[null], cacheTime[0], silenceTime[0], reportRate[0], legalPage[[]], illegalPage[[]]}, before=Rule{scene[before], strategy[ban], highFreq[null], cacheTime[0], silenceTime[0], reportRate[0], legalPage[[]], illegalPage[[]]}, back=Rule{scene[back], strategy[normal], highFreq[null], cacheTime[0], silenceTime[0], reportRate[0], legalPage[[]], illegalPage[[]]}}], specialPage[null], isBanAccess[false], isBanBackgroundAccess[false], isReportRealTime[false], reportSampleRate[100000], configHighFrequency[null}
06-27 00:28:48.399 D/PandoraEx.Utils( 6473): convertAndUpdateConfig: Config{module[location], systemApi[BA#STRT_LE_SC#UL], rules[{normal=Rule{scene[normal], strategy[normal], highFreq[null], cacheTime[0], silenceTime[0], reportRate[0], legalPage[[]], illegalPage[[]]}, before=Rule{scene[before], strategy[ban], highFreq[null], cacheTime[0], silenceTime[0], reportRate[0], legalPage[[]], illegalPage[[]]}, back=Rule{scene[back], strategy[normal], highFreq[null], cacheTime[0], silenceTime[0], reportRate[0], legalPage[[]], illegalPage[[]]}}], specialPage[null], isBanAccess[false], isBanBackgroundAccess[false], isReportRealTime[false], reportSampleRate[100000], configHighFrequency[null}
06-27 00:28:48.400 D/PandoraEx.Utils( 6473): convertAndUpdateConfig: Config{module[location], systemApi[TM#G_SER_STATE], rules[{normal=Rule{scene[normal], strategy[normal], highFreq[null], cacheTime[0], silenceTime[0], reportRate[0], legalPage[[]], illegalPage[[]]}, before=Rule{scene[before], strategy[ban], highFreq[null], cacheTime[0], silenceTime[0], reportRate[0], legalPage[[]], illegalPage[[]]}, back=Rule{scene[back], strategy[normal], highFreq[null], cacheTime[0], silenceTime[0], reportRate[0], legalPage[[]], illegalPage[[]]}}], specialPage[null], isBanAccess[false], isBanBackgroundAccess[false], isReportRealTime[false], reportSampleRate[100000], configHighFrequency[null}
06-27 00:28:48.400 D/PandoraEx.Utils( 6473): convertAndUpdateConfig: Config{module[location], systemApi[TM#LIS#PI], rules[{normal=Rule{scene[normal], strategy[normal], highFreq[null], cacheTime[0], silenceTime[0], reportRate[0], legalPage[[]], illegalPage[[]]}, before=Rule{scene[before], strategy[ban], highFreq[null], cacheTime[0], silenceTime[0], reportRate[0], legalPage[[]], illegalPage[[]]}, back=Rule{scene[back], strategy[normal], highFreq[null], cacheTime[0], silenceTime[0], reportRate[0], legalPage[[]], illegalPage[[]]}}], specialPage[null], isBanAccess[false], isBanBackgroundAccess[false], isReportRealTime[false], reportSampleRate[100000], configHighFrequency[null}
06-27 00:28:48.400 D/PandoraEx.Utils( 6473): convertAndUpdateConfig: Config{module[network], systemApi[null], rules[{normal=Rule{scene[normal], strategy[normal], highFreq[null], cacheTime[0], silenceTime[0], reportRate[0], legalPage[[]], illegalPage[[]]}, before=Rule{scene[before], strategy[ban], highFreq[null], cacheTime[0], silenceTime[0], reportRate[0], legalPage[[]], illegalPage[[]]}, back=Rule{scene[back], strategy[normal], highFreq[null], cacheTime[0], silenceTime[0], reportRate[0], legalPage[[]], illegalPage[[]]}}], specialPage[null], isBanAccess[false], isBanBackgroundAccess[false], isReportRealTime[false], reportSampleRate[100000], configHighFrequency[null}
06-27 00:28:48.401 D/PandoraEx.Utils( 6473): convertAndUpdateConfig: Config{module[network], systemApi[NI#G_TYPE], rules[{normal=Rule{scene[normal], strategy[normal], highFreq[null], cacheTime[0], silenceTime[0], reportRate[0], legalPage[[]], illegalPage[[]]}, before=Rule{scene[before], strategy[ban], highFreq[null], cacheTime[0], silenceTime[0], reportRate[0], legalPage[[]], illegalPage[[]]}, back=Rule{scene[back], strategy[normal], highFreq[null], cacheTime[0], silenceTime[0], reportRate[0], legalPage[[]], illegalPage[[]]}}], specialPage[null], isBanAccess[false], isBanBackgroundAccess[false], isReportRealTime[false], reportSampleRate[5000000], configHighFrequency[null}
06-27 00:28:48.401 D/PandoraEx.Utils( 6473): convertAndUpdateConfig: Config{module[clipboard], systemApi[CM#G_PRI_CLIP_DESC], rules[{normal=Rule{scene[normal], strategy[normal], highFreq[null], cacheTime[0], silenceTime[0], reportRate[0], legalPage[[]], illegalPage[[]]}, before=Rule{scene[before], strategy[ban], highFreq[null], cacheTime[0], silenceTime[0], reportRate[0], legalPage[[]], illegalPage[[]]}, back=Rule{scene[back], strategy[cache_only], highFreq[null], cacheTime[0], silenceTime[0], reportRate[0], legalPage[[]], illegalPage[[]]}}], specialPage[null], isBanAccess[false], isBanBackgroundAccess[false], isReportRealTime[false], reportSampleRate[10000000], configHighFrequency[null}
06-27 00:28:48.402 D/PandoraEx.Utils( 6473): convertAndUpdateConfig: Config{module[clipboard], systemApi[CM#HAS_PRI_CLIP], rules[{normal=Rule{scene[normal], strategy[normal], highFreq[null], cacheTime[0], silenceTime[0], reportRate[0], legalPage[[]], illegalPage[[]]}, before=Rule{scene[before], strategy[ban], highFreq[null], cacheTime[0], silenceTime[0], reportRate[0], legalPage[[]], illegalPage[[]]}, back=Rule{scene[back], strategy[cache_only], highFreq[null], cacheTime[0], silenceTime[0], reportRate[0], legalPage[[]], illegalPage[[]]}}], specialPage[null], isBanAccess[false], isBanBackgroundAccess[false], isReportRealTime[false], reportSampleRate[5000000], configHighFrequency[null}
06-27 00:28:48.402 D/PandoraEx.Utils( 6473): convertAndUpdateConfig: Config{module[sensor], systemApi[null], rules[{normal=Rule{scene[normal], strategy[normal], highFreq[null], cacheTime[0], silenceTime[0], reportRate[0], legalPage[[]], illegalPage[[]]}, before=Rule{scene[before], strategy[ban], highFreq[null], cacheTime[0], silenceTime[0], reportRate[0], legalPage[[]], illegalPage[[]]}, back=Rule{scene[back], strategy[normal], highFreq[null], cacheTime[0], silenceTime[0], reportRate[0], legalPage[[]], illegalPage[[]]}}], specialPage[null], isBanAccess[false], isBanBackgroundAccess[false], isReportRealTime[false], reportSampleRate[100000], configHighFrequency[null}
06-27 00:28:48.402 D/PandoraEx.Utils( 6473): convertAndUpdateConfig: Config{module[mediaFile], systemApi[null], rules[{normal=Rule{scene[normal], strategy[normal], highFreq[null], cacheTime[0], silenceTime[0], reportRate[0], legalPage[[]], illegalPage[[]]}, before=Rule{scene[before], strategy[ban], highFreq[null], cacheTime[0], silenceTime[0], reportRate[0], legalPage[[]], illegalPage[[]]}, back=Rule{scene[back], strategy[normal], highFreq[null], cacheTime[0], silenceTime[0], reportRate[0], legalPage[[]], illegalPage[[]]}}], specialPage[null], isBanAccess[false], isBanBackgroundAccess[false], isReportRealTime[false], reportSampleRate[100000], configHighFrequency[null}
06-27 00:28:48.403 D/PandoraEx.Utils( 6473): convertAndUpdateConfig: Config{module[network], systemApi[WI#G_MA_ADDR], rules[{normal=Rule{scene[normal], strategy[storage], highFreq[null], cacheTime[0], silenceTime[0], reportRate[0], legalPage[[]], illegalPage[[]]}, before=Rule{scene[before], strategy[ban], highFreq[null], cacheTime[0], silenceTime[0], reportRate[0], legalPage[[]], illegalPage[[]]}, back=Rule{scene[back], strategy[cache_only], highFreq[null], cacheTime[0], silenceTime[0], reportRate[0], legalPage[[]], illegalPage[[]]}}], specialPage[null], isBanAccess[false], isBanBackgroundAccess[false], isReportRealTime[false], reportSampleRate[20000], configHighFrequency[null}
06-27 00:28:48.403 D/PandoraEx.Utils( 6473): convertAndUpdateConfig: Config{module[network], systemApi[NI#G_HW_ADDR], rules[{normal=Rule{scene[normal], strategy[storage], highFreq[null], cacheTime[0], silenceTime[0], reportRate[0], legalPage[[]], illegalPage[[]]}, before=Rule{scene[before], strategy[ban], highFreq[null], cacheTime[0], silenceTime[0], reportRate[0], legalPage[[]], illegalPage[[]]}, back=Rule{scene[back], strategy[cache_only], highFreq[null], cacheTime[0], silenceTime[0], reportRate[0], legalPage[[]], illegalPage[[]]}}], specialPage[null], isBanAccess[false], isBanBackgroundAccess[false], isReportRealTime[false], reportSampleRate[20000], configHighFrequency[null}
06-27 00:28:48.403 D/PandoraEx.Utils( 6473): convertAndUpdateConfig: Config{module[network], systemApi[SE#G_AID], rules[{normal=Rule{scene[normal], strategy[storage], highFreq[null], cacheTime[0], silenceTime[0], reportRate[0], legalPage[[]], illegalPage[[]]}, before=Rule{scene[before], strategy[ban], highFreq[null], cacheTime[0], silenceTime[0], reportRate[0], legalPage[[]], illegalPage[[]]}, back=Rule{scene[back], strategy[cache_only], highFreq[null], cacheTime[0], silenceTime[0], reportRate[0], legalPage[[]], illegalPage[[]]}}], specialPage[null], isBanAccess[false], isBanBackgroundAccess[false], isReportRealTime[false], reportSampleRate[500000], configHighFrequency[null}
06-27 00:28:48.404 D/PandoraEx.Utils( 6473): convertAndUpdateConfig: Config{module[appinfo], systemApi[null], rules[{normal=Rule{scene[normal], strategy[normal], highFreq[null], cacheTime[0], silenceTime[0], reportRate[0], legalPage[[]], illegalPage[[]]}, before=Rule{scene[before], strategy[ban], highFreq[null], cacheTime[0], silenceTime[0], reportRate[0], legalPage[[]], illegalPage[[]]}, back=Rule{scene[back], strategy[normal], highFreq[null], cacheTime[0], silenceTime[0], reportRate[0], legalPage[[]], illegalPage[[]]}}], specialPage[null], isBanAccess[false], isBanBackgroundAccess[false], isReportRealTime[false], reportSampleRate[10000], configHighFrequency[null}
06-27 00:28:48.404 D/ViewTouchDebug( 2649): mView : DecorView@73205d0[QuickstepLauncher]Receive event : MotionEvent { action=ACTION_UP, actionButton=0, id[0]=0, x[0]=2389.0, y[0]=552.0, toolType[0]=TOOL_TYPE_FINGER, buttonState=0, classification=NONE, metaState=0, flags=0x0, edgeFlags=0x0, pointerCount=1, historySize=0, eventTime=75973, downTime=75919, deviceId=2, source=0x5002, displayId=0, eventId=672580192 }
06-27 00:28:48.404 D/PandoraEx.Utils( 6473): convertAndUpdateConfig: Config{module[device], systemApi[TM#G_LI_NUM], rules[{normal=Rule{scene[normal], strategy[ban], highFreq[null], cacheTime[0], silenceTime[0], reportRate[0], legalPage[[]], illegalPage[[]]}, before=Rule{scene[before], strategy[ban], highFreq[null], cacheTime[0], silenceTime[0], reportRate[0], legalPage[[]], illegalPage[[]]}, back=Rule{scene[back], strategy[ban], highFreq[null], cacheTime[0], silenceTime[0], reportRate[0], legalPage[[]], illegalPage[[]]}}], specialPage[null], isBanAccess[false], isBanBackgroundAccess[false], isReportRealTime[false], reportSampleRate[100000], configHighFrequency[null}
06-27 00:28:48.404 D/PandoraEx.Utils( 6473): convertAndUpdateConfig: Config{module[device], systemApi[TM#G_SIM_SE_NUM], rules[{normal=Rule{scene[normal], strategy[ban], highFreq[null], cacheTime[0], silenceTime[0], reportRate[0], legalPage[[]], illegalPage[[]]}, before=Rule{scene[before], strategy[ban], highFreq[null], cacheTime[0], silenceTime[0], reportRate[0], legalPage[[]], illegalPage[[]]}, back=Rule{scene[back], strategy[ban], highFreq[null], cacheTime[0], silenceTime[0], reportRate[0], legalPage[[]], illegalPage[[]]}}], specialPage[null], isBanAccess[false], isBanBackgroundAccess[false], isReportRealTime[false], reportSampleRate[100000], configHighFrequency[null}
06-27 00:28:48.405 D/PandoraEx.Utils( 6473): convertAndUpdateConfig: Config{module[device], systemApi[TM#G_UICC_INFO], rules[{normal=Rule{scene[normal], strategy[ban], highFreq[null], cacheTime[0], silenceTime[0], reportRate[0], legalPage[[]], illegalPage[[]]}, before=Rule{scene[before], strategy[ban], highFreq[null], cacheTime[0], silenceTime[0], reportRate[0], legalPage[[]], illegalPage[[]]}, back=Rule{scene[back], strategy[ban], highFreq[null], cacheTime[0], silenceTime[0], reportRate[0], legalPage[[]], illegalPage[[]]}}], specialPage[null], isBanAccess[false], isBanBackgroundAccess[false], isReportRealTime[false], reportSampleRate[100000], configHighFrequency[null}
06-27 00:28:48.405 D/PandoraEx.Utils( 6473): convertAndUpdateConfig: Config{module[device], systemApi[TM#G_IM], rules[{normal=Rule{scene[normal], strategy[ban], highFreq[null], cacheTime[0], silenceTime[0], reportRate[0], legalPage[[]], illegalPage[[]]}, before=Rule{scene[before], strategy[ban], highFreq[null], cacheTime[0], silenceTime[0], reportRate[0], legalPage[[]], illegalPage[[]]}, back=Rule{scene[back], strategy[ban], highFreq[null], cacheTime[0], silenceTime[0], reportRate[0], legalPage[[]], illegalPage[[]]}}], specialPage[null], isBanAccess[false], isBanBackgroundAccess[false], isReportRealTime[false], reportSampleRate[1000000], configHighFrequency[null}
06-27 00:28:48.405 D/PandoraEx.Utils( 6473): convertAndUpdateConfig: Config{module[device], systemApi[TM#G_IM#I], rules[{normal=Rule{scene[normal], strategy[ban], highFreq[null], cacheTime[0], silenceTime[0], reportRate[0], legalPage[[]], illegalPage[[]]}, before=Rule{scene[before], strategy[ban], highFreq[null], cacheTime[0], silenceTime[0], reportRate[0], legalPage[[]], illegalPage[[]]}, back=Rule{scene[back], strategy[ban], highFreq[null], cacheTime[0], silenceTime[0], reportRate[0], legalPage[[]], illegalPage[[]]}}], specialPage[null], isBanAccess[false], isBanBackgroundAccess[false], isReportRealTime[false], reportSampleRate[1000000], configHighFrequency[null}
06-27 00:28:48.405 D/PandoraEx.Utils( 6473): convertAndUpdateConfig: Config{module[device], systemApi[TM#G_DID], rules[{normal=Rule{scene[normal], strategy[ban], highFreq[null], cacheTime[0], silenceTime[0], reportRate[0], legalPage[[]], illegalPage[[]]}, before=Rule{scene[before], strategy[ban], highFreq[null], cacheTime[0], silenceTime[0], reportRate[0], legalPage[[]], illegalPage[[]]}, back=Rule{scene[back], strategy[ban], highFreq[null], cacheTime[0], silenceTime[0], reportRate[0], legalPage[[]], illegalPage[[]]}}], specialPage[null], isBanAccess[false], isBanBackgroundAccess[false], isReportRealTime[false], reportSampleRate[1000000], configHighFrequency[null}
06-27 00:28:48.406 D/PandoraEx.Utils( 6473): convertAndUpdateConfig: Config{module[device], systemApi[TM#G_DID#I], rules[{normal=Rule{scene[normal], strategy[ban], highFreq[null], cacheTime[0], silenceTime[0], reportRate[0], legalPage[[]], illegalPage[[]]}, before=Rule{scene[before], strategy[ban], highFreq[null], cacheTime[0], silenceTime[0], reportRate[0], legalPage[[]], illegalPage[[]]}, back=Rule{scene[back], strategy[ban], highFreq[null], cacheTime[0], silenceTime[0], reportRate[0], legalPage[[]], illegalPage[[]]}}], specialPage[null], isBanAccess[false], isBanBackgroundAccess[false], isReportRealTime[false], reportSampleRate[1000000], configHighFrequency[null}
06-27 00:28:48.406 D/PandoraEx.Utils( 6473): convertAndUpdateConfig: Config{module[device], systemApi[TM#G_SID], rules[{normal=Rule{scene[normal], strategy[ban], highFreq[null], cacheTime[0], silenceTime[0], reportRate[0], legalPage[[]], illegalPage[[]]}, before=Rule{scene[before], strategy[ban], highFreq[null], cacheTime[0], silenceTime[0], reportRate[0], legalPage[[]], illegalPage[[]]}, back=Rule{scene[back], strategy[ban], highFreq[null], cacheTime[0], silenceTime[0], reportRate[0], legalPage[[]], illegalPage[[]]}}], specialPage[null], isBanAccess[false], isBanBackgroundAccess[false], isReportRealTime[false], reportSampleRate[200000], configHighFrequency[null}
06-27 00:28:48.406 D/PandoraEx.Utils( 6473): convertAndUpdateConfig: Config{module[device], systemApi[TM#G_MID], rules[{normal=Rule{scene[normal], strategy[ban], highFreq[null], cacheTime[0], silenceTime[0], reportRate[0], legalPage[[]], illegalPage[[]]}, before=Rule{scene[before], strategy[ban], highFreq[null], cacheTime[0], silenceTime[0], reportRate[0], legalPage[[]], illegalPage[[]]}, back=Rule{scene[back], strategy[ban], highFreq[null], cacheTime[0], silenceTime[0], reportRate[0], legalPage[[]], illegalPage[[]]}}], specialPage[null], isBanAccess[false], isBanBackgroundAccess[false], isReportRealTime[false], reportSampleRate[300000], configHighFrequency[null}
06-27 00:28:48.406 D/PandoraEx.Utils( 6473): convertAndUpdateConfig: Config{module[device], systemApi[TM#G_MID#I], rules[{normal=Rule{scene[normal], strategy[ban], highFreq[null], cacheTime[0], silenceTime[0], reportRate[0], legalPage[[]], illegalPage[[]]}, before=Rule{scene[before], strategy[ban], highFreq[null], cacheTime[0], silenceTime[0], reportRate[0], legalPage[[]], illegalPage[[]]}, back=Rule{scene[back], strategy[ban], highFreq[null], cacheTime[0], silenceTime[0], reportRate[0], legalPage[[]], illegalPage[[]]}}], specialPage[null], isBanAccess[false], isBanBackgroundAccess[false], isReportRealTime[false], reportSampleRate[300000], configHighFrequency[null}
06-27 00:28:48.406 D/PandoraEx.Utils( 6473): convertAndUpdateConfig: Config{module[network], systemApi[TM#G_DA_NET_TYPE], rules[{normal=Rule{scene[normal], strategy[ban], highFreq[null], cacheTime[0], silenceTime[0], reportRate[0], legalPage[[]], illegalPage[[]]}, before=Rule{scene[before], strategy[ban], highFreq[null], cacheTime[0], silenceTime[0], reportRate[0], legalPage[[]], illegalPage[[]]}, back=Rule{scene[back], strategy[ban], highFreq[null], cacheTime[0], silenceTime[0], reportRate[0], legalPage[[]], illegalPage[[]]}}], specialPage[null], isBanAccess[false], isBanBackgroundAccess[false], isReportRealTime[false], reportSampleRate[300000], configHighFrequency[null}
06-27 00:28:48.407 D/PandoraEx.Utils( 6473): convertAndUpdateConfig: Config{module[device], systemApi[BU#MODEL], rules[{normal=Rule{scene[normal], strategy[storage], highFreq[null], cacheTime[86400000], silenceTime[0], reportRate[0], legalPage[[]], illegalPage[[]]}, before=Rule{scene[before], strategy[ban], highFreq[null], cacheTime[0], silenceTime[0], reportRate[0], legalPage[[]], illegalPage[[]]}, back=Rule{scene[back], strategy[cache_only], highFreq[null], cacheTime[0], silenceTime[0], reportRate[0], legalPage[[]], illegalPage[[]]}}], specialPage[null], isBanAccess[false], isBanBackgroundAccess[false], isReportRealTime[false], reportSampleRate[20000000], configHighFrequency[null}
06-27 00:28:48.407 D/PrivacyProtectionManager( 6473): getConfigFormMmkv begin
06-27 00:28:48.407 D/PrivacyMonitorConfigProcessor( 6473): [config] getConfigFormMMKV: PrivacyMonitorConfigBean{ configList = [] isUseOldConfig = true}
06-27 00:28:48.409 W/SingletonPool( 6473): create com.tencent.mobileqq.unitedconfig_android.api.impl.UnitedConfigManagerImpl
06-27 00:28:48.410 D/StateManager( 2649): goToState: Normal
06-27 00:28:48.411 I/thunderperf( 1538): Maybe need boostperf for current app!
06-27 00:28:48.412 I/ThunderPerfManager( 1538): Start bindService: PERF_SERVICE=com.thundercomm.gamemode.perfservice service=android.os.BinderProxy@bc5865d
06-27 00:28:48.413 D/FgBoostPerfService( 2014): [FgBoostPerfService.perfBoostAcq]start: stat=true pkgName=com.android.settings
06-27 00:28:48.413 I/FgBoostPerfService( 2014): [FgBoostPerfService.perfBoostAcq] not game-mode or game app!
06-27 00:28:48.413 I/ThunderPerfManager( 1538): PerfAcq error : state=true pkgName=com.android.settings
06-27 00:28:48.413 D/SoLoadCore( 6473): loadSo begin, libName[c++_shared]
