06-27 00:27:48.025 I/[ 15.596086] [schedu][0x14e44dbf][00( 0): 27:48.025536] wlan: [3212:I:WMI] send_vdev_start_cmd_tlv: 1062: send_vdev_start_cmd_tlv: vdev_id 0 freq 5785 chanmode 18 ch_info: 0x12 is_dfs 0 beacon interval 100 dtim 0 center_chan 5775 center_freq2 0 reg_info_1: 0x180000 reg_info_2: 0x1800, req->max_txpow: 0x18 Tx SS 1, Rx SS 1, ldpc_rx: 0, cac 0, regd 4, HE ops: 0req->dis_hw_ack: 0
06-27 00:27:48.037 E/wificond( 1209): NL80211_CMD_TRIGGER_SCAN failed: Device or resource busy
06-27 00:27:48.041 I/GameModeConfig( 1538): isGameModeOn = false
06-27 00:27:48.041 I/GameModeConfig( 1538): isGameModeOn = false
06-27 00:27:48.041 I/GameModeConfig( 1538): isGameModeOn = false
06-27 00:27:48.047 E/[ 15.607701] [wifico][0x14e7b49f][00( 0): 27:48.037147] wlan: [1209:E:HDD] __wlan_hdd_cfg80211_scan: 572: Scan not allowed. scan_ebusy_cnt: 1 Session 0 Reason 1
06-27 00:27:48.047 I/[ 15.615146] binder( 0): 3990:3990 ioctl 40046210 7fdc24c794 returned -22
06-27 00:27:48.057 I/GameModeConfig( 1538): isGameModeOn = false
06-27 00:27:48.057 I/GameModeConfig( 1538): isGameModeOn = false
06-27 00:27:48.057 I/GameModeConfig( 1538): isGameModeOn = false
06-27 00:27:48.057 I/GameModeConfig( 1538): isGameModeOn = false
06-27 00:27:48.057 I/GameModeConfig( 1538): isGameModeOn = false
06-27 00:27:48.057 I/GameModeConfig( 1538): isGameModeOn = false
06-27 00:27:48.057 I/GameModeConfig( 1538): isGameModeOn = false
06-27 00:27:48.057 I/GameModeConfig( 1538): isGameModeOn = false
06-27 00:27:48.057 I/GameModeConfig( 1538): isGameModeOn = false
06-27 00:27:48.136 W/ContextImpl( 3990): Calling a method in the system process without a qualified user: android.app.ContextImpl.startService:1816 android.content.ContextWrapper.startService:774 android.content.ContextWrapper.startService:774 com.qti.diagservices.Diag_OnBoot.onReceive:40 android.app.ActivityThread.handleReceiver:4309
06-27 00:27:48.153 I/Telecom ( 1538): DefaultDialerCache: Refreshing default dialer for user 0: now null: DDC.oR@ABI
06-27 00:27:48.153 I/Telecom ( 1538): MissedCallNotifierImpl: reloadAfterBootComplete: user=0: TSBCR.oR@ABM
06-27 00:27:48.154 I/Telecom ( 1538): MissedCallNotifierImpl: reloadAfterBootComplete: user=0: TSBCR.oR@ABM
06-27 00:27:48.156 D/CompatibilityChangeReporter( 1538): Compat change id reported: 135634846; UID 1000; state: DISABLED
06-27 00:27:48.156 D/CompatibilityChangeReporter( 1538): Compat change id reported: 177438394; UID 1000; state: DISABLED
06-27 00:27:48.156 D/CompatibilityChangeReporter( 1538): Compat change id reported: 135772972; UID 1000; state: DISABLED
06-27 00:27:48.156 D/CompatibilityChangeReporter( 1538): Compat change id reported: 135754954; UID 1000; state: ENABLED
06-27 00:27:48.164 I/ActivityManager( 1538): Start proc 4014:com.android.dynsystem/1000 for broadcast {com.android.dynsystem/com.android.dynsystem.BootCompletedReceiver}
06-27 00:27:48.169 I/[ 15.732851] [soft_i][0x150c5d56][00( 0): 27:48.162277] wlan: [0:I:TXRX] HTT_T2H_MSG_TYPE_PEER_MAP msg for peer id 11 vdev id 0 n
06-27 00:27:48.169 E/[ 15.732873] [soft_i][0x150c60b1][00( 0): 27:48.162322] wlan: [0:E:DP] dp_peer_find_add_id: peer 0000000000000000 ID 11 vid 0 mac 04:d9:f5:fb:09:94
06-27 00:27:48.169 I/[ 15.732887] [soft_i][0x150c61b1][00( 0): 27:48.162335] wlan: [0:I:DP] dp_peer_find_add_id: ref_cnt: 2
06-27 00:27:48.169 E/[ 15.732898] [soft_i][0x150c6285][00( 0): 27:48.162346] wlan: [0:E:DP] dp_peer_map_ast: peer 0000000000000000 ID 3 vid 0 mac 04:d9:f5:fb:09:94
06-27 00:27:48.181 I/[ 15.747359] binder( 0): 4014:4014 ioctl 40046210 7fdc24c794 returned -22
06-27 00:27:48.181 D/CompatibilityChangeReporter( 1538): Compat change id reported: 168419799; UID 1000; state: DISABLED
06-27 00:27:48.240 D/CompatibilityChangeReporter( 1538): Compat change id reported: 135634846; UID 1000; state: DISABLED
06-27 00:27:48.240 D/CompatibilityChangeReporter( 1538): Compat change id reported: 177438394; UID 1000; state: DISABLED
06-27 00:27:48.240 D/CompatibilityChangeReporter( 1538): Compat change id reported: 135772972; UID 1000; state: DISABLED
06-27 00:27:48.240 D/CompatibilityChangeReporter( 1538): Compat change id reported: 135754954; UID 1000; state: ENABLED
06-27 00:27:48.245 I/ActivityManager( 1538): com.android.managedprovisioning is exempt from freezer
06-27 00:27:48.246 D/CompatibilityChangeReporter( 1538): Compat change id reported: 135634846; UID 10031; state: DISABLED
06-27 00:27:48.246 D/CompatibilityChangeReporter( 1538): Compat change id reported: 177438394; UID 10031; state: DISABLED
06-27 00:27:48.246 D/CompatibilityChangeReporter( 1538): Compat change id reported: 135772972; UID 10031; state: DISABLED
06-27 00:27:48.246 D/CompatibilityChangeReporter( 1538): Compat change id reported: 135754954; UID 10031; state: ENABLED
06-27 00:27:48.246 I/ActivityManager( 1538): Killing 3896:com.android.localtransport/1000 (adj 905): empty #2
06-27 00:27:48.248 I/ActivityManager( 1538): Start proc 4035:com.android.dynsystem:dynsystem/1000 for service {com.android.dynsystem/com.android.dynsystem.DynamicSystemInstallationService}
06-27 00:27:48.249 D/CompatibilityChangeReporter( 1538): Compat change id reported: 143937733; UID 10031; state: ENABLED
06-27 00:27:48.257 I/ActivityManager( 1538): Start proc 4036:com.android.managedprovisioning/u0a31 for broadcast {com.android.managedprovisioning/com.android.managedprovisioning.BootReminder}
06-27 00:27:48.265 I/[ 15.835743] binder( 0): 4035:4035 ioctl 40046210 7fdc24c794 returned -22
06-27 00:27:48.273 I/[ 15.841666] binder( 0): 4036:4036 ioctl 40046210 7fdc24c794 returned -22
06-27 00:27:48.277 D/CompatibilityChangeReporter( 1538): Compat change id reported: 168419799; UID 10031; state: DISABLED
06-27 00:27:48.321 I/[ 15.891085] [schedu][0x153aba3f][00( 0): 27:48.320529] wlan: [3212:I:PE] SAE Auth RX type 0 subtype 11 from 04:d9:f5:fb:09:94
06-27 00:27:48.327 I/[ 15.896466] [schedu][0x153c4e18][00( 0): 27:48.325914] wlan: [3212:I:PE] Assoc req TX: vdev 0 to 04:d9:f5:fb:09:94 seq num 2055
06-27 00:27:48.331 I/[ 15.899736] [schedu][0x153d434c][00( 0): 27:48.329183] wlan: [3212:I:PE] Assoc req TX: success
06-27 00:27:48.334 I/GameModeConfig( 1538): isGameModeOn = false
06-27 00:27:48.334 I/GameModeConfig( 1538): isGameModeOn = false
06-27 00:27:48.334 I/GameModeConfig( 1538): isGameModeOn = false
06-27 00:27:48.337 E/[ 15.907162] [schedu][0x153f7043][00( 0): 27:48.336609] wlan: [3212:E:QDF] Cannot malloc 0 bytes @ csr_get_cfg_max_tx_power:14199
06-27 00:27:48.337 E/[ 15.907173] [schedu][0x153f7146][00( 0): 27:48.336623] wlan: [3212:E:QDF] Cannot malloc 0 bytes @ csr_get_cfg_max_tx_power:14199
06-27 00:27:48.337 E/[ 15.907552] [soft_i][0x153f8db3][00( 0): 27:48.337002] wlan: [0:E:DP] dp_tx_initialize_threshold: tx flow control threshold is set, pool size is 4096
06-27 00:27:48.337 I/[ 15.907602] [schedu][0x153f9175][00( 0): 27:48.337052] wlan: [3212:I:HDD] wlan0(vdevid-0): fa:27:2c:b4:fd:33 connected to 04:d9:f5:fb:09:94
06-27 00:27:48.337 E/[ 15.907880] [kworke][0x153fa65a][00( 0): 27:48.337331] wlan: [291:E:WMA] Rx unprotected unicast mgmt frame
06-27 00:27:48.337 E/[ 15.907898] [kworke][0x153fa7b5][00( 0): 27:48.337349] wlan: [291:E:WMA] Rx unprotected unicast mgmt frame
06-27 00:27:48.337 E/[ 15.907914] [kworke][0x153fa8eb][00( 0): 27:48.337365] wlan: [291:E:WMA] Rx unprotected unicast mgmt frame
06-27 00:27:48.341 I/[ 15.911467] [dp_rx_][0x1540b31d][00( 0): 27:48.340914] wlan: [3229:I:QDF] EAPOL-1 RX: SA:04:d9:f5:fb:09:94 DA:fa:27:2c:b4:fd:33
06-27 00:27:48.341 E/[ 15.911549] [schedu][0x1540b96f][00( 0): 27:48.340998] wlan: [3212:E:PE] lim_drop_unprotected_action_frame: 1614: Dropping unprotected Action category: 3 frame since RMF is enabled
06-27 00:27:48.341 E/[ 15.911570] [schedu][0x1540bb1b][00( 0): 27:48.341021] wlan: [3212:E:PE] lim_drop_unprotected_action_frame: 1614: Dropping unprotected Action category: 3 frame since RMF is enabled
06-27 00:27:48.341 E/[ 15.911584] [schedu][0x1540bc2d][00( 0): 27:48.341035] wlan: [3212:E:PE] lim_drop_unprotected_action_frame: 1614: Dropping unprotected Action category: 3 frame since RMF is enabled
06-27 00:27:48.340 I/DynamicSystemService( 1538): isInstalled(): false
06-27 00:27:48.350 I/[ 15.917580] [soft_i][0x15427d24][00( 0): 27:48.347022] wlan: [0:I:QDF] EAPOL-2 TX: SA:fa:27:2c:b4:fd:33 DA:04:d9:f5:fb:09:94 msdu_id:0 status: succ
06-27 00:27:48.350 I/[ 15.919447] [dp_rx_][0x15430980][00( 0): 27:48.348893] wlan: [3229:I:QDF] EAPOL-3 RX: SA:04:d9:f5:fb:09:94 DA:fa:27:2c:b4:fd:33
06-27 00:27:48.352 I/[ 15.922429] [soft_i][0x1543e8df][00( 0): 27:48.351871] wlan: [0:I:QDF] EAPOL-4 TX: SA:fa:27:2c:b4:fd:33 DA:04:d9:f5:fb:09:94 msdu_id:0 status: succ
06-27 00:27:48.392 I/ActivityManager( 1538): Killing 4036:com.android.managedprovisioning/u0a31 (adj 915): empty #2
06-27 00:27:48.393 I/ActivityManager( 1538): Killing 4014:com.android.dynsystem/1000 (adj 925): empty #3
06-27 00:27:48.395 D/CompatibilityChangeReporter( 1538): Compat change id reported: 168419799; UID 10032; state: DISABLED
06-27 00:27:48.399 D/CompatibilityChangeReporter( 1538): Compat change id reported: 135634846; UID 10085; state: DISABLED
06-27 00:27:48.399 D/CompatibilityChangeReporter( 1538): Compat change id reported: 177438394; UID 10085; state: DISABLED
06-27 00:27:48.399 D/CompatibilityChangeReporter( 1538): Compat change id reported: 135772972; UID 10085; state: DISABLED
06-27 00:27:48.399 D/CompatibilityChangeReporter( 1538): Compat change id reported: 135754954; UID 10085; state: ENABLED
06-27 00:27:48.399 D/CompatibilityChangeReporter( 1538): Compat change id reported: 143937733; UID 10085; state: ENABLED
06-27 00:27:48.401 E/[ 15.966322] [schedu][0x1550c545][00( 0): 27:48.395769] wlan: [3212:E:QDF] Cannot malloc 0 bytes @ csr_get_cfg_max_tx_power:14199
06-27 00:27:48.404 I/ActivityManager( 1538): Start proc 4075:com.android.music/u0a85 for broadcast {com.android.music/com.android.music.MediaPlaybackReceiver}
06-27 00:27:48.413 I/[ 15.976446] [schedu][0x1553bca2][00( 0): 27:48.405894] wlan: [3212:I:WMI] LFR3:OKC enabled
06-27 00:27:48.413 I/[ 15.976450] [schedu][0x1553bd10][00( 0): 27:48.405900] wlan: [3212:I:WMI] LFR3:PMKSA caching enabled
06-27 00:27:48.420 D/CompatibilityChangeReporter( 1538): Compat change id reported: 168419799; UID 10085; state: DISABLED
06-27 00:27:48.425 I/[ 15.986699] binder( 0): 4075:4075 ioctl 40046210 7fdc24c794 returned -22
06-27 00:27:48.456 D/CompatibilityChangeReporter( 1538): Compat change id reported: 171306433; UID 1073; state: ENABLED
06-27 00:27:48.471 E/[ 16.041658] [wifi@1][0x1566d785][00( 0): 27:48.471106] wlan: [824:E:HDD] hdd_enable_ns_offload: 484: Failed to cache ns request; status:4
06-27 00:27:48.473 E/ActivityThread( 3274): Failed to find provider info for telephony
06-27 00:27:48.481 D/PowerManagerService( 1538): acquireWakeLockInternal: lock=251192698, flags=0x1, tag="NetworkStats", ws=null, uid=1000, pid=1538
06-27 00:27:48.481 D/PowerManagerService( 1538): updateWakeLockSummaryLocked: mWakefulness=Awake, mWakeLockSummary=0x1
06-27 00:27:48.481 D/PowerManagerService( 1538): updateUserActivitySummaryLocked: groupId=0, mWakefulness=Awake, mUserActivitySummary=0x1, nextTimeout=72201 (in 56149 ms)
06-27 00:27:48.481 D/PowerManagerNotifier( 1538): onScreenPolicyUpdate: newPolicy=3
06-27 00:27:48.481 D/PowerManagerService( 1538): updateDisplayPowerStateLocked: displayReady=true, groupId=0, policy=BRIGHT, mWakefulness=Awake, mWakeLockSummary=0x1, mUserActivitySummary=0x1, mBootCompleted=true, screenBrightnessOverride=NaN, useAutoBrightness=false, mScreenBrightnessBoostInProgress=false, mIsVrModeEnabled= false, sQuiescent=false
06-27 00:27:48.481 D/PowerManagerNotifier( 1538): onWakeLockAcquired: flags=1, tag="NetworkStats", packageName=android, ownerUid=1000, ownerPid=1538, workSource=null
06-27 00:27:48.494 D/PowerManagerService( 1538): releaseWakeLockInternal: lock=251192698 [NetworkStats], flags=0x0
06-27 00:27:48.494 D/PowerManagerNotifier( 1538): onWakeLockReleased: flags=1, tag="NetworkStats", packageName=android, ownerUid=1000, ownerPid=1538, workSource=null
06-27 00:27:48.494 D/PowerManagerService( 1538): updateWakeLockSummaryLocked: mWakefulness=Awake, mWakeLockSummary=0x1
06-27 00:27:48.494 D/PowerManagerService( 1538): updateUserActivitySummaryLocked: groupId=0, mWakefulness=Awake, mUserActivitySummary=0x1, nextTimeout=72201 (in 56136 ms)
06-27 00:27:48.494 D/PowerManagerNotifier( 1538): onScreenPolicyUpdate: newPolicy=3
06-27 00:27:48.494 D/PowerManagerService( 1538): updateDisplayPowerStateLocked: displayReady=true, groupId=0, policy=BRIGHT, mWakefulness=Awake, mWakeLockSummary=0x1, mUserActivitySummary=0x1, mBootCompleted=true, screenBrightnessOverride=NaN, useAutoBrightness=false, mScreenBrightnessBoostInProgress=false, mIsVrModeEnabled= false, sQuiescent=false
06-27 00:27:48.511 D/CompatibilityChangeReporter( 1538): Compat change id reported: 135634846; UID 10061; state: DISABLED
06-27 00:27:48.511 D/CompatibilityChangeReporter( 1538): Compat change id reported: 177438394; UID 10061; state: DISABLED
06-27 00:27:48.511 D/CompatibilityChangeReporter( 1538): Compat change id reported: 135772972; UID 10061; state: DISABLED
06-27 00:27:48.511 D/CompatibilityChangeReporter( 1538): Compat change id reported: 135754954; UID 10061; state: ENABLED
06-27 00:27:48.511 D/CompatibilityChangeReporter( 1538): Compat change id reported: 143937733; UID 10061; state: ENABLED
06-27 00:27:48.511 I/ActivityManager( 1538): Killing 4035:com.android.dynsystem:dynsystem/1000 (adj 905): empty #2
06-27 00:27:48.518 I/ActivityManager( 1538): Start proc 4098:com.android.onetimeinitializer/u0a61 for broadcast {com.android.onetimeinitializer/com.android.onetimeinitializer.OneTimeInitializerReceiver}
06-27 00:27:48.521 I/[ 16.088568] [soft_i][0x1574951b][00( 0): 27:48.518008] wlan: [0:I:QDF] DHCP-D TX: SA:fa:27:2c:b4:fd:33 DA:ff:ff:ff:ff:ff:ff msdu_id:2 status: succ
06-27 00:27:48.521 I/[ 16.089728] [dp_rx_][0x1574eca0][00( 0): 27:48.519175] wlan: [3229:I:QDF] DHCP-D RX: SA:fa:27:2c:b4:fd:33 DA:ff:ff:ff:ff:ff:ff
06-27 00:27:48.521 I/[ 16.090005] [soft_i][0x15750181][00( 0): 27:48.519453] wlan: [0:I:DP] dp_addba_requestprocess_wifi3 restore BA win 64 based on addba req
06-27 00:27:48.523 E/[ 16.093869] [schedu][0x1576235a][00( 0): 27:48.523317] wlan: [3212:E:DP] dp_addba_resp_tx_completion_wifi3: Rx Tid- 0 hw qdesc is not in IN_PROGRESS
06-27 00:27:48.525 I/[ 16.095816] [dp_rx_][0x1576b521][00( 0): 27:48.525261] wlan: [3229:I:QDF] DHCP-O RX: SA:04:d9:f5:fb:09:90 DA:fa:27:2c:b4:fd:33
06-27 00:27:48.533 I/[ 16.102430] [soft_i][0x1578a4c7][00( 0): 27:48.531870] wlan: [0:I:QDF] DHCP-R TX: SA:fa:27:2c:b4:fd:33 DA:ff:ff:ff:ff:ff:ff msdu_id:2 status: succ
06-27 00:27:48.533 I/[ 16.102878] binder( 0): 4098:4098 ioctl 40046210 7fdc24c794 returned -22
06-27 00:27:48.533 I/[ 16.103598] [dp_rx_][0x1578fcc9][00( 0): 27:48.533043] wlan: [3229:I:QDF] DHCP-R RX: SA:fa:27:2c:b4:fd:33 DA:ff:ff:ff:ff:ff:ff
06-27 00:27:48.535 I/[ 16.106076] [dp_rx_][0x1579b65e][00( 0): 27:48.535518] wlan: [3229:I:QDF] DHCP-A RX: SA:04:d9:f5:fb:09:90 DA:fa:27:2c:b4:fd:33
06-27 00:27:48.536 D/CompatibilityChangeReporter( 1538): Compat change id reported: 168419799; UID 10061; state: DISABLED
06-27 00:27:48.546 D/PowerManagerService( 1538): acquireWakeLockInternal: lock=251192698, flags=0x1, tag="NetworkStats", ws=null, uid=1000, pid=1538
06-27 00:27:48.547 D/PowerManagerService( 1538): updateWakeLockSummaryLocked: mWakefulness=Awake, mWakeLockSummary=0x1
06-27 00:27:48.547 D/PowerManagerService( 1538): updateUserActivitySummaryLocked: groupId=0, mWakefulness=Awake, mUserActivitySummary=0x1, nextTimeout=72201 (in 56084 ms)
06-27 00:27:48.547 D/PowerManagerNotifier( 1538): onScreenPolicyUpdate: newPolicy=3
06-27 00:27:48.547 D/PowerManagerService( 1538): updateDisplayPowerStateLocked: displayReady=true, groupId=0, policy=BRIGHT, mWakefulness=Awake, mWakeLockSummary=0x1, mUserActivitySummary=0x1, mBootCompleted=true, screenBrightnessOverride=NaN, useAutoBrightness=false, mScreenBrightnessBoostInProgress=false, mIsVrModeEnabled= false, sQuiescent=false
06-27 00:27:48.547 D/PowerManagerNotifier( 1538): onWakeLockAcquired: flags=1, tag="NetworkStats", packageName=android, ownerUid=1000, ownerPid=1538, workSource=null
06-27 00:27:48.551 D/PowerManagerService( 1538): releaseWakeLockInternal: lock=251192698 [NetworkStats], flags=0x0
06-27 00:27:48.551 D/PowerManagerNotifier( 1538): onWakeLockReleased: flags=1, tag="NetworkStats", packageName=android, ownerUid=1000, ownerPid=1538, workSource=null
06-27 00:27:48.551 D/PowerManagerService( 1538): updateWakeLockSummaryLocked: mWakefulness=Awake, mWakeLockSummary=0x1
06-27 00:27:48.551 D/PowerManagerService( 1538): updateUserActivitySummaryLocked: groupId=0, mWakefulness=Awake, mUserActivitySummary=0x1, nextTimeout=72201 (in 56079 ms)
06-27 00:27:48.551 D/PowerManagerNotifier( 1538): onScreenPolicyUpdate: newPolicy=3
06-27 00:27:48.551 D/PowerManagerService( 1538): updateDisplayPowerStateLocked: displayReady=true, groupId=0, policy=BRIGHT, mWakefulness=Awake, mWakeLockSummary=0x1, mUserActivitySummary=0x1, mBootCompleted=true, screenBrightnessOverride=NaN, useAutoBrightness=false, mScreenBrightnessBoostInProgress=false, mIsVrModeEnabled= false, sQuiescent=false
06-27 00:27:48.556 D/PowerManagerService( 1538): acquireWakeLockInternal: lock=251192698, flags=0x1, tag="NetworkStats", ws=null, uid=1000, pid=1538
06-27 00:27:48.556 D/PowerManagerService( 1538): updateWakeLockSummaryLocked: mWakefulness=Awake, mWakeLockSummary=0x1
06-27 00:27:48.556 D/PowerManagerService( 1538): updateUserActivitySummaryLocked: groupId=0, mWakefulness=Awake, mUserActivitySummary=0x1, nextTimeout=72201 (in 56074 ms)
06-27 00:27:48.557 D/PowerManagerNotifier( 1538): onScreenPolicyUpdate: newPolicy=3
06-27 00:27:48.557 D/PowerManagerService( 1538): updateDisplayPowerStateLocked: displayReady=true, groupId=0, policy=BRIGHT, mWakefulness=Awake, mWakeLockSummary=0x1, mUserActivitySummary=0x1, mBootCompleted=true, screenBrightnessOverride=NaN, useAutoBrightness=false, mScreenBrightnessBoostInProgress=false, mIsVrModeEnabled= false, sQuiescent=false
06-27 00:27:48.557 D/PowerManagerNotifier( 1538): onWakeLockAcquired: flags=1, tag="NetworkStats", packageName=android, ownerUid=1000, ownerPid=1538, workSource=null
06-27 00:27:48.566 D/PowerManagerService( 1538): releaseWakeLockInternal: lock=251192698 [NetworkStats], flags=0x0
06-27 00:27:48.566 D/PowerManagerNotifier( 1538): onWakeLockReleased: flags=1, tag="NetworkStats", packageName=android, ownerUid=1000, ownerPid=1538, workSource=null
06-27 00:27:48.566 D/PowerManagerService( 1538): updateWakeLockSummaryLocked: mWakefulness=Awake, mWakeLockSummary=0x1
06-27 00:27:48.566 D/PowerManagerService( 1538): updateUserActivitySummaryLocked: groupId=0, mWakefulness=Awake, mUserActivitySummary=0x1, nextTimeout=72201 (in 56064 ms)
06-27 00:27:48.566 D/PowerManagerNotifier( 1538): onScreenPolicyUpdate: newPolicy=3
06-27 00:27:48.566 D/PowerManagerService( 1538): updateDisplayPowerStateLocked: displayReady=true, groupId=0, policy=BRIGHT, mWakefulness=Awake, mWakeLockSummary=0x1, mUserActivitySummary=0x1, mBootCompleted=true, screenBrightnessOverride=NaN, useAutoBrightness=false, mScreenBrightnessBoostInProgress=false, mIsVrModeEnabled= false, sQuiescent=false
06-27 00:27:48.577 D/PowerManagerService( 1538): acquireWakeLockInternal: lock=251192698, flags=0x1, tag="NetworkStats", ws=null, uid=1000, pid=1538
06-27 00:27:48.577 D/PowerManagerService( 1538): updateWakeLockSummaryLocked: mWakefulness=Awake, mWakeLockSummary=0x1
06-27 00:27:48.578 D/PowerManagerService( 1538): updateUserActivitySummaryLocked: groupId=0, mWakefulness=Awake, mUserActivitySummary=0x1, nextTimeout=72201 (in 56053 ms)
06-27 00:27:48.578 D/PowerManagerNotifier( 1538): onScreenPolicyUpdate: newPolicy=3
06-27 00:27:48.578 D/PowerManagerService( 1538): updateDisplayPowerStateLocked: displayReady=true, groupId=0, policy=BRIGHT, mWakefulness=Awake, mWakeLockSummary=0x1, mUserActivitySummary=0x1, mBootCompleted=true, screenBrightnessOverride=NaN, useAutoBrightness=false, mScreenBrightnessBoostInProgress=false, mIsVrModeEnabled= false, sQuiescent=false
06-27 00:27:48.578 D/PowerManagerNotifier( 1538): onWakeLockAcquired: flags=1, tag="NetworkStats", packageName=android, ownerUid=1000, ownerPid=1538, workSource=null
06-27 00:27:48.581 D/PowerManagerService( 1538): releaseWakeLockInternal: lock=251192698 [NetworkStats], flags=0x0
06-27 00:27:48.582 D/PowerManagerNotifier( 1538): onWakeLockReleased: flags=1, tag="NetworkStats", packageName=android, ownerUid=1000, ownerPid=1538, workSource=null
06-27 00:27:48.582 D/PowerManagerService( 1538): updateWakeLockSummaryLocked: mWakefulness=Awake, mWakeLockSummary=0x1
06-27 00:27:48.582 D/PowerManagerService( 1538): updateUserActivitySummaryLocked: groupId=0, mWakefulness=Awake, mUserActivitySummary=0x1, nextTimeout=72201 (in 56048 ms)
06-27 00:27:48.582 D/PowerManagerNotifier( 1538): onScreenPolicyUpdate: newPolicy=3
06-27 00:27:48.582 D/PowerManagerService( 1538): updateDisplayPowerStateLocked: displayReady=true, groupId=0, policy=BRIGHT, mWakefulness=Awake, mWakeLockSummary=0x1, mUserActivitySummary=0x1, mBootCompleted=true, screenBrightnessOverride=NaN, useAutoBrightness=false, mScreenBrightnessBoostInProgress=false, mIsVrModeEnabled= false, sQuiescent=false
06-27 00:27:48.585 E/NetlinkEvent( 673): NetlinkEvent::FindParam(): Parameter 'INTERFACE' not found
06-27 00:27:48.585 E/NetlinkEvent( 673): NetlinkEvent::FindParam(): Parameter 'STATE' not found
06-27 00:27:48.585 E/NetlinkEvent( 673): NetlinkEvent::FindParam(): Parameter 'TIME_NS' not found
06-27 00:27:48.585 E/NetlinkEvent( 673): NetlinkEvent::FindParam(): Parameter 'UID' not found
06-27 00:27:48.587 D/PowerManagerService( 1538): acquireWakeLockInternal: lock=251192698, flags=0x1, tag="NetworkStats", ws=null, uid=1000, pid=1538
06-27 00:27:48.587 D/PowerManagerService( 1538): updateWakeLockSummaryLocked: mWakefulness=Awake, mWakeLockSummary=0x1
06-27 00:27:48.587 D/PowerManagerService( 1538): updateUserActivitySummaryLocked: groupId=0, mWakefulness=Awake, mUserActivitySummary=0x1, nextTimeout=72201 (in 56043 ms)
06-27 00:27:48.587 D/PowerManagerNotifier( 1538): onScreenPolicyUpdate: newPolicy=3
06-27 00:27:48.588 D/PowerManagerService( 1538): updateDisplayPowerStateLocked: displayReady=true, groupId=0, policy=BRIGHT, mWakefulness=Awake, mWakeLockSummary=0x1, mUserActivitySummary=0x1, mBootCompleted=true, screenBrightnessOverride=NaN, useAutoBrightness=false, mScreenBrightnessBoostInProgress=false, mIsVrModeEnabled= false, sQuiescent=false
06-27 00:27:48.588 D/PowerManagerNotifier( 1538): onWakeLockAcquired: flags=1, tag="NetworkStats", packageName=android, ownerUid=1000, ownerPid=1538, workSource=null
06-27 00:27:48.591 I/[ 16.160949] [soft_i][0x1589ca77][00( 0): 27:48.590399] wlan: [0:I:DP] dp_addba_requestprocess_wifi3 restore BA win 64 based on addba req
06-27 00:27:48.597 D/PowerManagerService( 1538): releaseWakeLockInternal: lock=251192698 [NetworkStats], flags=0x0
06-27 00:27:48.597 D/PowerManagerNotifier( 1538): onWakeLockReleased: flags=1, tag="NetworkStats", packageName=android, ownerUid=1000, ownerPid=1538, workSource=null
06-27 00:27:48.597 D/PowerManagerService( 1538): updateWakeLockSummaryLocked: mWakefulness=Awake, mWakeLockSummary=0x1
06-27 00:27:48.597 D/PowerManagerService( 1538): updateUserActivitySummaryLocked: groupId=0, mWakefulness=Awake, mUserActivitySummary=0x1, nextTimeout=72201 (in 56033 ms)
06-27 00:27:48.597 D/PowerManagerNotifier( 1538): onScreenPolicyUpdate: newPolicy=3
06-27 00:27:48.597 D/PowerManagerService( 1538): updateDisplayPowerStateLocked: displayReady=true, groupId=0, policy=BRIGHT, mWakefulness=Awake, mWakeLockSummary=0x1, mUserActivitySummary=0x1, mBootCompleted=true, screenBrightnessOverride=NaN, useAutoBrightness=false, mScreenBrightnessBoostInProgress=false, mIsVrModeEnabled= false, sQuiescent=false
06-27 00:27:48.600 D/PowerManagerService( 1538): acquireWakeLockInternal: lock=82638561, flags=0x1, tag="NetworkTimeUpdateService", ws=null, uid=1000, pid=1538
06-27 00:27:48.600 D/PowerManagerService( 1538): updateWakeLockSummaryLocked: mWakefulness=Awake, mWakeLockSummary=0x1
06-27 00:27:48.600 D/PowerManagerService( 1538): updateUserActivitySummaryLocked: groupId=0, mWakefulness=Awake, mUserActivitySummary=0x1, nextTimeout=72201 (in 56030 ms)
06-27 00:27:48.600 D/PowerManagerNotifier( 1538): onScreenPolicyUpdate: newPolicy=3
06-27 00:27:48.600 D/PowerManagerService( 1538): updateDisplayPowerStateLocked: displayReady=true, groupId=0, policy=BRIGHT, mWakefulness=Awake, mWakeLockSummary=0x1, mUserActivitySummary=0x1, mBootCompleted=true, screenBrightnessOverride=NaN, useAutoBrightness=false, mScreenBrightnessBoostInProgress=false, mIsVrModeEnabled= false, sQuiescent=false
06-27 00:27:48.601 D/PowerManagerNotifier( 1538): onWakeLockAcquired: flags=1, tag="NetworkTimeUpdateService", packageName=android, ownerUid=1000, ownerPid=1538, workSource=null
06-27 00:27:48.603 W/ContextImpl( 1538): Calling a method in the system process without a qualified user: android.app.ContextImpl.sendStickyBroadcast:1559 com.android.server.ConnectivityService.sendStickyBroadcast:2811 com.android.server.ConnectivityService.sendGeneralBroadcast:2786 com.android.server.ConnectivityService.sendConnectedBroadcast:2759 com.android.server.ConnectivityService.sendLegacyNetworkBroadcast:8704
06-27 00:27:48.606 D/PowerManagerService( 1538): acquireWakeLockInternal: lock=266412061, flags=0x1, tag="NtpTimeHelper", ws=null, uid=1000, pid=1538
06-27 00:27:48.606 D/PowerManagerService( 1538): updateWakeLockSummaryLocked: mWakefulness=Awake, mWakeLockSummary=0x1
06-27 00:27:48.606 D/PowerManagerService( 1538): updateUserActivitySummaryLocked: groupId=0, mWakefulness=Awake, mUserActivitySummary=0x1, nextTimeout=72201 (in 56024 ms)
06-27 00:27:48.606 D/PowerManagerNotifier( 1538): onScreenPolicyUpdate: newPolicy=3
06-27 00:27:48.606 D/PowerManagerService( 1538): updateDisplayPowerStateLocked: displayReady=true, groupId=0, policy=BRIGHT, mWakefulness=Awake, mWakeLockSummary=0x1, mUserActivitySummary=0x1, mBootCompleted=true, screenBrightnessOverride=NaN, useAutoBrightness=false, mScreenBrightnessBoostInProgress=false, mIsVrModeEnabled= false, sQuiescent=false
06-27 00:27:48.606 D/PowerManagerNotifier( 1538): onWakeLockAcquired: flags=1, tag="NtpTimeHelper", packageName=android, ownerUid=1000, ownerPid=1538, workSource=null
06-27 00:27:48.607 D/PowerManagerService( 1538): acquireWakeLockInternal: lock=234049306, flags=0x1, tag="SyncLoopWakeLock", ws=null, uid=1000, pid=1538
06-27 00:27:48.607 I/ActivityManager( 1538): com.android.packageinstaller is exempt from freezer
06-27 00:27:48.607 D/PowerManagerService( 1538): updateWakeLockSummaryLocked: mWakefulness=Awake, mWakeLockSummary=0x1
06-27 00:27:48.607 D/PowerManagerService( 1538): updateUserActivitySummaryLocked: groupId=0, mWakefulness=Awake, mUserActivitySummary=0x1, nextTimeout=72201 (in 56024 ms)
06-27 00:27:48.607 D/PowerManagerNotifier( 1538): onScreenPolicyUpdate: newPolicy=3
06-27 00:27:48.607 D/PowerManagerService( 1538): updateDisplayPowerStateLocked: displayReady=true, groupId=0, policy=BRIGHT, mWakefulness=Awake, mWakeLockSummary=0x1, mUserActivitySummary=0x1, mBootCompleted=true, screenBrightnessOverride=NaN, useAutoBrightness=false, mScreenBrightnessBoostInProgress=false, mIsVrModeEnabled= false, sQuiescent=false
06-27 00:27:48.607 D/PowerManagerNotifier( 1538): onWakeLockAcquired: flags=1, tag="SyncLoopWakeLock", packageName=android, ownerUid=1000, ownerPid=1538, workSource=null
06-27 00:27:48.607 D/CompatibilityChangeReporter( 1538): Compat change id reported: 135634846; UID 10033; state: DISABLED
06-27 00:27:48.607 D/CompatibilityChangeReporter( 1538): Compat change id reported: 177438394; UID 10033; state: DISABLED
06-27 00:27:48.607 D/CompatibilityChangeReporter( 1538): Compat change id reported: 135772972; UID 10033; state: DISABLED
06-27 00:27:48.607 D/CompatibilityChangeReporter( 1538): Compat change id reported: 135754954; UID 10033; state: ENABLED
06-27 00:27:48.607 I/ActivityManager( 1538): Killing 4075:com.android.music/u0a85 (adj 905): empty #2
06-27 00:27:48.608 D/CompatibilityChangeReporter( 1538): Compat change id reported: 143937733; UID 10033; state: ENABLED
06-27 00:27:48.611 D/PowerManagerService( 1538): releaseWakeLockInternal: lock=266412061 [NtpTimeHelper], flags=0x0
06-27 00:27:48.611 D/PowerManagerNotifier( 1538): onWakeLockReleased: flags=1, tag="NtpTimeHelper", packageName=android, ownerUid=1000, ownerPid=1538, workSource=null
06-27 00:27:48.611 D/PowerManagerService( 1538): updateWakeLockSummaryLocked: mWakefulness=Awake, mWakeLockSummary=0x1
06-27 00:27:48.611 D/PowerManagerService( 1538): updateUserActivitySummaryLocked: groupId=0, mWakefulness=Awake, mUserActivitySummary=0x1, nextTimeout=72201 (in 56020 ms)
06-27 00:27:48.611 D/PowerManagerNotifier( 1538): onScreenPolicyUpdate: newPolicy=3
06-27 00:27:48.611 D/PowerManagerService( 1538): updateDisplayPowerStateLocked: displayReady=true, groupId=0, policy=BRIGHT, mWakefulness=Awake, mWakeLockSummary=0x1, mUserActivitySummary=0x1, mBootCompleted=true, screenBrightnessOverride=NaN, useAutoBrightness=false, mScreenBrightnessBoostInProgress=false, mIsVrModeEnabled= false, sQuiescent=false
06-27 00:27:48.613 D/PowerManagerService( 1538): releaseWakeLockInternal: lock=234049306 [SyncLoopWakeLock], flags=0x0
06-27 00:27:48.613 D/PowerManagerNotifier( 1538): onWakeLockReleased: flags=1, tag="SyncLoopWakeLock", packageName=android, ownerUid=1000, ownerPid=1538, workSource=null
06-27 00:27:48.613 D/PowerManagerService( 1538): updateWakeLockSummaryLocked: mWakefulness=Awake, mWakeLockSummary=0x1
06-27 00:27:48.613 D/PowerManagerService( 1538): updateUserActivitySummaryLocked: groupId=0, mWakefulness=Awake, mUserActivitySummary=0x1, nextTimeout=72201 (in 56018 ms)
06-27 00:27:48.613 D/PowerManagerNotifier( 1538): onScreenPolicyUpdate: newPolicy=3
06-27 00:27:48.613 D/PowerManagerService( 1538): updateDisplayPowerStateLocked: displayReady=true, groupId=0, policy=BRIGHT, mWakefulness=Awake, mWakeLockSummary=0x1, mUserActivitySummary=0x1, mBootCompleted=true, screenBrightnessOverride=NaN, useAutoBrightness=false, mScreenBrightnessBoostInProgress=false, mIsVrModeEnabled= false, sQuiescent=false
06-27 00:27:48.616 W/ContextImpl( 1538): Calling a method in the system process without a qualified user: android.app.ContextImpl.sendStickyBroadcast:1559 com.android.server.ConnectivityService.sendStickyBroadcast:2811 com.android.server.ConnectivityService.sendGeneralBroadcast:2786 com.android.server.ConnectivityService.sendInetConditionBroadcast:2763 com.android.server.ConnectivityService.updateInetCondition:8451
06-27 00:27:48.616 D/PowerManagerService( 1538): acquireWakeLockInternal: lock=4934875, flags=0x1, tag="*job*/com.tencent.android.qqdownloader.YYBLiveAccountProvider/com.tencent.android.qqdownloader.YYBLiveAccountProvider.account/应用宝:android", ws=WorkSource{10111}, uid=1000, pid=1538
06-27 00:27:48.616 D/PowerManagerService( 1538): updateWakeLockSummaryLocked: mWakefulness=Awake, mWakeLockSummary=0x1
06-27 00:27:48.616 D/PowerManagerService( 1538): updateUserActivitySummaryLocked: groupId=0, mWakefulness=Awake, mUserActivitySummary=0x1, nextTimeout=72201 (in 56014 ms)
06-27 00:27:48.616 D/PowerManagerNotifier( 1538): onScreenPolicyUpdate: newPolicy=3
06-27 00:27:48.616 D/PowerManagerService( 1538): updateDisplayPowerStateLocked: displayReady=true, groupId=0, policy=BRIGHT, mWakefulness=Awake, mWakeLockSummary=0x1, mUserActivitySummary=0x1, mBootCompleted=true, screenBrightnessOverride=NaN, useAutoBrightness=false, mScreenBrightnessBoostInProgress=false, mIsVrModeEnabled= false, sQuiescent=false
06-27 00:27:48.616 D/PowerManagerNotifier( 1538): onWakeLockAcquired: flags=1, tag="*job*/com.tencent.android.qqdownloader.YYBLiveAccountProvider/com.tencent.android.qqdownloader.YYBLiveAccountProvider.account/应用宝:android", packageName=android, ownerUid=1000, ownerPid=1538, workSource=WorkSource{10111}
06-27 00:27:48.616 D/PowerManagerService( 1538): acquireWakeLockInternal: lock=234049306, flags=0x1, tag="SyncLoopWakeLock", ws=null, uid=1000, pid=1538
06-27 00:27:48.616 D/PowerManagerService( 1538): updateWakeLockSummaryLocked: mWakefulness=Awake, mWakeLockSummary=0x1
06-27 00:27:48.616 D/PowerManagerService( 1538): updateUserActivitySummaryLocked: groupId=0, mWakefulness=Awake, mUserActivitySummary=0x1, nextTimeout=72201 (in 56014 ms)
06-27 00:27:48.616 D/PowerManagerNotifier( 1538): onScreenPolicyUpdate: newPolicy=3
06-27 00:27:48.616 D/PowerManagerService( 1538): updateDisplayPowerStateLocked: displayReady=true, groupId=0, policy=BRIGHT, mWakefulness=Awake, mWakeLockSummary=0x1, mUserActivitySummary=0x1, mBootCompleted=true, screenBrightnessOverride=NaN, useAutoBrightness=false, mScreenBrightnessBoostInProgress=false, mIsVrModeEnabled= false, sQuiescent=false
06-27 00:27:48.616 D/PowerManagerNotifier( 1538): onWakeLockAcquired: flags=1, tag="SyncLoopWakeLock", packageName=android, ownerUid=1000, ownerPid=1538, workSource=null
06-27 00:27:48.617 W/SyncManager( 1538): Clock is valid now.
06-27 00:27:48.618 I/ActivityManager( 1538): Start proc 4141:com.android.packageinstaller/u0a33 for broadcast {com.android.packageinstaller/com.android.packageinstaller.TemporaryFileManager}
06-27 00:27:48.618 D/PowerManagerService( 1538): acquireWakeLockInternal: lock=126900817, flags=0x1, tag="*sync*/com.tencent.android.qqdownloader.YYBLiveAccountProvider/com.tencent.android.qqdownloader.YYBLiveAccountProvider.account/应用宝", ws=WorkSource{10111}, uid=1000, pid=1538
06-27 00:27:48.618 D/PowerManagerService( 1538): updateWakeLockSummaryLocked: mWakefulness=Awake, mWakeLockSummary=0x1
06-27 00:27:48.618 D/PowerManagerService( 1538): updateUserActivitySummaryLocked: groupId=0, mWakefulness=Awake, mUserActivitySummary=0x1, nextTimeout=72201 (in 56013 ms)
06-27 00:27:48.618 D/PowerManagerNotifier( 1538): onScreenPolicyUpdate: newPolicy=3
06-27 00:27:48.618 D/PowerManagerService( 1538): updateDisplayPowerStateLocked: displayReady=true, groupId=0, policy=BRIGHT, mWakefulness=Awake, mWakeLockSummary=0x1, mUserActivitySummary=0x1, mBootCompleted=true, screenBrightnessOverride=NaN, useAutoBrightness=false, mScreenBrightnessBoostInProgress=false, mIsVrModeEnabled= false, sQuiescent=false
06-27 00:27:48.618 D/PowerManagerNotifier( 1538): onWakeLockAcquired: flags=1, tag="*sync*/com.tencent.android.qqdownloader.YYBLiveAccountProvider/com.tencent.android.qqdownloader.YYBLiveAccountProvider.account/应用宝", packageName=android, ownerUid=1000, ownerPid=1538, workSource=WorkSource{10111}
06-27 00:27:48.620 D/PowerManagerService( 1538): releaseWakeLockInternal: lock=234049306 [SyncLoopWakeLock], flags=0x0
06-27 00:27:48.620 D/PowerManagerNotifier( 1538): onWakeLockReleased: flags=1, tag="SyncLoopWakeLock", packageName=android, ownerUid=1000, ownerPid=1538, workSource=null
06-27 00:27:48.620 D/PowerManagerService( 1538): updateWakeLockSummaryLocked: mWakefulness=Awake, mWakeLockSummary=0x1
06-27 00:27:48.620 D/PowerManagerService( 1538): updateUserActivitySummaryLocked: groupId=0, mWakefulness=Awake, mUserActivitySummary=0x1, nextTimeout=72201 (in 56010 ms)
06-27 00:27:48.620 D/PowerManagerNotifier( 1538): onScreenPolicyUpdate: newPolicy=3
06-27 00:27:48.621 D/PowerManagerService( 1538): updateDisplayPowerStateLocked: displayReady=true, groupId=0, policy=BRIGHT, mWakefulness=Awake, mWakeLockSummary=0x1, mUserActivitySummary=0x1, mBootCompleted=true, screenBrightnessOverride=NaN, useAutoBrightness=false, mScreenBrightnessBoostInProgress=false, mIsVrModeEnabled= false, sQuiescent=false
06-27 00:27:48.633 D/PowerManagerService( 1538): acquireWakeLockInternal: lock=234049306, flags=0x1, tag="SyncLoopWakeLock", ws=null, uid=1000, pid=1538
06-27 00:27:48.633 D/PowerManagerService( 1538): updateWakeLockSummaryLocked: mWakefulness=Awake, mWakeLockSummary=0x1
06-27 00:27:48.633 D/PowerManagerService( 1538): updateUserActivitySummaryLocked: groupId=0, mWakefulness=Awake, mUserActivitySummary=0x1, nextTimeout=72201 (in 55998 ms)
06-27 00:27:48.633 D/PowerManagerNotifier( 1538): onScreenPolicyUpdate: newPolicy=3
06-27 00:27:48.633 D/PowerManagerService( 1538): updateDisplayPowerStateLocked: displayReady=true, groupId=0, policy=BRIGHT, mWakefulness=Awake, mWakeLockSummary=0x1, mUserActivitySummary=0x1, mBootCompleted=true, screenBrightnessOverride=NaN, useAutoBrightness=false, mScreenBrightnessBoostInProgress=false, mIsVrModeEnabled= false, sQuiescent=false
06-27 00:27:48.633 D/PowerManagerNotifier( 1538): onWakeLockAcquired: flags=1, tag="SyncLoopWakeLock", packageName=android, ownerUid=1000, ownerPid=1538, workSource=null
06-27 00:27:48.634 D/PowerManagerService( 1538): releaseWakeLockInternal: lock=234049306 [SyncLoopWakeLock], flags=0x0
06-27 00:27:48.634 D/PowerManagerNotifier( 1538): onWakeLockReleased: flags=1, tag="SyncLoopWakeLock", packageName=android, ownerUid=1000, ownerPid=1538, workSource=null
06-27 00:27:48.634 D/PowerManagerService( 1538): updateWakeLockSummaryLocked: mWakefulness=Awake, mWakeLockSummary=0x1
06-27 00:27:48.634 D/PowerManagerService( 1538): updateUserActivitySummaryLocked: groupId=0, mWakefulness=Awake, mUserActivitySummary=0x1, nextTimeout=72201 (in 55996 ms)
06-27 00:27:48.634 D/PowerManagerNotifier( 1538): onScreenPolicyUpdate: newPolicy=3
06-27 00:27:48.634 D/PowerManagerService( 1538): updateDisplayPowerStateLocked: displayReady=true, groupId=0, policy=BRIGHT, mWakefulness=Awake, mWakeLockSummary=0x1, mUserActivitySummary=0x1, mBootCompleted=true, screenBrightnessOverride=NaN, useAutoBrightness=false, mScreenBrightnessBoostInProgress=false, mIsVrModeEnabled= false, sQuiescent=false
06-27 00:27:48.638 D/PowerManagerService( 1538): acquireWakeLockInternal: lock=234049306, flags=0x1, tag="SyncLoopWakeLock", ws=null, uid=1000, pid=1538
06-27 00:27:48.639 D/PowerManagerService( 1538): updateWakeLockSummaryLocked: mWakefulness=Awake, mWakeLockSummary=0x1
06-27 00:27:48.639 D/PowerManagerService( 1538): updateUserActivitySummaryLocked: groupId=0, mWakefulness=Awake, mUserActivitySummary=0x1, nextTimeout=72201 (in 55992 ms)
06-27 00:27:48.639 D/PowerManagerNotifier( 1538): onScreenPolicyUpdate: newPolicy=3
06-27 00:27:48.639 D/PowerManagerService( 1538): updateDisplayPowerStateLocked: displayReady=true, groupId=0, policy=BRIGHT, mWakefulness=Awake, mWakeLockSummary=0x1, mUserActivitySummary=0x1, mBootCompleted=true, screenBrightnessOverride=NaN, useAutoBrightness=false, mScreenBrightnessBoostInProgress=false, mIsVrModeEnabled= false, sQuiescent=false
06-27 00:27:48.639 D/PowerManagerNotifier( 1538): onWakeLockAcquired: flags=1, tag="SyncLoopWakeLock", packageName=android, ownerUid=1000, ownerPid=1538, workSource=null
06-27 00:27:48.639 D/PowerManagerService( 1538): releaseWakeLockInternal: lock=4934875 [*job*/com.tencent.android.qqdownloader.YYBLiveAccountProvider/com.tencent.android.qqdownloader.YYBLiveAccountProvider.account/应用宝:android], flags=0x0
06-27 00:27:48.639 D/PowerManagerNotifier( 1538): onWakeLockReleased: flags=1, tag="*job*/com.tencent.android.qqdownloader.YYBLiveAccountProvider/com.tencent.android.qqdownloader.YYBLiveAccountProvider.account/应用宝:android", packageName=android, ownerUid=1000, ownerPid=1538, workSource=WorkSource{10111}
06-27 00:27:48.639 D/PowerManagerService( 1538): updateWakeLockSummaryLocked: mWakefulness=Awake, mWakeLockSummary=0x1
06-27 00:27:48.639 D/PowerManagerService( 1538): updateUserActivitySummaryLocked: groupId=0, mWakefulness=Awake, mUserActivitySummary=0x1, nextTimeout=72201 (in 55991 ms)
06-27 00:27:48.639 D/PowerManagerNotifier( 1538): onScreenPolicyUpdate: newPolicy=3
06-27 00:27:48.639 D/PowerManagerService( 1538): updateDisplayPowerStateLocked: displayReady=true, groupId=0, policy=BRIGHT, mWakefulness=Awake, mWakeLockSummary=0x1, mUserActivitySummary=0x1, mBootCompleted=true, screenBrightnessOverride=NaN, useAutoBrightness=false, mScreenBrightnessBoostInProgress=false, mIsVrModeEnabled= false, sQuiescent=false
06-27 00:27:48.650 I/[ 16.216897] binder( 0): 4141:4141 ioctl 40046210 7fdc24c794 returned -22
06-27 00:27:48.658 D/PowerManagerService( 1538): releaseWakeLockInternal: lock=126900817 [*sync*/com.tencent.android.qqdownloader.YYBLiveAccountProvider/com.tencent.android.qqdownloader.YYBLiveAccountProvider.account/应用宝], flags=0x0
06-27 00:27:48.658 D/PowerManagerNotifier( 1538): onWakeLockReleased: flags=1, tag="*sync*/com.tencent.android.qqdownloader.YYBLiveAccountProvider/com.tencent.android.qqdownloader.YYBLiveAccountProvider.account/应用宝", packageName=android, ownerUid=1000, ownerPid=1538, workSource=WorkSource{10111}
06-27 00:27:48.659 D/PowerManagerService( 1538): updateWakeLockSummaryLocked: mWakefulness=Awake, mWakeLockSummary=0x1
06-27 00:27:48.659 D/PowerManagerService( 1538): updateUserActivitySummaryLocked: groupId=0, mWakefulness=Awake, mUserActivitySummary=0x1, nextTimeout=72201 (in 55972 ms)
06-27 00:27:48.659 D/PowerManagerNotifier( 1538): onScreenPolicyUpdate: newPolicy=3
06-27 00:27:48.659 D/PowerManagerService( 1538): updateDisplayPowerStateLocked: displayReady=true, groupId=0, policy=BRIGHT, mWakefulness=Awake, mWakeLockSummary=0x1, mUserActivitySummary=0x1, mBootCompleted=true, screenBrightnessOverride=NaN, useAutoBrightness=false, mScreenBrightnessBoostInProgress=false, mIsVrModeEnabled= false, sQuiescent=false
06-27 00:27:48.659 D/CompatibilityChangeReporter( 1538): Compat change id reported: 168419799; UID 10033; state: DISABLED
06-27 00:27:48.661 D/PowerManagerService( 1538): releaseWakeLockInternal: lock=234049306 [SyncLoopWakeLock], flags=0x0
06-27 00:27:48.661 D/PowerManagerNotifier( 1538): onWakeLockReleased: flags=1, tag="SyncLoopWakeLock", packageName=android, ownerUid=1000, ownerPid=1538, workSource=null
06-27 00:27:48.661 D/PowerManagerService( 1538): updateWakeLockSummaryLocked: mWakefulness=Awake, mWakeLockSummary=0x1
06-27 00:27:48.662 D/PowerManagerService( 1538): updateUserActivitySummaryLocked: groupId=0, mWakefulness=Awake, mUserActivitySummary=0x1, nextTimeout=72201 (in 55969 ms)
06-27 00:27:48.662 D/PowerManagerNotifier( 1538): onScreenPolicyUpdate: newPolicy=3
06-27 00:27:48.662 D/PowerManagerService( 1538): updateDisplayPowerStateLocked: displayReady=true, groupId=0, policy=BRIGHT, mWakefulness=Awake, mWakeLockSummary=0x1, mUserActivitySummary=0x1, mBootCompleted=true, screenBrightnessOverride=NaN, useAutoBrightness=false, mScreenBrightnessBoostInProgress=false, mIsVrModeEnabled= false, sQuiescent=false
06-27 00:27:48.685 I/[ 16.252603] binder( 0): undelivered transaction 49651, process died.
06-27 00:27:48.748 D/CompatibilityChangeReporter( 1538): Compat change id reported: 135634846; UID 10092; state: DISABLED
06-27 00:27:48.748 D/CompatibilityChangeReporter( 1538): Compat change id reported: 177438394; UID 10092; state: DISABLED
06-27 00:27:48.748 D/CompatibilityChangeReporter( 1538): Compat change id reported: 135772972; UID 10092; state: DISABLED
06-27 00:27:48.748 D/CompatibilityChangeReporter( 1538): Compat change id reported: 135754954; UID 10092; state: DISABLED
06-27 00:27:48.749 D/CompatibilityChangeReporter( 1538): Compat change id reported: 143937733; UID 10092; state: DISABLED
06-27 00:27:48.749 I/ActivityManager( 1538): Killing 4098:com.android.onetimeinitializer/u0a61 (adj 905): empty #2
06-27 00:27:48.756 I/ActivityManager( 1538): Start proc 4190:com.android.permissioncontroller/u0a92 for broadcast {com.android.permissioncontroller/com.android.permissioncontroller.permission.service.LocationAccessCheck$SetupPeriodicBackgroundLocationAccessCheck}
06-27 00:27:48.773 I/[ 16.343581] binder( 0): 4190:4190 ioctl 40046210 7fdc24c794 returned -22
06-27 00:27:48.778 D/CompatibilityChangeReporter( 1538): Compat change id reported: 168419799; UID 10092; state: DISABLED
06-27 00:27:48.864 I/[ 16.430786] [soft_i][0x15d8d7ae][00( 0): 27:48.860228] wlan: [0:I:DP] dp_addba_requestprocess_wifi3 restore BA win 64 based on addba req
06-27 00:27:48.866 D/PowerManagerService( 1538): releaseWakeLockInternal: lock=1709663 [AudioMix], flags=0x0
06-27 00:27:48.866 D/PowerManagerNotifier( 1538): onWakeLockReleased: flags=1, tag="AudioMix", packageName=audioserver, ownerUid=1041, ownerPid=0, workSource=null
06-27 00:27:48.867 D/PowerManagerService( 1538): updateWakeLockSummaryLocked: mWakefulness=Awake, mWakeLockSummary=0x1
06-27 00:27:48.867 D/PowerManagerService( 1538): updateUserActivitySummaryLocked: groupId=0, mWakefulness=Awake, mUserActivitySummary=0x1, nextTimeout=72201 (in 55764 ms)
06-27 00:27:48.867 D/PowerManagerNotifier( 1538): onScreenPolicyUpdate: newPolicy=3
06-27 00:27:48.867 D/PowerManagerService( 1538): updateDisplayPowerStateLocked: displayReady=true, groupId=0, policy=BRIGHT, mWakefulness=Awake, mWakeLockSummary=0x1, mUserActivitySummary=0x1, mBootCompleted=true, screenBrightnessOverride=NaN, useAutoBrightness=false, mScreenBrightnessBoostInProgress=false, mIsVrModeEnabled= false, sQuiescent=false
06-27 00:27:48.867 D/PowerManagerService( 1538): releaseWakeLockInternal: lock=15442840 [AudioMix], flags=0x0
06-27 00:27:48.867 D/PowerManagerNotifier( 1538): onWakeLockReleased: flags=1, tag="AudioMix", packageName=audioserver, ownerUid=1041, ownerPid=0, workSource=null
06-27 00:27:48.867 D/PowerManagerService( 1538): updateWakeLockSummaryLocked: mWakefulness=Awake, mWakeLockSummary=0x1
06-27 00:27:48.867 D/PowerManagerService( 1538): updateUserActivitySummaryLocked: groupId=0, mWakefulness=Awake, mUserActivitySummary=0x1, nextTimeout=72201 (in 55763 ms)
06-27 00:27:48.867 D/PowerManagerNotifier( 1538): onScreenPolicyUpdate: newPolicy=3
06-27 00:27:48.867 D/PowerManagerService( 1538): updateDisplayPowerStateLocked: displayReady=true, groupId=0, policy=BRIGHT, mWakefulness=Awake, mWakeLockSummary=0x1, mUserActivitySummary=0x1, mBootCompleted=true, screenBrightnessOverride=NaN, useAutoBrightness=false, mScreenBrightnessBoostInProgress=false, mIsVrModeEnabled= false, sQuiescent=false
06-27 00:27:48.870 D/PowerManagerService( 1538): releaseWakeLockInternal: lock=264887539 [AudioMix], flags=0x0
06-27 00:27:48.870 D/PowerManagerNotifier( 1538): onWakeLockReleased: flags=1, tag="AudioMix", packageName=audioserver, ownerUid=1041, ownerPid=0, workSource=null
06-27 00:27:48.870 D/PowerManagerService( 1538): updateWakeLockSummaryLocked: mWakefulness=Awake, mWakeLockSummary=0x1
06-27 00:27:48.870 D/PowerManagerService( 1538): updateUserActivitySummaryLocked: groupId=0, mWakefulness=Awake, mUserActivitySummary=0x1, nextTimeout=72201 (in 55760 ms)
06-27 00:27:48.870 D/PowerManagerNotifier( 1538): onScreenPolicyUpdate: newPolicy=3
06-27 00:27:48.870 D/PowerManagerService( 1538): updateDisplayPowerStateLocked: displayReady=true, groupId=0, policy=BRIGHT, mWakefulness=Awake, mWakeLockSummary=0x1, mUserActivitySummary=0x1, mBootCompleted=true, screenBrightnessOverride=NaN, useAutoBrightness=false, mScreenBrightnessBoostInProgress=false, mIsVrModeEnabled= false, sQuiescent=false
06-27 00:27:48.872 D/PowerManagerService( 1538): releaseWakeLockInternal: lock=20401584 [AudioMix], flags=0x0
06-27 00:27:48.872 D/PowerManagerNotifier( 1538): onWakeLockReleased: flags=1, tag="AudioMix", packageName=audioserver, ownerUid=1041, ownerPid=0, workSource=null
06-27 00:27:48.872 D/PowerManagerService( 1538): updateWakeLockSummaryLocked: mWakefulness=Awake, mWakeLockSummary=0x1
06-27 00:27:48.872 D/PowerManagerService( 1538): updateUserActivitySummaryLocked: groupId=0, mWakefulness=Awake, mUserActivitySummary=0x1, nextTimeout=72201 (in 55758 ms)
06-27 00:27:48.872 D/PowerManagerNotifier( 1538): onScreenPolicyUpdate: newPolicy=3
06-27 00:27:48.872 D/PowerManagerService( 1538): updateDisplayPowerStateLocked: displayReady=true, groupId=0, policy=BRIGHT, mWakefulness=Awake, mWakeLockSummary=0x1, mUserActivitySummary=0x1, mBootCompleted=true, screenBrightnessOverride=NaN, useAutoBrightness=false, mScreenBrightnessBoostInProgress=false, mIsVrModeEnabled= false, sQuiescent=false
06-27 00:27:48.877 D/PowerManagerService( 1538): releaseWakeLockInternal: lock=99790590 [AudioMix], flags=0x0
06-27 00:27:48.877 D/PowerManagerNotifier( 1538): onWakeLockReleased: flags=1, tag="AudioMix", packageName=audioserver, ownerUid=1041, ownerPid=0, workSource=null
06-27 00:27:48.878 D/PowerManagerService( 1538): updateWakeLockSummaryLocked: mWakefulness=Awake, mWakeLockSummary=0x1
06-27 00:27:48.878 D/PowerManagerService( 1538): updateUserActivitySummaryLocked: groupId=0, mWakefulness=Awake, mUserActivitySummary=0x1, nextTimeout=72201 (in 55753 ms)
06-27 00:27:48.878 D/PowerManagerNotifier( 1538): onScreenPolicyUpdate: newPolicy=3
06-27 00:27:48.878 D/PowerManagerService( 1538): updateDisplayPowerStateLocked: displayReady=true, groupId=0, policy=BRIGHT, mWakefulness=Awake, mWakeLockSummary=0x1, mUserActivitySummary=0x1, mBootCompleted=true, screenBrightnessOverride=NaN, useAutoBrightness=false, mScreenBrightnessBoostInProgress=false, mIsVrModeEnabled= false, sQuiescent=false
06-27 00:27:48.911 D/CompatibilityChangeReporter( 1538): Compat change id reported: 135634846; UID 10026; state: DISABLED
06-27 00:27:48.911 D/CompatibilityChangeReporter( 1538): Compat change id reported: 177438394; UID 10026; state: DISABLED
06-27 00:27:48.911 D/CompatibilityChangeReporter( 1538): Compat change id reported: 135772972; UID 10026; state: DISABLED
06-27 00:27:48.911 D/CompatibilityChangeReporter( 1538): Compat change id reported: 135754954; UID 10026; state: ENABLED
06-27 00:27:48.911 D/CompatibilityChangeReporter( 1538): Compat change id reported: 143937733; UID 10026; state: ENABLED
06-27 00:27:48.912 I/ActivityManager( 1538): Killing 4141:com.android.packageinstaller/u0a33 (adj 905): empty #2
06-27 00:27:48.920 I/ActivityManager( 1538): Start proc 4226:com.android.providers.calendar/u0a26 for broadcast {com.android.providers.calendar/com.android.providers.calendar.CalendarReceiver}
06-27 00:27:48.945 I/[ 16.509118] binder( 0): 4226:4226 ioctl 40046210 7fdc24c794 returned -22
