06-27 00:27:40.990 E/[ 8.560614] init( 0): Control message: Could not find 'android.frameworks.sensorservice@1.0::ISensorManager/default' for ctl.interface_start from pid: 514 (/system/bin/hwservicemanager)
06-27 00:27:41.001 E/[ 8.569991] init( 0): Control message: Could not find 'android.frameworks.sensorservice@1.0::ISensorManager/default' for ctl.interface_start from pid: 514 (/system/bin/hwservicemanager)
06-27 00:27:41.020 W/PackageParsing( 1538): Unknown element under : supports-gl-texture at /data/app/~~013D84DXPmkcOY8etbBQ0w==/com.tencent.qqmusic-jzCZB2Ttt-ewJPtyUR-BBA==/base.apk Binary XML file line #142
06-27 00:27:41.020 W/PackageParsing( 1538): Unknown element under : supports-gl-texture at /data/app/~~013D84DXPmkcOY8etbBQ0w==/com.tencent.qqmusic-jzCZB2Ttt-ewJPtyUR-BBA==/base.apk Binary XML file line #143
06-27 00:27:41.020 W/PackageParsing( 1538): Unknown element under : meta-data at /data/app/~~013D84DXPmkcOY8etbBQ0w==/com.tencent.qqmusic-jzCZB2Ttt-ewJPtyUR-BBA==/base.apk Binary XML file line #195
06-27 00:27:41.020 W/PackageParsing( 1538): Unknown element under : meta-data at /data/app/~~013D84DXPmkcOY8etbBQ0w==/com.tencent.qqmusic-jzCZB2Ttt-ewJPtyUR-BBA==/base.apk Binary XML file line #198
06-27 00:27:41.022 W/PackageManager( 1538): Skipping provider name com.hunantv.imgo.activity.fileprovider (in package com.hunantv.imgo.activity): name already used by com.hunantv.imgo.activity
06-27 00:27:41.026 W/PackageParsing( 1538): No actions in intent-filter at /data/app/~~013D84DXPmkcOY8etbBQ0w==/com.tencent.qqmusic-jzCZB2Ttt-ewJPtyUR-BBA==/base.apk Binary XML file line #3306
06-27 00:27:41.026 W/PackageParsing( 1538): No actions in intent-filter at /data/app/~~013D84DXPmkcOY8etbBQ0w==/com.tencent.qqmusic-jzCZB2Ttt-ewJPtyUR-BBA==/base.apk Binary XML file line #3317
06-27 00:27:41.026 W/PackageParsing( 1538): No actions in intent-filter at /data/app/~~013D84DXPmkcOY8etbBQ0w==/com.tencent.qqmusic-jzCZB2Ttt-ewJPtyUR-BBA==/base.apk Binary XML file line #3328
06-27 00:27:41.026 W/PackageParsing( 1538): No actions in intent-filter at /data/app/~~013D84DXPmkcOY8etbBQ0w==/com.tencent.qqmusic-jzCZB2Ttt-ewJPtyUR-BBA==/base.apk Binary XML file line #3339
06-27 00:27:41.026 W/PackageParsing( 1538): No actions in intent-filter at /data/app/~~013D84DXPmkcOY8etbBQ0w==/com.tencent.qqmusic-jzCZB2Ttt-ewJPtyUR-BBA==/base.apk Binary XML file line #3350
06-27 00:27:41.026 W/PackageParsing( 1538): No actions in intent-filter at /data/app/~~013D84DXPmkcOY8etbBQ0w==/com.tencent.qqmusic-jzCZB2Ttt-ewJPtyUR-BBA==/base.apk Binary XML file line #3361
06-27 00:27:41.026 W/PackageParsing( 1538): No actions in intent-filter at /data/app/~~013D84DXPmkcOY8etbBQ0w==/com.tencent.qqmusic-jzCZB2Ttt-ewJPtyUR-BBA==/base.apk Binary XML file line #3372
06-27 00:27:41.026 W/PackageParsing( 1538): No actions in intent-filter at /data/app/~~013D84DXPmkcOY8etbBQ0w==/com.tencent.qqmusic-jzCZB2Ttt-ewJPtyUR-BBA==/base.apk Binary XML file line #3383
06-27 00:27:41.026 W/PackageParsing( 1538): No actions in intent-filter at /data/app/~~013D84DXPmkcOY8etbBQ0w==/com.tencent.qqmusic-jzCZB2Ttt-ewJPtyUR-BBA==/base.apk Binary XML file line #3394
06-27 00:27:41.026 W/PackageParsing( 1538): No actions in intent-filter at /data/app/~~013D84DXPmkcOY8etbBQ0w==/com.tencent.qqmusic-jzCZB2Ttt-ewJPtyUR-BBA==/base.apk Binary XML file line #3406
06-27 00:27:41.027 W/PackageParsing( 1538): No actions in intent-filter at /data/app/~~013D84DXPmkcOY8etbBQ0w==/com.tencent.qqmusic-jzCZB2Ttt-ewJPtyUR-BBA==/base.apk Binary XML file line #3418
06-27 00:27:41.027 W/PackageParsing( 1538): No actions in intent-filter at /data/app/~~013D84DXPmkcOY8etbBQ0w==/com.tencent.qqmusic-jzCZB2Ttt-ewJPtyUR-BBA==/base.apk Binary XML file line #3429
06-27 00:27:41.027 W/PackageParsing( 1538): No actions in intent-filter at /data/app/~~013D84DXPmkcOY8etbBQ0w==/com.tencent.qqmusic-jzCZB2Ttt-ewJPtyUR-BBA==/base.apk Binary XML file line #3440
06-27 00:27:41.027 W/PackageParsing( 1538): No actions in intent-filter at /data/app/~~013D84DXPmkcOY8etbBQ0w==/com.tencent.qqmusic-jzCZB2Ttt-ewJPtyUR-BBA==/base.apk Binary XML file line #3452
06-27 00:27:41.027 W/PackageParsing( 1538): No actions in intent-filter at /data/app/~~013D84DXPmkcOY8etbBQ0w==/com.tencent.qqmusic-jzCZB2Ttt-ewJPtyUR-BBA==/base.apk Binary XML file line #3463
06-27 00:27:41.027 W/PackageParsing( 1538): No actions in intent-filter at /data/app/~~013D84DXPmkcOY8etbBQ0w==/com.tencent.qqmusic-jzCZB2Ttt-ewJPtyUR-BBA==/base.apk Binary XML file line #3474
06-27 00:27:41.027 W/PackageParsing( 1538): No actions in intent-filter at /data/app/~~013D84DXPmkcOY8etbBQ0w==/com.tencent.qqmusic-jzCZB2Ttt-ewJPtyUR-BBA==/base.apk Binary XML file line #3485
06-27 00:27:41.027 W/PackageParsing( 1538): No actions in intent-filter at /data/app/~~013D84DXPmkcOY8etbBQ0w==/com.tencent.qqmusic-jzCZB2Ttt-ewJPtyUR-BBA==/base.apk Binary XML file line #3496
06-27 00:27:41.027 W/PackageParsing( 1538): No actions in intent-filter at /data/app/~~013D84DXPmkcOY8etbBQ0w==/com.tencent.qqmusic-jzCZB2Ttt-ewJPtyUR-BBA==/base.apk Binary XML file line #3507
06-27 00:27:41.027 W/PackageParsing( 1538): No actions in intent-filter at /data/app/~~013D84DXPmkcOY8etbBQ0w==/com.tencent.qqmusic-jzCZB2Ttt-ewJPtyUR-BBA==/base.apk Binary XML file line #3518
06-27 00:27:41.027 W/PackageParsing( 1538): No actions in intent-filter at /data/app/~~013D84DXPmkcOY8etbBQ0w==/com.tencent.qqmusic-jzCZB2Ttt-ewJPtyUR-BBA==/base.apk Binary XML file line #3529
06-27 00:27:41.027 W/PackageParsing( 1538): No actions in intent-filter at /data/app/~~013D84DXPmkcOY8etbBQ0w==/com.tencent.qqmusic-jzCZB2Ttt-ewJPtyUR-BBA==/base.apk Binary XML file line #3540
06-27 00:27:41.027 W/PackageParsing( 1538): No actions in intent-filter at /data/app/~~013D84DXPmkcOY8etbBQ0w==/com.tencent.qqmusic-jzCZB2Ttt-ewJPtyUR-BBA==/base.apk Binary XML file line #3558
06-27 00:27:41.027 W/PackageParsing( 1538): No actions in intent-filter at /data/app/~~013D84DXPmkcOY8etbBQ0w==/com.tencent.qqmusic-jzCZB2Ttt-ewJPtyUR-BBA==/base.apk Binary XML file line #3570
06-27 00:27:41.027 W/PackageParsing( 1538): No actions in intent-filter at /data/app/~~013D84DXPmkcOY8etbBQ0w==/com.tencent.qqmusic-jzCZB2Ttt-ewJPtyUR-BBA==/base.apk Binary XML file line #3582
06-27 00:27:41.027 W/PackageParsing( 1538): No actions in intent-filter at /data/app/~~013D84DXPmkcOY8etbBQ0w==/com.tencent.qqmusic-jzCZB2Ttt-ewJPtyUR-BBA==/base.apk Binary XML file line #3593
06-27 00:27:41.027 W/PackageParsing( 1538): No actions in intent-filter at /data/app/~~013D84DXPmkcOY8etbBQ0w==/com.tencent.qqmusic-jzCZB2Ttt-ewJPtyUR-BBA==/base.apk Binary XML file line #3604
06-27 00:27:41.027 W/PackageParsing( 1538): No actions in intent-filter at /data/app/~~013D84DXPmkcOY8etbBQ0w==/com.tencent.qqmusic-jzCZB2Ttt-ewJPtyUR-BBA==/base.apk Binary XML file line #3616
06-27 00:27:41.027 W/PackageParsing( 1538): No actions in intent-filter at /data/app/~~013D84DXPmkcOY8etbBQ0w==/com.tencent.qqmusic-jzCZB2Ttt-ewJPtyUR-BBA==/base.apk Binary XML file line #3628
06-27 00:27:41.027 W/PackageParsing( 1538): No actions in intent-filter at /data/app/~~013D84DXPmkcOY8etbBQ0w==/com.tencent.qqmusic-jzCZB2Ttt-ewJPtyUR-BBA==/base.apk Binary XML file line #3640
06-27 00:27:41.027 W/PackageParsing( 1538): No actions in intent-filter at /data/app/~~013D84DXPmkcOY8etbBQ0w==/com.tencent.qqmusic-jzCZB2Ttt-ewJPtyUR-BBA==/base.apk Binary XML file line #3652
06-27 00:27:41.028 W/PackageParsing( 1538): No actions in intent-filter at /data/app/~~013D84DXPmkcOY8etbBQ0w==/com.tencent.qqmusic-jzCZB2Ttt-ewJPtyUR-BBA==/base.apk Binary XML file line #3769
06-27 00:27:41.028 W/PackageParsing( 1538): No actions in intent-filter at /data/app/~~013D84DXPmkcOY8etbBQ0w==/com.tencent.qqmusic-jzCZB2Ttt-ewJPtyUR-BBA==/base.apk Binary XML file line #3782
06-27 00:27:41.028 W/PackageParsing( 1538): No actions in intent-filter at /data/app/~~013D84DXPmkcOY8etbBQ0w==/com.tencent.qqmusic-jzCZB2Ttt-ewJPtyUR-BBA==/base.apk Binary XML file line #3794
06-27 00:27:41.028 W/PackageParsing( 1538): No actions in intent-filter at /data/app/~~013D84DXPmkcOY8etbBQ0w==/com.tencent.qqmusic-jzCZB2Ttt-ewJPtyUR-BBA==/base.apk Binary XML file line #3806
06-27 00:27:41.028 W/PackageParsing( 1538): No actions in intent-filter at /data/app/~~013D84DXPmkcOY8etbBQ0w==/com.tencent.qqmusic-jzCZB2Ttt-ewJPtyUR-BBA==/base.apk Binary XML file line #3818
06-27 00:27:41.028 W/PackageParsing( 1538): No actions in intent-filter at /data/app/~~013D84DXPmkcOY8etbBQ0w==/com.tencent.qqmusic-jzCZB2Ttt-ewJPtyUR-BBA==/base.apk Binary XML file line #3833
06-27 00:27:41.028 W/PackageParsing( 1538): No actions in intent-filter at /data/app/~~013D84DXPmkcOY8etbBQ0w==/com.tencent.qqmusic-jzCZB2Ttt-ewJPtyUR-BBA==/base.apk Binary XML file line #3982
06-27 00:27:41.029 W/PackageParsing( 1538): No actions in intent-filter at /data/app/~~013D84DXPmkcOY8etbBQ0w==/com.tencent.qqmusic-jzCZB2Ttt-ewJPtyUR-BBA==/base.apk Binary XML file line #4098
06-27 00:27:41.031 W/PackageParsing( 1538): No actions in intent-filter at /data/app/~~013D84DXPmkcOY8etbBQ0w==/com.tencent.qqmusic-jzCZB2Ttt-ewJPtyUR-BBA==/base.apk Binary XML file line #5079
06-27 00:27:41.036 D/CompatibilityChangeReporter( 1538): Compat change id reported: 132742131; UID -1; state: DISABLED
06-27 00:27:41.036 W/PackageManager( 1538): Skipping provider name com.smile.gifmaker.fileprovider (in package com.smile.gifmaker): name already used by com.smile.gifmaker
06-27 00:27:41.071 W/PackageManager( 1538): Skipping provider name com.qiyi.video.fileprovider (in package com.qiyi.video): name already used by com.qiyi.video
06-27 00:27:41.083 W/PackageManager( 1538): Skipping provider name com.tencent.qqmusic.ShareTaskProvider (in package com.tencent.qqmusic): name already used by com.tencent.qqmusic
06-27 00:27:41.084 I/PackageManager( 1538): Finished scanning non-system apps. Time: 253 ms, packageCount: 27 , timePerPackage: 9 , cached: 24
06-27 00:27:41.085 E/PackageManager( 1538): updateAllSharedLibrariesLPw failed: Package com.qualcomm.embms requires unavailable shared library com.qualcomm.qcrilhook; failing!
06-27 00:27:41.085 E/PackageManager( 1538): updateAllSharedLibrariesLPw failed: Package com.android.systemui requires unavailable shared library com.qti.extphone.extphonelib; failing!
06-27 00:27:41.085 E/PackageManager( 1538): updateAllSharedLibrariesLPw failed: Package com.android.settings requires unavailable shared library com.qti.extphone.extphonelib; failing!
06-27 00:27:41.085 E/PackageManager( 1538): updateAllSharedLibrariesLPw failed: Package com.qualcomm.qti.devicestatisticsservice requires unavailable shared library qti-telephony-hidl-wrapper-prd; failing!
06-27 00:27:41.085 E/PackageManager( 1538): updateAllSharedLibrariesLPw failed: Package com.qti.snapdragon.qdcm_ff requires unavailable shared library vendor.display.color.V1_0.IDisplayColor; failing!
06-27 00:27:41.085 E/PackageManager( 1538): updateAllSharedLibrariesLPw failed: Package com.qti.pasrservice requires unavailable shared library vendor.qti.power.pasrmanager.V1_0.IPasrManager; failing!
06-27 00:27:41.085 E/PackageManager( 1538): updateAllSharedLibrariesLPw failed: Package com.qualcomm.wfd.service requires unavailable shared library .WfdService; failing!
06-27 00:27:41.088 I/PackageManager( 1538): Time to scan packages: 0.362 seconds
06-27 00:27:41.088 I/PackageManager( 1538): Permission ownership changed. Updating all permissions.
06-27 00:27:41.099 V/PackageManager( 1538): reconcileAppsData for null u0 0x1 migrateAppData=true
06-27 00:27:41.135 V/PackageManager( 1538): reconcileAppsData finished 27 packages
06-27 00:27:41.135 I/PackageManagerTiming( 1538): write settings
06-27 00:27:41.136 I/SystemServerTimingAsync( 1538): InitThreadPoolExec:prepareAppData
06-27 00:27:41.145 W/PackageManager( 1538): /data/system/packages.xml fsync begin
06-27 00:27:41.146 W/PackageManager( 1538): /data/system/packages.xml fsync end
06-27 00:27:41.156 W/PackageManager( 1538): Intent filter verifier not found
06-27 00:27:41.156 W/PackageManager( 1538): Domain verification agent not found
06-27 00:27:41.162 I/PackageManagerTiming( 1538): checkActivateState
06-27 00:27:41.162 D/PackageManager( 1538): checkActivateState: 1
06-27 00:27:41.162 I/PackageManagerTiming( 1538): GC
06-27 00:27:41.162 I/PackageManager( 1538): Fix for b/169414761 is applied
06-27 00:27:41.162 V/UserManagerService( 1538): Checking that all system packages are whitelisted.
06-27 00:27:41.164 W/UserManagerService( 1538): checkWhitelistedSystemPackages(mode=ENFORCE|IMPLICIT_WHITELIST|IMPLICIT_WHITELIST_SYSTEM) has 68 warnings:
06-27 00:27:41.164 W/UserManagerService( 1538): com.android.internal.display.cutout.emulation.corner is allowlisted but not present.
06-27 00:27:41.164 W/UserManagerService( 1538): com.android.internal.display.cutout.emulation.double is allowlisted but not present.
06-27 00:27:41.164 W/UserManagerService( 1538): com.android.theme.color.amethyst is allowlisted but not present.
06-27 00:27:41.164 W/UserManagerService( 1538): com.android.theme.icon.pebble is allowlisted but not present.
06-27 00:27:41.164 W/UserManagerService( 1538): com.android.theme.color.sand is allowlisted but not present.
06-27 00:27:41.164 W/UserManagerService( 1538): com.android.theme.icon.vessel is allowlisted but not present.
06-27 00:27:41.164 W/UserManagerService( 1538): com.android.theme.color.cinnamon is allowlisted but not present.
06-27 00:27:41.164 W/UserManagerService( 1538): com.android.theme.icon_pack.victor.settings is allowlisted but not present.
06-27 00:27:41.164 W/UserManagerService( 1538): com.android.theme.icon_pack.rounded.systemui is allowlisted but not present.
06-27 00:27:41.164 W/UserManagerService( 1538): com.android.theme.icon.taperedrect is allowlisted but not present.
06-27 00:27:41.164 W/UserManagerService( 1538): com.android.theme.icon_pack.rounded.android is allowlisted but not present.
06-27 00:27:41.164 W/UserManagerService( 1538): com.qualcomm.qti.euiccresource is allowlisted but not present.
06-27 00:27:41.164 W/UserManagerService( 1538): com.qualcomm.qti.telephonyservice is allowlisted but not present.
06-27 00:27:41.164 W/UserManagerService( 1538): com.android.theme.icon_pack.victor.systemui is allowlisted but not present.
06-27 00:27:41.164 W/UserManagerService( 1538): com.android.theme.icon_pack.circular.themepicker is allowlisted but not present.
06-27 00:27:41.164 W/UserManagerService( 1538): com.android.theme.color.tangerine is allowlisted but not present.
06-27 00:27:41.164 W/UserManagerService( 1538): com.android.theme.color.aquamarine is allowlisted but not present.
06-27 00:27:41.164 W/UserManagerService( 1538): com.android.internal.display.cutout.emulation.hole is allowlisted but not present.
06-27 00:27:41.164 W/UserManagerService( 1538): com.android.internal.display.cutout.emulation.tall is allowlisted but not present.
06-27 00:27:41.164 W/UserManagerService( 1538): com.android.theme.color.black is allowlisted but not present.
06-27 00:27:41.164 W/UserManagerService( 1538): com.android.theme.color.green is allowlisted but not present.
06-27 00:27:41.164 W/UserManagerService( 1538): com.android.theme.color.ocean is allowlisted but not present.
06-27 00:27:41.164 W/UserManagerService( 1538): com.android.theme.color.space is allowlisted but not present.
06-27 00:27:41.164 W/UserManagerService( 1538): com.android.internal.systemui.navbar.threebutton is allowlisted but not present.
06-27 00:27:41.164 W/UserManagerService( 1538): com.qti.qualcomm.datastatusnotification is allowlisted but not present.
06-27 00:27:41.164 W/UserManagerService( 1538): com.qualcomm.qti.callfeaturessetting is allowlisted but not present.
06-27 00:27:41.164 W/UserManagerService( 1538): com.android.theme.icon_pack.rounded.launcher is allowlisted but not present.
06-27 00:27:41.164 W/UserManagerService( 1538): com.qti.qualcomm.deviceinfo is allowlisted but not present.
06-27 00:27:41.164 W/UserManagerService( 1538): com.android.theme.icon_pack.kai.settings is allowlisted but not present.
06-27 00:27:41.164 W/UserManagerService( 1538): com.android.internal.systemui.navbar.twobutton is allowlisted but not present.
06-27 00:27:41.164 W/UserManagerService( 1538): org.codeaurora.ims is allowlisted but not present.
06-27 00:27:41.164 W/UserManagerService( 1538): com.android.theme.icon_pack.sam.settings is allowlisted but not present.
06-27 00:27:41.164 W/UserManagerService( 1538): com.android.theme.icon_pack.kai.themepicker is allowlisted but not present.
06-27 00:27:41.164 W/UserManagerService( 1538): com.qualcomm.qcrilmsgtunnel is allowlisted but not present.
06-27 00:27:41.164 W/UserManagerService( 1538): com.android.theme.icon_pack.victor.launcher is allowlisted but not present.
06-27 00:27:41.164 W/UserManagerService( 1538): com.android.theme.icon_pack.filled.settings is allowlisted but not present.
06-27 00:27:41.164 W/UserManagerService( 1538): com.android.theme.icon_pack.kai.systemui is allowlisted but not present.
06-27 00:27:41.164 W/UserManagerService( 1538): com.android.theme.icon_pack.circular.settings is allowlisted but not present.
06-27 00:27:41.164 W/UserManagerService( 1538): com.qti.xdivert is allowlisted but not present.
06-27 00:27:41.164 W/UserManagerService( 1538): com.android.theme.icon_pack.sam.systemui is allowlisted but not present.
06-27 00:27:41.164 W/UserManagerService( 1538): com.android.theme.icon.teardrop is allowlisted but not present.
06-27 00:27:41.164 W/UserManagerService( 1538): com.android.theme.icon_pack.rounded.themepicker is allowlisted but not present.
06-27 00:27:41.164 W/UserManagerService( 1538): com.android.theme.icon_pack.filled.systemui is allowlisted but not present.
06-27 00:27:41.164 W/UserManagerService( 1538): com.qualcomm.qti.imsiprivacy.tests is allowlisted but not present.
06-27 00:27:41.164 W/UserManagerService( 1538): com.android.theme.icon_pack.sam.android is allowlisted but not present.
06-27 00:27:41.164 W/UserManagerService( 1538): com.android.theme.icon_pack.filled.android is allowlisted but not present.
06-27 00:27:41.164 W/UserManagerService( 1538): com.android.theme.icon_pack.circular.systemui is allowlisted but not present.
06-27 00:27:41.164 W/UserManagerService( 1538): com.android.theme.icon_pack.kai.android is allowlisted but not present.
06-27 00:27:41.164 W/UserManagerService( 1538): com.android.theme.icon_pack.kai.launcher is allowlisted but not present.
06-27 00:27:41.164 W/UserManagerService( 1538): com.qualcomm.qti.sam.service is allowlisted but not present.
06-27 00:27:41.164 W/UserManagerService( 1538): com.android.theme.icon_pack.sam.launcher is allowlisted but not present.
06-27 00:27:41.164 W/UserManagerService( 1538): com.android.theme.icon.squircle is allowlisted but not present.
06-27 00:27:41.164 W/UserManagerService( 1538): com.android.theme.icon_pack.victor.android is allowlisted but not present.
06-27 00:27:41.164 W/UserManagerService( 1538): com.android.theme.color.palette is allowlisted but not present.
06-27 00:27:41.164 W/UserManagerService( 1538): com.android.theme.icon_pack.filled.launcher is allowlisted but not present.
06-27 00:27:41.164 W/UserManagerService( 1538): com.android.theme.color.carbon is allowlisted but not present.
06-27 00:27:41.164 W/UserManagerService( 1538): com.android.theme.icon_pack.circular.launcher is allowlisted but not present.
06-27 00:27:41.164 W/UserManagerService( 1538): com.android.theme.icon_pack.filled.themepicker is allowlisted but not present.
06-27 00:27:41.164 W/UserManagerService( 1538): com.android.theme.icon_pack.victor.themepicker is allowlisted but not present.
06-27 00:27:41.164 W/UserManagerService( 1538): com.android.theme.color.orchid is allowlisted but not present.
06-27 00:27:41.164 W/UserManagerService( 1538): com.android.theme.color.purple is allowlisted but not present.
06-27 00:27:41.164 W/UserManagerService( 1538): com.qualcomm.qti.confdialer is allowlisted but not present.
06-27 00:27:41.164 W/UserManagerService( 1538): com.android.theme.icon_pack.sam.themepicker is allowlisted but not present.
06-27 00:27:41.164 W/UserManagerService( 1538): com.qualcomm.atfwd is allowlisted but not present.
06-27 00:27:41.164 W/UserManagerService( 1538): com.android.theme.icon.roundedrect is allowlisted but not present.
06-27 00:27:41.164 W/UserManagerService( 1538): com.android.theme.icon_pack.rounded.settings is allowlisted but not present.
06-27 00:27:41.164 W/UserManagerService( 1538): org.codeaurora.qti.nrNetworkSettingApp is allowlisted but not present.
06-27 00:27:41.164 W/UserManagerService( 1538): com.android.theme.icon_pack.circular.android is allowlisted but not present.
06-27 00:27:41.164 I/Watchdog( 1538): Resuming HandlerChecker: main thread for reason: packagemanagermain. Pause count: 0
06-27 00:27:41.164 I/SystemServerDexLoadReporter( 1538): Configuring system server dex reporter
06-27 00:27:41.167 E/[ 8.738458] HL6111R( 0): is_dc_online: DC psy unavailable
06-27 00:27:41.168 I/SystemServerTiming( 1538): StartOtaDexOptService
06-27 00:27:41.168 I/Watchdog( 1538): Pausing HandlerChecker: main thread for reason: moveab. Pause count: 1
06-27 00:27:41.168 I/storaged( 1205): storaged: Start
06-27 00:27:41.168 D/OTADexopt( 1538): No upgrade, skipping A/B artifacts check.
06-27 00:27:41.168 I/Watchdog( 1538): Resuming HandlerChecker: main thread for reason: moveab. Pause count: 0
06-27 00:27:41.168 I/SystemServerTiming( 1538): StartUserManagerService
06-27 00:27:41.168 I/SystemServiceManager( 1538): Starting com.android.server.pm.UserManagerService$LifeCycle
06-27 00:27:41.168 I/SystemServerTiming( 1538): InitAttributerCache
06-27 00:27:41.168 I/SystemServerTiming( 1538): SetSystemProcess
06-27 00:27:41.172 I/ActivityManager( 1538): Connection with lmkd established
06-27 00:27:41.173 I/SystemServerTiming( 1538): InitWatchdog
06-27 00:27:41.173 I/SystemServerTiming( 1538): StartOverlayManagerService
06-27 00:27:41.175 V/HistoricalRegistry( 1538): Interaction before persistence initialized
06-27 00:27:41.177 V/HistoricalRegistry( 1538): Interaction before persistence initialized
06-27 00:27:41.177 I/[ 8.747375] init( 0): Control message: Processed ctl.start for 'idmap2d' from pid: 1538 (system_server)
06-27 00:27:41.324 I/SystemServerTiming( 1538): StartSensorPrivacyService
06-27 00:27:41.325 W/ActivityTaskManager( 1538): Skip updateConfiguration because mWindowManager isn't set
06-27 00:27:41.325 I/SystemServerTiming( 1538): StartThunderBoostPerfService
06-27 00:27:41.326 I/SystemServerTiming( 1538): StartSensorService
06-27 00:27:41.326 I/SystemServiceManager( 1538): Starting com.android.server.sensors.SensorService
06-27 00:27:41.326 I/SystemServerTiming( 1538): startCoreServices
06-27 00:27:41.326 I/SystemServerTiming( 1538): StartSystemConfigService
06-27 00:27:41.326 I/SystemServiceManager( 1538): Starting com.android.server.SystemConfigService
06-27 00:27:41.326 I/SystemServerTimingAsync( 1538): InitThreadPoolExec:StartNativeSensorService
06-27 00:27:41.326 I/SystemServerTimingAsync( 1538): StartNativeSensorService
06-27 00:27:41.326 I/SystemServerTiming( 1538): StartBatteryService
06-27 00:27:41.326 I/SystemServiceManager( 1538): Starting com.android.server.BatteryService
06-27 00:27:41.328 E/[ 8.898844] HL6111R( 0): is_dc_online: DC psy unavailable
06-27 00:27:41.328 E/[ 8.898972] HL6111R( 0): is_dc_online: DC psy unavailable
06-27 00:27:41.329 W/[ 8.898998] healthd( 0): battery none chg=
06-27 00:27:41.329 E/[ 8.899016] HL6111R( 0): is_dc_online: DC psy unavailable
06-27 00:27:41.330 I/HealthServiceWrapper( 1538): health: HealthServiceWrapper listening to instance default
06-27 00:27:41.330 I/BatteryService( 1538): health: Waited 0ms and received the update.
06-27 00:27:41.331 I/SystemServerTiming( 1538): StartUsageService
06-27 00:27:41.331 I/SystemServiceManager( 1538): Starting com.android.server.usage.UsageStatsService
06-27 00:27:41.333 I/SystemServerTiming( 1538): StartWebViewUpdateService
06-27 00:27:41.334 I/SystemServiceManager( 1538): Starting com.android.server.webkit.WebViewUpdateService
06-27 00:27:41.334 I/SystemServerTiming( 1538): StartCachedDeviceStateService
06-27 00:27:41.334 I/SystemServiceManager( 1538): Starting com.android.server.CachedDeviceStateService
06-27 00:27:41.334 I/SystemServerTiming( 1538): StartBinderCallsStatsService
06-27 00:27:41.334 I/SystemServiceManager( 1538): Starting com.android.server.BinderCallsStatsService$LifeCycle
06-27 00:27:41.335 I/SystemServerTiming( 1538): StartLooperStatsService
06-27 00:27:41.335 I/SystemServiceManager( 1538): Starting com.android.server.LooperStatsService$Lifecycle
06-27 00:27:41.335 I/SystemServerTiming( 1538): StartRollbackManagerService
06-27 00:27:41.335 I/SystemServiceManager( 1538): Starting com.android.server.rollback.RollbackManagerService
06-27 00:27:41.337 I/PackageWatchdog( 1538): Syncing state, reason: added new observer
06-27 00:27:41.337 I/PackageWatchdog( 1538): Not pruning observers, elapsed time: 0ms
06-27 00:27:41.337 I/SystemServerTiming( 1538): StartNativeTombstoneManagerService
06-27 00:27:41.337 I/SystemServiceManager( 1538): Starting com.android.server.os.NativeTombstoneManagerService
06-27 00:27:41.338 I/PackageWatchdog( 1538): Saving observer state to file
06-27 00:27:41.338 I/SystemServerTiming( 1538): StartBugreportManagerService
06-27 00:27:41.338 I/SystemServiceManager( 1538): Starting com.android.server.os.BugreportManagerService
06-27 00:27:41.338 I/SystemServerTiming( 1538): GpuService
06-27 00:27:41.338 I/SystemServiceManager( 1538): Starting com.android.server.gpu.GpuService
06-27 00:27:41.338 I/SystemServerTiming( 1538): startOtherServices
06-27 00:27:41.338 I/SystemServerTiming( 1538): StartKeyAttestationApplicationIdProviderService
06-27 00:27:41.338 I/SystemServerTimingAsync( 1538): InitThreadPoolExec:SecondaryZygotePreload
06-27 00:27:41.339 I/SystemServer( 1538): SecondaryZygotePreload
06-27 00:27:41.339 I/SystemServerTimingAsync( 1538): SecondaryZygotePreload
06-27 00:27:41.339 I/SystemServerTiming( 1538): StartKeyChainSystemService
06-27 00:27:41.339 I/SystemServiceManager( 1538): Starting com.android.server.security.KeyChainSystemService
06-27 00:27:41.339 I/SystemServerTiming( 1538): StartSchedulingPolicyService
06-27 00:27:41.339 I/SystemServerTiming( 1538): StartTelecomLoaderService
06-27 00:27:41.339 I/SystemServiceManager( 1538): Starting com.android.server.telecom.TelecomLoaderService
06-27 00:27:41.339 I/SystemServerTiming( 1538): StartTelephonyRegistry
06-27 00:27:41.340 I/SystemServerTiming( 1538): StartEntropyMixer
06-27 00:27:41.340 I/EntropyMixer( 1538): Writing entropy...
06-27 00:27:41.341 I/SystemServerTimingAsync( 1538): InitThreadPoolExec:SchedulingPolicyService.
06-27 00:27:41.341 I/SystemServerTiming( 1538): StartAccountManagerService
06-27 00:27:41.341 I/SystemServiceManager( 1538): Starting com.android.server.accounts.AccountManagerService$Lifecycle
06-27 00:27:41.353 I/SystemServerTiming( 1538): StartContentService
06-27 00:27:41.353 I/SystemServiceManager( 1538): Starting com.android.server.content.ContentService$Lifecycle
06-27 00:27:41.354 I/SystemServerTiming( 1538): InstallSystemProviders
06-27 00:27:41.401 I/[ 8.971591] binder( 0): 1538:1538 ioctl c00c620f 7fdc24c458 returned -22
06-27 00:27:41.401 W/ActivityManager( 1538): unable to read freezer info
06-27 00:27:41.401 D/ActivityManager( 1538): Freezer disabled
06-27 00:27:41.402 I/SystemServerTiming( 1538): StartDropBoxManager
06-27 00:27:41.402 I/SystemServiceManager( 1538): Starting com.android.server.DropBoxManagerService
06-27 00:27:41.403 I/SystemServerTiming( 1538): StartRoleManagerService
06-27 00:27:41.403 I/SystemServiceManager( 1538): Starting com.android.role.RoleService
06-27 00:27:41.405 I/SystemServerTiming( 1538): StartVibratorManagerService
06-27 00:27:41.405 I/SystemServiceManager( 1538): Starting com.android.server.vibrator.VibratorManagerService$Lifecycle
06-27 00:27:41.409 I/SystemServerTiming( 1538): StartDynamicSystemService
06-27 00:27:41.410 I/SystemServerTiming( 1538): StartConsumerIrService
06-27 00:27:41.411 I/SystemServerTiming( 1538): StartAlarmManagerService
06-27 00:27:41.411 I/SystemServiceManager( 1538): Starting com.android.server.alarm.AlarmManagerService
06-27 00:27:41.413 I/PackageManager( 1538): Deferred reconcileAppsData finished 137 packages
06-27 00:27:41.418 I/SystemServerTiming( 1538): StartInputManagerService
06-27 00:27:41.418 I/InputManager( 1538): Initializing input manager, mUseDevInputEventForAudioJack=true
06-27 00:27:41.422 I/SystemServerTiming( 1538): DeviceStateManagerService
06-27 00:27:41.422 I/SystemServiceManager( 1538): Starting com.android.server.devicestate.DeviceStateManagerService
06-27 00:27:41.426 I/SystemServerTiming( 1538): StartCameraServiceProxy
06-27 00:27:41.426 I/SystemServiceManager( 1538): Starting com.android.server.camera.CameraServiceProxy
06-27 00:27:41.428 I/SystemServerTiming( 1538): StartWindowManagerService
06-27 00:27:41.428 I/SystemServiceManager( 1538): Starting phase 200
06-27 00:27:41.428 I/SystemServerTiming( 1538): OnBootPhase_200
06-27 00:27:41.428 I/SystemServerTiming( 1538): OnBootPhase_200_com.android.server.security.FileIntegrityService
06-27 00:27:41.428 I/SystemServerTiming( 1538): OnBootPhase_200_com.android.server.pm.Installer
06-27 00:27:41.428 I/SystemServerTiming( 1538): OnBootPhase_200_com.android.server.os.DeviceIdentifiersPolicyService
06-27 00:27:41.428 I/SystemServerTiming( 1538): OnBootPhase_200_com.android.server.uri.UriGrantsManagerService$Lifecycle
06-27 00:27:41.428 I/SystemServerTiming( 1538): OnBootPhase_200_com.android.server.powerstats.PowerStatsService
06-27 00:27:41.428 I/SystemServerTiming( 1538): OnBootPhase_200_com.android.server.wm.ActivityTaskManagerService$Lifecycle
06-27 00:27:41.428 I/SystemServerTiming( 1538): OnBootPhase_200_com.android.server.am.ActivityManagerService$Lifecycle
06-27 00:27:41.428 I/SystemServerTiming( 1538): OnBootPhase_200_com.android.server.pm.DataLoaderManagerService
06-27 00:27:41.428 I/SystemServerTiming( 1538): OnBootPhase_200_com.android.server.power.PowerManagerService
06-27 00:27:41.428 I/SystemServerTiming( 1538): OnBootPhase_200_com.android.server.power.ThermalManagerService
06-27 00:27:41.428 I/SystemServerTiming( 1538): OnBootPhase_200_com.android.server.power.hint.HintManagerService
06-27 00:27:41.428 I/SystemServerTiming( 1538): OnBootPhase_200_com.android.server.recoverysystem.RecoverySystemService$Lifecycle
06-27 00:27:41.429 I/SystemServerTiming( 1538): OnBootPhase_200_com.android.server.lights.LightsService
06-27 00:27:41.429 I/SystemServerTiming( 1538): OnBootPhase_200_com.android.server.display.DisplayManagerService
06-27 00:27:41.429 I/SystemServerTiming( 1538): OnBootPhase_200_com.android.server.pm.verify.domain.DomainVerificationService
06-27 00:27:41.429 I/SystemServerTiming( 1538): OnBootPhase_200_com.android.server.pm.PackageInstallerService$Lifecycle
06-27 00:27:41.429 I/SystemServerTiming( 1538): OnBootPhase_200_com.android.server.pm.UserManagerService$LifeCycle
06-27 00:27:41.429 I/SystemServerTiming( 1538): OnBootPhase_200_com.android.server.om.OverlayManagerService
06-27 00:27:41.429 I/SystemServerTiming( 1538): OnBootPhase_200_com.android.server.SensorPrivacyService
06-27 00:27:41.429 I/SystemServerTiming( 1538): OnBootPhase_200_com.android.server.thunderperf.ThunderBoostPerfService
06-27 00:27:41.429 I/SystemServerTiming( 1538): OnBootPhase_200_com.android.server.sensors.SensorService
06-27 00:27:41.429 I/SystemServerTiming( 1538): OnBootPhase_200_com.android.server.SystemConfigService
06-27 00:27:41.429 I/SystemServerTiming( 1538): OnBootPhase_200_com.android.server.BatteryService
06-27 00:27:41.429 I/SystemServerTiming( 1538): OnBootPhase_200_com.android.server.usage.UsageStatsService
06-27 00:27:41.429 I/SystemServerTiming( 1538): OnBootPhase_200_com.android.server.webkit.WebViewUpdateService
06-27 00:27:41.429 I/SystemServerTiming( 1538): OnBootPhase_200_com.android.server.CachedDeviceStateService
06-27 00:27:41.429 I/SystemServerTiming( 1538): OnBootPhase_200_com.android.server.BinderCallsStatsService$LifeCycle
06-27 00:27:41.429 I/SystemServerTiming( 1538): OnBootPhase_200_com.android.server.LooperStatsService$Lifecycle
06-27 00:27:41.429 I/SystemServerTiming( 1538): OnBootPhase_200_com.android.server.rollback.RollbackManagerService
06-27 00:27:41.429 I/SystemServerTiming( 1538): OnBootPhase_200_com.android.server.os.NativeTombstoneManagerService
06-27 00:27:41.429 I/SystemServerTiming( 1538): OnBootPhase_200_com.android.server.os.BugreportManagerService
06-27 00:27:41.429 I/SystemServerTiming( 1538): OnBootPhase_200_com.android.server.gpu.GpuService
06-27 00:27:41.429 I/SystemServerTiming( 1538): OnBootPhase_200_com.android.server.security.KeyChainSystemService
06-27 00:27:41.429 I/SystemServerTiming( 1538): OnBootPhase_200_com.android.server.telecom.TelecomLoaderService
06-27 00:27:41.429 I/SystemServerTiming( 1538): OnBootPhase_200_com.android.server.accounts.AccountManagerService$Lifecycle
06-27 00:27:41.429 I/SystemServerTiming( 1538): OnBootPhase_200_com.android.server.content.ContentService$Lifecycle
06-27 00:27:41.429 I/SystemServerTiming( 1538): OnBootPhase_200_com.android.server.DropBoxManagerService
06-27 00:27:41.429 I/SystemServerTiming( 1538): OnBootPhase_200_com.android.role.RoleService
06-27 00:27:41.429 I/SystemServerTiming( 1538): OnBootPhase_200_com.android.server.vibrator.VibratorManagerService$Lifecycle
06-27 00:27:41.429 I/SystemServerTiming( 1538): OnBootPhase_200_com.android.server.alarm.AlarmManagerService
06-27 00:27:41.429 I/SystemServerTiming( 1538): OnBootPhase_200_com.android.server.devicestate.DeviceStateManagerService
06-27 00:27:41.429 I/SystemServerTiming( 1538): OnBootPhase_200_com.android.server.camera.CameraServiceProxy
06-27 00:27:41.429 I/WindowManager( 1538): No existing display settings, starting empty
06-27 00:27:41.429 I/WindowManager( 1538): No existing display settings, starting empty
06-27 00:27:41.436 I/SystemServerTiming( 1538): SetWindowManagerService
06-27 00:27:41.449 I/ActivityTaskManager( 1538): Loaded persisted task ids for user 0
06-27 00:27:41.450 I/SystemServerTiming( 1538): WindowManagerServiceOnInitReady
06-27 00:27:41.454 I/SystemServerTiming( 1538): StartInputManager
06-27 00:27:41.454 I/InputManager( 1538): Starting input manager
06-27 00:27:41.454 I/SystemServerTimingAsync( 1538): InitThreadPoolExec:StartHidlServices
06-27 00:27:41.454 I/SystemServerTimingAsync( 1538): StartHidlServices
06-27 00:27:41.457 I/SystemServerTiming( 1538): DisplayManagerWindowManagerAndInputReady
06-27 00:27:41.457 I/SystemServerTiming( 1538): StartBluetoothService
06-27 00:27:41.457 I/SystemServiceManager( 1538): Starting com.android.server.BluetoothService
06-27 00:27:41.457 I/LogicalDisplayMapper( 1538): Requesting Transition to state: 0
06-27 00:27:41.457 I/LogicalDisplayMapper( 1538): Applying layout: [{addr: {port=129, model=0x40446d97fee5e6}, dispId: 0(ON)}], Previous layout: [{addr: {port=129, model=0x40446d97fee5e6}, dispId: 0(ON)}]
06-27 00:27:41.458 D/BluetoothManagerService( 1538): Loading stored name and address
06-27 00:27:41.458 D/BluetoothManagerService( 1538): Stored bluetooth Name=高合娱乐副屏,Address=22:22:91:64:03:1A
06-27 00:27:41.458 D/BluetoothManagerService( 1538): Bluetooth persisted state: 1
06-27 00:27:41.458 D/BluetoothManagerService( 1538): Startup: Bluetooth persisted state is ON.
06-27 00:27:41.458 D/BluetoothManagerService( 1538): Detected SystemUiUid: 10080
06-27 00:27:41.458 I/SystemServerTiming( 1538): IpConnectivityMetrics
06-27 00:27:41.458 I/SystemServiceManager( 1538): Starting com.android.server.connectivity.IpConnectivityMetrics
06-27 00:27:41.458 I/SystemServerTiming( 1538): NetworkWatchlistService
06-27 00:27:41.458 I/SystemServiceManager( 1538): Starting com.android.server.net.watchlist.NetworkWatchlistService$Lifecycle
06-27 00:27:41.462 I/WatchlistSettings( 1538): Reload watchlist settings done
06-27 00:27:41.463 I/WatchlistLoggingHandler( 1538): Start aggregating watchlist records.
06-27 00:27:41.463 I/SystemServerTiming( 1538): PinnerService
06-27 00:27:41.463 I/SystemServiceManager( 1538): Starting com.android.server.PinnerService
06-27 00:27:41.463 V/HistoricalRegistry( 1538): Interaction before persistence initialized
06-27 00:27:41.464 I/SystemServerTiming( 1538): IorapForwardingService
06-27 00:27:41.464 I/SystemServiceManager( 1538): Starting com.google.android.startop.iorap.IorapForwardingService
06-27 00:27:41.465 D/PinnerService( 1538): pinRangeStream: null
06-27 00:27:41.467 I/SystemServiceManager( 1538): Starting com.android.server.ActivityTriggerService
06-27 00:27:41.467 I/ActivityTriggerService( 1538): Starting ActivityTriggerService
06-27 00:27:41.469 D/PinnerService( 1538): pinRangeStream: null
06-27 00:27:41.469 I/SystemServerTiming( 1538): SignedConfigService
06-27 00:27:41.469 D/PinnerService( 1538): pinRangeStream: null
06-27 00:27:41.469 D/PinnerService( 1538): pinRangeStream: null
06-27 00:27:41.469 I/SystemServerTiming( 1538): AppIntegrityService
06-27 00:27:41.469 I/SystemServiceManager( 1538): Starting com.android.server.integrity.AppIntegrityManagerService
06-27 00:27:41.470 E/IntegrityFileManager( 1538): Error creating staging and rules directory
06-27 00:27:41.480 I/WindowManager( 1538): SAFE MODE not enabled
06-27 00:27:41.480 I/SystemServerTiming( 1538): StartInputMethodManagerLifecycle
06-27 00:27:41.480 I/SystemServiceManager( 1538): Starting com.android.server.inputmethod.InputMethodManagerService$Lifecycle
06-27 00:27:41.481 I/SystemServerTiming( 1538): StartAccessibilityManagerService
06-27 00:27:41.481 I/SystemServiceManager( 1538): Starting com.android.server.accessibility.AccessibilityManagerService$Lifecycle
06-27 00:27:41.486 I/SystemServerTiming( 1538): MakeDisplayReady
06-27 00:27:41.487 I/ActivityTaskManager( 1538): Config changes=20005df8 {1.0 ?mcc?mnc [zh_CN] ldltr sw720dp w1706dp h665dp 240dpi lrg long land ?uimode ?night -touch -keyb/v/h -nav/h winConfig={ mBounds=Rect(0, 0 - 2560, 1080) mAppBounds=Rect(0, 0 - 2560, 1034) mMaxBounds=Rect(0, 0 - 2560, 1080) mWindowingMode=fullscreen mDisplayWindowingMode=fullscreen mActivityType=undefined mAlwaysOnTop=undefined mRotation=ROTATION_0} s.2 ?fontWeightAdjustment}
06-27 00:27:41.488 I/WindowManager( 1538): Override config changes=60007dfc {1.0 ?mcc?mnc [zh_CN] ldltr sw720dp w1706dp h665dp 240dpi lrg long land ?uimode ?night -touch -keyb/v/h -nav/h winConfig={ mBounds=Rect(0, 0 - 2560, 1080) mAppBounds=Rect(0, 0 - 2560, 1034) mMaxBounds=Rect(0, 0 - 2560, 1080) mWindowingMode=fullscreen mDisplayWindowingMode=fullscreen mActivityType=undefined mAlwaysOnTop=undefined mRotation=ROTATION_0} s.2 ?fontWeightAdjustment} for displayId=0
06-27 00:27:41.491 I/[ 9.060846] init( 0): processing action (sys.sysctl.extra_free_kbytes=*) from (/system/etc/init/hw/init.rc:1175)
06-27 00:27:41.492 D/PinnerService( 1538): pinRangeStream: null
06-27 00:27:41.492 D/PinnerService( 1538): pinRangeStream: null
06-27 00:27:41.494 D/PinnerService( 1538): pinRangeStream: null
06-27 00:27:41.500 I/ActivityTaskManager( 1538): Config changes=8 {1.0 ?mcc?mnc [zh_CN] ldltr sw720dp w1706dp h665dp 240dpi lrg long land ?uimode ?night finger -keyb/v/h -nav/h winConfig={ mBounds=Rect(0, 0 - 2560, 1080) mAppBounds=Rect(0, 0 - 2560, 1034) mMaxBounds=Rect(0, 0 - 2560, 1080) mWindowingMode=fullscreen mDisplayWindowingMode=fullscreen mActivityType=undefined mAlwaysOnTop=undefined mRotation=ROTATION_0} s.4 ?fontWeightAdjustment}
06-27 00:27:41.501 I/WindowManager( 1538): Override config changes=8 {1.0 ?mcc?mnc [zh_CN] ldltr sw720dp w1706dp h665dp 240dpi lrg long land ?uimode ?night finger -keyb/v/h -nav/h winConfig={ mBounds=Rect(0, 0 - 2560, 1080) mAppBounds=Rect(0, 0 - 2560, 1034) mMaxBounds=Rect(0, 0 - 2560, 1080) mWindowingMode=fullscreen mDisplayWindowingMode=fullscreen mActivityType=undefined mAlwaysOnTop=undefined mRotation=ROTATION_0} s.4 ?fontWeightAdjustment} for displayId=0
06-27 00:27:41.502 I/SystemServerTiming( 1538): StartStorageManagerService
06-27 00:27:41.502 I/SystemServiceManager( 1538): Starting com.android.server.StorageManagerService$Lifecycle
06-27 00:27:41.502 D/PinnerService( 1538): pinRangeStream: null
06-27 00:27:41.506 D/StorageManagerService( 1538): Thinking about init, mBootCompleted=false, mDaemonConnected=true
06-27 00:27:41.506 D/StorageManagerService( 1538): Thinking about reset, mBootCompleted=false, mDaemonConnected=true
06-27 00:27:41.507 D/StorageManagerService( 1538): Thinking about init, mBootCompleted=false, mDaemonConnected=true
06-27 00:27:41.507 D/StorageManagerService( 1538): Thinking about reset, mBootCompleted=false, mDaemonConnected=true
06-27 00:27:41.507 I/SystemServerTiming( 1538): StartStorageStatsService
06-27 00:27:41.507 I/SystemServiceManager( 1538): Starting com.android.server.usage.StorageStatsService$Lifecycle
06-27 00:27:41.508 I/SystemServerTiming( 1538): StartUiModeManager
06-27 00:27:41.508 I/SystemServiceManager( 1538): Starting com.android.server.UiModeManagerService
06-27 00:27:41.509 D/PinnerService( 1538): pinRangeStream: null
06-27 00:27:41.509 I/SystemServerTiming( 1538): UpdatePackagesIfNeeded
06-27 00:27:41.509 I/Watchdog( 1538): Pausing HandlerChecker: main thread for reason: dexopt. Pause count: 1
06-27 00:27:41.509 I/Watchdog( 1538): Resuming HandlerChecker: main thread for reason: dexopt. Pause count: 0
06-27 00:27:41.509 I/SystemServerTiming( 1538): PerformFstrimIfNeeded
06-27 00:27:41.509 D/PinnerService( 1538): pinRangeStream: null
06-27 00:27:41.509 I/SystemServerTiming( 1538): StartLockSettingsService
06-27 00:27:41.509 I/SystemServiceManager( 1538): Starting com.android.server.locksettings.LockSettingsService$Lifecycle
06-27 00:27:41.511 D/PinnerService( 1538): pinRangeStream: null
06-27 00:27:41.512 I/SystemServerTimingAsync( 1538): InitThreadPoolExec:UiModeManager.onStart
06-27 00:27:41.512 D/PinnerService( 1538): pinRangeStream: null
06-27 00:27:41.513 E/PinnerService( 1538): Could not pin file /system/lib64/libsurfaceflinger.so
06-27 00:27:41.513 E/PinnerService( 1538): android.system.ErrnoException: open failed: ENOENT (No such file or directory)
06-27 00:27:41.513 E/PinnerService( 1538): at libcore.io.Linux.open(Native Method)
06-27 00:27:41.513 E/PinnerService( 1538): at libcore.io.ForwardingOs.open(ForwardingOs.java:567)
06-27 00:27:41.513 E/PinnerService( 1538): at libcore.io.BlockGuardOs.open(BlockGuardOs.java:273)
06-27 00:27:41.513 E/PinnerService( 1538): at android.system.Os.open(Os.java:501)
06-27 00:27:41.513 E/PinnerService( 1538): at com.android.server.PinnerService.pinFileRanges(PinnerService.java:939)
06-27 00:27:41.513 E/PinnerService( 1538): at com.android.server.PinnerService.pinFile(PinnerService.java:814)
06-27 00:27:41.513 E/PinnerService( 1538): at com.android.server.PinnerService.handlePinOnStart(PinnerService.java:273)
06-27 00:27:41.513 E/PinnerService( 1538): at com.android.server.PinnerService.access$1600(PinnerService.java:91)
06-27 00:27:41.513 E/PinnerService( 1538): at com.android.server.PinnerService$PinnerHandler.handleMessage(PinnerService.java:1183)
06-27 00:27:41.513 E/PinnerService( 1538): at android.os.Handler.dispatchMessage(Handler.java:106)
06-27 00:27:41.513 E/PinnerService( 1538): at android.os.Looper.loopOnce(Looper.java:201)
06-27 00:27:41.513 E/PinnerService( 1538): at android.os.Looper.loop(Looper.java:288)
06-27 00:27:41.513 E/PinnerService( 1538): at android.os.HandlerThread.run(HandlerThread.java:67)
06-27 00:27:41.513 E/PinnerService( 1538): Failed to pin file = /system/lib64/libsurfaceflinger.so
06-27 00:27:41.516 I/SystemServerTiming( 1538): StartPersistentDataBlock
06-27 00:27:41.516 I/SystemServiceManager( 1538): Starting com.android.server.PersistentDataBlockService
06-27 00:27:41.516 I/SystemServerTiming( 1538): StartTestHarnessMode
06-27 00:27:41.516 I/SystemServiceManager( 1538): Starting com.android.server.testharness.TestHarnessModeService
06-27 00:27:41.516 I/SystemServerTiming( 1538): StartOemLockService
06-27 00:27:41.516 I/SystemServiceManager( 1538): Starting com.android.server.oemlock.OemLockService
06-27 00:27:41.517 I/SystemServerTimingAsync( 1538): InitThreadPoolExec:PersistentDataBlockService.onStart
06-27 00:27:41.517 I/OemLock ( 1538): OemLock HAL not present on device
06-27 00:27:41.517 I/OemLock ( 1538): Using persistent data block based lock
06-27 00:27:41.517 I/SystemServerTiming( 1538): StartDeviceIdleController
06-27 00:27:41.517 I/SystemServiceManager( 1538): Starting com.android.server.DeviceIdleController
06-27 00:27:41.518 I/SystemServerTiming( 1538): StartDevicePolicyManager
06-27 00:27:41.518 I/SystemServiceManager( 1538): Starting com.android.server.devicepolicy.DevicePolicyManagerService$Lifecycle
06-27 00:27:41.521 I/DevicePolicyManager( 1538): Set ro.organization_owned property to false
06-27 00:27:41.521 I/SystemServerTiming( 1538): StartStatusBarManagerService
06-27 00:27:41.522 D/SystemServer( 1538): MusicRecognitionManagerService not defined by OEM or disabled by flag
06-27 00:27:41.522 D/SystemServer( 1538): ContentCaptureService disabled because resource is not overlaid
06-27 00:27:41.522 D/SystemServer( 1538): AttentionService is not configured on this device
06-27 00:27:41.522 D/SystemServer( 1538): RotationResolverService is not configured on this device
06-27 00:27:41.522 D/SystemServer( 1538): SystemCaptionsManagerService disabled because resource is not overlaid
06-27 00:27:41.522 I/SystemServerTiming( 1538): StartTextToSpeechManagerService
06-27 00:27:41.522 I/SystemServiceManager( 1538): Starting com.android.server.texttospeech.TextToSpeechManagerService
06-27 00:27:41.523 I/SystemServerTiming( 1538): StartSpeechRecognitionManagerService
06-27 00:27:41.523 I/SystemServiceManager( 1538): Starting com.android.server.speech.SpeechRecognitionManagerService
06-27 00:27:41.523 D/SystemServer( 1538): AppPredictionService not defined by OEM
06-27 00:27:41.523 D/SystemServer( 1538): ContentSuggestionsService not defined by OEM
06-27 00:27:41.523 I/SystemServerTiming( 1538): StartSearchUiService
06-27 00:27:41.523 I/SystemServiceManager( 1538): Starting com.android.server.searchui.SearchUiManagerService
06-27 00:27:41.525 E/PersistentDataBlockService( 1538): not able to find package com.google.android.gms
06-27 00:27:41.525 E/PersistentDataBlockService( 1538): android.content.pm.PackageManager$NameNotFoundException: com.google.android.gms
06-27 00:27:41.525 E/PersistentDataBlockService( 1538): at android.app.ApplicationPackageManager.getPackageUidAsUser(ApplicationPackageManager.java:364)
06-27 00:27:41.525 E/PersistentDataBlockService( 1538): at com.android.server.PersistentDataBlockService.getAllowedUid(PersistentDataBlockService.java:162)
06-27 00:27:41.525 E/PersistentDataBlockService( 1538): at com.android.server.PersistentDataBlockService.lambda$onStart$0$PersistentDataBlockService(PersistentDataBlockService.java:176)
06-27 00:27:41.525 E/PersistentDataBlockService( 1538): at com.android.server.PersistentDataBlockService$$ExternalSyntheticLambda0.run(Unknown Source:2)
06-27 00:27:41.525 E/PersistentDataBlockService( 1538): at com.android.server.SystemServerInitThreadPool.lambda$submitTask$0$SystemServerInitThreadPool(SystemServerInitThreadPool.java:105)
06-27 00:27:41.525 E/PersistentDataBlockService( 1538): at com.android.server.SystemServerInitThreadPool$$ExternalSyntheticLambda0.run(Unknown Source:6)
06-27 00:27:41.525 E/PersistentDataBlockService( 1538): at java.util.concurrent.Executors$RunnableAdapter.call(Executors.java:462)
06-27 00:27:41.525 E/PersistentDataBlockService( 1538): at java.util.concurrent.FutureTask.run(FutureTask.java:266)
06-27 00:27:41.525 E/PersistentDataBlockService( 1538): at java.util.concurrent.ThreadPoolExecutor.runWorker(ThreadPoolExecutor.java:1167)
06-27 00:27:41.525 E/PersistentDataBlockService( 1538): at java.util.concurrent.ThreadPoolExecutor$Worker.run(ThreadPoolExecutor.java:641)
06-27 00:27:41.525 E/PersistentDataBlockService( 1538): at com.android.internal.util.ConcurrentUtils$1$1.run(ConcurrentUtils.java:65)
06-27 00:27:41.525 I/SystemServerTiming( 1538): StartSmartspaceService
06-27 00:27:41.525 I/SystemServiceManager( 1538): Starting com.android.server.smartspace.SmartspaceManagerService
06-27 00:27:41.526 I/SystemServerTiming( 1538): InitConnectivityModuleConnector
06-27 00:27:41.526 D/ConnectivityModuleConnector( 1538): Network stack init
06-27 00:27:41.526 I/SystemServerTiming( 1538): InitNetworkStackClient
06-27 00:27:41.527 I/SystemServerTiming( 1538): StartNetworkManagementService
06-27 00:27:41.531 I/SystemServerTiming( 1538): StartIpSecService
06-27 00:27:41.532 I/SystemServerTiming( 1538): StartFontManagerService
06-27 00:27:41.596 I/SystemServerTiming( 1538): StartTextServicesManager
06-27 00:27:41.597 I/SystemServiceManager( 1538): Starting com.android.server.textservices.TextServicesManagerService$Lifecycle
06-27 00:27:41.597 I/SystemServerTiming( 1538): StartTextClassificationManagerService
06-27 00:27:41.597 I/SystemServiceManager( 1538): Starting com.android.server.textclassifier.TextClassificationManagerService$Lifecycle
06-27 00:27:41.598 I/SystemServerTiming( 1538): StartNetworkScoreService
06-27 00:27:41.598 I/SystemServiceManager( 1538): Starting com.android.server.NetworkScoreService$Lifecycle
06-27 00:27:41.599 I/SystemServerTiming( 1538): StartNetworkStatsService
06-27 00:27:41.607 I/SystemServerTiming( 1538): StartNetworkPolicyManagerService
06-27 00:27:41.609 I/SystemServerTiming( 1538): StartWifi
06-27 00:27:41.629 I/SystemServiceManager( 1538): Starting com.android.server.wifi.WifiService
06-27 00:27:41.681 I/wificond( 1209): New wificond event callback registered
06-27 00:27:41.683 V/HistoricalRegistry( 1538): Interaction before persistence initialized
06-27 00:27:41.685 I/SystemServerTiming( 1538): StartWifiScanning
06-27 00:27:41.686 I/SystemServiceManager( 1538): Starting com.android.server.wifi.scanner.WifiScanningService
06-27 00:27:41.688 I/SystemServerTiming( 1538): StartRttService
