06-27 00:28:42.370 D/hw-ProcessState( 6324): Binder ioctl to enable oneway spam detection failed: Invalid argument
06-27 00:28:42.370 D/PrefCtrlListHelper( 5997): Could not find Context-only controller for pref: com.android.settings.dream.ScreenTimeoutPreferenceController
06-27 00:28:42.370 I/hwservicemanager( 514): getTransport: Cannot find entry android.hardware.graphics.mapper@4.0::IMapper/default in either framework or device VINTF manifest.
06-27 00:28:42.370 I/Gralloc4( 6324): mapper 4.x is not supported
06-27 00:28:42.371 I/hwservicemanager( 514): getTransport: Cannot find entry android.hardware.graphics.allocator@4.0::IAllocator/default in either framework or device VINTF manifest.
06-27 00:28:42.371 W/Gralloc4( 6324): allocator 4.x is not supported
06-27 00:28:42.373 I/[ 69.940772] binder( 0): 6324:6361 ioctl 40046210 7b355171f4 returned -22
06-27 00:28:42.381 W/System.err( 3507): java.net.ConnectException: Failed to connect to shiply-yyb-1258344701.file.myqcloud.com/10.0.0.1:443
06-27 00:28:42.381 W/System.err( 3507): at com.android.okhttp.internal.io.RealConnection.connectSocket(RealConnection.java:147)
06-27 00:28:42.381 W/System.err( 3507): at com.android.okhttp.internal.io.RealConnection.connect(RealConnection.java:116)
06-27 00:28:42.381 W/System.err( 3507): at com.android.okhttp.internal.http.StreamAllocation.findConnection(StreamAllocation.java:186)
06-27 00:28:42.381 W/System.err( 3507): at com.android.okhttp.internal.http.StreamAllocation.findHealthyConnection(StreamAllocation.java:128)
06-27 00:28:42.381 W/System.err( 3507): at com.android.okhttp.internal.http.StreamAllocation.newStream(StreamAllocation.java:97)
06-27 00:28:42.381 W/System.err( 3507): at com.android.okhttp.internal.http.HttpEngine.connect(HttpEngine.java:289)
06-27 00:28:42.381 W/System.err( 3507): at com.android.okhttp.internal.http.HttpEngine.sendRequest(HttpEngine.java:232)
06-27 00:28:42.381 W/System.err( 3507): at com.android.okhttp.internal.huc.HttpURLConnectionImpl.execute(HttpURLConnectionImpl.java:465)
06-27 00:28:42.381 W/System.err( 3507): at com.android.okhttp.internal.huc.HttpURLConnectionImpl.getResponse(HttpURLConnectionImpl.java:411)
06-27 00:28:42.381 W/System.err( 3507): at com.android.okhttp.internal.huc.HttpURLConnectionImpl.getResponseCode(HttpURLConnectionImpl.java:542)
06-27 00:28:42.381 W/System.err( 3507): at com.android.okhttp.internal.huc.DelegatingHttpsURLConnection.getResponseCode(DelegatingHttpsURLConnection.java:106)
06-27 00:28:42.381 W/System.err( 3507): at com.android.okhttp.internal.huc.HttpsURLConnectionImpl.getResponseCode(HttpsURLConnectionImpl.java:30)
06-27 00:28:42.381 W/System.err( 3507): at com.tencent.halley.downloader.a.a.a.b(Unknown Source:385)
06-27 00:28:42.381 W/System.err( 3507): at com.tencent.halley.downloader.task.section.d.a(Unknown Source:191)
06-27 00:28:42.381 W/System.err( 3507): at com.tencent.halley.downloader.task.section.d.run(Unknown Source:612)
06-27 00:28:42.381 W/System.err( 3507): at java.util.concurrent.Executors$RunnableAdapter.call(Executors.java:462)
06-27 00:28:42.381 W/System.err( 3507): at java.util.concurrent.FutureTask.run(FutureTask.java:266)
06-27 00:28:42.381 W/System.err( 3507): at java.util.concurrent.ThreadPoolExecutor.runWorker(ThreadPoolExecutor.java:1167)
06-27 00:28:42.381 W/System.err( 3507): at java.util.concurrent.ThreadPoolExecutor$Worker.run(ThreadPoolExecutor.java:641)
06-27 00:28:42.382 W/System.err( 3507): at java.lang.Thread.run(Thread.java:920)
06-27 00:28:42.390 D/PrefCtrlListHelper( 5997): Could not find Context-only controller for pref: com.android.settings.deviceinfo.legal.CopyrightPreferenceController
06-27 00:28:42.390 D/PrefCtrlListHelper( 5997): Could not find Context-only controller for pref: com.android.settings.deviceinfo.legal.LicensePreferenceController
06-27 00:28:42.390 D/PrefCtrlListHelper( 5997): Could not find Context-only controller for pref: com.android.settings.deviceinfo.legal.TermsPreferenceController
06-27 00:28:42.390 D/PrefCtrlListHelper( 5997): Could not find Context-only controller for pref: com.android.settings.deviceinfo.legal.ModuleLicensesListPreferenceController
06-27 00:28:42.390 D/PrefCtrlListHelper( 5997): Could not find Context-only controller for pref: com.android.settings.deviceinfo.legal.WebViewLicensePreferenceController
06-27 00:28:42.390 D/PrefCtrlListHelper( 5997): Could not find Context-only controller for pref: com.android.settings.deviceinfo.legal.WallpaperAttributionsPreferenceController
06-27 00:28:42.392 W/SettingsPrefController( 5997): Skipping updateNonIndexableKeys, key already in list. com.android.settings.deviceinfo.legal.WallpaperAttributionsPreferenceController@55be085
06-27 00:28:42.393 D/PrefCtrlListHelper( 5997): Could not find Context-only controller for pref: com.android.settings.gestures.TapScreenGesturePreferenceController
06-27 00:28:42.393 D/PrefCtrlListHelper( 5997): Could not find Context-only controller for pref: com.android.settings.widget.VideoPreferenceController
06-27 00:28:42.393 D/PrefCtrlListHelper( 5997): Could not find Context-only controller for pref: com.android.settings.gestures.DoubleTapScreenPreferenceController
06-27 00:28:42.397 D/PrefCtrlListHelper( 5997): Could not find Context-only controller for pref: com.android.settings.development.featureflags.FeatureFlagsPreferenceController
06-27 00:28:42.398 V/SettingsSearchProvider( 5997): com.android.settings.enterprise.EnterprisePrivacySettings$1@2398473 tried to add an empty non-indexable key
06-27 00:28:42.400 D/PrefCtrlListHelper( 5997): Could not find Context-only controller for pref: com.android.settings.development.AdbDeviceNamePreferenceController
06-27 00:28:42.400 D/PrefCtrlListHelper( 5997): Could not find Context-only controller for pref: com.android.settings.development.AdbQrCodePreferenceController
06-27 00:28:42.400 D/PrefCtrlListHelper( 5997): Could not find Context-only controller for pref: com.android.settings.applications.specialaccess.interactacrossprofiles.InteractAcrossProfilesController
06-27 00:28:42.400 W/PrefCtrlListHelper( 5997): Controller requires key but it's not defined in xml: com.android.settings.applications.specialaccess.interactacrossprofiles.InteractAcrossProfilesController
06-27 00:28:42.401 D/PrefCtrlListHelper( 5997): Could not find Context-only controller for pref: com.android.settings.applications.specialaccess.premiumsms.PremiumSmsScreenPreferenceController
06-27 00:28:42.401 W/SettingsPrefController( 5997): Skipping updateNonIndexableKeys, key already in list. com.android.settings.applications.specialaccess.premiumsms.PremiumSmsScreenPreferenceController@ff27e5c
06-27 00:28:42.402 D/PrefCtrlListHelper( 5997): Could not find Context-only controller for pref: com.android.settings.gestures.GestureNavigationSettingsAssistController
06-27 00:28:42.403 D/PrefCtrlListHelper( 5997): Could not find Context-only controller for pref: com.android.settings.applications.specialaccess.pictureinpicture.PictureInPictureScreenPreferenceController
06-27 00:28:42.403 D/PrefCtrlListHelper( 5997): Could not find Context-only controller for pref: com.android.settings.deviceinfo.firmwareversion.FirmwareVersionDetailPreferenceController
06-27 00:28:42.403 D/PrefCtrlListHelper( 5997): Could not find Context-only controller for pref: com.android.settings.deviceinfo.firmwareversion.SecurityPatchLevelPreferenceController
06-27 00:28:42.404 D/PrefCtrlListHelper( 5997): Could not find Context-only controller for pref: com.android.settings.deviceinfo.firmwareversion.BasebandVersionPreferenceController
06-27 00:28:42.404 D/PrefCtrlListHelper( 5997): Could not find Context-only controller for pref: com.android.settings.deviceinfo.firmwareversion.KernelVersionPreferenceController
06-27 00:28:42.404 D/PrefCtrlListHelper( 5997): Could not find Context-only controller for pref: com.android.settings.deviceinfo.firmwareversion.SimpleBuildNumberPreferenceController
06-27 00:28:42.405 D/PrefCtrlListHelper( 5997): Could not find Context-only controller for pref: com.android.settings.location.LocationInjectedServicesPreferenceController
06-27 00:28:42.405 D/PrefCtrlListHelper( 5997): Could not find Context-only controller for pref: com.android.settings.location.LocationServicesWifiScanningPreferenceController
06-27 00:28:42.405 D/PrefCtrlListHelper( 5997): Could not find Context-only controller for pref: com.android.settings.location.LocationServicesBluetoothScanningPreferenceController
06-27 00:28:42.405 D/AssistGesture( 5997): mAssistOnly:false, isSupported:false, isSensorAvailable:false
06-27 00:28:42.406 D/AssistGesture( 5997): mAssistOnly:false, isSupported:false, isSensorAvailable:false
06-27 00:28:42.406 V/SettingsSearchProvider( 5997): com.android.settings.gestures.AssistGestureSettings$1@c0c7063 tried to add an empty non-indexable key
06-27 00:28:42.406 D/PrefCtrlListHelper( 5997): Could not find Context-only controller for pref: com.android.settings.inputmethod.UserDictionaryListPreferenceController
06-27 00:28:42.406 D/PrefCtrlListHelper( 5997): Could not find Context-only controller for pref: com.android.settings.datetime.DateTimePreferenceController
06-27 00:28:42.407 D/PrefCtrlListHelper( 5997): Could not find Context-only controller for pref: com.android.settings.system.ResetPreferenceController
06-27 00:28:42.407 D/AssistGesture( 5997): mAssistOnly:false, isSupported:false, isSensorAvailable:false
06-27 00:28:42.407 D/AssistGesture( 5997): mAssistOnly:false, isSupported:false, isSensorAvailable:false
06-27 00:28:42.407 D/AssistGesture( 5997): mAssistOnly:false, isSupported:false, isSensorAvailable:false
06-27 00:28:42.408 D/PrefCtrlListHelper( 5997): Could not find Context-only controller for pref: com.android.settings.bluetooth.BluetoothDeviceRenamePreferenceController
06-27 00:28:42.408 D/PrefCtrlListHelper( 5997): Could not find Context-only controller for pref: com.android.settings.connecteddevice.AddDevicePreferenceController
06-27 00:28:42.410 D/PrefCtrlListHelper( 5997): Could not find Context-only controller for pref: com.android.settings.backup.BackupDataPreferenceController
06-27 00:28:42.410 D/PrefCtrlListHelper( 5997): Could not find Context-only controller for pref: com.android.settings.backup.ConfigureAccountPreferenceController
06-27 00:28:42.410 D/PrefCtrlListHelper( 5997): Could not find Context-only controller for pref: com.android.settings.backup.DataManagementPreferenceController
06-27 00:28:42.410 D/PrefCtrlListHelper( 5997): Could not find Context-only controller for pref: com.android.settings.backup.AutoRestorePreferenceController
06-27 00:28:42.410 D/PrefCtrlListHelper( 5997): Could not find Context-only controller for pref: com.android.settings.backup.BackupInactivePreferenceController
06-27 00:28:42.413 D/PrefCtrlListHelper( 5997): Could not find Context-only controller for pref: com.android.settings.display.NightDisplayActivationPreferenceController
06-27 00:28:42.414 D/PrefCtrlListHelper( 5997): Could not find Context-only controller for pref: com.android.settings.display.TwilightLocationPreferenceController
06-27 00:28:42.414 D/PrefCtrlListHelper( 5997): Could not find Context-only controller for pref: com.android.settings.display.NightDisplayAutoModePreferenceController
06-27 00:28:42.414 D/PrefCtrlListHelper( 5997): Could not find Context-only controller for pref: com.android.settings.display.NightDisplayCustomStartTimePreferenceController
06-27 00:28:42.414 D/PrefCtrlListHelper( 5997): Could not find Context-only controller for pref: com.android.settings.display.NightDisplayCustomEndTimePreferenceController
06-27 00:28:42.414 D/PrefCtrlListHelper( 5997): Could not find Context-only controller for pref: com.android.settings.display.NightDisplayIntensityPreferenceController
06-27 00:28:42.416 D/PrefCtrlListHelper( 5997): Could not find Context-only controller for pref: com.android.settings.applications.specialaccess.interactacrossprofiles.InteractAcrossProfilesController
06-27 00:28:42.416 D/PrefCtrlListHelper( 5997): Could not find Context-only controller for pref: com.android.settings.enterprise.ManageDeviceAdminPreferenceController
06-27 00:28:42.416 D/PrefCtrlListHelper( 5997): Could not find Context-only controller for pref: com.android.settings.applications.specialaccess.SystemAlertWindowPreferenceController
06-27 00:28:42.416 D/PrefCtrlListHelper( 5997): Could not find Context-only controller for pref: com.android.settings.applications.specialaccess.zenaccess.ZenAccessController
06-27 00:28:42.416 D/PrefCtrlListHelper( 5997): Could not find Context-only controller for pref: com.android.settings.applications.specialaccess.notificationaccess.NotificationAccessController
06-27 00:28:42.416 D/PrefCtrlListHelper( 5997): Could not find Context-only controller for pref: com.android.settings.applications.specialaccess.pictureinpicture.PictureInPictureController
06-27 00:28:42.417 D/PrefCtrlListHelper( 5997): Could not find Context-only controller for pref: com.android.settings.applications.specialaccess.premiumsms.PremiumSmsController
06-27 00:28:42.417 D/PrefCtrlListHelper( 5997): Could not find Context-only controller for pref: com.android.settings.applications.specialaccess.DataSaverController
06-27 00:28:42.417 D/PrefCtrlListHelper( 5997): Could not find Context-only controller for pref: com.android.settings.applications.specialaccess.AlarmsAndRemindersController
06-27 00:28:42.417 D/PrefCtrlListHelper( 5997): Could not find Context-only controller for pref: com.android.settings.applications.specialaccess.vrlistener.EnabledVrListenersController
06-27 00:28:42.417 D/PrefCtrlListHelper( 5997): Could not find Context-only controller for pref: com.android.settings.applications.specialaccess.ChangeWifiStateController
06-27 00:28:42.417 D/PrefCtrlListHelper( 5997): Could not find Context-only controller for pref: com.android.settings.applications.specialaccess.MoreSpecialAccessPreferenceController
06-27 00:28:42.418 D/PrefCtrlListHelper( 5997): Could not find Context-only controller for pref: com.android.settings.gestures.DoubleTwistPreferenceController
06-27 00:28:42.418 D/PrefCtrlListHelper( 5997): Could not find Context-only controller for pref: com.android.settings.network.AdaptiveConnectivityTogglePreferenceController
06-27 00:28:42.418 V/SettingsSearchProvider( 5997): com.android.settings.search.BaseSearchIndexProvider@304cb24 tried to add an empty non-indexable key
06-27 00:28:42.418 D/FaceSettings( 5997): FaceManager is null
06-27 00:28:42.418 D/FaceSettings( 5997): FaceManager is null
06-27 00:28:42.419 D/FaceSettings( 5997): Get non indexable keys. isFaceHardwareDetected: false, size:12
06-27 00:28:42.419 V/SettingsSearchProvider( 5997): com.android.settings.biometrics.face.FaceSettings$1@7cf1042 tried to add an empty non-indexable key
06-27 00:28:42.420 D/PrefCtrlListHelper( 5997): Could not find Context-only controller for pref: com.android.settings.deviceinfo.DeviceNamePreferenceController
06-27 00:28:42.420 D/PrefCtrlListHelper( 5997): Could not find Context-only controller for pref: com.android.settings.deviceinfo.BrandedAccountPreferenceController
06-27 00:28:42.420 D/PrefCtrlListHelper( 5997): Could not find Context-only controller for pref: com.android.settings.deviceinfo.PhoneNumberPreferenceController
06-27 00:28:42.421 D/PrefCtrlListHelper( 5997): Could not find Context-only controller for pref: com.android.settings.deviceinfo.HardwareInfoPreferenceController
06-27 00:28:42.421 D/PrefCtrlListHelper( 5997): Could not find Context-only controller for pref: com.android.settings.deviceinfo.firmwareversion.FirmwareVersionPreferenceController
06-27 00:28:42.421 D/PrefCtrlListHelper( 5997): Could not find Context-only controller for pref: com.android.settings.deviceinfo.BuildNumberPreferenceController
06-27 00:28:42.423 V/WifiManager( 5997): registerSoftApCallback: callback=com.android.settings.wifi.tether.WifiTetherSecurityPreferenceController@c951e89, executor=android.os.HandlerExecutor@1c1ee8e
06-27 00:28:42.425 V/WifiManager( 5997): SoftApCallbackProxy: send InfoChanged, newInfo: SoftApInfo{bandwidth= 0, frequency= 0, wifiStandard= 0, mApInstanceIdentifier= null, mIdleShutdownTimeoutMillis= 0}
06-27 00:28:42.425 V/WifiManager( 5997): SoftApCallbackProxy: send InfoChanged, changedInfoList: []
06-27 00:28:42.425 V/WifiManager( 5997): SoftApCallbackProxy: send onConnectedClientsChanged(clients): []
06-27 00:28:42.425 D/WifiCountryCode( 1538): Reading country code from telephony
06-27 00:28:42.426 D/WifiCountryCode( 1538): Set telephony country code to:
06-27 00:28:42.428 D/PrefCtrlListHelper( 5997): Could not find Context-only controller for pref: com.android.settings.network.NetworkMobileProviderController
06-27 00:28:42.431 V/WifiManager( 5997): unregisterSoftApCallback: callback=com.android.settings.wifi.tether.WifiTetherSecurityPreferenceController@c951e89
06-27 00:28:42.434 V/SettingsSearchProvider( 5997): com.android.settings.sound.MediaControlsSettings$1@70df131 tried to add an empty non-indexable key
06-27 00:28:42.435 W/PrintManager( 5997): Feature android.software.print not available
06-27 00:28:42.435 D/PrefCtrlListHelper( 5997): Could not find Context-only controller for pref: com.android.settings.connecteddevice.NfcAndPaymentFragmentController
06-27 00:28:42.435 D/PrefCtrlListHelper( 5997): Could not find Context-only controller for pref: com.android.settings.wfd.WifiDisplayPreferenceController
06-27 00:28:42.436 D/PrefCtrlListHelper( 5997): Could not find Context-only controller for pref: com.android.settings.nfc.AndroidBeamPreferenceController
06-27 00:28:42.436 D/PrefCtrlListHelper( 5997): Could not find Context-only controller for pref: com.android.settings.uwb.UwbPreferenceController
06-27 00:28:42.436 I/OpenGLRenderer( 6324): Davey! duration=9223371966903ms; Flags=1, FrameTimelineVsyncId=1468, IntendedVsync=69950860844, Vsync=69950860844, InputEventId=0, HandleInputStart=69951181431, AnimationStart=69951182160, PerformTraversalsStart=69951296795, DrawStart=69953872785, FrameDeadline=69967527510, FrameInterval=69951178306, FrameStartTime=16666666, SyncQueued=69954644139, SyncStart=69954698045, IssueDrawCommandsStart=69955102472, SwapBuffers=70000346014, FrameCompleted=9223372036854775807, DequeueBufferDuration=10260, QueueBufferDuration=368177, GpuCompleted=9223372036854775807, SwapBuffersCompleted=70001075858, DisplayPresentTime=64,
06-27 00:28:42.436 W/SettingsPrefController( 5997): Skipping updateNonIndexableKeys, key already in list. com.android.settings.connecteddevice.NfcAndPaymentFragmentController@ead7d97
06-27 00:28:42.436 D/PowerManagerService( 1538): releaseWakeLockInternal: lock=53423375 [*launch*], flags=0x0
06-27 00:28:42.436 D/PowerManagerNotifier( 1538): onWakeLockReleased: flags=1, tag="*launch*", packageName=android, ownerUid=1000, ownerPid=1538, workSource=WorkSource{10062}
06-27 00:28:42.437 D/PowerManagerService( 1538): updateWakeLockSummaryLocked: mWakefulness=Awake, mWakeLockSummary=0x1
06-27 00:28:42.437 D/PowerManagerService( 1538): updateUserActivitySummaryLocked: groupId=0, mWakefulness=Awake, mUserActivitySummary=0x1, nextTimeout=129679 (in 59672 ms)
06-27 00:28:42.437 D/PrefCtrlListHelper( 5997): Could not find Context-only controller for pref: com.android.settings.nfc.NfcPreferenceController
06-27 00:28:42.437 D/PowerManagerNotifier( 1538): onScreenPolicyUpdate: newPolicy=3
06-27 00:28:42.437 D/PowerManagerService( 1538): updateDisplayPowerStateLocked: displayReady=true, groupId=0, policy=BRIGHT, mWakefulness=Awake, mWakeLockSummary=0x1, mUserActivitySummary=0x1, mBootCompleted=true, screenBrightnessOverride=NaN, useAutoBrightness=false, mScreenBrightnessBoostInProgress=false, mIsVrModeEnabled= false, sQuiescent=false
06-27 00:28:42.437 D/PrefCtrlListHelper( 5997): Could not find Context-only controller for pref: com.android.settings.nfc.NfcDetectionPointController
06-27 00:28:42.437 D/PrefCtrlListHelper( 5997): Could not find Context-only controller for pref: com.android.settings.nfc.SecureNfcPreferenceController
06-27 00:28:42.437 D/PrefCtrlListHelper( 5997): Could not find Context-only controller for pref: com.android.settings.applications.specialaccess.DefaultPaymentSettingsPreferenceController
06-27 00:28:42.437 I/EventSequenceValidator( 1538): dec AccIntentStartedEvents to 1
06-27 00:28:42.437 W/SettingsPrefController( 5997): Skipping updateNonIndexableKeys, key already in list. com.android.settings.nfc.NfcDetectionPointController@e1f6f6d
06-27 00:28:42.438 D/PrefCtrlListHelper( 5997): Could not find Context-only controller for pref: com.android.settings.development.graphicsdriver.GraphicsDriverTopIntroPreferenceController
06-27 00:28:42.438 D/PrefCtrlListHelper( 5997): Could not find Context-only controller for pref: com.android.settings.development.graphicsdriver.GraphicsDriverEnableForAllAppsPreferenceController
06-27 00:28:42.438 D/PrefCtrlListHelper( 5997): Could not find Context-only controller for pref: com.android.settings.development.graphicsdriver.GraphicsDriverAppPreferenceController
06-27 00:28:42.439 I/ActivityTaskManager( 1538): Displayed com.android.settings.intelligence/.search.SearchActivity: +318ms
06-27 00:28:42.450 I/ImeService( 3258): ImeService(com.baidu.input_hryt.ImeService@953a1cb) life called >>> onUnbindInput
06-27 00:28:42.451 D/ImeService( 3258): onUnbindInput
06-27 00:28:42.451 I/ImeService( 3258): ImeService(com.baidu.input_hryt.ImeService@953a1cb) life called >>> onUnbindInput false
06-27 00:28:42.452 D/ImeService( 3258): onEvaluateInputViewShown enter
06-27 00:28:42.453 D/ImeService( 3258): onEvaluateInputViewShown true:skin not installing,setAllInstallEnable false
06-27 00:28:42.453 I/ImeService( 3258): ImeService(com.baidu.input_hryt.ImeService@953a1cb) life called >>> onEvaluateInputViewShown true
06-27 00:28:42.453 D/ImeService( 3258): onEvaluateFullscreenMode return false:isFloatKeyboardMode
06-27 00:28:42.453 D/ImeService( 3258): onEvaluateFullscreenMode return false:isFloatKeyboardMode
06-27 00:28:42.454 D/ImeService( 3258): onEvaluateInputViewShown enter
06-27 00:28:42.454 D/ImeService( 3258): onEvaluateInputViewShown true:skin not installing,setAllInstallEnable false
06-27 00:28:42.454 I/ImeService( 3258): ImeService(com.baidu.input_hryt.ImeService@953a1cb) life called >>> onEvaluateInputViewShown true
06-27 00:28:42.461 I/ImeService( 3258): ImeService(com.baidu.input_hryt.ImeService@953a1cb) life called >>> onStartInputViewInternal false
06-27 00:28:42.461 D/ImeService( 3258): onStartInputViewInternal:packageName:com.android.settings inputType:0 restarting:false
06-27 00:28:42.464 D/hintView( 3258): forceClose=true,resetShowChs=true
06-27 00:28:42.464 D/hintView( 3258): dismissPop()
06-27 00:28:42.468 D/InputMethodManager( 6324): showSoftInput() view=android.widget.SearchView$SearchAutoComplete{26e60be VFED..CL. .F...... 0,17-2344,71 #1020464 android:id/search_src_text aid=1073741824} flags=0 reason=SHOW_SOFT_INPUT
06-27 00:28:42.475 I/KeymapMode( 3258): setKeymapMode:TYPE_PY:33 getKeyBType() :: 2 preKeyBType :: 2
06-27 00:28:42.478 I/KeymapSwitch( 3258): onSwitchKeyboard:targetId:11 isConsiderAttribute:true
06-27 00:28:42.478 I/KeymapSwitch( 3258): loadSoftMapById:changeKeymapIdByAttribute change keymapId:11
06-27 00:28:42.483 I/KeymapSwitch( 3258): putKeymap:idx:11 keyMap:com.baidu.crk@e25247f
06-27 00:28:42.483 I/KeymapSwitch( 3258): loadMapByIdx:initKeymap:idx:11 needSetConfig:true nowMap:com.baidu.crk@e25247f
06-27 00:28:42.483 D/ImeService( 3258): onEvaluateFullscreenMode return false:isFloatKeyboardMode
06-27 00:28:42.494 I/KeymapSwitch( 3258): initKeymap isServiceInitFinished:false
06-27 00:28:42.495 D/hintView( 3258): forceClose=true,resetShowChs=true
06-27 00:28:42.495 D/hintView( 3258): dismissPop()
06-27 00:28:42.495 D/ImeService( 3258): onEvaluateFullscreenMode return false:isFloatKeyboardMode
06-27 00:28:42.497 W/Choreographer( 6324): Frame time is 0.170843 ms in the future! Check that graphics HAL is generating vsync timestamps using the correct timebase.
06-27 00:28:42.497 W/Choreographer( 5997): Frame time is 0.079228 ms in the future! Check that graphics HAL is generating vsync timestamps using the correct timebase.
06-27 00:28:42.497 D/RuntimePermissionsPersistenceImpl( 1538): /data/misc_de/0/apexdata/com.android.permission/runtime-permissions.xml fsync begin
06-27 00:28:42.501 D/RuntimePermissionsPersistenceImpl( 1538): /data/misc_de/0/apexdata/com.android.permission/runtime-permissions.xml fsync end
06-27 00:28:42.521 D/RefreshRatePrefCtr( 5997): DEFAULT_REFRESH_RATE : 60.0 mPeakRefreshRate : 60.0
06-27 00:28:42.524 D/PrefCtrlListHelper( 5997): Could not find Context-only controller for pref: com.android.settings.display.AutoBrightnessPreferenceController
06-27 00:28:42.525 D/PrefCtrlListHelper( 5997): Could not find Context-only controller for pref: com.android.settings.security.screenlock.LockScreenPreferenceController
06-27 00:28:42.525 D/PrefCtrlListHelper( 5997): Could not find Context-only controller for pref: com.android.settings.display.DarkUIPreferenceController
06-27 00:28:42.525 D/PrefCtrlListHelper( 5997): Could not find Context-only controller for pref: com.android.settings.display.FontSizePreferenceController
06-27 00:28:42.525 D/PrefCtrlListHelper( 5997): Could not find Context-only controller for pref: com.android.settings.display.NightDisplayPreferenceController
06-27 00:28:42.525 D/PrefCtrlListHelper( 5997): Could not find Context-only controller for pref: com.android.settings.display.ColorModePreferenceController
06-27 00:28:42.525 D/CompatibilityChangeReporter( 1538): Compat change id reported: 157233955; UID 1000; state: ENABLED
06-27 00:28:42.525 D/PrefCtrlListHelper( 5997): Could not find Context-only controller for pref: com.android.settings.display.AutoRotatePreferenceController
06-27 00:28:42.525 D/PrefCtrlListHelper( 5997): Could not find Context-only controller for pref: com.android.settings.display.DisplayWhiteBalancePreferenceController
06-27 00:28:42.525 D/PrefCtrlListHelper( 5997): Could not find Context-only controller for pref: com.android.settings.display.PeakRefreshRatePreferenceController
06-27 00:28:42.525 D/RefreshRatePrefCtr( 5997): DEFAULT_REFRESH_RATE : 60.0 mPeakRefreshRate : 60.0
06-27 00:28:42.525 D/PrefCtrlListHelper( 5997): Could not find Context-only controller for pref: com.android.settings.display.HotSeatDirPreferenceController
06-27 00:28:42.532 D/PrefCtrlListHelper( 5997): Could not find Context-only controller for pref: com.android.settings.network.MultiNetworkHeaderController
06-27 00:28:42.532 D/PrefCtrlListHelper( 5997): Could not find Context-only controller for pref: com.android.settings.network.AirplaneModePreferenceController
06-27 00:28:42.532 D/PrefCtrlListHelper( 5997): Could not find Context-only controller for pref: com.android.settings.network.AllInOneTetherPreferenceController
06-27 00:28:42.533 D/PrefCtrlListHelper( 5997): Could not find Context-only controller for pref: com.android.settings.network.AdaptiveConnectivityPreferenceController
06-27 00:28:42.535 D/PrefCtrlListHelper( 5997): Could not find Context-only controller for pref: com.android.settings.deviceinfo.hardwareinfo.DeviceModelPreferenceController
06-27 00:28:42.535 D/PrefCtrlListHelper( 5997): Could not find Context-only controller for pref: com.android.settings.deviceinfo.hardwareinfo.SerialNumberPreferenceController
06-27 00:28:42.536 D/PrefCtrlListHelper( 5997): Could not find Context-only controller for pref: com.android.settings.deviceinfo.hardwareinfo.HardwareRevisionPreferenceController
06-27 00:28:42.537 D/PrefCtrlListHelper( 5997): Could not find Context-only controller for pref: com.android.settings.network.telephony.MobileNetworkSwitchController
06-27 00:28:42.538 D/PrefCtrlListHelper( 5997): Could not find Context-only controller for pref: com.android.settings.network.telephony.DisabledSubscriptionController
06-27 00:28:42.538 D/PrefCtrlListHelper( 5997): Could not find Context-only controller for pref: com.android.settings.network.telephony.DataDefaultSubscriptionController
06-27 00:28:42.538 D/PrefCtrlListHelper( 5997): Could not find Context-only controller for pref: com.android.settings.network.telephony.CallsDefaultSubscriptionController
06-27 00:28:42.538 D/PrefCtrlListHelper( 5997): Could not find Context-only controller for pref: com.android.settings.network.telephony.SmsDefaultSubscriptionController
06-27 00:28:42.539 D/PrefCtrlListHelper( 5997): Could not find Context-only controller for pref: com.android.settings.network.telephony.DataServiceSetupPreferenceController
06-27 00:28:42.539 D/PrefCtrlListHelper( 5997): Could not find Context-only controller for pref: com.android.settings.network.telephony.MobileDataPreferenceController
06-27 00:28:42.539 D/PrefCtrlListHelper( 5997): Could not find Context-only controller for pref: com.android.settings.network.telephony.RoamingPreferenceController
06-27 00:28:42.539 D/PrefCtrlListHelper( 5997): Could not find Context-only controller for pref: com.android.settings.network.telephony.DataUsagePreferenceController
06-27 00:28:42.539 D/PrefCtrlListHelper( 5997): Could not find Context-only controller for pref: com.android.settings.datausage.BillingCyclePreferenceController
06-27 00:28:42.539 D/PrefCtrlListHelper( 5997): Could not find Context-only controller for pref: com.android.settings.network.CarrierWifiTogglePreferenceController
06-27 00:28:42.539 D/PrefCtrlListHelper( 5997): Could not find Context-only controller for pref: com.android.settings.network.telephony.MmsMessagePreferenceController
06-27 00:28:42.539 I/KeymapSwitch( 3258): afterLoadSkin:initKeymap
06-27 00:28:42.539 D/PrefCtrlListHelper( 5997): Could not find Context-only controller for pref: com.android.settings.network.telephony.DataDuringCallsPreferenceController
06-27 00:28:42.539 D/PrefCtrlListHelper( 5997): Could not find Context-only controller for pref: com.android.settings.network.telephony.Enhanced4gLtePreferenceController
06-27 00:28:42.539 D/PrefCtrlListHelper( 5997): Could not find Context-only controller for pref: com.android.settings.network.telephony.Enhanced4gCallingPreferenceController
06-27 00:28:42.539 D/PrefCtrlListHelper( 5997): Could not find Context-only controller for pref: com.android.settings.network.telephony.Enhanced4gAdvancedCallingPreferenceController
06-27 00:28:42.539 D/PrefCtrlListHelper( 5997): Could not find Context-only controller for pref: com.android.settings.network.telephony.Enabled5GPreferenceController
06-27 00:28:42.540 D/PrefCtrlListHelper( 5997): Could not find Context-only controller for pref: com.android.settings.network.telephony.ContactDiscoveryPreferenceController
06-27 00:28:42.540 D/PrefCtrlListHelper( 5997): Could not find Context-only controller for pref: com.android.settings.network.telephony.PreferredNetworkModePreferenceController
06-27 00:28:42.540 D/PrefCtrlListHelper( 5997): Could not find Context-only controller for pref: com.android.settings.network.telephony.EnabledNetworkModePreferenceController
06-27 00:28:42.540 D/PrefCtrlListHelper( 5997): Could not find Context-only controller for pref: com.android.settings.network.telephony.CarrierSettingsVersionPreferenceController
06-27 00:28:42.540 D/PrefCtrlListHelper( 5997): Could not find Context-only controller for pref: com.android.settings.network.telephony.CallingPreferenceCategoryController
06-27 00:28:42.540 D/PrefCtrlListHelper( 5997): Could not find Context-only controller for pref: com.android.settings.network.telephony.WifiCallingPreferenceController
06-27 00:28:42.540 D/PrefCtrlListHelper( 5997): Could not find Context-only controller for pref: com.android.settings.network.telephony.VideoCallingPreferenceController
06-27 00:28:42.540 D/PrefCtrlListHelper( 5997): Could not find Context-only controller for pref: com.android.settings.network.telephony.BackupCallingPreferenceController
06-27 00:28:42.540 D/PrefCtrlListHelper( 5997): Could not find Context-only controller for pref: com.android.settings.network.telephony.cdma.CdmaSystemSelectPreferenceController
06-27 00:28:42.540 D/PrefCtrlListHelper( 5997): Could not find Context-only controller for pref: com.android.settings.network.telephony.cdma.CdmaSubscriptionPreferenceController
06-27 00:28:42.540 D/PrefCtrlListHelper( 5997): Could not find Context-only controller for pref: com.android.settings.network.telephony.NetworkPreferenceCategoryController
06-27 00:28:42.540 D/PrefCtrlListHelper( 5997): Could not find Context-only controller for pref: com.android.settings.network.telephony.gsm.AutoSelectPreferenceController
06-27 00:28:42.541 D/PrefCtrlListHelper( 5997): Could not find Context-only controller for pref: com.android.settings.network.telephony.gsm.OpenNetworkSelectPagePreferenceController
06-27 00:28:42.541 D/PrefCtrlListHelper( 5997): Could not find Context-only controller for pref: com.android.settings.network.telephony.ApnPreferenceController
06-27 00:28:42.541 D/PrefCtrlListHelper( 5997): Could not find Context-only controller for pref: com.android.settings.network.telephony.UserPLMNPreferenceController
06-27 00:28:42.541 D/PrefCtrlListHelper( 5997): Could not find Context-only controller for pref: com.android.settings.network.telephony.CarrierPreferenceController
06-27 00:28:42.541 D/PrefCtrlListHelper( 5997): Could not find Context-only controller for pref: com.android.settings.network.telephony.Enable2gPreferenceController
06-27 00:28:42.541 D/PrefCtrlListHelper( 5997): Could not find Context-only controller for pref: com.android.settings.network.telephony.NrAdvancedCallingPreferenceController
06-27 00:28:42.541 D/PrefCtrlListHelper( 5997): Could not find Context-only controller for pref: com.android.settings.network.telephony.DeleteSimProfilePreferenceController
06-27 00:28:42.541 D/PrefCtrlListHelper( 5997): Could not find Context-only controller for pref: com.android.settings.network.telephony.DisableSimFooterPreferenceController
06-27 00:28:42.541 D/PrefCtrlListHelper( 5997): Could not find Context-only controller for pref: com.android.settings.network.telephony.NrDisabledInDsdsFooterPreferenceController
06-27 00:28:42.546 D/BackupCallingPrefCtrl( 5997): Not supported by framework. subId = -1
06-27 00:28:42.548 D/ImeService( 3258): onEvaluateFullscreenMode return false:isFloatKeyboardMode
06-27 00:28:42.548 D/SlicesIndexer( 5997): Indexing slices database took: 405
06-27 00:28:42.549 I/KeymapSwitch( 3258): initKeymap isServiceInitFinished:true
06-27 00:28:42.550 W/Enable2gPreferenceController( 5997): Telephony manager not yet initialized
06-27 00:28:42.550 D/VoNrSettings( 5997): init:
06-27 00:28:42.553 W/SettingsPrefController( 5997): Skipping updateNonIndexableKeys, key already in list. com.android.settings.network.telephony.DisableSimFooterPreferenceController@aafcf02
06-27 00:28:42.553 W/SettingsPrefController( 5997): Skipping updateNonIndexableKeys, key already in list. com.android.settings.network.telephony.NrDisabledInDsdsFooterPreferenceController@b79f013
06-27 00:28:42.553 D/PrefCtrlListHelper( 5997): Could not find Context-only controller for pref: com.android.settings.gestures.DoubleTapPowerPreferenceController
06-27 00:28:42.554 D/PrefCtrlListHelper( 5997): Could not find Context-only controller for pref: com.android.settings.location.LocationInjectedServicesForWorkPreferenceController
06-27 00:28:42.554 W/SettingsPrefController( 5997): Skipping updateNonIndexableKeys, key already in list. com.android.settings.users.AddUserWhenLockedPreferenceController@2097a6f
06-27 00:28:42.556 D/PrefCtrlListHelper( 5997): Could not find Context-only controller for pref: com.android.settings.wifi.CellularFallbackPreferenceController
06-27 00:28:42.558 D/ImeService( 3258): onEvaluateFullscreenMode return false:isFloatKeyboardMode
06-27 00:28:42.558 D/PrefCtrlListHelper( 5997): Could not find Context-only controller for pref: com.android.settings.deviceinfo.storage.StorageSelectionPreferenceController
06-27 00:28:42.558 D/PrefCtrlListHelper( 5997): Could not find Context-only controller for pref: com.android.settings.deviceinfo.storage.StorageUsageProgressBarPreferenceController
06-27 00:28:42.558 W/SettingsPrefController( 5997): Skipping updateNonIndexableKeys, key already in list. com.android.settings.deviceinfo.storage.StorageSelectionPreferenceController@5d43c5a
06-27 00:28:42.558 W/SettingsPrefController( 5997): Skipping updateNonIndexableKeys, key already in list. com.android.settings.deviceinfo.storage.StorageUsageProgressBarPreferenceController@d5d4e8b
06-27 00:28:42.559 I/ColorPicker( 3258): invalidatePickedColors: oldFloatColor=fff5f7fa
06-27 00:28:42.561 V/SettingsSearchProvider( 5997): com.android.settings.datausage.BillingCycleSettings$1@a56eb81 tried to add an empty non-indexable key
06-27 00:28:42.563 V/SettingsSearchProvider( 5997): com.android.settings.notification.SoundWorkSettings$1@9686614 tried to add an empty non-indexable key
06-27 00:28:42.564 I/ColorPicker( 3258): getFloatColor from default, color: ff232e40, floatDefaultColor: ff232e40
06-27 00:28:42.565 I/PanelBackAnim( 3258): afterLoadSkin: restarting==false isPanelRealShow==true , isChangedEditor: false
06-27 00:28:42.565 I/SceneAnimHandler( 3258): releaseAnim
06-27 00:28:42.566 I/ImeService( 3258): ImeService(com.baidu.input_hryt.ImeService@953a1cb) life called >>> onWindowShown
06-27 00:28:42.566 I/ImeService( 3258): ImeService(com.baidu.input_hryt.ImeService@953a1cb) life called >>> onBindInput
06-27 00:28:42.566 D/ImeService( 3258): onBindInput
06-27 00:28:42.566 D/ImeService( 3258): onFinishInputView:finishingInput:true
06-27 00:28:42.566 D/PrefCtrlListHelper( 5997): Could not find Context-only controller for pref: com.android.settings.accessibility.MagnificationModePreferenceController
06-27 00:28:42.566 I/ImeService( 3258): ImeService(com.baidu.input_hryt.ImeService@953a1cb) life called >>> onFinishInput
06-27 00:28:42.566 D/ImeService( 3258): onFinishInput
06-27 00:28:42.567 I/KeymapSwitch( 3258): putKeymap:idx:11 keyMap:null
06-27 00:28:42.567 I/ImeService( 3258): ImeService(com.baidu.input_hryt.ImeService@953a1cb) life called >>> onStartInput false 10.6.1003.19
06-27 00:28:42.567 D/ImeService( 3258): current version:10.6.1003.19
06-27 00:28:42.567 D/ImeService( 3258): onStartInput:packageName:com.android.settings.intelligence inputType:589825 restarting:false,fieldId:16909412,imeOptions:268435459
06-27 00:28:42.569 V/SettingsSearchProvider( 5997): com.android.settings.security.LockscreenDashboardFragment$1@d6fcf80 tried to add an empty non-indexable key
06-27 00:28:42.570 D/PrefCtrlListHelper( 5997): Could not find Context-only controller for pref: com.android.settings.applications.specialaccess.notificationaccess.NotificationAccessScreenPreferenceController
06-27 00:28:42.570 D/PrefCtrlListHelper( 5997): Could not find Context-only controller for pref: com.android.settings.inputmethod.InputMethodPreferenceController
06-27 00:28:42.572 E/CarAuth ( 3258): check ok
06-27 00:28:42.572 I/ColorPicker( 3258): invalidatePickedColors: oldFloatColor=fff5f7fa
06-27 00:28:42.573 I/ImeService( 3258): ImeService(com.baidu.input_hryt.ImeService@953a1cb) life called >>> onStartInputViewInternal false
06-27 00:28:42.573 D/ImeService( 3258): onStartInputViewInternal:packageName:com.android.settings.intelligence inputType:589825 restarting:false
06-27 00:28:42.574 D/hintView( 3258): forceClose=true,resetShowChs=true
06-27 00:28:42.574 D/hintView( 3258): dismissPop()
06-27 00:28:42.574 I/KeymapMode( 3258): setKeymapMode:TYPE_PY:33 getKeyBType() :: 2 preKeyBType :: 2
06-27 00:28:42.575 I/KeymapSwitch( 3258): onSwitchKeyboard:targetId:11 isConsiderAttribute:true
06-27 00:28:42.575 I/KeymapSwitch( 3258): loadSoftMapById:changeKeymapIdByAttribute change keymapId:11
06-27 00:28:42.575 I/KeymapSwitch( 3258): putKeymap:idx:11 keyMap:com.baidu.crk@f7bf17b
06-27 00:28:42.575 I/KeymapSwitch( 3258): loadMapByIdx:initKeymap:idx:11 needSetConfig:true nowMap:com.baidu.crk@f7bf17b
06-27 00:28:42.576 D/ImeService( 3258): onEvaluateFullscreenMode return false:isFloatKeyboardMode
06-27 00:28:42.576 I/KeymapSwitch( 3258): initKeymap isServiceInitFinished:false
06-27 00:28:42.577 D/hintView( 3258): forceClose=true,resetShowChs=true
06-27 00:28:42.577 D/hintView( 3258): dismissPop()
06-27 00:28:42.577 D/ImeService( 3258): onEvaluateFullscreenMode return false:isFloatKeyboardMode
06-27 00:28:42.577 I/SceneAnimHandler( 3258): releaseAnimSwitchKeyboard
06-27 00:28:42.578 I/KeymapSwitch( 3258): afterLoadSkin:initKeymap
06-27 00:28:42.578 D/ImeService( 3258): onEvaluateFullscreenMode return false:isFloatKeyboardMode
06-27 00:28:42.579 I/KeymapSwitch( 3258): initKeymap isServiceInitFinished:true
06-27 00:28:42.580 D/ImeService( 3258): onEvaluateFullscreenMode return false:isFloatKeyboardMode
06-27 00:28:42.581 I/ColorPicker( 3258): invalidatePickedColors: oldFloatColor=fff5f7fa
06-27 00:28:42.582 D/PrefCtrlListHelper( 5997): Could not find Context-only controller for pref: com.android.settings.security.trustagent.TrustAgentsPreferenceController
06-27 00:28:42.583 I/ColorPicker( 3258): getFloatColor from default, color: ff232e40, floatDefaultColor: ff232e40
06-27 00:28:42.583 I/PanelBackAnim( 3258): afterLoadSkin: restarting==false isPanelRealShow==false , isChangedEditor: true
06-27 00:28:42.583 D/ImeService( 3258): needShowSceneAnimEditor option 3
06-27 00:28:42.583 I/SceneAnimHandler( 3258): releaseAnimSwitchKeyboard
06-27 00:28:42.584 D/ImeService( 3258): onEvaluateInputViewShown enter
06-27 00:28:42.584 D/ImeService( 3258): onEvaluateInputViewShown true:skin not installing,setAllInstallEnable false
06-27 00:28:42.584 I/ImeService( 3258): ImeService(com.baidu.input_hryt.ImeService@953a1cb) life called >>> onEvaluateInputViewShown true
06-27 00:28:42.584 D/ImeService( 3258): onEvaluateFullscreenMode return false:isFloatKeyboardMode
06-27 00:28:42.584 D/ImeService( 3258): onEvaluateFullscreenMode return false:isFloatKeyboardMode
06-27 00:28:42.584 D/ImeService( 3258): onEvaluateInputViewShown enter
06-27 00:28:42.584 D/ImeService( 3258): onEvaluateInputViewShown true:skin not installing,setAllInstallEnable false
06-27 00:28:42.584 I/ImeService( 3258): ImeService(com.baidu.input_hryt.ImeService@953a1cb) life called >>> onEvaluateInputViewShown true
06-27 00:28:42.584 I/ImeService( 3258): ImeService(com.baidu.input_hryt.ImeService@953a1cb) life called >>> onWindowShown
06-27 00:28:42.588 W/ServiceManager( 909): Permission failure: android.permission.ACCESS_SURFACE_FLINGER from uid=10125 pid=3258
06-27 00:28:42.588 D/PermissionCache( 909): checking android.permission.ACCESS_SURFACE_FLINGER for uid=10125 => denied (259 us)
06-27 00:28:42.589 W/ServiceManager( 909): Permission failure: android.permission.ROTATE_SURFACE_FLINGER from uid=10125 pid=3258
06-27 00:28:42.589 D/PermissionCache( 909): checking android.permission.ROTATE_SURFACE_FLINGER for uid=10125 => denied (160 us)
06-27 00:28:42.589 I/AdrenoGLES-0( 3258): QUALCOMM build : 47421dbee6, I139f36ad46
06-27 00:28:42.589 I/AdrenoGLES-0( 3258): Build Date : 02/18/22
06-27 00:28:42.589 I/AdrenoGLES-0( 3258): OpenGL ES Shader Compiler Version: EV031.32.02.17
06-27 00:28:42.589 I/AdrenoGLES-0( 3258): Local Branch :
06-27 00:28:42.589 I/AdrenoGLES-0( 3258): Remote Branch :
06-27 00:28:42.589 I/AdrenoGLES-0( 3258): Remote Branch :
06-27 00:28:42.589 I/AdrenoGLES-0( 3258): Reconstruct Branch :
06-27 00:28:42.589 I/AdrenoGLES-0( 3258): Build Config : S P 10.0.7 AArch64
06-27 00:28:42.589 I/AdrenoGLES-0( 3258): Driver Path : /vendor/lib64/egl/libGLESv2_adreno.so
06-27 00:28:42.590 I/hwservicemanager( 514): getTransport: Cannot find entry android.hardware.graphics.mapper@4.0::IMapper/default in either framework or device VINTF manifest.
06-27 00:28:42.591 V/SettingsSearchProvider( 5997): com.android.settings.security.ScreenPinningSettings$2@fc80e98 tried to add an empty non-indexable key
06-27 00:28:42.592 V/SettingsSearchProvider( 5997): com.android.settings.nfc.PaymentSettings$1@1e182d6 tried to add an empty non-indexable key
06-27 00:28:42.592 I/AdrenoGLES-0( 3258): PFP: 0x016dd093, ME: 0x00000000
06-27 00:28:42.599 D/libEGL ( 3258): MSAA-->msaa:0 gamemode:0 4x_msaa:0
06-27 00:28:42.599 D/libEGL ( 3258): MSAA-->msaa:0 gamemode:0 4x_msaa:0
06-27 00:28:42.599 D/libEGL ( 3258): MSAA-->msaa:0 gamemode:0 4x_msaa:0
06-27 00:28:42.602 W/IndexDataConverter( 6324): Skipping index for null-key item IndexData.Builder {title: 媒体转码设置,package: com.android.settings}
06-27 00:28:42.604 W/IndexDataConverter( 6324): Skipping index for null-key item IndexData.Builder {title: 语言和输入法,package: com.android.settings}
06-27 00:28:42.605 I/SDM ( 840): HWCDisplay::GetColorModeCount: Supported color mode count = 1
06-27 00:28:42.605 I/SDM ( 840): HWCDisplay::GetColorModes: Color mode = 0 is supported
06-27 00:28:42.606 E/HWComposer( 909): getSupportedContentTypes: getSupportedContentTypes failed for display 4630946816427681409: Unsupported (8)
06-27 00:28:42.606 D/hw-ProcessState( 3258): Binder ioctl to enable oneway spam detection failed: Invalid argument
06-27 00:28:42.607 I/hwservicemanager( 514): getTransport: Cannot find entry android.hardware.graphics.mapper@4.0::IMapper/default in either framework or device VINTF manifest.
06-27 00:28:42.607 I/Gralloc4( 3258): mapper 4.x is not supported
06-27 00:28:42.607 D/float ( 3258): keyboard top = 657, lastsoft = 532, candview = 127
06-27 00:28:42.607 W/IndexDataConverter( 6324): Skipping index for null-key item IndexData.Builder {title: 在设置人脸解锁和指纹解锁时,如果您戴着口罩或所在区域光线较暗,手机会要求您提供指纹,package: com.android.settings}
06-27 00:28:42.608 I/hwservicemanager( 514): getTransport: Cannot find entry android.hardware.graphics.allocator@4.0::IAllocator/default in either framework or device VINTF manifest.
06-27 00:28:42.608 W/Gralloc4( 3258): allocator 4.x is not supported
06-27 00:28:42.608 W/IndexDataConverter( 6324): Skipping index for null-key item IndexData.Builder {title: 人脸解锁和指纹解锁,package: com.android.settings}
06-27 00:28:42.609 I/[ 70.176877] binder( 0): 3258:3717 ioctl 40046210 7aa8e541f4 returned -22
06-27 00:28:42.609 D/CompatibilityChangeReporter( 1538): Compat change id reported: 168419799; UID 10125; state: DISABLED
06-27 00:28:42.609 W/IndexDataConverter( 6324): Skipping index for null-key item IndexData.Builder {title: null,package: com.android.settings}
06-27 00:28:42.609 W/IndexDataConverter( 6324): Skipping index for null-key item IndexData.Builder {title: 自动旋转屏幕,package: com.android.settings}
06-27 00:28:42.611 W/IndexDataConverter( 6324): Skipping index for null-key item IndexData.Builder {title: ⾳视频语⾳,package: com.android.settings}
06-27 00:28:42.611 W/IndexDataConverter( 6324): Skipping index for null-key item IndexData.Builder {title: 屏幕超时,package: com.android.settings}
06-27 00:28:42.611 D/float ( 3258): keyboard top = 657, lastsoft = 532, candview = 127
06-27 00:28:42.611 W/IndexDataConverter( 6324): Skipping index for null-key item IndexData.Builder {title: 自动调节亮度,package: com.android.settings}
06-27 00:28:42.612 D/float ( 3258): keyboard top = 657, lastsoft = 532, candview = 127
06-27 00:28:42.612 D/float ( 3258): keyboard top = 657, lastsoft = 532, candview = 127
06-27 00:28:42.612 D/float ( 3258): keyboard showing getTop = 657
06-27 00:28:42.612 D/float ( 3258): keyboard showing topValue = 438
06-27 00:28:42.612 D/float ( 3258): keyboard top = 657, lastsoft = 532, candview = 127
06-27 00:28:42.612 W/IndexDataConverter( 6324): Skipping index for null-key item IndexData.Builder {title: 打印,package: com.android.settings}
06-27 00:28:42.612 W/IndexDataConverter( 6324): Skipping index for null-key item IndexData.Builder {title: 首选引擎,package: com.android.settings}
06-27 00:28:42.624 D/ImeService( 3258): onEvaluateInputViewShown enter
06-27 00:28:42.624 D/ImeService( 3258): onEvaluateInputViewShown true:skin not installing,setAllInstallEnable false
06-27 00:28:42.624 I/ImeService( 3258): ImeService(com.baidu.input_hryt.ImeService@953a1cb) life called >>> onEvaluateInputViewShown true
06-27 00:28:42.624 D/ImeService( 3258): onEvaluateFullscreenMode return false:isFloatKeyboardMode
06-27 00:28:42.624 D/ImeService( 3258): onEvaluateInputViewShown enter
06-27 00:28:42.624 D/ImeService( 3258): onEvaluateInputViewShown true:skin not installing,setAllInstallEnable false
06-27 00:28:42.624 I/ImeService( 3258): ImeService(com.baidu.input_hryt.ImeService@953a1cb) life called >>> onEvaluateInputViewShown true
06-27 00:28:42.624 I/ImeService( 3258): ImeService(com.baidu.input_hryt.ImeService@953a1cb) life called >>> onWindowShown
06-27 00:28:42.624 D/hintView( 3258): forceClose=true,resetShowChs=true
06-27 00:28:42.624 D/hintView( 3258): dismissPop()
06-27 00:28:42.625 D/InsetsController( 6324): show(ime(), fromIme=true)
06-27 00:28:42.627 D/hintView( 3258): forceClose=true,resetShowChs=true
06-27 00:28:42.627 D/hintView( 3258): dismissPop()
06-27 00:28:42.628 D/hintView( 3258): forceClose=true,resetShowChs=true
06-27 00:28:42.628 D/hintView( 3258): dismissPop()
06-27 00:28:42.628 D/hintView( 3258): forceClose=true,resetShowChs=true
06-27 00:28:42.628 D/hintView( 3258): dismissPop()
06-27 00:28:42.628 D/hintView( 3258): forceClose=true,resetShowChs=true
06-27 00:28:42.628 D/hintView( 3258): dismissPop()
06-27 00:28:42.634 D/InsetsController( 6324): show(ime(), fromIme=true)
06-27 00:28:42.634 W/IndexDataConverter( 6324): Skipping index for null-key item IndexData.Builder {title: 流量节省程序,package: com.android.settings}
06-27 00:28:42.636 D/float ( 3258): keyboard top = 657, lastsoft = 532, candview = 127
06-27 00:28:42.636 D/float ( 3258): keyboard top = 657, lastsoft = 532, candview = 127
06-27 00:28:42.636 D/float ( 3258): keyboard showing getTop = 657
06-27 00:28:42.636 D/float ( 3258): keyboard showing topValue = 438
06-27 00:28:42.636 D/float ( 3258): keyboard top = 657, lastsoft = 532, candview = 127
06-27 00:28:42.637 W/IndexDataConverter( 6324): Skipping index for null-key item IndexData.Builder {title: 热点和网络共享,package: com.android.settings}
