06-27 00:27:43.380 E/[ 10.948943] bt_ioctl( 0): BT_CMD_PWR_CTRL pwr_cntrl:0
06-27 00:27:43.380 E/[ 10.948955] bt_ioctl( 0): BT state already:0 no change done
06-27 00:27:43.380 E/ ( 0): [ 10.948955]
06-27 00:27:43.380 E/[ 10.948994] bt_ioctl( 0): BT_CMD_PWR_CTRL pwr_cntrl:1
06-27 00:27:43.380 I/ ( 0): [ 10.949042] bt_power vendor:bt_qca6390: Linked as a consumer to regulator.9
06-27 00:27:43.380 E/[ 10.949055] bt_vreg_enable( 0): vreg_en successful for : qca,bt-vdd-aon
06-27 00:27:43.380 I/ ( 0): [ 10.949095] bt_power vendor:bt_qca6390: Linked as a consumer to regulator.51
06-27 00:27:43.380 E/[ 10.949099] bt_vreg_enable( 0): vreg_en successful for : qca,bt-vdd-dig
06-27 00:27:43.380 I/ ( 0): [ 10.949117] bt_power vendor:bt_qca6390: Linked as a consumer to regulator.8
06-27 00:27:43.380 E/[ 10.949121] bt_vreg_enable( 0): vreg_en successful for : qca,bt-vdd-rfa1
06-27 00:27:43.380 I/ ( 0): [ 10.949142] bt_power vendor:bt_qca6390: Linked as a consumer to regulator.36
06-27 00:27:43.380 E/[ 10.949148] bt_vreg_enable( 0): vreg_en successful for : qca,bt-vdd-rfa2
06-27 00:27:43.380 I/ ( 0): [ 10.949167] bt_power vendor:bt_qca6390: Linked as a consumer to regulator.27
06-27 00:27:43.380 E/[ 10.950653] bt_vreg_enable( 0): vreg_en successful for : qca,bt-vdd-asd
06-27 00:27:43.385 D/CompatibilityChangeReporter( 1538): Compat change id reported: 135634846; UID 10083; state: DISABLED
06-27 00:27:43.385 D/CompatibilityChangeReporter( 1538): Compat change id reported: 177438394; UID 10083; state: DISABLED
06-27 00:27:43.385 D/CompatibilityChangeReporter( 1538): Compat change id reported: 135772972; UID 10083; state: DISABLED
06-27 00:27:43.385 D/CompatibilityChangeReporter( 1538): Compat change id reported: 135754954; UID 10083; state: ENABLED
06-27 00:27:43.386 D/CompatibilityChangeReporter( 1538): Compat change id reported: 143937733; UID 10083; state: ENABLED
06-27 00:27:43.386 I/AutofillManagerService( 1538): Updating for user 0: disabled=false
06-27 00:27:43.387 I/ConnectivityModuleConnector( 1538): Networking module service connected
06-27 00:27:43.389 E/DropBoxManagerService( 1538): Can't init
06-27 00:27:43.389 E/DropBoxManagerService( 1538): java.io.IOException: Can't mkdir: /data/tlog/fatal/dropbox
06-27 00:27:43.389 E/DropBoxManagerService( 1538): at com.android.server.DropBoxManagerService.init(DropBoxManagerService.java:1011)
06-27 00:27:43.389 E/DropBoxManagerService( 1538): at com.android.server.DropBoxManagerService.access$100(DropBoxManagerService.java:86)
06-27 00:27:43.389 E/DropBoxManagerService( 1538): at com.android.server.DropBoxManagerService$1$1.run(DropBoxManagerService.java:148)
06-27 00:27:43.390 I/ExplicitHealthCheckController( 1538): Explicit health check service is connected ComponentInfo{android.ext.services/android.ext.services.watchdog.ExplicitHealthCheckServiceImpl}
06-27 00:27:43.391 I/ExplicitHealthCheckController( 1538): Service initialized, syncing requests
06-27 00:27:43.391 I/ConnectivityModuleConnector( 1538): Networking module service connected
06-27 00:27:43.391 I/ActivityManager( 1538): Start proc 2601:com.qualcomm.qti.qccauthmgr/u0a83 for content provider {com.qualcomm.qti.qccauthmgr/com.qualcomm.qti.qccauthmgr.providers.SMQContentProvider}
06-27 00:27:43.393 V/NotificationAssistants( 1538): 0 notification assistant service connected: ComponentInfo{android.ext.services/android.ext.services.notification.Assistant}
06-27 00:27:43.394 D/CompanionDeviceManagerService( 1538): Received BT state transition broadcast: OFF -> BLE_TURNING_ON
06-27 00:27:43.394 I/Telecom ( 1538): WiredHeadsetManager: ACTION_HEADSET_PLUG event, plugged in: false, : WHC.oADA@AAE
06-27 00:27:43.396 W/Looper ( 1538): Drained
06-27 00:27:43.396 I/PackageWatchdog( 1538): Syncing health check requests for packages: {}
06-27 00:27:43.396 D/ExplicitHealthCheckController( 1538): Getting health check supported packages
06-27 00:27:43.397 I/GameModeConfig( 1538): isGameModeOn = false
06-27 00:27:43.398 W/NotificationHistory( 1538): Attempted to add notif for locked/gone/disabled user 0
06-27 00:27:43.399 I/GameModeConfig( 1538): isGameModeOn = false
06-27 00:27:43.406 I/[ 10.973396] binder( 0): 2466:2572 ioctl 40046210 7b3a70c1f4 returned -22
06-27 00:27:43.403 I/ExplicitHealthCheckController( 1538): Explicit health check supported packages [PackageConfig{com.android.networkstack, 86400000}]
06-27 00:27:43.403 D/PackageWatchdog( 1538): Received supported packages [PackageConfig{com.android.networkstack, 86400000}]
06-27 00:27:43.403 D/ExplicitHealthCheckController( 1538): Getting health check requested packages
06-27 00:27:43.404 I/ExplicitHealthCheckController( 1538): Explicit health check requested packages []
06-27 00:27:43.405 I/ExplicitHealthCheckController( 1538): No more health check requests, unbinding...
06-27 00:27:43.408 I/ExplicitHealthCheckController( 1538): Explicit health check service is unbound
06-27 00:27:43.410 E/DropBoxManagerService( 1538): Can't init
06-27 00:27:43.410 E/DropBoxManagerService( 1538): java.io.IOException: Can't mkdir: /data/tlog/fatal/dropbox
06-27 00:27:43.410 E/DropBoxManagerService( 1538): at com.android.server.DropBoxManagerService.init(DropBoxManagerService.java:1011)
06-27 00:27:43.410 E/DropBoxManagerService( 1538): at com.android.server.DropBoxManagerService.access$100(DropBoxManagerService.java:86)
06-27 00:27:43.410 E/DropBoxManagerService( 1538): at com.android.server.DropBoxManagerService$1$1.run(DropBoxManagerService.java:148)
06-27 00:27:43.413 I/[ 10.983065] binder( 0): 2601:2601 ioctl 40046210 7fdc24c794 returned -22
06-27 00:27:43.417 I/ActivityManagerTiming( 1538): FinishBooting
06-27 00:27:43.422 D/CompatibilityChangeReporter( 1538): Compat change id reported: 168419799; UID 10083; state: DISABLED
06-27 00:27:43.426 W/KeyguardServiceDelegate( 1538): onScreenTurningOn(): no keyguard service!
06-27 00:27:43.434 I/[ 11.004145] bt_configure_gpios( 0): BTON:Turn Bt Off bt-reset-gpio(1121) value(0)
06-27 00:27:43.434 I/[ 11.004147] bt_configure_gpios( 0): BTON:Turn Bt Off
06-27 00:27:43.434 I/[ 11.004149] bt_configure_gpios( 0): bt-sw-ctrl-gpio(1224) value(1)
06-27 00:27:43.434 I/[ 11.004150] bt_enable_bt_reset_gpios_safely( 0): bt_enable_bt_reset_gpios_safely: BTON:Turn Bt On
06-27 00:27:43.434 I/[ 11.004151] bt_enable_bt_reset_gpios_safely( 0): bt_enable_bt_reset_gpios_safely: wl-reset-gpio(1120) value(1)
06-27 00:27:43.434 I/[ 11.004152] bt_enable_bt_reset_gpios_safely( 0): bt_enable_bt_reset_gpios_safely: BTON: Asserting BT_EN
06-27 00:27:43.435 I/GameModeConfig( 1538): isGameModeOn = false
06-27 00:27:43.478 D/CompatibilityChangeReporter( 1538): Compat change id reported: 135634846; UID 10073; state: DISABLED
06-27 00:27:43.479 D/CompatibilityChangeReporter( 1538): Compat change id reported: 177438394; UID 10073; state: DISABLED
06-27 00:27:43.479 D/CompatibilityChangeReporter( 1538): Compat change id reported: 135772972; UID 10073; state: DISABLED
06-27 00:27:43.479 D/CompatibilityChangeReporter( 1538): Compat change id reported: 135754954; UID 10073; state: ENABLED
06-27 00:27:43.479 D/CompatibilityChangeReporter( 1538): Compat change id reported: 143937733; UID 10073; state: ENABLED
06-27 00:27:43.485 I/ActivityManager( 1538): Start proc 2649:com.android.launcher3/u0a73 for service {com.android.launcher3/com.android.quickstep.TouchInteractionService}
06-27 00:27:43.486 D/CompatibilityChangeReporter( 1538): Compat change id reported: 171306433; UID 1000; state: ENABLED
06-27 00:27:43.490 I/[ 11.060097] bt_configure_gpios( 0): BTON:Turn Bt On bt-reset-gpio(1121) value(1)
06-27 00:27:43.490 I/ ( 0): [ 11.060097]
06-27 00:27:43.490 I/[ 11.060101] bt_configure_gpios( 0): BTON:Turn Bt On
06-27 00:27:43.490 I/[ 11.060104] bt_configure_gpios( 0): bt-sw-ctrl-gpio(1224) value(1)
06-27 00:27:43.490 I/[ 11.060106] bt_configure_gpios( 0): bt_gpio= 1121 on: 1 is successful
06-27 00:27:43.491 I/[ 11.062382] binder( 0): 1931:2652 ioctl 40046210 7ac8ee1124 returned -22
06-27 00:27:43.516 I/[ 11.085365] binder( 0): 2649:2649 ioctl 40046210 7fdc24c794 returned -22
06-27 00:27:43.518 E/[ 11.088408] bt_ioctl( 0): unified Current SOC Version : 400a0200
06-27 00:27:43.521 D/CompatibilityChangeReporter( 1538): Compat change id reported: 168419799; UID 10073; state: DISABLED
06-27 00:27:43.601 I/GameModeConfig( 1538): isGameModeOn = false
06-27 00:27:43.603 W/NotificationHistory( 1538): Attempted to add notif for locked/gone/disabled user 0
06-27 00:27:43.639 I/StatusBarManagerService( 1538): registerStatusBar bar=com.android.internal.statusbar.IStatusBar$Stub$Proxy@a754aa7
06-27 00:27:43.748 D/[ 11.318800] cnss( 0): MHI status cb is called with reason MISSION_MODE(6)
06-27 00:27:43.748 D/[ 11.318827] cnss( 0): Completed event: REGISTER_DRIVER(7), state: 0x10, ret: 0/0
06-27 00:27:43.748 D/[ 11.318830] cnss( 0): PM relax, state: 0x10, count: 0
06-27 00:27:43.752 E/[ 11.322006] register_client_adhoc( 0): find path.src 1 dest 589
06-27 00:27:43.756 E/[ 11.322051] register_client_adhoc( 0): Failed to find path.src 1 dest 589
06-27 00:27:43.756 E/[ 11.324562] [drm( 0): dp_display_init_aux_switch][msm-dp-err][813 ]failed to register notifier (-22)
06-27 00:27:43.756 E/[ 11.326277] register_client_adhoc( 0): find path.src 1 dest 589
06-27 00:27:43.756 E/[ 11.326325] register_client_adhoc( 0): Failed to find path.src 1 dest 589
06-27 00:27:43.756 E/[ 11.326652] [drm( 0): dp_display_init_aux_switch][msm-dp-err][586 ]failed to register notifier (-22)
06-27 00:27:43.837 D/[ 11.407017] cnss( 0): WLFW server arriving: node 7 port 1
06-27 00:27:43.837 D/[ 11.407021] cnss( 0): Posting event: SERVER_ARRIVE(0), state: 0x10 flags: 0x0
06-27 00:27:43.837 D/[ 11.407023] cnss( 0): PM stay awake, state: 0x10, count: 1
06-27 00:27:43.837 D/[ 11.407029] cnss( 0): PM stay awake, state: 0x10, count: 1
06-27 00:27:43.837 D/[ 11.407030] cnss( 0): Processing driver event: SERVER_ARRIVE(0), state: 0x10
06-27 00:27:43.837 I/[ 11.407032] cnss( 0): QMI WLFW service connected, state: 0x11
06-27 00:27:43.837 D/[ 11.407033] cnss( 0): Sending indication register message, state: 0x11
06-27 00:27:43.837 D/[ 11.407200] cnss( 0): PM relax, state: 0x10, count: 0
06-27 00:27:43.841 D/[ 11.409692] cnss( 0): Sending host capability message, state: 0x11
06-27 00:27:43.841 D/[ 11.409695] cnss( 0): Number of clients is 2
06-27 00:27:43.841 D/[ 11.409697] cnss( 0): Assign MSI to user: WAKE, num_vectors: 1, user_base_data: 813, base_vector: 13
06-27 00:27:43.841 D/[ 11.409698] cnss( 0): WAKE MSI base data is 813
06-27 00:27:43.841 D/[ 11.409700] cnss( 0): Calibration done is 1
06-27 00:27:43.841 D/[ 11.409701] cnss( 0): Sending iova starting 0xa0000000 with size 0x10010000
06-27 00:27:43.841 D/[ 11.411628] cnss( 0): PM relax, state: 0x11, count: 0
06-27 00:27:43.943 W/ActivityThread( 1931): Failed to find provider info for com.android.contacts (user not unlocked)
06-27 00:27:44.062 W/ActivityThread( 1931): Failed to find provider info for com.android.contacts (user not unlocked)
06-27 00:27:44.068 E/[ 11.638341] diag( 0): In diag_ioctl_set_buffering_mode, invalid peripheral = -22
06-27 00:27:44.081 W/ActivityThread( 1931): Failed to find provider info for com.android.contacts (user not unlocked)
06-27 00:27:44.089 W/ActivityThread( 1931): Failed to find provider info for com.android.contacts (user not unlocked)
06-27 00:27:44.328 I/ActivityManagerTiming( 1538): FinishBooting
06-27 00:27:44.328 I/ActivityManager( 1538): About to commit checkpoint
06-27 00:27:44.329 W/ActivityManager( 1538): FinishBooting sync begin
06-27 00:27:44.331 W/ActivityManager( 1538): FinishBooting sync end
06-27 00:27:44.331 I/SystemServiceManager( 1538): Starting phase 1000
06-27 00:27:44.331 I/ActivityManagerTiming( 1538): OnBootPhase_1000
06-27 00:27:44.331 I/ActivityManagerTiming( 1538): OnBootPhase_1000_com.android.server.security.FileIntegrityService
06-27 00:27:44.331 I/ActivityManagerTiming( 1538): OnBootPhase_1000_com.android.server.pm.Installer
06-27 00:27:44.331 I/ActivityManagerTiming( 1538): OnBootPhase_1000_com.android.server.os.DeviceIdentifiersPolicyService
06-27 00:27:44.331 I/ActivityManagerTiming( 1538): OnBootPhase_1000_com.android.server.uri.UriGrantsManagerService$Lifecycle
06-27 00:27:44.331 I/ActivityManagerTiming( 1538): OnBootPhase_1000_com.android.server.powerstats.PowerStatsService
06-27 00:27:44.331 E/PowerStatsService( 1538): Failed to start PowerStatsService loggers
06-27 00:27:44.331 I/ActivityManagerTiming( 1538): OnBootPhase_1000_com.android.server.wm.ActivityTaskManagerService$Lifecycle
06-27 00:27:44.331 I/ActivityManagerTiming( 1538): OnBootPhase_1000_com.android.server.am.ActivityManagerService$Lifecycle
06-27 00:27:44.331 I/ActivityManagerTiming( 1538): OnBootPhase_1000_com.android.server.pm.DataLoaderManagerService
06-27 00:27:44.331 I/ActivityManagerTiming( 1538): OnBootPhase_1000_com.android.server.power.PowerManagerService
06-27 00:27:44.331 D/PowerManagerService( 1538): userActivityNoUpdateLocked: groupId=0, eventTime=11901, event=0, flags=0x0, uid=1000
06-27 00:27:44.331 D/PowerManagerNotifier( 1538): onUserActivity: event=0, uid=1000
06-27 00:27:44.331 D/PowerManagerService( 1538): updateUserActivitySummaryLocked: groupId=0, mWakefulness=Awake, mUserActivitySummary=0x1, nextTimeout=71901 (in 59999 ms)
06-27 00:27:44.331 D/PowerManagerNotifier( 1538): onScreenPolicyUpdate: newPolicy=3
06-27 00:27:44.331 D/PowerManagerService( 1538): updateDisplayPowerStateLocked: displayReady=false, groupId=0, policy=BRIGHT, mWakefulness=Awake, mWakeLockSummary=0x0, mUserActivitySummary=0x1, mBootCompleted=true, screenBrightnessOverride=NaN, useAutoBrightness=false, mScreenBrightnessBoostInProgress=false, mIsVrModeEnabled= false, sQuiescent=false
06-27 00:27:44.331 I/ActivityManagerTiming( 1538): OnBootPhase_1000_com.android.server.power.ThermalManagerService
06-27 00:27:44.331 I/ActivityManagerTiming( 1538): OnBootPhase_1000_com.android.server.power.hint.HintManagerService
06-27 00:27:44.331 I/ActivityManagerTiming( 1538): OnBootPhase_1000_com.android.server.recoverysystem.RecoverySystemService$Lifecycle
06-27 00:27:44.331 I/ActivityManagerTiming( 1538): OnBootPhase_1000_com.android.server.lights.LightsService
06-27 00:27:44.331 I/ActivityManagerTiming( 1538): OnBootPhase_1000_com.android.server.display.DisplayManagerService
06-27 00:27:44.332 V/DisplayPowerController[0]( 1538): Brightness [0.4848485] reason changing to: 'manual', previous reason: 'override'.
06-27 00:27:44.332 D/PowerManagerNotifier( 1538): onScreenPolicyUpdate: newPolicy=3
06-27 00:27:44.332 D/PowerManagerService( 1538): updateDisplayPowerStateLocked: displayReady=true, groupId=0, policy=BRIGHT, mWakefulness=Awake, mWakeLockSummary=0x0, mUserActivitySummary=0x1, mBootCompleted=true, screenBrightnessOverride=NaN, useAutoBrightness=false, mScreenBrightnessBoostInProgress=false, mIsVrModeEnabled= false, sQuiescent=false
06-27 00:27:44.332 E/DisplayDeviceConfig( 1538): requesting nits when no mapping exists.
06-27 00:27:44.332 I/ActivityManagerTiming( 1538): OnBootPhase_1000_com.android.server.pm.verify.domain.DomainVerificationService
06-27 00:27:44.332 I/ActivityManagerTiming( 1538): OnBootPhase_1000_com.android.server.pm.PackageInstallerService$Lifecycle
06-27 00:27:44.332 I/ActivityManagerTiming( 1538): OnBootPhase_1000_com.android.server.pm.UserManagerService$LifeCycle
06-27 00:27:44.332 I/ActivityManagerTiming( 1538): OnBootPhase_1000_com.android.server.om.OverlayManagerService
06-27 00:27:44.332 I/ActivityManagerTiming( 1538): OnBootPhase_1000_com.android.server.SensorPrivacyService
06-27 00:27:44.332 I/ActivityManagerTiming( 1538): OnBootPhase_1000_com.android.server.thunderperf.ThunderBoostPerfService
06-27 00:27:44.332 I/ActivityManagerTiming( 1538): OnBootPhase_1000_com.android.server.sensors.SensorService
06-27 00:27:44.332 I/ActivityManagerTiming( 1538): OnBootPhase_1000_com.android.server.SystemConfigService
06-27 00:27:44.332 I/ActivityManagerTiming( 1538): OnBootPhase_1000_com.android.server.BatteryService
06-27 00:27:44.332 I/ActivityManagerTiming( 1538): OnBootPhase_1000_com.android.server.usage.UsageStatsService
06-27 00:27:44.332 E/DisplayDeviceConfig( 1538): requesting nits when no mapping exists.
06-27 00:27:44.332 I/ActivityManagerTiming( 1538): OnBootPhase_1000_com.android.server.webkit.WebViewUpdateService
06-27 00:27:44.332 I/ActivityManagerTiming( 1538): OnBootPhase_1000_com.android.server.CachedDeviceStateService
06-27 00:27:44.332 I/ActivityManagerTiming( 1538): OnBootPhase_1000_com.android.server.BinderCallsStatsService$LifeCycle
06-27 00:27:44.332 I/ActivityManagerTiming( 1538): OnBootPhase_1000_com.android.server.LooperStatsService$Lifecycle
06-27 00:27:44.332 I/ActivityManagerTiming( 1538): OnBootPhase_1000_com.android.server.rollback.RollbackManagerService
06-27 00:27:44.332 I/DropBoxManagerService( 1538): add tag=system_server_wtf isTagEnabled=true flags=0x2
06-27 00:27:44.333 E/DropBoxManagerService( 1538): Can't write: system_server_wtf
06-27 00:27:44.333 E/DropBoxManagerService( 1538): java.io.IOException: Can't mkdir: /data/tlog/fatal/dropbox
06-27 00:27:44.333 E/DropBoxManagerService( 1538): at com.android.server.DropBoxManagerService.init(DropBoxManagerService.java:1011)
06-27 00:27:44.333 E/DropBoxManagerService( 1538): at com.android.server.DropBoxManagerService.addEntry(DropBoxManagerService.java:470)
06-27 00:27:44.333 E/DropBoxManagerService( 1538): at com.android.server.DropBoxManagerService.addEntry(DropBoxManagerService.java:421)
06-27 00:27:44.333 E/DropBoxManagerService( 1538): at com.android.server.DropBoxManagerService.addData(DropBoxManagerService.java:392)
06-27 00:27:44.333 E/DropBoxManagerService( 1538): at com.android.server.DropBoxManagerService$2.addData(DropBoxManagerService.java:161)
06-27 00:27:44.333 E/DropBoxManagerService( 1538): at android.os.DropBoxManager.addData(DropBoxManager.java:333)
06-27 00:27:44.333 E/DropBoxManagerService( 1538): at android.os.DropBoxManager.addText(DropBoxManager.java:320)
06-27 00:27:44.333 E/DropBoxManagerService( 1538): at com.android.server.am.ActivityManagerService$16.run(ActivityManagerService.java:8479)
06-27 00:27:44.333 E/DropBoxManagerService( 1538): at com.android.server.am.ActivityManagerService.addErrorToDropBox(ActivityManagerService.java:8488)
06-27 00:27:44.333 E/DropBoxManagerService( 1538): at com.android.server.am.ActivityManagerService.handleApplicationWtfInner(ActivityManagerService.java:8221)
06-27 00:27:44.333 E/DropBoxManagerService( 1538): at com.android.server.am.ActivityManagerService$15.run(ActivityManagerService.java:8187)
06-27 00:27:44.333 E/DropBoxManagerService( 1538): at android.os.Handler.handleCallback(Handler.java:938)
06-27 00:27:44.333 E/DropBoxManagerService( 1538): at android.os.Handler.dispatchMessage(Handler.java:99)
06-27 00:27:44.333 E/DropBoxManagerService( 1538): at android.os.Looper.loopOnce(Looper.java:201)
06-27 00:27:44.333 E/DropBoxManagerService( 1538): at android.os.Looper.loop(Looper.java:288)
06-27 00:27:44.333 E/DropBoxManagerService( 1538): at android.os.HandlerThread.run(HandlerThread.java:67)
06-27 00:27:44.333 E/DropBoxManagerService( 1538): at com.android.server.ServiceThread.run(ServiceThread.java:44)
06-27 00:27:44.333 I/ActivityManagerTiming( 1538): OnBootPhase_1000_com.android.server.os.NativeTombstoneManagerService
06-27 00:27:44.333 I/ActivityManagerTiming( 1538): OnBootPhase_1000_com.android.server.os.BugreportManagerService
06-27 00:27:44.333 I/ActivityManagerTiming( 1538): OnBootPhase_1000_com.android.server.gpu.GpuService
06-27 00:27:44.333 D/RollbackManager( 1538): mRollbackLifetimeDurationInMillis=1209600000
06-27 00:27:44.338 I/DropBoxManagerService( 1538): add tag=system_server_wtf isTagEnabled=true flags=0x2
06-27 00:27:44.338 E/DropBoxManagerService( 1538): Can't write: system_server_wtf
06-27 00:27:44.338 E/DropBoxManagerService( 1538): java.io.IOException: Can't mkdir: /data/tlog/fatal/dropbox
06-27 00:27:44.338 E/DropBoxManagerService( 1538): at com.android.server.DropBoxManagerService.init(DropBoxManagerService.java:1011)
06-27 00:27:44.338 E/DropBoxManagerService( 1538): at com.android.server.DropBoxManagerService.addEntry(DropBoxManagerService.java:470)
06-27 00:27:44.338 E/DropBoxManagerService( 1538): at com.android.server.DropBoxManagerService.addEntry(DropBoxManagerService.java:421)
06-27 00:27:44.338 E/DropBoxManagerService( 1538): at com.android.server.DropBoxManagerService.addData(DropBoxManagerService.java:392)
06-27 00:27:44.338 E/DropBoxManagerService( 1538): at com.android.server.DropBoxManagerService$2.addData(DropBoxManagerService.java:161)
06-27 00:27:44.338 E/DropBoxManagerService( 1538): at android.os.DropBoxManager.addData(DropBoxManager.java:333)
06-27 00:27:44.338 E/DropBoxManagerService( 1538): at android.os.DropBoxManager.addText(DropBoxManager.java:320)
06-27 00:27:44.338 E/DropBoxManagerService( 1538): at com.android.server.am.ActivityManagerService$16.run(ActivityManagerService.java:8479)
06-27 00:27:44.338 E/DropBoxManagerService( 1538): at com.android.server.am.ActivityManagerService.addErrorToDropBox(ActivityManagerService.java:8488)
06-27 00:27:44.338 E/DropBoxManagerService( 1538): at com.android.server.am.ActivityManagerService.handleApplicationWtfInner(ActivityManagerService.java:8221)
06-27 00:27:44.338 E/DropBoxManagerService( 1538): at com.android.server.am.ActivityManagerService$15.run(ActivityManagerService.java:8187)
06-27 00:27:44.338 E/DropBoxManagerService( 1538): at android.os.Handler.handleCallback(Handler.java:938)
06-27 00:27:44.338 E/DropBoxManagerService( 1538): at android.os.Handler.dispatchMessage(Handler.java:99)
06-27 00:27:44.338 E/DropBoxManagerService( 1538): at android.os.Looper.loopOnce(Looper.java:201)
06-27 00:27:44.338 E/DropBoxManagerService( 1538): at android.os.Looper.loop(Looper.java:288)
06-27 00:27:44.338 E/DropBoxManagerService( 1538): at android.os.HandlerThread.run(HandlerThread.java:67)
06-27 00:27:44.338 E/DropBoxManagerService( 1538): at com.android.server.ServiceThread.run(ServiceThread.java:44)
06-27 00:27:44.340 D/AppStandbyController( 1538): Loading headless system app cache. appIdleEnabled=false
06-27 00:27:44.340 I/ActivityManagerTiming( 1538): OnBootPhase_1000_com.android.server.security.KeyChainSystemService
06-27 00:27:44.340 I/ActivityManagerTiming( 1538): OnBootPhase_1000_com.android.server.telecom.TelecomLoaderService
06-27 00:27:44.340 I/ActivityManagerTiming( 1538): OnBootPhase_1000_com.android.server.accounts.AccountManagerService$Lifecycle
06-27 00:27:44.340 I/ActivityManagerTiming( 1538): OnBootPhase_1000_com.android.server.content.ContentService$Lifecycle
06-27 00:27:44.340 I/ActivityManagerTiming( 1538): OnBootPhase_1000_com.android.server.DropBoxManagerService
06-27 00:27:44.340 I/ActivityManagerTiming( 1538): OnBootPhase_1000_com.android.role.RoleService
06-27 00:27:44.340 I/ActivityManagerTiming( 1538): OnBootPhase_1000_com.android.server.vibrator.VibratorManagerService$Lifecycle
06-27 00:27:44.340 I/ActivityManagerTiming( 1538): OnBootPhase_1000_com.android.server.alarm.AlarmManagerService
06-27 00:27:44.340 I/ActivityManagerTiming( 1538): OnBootPhase_1000_com.android.server.devicestate.DeviceStateManagerService
06-27 00:27:44.340 I/ActivityManagerTiming( 1538): OnBootPhase_1000_com.android.server.camera.CameraServiceProxy
06-27 00:27:44.340 I/ActivityManagerTiming( 1538): OnBootPhase_1000_com.android.server.BluetoothService
06-27 00:27:44.340 I/ActivityManagerTiming( 1538): OnBootPhase_1000_com.android.server.connectivity.IpConnectivityMetrics
06-27 00:27:44.340 I/ActivityManagerTiming( 1538): OnBootPhase_1000_com.android.server.net.watchlist.NetworkWatchlistService$Lifecycle
06-27 00:27:44.340 I/ActivityManagerTiming( 1538): OnBootPhase_1000_com.android.server.PinnerService
06-27 00:27:44.340 I/ActivityManagerTiming( 1538): OnBootPhase_1000_com.google.android.startop.iorap.IorapForwardingService
06-27 00:27:44.341 I/ActivityManagerTiming( 1538): OnBootPhase_1000_com.android.server.ActivityTriggerService
06-27 00:27:44.341 I/ActivityManagerTiming( 1538): OnBootPhase_1000_com.android.server.integrity.AppIntegrityManagerService
06-27 00:27:44.341 I/ActivityManagerTiming( 1538): OnBootPhase_1000_com.android.server.inputmethod.InputMethodManagerService$Lifecycle
06-27 00:27:44.341 I/ActivityManagerTiming( 1538): OnBootPhase_1000_com.android.server.accessibility.AccessibilityManagerService$Lifecycle
06-27 00:27:44.341 I/ActivityManagerTiming( 1538): OnBootPhase_1000_com.android.server.StorageManagerService$Lifecycle
06-27 00:27:44.341 I/ActivityManagerTiming( 1538): OnBootPhase_1000_com.android.server.usage.StorageStatsService$Lifecycle
06-27 00:27:44.341 I/ActivityManagerTiming( 1538): OnBootPhase_1000_com.android.server.UiModeManagerService
06-27 00:27:44.341 I/ActivityManagerTiming( 1538): OnBootPhase_1000_com.android.server.locksettings.LockSettingsService$Lifecycle
06-27 00:27:44.341 I/ActivityManagerTiming( 1538): OnBootPhase_1000_com.android.server.PersistentDataBlockService
06-27 00:27:44.341 I/ActivityManagerTiming( 1538): OnBootPhase_1000_com.android.server.testharness.TestHarnessModeService
06-27 00:27:44.341 D/TestHarnessModeService( 1538): Completing Test Harness Mode setup.
06-27 00:27:44.341 D/StorageManagerService( 1538): Thinking about init, mBootCompleted=true, mDaemonConnected=true
06-27 00:27:44.341 D/StorageManagerService( 1538): Thinking about reset, mBootCompleted=true, mDaemonConnected=true
06-27 00:27:44.341 I/StorageSessionController( 1538): Started resetting external storage service...
06-27 00:27:44.341 I/StorageSessionController( 1538): Finished resetting external storage service
06-27 00:27:44.341 I/StorageManagerService( 1538): Resetting vold...
06-27 00:27:44.342 I/StorageManagerService( 1538): Reset vold
06-27 00:27:44.342 I/vold ( 528): onUserAdded: 0
06-27 00:27:44.345 I/ActivityManagerTiming( 1538): OnBootPhase_1000_com.android.server.oemlock.OemLockService
06-27 00:27:44.345 I/ActivityManagerTiming( 1538): OnBootPhase_1000_com.android.server.DeviceIdleController
06-27 00:27:44.346 I/ActivityManagerTiming( 1538): OnBootPhase_1000_com.android.server.devicepolicy.DevicePolicyManagerService$Lifecycle
06-27 00:27:44.346 I/ActivityManagerTiming( 1538): OnBootPhase_1000_com.android.server.texttospeech.TextToSpeechManagerService
06-27 00:27:44.346 I/ActivityManagerTiming( 1538): OnBootPhase_1000_com.android.server.speech.SpeechRecognitionManagerService
06-27 00:27:44.346 I/ActivityManagerTiming( 1538): OnBootPhase_1000_com.android.server.searchui.SearchUiManagerService
06-27 00:27:44.346 I/ActivityManagerTiming( 1538): OnBootPhase_1000_com.android.server.smartspace.SmartspaceManagerService
06-27 00:27:44.346 I/ActivityManagerTiming( 1538): OnBootPhase_1000_com.android.server.graphics.fonts.FontManagerService$Lifecycle
06-27 00:27:44.346 I/ActivityManagerTiming( 1538): OnBootPhase_1000_com.android.server.textservices.TextServicesManagerService$Lifecycle
06-27 00:27:44.346 I/ActivityManagerTiming( 1538): OnBootPhase_1000_com.android.server.textclassifier.TextClassificationManagerService$Lifecycle
06-27 00:27:44.346 I/ActivityManagerTiming( 1538): OnBootPhase_1000_com.android.server.NetworkScoreService$Lifecycle
06-27 00:27:44.346 I/ActivityManagerTiming( 1538): OnBootPhase_1000_com.android.server.wifi.WifiService
06-27 00:27:44.346 I/ActivityManagerTiming( 1538): OnBootPhase_1000_com.android.server.wifi.scanner.WifiScanningService
06-27 00:27:44.346 I/ActivityManagerTiming( 1538): OnBootPhase_1000_com.android.server.wifi.rtt.RttService
06-27 00:27:44.346 I/ActivityManagerTiming( 1538): OnBootPhase_1000_com.android.server.wifi.aware.WifiAwareService
06-27 00:27:44.346 I/ActivityManagerTiming( 1538): OnBootPhase_1000_com.android.server.wifi.p2p.WifiP2pService
06-27 00:27:44.347 I/ActivityManagerTiming( 1538): OnBootPhase_1000_com.android.server.ethernet.EthernetService
06-27 00:27:44.347 I/ActivityManagerTiming( 1538): OnBootPhase_1000_com.android.server.ConnectivityServiceInitializer
06-27 00:27:44.347 I/ActivityManagerTiming( 1538): OnBootPhase_1000_com.android.server.notification.NotificationManagerService
06-27 00:27:44.347 I/ActivityManagerTiming( 1538): OnBootPhase_1000_com.android.server.storage.DeviceStorageMonitorService
06-27 00:27:44.347 I/ActivityManagerTiming( 1538): OnBootPhase_1000_com.android.server.location.LocationManagerService$Lifecycle
06-27 00:27:44.347 I/ActivityManagerTiming( 1538): OnBootPhase_1000_com.android.server.timedetector.TimeDetectorService$Lifecycle
06-27 00:27:44.347 I/ActivityManagerTiming( 1538): OnBootPhase_1000_com.android.server.timezonedetector.TimeZoneDetectorService$Lifecycle
06-27 00:27:44.347 I/ActivityManagerTiming( 1538): OnBootPhase_1000_com.android.server.timezonedetector.location.LocationTimeZoneManagerService$Lifecycle
06-27 00:27:44.347 I/ActivityManagerTiming( 1538): OnBootPhase_1000_com.android.server.search.SearchManagerService$Lifecycle
06-27 00:27:44.347 I/ActivityManagerTiming( 1538): OnBootPhase_1000_com.android.server.wallpaper.WallpaperManagerService$Lifecycle
06-27 00:27:44.347 I/ActivityManagerTiming( 1538): OnBootPhase_1000_com.android.server.audio.AudioService$Lifecycle
06-27 00:27:44.347 I/ActivityManagerTiming( 1538): OnBootPhase_1000_com.android.server.soundtrigger_middleware.SoundTriggerMiddlewareService$Lifecycle
06-27 00:27:44.347 I/ActivityManagerTiming( 1538): OnBootPhase_1000_com.android.server.DockObserver
06-27 00:27:44.347 I/ActivityManagerTiming( 1538): OnBootPhase_1000_com.android.server.midi.MidiService$Lifecycle
06-27 00:27:44.347 I/ActivityManagerTiming( 1538): OnBootPhase_1000_com.android.server.adb.AdbService$Lifecycle
06-27 00:27:44.347 I/ActivityManagerTiming( 1538): OnBootPhase_1000_com.android.server.usb.UsbService$Lifecycle
06-27 00:27:44.347 I/ActivityManagerTiming( 1538): OnBootPhase_1000_com.android.server.twilight.TwilightService
06-27 00:27:44.349 I/ActivityManagerTiming( 1538): OnBootPhase_1000_com.android.server.display.color.ColorDisplayService
06-27 00:27:44.349 I/ActivityManagerTiming( 1538): OnBootPhase_1000_com.android.server.job.JobSchedulerService
06-27 00:27:44.349 I/ActivityManagerTiming( 1538): OnBootPhase_1000_com.android.server.soundtrigger.SoundTriggerService
06-27 00:27:44.349 D/SoundTriggerService( 1538): onBootPhase: 1000 : false
06-27 00:27:44.349 I/ActivityManagerTiming( 1538): OnBootPhase_1000_com.android.server.trust.TrustManagerService
06-27 00:27:44.349 I/ActivityManagerTiming( 1538): OnBootPhase_1000_com.android.server.backup.BackupManagerService$Lifecycle
06-27 00:27:44.349 I/ActivityManagerTiming( 1538): OnBootPhase_1000_com.android.server.appwidget.AppWidgetService
06-27 00:27:44.349 I/ActivityManagerTiming( 1538): OnBootPhase_1000_com.android.server.voiceinteraction.VoiceInteractionManagerService
06-27 00:27:44.349 I/ActivityManagerTiming( 1538): OnBootPhase_1000_com.android.server.apphibernation.AppHibernationService
06-27 00:27:44.349 I/ActivityManagerTiming( 1538): OnBootPhase_1000_com.android.server.SensorNotificationService
06-27 00:27:44.350 D/CompatibilityChangeReporter( 1538): Compat change id reported: 168936375; UID 1000; state: ENABLED
06-27 00:27:44.350 D/CompatibilityChangeReporter( 1538): Compat change id reported: 168936375; UID 1000; state: DISABLED
06-27 00:27:44.351 D/CompatibilityChangeReporter( 1538): Compat change id reported: 73144566; UID 1000; state: ENABLED
06-27 00:27:44.351 D/CompatibilityChangeReporter( 1538): Compat change id reported: 73144566; UID 1000; state: DISABLED
06-27 00:27:44.351 I/ActivityManagerTiming( 1538): OnBootPhase_1000_com.android.server.emergency.EmergencyAffordanceService
06-27 00:27:44.351 I/ActivityManagerTiming( 1538): OnBootPhase_1000_com.android.server.blob.BlobStoreManagerService
06-27 00:27:44.352 I/ActivityManagerTiming( 1538): OnBootPhase_1000_com.android.server.dreams.DreamManagerService
06-27 00:27:44.352 I/ActivityManagerTiming( 1538): OnBootPhase_1000_com.android.server.companion.CompanionDeviceManagerService
06-27 00:27:44.352 I/ActivityManagerTiming( 1538): OnBootPhase_1000_com.android.server.restrictions.RestrictionsManagerService
06-27 00:27:44.352 I/ActivityManagerTiming( 1538): OnBootPhase_1000_com.android.server.media.MediaSessionService
06-27 00:27:44.352 I/HibernationStateDiskStore( 1538): No hibernation file on disk for file /data/system/hibernation/states
06-27 00:27:44.352 I/ActivityManagerTiming( 1538): OnBootPhase_1000_com.android.server.media.MediaResourceMonitorService
06-27 00:27:44.352 I/ActivityManagerTiming( 1538): OnBootPhase_1000_com.android.server.biometrics.sensors.fingerprint.FingerprintService
06-27 00:27:44.352 I/ActivityManagerTiming( 1538): OnBootPhase_1000_com.android.server.biometrics.BiometricService
06-27 00:27:44.352 I/ActivityManagerTiming( 1538): OnBootPhase_1000_com.android.server.biometrics.AuthService
06-27 00:27:44.352 I/ActivityManagerTiming( 1538): OnBootPhase_1000_com.android.server.pm.ShortcutService$Lifecycle
06-27 00:27:44.352 I/ActivityManagerTiming( 1538): OnBootPhase_1000_com.android.server.pm.LauncherAppsService
06-27 00:27:44.352 I/ActivityManagerTiming( 1538): OnBootPhase_1000_com.android.server.pm.CrossProfileAppsService
06-27 00:27:44.352 I/ActivityManagerTiming( 1538): OnBootPhase_1000_com.android.server.people.PeopleService
06-27 00:27:44.352 I/ActivityManagerTiming( 1538): OnBootPhase_1000_com.android.server.media.metrics.MediaMetricsManagerService
06-27 00:27:44.352 I/ActivityManagerTiming( 1538): OnBootPhase_1000_com.android.server.media.projection.MediaProjectionManagerService
06-27 00:27:44.352 I/ActivityManagerTiming( 1538): OnBootPhase_1000_com.android.server.slice.SliceManagerService$Lifecycle
06-27 00:27:44.352 I/ActivityManagerTiming( 1538): OnBootPhase_1000_com.android.server.stats.StatsCompanion$Lifecycle
06-27 00:27:44.352 I/ActivityManagerTiming( 1538): OnBootPhase_1000_com.android.server.scheduling.RebootReadinessManagerService$Lifecycle
06-27 00:27:44.352 I/ActivityManagerTiming( 1538): OnBootPhase_1000_com.android.server.stats.pull.StatsPullAtomService
06-27 00:27:44.352 I/ActivityManagerTiming( 1538): OnBootPhase_1000_com.android.server.incident.IncidentCompanionService
06-27 00:27:44.352 I/ActivityManagerTiming( 1538): OnBootPhase_1000_com.android.server.MmsServiceBroker
06-27 00:27:44.352 I/ActivityManagerTiming( 1538): OnBootPhase_1000_com.android.server.autofill.AutofillManagerService
06-27 00:27:44.352 I/ActivityManagerTiming( 1538): OnBootPhase_1000_com.android.server.clipboard.ClipboardService
06-27 00:27:44.352 I/ActivityManagerTiming( 1538): OnBootPhase_1000_com.android.server.appbinding.AppBindingService$Lifecycle
06-27 00:27:44.352 I/ActivityManagerTiming( 1538): OnBootPhase_1000_com.android.server.tracing.TracingServiceProxy
06-27 00:27:44.352 I/ActivityManagerTiming( 1538): OnBootPhase_1000_com.android.server.policy.PermissionPolicyService
06-27 00:27:44.352 I/ActivityManagerTiming( 1538): OnBootPhase_1000_com.android.server.pm.StagingManager$Lifecycle
06-27 00:27:44.352 I/ActivityManagerTiming( 1538): OnBootPhase_1000_com.android.server.app.GameManagerService$Lifecycle
06-27 00:27:44.352 D/GameManagerService( 1538): onBootCompleted
06-27 00:27:44.352 I/ActivityManagerTiming( 1538): OnBootPhase_1000_com.android.server.appsearch.AppSearchManagerService
06-27 00:27:44.353 I/ActivityManagerTiming( 1538): OnBootPhase_1000_com.android.server.media.MediaCommunicationService
06-27 00:27:44.353 D/ActivityManagerTiming( 1538): TotalBootTime took to complete: 5100ms
06-27 00:27:44.353 D/SystemServerInitThreadPool( 1538): Shutdown requested
06-27 00:27:44.353 I/SystemServerTiming( 1538): WaitInitThreadPoolShutdown
06-27 00:27:44.353 D/SystemServerInitThreadPool( 1538): Shutdown successful
06-27 00:27:44.355 I/ActivityManager( 1538): User 0 state changed from BOOTING to RUNNING_LOCKED
06-27 00:27:44.355 W/ActivityManager( 1538): UserLifecycleEvent 4 received without an active userJourneySession.
06-27 00:27:44.356 D/StorageManagerService( 1538): unlockUserKey: 0 isFileEncryptedNativeOrEmulated: true hasToken: false hasSecret: false
06-27 00:27:44.356 D/vold ( 528): fscrypt_unlock_user_key 0 serial=0
06-27 00:27:44.360 E/AdbDebuggingManager( 1538): Expected keyStore, but got tag=adbKey
06-27 00:27:44.361 E/AdbDebuggingManager( 1538): Expected keyStore, but got tag=adbKey
06-27 00:27:44.362 D/vold ( 528): Trying user CE key /data/misc/vold/user_keys/ce/0/current
06-27 00:27:44.362 D/AdbDebuggingManager( 1538): Received connected key message: QAAAAGsnTyG9MteIqHnWoRC3iXBzOvV/RgqeKiOdaeXjanhS0qLl8RTvItc53uPqfvxMfP8S1ALG2zlm2OgKfAMynm/FCbwC44FbLMTJxr0rnuj8BI1wSUH2IDUpyDSTJL1gPQ1d1TCHNf4QtH5isYkEDVttzr+zeQeEXCqqtI9L+QFJSKbjLKK8hCVBY00OHE3H8/oZsdEJq5r+dIMVIT+JeKbWI8nfo8hcy899kMF6qZQTNR8TtnX5f1qnV54MX8J2IzUaG4hfjEBtYGxO6lUXHtj+1+0SfNYaeNIdX1KKiCm5vqHU75akB9DiRixxWyD8rPNWmHCcH2B9cHZIRvB5cCySzd/MbX6zsKywNd1er0jTkrlgy7CHZSH+TISVlr6npzVyKotKGQS6+gdHQfeKQ70IW343W5czrnI+r7V3GB8834j8qbVxyosBagosZBNU7YXbE2RAvPQU4Bev65U+ICp2OV5jh71UhRRxMne7FVC5E6WHAKw7b3FGip9NUzm6XNtfj0rLL/bRrA0NW42wQpivnAYVbrtzmIhuhPRaj1R1PD+CoN80au9/KEMUX1ItR6dXCgcm5BtsCH1jIhGRyk/X/WQJJC4DyU8XEfhhBUL1+akR1VDuEnwy2Iw8kEqL6alWIfzoYBLLkdYKAJGiVLWn9I5dMx4NlUOLdC6KrLBa++8WvwEAAQA=
06-27 00:27:44.365 D/AdbDebuggingManager( 1538): Logging key QAAAAGsnTyG9MteIqHnWoRC3iXBzOvV/RgqeKiOdaeXjanhS0qLl8RTvItc53uPqfvxMfP8S1ALG2zlm2OgKfAMynm/FCbwC44FbLMTJxr0rnuj8BI1wSUH2IDUpyDSTJL1gPQ1d1TCHNf4QtH5isYkEDVttzr+zeQeEXCqqtI9L+QFJSKbjLKK8hCVBY00OHE3H8/oZsdEJq5r+dIMVIT+JeKbWI8nfo8hcy899kMF6qZQTNR8TtnX5f1qnV54MX8J2IzUaG4hfjEBtYGxO6lUXHtj+1+0SfNYaeNIdX1KKiCm5vqHU75akB9DiRixxWyD8rPNWmHCcH2B9cHZIRvB5cCySzd/MbX6zsKywNd1er0jTkrlgy7CHZSH+TISVlr6npzVyKotKGQS6+gdHQfeKQ70IW343W5czrnI+r7V3GB8834j8qbVxyosBagosZBNU7YXbE2RAvPQU4Bev65U+ICp2OV5jh71UhRRxMne7FVC5E6WHAKw7b3FGip9NUzm6XNtfj0rLL/bRrA0NW42wQpivnAYVbrtzmIhuhPRaj1R1PD+CoN80au9/KEMUX1ItR6dXCgcm5BtsCH1jIhGRyk/X/WQJJC4DyU8XEfhhBUL1+akR1VDuEnwy2Iw8kEqL6alWIfzoYBLLkdYKAJGiVLWn9I5dMx4NlUOLdC6KrLBa++8WvwEAAQA=, state = 4, alwaysAllow = true, lastConnectionTime = 1687796864365, authWindow = 604800000
06-27 00:27:44.377 F/libc ( 2733): Fatal signal 6 (SIGABRT), code -1 (SI_QUEUE) in tid 2733 (init), pid 2733 (init)
06-27 00:27:44.378 D/vold ( 528): Successfully retrieved key
06-27 00:27:44.386 D/vold ( 528): Installed fscrypt key with ref 7055d454a79f703ca13c7ea045576ddc to /data
06-27 00:27:44.386 D/vold ( 528): Added fscrypt-provisioning key for 7055d454a79f703ca13c7ea045576ddc to session keyring
06-27 00:27:44.386 D/vold ( 528): Installed ce key for user 0
06-27 00:27:44.387 W/ActivityManager( 1538): UserLifecycleEvent 5 received without an active userJourneySession.
06-27 00:27:44.387 D/ActivityManager( 1538): Started unlocking user 0
06-27 00:27:44.387 D/ActivityManager( 1538): Unlocking user 0 progress 0
06-27 00:27:44.387 D/ActivityManager( 1538): Unlocking user 0 progress 5
06-27 00:27:44.389 D/vold ( 528): fscrypt_prepare_user_storage for volume null, user 0, serial 0, flags 2
06-27 00:27:44.389 D/vold ( 528): Preparing: /data/system_ce/0
06-27 00:27:44.389 D/vold ( 528): Preparing: /data/misc_ce/0
06-27 00:27:44.389 D/vold ( 528): Preparing: /data/vendor_ce/0
06-27 00:27:44.390 F/libc ( 2733): crash_dump helper failed to exec, or was killed
06-27 00:27:44.391 D/vold ( 528): Preparing: /data/media/0
06-27 00:27:44.391 D/CompatibilityChangeReporter( 1538): Compat change id reported: 168419799; UID 10081; state: DISABLED
06-27 00:27:44.392 D/vold ( 528): Preparing: /data/data
06-27 00:27:44.392 I/vold ( 528): Verified that /data/system_ce/0 has the encryption policy 7055d454a79f703ca13c7ea045576ddc v2 modes 1/4 flags 0xa
06-27 00:27:44.392 I/vold ( 528): Verified that /data/misc_ce/0 has the encryption policy 7055d454a79f703ca13c7ea045576ddc v2 modes 1/4 flags 0xa
06-27 00:27:44.392 I/vold ( 528): Verified that /data/vendor_ce/0 has the encryption policy 7055d454a79f703ca13c7ea045576ddc v2 modes 1/4 flags 0xa
06-27 00:27:44.392 I/vold ( 528): Verified that /data/media/0 has the encryption policy 7055d454a79f703ca13c7ea045576ddc v2 modes 1/4 flags 0xa
06-27 00:27:44.392 I/vold ( 528): Verified that /data/data has the encryption policy 7055d454a79f703ca13c7ea045576ddc v2 modes 1/4 flags 0xa
06-27 00:27:44.392 D/vold ( 528): Starting restorecon of /data/system_ce/0
06-27 00:27:44.394 D/ColorDisplayService( 1538): setUp: currentUser=0
06-27 00:27:44.395 D/CompatibilityChangeReporter( 1538): Compat change id reported: 135634846; UID 10070; state: DISABLED
06-27 00:27:44.395 D/CompatibilityChangeReporter( 1538): Compat change id reported: 177438394; UID 10070; state: DISABLED
06-27 00:27:44.395 D/CompatibilityChangeReporter( 1538): Compat change id reported: 135772972; UID 10070; state: DISABLED
06-27 00:27:44.395 D/CompatibilityChangeReporter( 1538): Compat change id reported: 135754954; UID 10070; state: ENABLED
06-27 00:27:44.395 D/CompatibilityChangeReporter( 1538): Compat change id reported: 143937733; UID 10070; state: ENABLED
06-27 00:27:44.398 D/vold ( 528): Finished restorecon of /data/system_ce/0
06-27 00:27:44.398 D/vold ( 528): Starting restorecon of /data/vendor_ce/0
06-27 00:27:44.400 D/ColorDisplayService( 1538): onNightDisplayAutoModeChanged: autoMode=0
06-27 00:27:44.400 I/ColorDisplayService( 1538): Turning on night display
06-27 00:27:44.400 D/ColorDisplayService( 1538): Setting bright color reduction level: 50
06-27 00:27:44.403 I/ActivityManager( 1538): Start proc 2742:com.qualcomm.location/u0a70 for broadcast {com.qualcomm.location/com.qualcomm.location.LocationServiceReceiver}
06-27 00:27:44.404 D/vold ( 528): Finished restorecon of /data/vendor_ce/0
06-27 00:27:44.404 D/vold ( 528): Starting restorecon of /data/misc_ce/0
06-27 00:27:44.405 V/DisplayPowerController[0]( 1538): Brightness [0.4848485] manual adjustment.
06-27 00:27:44.407 D/vold ( 528): Finished restorecon of /data/misc_ce/0
06-27 00:27:44.407 D/vold ( 528): /system/bin/vold_prepare_subdirs
06-27 00:27:44.407 D/vold ( 528): prepare
06-27 00:27:44.407 D/vold ( 528):
06-27 00:27:44.407 D/vold ( 528): 0
06-27 00:27:44.407 D/vold ( 528): 2
06-27 00:27:44.413 D/Fingerprint21( 1538): Daemon was null, reconnecting, current operation: null
06-27 00:27:44.415 D/Fingerprint21( 1538): Fingerprint HAL ready, HAL ID: 5326416
06-27 00:27:44.416 D/BiometricScheduler/Fingerprint21( 1538): [Added] {[0] FingerprintUpdateActiveUserClient, proto=1, owner=android, cookie=0, requestId=-1, userId=0}, new queue size: 1
06-27 00:27:44.416 D/BiometricScheduler/Fingerprint21( 1538): [Polled] {[0] FingerprintUpdateActiveUserClient, proto=1, owner=android, cookie=0, requestId=-1, userId=0}, State: 0
06-27 00:27:44.417 D/BiometricScheduler/Fingerprint21( 1538): [Starting] {[0] FingerprintUpdateActiveUserClient, proto=1, owner=android, cookie=0, requestId=-1, userId=0}, State: 0
06-27 00:27:44.417 D/BiometricScheduler/Fingerprint21( 1538): [Started] {[0] FingerprintUpdateActiveUserClient, proto=1, owner=android, cookie=0, requestId=-1, userId=0}
06-27 00:27:44.420 W/ ( 0): [ 11.942545] Boot completed
06-27 00:27:44.420 D/[ 11.988707] qbt( 0): qbt_open: entry minor_no=0 fd_available=1
06-27 00:27:44.420 D/[ 11.988712] qbt( 0): qbt_open: exit : 0 fd_available=0
06-27 00:27:44.420 D/[ 11.988755] qbt( 0): qbt_open: entry minor_no=1 fd_available=0
06-27 00:27:44.420 D/[ 11.988757] qbt( 0): qbt_open: exit : 0 fd_available=0
06-27 00:27:44.420 D/[ 11.988784] qbt( 0): qbt_ioctl: cmd received 107
06-27 00:27:44.420 D/[ 11.988787] qbt( 0): qbt_ioctl: Acquiring wakelock
06-27 00:27:44.428 I/[ 11.997355] binder( 0): 2742:2742 ioctl 40046210 7fdc24c794 returned -22
06-27 00:27:44.428 W/[ 11.997836] QSEECOM( 0): qseecom_load_app: App (fingerpr) does'nt exist, loading apps for first time
06-27 00:27:44.431 E/[ 12.000088] link_delay_work_func( 0): DTC_ETH: SQI=0, link=0
06-27 00:27:44.432 D/CompatibilityChangeReporter( 1538): Compat change id reported: 168419799; UID 10070; state: DISABLED
06-27 00:27:44.438 W/AdbDebuggingManager( 1538): Read failed with count -1
06-27 00:27:44.439 E/AdbDebuggingManager( 1538): Caught an exception opening the socket: java.io.IOException: Connection refused
06-27 00:27:44.454 I/[ 12.023587] init( 0): qssi copy & sync /metadata/vold/metadata_encryption/key/encrypted_key to /persist/key/encrypted_key_bak: No such file or directory
06-27 00:27:44.455 V/UserDataPreparer( 1538): Found /data/user/0 with serial number 0
06-27 00:27:44.455 V/UserDataPreparer( 1538): Found /data/system_ce/0 with serial number 0
06-27 00:27:44.455 D/UserDataPreparer( 1538): Setting property: sys.user.0.ce_available=true
06-27 00:27:44.456 V/PackageManager( 1538): reconcileAppsData for null u0 0x2 migrateAppData=false
06-27 00:27:44.460 I/[ 12.029461] init( 0): qssi copy & sync /metadata/vold/metadata_encryption/key/keymaster_key_blob to /persist/key/keymaster_key_blob_bak: No such file or directory
06-27 00:27:44.460 I/ ( 0): [ 12.031059] read descriptors
06-27 00:27:44.460 I/ ( 0): [ 12.031130] read strings
06-27 00:27:44.473 I/[ 12.040825] init( 0): qssi copy & sync /metadata/vold/metadata_encryption/key/secdiscardable to /persist/key/secdiscardable_bak: No such file or directory
06-27 00:27:44.513 I/[ 12.076450] init( 0): qssi copy & sync /metadata/vold/metadata_encryption/key/stretching to /persist/key/stretching_bak: No such file or directory
06-27 00:27:44.513 I/[ 12.079918] init( 0): qssi copy & sync /metadata/vold/metadata_encryption/key/version to /persist/key/version_bak: No such file or directory
06-27 00:27:44.533 V/PackageManager( 1538): reconcileAppsData finished 164 packages
06-27 00:27:44.533 I/ActivityManager( 1538): User 0 state changed from RUNNING_LOCKED to RUNNING_UNLOCKING
06-27 00:27:44.535 D/ActivityManager( 1538): Unlocking user 0 progress 20
06-27 00:27:44.535 W/Looper ( 1538): Slow dispatch took 146ms android.fg h=android.os.Handler c=com.android.server.am.UserController$$ExternalSyntheticLambda3@b32b657 m=0
06-27 00:27:44.535 I/SystemServerTimingAsync( 1538): ssm.UnlockingUser-0
06-27 00:27:44.535 I/SystemServiceManager( 1538): Calling onUnlockingUser 0
06-27 00:27:44.535 I/SystemServerTimingAsync( 1538): ssm.onUnlockingUser-0_com.android.server.security.FileIntegrityService
06-27 00:27:44.535 I/SystemServerTimingAsync( 1538): ssm.onUnlockingUser-0_com.android.server.pm.Installer
06-27 00:27:44.535 I/SystemServerTimingAsync( 1538): ssm.onUnlockingUser-0_com.android.server.os.DeviceIdentifiersPolicyService
06-27 00:27:44.535 I/SystemServerTimingAsync( 1538): ssm.onUnlockingUser-0_com.android.server.uri.UriGrantsManagerService$Lifecycle
06-27 00:27:44.535 I/SystemServerTimingAsync( 1538): ssm.onUnlockingUser-0_com.android.server.powerstats.PowerStatsService
06-27 00:27:44.535 I/SystemServerTimingAsync( 1538): ssm.onUnlockingUser-0_com.android.server.wm.ActivityTaskManagerService$Lifecycle
06-27 00:27:44.535 I/SystemServerTimingAsync( 1538): ssm.onUnlockingUser-0_com.android.server.am.ActivityManagerService$Lifecycle
06-27 00:27:44.535 I/SystemServerTimingAsync( 1538): ssm.onUnlockingUser-0_com.android.server.pm.DataLoaderManagerService
06-27 00:27:44.535 I/SystemServerTimingAsync( 1538): ssm.onUnlockingUser-0_com.android.server.power.PowerManagerService
06-27 00:27:44.535 I/SystemServerTimingAsync( 1538): ssm.onUnlockingUser-0_com.android.server.power.ThermalManagerService
06-27 00:27:44.535 I/SystemServerTimingAsync( 1538): ssm.onUnlockingUser-0_com.android.server.power.hint.HintManagerService
06-27 00:27:44.535 I/SystemServerTimingAsync( 1538): ssm.onUnlockingUser-0_com.android.server.recoverysystem.RecoverySystemService$Lifecycle
06-27 00:27:44.535 I/SystemServerTimingAsync( 1538): ssm.onUnlockingUser-0_com.android.server.lights.LightsService
06-27 00:27:44.535 I/SystemServerTimingAsync( 1538): ssm.onUnlockingUser-0_com.android.server.display.DisplayManagerService
06-27 00:27:44.535 I/SystemServerTimingAsync( 1538): ssm.onUnlockingUser-0_com.android.server.pm.verify.domain.DomainVerificationService
06-27 00:27:44.535 I/SystemServerTimingAsync( 1538): ssm.onUnlockingUser-0_com.android.server.pm.PackageInstallerService$Lifecycle
06-27 00:27:44.535 I/SystemServerTimingAsync( 1538): ssm.onUnlockingUser-0_com.android.server.pm.UserManagerService$LifeCycle
06-27 00:27:44.535 I/SystemServerTimingAsync( 1538): ssm.onUnlockingUser-0_com.android.server.om.OverlayManagerService
06-27 00:27:44.535 I/SystemServerTimingAsync( 1538): ssm.onUnlockingUser-0_com.android.server.SensorPrivacyService
06-27 00:27:44.535 I/SystemServerTimingAsync( 1538): ssm.onUnlockingUser-0_com.android.server.thunderperf.ThunderBoostPerfService
06-27 00:27:44.535 I/SystemServerTimingAsync( 1538): ssm.onUnlockingUser-0_com.android.server.sensors.SensorService
06-27 00:27:44.535 I/SystemServerTimingAsync( 1538): ssm.onUnlockingUser-0_com.android.server.SystemConfigService
06-27 00:27:44.535 I/SystemServerTimingAsync( 1538): ssm.onUnlockingUser-0_com.android.server.BatteryService
06-27 00:27:44.535 I/SystemServerTimingAsync( 1538): ssm.onUnlockingUser-0_com.android.server.usage.UsageStatsService
06-27 00:27:44.535 I/SystemServerTimingAsync( 1538): ssm.onUnlockingUser-0_com.android.server.webkit.WebViewUpdateService
06-27 00:27:44.535 I/SystemServerTimingAsync( 1538): ssm.onUnlockingUser-0_com.android.server.CachedDeviceStateService
06-27 00:27:44.535 I/SystemServerTimingAsync( 1538): ssm.onUnlockingUser-0_com.android.server.BinderCallsStatsService$LifeCycle
06-27 00:27:44.535 I/SystemServerTimingAsync( 1538): ssm.onUnlockingUser-0_com.android.server.LooperStatsService$Lifecycle
06-27 00:27:44.535 I/SystemServerTimingAsync( 1538): ssm.onUnlockingUser-0_com.android.server.rollback.RollbackManagerService
06-27 00:27:44.535 I/SystemServerTimingAsync( 1538): ssm.onUnlockingUser-0_com.android.server.os.NativeTombstoneManagerService
06-27 00:27:44.535 I/SystemServerTimingAsync( 1538): ssm.onUnlockingUser-0_com.android.server.os.BugreportManagerService
06-27 00:27:44.535 I/SystemServerTimingAsync( 1538): ssm.onUnlockingUser-0_com.android.server.gpu.GpuService
