06-27 00:27:46.332 I/ActivityManager( 1538): Start proc 3464:com.tencent.mobileqq/u0a28 for content provider {com.tencent.mobileqq/com.tencent.mqq.shared_file_accessor.ContentProviderImpl}
06-27 00:27:46.332 W/ActivityManager( 1538): Receiver with filter android.content.IntentFilter@b032433 already registered for pid 1931, callerPackage is com.android.systemui
06-27 00:27:46.345 I/[ 13.914416] binder( 0): 3464:3464 ioctl 40046210 7fdc24c794 returned -22
06-27 00:27:46.394 D/CompatibilityChangeReporter( 1538): Compat change id reported: 135634846; UID 10111; state: DISABLED
06-27 00:27:46.394 D/CompatibilityChangeReporter( 1538): Compat change id reported: 177438394; UID 10111; state: DISABLED
06-27 00:27:46.394 D/CompatibilityChangeReporter( 1538): Compat change id reported: 135772972; UID 10111; state: DISABLED
06-27 00:27:46.394 D/CompatibilityChangeReporter( 1538): Compat change id reported: 135754954; UID 10111; state: DISABLED
06-27 00:27:46.394 D/CompatibilityChangeReporter( 1538): Compat change id reported: 143937733; UID 10111; state: DISABLED
06-27 00:27:46.403 I/ActivityManager( 1538): Start proc 3507:com.tencent.android.qqdownloader/u0a111 for content provider {com.tencent.android.qqdownloader/com.tencent.assistant.db.contentprovider.WallpaperProvider}
06-27 00:27:46.421 I/[ 13.991627] binder( 0): 3507:3507 ioctl 40046210 7fdc24c794 returned -22
06-27 00:27:46.460 W/ActivityManager( 1538): Background start not allowed: service Intent { cmp=com.tencent.android.qqdownloader/com.tencent.assistant.sdk.SDKSupportService (has extras) } to com.tencent.android.qqdownloader/com.tencent.assistant.sdk.SDKSupportService from pid=3131 uid=10111 pkg=com.tencent.android.qqdownloader startFg?=false
06-27 00:27:46.483 W/PackageParsing( 3366): Ignoring duplicate uses-permissions/uses-permissions-sdk-m: android.permission.CAMERA in package: com.tencent.android.qqdownloader at: Binary XML file line #170
06-27 00:27:46.484 W/PackageParsing( 3366): Ignoring duplicate uses-permissions/uses-permissions-sdk-m: android.permission.ACCESS_NETWORK_STATE in package: com.tencent.android.qqdownloader at: Binary XML file line #171
06-27 00:27:46.484 W/PackageParsing( 3366): Ignoring duplicate uses-permissions/uses-permissions-sdk-m: android.permission.ACCESS_WIFI_STATE in package: com.tencent.android.qqdownloader at: Binary XML file line #172
06-27 00:27:46.484 W/PackageParsing( 3366): Ignoring duplicate uses-permissions/uses-permissions-sdk-m: android.permission.CHANGE_WIFI_STATE in package: com.tencent.android.qqdownloader at: Binary XML file line #173
06-27 00:27:46.484 W/PackageParsing( 3366): Ignoring duplicate uses-permissions/uses-permissions-sdk-m: android.permission.CHANGE_NETWORK_STATE in package: com.tencent.android.qqdownloader at: Binary XML file line #177
06-27 00:27:46.484 W/PackageParsing( 3366): Ignoring duplicate uses-permissions/uses-permissions-sdk-m: android.permission.INTERNET in package: com.tencent.android.qqdownloader at: Binary XML file line #178
06-27 00:27:46.484 W/PackageParsing( 3366): Ignoring duplicate uses-permissions/uses-permissions-sdk-m: android.permission.WRITE_EXTERNAL_STORAGE in package: com.tencent.android.qqdownloader at: Binary XML file line #182
06-27 00:27:46.484 W/PackageParsing( 3366): Ignoring duplicate uses-permissions/uses-permissions-sdk-m: android.permission.INTERNET in package: com.tencent.android.qqdownloader at: Binary XML file line #240
06-27 00:27:46.484 W/PackageParsing( 3366): Ignoring duplicate uses-permissions/uses-permissions-sdk-m: android.permission.ACCESS_COARSE_LOCATION in package: com.tencent.android.qqdownloader at: Binary XML file line #241
06-27 00:27:46.484 W/PackageParsing( 3366): Ignoring duplicate uses-permissions/uses-permissions-sdk-m: android.permission.ACCESS_FINE_LOCATION in package: com.tencent.android.qqdownloader at: Binary XML file line #242
06-27 00:27:46.484 W/PackageParsing( 3366): Ignoring duplicate uses-permissions/uses-permissions-sdk-m: android.permission.ACCESS_NETWORK_STATE in package: com.tencent.android.qqdownloader at: Binary XML file line #243
06-27 00:27:46.484 W/PackageParsing( 3366): Ignoring duplicate uses-permissions/uses-permissions-sdk-m: android.permission.ACCESS_WIFI_STATE in package: com.tencent.android.qqdownloader at: Binary XML file line #244
06-27 00:27:46.484 W/PackageParsing( 3366): Ignoring duplicate uses-permissions/uses-permissions-sdk-m: android.permission.CAMERA in package: com.tencent.android.qqdownloader at: Binary XML file line #246
06-27 00:27:46.484 W/PackageParsing( 3366): Ignoring duplicate uses-permissions/uses-permissions-sdk-m: android.permission.WRITE_EXTERNAL_STORAGE in package: com.tencent.android.qqdownloader at: Binary XML file line #247
06-27 00:27:46.486 W/PackageParsing( 3366): No actions in intent-filter at /data/user/0/com.tencent.android.qqdownloader/files/shell/8_8454130_1346/base.apk Binary XML file line #444
06-27 00:27:46.486 W/PackageParsing( 3366): No actions in intent-filter at /data/user/0/com.tencent.android.qqdownloader/files/shell/8_8454130_1346/base.apk Binary XML file line #464
06-27 00:27:46.486 W/PackageParsing( 3366): No actions in intent-filter at /data/user/0/com.tencent.android.qqdownloader/files/shell/8_8454130_1346/base.apk Binary XML file line #501
06-27 00:27:46.486 W/PackageParsing( 3366): No actions in intent-filter at /data/user/0/com.tencent.android.qqdownloader/files/shell/8_8454130_1346/base.apk Binary XML file line #537
06-27 00:27:46.486 W/PackageParsing( 3366): No actions in intent-filter at /data/user/0/com.tencent.android.qqdownloader/files/shell/8_8454130_1346/base.apk Binary XML file line #573
06-27 00:27:46.486 W/PackageParsing( 3366): No actions in intent-filter at /data/user/0/com.tencent.android.qqdownloader/files/shell/8_8454130_1346/base.apk Binary XML file line #609
06-27 00:27:46.499 W/PackageParsing( 3366): No actions in intent-filter at /data/user/0/com.tencent.android.qqdownloader/files/shell/8_8454130_1346/base.apk Binary XML file line #1712
06-27 00:27:46.555 W/[ 14.125502] audit( 0): audit_lost=1 audit_rate_limit=5 audit_backlog_limit=64
06-27 00:27:46.555 E/[ 14.125505] audit( 0): rate limit exceeded
06-27 00:27:46.562 W/ActivityManager( 1538): Background start not allowed: service Intent { cmp=com.tencent.android.qqdownloader/com.tencent.assistant.daemon.CoreService } to com.tencent.android.qqdownloader/com.tencent.assistant.daemon.CoreService from pid=3366 uid=10111 pkg=com.tencent.android.qqdownloader startFg?=false
06-27 00:27:46.595 D/CompatibilityChangeReporter( 1538): Compat change id reported: 135634846; UID 10111; state: DISABLED
06-27 00:27:46.595 D/CompatibilityChangeReporter( 1538): Compat change id reported: 177438394; UID 10111; state: DISABLED
06-27 00:27:46.596 D/CompatibilityChangeReporter( 1538): Compat change id reported: 135772972; UID 10111; state: DISABLED
06-27 00:27:46.596 D/CompatibilityChangeReporter( 1538): Compat change id reported: 135754954; UID 10111; state: DISABLED
06-27 00:27:46.596 D/CompatibilityChangeReporter( 1538): Compat change id reported: 143937733; UID 10111; state: DISABLED
06-27 00:27:46.598 D/CompatibilityChangeReporter( 1538): Compat change id reported: 149924527; UID 10111; state: ENABLED
06-27 00:27:46.598 D/CompatibilityChangeReporter( 1538): Compat change id reported: 132649864; UID 10111; state: DISABLED
06-27 00:27:46.603 I/ActivityManager( 1538): Start proc 3580:com.tencent.android.qqdownloader:cloud/u0a111 for service {com.tencent.android.qqdownloader/com.live.watermelon.service.SentryAlphaService}
06-27 00:27:46.622 I/[ 14.184001] binder( 0): 3580:3580 ioctl 40046210 7fdc24c794 returned -22
06-27 00:27:46.640 D/CompatibilityChangeReporter( 1538): Compat change id reported: 171306433; UID 10125; state: DISABLED
06-27 00:27:46.688 D/CompatibilityChangeReporter( 1538): Compat change id reported: 172100307; UID 10093; state: DISABLED
06-27 00:27:46.711 I/[ 14.280351] binder( 0): 3613:3613 ioctl 40046210 7fde8d2814 returned -22
06-27 00:27:46.746 W/ActivityManager( 1538): Background start not allowed: service Intent { cmp=com.tencent.android.qqdownloader/com.tencent.assistant.main.MainService } to com.tencent.android.qqdownloader/com.tencent.assistant.main.MainService from pid=3366 uid=10111 pkg=com.tencent.android.qqdownloader startFg?=false
06-27 00:27:46.747 W/ActivityManager( 1538): Background start not allowed: service Intent { cmp=com.tencent.android.qqdownloader/com.tencent.assistant.main.MainService } to com.tencent.android.qqdownloader/com.tencent.assistant.main.MainService from pid=3366 uid=10111 pkg=com.tencent.android.qqdownloader startFg?=false
06-27 00:27:46.798 E/ActivityThread( 3258): Failed to find provider info for telephony
06-27 00:27:46.812 W/ActivityManager( 1538): Background start not allowed: service Intent { cmp=com.tencent.android.qqdownloader/com.tencent.assistant.main.MainService } to com.tencent.android.qqdownloader/com.tencent.assistant.main.MainService from pid=3366 uid=10111 pkg=com.tencent.android.qqdownloader startFg?=false
06-27 00:27:46.822 W/ActivityManager( 1538): Background start not allowed: service Intent { cmp=com.tencent.android.qqdownloader/com.tencent.assistant.main.MainService } to com.tencent.android.qqdownloader/com.tencent.assistant.main.MainService from pid=3366 uid=10111 pkg=com.tencent.android.qqdownloader startFg?=false
06-27 00:27:46.836 W/ActivityManager( 1538): Background start not allowed: service Intent { cmp=com.tencent.android.qqdownloader/com.tencent.assistant.main.MainService } to com.tencent.android.qqdownloader/com.tencent.assistant.main.MainService from pid=3366 uid=10111 pkg=com.tencent.android.qqdownloader startFg?=false
06-27 00:27:46.844 W/ActivityManager( 1538): Background start not allowed: service Intent { cmp=com.tencent.android.qqdownloader/com.tencent.assistant.main.MainService } to com.tencent.android.qqdownloader/com.tencent.assistant.main.MainService from pid=3366 uid=10111 pkg=com.tencent.android.qqdownloader startFg?=false
06-27 00:27:46.845 W/ActivityManager( 1538): Background start not allowed: service Intent { cmp=com.tencent.android.qqdownloader/com.tencent.assistant.main.MainService } to com.tencent.android.qqdownloader/com.tencent.assistant.main.MainService from pid=3366 uid=10111 pkg=com.tencent.android.qqdownloader startFg?=false
06-27 00:27:46.847 W/ActivityManager( 1538): Background start not allowed: service Intent { cmp=com.tencent.android.qqdownloader/com.tencent.assistant.main.MainService } to com.tencent.android.qqdownloader/com.tencent.assistant.main.MainService from pid=3366 uid=10111 pkg=com.tencent.android.qqdownloader startFg?=false
06-27 00:27:46.850 W/ActivityManager( 1538): Background start not allowed: service Intent { cmp=com.tencent.android.qqdownloader/com.tencent.assistant.main.MainService } to com.tencent.android.qqdownloader/com.tencent.assistant.main.MainService from pid=3366 uid=10111 pkg=com.tencent.android.qqdownloader startFg?=false
06-27 00:27:46.852 W/ActivityManager( 1538): Background start not allowed: service Intent { cmp=com.tencent.android.qqdownloader/com.tencent.assistant.main.MainService } to com.tencent.android.qqdownloader/com.tencent.assistant.main.MainService from pid=3366 uid=10111 pkg=com.tencent.android.qqdownloader startFg?=false
06-27 00:27:46.862 W/ActivityManager( 1538): Background start not allowed: service Intent { cmp=com.tencent.android.qqdownloader/com.tencent.assistant.main.MainService } to com.tencent.android.qqdownloader/com.tencent.assistant.main.MainService from pid=3366 uid=10111 pkg=com.tencent.android.qqdownloader startFg?=false
06-27 00:27:46.865 W/ActivityManager( 1538): Background start not allowed: service Intent { cmp=com.tencent.android.qqdownloader/com.tencent.assistant.main.MainService } to com.tencent.android.qqdownloader/com.tencent.assistant.main.MainService from pid=3366 uid=10111 pkg=com.tencent.android.qqdownloader startFg?=false
06-27 00:27:46.869 W/ActivityManager( 1538): Background start not allowed: service Intent { cmp=com.tencent.android.qqdownloader/com.tencent.assistant.main.MainService } to com.tencent.android.qqdownloader/com.tencent.assistant.main.MainService from pid=3366 uid=10111 pkg=com.tencent.android.qqdownloader startFg?=false
06-27 00:27:46.870 W/ActivityManager( 1538): Background start not allowed: service Intent { cmp=com.tencent.android.qqdownloader/com.tencent.assistant.main.MainService } to com.tencent.android.qqdownloader/com.tencent.assistant.main.MainService from pid=3366 uid=10111 pkg=com.tencent.android.qqdownloader startFg?=false
06-27 00:27:46.871 W/ActivityManager( 1538): Background start not allowed: service Intent { cmp=com.tencent.android.qqdownloader/com.tencent.assistant.main.MainService } to com.tencent.android.qqdownloader/com.tencent.assistant.main.MainService from pid=3366 uid=10111 pkg=com.tencent.android.qqdownloader startFg?=false
06-27 00:27:46.872 W/ActivityManager( 1538): Background start not allowed: service Intent { cmp=com.tencent.android.qqdownloader/com.tencent.assistant.main.MainService } to com.tencent.android.qqdownloader/com.tencent.assistant.main.MainService from pid=3366 uid=10111 pkg=com.tencent.android.qqdownloader startFg?=false
06-27 00:27:46.873 W/ActivityManager( 1538): Background start not allowed: service Intent { cmp=com.tencent.android.qqdownloader/com.tencent.assistant.main.MainService } to com.tencent.android.qqdownloader/com.tencent.assistant.main.MainService from pid=3366 uid=10111 pkg=com.tencent.android.qqdownloader startFg?=false
06-27 00:27:46.874 W/ActivityManager( 1538): Background start not allowed: service Intent { cmp=com.tencent.android.qqdownloader/com.tencent.assistant.main.MainService } to com.tencent.android.qqdownloader/com.tencent.assistant.main.MainService from pid=3366 uid=10111 pkg=com.tencent.android.qqdownloader startFg?=false
06-27 00:27:46.875 W/ActivityManager( 1538): Background start not allowed: service Intent { cmp=com.tencent.android.qqdownloader/com.tencent.assistant.main.MainService } to com.tencent.android.qqdownloader/com.tencent.assistant.main.MainService from pid=3366 uid=10111 pkg=com.tencent.android.qqdownloader startFg?=false
06-27 00:27:46.876 W/ActivityManager( 1538): Background start not allowed: service Intent { cmp=com.tencent.android.qqdownloader/com.tencent.assistant.main.MainService } to com.tencent.android.qqdownloader/com.tencent.assistant.main.MainService from pid=3366 uid=10111 pkg=com.tencent.android.qqdownloader startFg?=false
06-27 00:27:46.877 W/ActivityManager( 1538): Background start not allowed: service Intent { cmp=com.tencent.android.qqdownloader/com.tencent.assistant.main.MainService } to com.tencent.android.qqdownloader/com.tencent.assistant.main.MainService from pid=3366 uid=10111 pkg=com.tencent.android.qqdownloader startFg?=false
06-27 00:27:46.878 W/ActivityManager( 1538): Background start not allowed: service Intent { cmp=com.tencent.android.qqdownloader/com.tencent.assistant.main.MainService } to com.tencent.android.qqdownloader/com.tencent.assistant.main.MainService from pid=3366 uid=10111 pkg=com.tencent.android.qqdownloader startFg?=false
06-27 00:27:46.879 W/ActivityManager( 1538): Background start not allowed: service Intent { cmp=com.tencent.android.qqdownloader/com.tencent.assistant.main.MainService } to com.tencent.android.qqdownloader/com.tencent.assistant.main.MainService from pid=3366 uid=10111 pkg=com.tencent.android.qqdownloader startFg?=false
06-27 00:27:46.880 W/ActivityManager( 1538): Background start not allowed: service Intent { cmp=com.tencent.android.qqdownloader/com.tencent.assistant.main.MainService } to com.tencent.android.qqdownloader/com.tencent.assistant.main.MainService from pid=3366 uid=10111 pkg=com.tencent.android.qqdownloader startFg?=false
06-27 00:27:46.880 W/ActivityManager( 1538): Background start not allowed: service Intent { cmp=com.tencent.android.qqdownloader/com.tencent.assistant.main.MainService } to com.tencent.android.qqdownloader/com.tencent.assistant.main.MainService from pid=3366 uid=10111 pkg=com.tencent.android.qqdownloader startFg?=false
06-27 00:27:46.890 W/ActivityManager( 1538): Background start not allowed: service Intent { cmp=com.tencent.android.qqdownloader/com.tencent.assistant.main.MainService } to com.tencent.android.qqdownloader/com.tencent.assistant.main.MainService from pid=3366 uid=10111 pkg=com.tencent.android.qqdownloader startFg?=false
06-27 00:27:46.891 W/ActivityManager( 1538): Background start not allowed: service Intent { cmp=com.tencent.android.qqdownloader/com.tencent.assistant.main.MainService } to com.tencent.android.qqdownloader/com.tencent.assistant.main.MainService from pid=3366 uid=10111 pkg=com.tencent.android.qqdownloader startFg?=false
06-27 00:27:46.899 W/ActivityManager( 1538): Background start not allowed: service Intent { cmp=com.tencent.android.qqdownloader/com.tencent.assistant.main.MainService } to com.tencent.android.qqdownloader/com.tencent.assistant.main.MainService from pid=3366 uid=10111 pkg=com.tencent.android.qqdownloader startFg?=false
06-27 00:27:47.076 W/PackageParsing( 3507): Ignoring duplicate uses-permissions/uses-permissions-sdk-m: android.permission.CAMERA in package: com.tencent.android.qqdownloader at: Binary XML file line #170
06-27 00:27:47.076 W/PackageParsing( 3507): Ignoring duplicate uses-permissions/uses-permissions-sdk-m: android.permission.ACCESS_NETWORK_STATE in package: com.tencent.android.qqdownloader at: Binary XML file line #171
06-27 00:27:47.076 W/PackageParsing( 3507): Ignoring duplicate uses-permissions/uses-permissions-sdk-m: android.permission.ACCESS_WIFI_STATE in package: com.tencent.android.qqdownloader at: Binary XML file line #172
06-27 00:27:47.076 W/PackageParsing( 3507): Ignoring duplicate uses-permissions/uses-permissions-sdk-m: android.permission.CHANGE_WIFI_STATE in package: com.tencent.android.qqdownloader at: Binary XML file line #173
06-27 00:27:47.076 W/PackageParsing( 3507): Ignoring duplicate uses-permissions/uses-permissions-sdk-m: android.permission.CHANGE_NETWORK_STATE in package: com.tencent.android.qqdownloader at: Binary XML file line #177
06-27 00:27:47.076 W/PackageParsing( 3507): Ignoring duplicate uses-permissions/uses-permissions-sdk-m: android.permission.INTERNET in package: com.tencent.android.qqdownloader at: Binary XML file line #178
06-27 00:27:47.076 W/PackageParsing( 3507): Ignoring duplicate uses-permissions/uses-permissions-sdk-m: android.permission.WRITE_EXTERNAL_STORAGE in package: com.tencent.android.qqdownloader at: Binary XML file line #182
06-27 00:27:47.077 W/PackageParsing( 3507): Ignoring duplicate uses-permissions/uses-permissions-sdk-m: android.permission.INTERNET in package: com.tencent.android.qqdownloader at: Binary XML file line #240
06-27 00:27:47.077 W/PackageParsing( 3507): Ignoring duplicate uses-permissions/uses-permissions-sdk-m: android.permission.ACCESS_COARSE_LOCATION in package: com.tencent.android.qqdownloader at: Binary XML file line #241
06-27 00:27:47.077 W/PackageParsing( 3507): Ignoring duplicate uses-permissions/uses-permissions-sdk-m: android.permission.ACCESS_FINE_LOCATION in package: com.tencent.android.qqdownloader at: Binary XML file line #242
06-27 00:27:47.077 W/PackageParsing( 3507): Ignoring duplicate uses-permissions/uses-permissions-sdk-m: android.permission.ACCESS_NETWORK_STATE in package: com.tencent.android.qqdownloader at: Binary XML file line #243
06-27 00:27:47.077 W/PackageParsing( 3507): Ignoring duplicate uses-permissions/uses-permissions-sdk-m: android.permission.ACCESS_WIFI_STATE in package: com.tencent.android.qqdownloader at: Binary XML file line #244
06-27 00:27:47.077 W/PackageParsing( 3507): Ignoring duplicate uses-permissions/uses-permissions-sdk-m: android.permission.CAMERA in package: com.tencent.android.qqdownloader at: Binary XML file line #246
06-27 00:27:47.077 W/PackageParsing( 3507): Ignoring duplicate uses-permissions/uses-permissions-sdk-m: android.permission.WRITE_EXTERNAL_STORAGE in package: com.tencent.android.qqdownloader at: Binary XML file line #247
06-27 00:27:47.083 W/PackageParsing( 3507): No actions in intent-filter at /data/user/0/com.tencent.android.qqdownloader/files/shell/8_8454130_1346/base.apk Binary XML file line #444
06-27 00:27:47.084 W/PackageParsing( 3507): No actions in intent-filter at /data/user/0/com.tencent.android.qqdownloader/files/shell/8_8454130_1346/base.apk Binary XML file line #464
06-27 00:27:47.085 W/PackageParsing( 3507): No actions in intent-filter at /data/user/0/com.tencent.android.qqdownloader/files/shell/8_8454130_1346/base.apk Binary XML file line #501
06-27 00:27:47.085 W/PackageParsing( 3507): No actions in intent-filter at /data/user/0/com.tencent.android.qqdownloader/files/shell/8_8454130_1346/base.apk Binary XML file line #537
06-27 00:27:47.085 W/PackageParsing( 3507): No actions in intent-filter at /data/user/0/com.tencent.android.qqdownloader/files/shell/8_8454130_1346/base.apk Binary XML file line #573
06-27 00:27:47.086 W/PackageParsing( 3507): No actions in intent-filter at /data/user/0/com.tencent.android.qqdownloader/files/shell/8_8454130_1346/base.apk Binary XML file line #609
06-27 00:27:47.112 W/PackageParsing( 3507): No actions in intent-filter at /data/user/0/com.tencent.android.qqdownloader/files/shell/8_8454130_1346/base.apk Binary XML file line #1712
06-27 00:27:47.315 W/PackageParsing( 3580): Ignoring duplicate uses-permissions/uses-permissions-sdk-m: android.permission.CAMERA in package: com.tencent.android.qqdownloader at: Binary XML file line #170
06-27 00:27:47.315 W/PackageParsing( 3580): Ignoring duplicate uses-permissions/uses-permissions-sdk-m: android.permission.ACCESS_NETWORK_STATE in package: com.tencent.android.qqdownloader at: Binary XML file line #171
06-27 00:27:47.315 W/PackageParsing( 3580): Ignoring duplicate uses-permissions/uses-permissions-sdk-m: android.permission.ACCESS_WIFI_STATE in package: com.tencent.android.qqdownloader at: Binary XML file line #172
06-27 00:27:47.315 W/PackageParsing( 3580): Ignoring duplicate uses-permissions/uses-permissions-sdk-m: android.permission.CHANGE_WIFI_STATE in package: com.tencent.android.qqdownloader at: Binary XML file line #173
06-27 00:27:47.315 W/PackageParsing( 3580): Ignoring duplicate uses-permissions/uses-permissions-sdk-m: android.permission.CHANGE_NETWORK_STATE in package: com.tencent.android.qqdownloader at: Binary XML file line #177
06-27 00:27:47.315 W/PackageParsing( 3580): Ignoring duplicate uses-permissions/uses-permissions-sdk-m: android.permission.INTERNET in package: com.tencent.android.qqdownloader at: Binary XML file line #178
06-27 00:27:47.315 W/PackageParsing( 3580): Ignoring duplicate uses-permissions/uses-permissions-sdk-m: android.permission.WRITE_EXTERNAL_STORAGE in package: com.tencent.android.qqdownloader at: Binary XML file line #182
06-27 00:27:47.315 W/PackageParsing( 3580): Ignoring duplicate uses-permissions/uses-permissions-sdk-m: android.permission.INTERNET in package: com.tencent.android.qqdownloader at: Binary XML file line #240
06-27 00:27:47.315 W/PackageParsing( 3580): Ignoring duplicate uses-permissions/uses-permissions-sdk-m: android.permission.ACCESS_COARSE_LOCATION in package: com.tencent.android.qqdownloader at: Binary XML file line #241
06-27 00:27:47.315 W/PackageParsing( 3580): Ignoring duplicate uses-permissions/uses-permissions-sdk-m: android.permission.ACCESS_FINE_LOCATION in package: com.tencent.android.qqdownloader at: Binary XML file line #242
06-27 00:27:47.315 W/PackageParsing( 3580): Ignoring duplicate uses-permissions/uses-permissions-sdk-m: android.permission.ACCESS_NETWORK_STATE in package: com.tencent.android.qqdownloader at: Binary XML file line #243
06-27 00:27:47.315 W/PackageParsing( 3580): Ignoring duplicate uses-permissions/uses-permissions-sdk-m: android.permission.ACCESS_WIFI_STATE in package: com.tencent.android.qqdownloader at: Binary XML file line #244
06-27 00:27:47.315 W/PackageParsing( 3580): Ignoring duplicate uses-permissions/uses-permissions-sdk-m: android.permission.CAMERA in package: com.tencent.android.qqdownloader at: Binary XML file line #246
06-27 00:27:47.315 W/PackageParsing( 3580): Ignoring duplicate uses-permissions/uses-permissions-sdk-m: android.permission.WRITE_EXTERNAL_STORAGE in package: com.tencent.android.qqdownloader at: Binary XML file line #247
06-27 00:27:47.318 W/PackageParsing( 3580): No actions in intent-filter at /data/user/0/com.tencent.android.qqdownloader/files/shell/8_8454130_1346/base.apk Binary XML file line #444
06-27 00:27:47.318 W/PackageParsing( 3580): No actions in intent-filter at /data/user/0/com.tencent.android.qqdownloader/files/shell/8_8454130_1346/base.apk Binary XML file line #464
06-27 00:27:47.319 W/PackageParsing( 3580): No actions in intent-filter at /data/user/0/com.tencent.android.qqdownloader/files/shell/8_8454130_1346/base.apk Binary XML file line #501
06-27 00:27:47.319 W/PackageParsing( 3580): No actions in intent-filter at /data/user/0/com.tencent.android.qqdownloader/files/shell/8_8454130_1346/base.apk Binary XML file line #537
06-27 00:27:47.319 W/PackageParsing( 3580): No actions in intent-filter at /data/user/0/com.tencent.android.qqdownloader/files/shell/8_8454130_1346/base.apk Binary XML file line #573
06-27 00:27:47.319 W/PackageParsing( 3580): No actions in intent-filter at /data/user/0/com.tencent.android.qqdownloader/files/shell/8_8454130_1346/base.apk Binary XML file line #609
06-27 00:27:47.325 W/PackageParsing( 3580): No actions in intent-filter at /data/user/0/com.tencent.android.qqdownloader/files/shell/8_8454130_1346/base.apk Binary XML file line #1712
06-27 00:27:47.374 I/[ 14.944738] [schedu][0x14257a96][00( 0): 27:47.374187] wlan: [3212:I:OSIF] vdev 0, scan id 40961 type COMPLETED(1) reason COMPLETED(1) scan found 25 bss
06-27 00:27:47.474 I/[ 15.044248] init( 0): Service 'ethernet' (pid 2808) exited with status 0 oneshot service took 2.894000 seconds in background
06-27 00:27:47.474 I/[ 15.044259] init( 0): Sending signal 9 to service 'ethernet' (pid 2808) process group...
06-27 00:27:47.474 I/[ 15.044385] libprocessgroup( 0): Successfully killed process cgroup uid 0 pid 2808 in 0ms
06-27 00:27:47.491 I/[ 15.061722] binder( 0): 3842:3842 ioctl 40046210 7fee0a61e4 returned -22
06-27 00:27:47.516 I/[ 15.087372] [schedu][0x144f441d][00( 0): 27:47.516821] wlan: [3212:I:HIF] Deinitializing Runtime PM wakelock &vdev->vdev_set_key_runtime_wakelock
06-27 00:27:47.517 I/[ 15.087689] [schedu][0x144f5bd4][00( 0): 27:47.517137] wlan: [3212:I:HIF] Initializing Runtime PM wakelock &vdev->vdev_set_key_runtime_wakelock
06-27 00:27:47.519 D/android.hardware.wifi@1.0-service( 824): Successfully SetMacAddress.
06-27 00:27:47.525 I/[ 15.089879] [wifi@1][0x14500025][00( 0): 27:47.519328] wlan: [824:I:DP] dp_vdev_attach_wifi3: wlan_cfg_ap_bridge_enabled 0
06-27 00:27:47.538 E/[ 15.099378] [wifi@1][0x1452c869][00( 0): 27:47.528825] wlan: [3301:E:wifipos] wifi_pos_process_app_reg_req: 608: Received App Req Req pid(721421112), len(16)
06-27 00:27:47.538 I/[ 15.099645] [wifi@1][0x1452dc88][00( 0): 27:47.529093] wlan: [3301:I:wifipos] wifi_pos_get_ch_info: 461: num channels: 26
06-27 00:27:47.538 I/[ 15.099878] [wifi@1][0x1452ee0e][00( 0): 27:47.529327] wlan: [3301:I:wifipos] wifi_pos_get_ch_info: 461: num channels: 26
06-27 00:27:47.599 W/wificond( 1209): Scan is not started. Ignore abort request
06-27 00:27:47.613 W/[ 15.183446] audit( 0): audit_lost=189 audit_rate_limit=5 audit_backlog_limit=64
06-27 00:27:47.613 E/[ 15.183449] audit( 0): rate limit exceeded
06-27 00:27:47.623 I/[ 15.193124] [wpa_su][0x146e3f89][00( 0): 27:47.622573] wlan: [3339:I:SME] vdev-0: Connecting to 200M_5G 98:97:cc:03:15:36 rssi: -59 freq: 5200 akm 9 cipher: uc 6 mc 6, CC:
06-27 00:27:47.623 E/[ 15.193157] [wpa_su][0x146e4228][00( 0): 27:47.622608] wlan: [3339:E:QDF] Cannot malloc 0 bytes @ csr_get_cfg_max_tx_power:14199
06-27 00:27:47.623 I/[ 15.193428] [schedu][0x146e5657][00( 0): 27:47.622877] wlan: [3212:I:WMI] send_vdev_start_cmd_tlv: 1062: send_vdev_start_cmd_tlv: vdev_id 0 freq 5200 chanmode 6 ch_info: 0x6 is_dfs 0 beacon interval 100 dtim 0 center_chan 5190 center_freq2 0 reg_info_1: 0x170000 reg_info_2: 0x1700, req->max_txpow: 0x17 Tx SS 1, Rx SS 1, ldpc_rx: 0, cac 0, regd 4, HE ops: 0req->dis_hw_ack: 0
06-27 00:27:47.657 I/[ 15.226198] [wpa_su][0x1477f00f][00( 0): 27:47.655647] wlan: [3339:I:HDD] wlan0(vdevid-0): Received Disconnect reason:3 WLAN_REASON_DEAUTH_LEAVING
06-27 00:27:47.654 D/PowerManagerService( 1538): releaseWakeLockInternal: lock=245453019 [*job*/com.android.providers.media.module/com.android.providers.media.MediaService], flags=0x0
06-27 00:27:47.654 D/PowerManagerNotifier( 1538): onWakeLockReleased: flags=1, tag="*job*/com.android.providers.media.module/com.android.providers.media.MediaService", packageName=android, ownerUid=1000, ownerPid=1538, workSource=WorkSource{10093}
06-27 00:27:47.654 D/PowerManagerService( 1538): updateWakeLockSummaryLocked: mWakefulness=Awake, mWakeLockSummary=0x1
06-27 00:27:47.655 D/PowerManagerService( 1538): updateUserActivitySummaryLocked: groupId=0, mWakefulness=Awake, mUserActivitySummary=0x1, nextTimeout=72201 (in 56976 ms)
06-27 00:27:47.655 D/PowerManagerNotifier( 1538): onScreenPolicyUpdate: newPolicy=3
06-27 00:27:47.655 D/PowerManagerService( 1538): updateDisplayPowerStateLocked: displayReady=true, groupId=0, policy=BRIGHT, mWakefulness=Awake, mWakeLockSummary=0x1, mUserActivitySummary=0x1, mBootCompleted=true, screenBrightnessOverride=NaN, useAutoBrightness=false, mScreenBrightnessBoostInProgress=false, mIsVrModeEnabled= false, sQuiescent=false
06-27 00:27:47.700 W/ActivityManager( 1538): Background start not allowed: service Intent { cmp=com.tencent.android.qqdownloader/com.tencent.assistant.main.MainService } to com.tencent.android.qqdownloader/com.tencent.assistant.main.MainService from pid=3507 uid=10111 pkg=com.tencent.android.qqdownloader startFg?=false
06-27 00:27:47.703 W/ActivityManager( 1538): Background start not allowed: service Intent { cmp=com.tencent.android.qqdownloader/com.tencent.assistant.main.MainService } to com.tencent.android.qqdownloader/com.tencent.assistant.main.MainService from pid=3507 uid=10111 pkg=com.tencent.android.qqdownloader startFg?=false
06-27 00:27:47.717 I/[ 15.285636] [soft_i][0x14895973][00( 0): 27:47.715079] wlan: [0:I:TXRX] HTT_T2H_MSG_TYPE_PEER_MAP msg for peer id 8 vdev id 0 n
06-27 00:27:47.717 E/[ 15.285659] [soft_i][0x14895b94][00( 0): 27:47.715107] wlan: [0:E:DP] dp_peer_find_add_id: peer 0000000000000000 ID 8 vid 0 mac 98:97:cc:03:15:36
06-27 00:27:47.717 I/[ 15.285673] [soft_i][0x14895ca9][00( 0): 27:47.715121] wlan: [0:I:DP] dp_peer_find_add_id: ref_cnt: 2
06-27 00:27:47.717 E/[ 15.285684] [soft_i][0x14895d7e][00( 0): 27:47.715132] wlan: [0:E:DP] dp_peer_map_ast: peer 0000000000000000 ID 113 vid 0 mac 98:97:cc:03:15:36
06-27 00:27:47.785 D/CompatibilityChangeReporter( 1538): Compat change id reported: 135634846; UID 1000; state: DISABLED
06-27 00:27:47.785 D/CompatibilityChangeReporter( 1538): Compat change id reported: 177438394; UID 1000; state: DISABLED
06-27 00:27:47.785 D/CompatibilityChangeReporter( 1538): Compat change id reported: 135772972; UID 1000; state: DISABLED
06-27 00:27:47.786 D/CompatibilityChangeReporter( 1538): Compat change id reported: 135754954; UID 1000; state: ENABLED
06-27 00:27:47.793 I/ActivityManager( 1538): Start proc 3896:com.android.localtransport/1000 for service {com.android.localtransport/com.android.localtransport.LocalTransportService}
06-27 00:27:47.809 I/[ 15.379159] binder( 0): 3896:3896 ioctl 40046210 7fdc24c794 returned -22
06-27 00:27:47.821 I/[ 15.391565] [schedu][0x14a862a5][00( 0): 27:47.821014] wlan: [3212:I:PE] Auth TX: seq 1 seq num 2049 status 0 WEP 0 to 98:97:cc:03:15:36
06-27 00:27:47.813 D/CompatibilityChangeReporter( 1538): Compat change id reported: 168419799; UID 1000; state: DISABLED
06-27 00:27:47.825 I/[ 15.393031] [schedu][0x14a8d0a8][00( 0): 27:47.822481] wlan: [3212:I:PE] Auth TX: success
06-27 00:27:47.825 I/[ 15.394534] [schedu][0x14a94162][00( 0): 27:47.823984] wlan: [3212:I:PE] Auth RX: vdev 0 sys role 3 lim_state 5 from 98:97:cc:03:15:36 rssi -57 auth_alg 0 seq 1380
06-27 00:27:47.825 I/[ 15.394594] [schedu][0x14a945e9][00( 0): 27:47.824045] wlan: [3212:I:PE] Assoc req TX: vdev 0 to 98:97:cc:03:15:36 seq num 2050
06-27 00:27:47.825 I/[ 15.396098] [schedu][0x14a9b6c0][00( 0): 27:47.825549] wlan: [3212:I:PE] Assoc req TX: success
06-27 00:27:47.836 I/[ 15.401187] [schedu][0x14ab3465][00( 0): 27:47.830638] wlan: [3212:I:PE] Assoc rsp RX: subtype 0 vdev 0 sys role 3 lim state 10 rssi -56 from 98:97:cc:03:15:36
06-27 00:27:47.836 E/[ 15.407124] [schedu][0x14acf19a][00( 0): 27:47.836574] wlan: [3212:E:QDF] Cannot malloc 0 bytes @ csr_get_cfg_max_tx_power:14199
06-27 00:27:47.836 E/[ 15.407131] [schedu][0x14acf23c][00( 0): 27:47.836582] wlan: [3212:E:QDF] Cannot malloc 0 bytes @ csr_get_cfg_max_tx_power:14199
06-27 00:27:47.836 I/[ 15.407249] [schedu][0x14acfb10][00( 0): 27:47.836700] wlan: [3212:I:HDD] hdd_association_completion_handler: 3187: hddDisconInProgress state=5, result=2, status=7
06-27 00:27:47.836 I/[ 15.407264] [schedu][0x14acfc38][00( 0): 27:47.836715] wlan: [3212:I:HDD] wlan0(vdevid-0): disconnected
06-27 00:27:47.844 E/[ 15.407427] [schedu][0x14ad0854][00( 0): 27:47.836877] wlan: [3212:E:POLICY_MGR] policy_mgr_is_mcc_in_24G: 2881: unexpected num_connections value 0
06-27 00:27:47.851 I/TransportClient( 1538): LocalTransportService#0: Notifying [TransportManager.registerTransport()] transport = IBackupTransport
06-27 00:27:47.853 D/BackupTransportManager( 1538): Transport com.android.localtransport/.LocalTransportService registered
06-27 00:27:47.853 D/BackupManagerService( 1538): [UserID:0] Transport com.android.localtransport/.LocalTransport registered 3078ms after first request (delay = 3000ms)
06-27 00:27:47.857 I/ActivityManager( 1538): Killing 3309:com.android.keychain/1000 (adj 905): empty #2
06-27 00:27:47.857 I/BackupManagerService( 1538): [UserID:0] Found 10 stale backup journal(s), scheduling.
06-27 00:27:47.864 I/BackupManagerService( 1538): [UserID:0] Stale backup journals: Scheduled 8 package(s) total
06-27 00:27:47.896 W/[ 15.464096] [schedu][0x14bda1a4][00( 0): 27:47.893535] wlan: [3212:W:HDD] hdd_association_completion_handler: 3291: Warning:ASSOC_LINKUP_TIMEOUT
06-27 00:27:47.896 E/[ 15.464802] [schedu][0x14bdd66a][00( 0): 27:47.894238] wlan: [3212:E:HDD] hdd_association_completion_handler: 3686: STA register with TL failed status: 16 [00000010]
06-27 00:27:47.896 I/[ 15.465316] [schedu][0x14bdfdee][00( 0): 27:47.894765] wlan: [3212:I:PE] Deauth TX: vdev 0 seq_num 2051 reason 3 waitForAck 1 to 98:97:cc:03:15:36 from ca:6e:6e:f7:e2:21
06-27 00:27:47.913 E/[ 15.480896] [schedu][0x14c28e45][00( 0): 27:47.910343] wlan: [3212:E:HDD] hdd_get_roam_scan_ch_cb: 4213: Invalid len
06-27 00:27:47.929 I/[ 15.499748] [schedu][0x14c81460][00( 0): 27:47.929198] wlan: [3212:I:HDD] wlan0(vdevid-0): disconnected
06-27 00:27:47.929 I/[ 15.499896] [wpa_su][0x14c81f5a][00( 0): 27:47.929344] wlan: [3339:I:HDD] Disconnect reason: 3 WLAN_REASON_DEAUTH_LEAVING vendor: 0 LG: 1
06-27 00:27:47.944 D/CompatibilityChangeReporter( 1538): Compat change id reported: 168419799; UID 10064; state: DISABLED
06-27 00:27:47.947 E/AndroidRuntime( 2399): FATAL EXCEPTION: main
06-27 00:27:47.947 E/AndroidRuntime( 2399): Process: com.qualcomm.qti.devicestatisticsservice, PID: 2399
06-27 00:27:47.947 E/AndroidRuntime( 2399): java.lang.NoClassDefFoundError: Failed resolution of: Landroid/hidl/manager/V1_0/IServiceNotification$Stub;
06-27 00:27:47.947 E/AndroidRuntime( 2399): at com.qualcomm.qti.devicestatisticsservice.DeviceStatisticsService.onStartCommand(DeviceStatisticsService.java:83)
06-27 00:27:47.947 E/AndroidRuntime( 2399): at android.app.ActivityThread.handleServiceArgs(ActivityThread.java:4640)
06-27 00:27:47.947 E/AndroidRuntime( 2399): at android.app.ActivityThread.access$2000(ActivityThread.java:248)
06-27 00:27:47.947 E/AndroidRuntime( 2399): at android.app.ActivityThread$H.handleMessage(ActivityThread.java:2092)
06-27 00:27:47.947 E/AndroidRuntime( 2399): at android.os.Handler.dispatchMessage(Handler.java:106)
06-27 00:27:47.947 E/AndroidRuntime( 2399): at android.os.Looper.loopOnce(Looper.java:201)
06-27 00:27:47.947 E/AndroidRuntime( 2399): at android.os.Looper.loop(Looper.java:288)
06-27 00:27:47.947 E/AndroidRuntime( 2399): at android.app.ActivityThread.main(ActivityThread.java:7880)
06-27 00:27:47.947 E/AndroidRuntime( 2399): at java.lang.reflect.Method.invoke(Native Method)
06-27 00:27:47.947 E/AndroidRuntime( 2399): at com.android.internal.os.RuntimeInit$MethodAndArgsCaller.run(RuntimeInit.java:548)
06-27 00:27:47.947 E/AndroidRuntime( 2399): at com.android.internal.os.ZygoteInit.main(ZygoteInit.java:1009)
06-27 00:27:47.947 E/AndroidRuntime( 2399): Caused by: java.lang.ClassNotFoundException: android.hidl.manager.V1_0.IServiceNotification$Stub
06-27 00:27:47.947 E/AndroidRuntime( 2399): ... 11 more
06-27 00:27:47.949 I/DropBoxManagerService( 1538): add tag=system_app_crash isTagEnabled=true flags=0x2
06-27 00:27:47.949 D/CompatibilityChangeReporter( 1538): Compat change id reported: 168419799; UID 1000; state: DISABLED
06-27 00:27:47.949 E/DropBoxManagerService( 1538): Can't write: system_app_crash
06-27 00:27:47.949 E/DropBoxManagerService( 1538): java.io.IOException: Can't mkdir: /data/tlog/fatal/dropbox
06-27 00:27:47.949 E/DropBoxManagerService( 1538): at com.android.server.DropBoxManagerService.init(DropBoxManagerService.java:1011)
06-27 00:27:47.949 E/DropBoxManagerService( 1538): at com.android.server.DropBoxManagerService.addEntry(DropBoxManagerService.java:470)
06-27 00:27:47.949 E/DropBoxManagerService( 1538): at com.android.server.DropBoxManagerService.addEntry(DropBoxManagerService.java:421)
06-27 00:27:47.949 E/DropBoxManagerService( 1538): at com.android.server.DropBoxManagerService.addData(DropBoxManagerService.java:392)
06-27 00:27:47.949 E/DropBoxManagerService( 1538): at com.android.server.DropBoxManagerService$2.addData(DropBoxManagerService.java:161)
06-27 00:27:47.949 E/DropBoxManagerService( 1538): at android.os.DropBoxManager.addData(DropBoxManager.java:333)
06-27 00:27:47.949 E/DropBoxManagerService( 1538): at android.os.DropBoxManager.addText(DropBoxManager.java:320)
06-27 00:27:47.949 E/DropBoxManagerService( 1538): at com.android.server.am.ActivityManagerService$16.run(ActivityManagerService.java:8479)
06-27 00:27:47.950 E/BootReceiver( 1538): Could not open /sys/kernel/tracing/instances/bootreceiver/trace_pipe
06-27 00:27:47.950 E/BootReceiver( 1538): android.system.ErrnoException: open failed: ENOENT (No such file or directory)
06-27 00:27:47.950 E/BootReceiver( 1538): at libcore.io.Linux.open(Native Method)
06-27 00:27:47.950 E/BootReceiver( 1538): at libcore.io.ForwardingOs.open(ForwardingOs.java:567)
06-27 00:27:47.950 E/BootReceiver( 1538): at libcore.io.BlockGuardOs.open(BlockGuardOs.java:273)
06-27 00:27:47.950 E/BootReceiver( 1538): at android.system.Os.open(Os.java:501)
06-27 00:27:47.950 E/BootReceiver( 1538): at com.android.server.BootReceiver.onReceive(BootReceiver.java:167)
06-27 00:27:47.950 E/BootReceiver( 1538): at android.app.ActivityThread.handleReceiver(ActivityThread.java:4309)
06-27 00:27:47.950 E/BootReceiver( 1538): at android.app.ActivityThread.access$1600(ActivityThread.java:248)
06-27 00:27:47.950 E/BootReceiver( 1538): at android.app.ActivityThread$H.handleMessage(ActivityThread.java:2065)
06-27 00:27:47.950 E/BootReceiver( 1538): at android.os.Handler.dispatchMessage(Handler.java:106)
06-27 00:27:47.950 E/BootReceiver( 1538): at android.os.Looper.loopOnce(Looper.java:201)
06-27 00:27:47.950 E/BootReceiver( 1538): at android.os.Looper.loop(Looper.java:288)
06-27 00:27:47.950 E/BootReceiver( 1538): at com.android.server.SystemServer.run(SystemServer.java:909)
06-27 00:27:47.950 E/BootReceiver( 1538): at com.android.server.SystemServer.main(SystemServer.java:616)
06-27 00:27:47.950 E/BootReceiver( 1538): at java.lang.reflect.Method.invoke(Native Method)
06-27 00:27:47.950 E/BootReceiver( 1538): at com.android.internal.os.RuntimeInit$MethodAndArgsCaller.run(RuntimeInit.java:548)
06-27 00:27:47.950 E/BootReceiver( 1538): at com.android.internal.os.ZygoteInit.main(ZygoteInit.java:987)
06-27 00:27:47.952 I/DropBoxManagerService( 1538): add tag=system_server_wtf isTagEnabled=true flags=0x2
06-27 00:27:47.952 E/DropBoxManagerService( 1538): Can't write: system_server_wtf
06-27 00:27:47.952 E/DropBoxManagerService( 1538): java.io.IOException: Can't mkdir: /data/tlog/fatal/dropbox
06-27 00:27:47.952 E/DropBoxManagerService( 1538): at com.android.server.DropBoxManagerService.init(DropBoxManagerService.java:1011)
06-27 00:27:47.952 E/DropBoxManagerService( 1538): at com.android.server.DropBoxManagerService.addEntry(DropBoxManagerService.java:470)
06-27 00:27:47.952 E/DropBoxManagerService( 1538): at com.android.server.DropBoxManagerService.addEntry(DropBoxManagerService.java:421)
06-27 00:27:47.952 E/DropBoxManagerService( 1538): at com.android.server.DropBoxManagerService.addData(DropBoxManagerService.java:392)
06-27 00:27:47.952 E/DropBoxManagerService( 1538): at com.android.server.DropBoxManagerService$2.addData(DropBoxManagerService.java:161)
06-27 00:27:47.952 E/DropBoxManagerService( 1538): at android.os.DropBoxManager.addData(DropBoxManager.java:333)
06-27 00:27:47.952 E/DropBoxManagerService( 1538): at android.os.DropBoxManager.addText(DropBoxManager.java:320)
06-27 00:27:47.952 E/DropBoxManagerService( 1538): at com.android.server.am.ActivityManagerService$16.run(ActivityManagerService.java:8479)
06-27 00:27:47.952 E/DropBoxManagerService( 1538): at com.android.server.am.ActivityManagerService.addErrorToDropBox(ActivityManagerService.java:8488)
06-27 00:27:47.952 E/DropBoxManagerService( 1538): at com.android.server.am.ActivityManagerService.handleApplicationWtfInner(ActivityManagerService.java:8221)
06-27 00:27:47.952 E/DropBoxManagerService( 1538): at com.android.server.am.ActivityManagerService$15.run(ActivityManagerService.java:8187)
06-27 00:27:47.952 E/DropBoxManagerService( 1538): at android.os.Handler.handleCallback(Handler.java:938)
06-27 00:27:47.952 E/DropBoxManagerService( 1538): at android.os.Handler.dispatchMessage(Handler.java:99)
06-27 00:27:47.952 E/DropBoxManagerService( 1538): at android.os.Looper.loopOnce(Looper.java:201)
06-27 00:27:47.952 E/DropBoxManagerService( 1538): at android.os.Looper.loop(Looper.java:288)
06-27 00:27:47.952 E/DropBoxManagerService( 1538): at android.os.HandlerThread.run(HandlerThread.java:67)
06-27 00:27:47.952 E/DropBoxManagerService( 1538): at com.android.server.ServiceThread.run(ServiceThread.java:44)
06-27 00:27:47.957 I/ActivityManager( 1538): Process com.qualcomm.qti.devicestatisticsservice (pid 2399) has died: pers PER
06-27 00:27:47.957 W/ActivityManager( 1538): Scheduling restart of crashed service com.qualcomm.qti.devicestatisticsservice/.DeviceStatisticsService in 0ms for persistent
06-27 00:27:47.958 W/ActivityManager( 1538): Re-adding persistent process ProcessRecord{8fdcf54 2399:com.qualcomm.qti.devicestatisticsservice/u0a64}
06-27 00:27:47.958 D/CompatibilityChangeReporter( 1538): Compat change id reported: 135634846; UID 10064; state: DISABLED
06-27 00:27:47.958 D/CompatibilityChangeReporter( 1538): Compat change id reported: 177438394; UID 10064; state: DISABLED
06-27 00:27:47.958 D/CompatibilityChangeReporter( 1538): Compat change id reported: 135772972; UID 10064; state: DISABLED
06-27 00:27:47.958 D/CompatibilityChangeReporter( 1538): Compat change id reported: 135754954; UID 10064; state: ENABLED
06-27 00:27:47.959 D/CompatibilityChangeReporter( 1538): Compat change id reported: 143937733; UID 10064; state: ENABLED
06-27 00:27:47.962 I/DropBoxManagerService( 1538): add tag=SYSTEM_BOOT isTagEnabled=true flags=0x2
06-27 00:27:47.962 E/DropBoxManagerService( 1538): Can't write: SYSTEM_BOOT
06-27 00:27:47.962 E/DropBoxManagerService( 1538): java.io.IOException: Can't mkdir: /data/tlog/fatal/dropbox
06-27 00:27:47.962 E/DropBoxManagerService( 1538): at com.android.server.DropBoxManagerService.init(DropBoxManagerService.java:1011)
06-27 00:27:47.962 E/DropBoxManagerService( 1538): at com.android.server.DropBoxManagerService.addEntry(DropBoxManagerService.java:470)
06-27 00:27:47.962 E/DropBoxManagerService( 1538): at com.android.server.DropBoxManagerService.addEntry(DropBoxManagerService.java:421)
06-27 00:27:47.962 E/DropBoxManagerService( 1538): at com.android.server.DropBoxManagerService.addData(DropBoxManagerService.java:392)
06-27 00:27:47.962 E/DropBoxManagerService( 1538): at com.android.server.DropBoxManagerService$2.addData(DropBoxManagerService.java:161)
06-27 00:27:47.962 E/DropBoxManagerService( 1538): at android.os.DropBoxManager.addData(DropBoxManager.java:333)
06-27 00:27:47.962 E/DropBoxManagerService( 1538): at android.os.DropBoxManager.addText(DropBoxManager.java:320)
06-27 00:27:47.962 E/DropBoxManagerService( 1538): at com.android.server.BootReceiver.logBootEvents(BootReceiver.java:445)
06-27 00:27:47.962 E/DropBoxManagerService( 1538): at com.android.server.BootReceiver.access$000(BootReceiver.java:72)
06-27 00:27:47.962 E/DropBoxManagerService( 1538): at com.android.server.BootReceiver$1.run(BootReceiver.java:144)
06-27 00:27:47.963 I/BootReceiver( 1538): Copying audit failures to DropBox
06-27 00:27:47.963 I/BootReceiver( 1538): Checking for fsck errors
06-27 00:27:47.963 I/BootReceiver( 1538): fs_stat, partition:dsp_a stat:0x3
06-27 00:27:47.963 I/BootReceiver( 1538): fs_stat, partition:persist stat:0x40b
06-27 00:27:47.965 I/ActivityManager( 1538): Start proc 3941:com.qualcomm.qti.devicestatisticsservice/u0a64 for restart com.qualcomm.qti.devicestatisticsservice
06-27 00:27:47.966 D/CompatibilityChangeReporter( 1538): Compat change id reported: 135634846; UID 10032; state: DISABLED
06-27 00:27:47.966 D/CompatibilityChangeReporter( 1538): Compat change id reported: 177438394; UID 10032; state: DISABLED
06-27 00:27:47.967 D/CompatibilityChangeReporter( 1538): Compat change id reported: 135772972; UID 10032; state: DISABLED
06-27 00:27:47.967 D/CompatibilityChangeReporter( 1538): Compat change id reported: 135754954; UID 10032; state: ENABLED
06-27 00:27:47.967 D/CompatibilityChangeReporter( 1538): Compat change id reported: 143937733; UID 10032; state: ENABLED
06-27 00:27:47.980 I/[ 15.550633] [schedu][0x14d6fc5d][00( 0): 27:47.980077] wlan: [3212:I:HIF] Deinitializing Runtime PM wakelock &vdev->vdev_set_key_runtime_wakelock
06-27 00:27:47.980 I/[ 15.551064] binder( 0): 3941:3941 ioctl 40046210 7fdc24c794 returned -22
06-27 00:27:47.977 I/ActivityManager( 1538): Start proc 3951:android.process.media/u0a32 for content provider {com.android.providers.downloads/com.android.providers.downloads.DownloadProvider}
06-27 00:27:47.984 D/android.hardware.wifi@1.0-service( 824): Successfully SetMacAddress.
06-27 00:27:47.988 I/[ 15.552775] [schedu][0x14d79d34][00( 0): 27:47.982222] wlan: [3212:I:HIF] Initializing Runtime PM wakelock &vdev->vdev_set_key_runtime_wakelock
06-27 00:27:47.988 I/[ 15.555179] [wifi@1][0x14d851b7][00( 0): 27:47.984629] wlan: [824:I:DP] dp_vdev_attach_wifi3: wlan_cfg_ap_bridge_enabled 0
06-27 00:27:47.988 I/wificond( 1209): Regulatory domain changed to country: CN on wiphy_index: 0
06-27 00:27:47.988 I/wificond( 1209): 2.4Ghz frequencies: 2412 2417 2422 2427 2432 2437 2442 2447 2452 2457 2462 2467 2472
06-27 00:27:47.989 I/wificond( 1209): 5Ghz non-DFS frequencies: 5180 5200 5220 5240 5745 5765 5785 5805 5825
06-27 00:27:47.989 I/wificond( 1209): 5Ghz DFS frequencies: 5260 5280 5300 5320
06-27 00:27:47.989 I/wificond( 1209): 6Ghz frequencies:
06-27 00:27:47.989 I/wificond( 1209): 60Ghz frequencies:
06-27 00:27:47.994 E/[ 15.563410] [wifi@1][0x14dabae8][00( 0): 27:47.992858] wlan: [3301:E:wifipos] wifi_pos_process_app_reg_req: 608: Received App Req Req pid(721421112), len(16)
06-27 00:27:47.994 I/[ 15.563588] [wifi@1][0x14dac860][00( 0): 27:47.993038] wlan: [3301:I:wifipos] wifi_pos_get_ch_info: 461: num channels: 26
06-27 00:27:47.994 I/[ 15.563787] [wifi@1][0x14dad747][00( 0): 27:47.993236] wlan: [3301:I:wifipos] wifi_pos_get_ch_info: 461: num channels: 26
06-27 00:27:47.995 W/wificond( 1209): Scan is not started. Ignore abort request
06-27 00:27:47.997 I/[ 15.566527] binder( 0): 3951:3951 ioctl 40046210 7fdc24c794 returned -22
06-27 00:27:47.999 D/CompatibilityChangeReporter( 1538): Compat change id reported: 168419799; UID 10079; state: DISABLED
06-27 00:27:48.004 D/CompatibilityChangeReporter( 1538): Compat change id reported: 168419799; UID 10032; state: DISABLED
06-27 00:27:48.012 D/CompatibilityChangeReporter( 1538): Compat change id reported: 135634846; UID 1000; state: DISABLED
06-27 00:27:48.012 D/CompatibilityChangeReporter( 1538): Compat change id reported: 177438394; UID 1000; state: DISABLED
06-27 00:27:48.012 D/CompatibilityChangeReporter( 1538): Compat change id reported: 135772972; UID 1000; state: DISABLED
06-27 00:27:48.012 D/CompatibilityChangeReporter( 1538): Compat change id reported: 135754954; UID 1000; state: ENABLED
06-27 00:27:48.020 I/ActivityManager( 1538): Start proc 3990:com.qti.diagservices/1000 for broadcast {com.qti.diagservices/com.qti.diagservices.Diag_OnBoot}
06-27 00:27:48.025 I/[ 15.594603] binder( 0): 2956:3985 ioctl 40046210 7b3a83f604 returned -22
06-27 00:27:48.025 I/[ 15.595734] [wpa_su][0x14e432eb][00( 0): 27:48.025178] wlan: [3339:I:SME] vdev-0: Connecting to hht_test_wifi_fc4318c9 04:d9:f5:fb:09:94 rssi: -62 freq: 5785 akm 3 cipher: uc 6 mc 6, CC:
06-27 00:27:48.025 E/[ 15.595770] [wpa_su][0x14e43617][00( 0): 27:48.025220] wlan: [3339:E:QDF] Cannot malloc 0 bytes @ csr_get_cfg_max_tx_power:14199
