06-27 00:28:41.439 D/ImeService( 3258): onStartInput:packageName:com.android.settings inputType:0 restarting:false,fieldId:-1,imeOptions:0
06-27 00:28:41.441 E/CarAuth ( 3258): check ok
06-27 00:28:41.443 I/ColorPicker( 3258): invalidatePickedColors: oldFloatColor=fff5f7fa
06-27 00:28:41.631 I/CNSS ( 1174): cnss_open_log_file: create directory /data/vendor/wifi/wlan_logs/ ret = -1 errno= 17
06-27 00:28:41.632 I/CNSS ( 1174): failed to open file a+ mode or file size 0 is less than max_file_size 31457280
06-27 00:28:41.632 I/CNSS ( 1174): Failed to open file /data/vendor/wifi/wlan_logs/host_driver_logs_current.txt: 13
06-27 00:28:41.626 W/cnss_diag( 1174): type=1400 audit(0.0:678): avc: denied { getattr } for path="/data/vendor/wifi/wlan_logs" dev="dm-10" ino=359 scontext=u:r:vendor_wcnss_service:s0 tcontext=u:object_r:vendor_wifi_vendor_log_data_file:s0 tclass=dir permissive=0
06-27 00:28:41.626 W/cnss_diag( 1174): type=1400 audit(0.0:679): avc: denied { read } for name="wlan_logs" dev="dm-10" ino=359 scontext=u:r:vendor_wcnss_service:s0 tcontext=u:object_r:vendor_wifi_vendor_log_data_file:s0 tclass=dir permissive=0
06-27 00:28:41.626 W/cnss_diag( 1174): type=1400 audit(0.0:680): avc: denied { search } for name="wlan_logs" dev="dm-10" ino=359 scontext=u:r:vendor_wcnss_service:s0 tcontext=u:object_r:vendor_wifi_vendor_log_data_file:s0 tclass=dir permissive=0
06-27 00:28:41.651 W/System.err( 3507): java.net.ConnectException: Failed to connect to shiply-yyb-1258344701.file.myqcloud.com/10.0.0.1:443
06-27 00:28:41.652 W/System.err( 3507): at com.android.okhttp.internal.io.RealConnection.connectSocket(RealConnection.java:147)
06-27 00:28:41.652 W/System.err( 3507): at com.android.okhttp.internal.io.RealConnection.connect(RealConnection.java:116)
06-27 00:28:41.652 W/System.err( 3507): at com.android.okhttp.internal.http.StreamAllocation.findConnection(StreamAllocation.java:186)
06-27 00:28:41.652 W/System.err( 3507): at com.android.okhttp.internal.http.StreamAllocation.findHealthyConnection(StreamAllocation.java:128)
06-27 00:28:41.652 W/System.err( 3507): at com.android.okhttp.internal.http.StreamAllocation.newStream(StreamAllocation.java:97)
06-27 00:28:41.652 W/System.err( 3507): at com.android.okhttp.internal.http.HttpEngine.connect(HttpEngine.java:289)
06-27 00:28:41.652 W/System.err( 3507): at com.android.okhttp.internal.http.HttpEngine.sendRequest(HttpEngine.java:232)
06-27 00:28:41.652 W/System.err( 3507): at com.android.okhttp.internal.huc.HttpURLConnectionImpl.execute(HttpURLConnectionImpl.java:465)
06-27 00:28:41.652 W/System.err( 3507): at com.android.okhttp.internal.huc.HttpURLConnectionImpl.getResponse(HttpURLConnectionImpl.java:411)
06-27 00:28:41.652 W/System.err( 3507): at com.android.okhttp.internal.huc.HttpURLConnectionImpl.getResponseCode(HttpURLConnectionImpl.java:542)
06-27 00:28:41.652 W/System.err( 3507): at com.android.okhttp.internal.huc.DelegatingHttpsURLConnection.getResponseCode(DelegatingHttpsURLConnection.java:106)
06-27 00:28:41.652 W/System.err( 3507): at com.android.okhttp.internal.huc.HttpsURLConnectionImpl.getResponseCode(HttpsURLConnectionImpl.java:30)
06-27 00:28:41.652 W/System.err( 3507): at com.tencent.halley.downloader.a.a.a.b(Unknown Source:385)
06-27 00:28:41.652 W/System.err( 3507): at com.tencent.halley.downloader.task.section.d.a(Unknown Source:191)
06-27 00:28:41.652 W/System.err( 3507): at com.tencent.halley.downloader.task.section.d.run(Unknown Source:612)
06-27 00:28:41.652 W/System.err( 3507): at java.util.concurrent.Executors$RunnableAdapter.call(Executors.java:462)
06-27 00:28:41.652 W/System.err( 3507): at java.util.concurrent.FutureTask.run(FutureTask.java:266)
06-27 00:28:41.652 W/System.err( 3507): at java.util.concurrent.ThreadPoolExecutor.runWorker(ThreadPoolExecutor.java:1167)
06-27 00:28:41.652 W/System.err( 3507): at java.util.concurrent.ThreadPoolExecutor$Worker.run(ThreadPoolExecutor.java:641)
06-27 00:28:41.652 W/System.err( 3507): at java.lang.Thread.run(Thread.java:920)
06-27 00:28:41.665 W/System.err( 3507): java.lang.NumberFormatException: For input string: "yun-hl"
06-27 00:28:41.665 W/System.err( 3507): at java.lang.Integer.parseInt(Integer.java:615)
06-27 00:28:41.665 W/System.err( 3507): at java.lang.Integer.parseInt(Integer.java:650)
06-27 00:28:41.665 W/System.err( 3507): at com.tencent.halley.common.f.h.d(Unknown Source:74)
06-27 00:28:41.665 W/System.err( 3507): at com.tencent.halley.common.b.a.g.b(Unknown Source:60)
06-27 00:28:41.665 W/System.err( 3507): at com.tencent.halley.common.b.a.c.b(Unknown Source:389)
06-27 00:28:41.665 W/System.err( 3507): at com.tencent.halley.downloader.d.c.a(Unknown Source:85)
06-27 00:28:41.665 W/System.err( 3507): at com.tencent.halley.downloader.task.section.d.run(Unknown Source:155)
06-27 00:28:41.665 W/System.err( 3507): at java.util.concurrent.Executors$RunnableAdapter.call(Executors.java:462)
06-27 00:28:41.665 W/System.err( 3507): at java.util.concurrent.FutureTask.run(FutureTask.java:266)
06-27 00:28:41.665 W/System.err( 3507): at java.util.concurrent.ThreadPoolExecutor.runWorker(ThreadPoolExecutor.java:1167)
06-27 00:28:41.665 W/System.err( 3507): at java.util.concurrent.ThreadPoolExecutor$Worker.run(ThreadPoolExecutor.java:641)
06-27 00:28:41.665 W/System.err( 3507): at java.lang.Thread.run(Thread.java:920)
06-27 00:28:41.670 W/System.err( 3507): java.net.ConnectException: Failed to connect to yun-hl.3g.qq.com/10.0.0.1:443
06-27 00:28:41.670 W/System.err( 3507): at com.android.okhttp.internal.io.RealConnection.connectSocket(RealConnection.java:147)
06-27 00:28:41.670 W/System.err( 3507): at com.android.okhttp.internal.io.RealConnection.connect(RealConnection.java:116)
06-27 00:28:41.670 W/System.err( 3507): at com.android.okhttp.internal.http.StreamAllocation.findConnection(StreamAllocation.java:186)
06-27 00:28:41.670 W/System.err( 3507): at com.android.okhttp.internal.http.StreamAllocation.findHealthyConnection(StreamAllocation.java:128)
06-27 00:28:41.670 W/System.err( 3507): at com.android.okhttp.internal.http.StreamAllocation.newStream(StreamAllocation.java:97)
06-27 00:28:41.670 W/System.err( 3507): at com.android.okhttp.internal.http.HttpEngine.connect(HttpEngine.java:289)
06-27 00:28:41.670 W/System.err( 3507): at com.android.okhttp.internal.http.HttpEngine.sendRequest(HttpEngine.java:232)
06-27 00:28:41.670 W/System.err( 3507): at com.android.okhttp.internal.huc.HttpURLConnectionImpl.execute(HttpURLConnectionImpl.java:465)
06-27 00:28:41.670 W/System.err( 3507): at com.android.okhttp.internal.huc.HttpURLConnectionImpl.connect(HttpURLConnectionImpl.java:131)
06-27 00:28:41.670 W/System.err( 3507): at com.android.okhttp.internal.huc.DelegatingHttpsURLConnection.connect(DelegatingHttpsURLConnection.java:90)
06-27 00:28:41.670 W/System.err( 3507): at com.android.okhttp.internal.huc.HttpsURLConnectionImpl.connect(HttpsURLConnectionImpl.java:30)
06-27 00:28:41.670 W/System.err( 3507): at com.tencent.halley.common.b.a.g.b(Unknown Source:236)
06-27 00:28:41.670 W/System.err( 3507): at com.tencent.halley.common.b.a.c.b(Unknown Source:389)
06-27 00:28:41.670 W/System.err( 3507): at com.tencent.halley.downloader.d.c.a(Unknown Source:85)
06-27 00:28:41.670 W/System.err( 3507): at com.tencent.halley.downloader.task.section.d.run(Unknown Source:155)
06-27 00:28:41.670 W/System.err( 3507): at java.util.concurrent.Executors$RunnableAdapter.call(Executors.java:462)
06-27 00:28:41.670 W/System.err( 3507): at java.util.concurrent.FutureTask.run(FutureTask.java:266)
06-27 00:28:41.670 W/System.err( 3507): at java.util.concurrent.ThreadPoolExecutor.runWorker(ThreadPoolExecutor.java:1167)
06-27 00:28:41.670 W/System.err( 3507): at java.util.concurrent.ThreadPoolExecutor$Worker.run(ThreadPoolExecutor.java:641)
06-27 00:28:41.670 W/System.err( 3507): at java.lang.Thread.run(Thread.java:920)
06-27 00:28:41.976 D/PowerManagerService( 1538): userActivityNoUpdateLocked: groupId=0, eventTime=69544, event=2, flags=0x0, uid=1000
06-27 00:28:41.976 D/PowerManagerNotifier( 1538): onUserActivity: event=2, uid=1000
06-27 00:28:41.976 D/ViewTouchDebug( 1931): mView : com.android.systemui.navigationbar.NavigationBarFrame{c21ce80 V.E...... ......I. 0,0-2560,46 #7f0b03f3 app:id/navigation_bar_frame}Receive event : MotionEvent { action=ACTION_OUTSIDE, actionButton=0, id[0]=0, x[0]=0.0, y[0]=-1034.0, toolType[0]=TOOL_TYPE_FINGER, buttonState=0, classification=NONE, metaState=0, flags=0x0, edgeFlags=0x0, pointerCount=1, historySize=0, eventTime=69544, downTime=69544, deviceId=2, source=0x5002, displayId=0, eventId=1531768378 }
06-27 00:28:41.976 D/PowerManagerService( 1538): updateUserActivitySummaryLocked: groupId=0, mWakefulness=Awake, mUserActivitySummary=0x1, nextTimeout=129544 (in 59997 ms)
06-27 00:28:41.976 D/PowerManagerNotifier( 1538): onScreenPolicyUpdate: newPolicy=3
06-27 00:28:41.976 D/PowerManagerService( 1538): updateDisplayPowerStateLocked: displayReady=true, groupId=0, policy=BRIGHT, mWakefulness=Awake, mWakeLockSummary=0x1, mUserActivitySummary=0x1, mBootCompleted=true, screenBrightnessOverride=NaN, useAutoBrightness=false, mScreenBrightnessBoostInProgress=false, mIsVrModeEnabled= false, sQuiescent=false
06-27 00:28:41.977 D/ViewTouchDebug( 5997): mView : DecorView@a2f620c[SettingsHomepageActivity]Receive event : MotionEvent { action=ACTION_DOWN, actionButton=0, id[0]=0, x[0]=472.0, y[0]=203.0, toolType[0]=TOOL_TYPE_FINGER, buttonState=0, classification=NONE, metaState=0, flags=0x0, edgeFlags=0x0, pointerCount=1, historySize=0, eventTime=69544, downTime=69544, deviceId=2, source=0x5002, displayId=0, eventId=561897881 }
06-27 00:28:42.048 D/CompatibilityChangeReporter( 1538): Compat change id reported: 135634846; UID 10092; state: DISABLED
06-27 00:28:42.048 D/CompatibilityChangeReporter( 1538): Compat change id reported: 177438394; UID 10092; state: DISABLED
06-27 00:28:42.048 D/CompatibilityChangeReporter( 1538): Compat change id reported: 135772972; UID 10092; state: DISABLED
06-27 00:28:42.048 D/CompatibilityChangeReporter( 1538): Compat change id reported: 135754954; UID 10092; state: DISABLED
06-27 00:28:42.049 D/CompatibilityChangeReporter( 1538): Compat change id reported: 143937733; UID 10092; state: DISABLED
06-27 00:28:42.059 D/Zygote ( 674): Forked child process 6299
06-27 00:28:42.060 I/ActivityManager( 1538): Start proc 6299:com.android.permissioncontroller/u0a92 for service {com.android.permissioncontroller/com.android.permissioncontroller.permission.service.PermissionControllerServiceImpl}
06-27 00:28:42.070 I/libc ( 6299): SetHeapTaggingLevel: tag level set to 0
06-27 00:28:42.083 E/ssioncontrolle( 6299): Not starting debugger since process cannot load the jdwp agent.
06-27 00:28:42.086 D/ProcessState( 6299): Binder ioctl to enable oneway spam detection failed: Invalid argument
06-27 00:28:42.089 I/[ 69.656865] binder( 0): 6299:6299 ioctl 40046210 7fdc24c794 returned -22
06-27 00:28:42.095 D/CompatibilityChangeReporter( 1538): Compat change id reported: 168419799; UID 10092; state: DISABLED
06-27 00:28:42.096 D/CompatibilityInfo( 1538): mCompatibilityFlags - 4
06-27 00:28:42.096 D/CompatibilityInfo( 1538): applicationDensity - 240
06-27 00:28:42.096 D/CompatibilityInfo( 1538): applicationScale - 1.0
06-27 00:28:42.101 D/CompatibilityInfo( 1538): mCompatibilityFlags - 4
06-27 00:28:42.101 D/CompatibilityInfo( 1538): applicationDensity - 240
06-27 00:28:42.101 D/CompatibilityInfo( 1538): applicationScale - 1.0
06-27 00:28:42.105 D/CompatibilityChangeReporter( 6299): Compat change id reported: 171979766; UID 10092; state: DISABLED
06-27 00:28:42.106 I/OpenGLRenderer( 5997): Davey! duration=9223371967203ms; Flags=0, FrameTimelineVsyncId=1423, IntendedVsync=69651395845, Vsync=69651395845, InputEventId=561897881, HandleInputStart=69652649712, AnimationStart=69653597629, PerformTraversalsStart=69653599972, DrawStart=69653648150, FrameDeadline=69668062511, FrameInterval=69652646118, FrameStartTime=16666666, SyncQueued=69656652993, SyncStart=69656709504, IssueDrawCommandsStart=69656948150, SwapBuffers=69660994035, FrameCompleted=9223372036854775807, DequeueBufferDuration=23593, QueueBufferDuration=706146, GpuCompleted=9223372036854775807, SwapBuffersCompleted=69662124400, DisplayPresentTime=282935265591360,
06-27 00:28:42.107 D/CompatibilityChangeReporter( 1538): Compat change id reported: 168419799; UID 1000; state: DISABLED
06-27 00:28:42.107 D/CompatibilityInfo( 1538): mCompatibilityFlags - 4
06-27 00:28:42.107 D/CompatibilityInfo( 1538): applicationDensity - 240
06-27 00:28:42.107 D/CompatibilityInfo( 1538): applicationScale - 1.0
06-27 00:28:42.109 D/PowerManagerService( 1538): acquireWakeLockInternal: lock=153759482, flags=0x1, tag="*job*/com.tencent.android.qqdownloader.YYBLiveAccountProvider/com.tencent.android.qqdownloader.YYBLiveAccountProvider.account/应用宝:android", ws=WorkSource{10111}, uid=1000, pid=1538
06-27 00:28:42.109 D/PowerManagerService( 1538): updateWakeLockSummaryLocked: mWakefulness=Awake, mWakeLockSummary=0x1
06-27 00:28:42.109 D/ViewTouchDebug( 5997): mView : DecorView@a2f620c[SettingsHomepageActivity]Receive event : MotionEvent { action=ACTION_UP, actionButton=0, id[0]=0, x[0]=472.0, y[0]=203.0, toolType[0]=TOOL_TYPE_FINGER, buttonState=0, classification=NONE, metaState=0, flags=0x0, edgeFlags=0x0, pointerCount=1, historySize=0, eventTime=69679, downTime=69544, deviceId=2, source=0x5002, displayId=0, eventId=413295604 }
06-27 00:28:42.109 D/PowerManagerService( 1538): updateUserActivitySummaryLocked: groupId=0, mWakefulness=Awake, mUserActivitySummary=0x1, nextTimeout=129544 (in 59864 ms)
06-27 00:28:42.109 D/PowerManagerNotifier( 1538): onScreenPolicyUpdate: newPolicy=3
06-27 00:28:42.109 D/PowerManagerService( 1538): updateDisplayPowerStateLocked: displayReady=true, groupId=0, policy=BRIGHT, mWakefulness=Awake, mWakeLockSummary=0x1, mUserActivitySummary=0x1, mBootCompleted=true, screenBrightnessOverride=NaN, useAutoBrightness=false, mScreenBrightnessBoostInProgress=false, mIsVrModeEnabled= false, sQuiescent=false
06-27 00:28:42.109 D/PowerManagerNotifier( 1538): onWakeLockAcquired: flags=1, tag="*job*/com.tencent.android.qqdownloader.YYBLiveAccountProvider/com.tencent.android.qqdownloader.YYBLiveAccountProvider.account/应用宝:android", packageName=android, ownerUid=1000, ownerPid=1538, workSource=WorkSource{10111}
06-27 00:28:42.110 D/PowerManagerService( 1538): userActivityNoUpdateLocked: groupId=0, eventTime=69679, event=2, flags=0x0, uid=1000
06-27 00:28:42.110 D/PowerManagerNotifier( 1538): onUserActivity: event=2, uid=1000
06-27 00:28:42.110 D/PowerManagerService( 1538): updateUserActivitySummaryLocked: groupId=0, mWakefulness=Awake, mUserActivitySummary=0x1, nextTimeout=129679 (in 59999 ms)
06-27 00:28:42.110 D/PowerManagerNotifier( 1538): onScreenPolicyUpdate: newPolicy=3
06-27 00:28:42.110 D/PowerManagerService( 1538): updateDisplayPowerStateLocked: displayReady=true, groupId=0, policy=BRIGHT, mWakefulness=Awake, mWakeLockSummary=0x1, mUserActivitySummary=0x1, mBootCompleted=true, screenBrightnessOverride=NaN, useAutoBrightness=false, mScreenBrightnessBoostInProgress=false, mIsVrModeEnabled= false, sQuiescent=false
06-27 00:28:42.110 D/PowerManagerService( 1538): acquireWakeLockInternal: lock=234049306, flags=0x1, tag="SyncLoopWakeLock", ws=null, uid=1000, pid=1538
06-27 00:28:42.110 D/PowerManagerService( 1538): updateWakeLockSummaryLocked: mWakefulness=Awake, mWakeLockSummary=0x1
06-27 00:28:42.110 D/PowerManagerService( 1538): updateUserActivitySummaryLocked: groupId=0, mWakefulness=Awake, mUserActivitySummary=0x1, nextTimeout=129679 (in 59999 ms)
06-27 00:28:42.110 D/PowerManagerNotifier( 1538): onScreenPolicyUpdate: newPolicy=3
06-27 00:28:42.110 D/PowerManagerService( 1538): updateDisplayPowerStateLocked: displayReady=true, groupId=0, policy=BRIGHT, mWakefulness=Awake, mWakeLockSummary=0x1, mUserActivitySummary=0x1, mBootCompleted=true, screenBrightnessOverride=NaN, useAutoBrightness=false, mScreenBrightnessBoostInProgress=false, mIsVrModeEnabled= false, sQuiescent=false
06-27 00:28:42.110 D/PowerManagerNotifier( 1538): onWakeLockAcquired: flags=1, tag="SyncLoopWakeLock", packageName=android, ownerUid=1000, ownerPid=1538, workSource=null
06-27 00:28:42.111 D/PowerManagerService( 1538): acquireWakeLockInternal: lock=126900817, flags=0x1, tag="*sync*/com.tencent.android.qqdownloader.YYBLiveAccountProvider/com.tencent.android.qqdownloader.YYBLiveAccountProvider.account/应用宝", ws=WorkSource{10111}, uid=1000, pid=1538
06-27 00:28:42.111 D/PowerManagerService( 1538): updateWakeLockSummaryLocked: mWakefulness=Awake, mWakeLockSummary=0x1
06-27 00:28:42.111 D/PowerManagerService( 1538): updateUserActivitySummaryLocked: groupId=0, mWakefulness=Awake, mUserActivitySummary=0x1, nextTimeout=129679 (in 59997 ms)
06-27 00:28:42.111 D/PowerManagerNotifier( 1538): onScreenPolicyUpdate: newPolicy=3
06-27 00:28:42.111 D/PowerManagerService( 1538): updateDisplayPowerStateLocked: displayReady=true, groupId=0, policy=BRIGHT, mWakefulness=Awake, mWakeLockSummary=0x1, mUserActivitySummary=0x1, mBootCompleted=true, screenBrightnessOverride=NaN, useAutoBrightness=false, mScreenBrightnessBoostInProgress=false, mIsVrModeEnabled= false, sQuiescent=false
06-27 00:28:42.112 D/PowerManagerNotifier( 1538): onWakeLockAcquired: flags=1, tag="*sync*/com.tencent.android.qqdownloader.YYBLiveAccountProvider/com.tencent.android.qqdownloader.YYBLiveAccountProvider.account/应用宝", packageName=android, ownerUid=1000, ownerPid=1538, workSource=WorkSource{10111}
06-27 00:28:42.112 D/ApplicationLoaders( 6299): Returning zygote-cached class loader: /system/framework/android.test.base.jar
06-27 00:28:42.113 D/CompatibilityInfo( 1538): mCompatibilityFlags - 4
06-27 00:28:42.113 D/CompatibilityInfo( 1538): applicationDensity - 240
06-27 00:28:42.113 D/CompatibilityInfo( 1538): applicationScale - 1.0
06-27 00:28:42.114 I/thunderperf( 1538): Maybe need boostperf for current app!
06-27 00:28:42.115 I/ActivityTaskManager( 1538): START u0 {act=android.settings.APP_SEARCH_SETTINGS pkg=com.android.settings.intelligence cmp=com.android.settings.intelligence/.search.SearchActivity (has extras)} from uid 1000
06-27 00:28:42.115 D/PowerManagerService( 1538): releaseWakeLockInternal: lock=234049306 [SyncLoopWakeLock], flags=0x0
06-27 00:28:42.115 D/PowerManagerNotifier( 1538): onWakeLockReleased: flags=1, tag="SyncLoopWakeLock", packageName=android, ownerUid=1000, ownerPid=1538, workSource=null
06-27 00:28:42.115 D/PowerManagerService( 1538): updateWakeLockSummaryLocked: mWakefulness=Awake, mWakeLockSummary=0x1
06-27 00:28:42.115 D/PowerManagerService( 1538): updateUserActivitySummaryLocked: groupId=0, mWakefulness=Awake, mUserActivitySummary=0x1, nextTimeout=129679 (in 59993 ms)
06-27 00:28:42.115 D/PowerManagerNotifier( 1538): onScreenPolicyUpdate: newPolicy=3
06-27 00:28:42.115 D/PowerManagerService( 1538): updateDisplayPowerStateLocked: displayReady=true, groupId=0, policy=BRIGHT, mWakefulness=Awake, mWakeLockSummary=0x1, mUserActivitySummary=0x1, mBootCompleted=true, screenBrightnessOverride=NaN, useAutoBrightness=false, mScreenBrightnessBoostInProgress=false, mIsVrModeEnabled= false, sQuiescent=false
06-27 00:28:42.119 I/EventSequenceValidator( 1538): inc AccIntentStartedEvents to 2
06-27 00:28:42.127 D/PowerManagerService( 1538): acquireWakeLockInternal: lock=234049306, flags=0x1, tag="SyncLoopWakeLock", ws=null, uid=1000, pid=1538
06-27 00:28:42.127 D/PowerManagerService( 1538): updateWakeLockSummaryLocked: mWakefulness=Awake, mWakeLockSummary=0x1
06-27 00:28:42.127 D/PowerManagerService( 1538): updateUserActivitySummaryLocked: groupId=0, mWakefulness=Awake, mUserActivitySummary=0x1, nextTimeout=129679 (in 59981 ms)
06-27 00:28:42.127 D/PowerManagerNotifier( 1538): onScreenPolicyUpdate: newPolicy=3
06-27 00:28:42.127 D/PowerManagerService( 1538): updateDisplayPowerStateLocked: displayReady=true, groupId=0, policy=BRIGHT, mWakefulness=Awake, mWakeLockSummary=0x1, mUserActivitySummary=0x1, mBootCompleted=true, screenBrightnessOverride=NaN, useAutoBrightness=false, mScreenBrightnessBoostInProgress=false, mIsVrModeEnabled= false, sQuiescent=false
06-27 00:28:42.127 D/PowerManagerNotifier( 1538): onWakeLockAcquired: flags=1, tag="SyncLoopWakeLock", packageName=android, ownerUid=1000, ownerPid=1538, workSource=null
06-27 00:28:42.128 D/PowerManagerService( 1538): releaseWakeLockInternal: lock=234049306 [SyncLoopWakeLock], flags=0x0
06-27 00:28:42.128 D/PowerManagerNotifier( 1538): onWakeLockReleased: flags=1, tag="SyncLoopWakeLock", packageName=android, ownerUid=1000, ownerPid=1538, workSource=null
06-27 00:28:42.128 D/PowerManagerService( 1538): updateWakeLockSummaryLocked: mWakefulness=Awake, mWakeLockSummary=0x1
06-27 00:28:42.128 D/PowerManagerService( 1538): updateUserActivitySummaryLocked: groupId=0, mWakefulness=Awake, mUserActivitySummary=0x1, nextTimeout=129679 (in 59980 ms)
06-27 00:28:42.128 D/PowerManagerNotifier( 1538): onScreenPolicyUpdate: newPolicy=3
06-27 00:28:42.128 D/PowerManagerService( 1538): updateDisplayPowerStateLocked: displayReady=true, groupId=0, policy=BRIGHT, mWakefulness=Awake, mWakeLockSummary=0x1, mUserActivitySummary=0x1, mBootCompleted=true, screenBrightnessOverride=NaN, useAutoBrightness=false, mScreenBrightnessBoostInProgress=false, mIsVrModeEnabled= false, sQuiescent=false
06-27 00:28:42.134 D/ActivityTaskManager( 1538): TaskLaunchParamsModifier:task=null activity=ActivityRecord{17d5bdd u0 com.android.settings.intelligence/.search.SearchActivity taskAffinity=10062:com.android.settings.intelligence display-area-from-source=DefaultTaskDisplayArea@48199672 display-id=0 display-windowing-mode=1 suggested-display-area=DefaultTaskDisplayArea@48199672
06-27 00:28:42.134 D/ActivityTaskManager( 1538): TaskLaunchParamsModifier:task=Task{d69ef75 #59 type=standard A=1000:com.android.settings.root U=0 visible=true mode=fullscreen translucent=false sz=1 visible freeform task=true rootAffinity=1000:com.android.settings.root isMini=false} activity=ActivityRecord{17d5bdd u0 com.android.settings.intelligence/.search.SearchActivity taskAffinity=10062:com.android.settings.intelligence t-1} display-area-from-source=DefaultTaskDisplayArea@48199672 display-id=0 display-windowing-mode=1 suggested-display-area=DefaultTaskDisplayArea@48199672 non-freeform-display display-area=DefaultTaskDisplayArea@48199672
06-27 00:28:42.138 D/CompatibilityChangeReporter( 1538): Compat change id reported: 174042980; UID 10062; state: DISABLED
06-27 00:28:42.139 D/PowerManagerService( 1538): acquireWakeLockInternal: lock=234049306, flags=0x1, tag="SyncLoopWakeLock", ws=null, uid=1000, pid=1538
06-27 00:28:42.139 D/PowerManagerService( 1538): updateWakeLockSummaryLocked: mWakefulness=Awake, mWakeLockSummary=0x1
06-27 00:28:42.139 D/CompatibilityChangeReporter( 1538): Compat change id reported: 184838306; UID 10062; state: DISABLED
06-27 00:28:42.139 D/PowerManagerService( 1538): updateUserActivitySummaryLocked: groupId=0, mWakefulness=Awake, mUserActivitySummary=0x1, nextTimeout=129679 (in 59969 ms)
06-27 00:28:42.139 D/PowerManagerNotifier( 1538): onScreenPolicyUpdate: newPolicy=3
06-27 00:28:42.139 D/PowerManagerService( 1538): updateDisplayPowerStateLocked: displayReady=true, groupId=0, policy=BRIGHT, mWakefulness=Awake, mWakeLockSummary=0x1, mUserActivitySummary=0x1, mBootCompleted=true, screenBrightnessOverride=NaN, useAutoBrightness=false, mScreenBrightnessBoostInProgress=false, mIsVrModeEnabled= false, sQuiescent=false
06-27 00:28:42.139 D/PowerManagerNotifier( 1538): onWakeLockAcquired: flags=1, tag="SyncLoopWakeLock", packageName=android, ownerUid=1000, ownerPid=1538, workSource=null
06-27 00:28:42.140 D/PowerManagerService( 1538): releaseWakeLockInternal: lock=153759482 [*job*/com.tencent.android.qqdownloader.YYBLiveAccountProvider/com.tencent.android.qqdownloader.YYBLiveAccountProvider.account/应用宝:android], flags=0x0
06-27 00:28:42.140 D/PowerManagerNotifier( 1538): onWakeLockReleased: flags=1, tag="*job*/com.tencent.android.qqdownloader.YYBLiveAccountProvider/com.tencent.android.qqdownloader.YYBLiveAccountProvider.account/应用宝:android", packageName=android, ownerUid=1000, ownerPid=1538, workSource=WorkSource{10111}
06-27 00:28:42.140 D/PowerManagerService( 1538): updateWakeLockSummaryLocked: mWakefulness=Awake, mWakeLockSummary=0x1
06-27 00:28:42.140 D/PowerManagerService( 1538): updateUserActivitySummaryLocked: groupId=0, mWakefulness=Awake, mUserActivitySummary=0x1, nextTimeout=129679 (in 59969 ms)
06-27 00:28:42.140 D/PowerManagerNotifier( 1538): onScreenPolicyUpdate: newPolicy=3
06-27 00:28:42.140 D/PowerManagerService( 1538): updateDisplayPowerStateLocked: displayReady=true, groupId=0, policy=BRIGHT, mWakefulness=Awake, mWakeLockSummary=0x1, mUserActivitySummary=0x1, mBootCompleted=true, screenBrightnessOverride=NaN, useAutoBrightness=false, mScreenBrightnessBoostInProgress=false, mIsVrModeEnabled= false, sQuiescent=false
06-27 00:28:42.140 D/CompatibilityChangeReporter( 1538): Compat change id reported: 185004937; UID 10062; state: DISABLED
06-27 00:28:42.140 D/CompatibilityChangeReporter( 1538): Compat change id reported: 181136395; UID 10062; state: DISABLED
06-27 00:28:42.141 D/PowerManagerService( 1538): releaseWakeLockInternal: lock=126900817 [*sync*/com.tencent.android.qqdownloader.YYBLiveAccountProvider/com.tencent.android.qqdownloader.YYBLiveAccountProvider.account/应用宝], flags=0x0
06-27 00:28:42.141 D/PowerManagerNotifier( 1538): onWakeLockReleased: flags=1, tag="*sync*/com.tencent.android.qqdownloader.YYBLiveAccountProvider/com.tencent.android.qqdownloader.YYBLiveAccountProvider.account/应用宝", packageName=android, ownerUid=1000, ownerPid=1538, workSource=WorkSource{10111}
06-27 00:28:42.141 D/PowerManagerService( 1538): updateWakeLockSummaryLocked: mWakefulness=Awake, mWakeLockSummary=0x1
06-27 00:28:42.141 D/PowerManagerService( 1538): updateUserActivitySummaryLocked: groupId=0, mWakefulness=Awake, mUserActivitySummary=0x1, nextTimeout=129679 (in 59967 ms)
06-27 00:28:42.141 D/PowerManagerNotifier( 1538): onScreenPolicyUpdate: newPolicy=3
06-27 00:28:42.141 D/PowerManagerService( 1538): updateDisplayPowerStateLocked: displayReady=true, groupId=0, policy=BRIGHT, mWakefulness=Awake, mWakeLockSummary=0x1, mUserActivitySummary=0x1, mBootCompleted=true, screenBrightnessOverride=NaN, useAutoBrightness=false, mScreenBrightnessBoostInProgress=false, mIsVrModeEnabled= false, sQuiescent=false
06-27 00:28:42.143 D/CompatibilityChangeReporter( 1538): Compat change id reported: 174042936; UID 10062; state: DISABLED
06-27 00:28:42.145 D/ActivityTrigger( 1538): ActivityTrigger activityPauseTrigger
06-27 00:28:42.145 I/Perf ( 6299): Connecting to perf service.
06-27 00:28:42.145 D/PowerManagerService( 1538): acquireWakeLockInternal: lock=53423375, flags=0x1, tag="*launch*", ws=WorkSource{10062}, uid=1000, pid=1538
06-27 00:28:42.145 D/PowerManagerService( 1538): updateWakeLockSummaryLocked: mWakefulness=Awake, mWakeLockSummary=0x1
06-27 00:28:42.145 D/PowerManagerService( 1538): updateUserActivitySummaryLocked: groupId=0, mWakefulness=Awake, mUserActivitySummary=0x1, nextTimeout=129679 (in 59963 ms)
06-27 00:28:42.145 D/PowerManagerNotifier( 1538): onScreenPolicyUpdate: newPolicy=3
06-27 00:28:42.145 D/PowerManagerService( 1538): updateDisplayPowerStateLocked: displayReady=true, groupId=0, policy=BRIGHT, mWakefulness=Awake, mWakeLockSummary=0x1, mUserActivitySummary=0x1, mBootCompleted=true, screenBrightnessOverride=NaN, useAutoBrightness=false, mScreenBrightnessBoostInProgress=false, mIsVrModeEnabled= false, sQuiescent=false
06-27 00:28:42.145 D/PowerManagerNotifier( 1538): onWakeLockAcquired: flags=1, tag="*launch*", packageName=android, ownerUid=1000, ownerPid=1538, workSource=WorkSource{10062}
06-27 00:28:42.147 D/SlicesDatabaseHelper( 5997): Created databases
06-27 00:28:42.148 D/CompatibilityChangeReporter( 1538): Compat change id reported: 135634846; UID 10062; state: DISABLED
06-27 00:28:42.148 D/CompatibilityChangeReporter( 1538): Compat change id reported: 177438394; UID 10062; state: DISABLED
06-27 00:28:42.148 D/CompatibilityChangeReporter( 1538): Compat change id reported: 135772972; UID 10062; state: DISABLED
06-27 00:28:42.148 D/CompatibilityChangeReporter( 1538): Compat change id reported: 135754954; UID 10062; state: DISABLED
06-27 00:28:42.148 D/CompatibilityChangeReporter( 1538): Compat change id reported: 143937733; UID 10062; state: DISABLED
06-27 00:28:42.155 D/Zygote ( 674): Forked child process 6324
06-27 00:28:42.155 D/BluetoothPan( 5997): Unbinding service...
06-27 00:28:42.156 I/ActivityManager( 1538): Start proc 6324:com.android.settings.intelligence/u0a62 for pre-top-activity {com.android.settings.intelligence/com.android.settings.intelligence.search.SearchActivity}
06-27 00:28:42.157 V/GraphicsEnvironment( 6299): ANGLE Developer option for 'com.android.permissioncontroller' set to: 'default'
06-27 00:28:42.157 I/ActivityTaskManager( 1538): FOREGROUND_APPLICATION_CHANGED to com.android.settings.intelligence.search.SearchActivity
06-27 00:28:42.157 D/PowerManagerService( 1538): releaseWakeLockInternal: lock=234049306 [SyncLoopWakeLock], flags=0x0
06-27 00:28:42.157 D/PowerManagerNotifier( 1538): onWakeLockReleased: flags=1, tag="SyncLoopWakeLock", packageName=android, ownerUid=1000, ownerPid=1538, workSource=null
06-27 00:28:42.158 D/PowerManagerService( 1538): updateWakeLockSummaryLocked: mWakefulness=Awake, mWakeLockSummary=0x1
06-27 00:28:42.158 D/PowerManagerService( 1538): updateUserActivitySummaryLocked: groupId=0, mWakefulness=Awake, mUserActivitySummary=0x1, nextTimeout=129679 (in 59951 ms)
06-27 00:28:42.158 D/PowerManagerNotifier( 1538): onScreenPolicyUpdate: newPolicy=3
06-27 00:28:42.158 D/PowerManagerService( 1538): updateDisplayPowerStateLocked: displayReady=true, groupId=0, policy=BRIGHT, mWakefulness=Awake, mWakeLockSummary=0x1, mUserActivitySummary=0x1, mBootCompleted=true, screenBrightnessOverride=NaN, useAutoBrightness=false, mScreenBrightnessBoostInProgress=false, mIsVrModeEnabled= false, sQuiescent=false
06-27 00:28:42.158 D/PowerManagerService( 1538): acquireWakeLockInternal: lock=234049306, flags=0x1, tag="SyncLoopWakeLock", ws=null, uid=1000, pid=1538
06-27 00:28:42.158 D/PowerManagerService( 1538): updateWakeLockSummaryLocked: mWakefulness=Awake, mWakeLockSummary=0x1
06-27 00:28:42.158 D/PowerManagerService( 1538): updateUserActivitySummaryLocked: groupId=0, mWakefulness=Awake, mUserActivitySummary=0x1, nextTimeout=129679 (in 59951 ms)
06-27 00:28:42.158 D/PowerManagerNotifier( 1538): onScreenPolicyUpdate: newPolicy=3
06-27 00:28:42.158 D/PowerManagerService( 1538): updateDisplayPowerStateLocked: displayReady=true, groupId=0, policy=BRIGHT, mWakefulness=Awake, mWakeLockSummary=0x1, mUserActivitySummary=0x1, mBootCompleted=true, screenBrightnessOverride=NaN, useAutoBrightness=false, mScreenBrightnessBoostInProgress=false, mIsVrModeEnabled= false, sQuiescent=false
06-27 00:28:42.158 D/PowerManagerNotifier( 1538): onWakeLockAcquired: flags=1, tag="SyncLoopWakeLock", packageName=android, ownerUid=1000, ownerPid=1538, workSource=null
06-27 00:28:42.158 V/GraphicsEnvironment( 6299): ANGLE GameManagerService for com.android.permissioncontroller: false
06-27 00:28:42.159 D/NetworkSecurityConfig( 6299): No Network Security Config specified, using platform default
06-27 00:28:42.159 D/NetworkSecurityConfig( 6299): No Network Security Config specified, using platform default
06-27 00:28:42.161 I/CarUiInstaller( 6299): CarUiInstaller started for com.android.permissioncontroller
06-27 00:28:42.162 W/ContextImpl( 1538): Calling a method in the system process without a qualified user: android.app.ContextImpl.sendBroadcast:1173 com.qualcomm.qti.Performance$SendGameLaunchBroadcast.run:217 java.lang.Thread.run:920
06-27 00:28:42.163 I/ActivityManager( 1538): Killing 3464:com.tencent.mobileqq/u0a28 (adj 935): empty #2
06-27 00:28:42.165 I/libc ( 6324): SetHeapTaggingLevel: tag level set to 0
06-27 00:28:42.167 W/SQLiteLog( 2985): (28) double-quoted string literal: "com.android.settings.intelligence"
06-27 00:28:42.168 D/CompatibilityInfo( 1538): mCompatibilityFlags - 4
06-27 00:28:42.168 D/CompatibilityInfo( 1538): applicationDensity - 240
06-27 00:28:42.168 D/CompatibilityInfo( 1538): applicationScale - 1.0
06-27 00:28:42.170 D/PowerManagerService( 1538): releaseWakeLockInternal: lock=234049306 [SyncLoopWakeLock], flags=0x0
06-27 00:28:42.170 D/PowerManagerNotifier( 1538): onWakeLockReleased: flags=1, tag="SyncLoopWakeLock", packageName=android, ownerUid=1000, ownerPid=1538, workSource=null
06-27 00:28:42.170 D/PowerManagerService( 1538): updateWakeLockSummaryLocked: mWakefulness=Awake, mWakeLockSummary=0x1
06-27 00:28:42.170 D/PowerManagerService( 1538): updateUserActivitySummaryLocked: groupId=0, mWakefulness=Awake, mUserActivitySummary=0x1, nextTimeout=129679 (in 59938 ms)
06-27 00:28:42.170 D/PowerManagerNotifier( 1538): onScreenPolicyUpdate: newPolicy=3
06-27 00:28:42.170 D/PowerManagerService( 1538): updateDisplayPowerStateLocked: displayReady=true, groupId=0, policy=BRIGHT, mWakefulness=Awake, mWakeLockSummary=0x1, mUserActivitySummary=0x1, mBootCompleted=true, screenBrightnessOverride=NaN, useAutoBrightness=false, mScreenBrightnessBoostInProgress=false, mIsVrModeEnabled= false, sQuiescent=false
06-27 00:28:42.171 D/PowerManagerService( 1538): acquireWakeLockInternal: lock=141263332, flags=0x1, tag="*job*/com.tencent.android.qqdownloader.YYBLiveAccountProvider/com.tencent.android.qqdownloader.YYBLiveAccountProvider.account/应用宝:android", ws=WorkSource{10111}, uid=1000, pid=1538
06-27 00:28:42.171 D/PowerManagerService( 1538): updateWakeLockSummaryLocked: mWakefulness=Awake, mWakeLockSummary=0x1
06-27 00:28:42.171 D/PowerManagerService( 1538): updateUserActivitySummaryLocked: groupId=0, mWakefulness=Awake, mUserActivitySummary=0x1, nextTimeout=129679 (in 59938 ms)
06-27 00:28:42.171 D/PowerManagerNotifier( 1538): onScreenPolicyUpdate: newPolicy=3
06-27 00:28:42.171 D/PowerManagerService( 1538): updateDisplayPowerStateLocked: displayReady=true, groupId=0, policy=BRIGHT, mWakefulness=Awake, mWakeLockSummary=0x1, mUserActivitySummary=0x1, mBootCompleted=true, screenBrightnessOverride=NaN, useAutoBrightness=false, mScreenBrightnessBoostInProgress=false, mIsVrModeEnabled= false, sQuiescent=false
06-27 00:28:42.171 D/PowerManagerNotifier( 1538): onWakeLockAcquired: flags=1, tag="*job*/com.tencent.android.qqdownloader.YYBLiveAccountProvider/com.tencent.android.qqdownloader.YYBLiveAccountProvider.account/应用宝:android", packageName=android, ownerUid=1000, ownerPid=1538, workSource=WorkSource{10111}
06-27 00:28:42.171 I/PermissionControllerServiceImpl( 6299): Updating user sensitive for user 0
06-27 00:28:42.171 D/PowerManagerService( 1538): acquireWakeLockInternal: lock=234049306, flags=0x1, tag="SyncLoopWakeLock", ws=null, uid=1000, pid=1538
06-27 00:28:42.171 D/PowerManagerService( 1538): updateWakeLockSummaryLocked: mWakefulness=Awake, mWakeLockSummary=0x1
06-27 00:28:42.171 D/PowerManagerService( 1538): updateUserActivitySummaryLocked: groupId=0, mWakefulness=Awake, mUserActivitySummary=0x1, nextTimeout=129679 (in 59938 ms)
06-27 00:28:42.171 D/PowerManagerNotifier( 1538): onScreenPolicyUpdate: newPolicy=3
06-27 00:28:42.171 D/PowerManagerService( 1538): updateDisplayPowerStateLocked: displayReady=true, groupId=0, policy=BRIGHT, mWakefulness=Awake, mWakeLockSummary=0x1, mUserActivitySummary=0x1, mBootCompleted=true, screenBrightnessOverride=NaN, useAutoBrightness=false, mScreenBrightnessBoostInProgress=false, mIsVrModeEnabled= false, sQuiescent=false
06-27 00:28:42.171 D/PowerManagerNotifier( 1538): onWakeLockAcquired: flags=1, tag="SyncLoopWakeLock", packageName=android, ownerUid=1000, ownerPid=1538, workSource=null
06-27 00:28:42.172 E/gs.intelligenc( 6324): Not starting debugger since process cannot load the jdwp agent.
06-27 00:28:42.172 D/BluetoothEventManager( 5997): adding SourceInfo Handler
06-27 00:28:42.173 I/libprocessgroup( 1538): Successfully killed process cgroup uid 10028 pid 3464 in 10ms
06-27 00:28:42.173 D/LocalBluetoothProfileManager( 5997): LocalBluetoothProfileManager construction complete
06-27 00:28:42.174 D/PowerManagerService( 1538): acquireWakeLockInternal: lock=126900817, flags=0x1, tag="*sync*/com.tencent.android.qqdownloader.YYBLiveAccountProvider/com.tencent.android.qqdownloader.YYBLiveAccountProvider.account/应用宝", ws=WorkSource{10111}, uid=1000, pid=1538
06-27 00:28:42.174 D/LocalBluetoothProfileManager( 5997): Adding local A2DP profile
06-27 00:28:42.174 D/PowerManagerService( 1538): updateWakeLockSummaryLocked: mWakefulness=Awake, mWakeLockSummary=0x1
06-27 00:28:42.174 D/PowerManagerService( 1538): updateUserActivitySummaryLocked: groupId=0, mWakefulness=Awake, mUserActivitySummary=0x1, nextTimeout=129679 (in 59935 ms)
06-27 00:28:42.174 D/PowerManagerNotifier( 1538): onScreenPolicyUpdate: newPolicy=3
06-27 00:28:42.174 D/PowerManagerService( 1538): updateDisplayPowerStateLocked: displayReady=true, groupId=0, policy=BRIGHT, mWakefulness=Awake, mWakeLockSummary=0x1, mUserActivitySummary=0x1, mBootCompleted=true, screenBrightnessOverride=NaN, useAutoBrightness=false, mScreenBrightnessBoostInProgress=false, mIsVrModeEnabled= false, sQuiescent=false
06-27 00:28:42.174 D/PowerManagerNotifier( 1538): onWakeLockAcquired: flags=1, tag="*sync*/com.tencent.android.qqdownloader.YYBLiveAccountProvider/com.tencent.android.qqdownloader.YYBLiveAccountProvider.account/应用宝", packageName=android, ownerUid=1000, ownerPid=1538, workSource=WorkSource{10111}
06-27 00:28:42.174 D/BluetoothA2dp( 5997): Binding service...
06-27 00:28:42.175 D/CompatibilityInfo( 1538): mCompatibilityFlags - 4
06-27 00:28:42.175 D/CompatibilityInfo( 1538): applicationDensity - 240
06-27 00:28:42.175 D/CompatibilityInfo( 1538): applicationScale - 1.0
06-27 00:28:42.176 D/ProcessState( 6324): Binder ioctl to enable oneway spam detection failed: Invalid argument
06-27 00:28:42.177 I/[ 69.747463] binder( 0): 6324:6324 ioctl 40046210 7fdc24c794 returned -22
06-27 00:28:42.177 D/PowerManagerService( 1538): releaseWakeLockInternal: lock=234049306 [SyncLoopWakeLock], flags=0x0
06-27 00:28:42.177 D/PowerManagerNotifier( 1538): onWakeLockReleased: flags=1, tag="SyncLoopWakeLock", packageName=android, ownerUid=1000, ownerPid=1538, workSource=null
06-27 00:28:42.177 D/PowerManagerService( 1538): updateWakeLockSummaryLocked: mWakefulness=Awake, mWakeLockSummary=0x1
06-27 00:28:42.177 D/PowerManagerService( 1538): updateUserActivitySummaryLocked: groupId=0, mWakefulness=Awake, mUserActivitySummary=0x1, nextTimeout=129679 (in 59931 ms)
06-27 00:28:42.177 D/PowerManagerNotifier( 1538): onScreenPolicyUpdate: newPolicy=3
06-27 00:28:42.177 D/PowerManagerService( 1538): updateDisplayPowerStateLocked: displayReady=true, groupId=0, policy=BRIGHT, mWakefulness=Awake, mWakeLockSummary=0x1, mUserActivitySummary=0x1, mBootCompleted=true, screenBrightnessOverride=NaN, useAutoBrightness=false, mScreenBrightnessBoostInProgress=false, mIsVrModeEnabled= false, sQuiescent=false
06-27 00:28:42.177 D/BluetoothA2dp( 5997): Proxy object connected
06-27 00:28:42.178 D/LocalBluetoothProfileManager( 5997): Adding local HEADSET profile
06-27 00:28:42.179 D/BluetoothHeadset( 5997): Binding service...
06-27 00:28:42.180 W/BluetoothManagerService( 1538): psc is not null in bindBluetoothProfileService
06-27 00:28:42.180 D/PowerManagerService( 1538): acquireWakeLockInternal: lock=234049306, flags=0x1, tag="SyncLoopWakeLock", ws=null, uid=1000, pid=1538
06-27 00:28:42.180 D/LocalBluetoothProfileManager( 5997): Adding local MAP profile
06-27 00:28:42.180 D/PowerManagerService( 1538): updateWakeLockSummaryLocked: mWakefulness=Awake, mWakeLockSummary=0x1
06-27 00:28:42.180 D/BluetoothMap( 5997): Create BluetoothMap proxy object
06-27 00:28:42.180 D/PowerManagerService( 1538): updateUserActivitySummaryLocked: groupId=0, mWakefulness=Awake, mUserActivitySummary=0x1, nextTimeout=129679 (in 59929 ms)
06-27 00:28:42.180 D/PowerManagerNotifier( 1538): onScreenPolicyUpdate: newPolicy=3
06-27 00:28:42.180 D/PowerManagerService( 1538): updateDisplayPowerStateLocked: displayReady=true, groupId=0, policy=BRIGHT, mWakefulness=Awake, mWakeLockSummary=0x1, mUserActivitySummary=0x1, mBootCompleted=true, screenBrightnessOverride=NaN, useAutoBrightness=false, mScreenBrightnessBoostInProgress=false, mIsVrModeEnabled= false, sQuiescent=false
06-27 00:28:42.180 D/PowerManagerNotifier( 1538): onWakeLockAcquired: flags=1, tag="SyncLoopWakeLock", packageName=android, ownerUid=1000, ownerPid=1538, workSource=null
06-27 00:28:42.180 D/BluetoothMap( 5997): Binding service...
06-27 00:28:42.180 I/BpBinder( 909): onLastStrongRef automatically unlinking death recipients:
06-27 00:28:42.181 D/PowerManagerService( 1538): releaseWakeLockInternal: lock=234049306 [SyncLoopWakeLock], flags=0x0
06-27 00:28:42.181 D/PowerManagerNotifier( 1538): onWakeLockReleased: flags=1, tag="SyncLoopWakeLock", packageName=android, ownerUid=1000, ownerPid=1538, workSource=null
06-27 00:28:42.181 D/PowerManagerService( 1538): updateWakeLockSummaryLocked: mWakefulness=Awake, mWakeLockSummary=0x1
06-27 00:28:42.181 D/PowerManagerService( 1538): updateUserActivitySummaryLocked: groupId=0, mWakefulness=Awake, mUserActivitySummary=0x1, nextTimeout=129679 (in 59928 ms)
06-27 00:28:42.181 D/PowerManagerNotifier( 1538): onScreenPolicyUpdate: newPolicy=3
06-27 00:28:42.181 D/PowerManagerService( 1538): updateDisplayPowerStateLocked: displayReady=true, groupId=0, policy=BRIGHT, mWakefulness=Awake, mWakeLockSummary=0x1, mUserActivitySummary=0x1, mBootCompleted=true, screenBrightnessOverride=NaN, useAutoBrightness=false, mScreenBrightnessBoostInProgress=false, mIsVrModeEnabled= false, sQuiescent=false
06-27 00:28:42.183 D/CompatibilityChangeReporter( 1538): Compat change id reported: 168419799; UID 10062; state: DISABLED
06-27 00:28:42.183 D/CompatibilityInfo( 1538): mCompatibilityFlags - 4
06-27 00:28:42.183 D/CompatibilityInfo( 1538): applicationDensity - 240
06-27 00:28:42.183 D/CompatibilityInfo( 1538): applicationScale - 1.0
06-27 00:28:42.184 D/CompatibilityInfo( 1538): mCompatibilityFlags - 4
06-27 00:28:42.184 D/CompatibilityInfo( 1538): applicationDensity - 240
06-27 00:28:42.184 D/CompatibilityInfo( 1538): applicationScale - 1.0
06-27 00:28:42.186 D/CompatibilityChangeReporter( 6324): Compat change id reported: 171979766; UID 10062; state: DISABLED
06-27 00:28:42.188 D/LocalBluetoothProfileManager( 5997): Adding local OPP profile
06-27 00:28:42.188 D/LocalBluetoothProfileManager( 5997): Adding local Hearing Aid profile
06-27 00:28:42.188 D/ApplicationLoaders( 6324): Returning zygote-cached class loader: /system/framework/android.test.base.jar
06-27 00:28:42.189 D/BluetoothHearingAid( 5997): Binding service...
06-27 00:28:42.191 D/LocalBluetoothProfileManager( 5997): Adding local HID_HOST profile
06-27 00:28:42.191 D/BluetoothHidHost( 5997): Binding service...
06-27 00:28:42.192 I/GameMode_ActivityMonitoringService( 2014): onActivityLaunch: com.android.settings.intelligence, isGameApp: false
06-27 00:28:42.192 V/GameMode_GpuUtils( 2014): fps:60
06-27 00:28:42.192 D/LocalBluetoothProfileManager( 5997): Adding local PAN profile
06-27 00:28:42.193 D/BluetoothPan( 5997): Binding service...
06-27 00:28:42.194 D/PowerManagerService( 1538): acquireWakeLockInternal: lock=234049306, flags=0x1, tag="SyncLoopWakeLock", ws=null, uid=1000, pid=1538
06-27 00:28:42.194 D/PowerManagerService( 1538): updateWakeLockSummaryLocked: mWakefulness=Awake, mWakeLockSummary=0x1
06-27 00:28:42.194 D/PowerManagerService( 1538): updateUserActivitySummaryLocked: groupId=0, mWakefulness=Awake, mUserActivitySummary=0x1, nextTimeout=129679 (in 59915 ms)
06-27 00:28:42.194 D/LocalBluetoothProfileManager( 5997): Adding local PBAP profile
06-27 00:28:42.194 D/PowerManagerNotifier( 1538): onScreenPolicyUpdate: newPolicy=3
06-27 00:28:42.194 D/nativeloader( 6324): classloader namespace configured for unbundled product apk. library_path=/product/priv-app/SettingsIntelligence/lib/arm64:/product/lib64:/system/product/lib64
06-27 00:28:42.194 D/PowerManagerService( 1538): updateDisplayPowerStateLocked: displayReady=true, groupId=0, policy=BRIGHT, mWakefulness=Awake, mWakeLockSummary=0x1, mUserActivitySummary=0x1, mBootCompleted=true, screenBrightnessOverride=NaN, useAutoBrightness=false, mScreenBrightnessBoostInProgress=false, mIsVrModeEnabled= false, sQuiescent=false
06-27 00:28:42.194 D/PowerManagerNotifier( 1538): onWakeLockAcquired: flags=1, tag="SyncLoopWakeLock", packageName=android, ownerUid=1000, ownerPid=1538, workSource=null
06-27 00:28:42.195 D/PowerManagerService( 1538): releaseWakeLockInternal: lock=141263332 [*job*/com.tencent.android.qqdownloader.YYBLiveAccountProvider/com.tencent.android.qqdownloader.YYBLiveAccountProvider.account/应用宝:android], flags=0x0
06-27 00:28:42.195 D/PowerManagerNotifier( 1538): onWakeLockReleased: flags=1, tag="*job*/com.tencent.android.qqdownloader.YYBLiveAccountProvider/com.tencent.android.qqdownloader.YYBLiveAccountProvider.account/应用宝:android", packageName=android, ownerUid=1000, ownerPid=1538, workSource=WorkSource{10111}
06-27 00:28:42.195 D/PowerManagerService( 1538): updateWakeLockSummaryLocked: mWakefulness=Awake, mWakeLockSummary=0x1
06-27 00:28:42.195 D/PowerManagerService( 1538): updateUserActivitySummaryLocked: groupId=0, mWakefulness=Awake, mUserActivitySummary=0x1, nextTimeout=129679 (in 59913 ms)
06-27 00:28:42.195 D/PowerManagerNotifier( 1538): onScreenPolicyUpdate: newPolicy=3
06-27 00:28:42.195 D/PowerManagerService( 1538): updateDisplayPowerStateLocked: displayReady=true, groupId=0, policy=BRIGHT, mWakefulness=Awake, mWakeLockSummary=0x1, mUserActivitySummary=0x1, mBootCompleted=true, screenBrightnessOverride=NaN, useAutoBrightness=false, mScreenBrightnessBoostInProgress=false, mIsVrModeEnabled= false, sQuiescent=false
06-27 00:28:42.195 D/LocalBluetoothProfileManager( 5997): Adding local SAP profile
06-27 00:28:42.196 D/BluetoothSap( 5997): Create BluetoothSap proxy object
06-27 00:28:42.196 D/BluetoothSap( 5997): Binding service...
06-27 00:28:42.197 D/BluetoothMap( 5997): Proxy object connected
06-27 00:28:42.198 D/BluetoothMap( 5997): getConnectedDevices()
06-27 00:28:42.198 D/BluetoothHearingAid( 5997): Proxy object connected
06-27 00:28:42.199 D/BluetoothHidHost( 5997): Proxy object connected
06-27 00:28:42.199 D/GameModeIF_GameModeSettings( 2014): getUriFor setting_content_uri_root = content://com.thundercomm.gamemode.api/gamemode_settings , name = gamemode_enable
06-27 00:28:42.200 D/BluetoothHidHostService( 1915): getDevicesMatchingConnectionStates()
06-27 00:28:42.200 D/BluetoothPan( 5997): Proxy object connected
06-27 00:28:42.202 D/PowerManagerService( 1538): releaseWakeLockInternal: lock=126900817 [*sync*/com.tencent.android.qqdownloader.YYBLiveAccountProvider/com.tencent.android.qqdownloader.YYBLiveAccountProvider.account/应用宝], flags=0x0
06-27 00:28:42.202 D/PowerManagerNotifier( 1538): onWakeLockReleased: flags=1, tag="*sync*/com.tencent.android.qqdownloader.YYBLiveAccountProvider/com.tencent.android.qqdownloader.YYBLiveAccountProvider.account/应用宝", packageName=android, ownerUid=1000, ownerPid=1538, workSource=WorkSource{10111}
06-27 00:28:42.202 D/PowerManagerService( 1538): updateWakeLockSummaryLocked: mWakefulness=Awake, mWakeLockSummary=0x1
06-27 00:28:42.202 D/PowerManagerService( 1538): updateUserActivitySummaryLocked: groupId=0, mWakefulness=Awake, mUserActivitySummary=0x1, nextTimeout=129679 (in 59907 ms)
06-27 00:28:42.202 D/PowerManagerNotifier( 1538): onScreenPolicyUpdate: newPolicy=3
06-27 00:28:42.202 D/PowerManagerService( 1538): updateDisplayPowerStateLocked: displayReady=true, groupId=0, policy=BRIGHT, mWakefulness=Awake, mWakeLockSummary=0x1, mUserActivitySummary=0x1, mBootCompleted=true, screenBrightnessOverride=NaN, useAutoBrightness=false, mScreenBrightnessBoostInProgress=false, mIsVrModeEnabled= false, sQuiescent=false
06-27 00:28:42.206 W/SyncManager( 1538): failed sync operation JobId=100002 ***/com.tencent.android.qqdownloader.YYBLiveAccountProvider.account u0 [com.tencent.android.qqdownloader.YYBLiveAccountProvider] USER ExpectedIn=0s STANDBY-EXEMPTED Reason=10111, SyncResult: syncAlreadyInProgress: true stats []
06-27 00:28:42.206 I/Perf ( 6324): Connecting to perf service.
06-27 00:28:42.207 D/ConnectivityService( 1538): ConnectivityService NetworkRequestInfo binderDied(uid/pid:10028/3464, android.os.BinderProxy@9085ac1)
06-27 00:28:42.207 D/ConnectivityService( 1538): ConnectivityService NetworkRequestInfo binderDied(uid/pid:10028/3464, android.os.BinderProxy@f0369a7)
06-27 00:28:42.207 D/ConnectivityService( 1538): releasing NetworkRequest [ REQUEST id=31, [ Capabilities: INTERNET&NOT_RESTRICTED&TRUSTED&NOT_VCN_MANAGED Uid: 10028 RequestorUid: 10028 RequestorPkg: com.tencent.mobileqq] ] (release request)
06-27 00:28:42.208 I/Zygote ( 674): Process 3464 exited due to signal 9 (Killed)
06-27 00:28:42.209 D/LocalBluetoothProfileManager( 5997): Current Profiles[]
06-27 00:28:42.210 V/GraphicsEnvironment( 6324): ANGLE Developer option for 'com.android.settings.intelligence' set to: 'default'
06-27 00:28:42.210 D/BluetoothMap( 5997): getConnectionState(5C:FB:7C:39:04:0D)
06-27 00:28:42.210 V/GraphicsEnvironment( 6324): ANGLE GameManagerService for com.android.settings.intelligence: false
06-27 00:28:42.210 D/NetworkSecurityConfig( 6324): No Network Security Config specified, using platform default
06-27 00:28:42.211 D/NetworkSecurityConfig( 6324): No Network Security Config specified, using platform default
06-27 00:28:42.211 D/LocalBluetoothProfileManager( 5997): New Profiles[HEADSET, A2DP, PBAP Server]
06-27 00:28:42.211 D/CachedBluetoothDevice( 5997): updating profiles for JBL GO
06-27 00:28:42.212 V/CachedBluetoothDevice( 5997): Class: 240404
06-27 00:28:42.212 V/CachedBluetoothDevice( 5997): UUID:
06-27 00:28:42.212 V/CachedBluetoothDevice( 5997): 00001101-0000-1000-8000-00805f9b34fb
