06-27 00:28:36.041 W/System.err( 3507): at com.android.okhttp.internal.huc.HttpURLConnectionImpl.getResponseCode(HttpURLConnectionImpl.java:542)
06-27 00:28:36.041 W/System.err( 3507): at com.android.okhttp.internal.huc.DelegatingHttpsURLConnection.getResponseCode(DelegatingHttpsURLConnection.java:106)
06-27 00:28:36.041 W/System.err( 3507): at com.android.okhttp.internal.huc.HttpsURLConnectionImpl.getResponseCode(HttpsURLConnectionImpl.java:30)
06-27 00:28:36.041 W/System.err( 3507): at com.tencent.halley.downloader.a.a.a.b(Unknown Source:385)
06-27 00:28:36.041 W/System.err( 3507): at com.tencent.halley.downloader.task.section.d.a(Unknown Source:191)
06-27 00:28:36.041 W/System.err( 3507): at com.tencent.halley.downloader.task.section.d.run(Unknown Source:612)
06-27 00:28:36.041 W/System.err( 3507): at java.util.concurrent.Executors$RunnableAdapter.call(Executors.java:462)
06-27 00:28:36.042 W/System.err( 3507): at java.util.concurrent.FutureTask.run(FutureTask.java:266)
06-27 00:28:36.042 W/System.err( 3507): at java.util.concurrent.ThreadPoolExecutor.runWorker(ThreadPoolExecutor.java:1167)
06-27 00:28:36.042 W/System.err( 3507): at java.util.concurrent.ThreadPoolExecutor$Worker.run(ThreadPoolExecutor.java:641)
06-27 00:28:36.042 W/System.err( 3507): at java.lang.Thread.run(Thread.java:920)
06-27 00:28:36.055 W/System.err( 3507): java.lang.NumberFormatException: For input string: "yun-hl"
06-27 00:28:36.055 W/System.err( 3507): at java.lang.Integer.parseInt(Integer.java:615)
06-27 00:28:36.055 W/System.err( 3507): at java.lang.Integer.parseInt(Integer.java:650)
06-27 00:28:36.055 W/System.err( 3507): at com.tencent.halley.common.f.h.d(Unknown Source:74)
06-27 00:28:36.055 W/System.err( 3507): at com.tencent.halley.common.b.a.g.b(Unknown Source:60)
06-27 00:28:36.055 W/System.err( 3507): at com.tencent.halley.common.b.a.c.b(Unknown Source:389)
06-27 00:28:36.055 W/System.err( 3507): at com.tencent.halley.downloader.d.c.a(Unknown Source:85)
06-27 00:28:36.055 W/System.err( 3507): at com.tencent.halley.downloader.task.section.d.run(Unknown Source:155)
06-27 00:28:36.055 W/System.err( 3507): at java.util.concurrent.Executors$RunnableAdapter.call(Executors.java:462)
06-27 00:28:36.055 W/System.err( 3507): at java.util.concurrent.FutureTask.run(FutureTask.java:266)
06-27 00:28:36.055 W/System.err( 3507): at java.util.concurrent.ThreadPoolExecutor.runWorker(ThreadPoolExecutor.java:1167)
06-27 00:28:36.055 W/System.err( 3507): at java.util.concurrent.ThreadPoolExecutor$Worker.run(ThreadPoolExecutor.java:641)
06-27 00:28:36.055 W/System.err( 3507): at java.lang.Thread.run(Thread.java:920)
06-27 00:28:36.069 W/System.err( 3507): java.net.ConnectException: Failed to connect to yun-hl.3g.qq.com/10.0.0.1:443
06-27 00:28:36.069 W/System.err( 3507): at com.android.okhttp.internal.io.RealConnection.connectSocket(RealConnection.java:147)
06-27 00:28:36.069 W/System.err( 3507): at com.android.okhttp.internal.io.RealConnection.connect(RealConnection.java:116)
06-27 00:28:36.069 W/System.err( 3507): at com.android.okhttp.internal.http.StreamAllocation.findConnection(StreamAllocation.java:186)
06-27 00:28:36.069 W/System.err( 3507): at com.android.okhttp.internal.http.StreamAllocation.findHealthyConnection(StreamAllocation.java:128)
06-27 00:28:36.069 W/System.err( 3507): at com.android.okhttp.internal.http.StreamAllocation.newStream(StreamAllocation.java:97)
06-27 00:28:36.069 W/System.err( 3507): at com.android.okhttp.internal.http.HttpEngine.connect(HttpEngine.java:289)
06-27 00:28:36.069 W/System.err( 3507): at com.android.okhttp.internal.http.HttpEngine.sendRequest(HttpEngine.java:232)
06-27 00:28:36.069 W/System.err( 3507): at com.android.okhttp.internal.huc.HttpURLConnectionImpl.execute(HttpURLConnectionImpl.java:465)
06-27 00:28:36.069 W/System.err( 3507): at com.android.okhttp.internal.huc.HttpURLConnectionImpl.connect(HttpURLConnectionImpl.java:131)
06-27 00:28:36.069 W/System.err( 3507): at com.android.okhttp.internal.huc.DelegatingHttpsURLConnection.connect(DelegatingHttpsURLConnection.java:90)
06-27 00:28:36.069 W/System.err( 3507): at com.android.okhttp.internal.huc.HttpsURLConnectionImpl.connect(HttpsURLConnectionImpl.java:30)
06-27 00:28:36.070 W/System.err( 3507): at com.tencent.halley.common.b.a.g.b(Unknown Source:236)
06-27 00:28:36.070 W/System.err( 3507): at com.tencent.halley.common.b.a.c.b(Unknown Source:389)
06-27 00:28:36.070 W/System.err( 3507): at com.tencent.halley.downloader.d.c.a(Unknown Source:85)
06-27 00:28:36.070 W/System.err( 3507): at com.tencent.halley.downloader.task.section.d.run(Unknown Source:155)
06-27 00:28:36.070 W/System.err( 3507): at java.util.concurrent.Executors$RunnableAdapter.call(Executors.java:462)
06-27 00:28:36.070 W/System.err( 3507): at java.util.concurrent.FutureTask.run(FutureTask.java:266)
06-27 00:28:36.070 W/System.err( 3507): at java.util.concurrent.ThreadPoolExecutor.runWorker(ThreadPoolExecutor.java:1167)
06-27 00:28:36.070 W/System.err( 3507): at java.util.concurrent.ThreadPoolExecutor$Worker.run(ThreadPoolExecutor.java:641)
06-27 00:28:36.070 W/System.err( 3507): at java.lang.Thread.run(Thread.java:920)
06-27 00:28:36.279 I/mpu_uart( 653): [MSG-P:RECV]:No message received in 1000 ms
06-27 00:28:36.287 I/mpu_uart( 653): [MSG-P:R]:recv sync frame timeout
06-27 00:28:37.106 W/System.err( 3507): java.net.ConnectException: Failed to connect to shiply-yyb-1258344701.file.myqcloud.com/10.0.0.1:443
06-27 00:28:37.106 W/System.err( 3507): at com.android.okhttp.internal.io.RealConnection.connectSocket(RealConnection.java:147)
06-27 00:28:37.106 W/System.err( 3507): at com.android.okhttp.internal.io.RealConnection.connect(RealConnection.java:116)
06-27 00:28:37.106 W/System.err( 3507): at com.android.okhttp.internal.http.StreamAllocation.findConnection(StreamAllocation.java:186)
06-27 00:28:37.106 W/System.err( 3507): at com.android.okhttp.internal.http.StreamAllocation.findHealthyConnection(StreamAllocation.java:128)
06-27 00:28:37.106 W/System.err( 3507): at com.android.okhttp.internal.http.StreamAllocation.newStream(StreamAllocation.java:97)
06-27 00:28:37.106 W/System.err( 3507): at com.android.okhttp.internal.http.HttpEngine.connect(HttpEngine.java:289)
06-27 00:28:37.106 W/System.err( 3507): at com.android.okhttp.internal.http.HttpEngine.sendRequest(HttpEngine.java:232)
06-27 00:28:37.106 W/System.err( 3507): at com.android.okhttp.internal.huc.HttpURLConnectionImpl.execute(HttpURLConnectionImpl.java:465)
06-27 00:28:37.106 W/System.err( 3507): at com.android.okhttp.internal.huc.HttpURLConnectionImpl.getResponse(HttpURLConnectionImpl.java:411)
06-27 00:28:37.106 W/System.err( 3507): at com.android.okhttp.internal.huc.HttpURLConnectionImpl.getResponseCode(HttpURLConnectionImpl.java:542)
06-27 00:28:37.107 W/System.err( 3507): at com.android.okhttp.internal.huc.DelegatingHttpsURLConnection.getResponseCode(DelegatingHttpsURLConnection.java:106)
06-27 00:28:37.107 W/System.err( 3507): at com.android.okhttp.internal.huc.HttpsURLConnectionImpl.getResponseCode(HttpsURLConnectionImpl.java:30)
06-27 00:28:37.107 W/System.err( 3507): at com.tencent.halley.downloader.a.a.a.b(Unknown Source:385)
06-27 00:28:37.107 W/System.err( 3507): at com.tencent.halley.downloader.task.section.d.a(Unknown Source:191)
06-27 00:28:37.107 W/System.err( 3507): at com.tencent.halley.downloader.task.section.d.run(Unknown Source:612)
06-27 00:28:37.107 W/System.err( 3507): at java.util.concurrent.Executors$RunnableAdapter.call(Executors.java:462)
06-27 00:28:37.107 W/System.err( 3507): at java.util.concurrent.FutureTask.run(FutureTask.java:266)
06-27 00:28:37.107 W/System.err( 3507): at java.util.concurrent.ThreadPoolExecutor.runWorker(ThreadPoolExecutor.java:1167)
06-27 00:28:37.107 W/System.err( 3507): at java.util.concurrent.ThreadPoolExecutor$Worker.run(ThreadPoolExecutor.java:641)
06-27 00:28:37.107 W/System.err( 3507): at java.lang.Thread.run(Thread.java:920)
06-27 00:28:37.117 W/System.err( 3507): java.net.ConnectException: Failed to connect to shiply-yyb-1258344701.file.myqcloud.com/10.0.0.1:443
06-27 00:28:37.117 W/System.err( 3507): at com.android.okhttp.internal.io.RealConnection.connectSocket(RealConnection.java:147)
06-27 00:28:37.117 W/System.err( 3507): at com.android.okhttp.internal.io.RealConnection.connect(RealConnection.java:116)
06-27 00:28:37.118 W/System.err( 3507): at com.android.okhttp.internal.http.StreamAllocation.findConnection(StreamAllocation.java:186)
06-27 00:28:37.118 W/System.err( 3507): at com.android.okhttp.internal.http.StreamAllocation.findHealthyConnection(StreamAllocation.java:128)
06-27 00:28:37.118 W/System.err( 3507): at com.android.okhttp.internal.http.StreamAllocation.newStream(StreamAllocation.java:97)
06-27 00:28:37.118 W/System.err( 3507): at com.android.okhttp.internal.http.HttpEngine.connect(HttpEngine.java:289)
06-27 00:28:37.118 W/System.err( 3507): at com.android.okhttp.internal.http.HttpEngine.sendRequest(HttpEngine.java:232)
06-27 00:28:37.118 W/System.err( 3507): at com.android.okhttp.internal.huc.HttpURLConnectionImpl.execute(HttpURLConnectionImpl.java:465)
06-27 00:28:37.118 W/System.err( 3507): at com.android.okhttp.internal.huc.HttpURLConnectionImpl.getResponse(HttpURLConnectionImpl.java:411)
06-27 00:28:37.118 W/System.err( 3507): at com.android.okhttp.internal.huc.HttpURLConnectionImpl.getResponseCode(HttpURLConnectionImpl.java:542)
06-27 00:28:37.118 W/System.err( 3507): at com.android.okhttp.internal.huc.DelegatingHttpsURLConnection.getResponseCode(DelegatingHttpsURLConnection.java:106)
06-27 00:28:37.118 W/System.err( 3507): at com.android.okhttp.internal.huc.HttpsURLConnectionImpl.getResponseCode(HttpsURLConnectionImpl.java:30)
06-27 00:28:37.118 W/System.err( 3507): at com.tencent.halley.downloader.a.a.a.b(Unknown Source:385)
06-27 00:28:37.118 W/System.err( 3507): at com.tencent.halley.downloader.task.section.d.a(Unknown Source:191)
06-27 00:28:37.119 W/System.err( 3507): at com.tencent.halley.downloader.task.section.d.run(Unknown Source:612)
06-27 00:28:37.119 W/System.err( 3507): at java.util.concurrent.Executors$RunnableAdapter.call(Executors.java:462)
06-27 00:28:37.119 W/System.err( 3507): at java.util.concurrent.FutureTask.run(FutureTask.java:266)
06-27 00:28:37.119 W/System.err( 3507): at java.util.concurrent.ThreadPoolExecutor.runWorker(ThreadPoolExecutor.java:1167)
06-27 00:28:37.119 W/System.err( 3507): at java.util.concurrent.ThreadPoolExecutor$Worker.run(ThreadPoolExecutor.java:641)
06-27 00:28:37.119 W/System.err( 3507): at java.lang.Thread.run(Thread.java:920)
06-27 00:28:37.132 W/System.err( 3507): java.lang.NumberFormatException: For input string: "yun-hl"
06-27 00:28:37.132 W/System.err( 3507): at java.lang.Integer.parseInt(Integer.java:615)
06-27 00:28:37.132 W/System.err( 3507): at java.lang.Integer.parseInt(Integer.java:650)
06-27 00:28:37.132 W/System.err( 3507): at com.tencent.halley.common.f.h.d(Unknown Source:74)
06-27 00:28:37.132 W/System.err( 3507): at com.tencent.halley.common.b.a.g.b(Unknown Source:60)
06-27 00:28:37.132 W/System.err( 3507): at com.tencent.halley.common.b.a.c.b(Unknown Source:389)
06-27 00:28:37.132 W/System.err( 3507): at com.tencent.halley.downloader.d.c.a(Unknown Source:85)
06-27 00:28:37.132 W/System.err( 3507): at com.tencent.halley.downloader.task.section.d.run(Unknown Source:155)
06-27 00:28:37.133 W/System.err( 3507): at java.util.concurrent.Executors$RunnableAdapter.call(Executors.java:462)
06-27 00:28:37.133 W/System.err( 3507): at java.util.concurrent.FutureTask.run(FutureTask.java:266)
06-27 00:28:37.133 W/System.err( 3507): at java.util.concurrent.ThreadPoolExecutor.runWorker(ThreadPoolExecutor.java:1167)
06-27 00:28:37.133 W/System.err( 3507): at java.util.concurrent.ThreadPoolExecutor$Worker.run(ThreadPoolExecutor.java:641)
06-27 00:28:37.133 W/System.err( 3507): at java.lang.Thread.run(Thread.java:920)
06-27 00:28:37.141 W/System.err( 3507): java.net.ConnectException: Failed to connect to yun-hl.3g.qq.com/10.0.0.1:443
06-27 00:28:37.141 W/System.err( 3507): at com.android.okhttp.internal.io.RealConnection.connectSocket(RealConnection.java:147)
06-27 00:28:37.141 W/System.err( 3507): at com.android.okhttp.internal.io.RealConnection.connect(RealConnection.java:116)
06-27 00:28:37.141 W/System.err( 3507): at com.android.okhttp.internal.http.StreamAllocation.findConnection(StreamAllocation.java:186)
06-27 00:28:37.141 W/System.err( 3507): at com.android.okhttp.internal.http.StreamAllocation.findHealthyConnection(StreamAllocation.java:128)
06-27 00:28:37.141 W/System.err( 3507): at com.android.okhttp.internal.http.StreamAllocation.newStream(StreamAllocation.java:97)
06-27 00:28:37.142 W/System.err( 3507): at com.android.okhttp.internal.http.HttpEngine.connect(HttpEngine.java:289)
06-27 00:28:37.142 W/System.err( 3507): at com.android.okhttp.internal.http.HttpEngine.sendRequest(HttpEngine.java:232)
06-27 00:28:37.142 W/System.err( 3507): at com.android.okhttp.internal.huc.HttpURLConnectionImpl.execute(HttpURLConnectionImpl.java:465)
06-27 00:28:37.142 W/System.err( 3507): at com.android.okhttp.internal.huc.HttpURLConnectionImpl.connect(HttpURLConnectionImpl.java:131)
06-27 00:28:37.142 W/System.err( 3507): at com.android.okhttp.internal.huc.DelegatingHttpsURLConnection.connect(DelegatingHttpsURLConnection.java:90)
06-27 00:28:37.142 W/System.err( 3507): at com.android.okhttp.internal.huc.HttpsURLConnectionImpl.connect(HttpsURLConnectionImpl.java:30)
06-27 00:28:37.142 W/System.err( 3507): at com.tencent.halley.common.b.a.g.b(Unknown Source:236)
06-27 00:28:37.142 W/System.err( 3507): at com.tencent.halley.common.b.a.c.b(Unknown Source:389)
06-27 00:28:37.142 W/System.err( 3507): at com.tencent.halley.downloader.d.c.a(Unknown Source:85)
06-27 00:28:37.142 W/System.err( 3507): at com.tencent.halley.downloader.task.section.d.run(Unknown Source:155)
06-27 00:28:37.142 W/System.err( 3507): at java.util.concurrent.Executors$RunnableAdapter.call(Executors.java:462)
06-27 00:28:37.142 W/System.err( 3507): at java.util.concurrent.FutureTask.run(FutureTask.java:266)
06-27 00:28:37.142 W/System.err( 3507): at java.util.concurrent.ThreadPoolExecutor.runWorker(ThreadPoolExecutor.java:1167)
06-27 00:28:37.142 W/System.err( 3507): at java.util.concurrent.ThreadPoolExecutor$Worker.run(ThreadPoolExecutor.java:641)
06-27 00:28:37.142 W/System.err( 3507): at java.lang.Thread.run(Thread.java:920)
06-27 00:28:37.262 D/PowerManagerService( 1538): acquireWakeLockInternal: lock=256391847, flags=0x1, tag="i", ws=null, uid=10111, pid=3366
06-27 00:28:37.263 D/PowerManagerService( 1538): updateWakeLockSummaryLocked: mWakefulness=Awake, mWakeLockSummary=0x1
06-27 00:28:37.263 D/PowerManagerService( 1538): updateUserActivitySummaryLocked: groupId=0, mWakefulness=Awake, mUserActivitySummary=0x1, nextTimeout=119415 (in 54582 ms)
06-27 00:28:37.263 D/PowerManagerNotifier( 1538): onScreenPolicyUpdate: newPolicy=3
06-27 00:28:37.263 D/PowerManagerService( 1538): updateDisplayPowerStateLocked: displayReady=true, groupId=0, policy=BRIGHT, mWakefulness=Awake, mWakeLockSummary=0x1, mUserActivitySummary=0x1, mBootCompleted=true, screenBrightnessOverride=NaN, useAutoBrightness=false, mScreenBrightnessBoostInProgress=false, mIsVrModeEnabled= false, sQuiescent=false
06-27 00:28:37.263 D/PowerManagerNotifier( 1538): onWakeLockAcquired: flags=1, tag="i", packageName=com.tencent.android.qqdownloader, ownerUid=10111, ownerPid=3366, workSource=null
06-27 00:28:37.279 I/mpu_uart( 653): [MSG-P:RECV]:No message received in 1000 ms
06-27 00:28:37.366 D/PowerManagerService( 1538): releaseWakeLockInternal: lock=256391847 [i], flags=0x0
06-27 00:28:37.366 D/PowerManagerNotifier( 1538): onWakeLockReleased: flags=1, tag="i", packageName=com.tencent.android.qqdownloader, ownerUid=10111, ownerPid=3366, workSource=null
06-27 00:28:37.367 D/PowerManagerService( 1538): updateWakeLockSummaryLocked: mWakefulness=Awake, mWakeLockSummary=0x1
06-27 00:28:37.367 D/PowerManagerService( 1538): updateUserActivitySummaryLocked: groupId=0, mWakefulness=Awake, mUserActivitySummary=0x1, nextTimeout=119415 (in 54477 ms)
06-27 00:28:37.367 D/PowerManagerNotifier( 1538): onScreenPolicyUpdate: newPolicy=3
06-27 00:28:37.367 D/PowerManagerService( 1538): updateDisplayPowerStateLocked: displayReady=true, groupId=0, policy=BRIGHT, mWakefulness=Awake, mWakeLockSummary=0x1, mUserActivitySummary=0x1, mBootCompleted=true, screenBrightnessOverride=NaN, useAutoBrightness=false, mScreenBrightnessBoostInProgress=false, mIsVrModeEnabled= false, sQuiescent=false
06-27 00:28:37.759 I/WifiService( 1538): startScan uid=1000
06-27 00:28:37.774 D/LOWI-9.0.0.87.a( 1330): [LOWI-Scan] wait_event:Wait done with Cmd 33
06-27 00:28:37.774 D/LOWI-9.0.0.87.a( 1330): [LOWI-Scan] do_listen_events: Rcvd valid Netlink Cmd 0 Err 0
06-27 00:28:37.845 I/[ 65.414687] [schedu][0x4de79798][00( 0): 28:37.844120] wlan: [3212:I:OSIF] scan start scan id 40964
06-27 00:28:38.189 W/hpplay-java( 2994): [AsyncTask #23]:HttpRequest:java.net.ConnectException: Failed to connect to /120.78.185.110:88
06-27 00:28:38.189 W/hpplay-java( 2994): at com.android.okhttp.internal.io.RealConnection.connectSocket(RealConnection.java:147)
06-27 00:28:38.189 W/hpplay-java( 2994): at com.android.okhttp.internal.io.RealConnection.connect(RealConnection.java:116)
06-27 00:28:38.189 W/hpplay-java( 2994): at com.android.okhttp.internal.http.StreamAllocation.findConnection(StreamAllocation.java:186)
06-27 00:28:38.189 W/hpplay-java( 2994): at com.android.okhttp.internal.http.StreamAllocation.findHealthyConnection(StreamAllocation.java:128)
06-27 00:28:38.189 W/hpplay-java( 2994): at com.android.okhttp.internal.http.StreamAllocation.newStream(StreamAllocation.java:97)
06-27 00:28:38.189 W/hpplay-java( 2994): at com.android.okhttp.internal.http.HttpEngine.connect(HttpEngine.java:289)
06-27 00:28:38.189 W/hpplay-java( 2994): at com.android.okhttp.internal.http.HttpEngine.sendRequest(HttpEngine.java:232)
06-27 00:28:38.189 W/hpplay-java( 2994): at com.android.okhttp.internal.huc.HttpURLConnectionImpl.execute(HttpURLConnectionImpl.java:465)
06-27 00:28:38.189 W/hpplay-java( 2994): at com.android.okhttp.internal.huc.HttpURLConnectionImpl.connect(HttpURLConnectionImpl.java:131)
06-27 00:28:38.189 W/hpplay-java( 2994): at com.hpplay.common.asyncmanager.HttpRequest.doGet(SourceFile:18)
06-27 00:28:38.189 W/hpplay-java( 2994): at com.hpplay.common.asyncmanager.AsyncHttpJob.doInBackground(SourceFile:5)
06-27 00:28:38.189 W/hpplay-java( 2994): at android.os.AsyncTask$3.call(AsyncTask.java:394)
06-27 00:28:38.189 W/hpplay-java( 2994): at java.util.concurrent.FutureTask.run(FutureTask.java:266)
06-27 00:28:38.189 W/hpplay-java( 2994): at java.util.concurrent.ThreadPoolExecutor.runWorker(ThreadPoolExecutor.java:1167)
06-27 00:28:38.189 W/hpplay-java( 2994): at java.util.concurrent.ThreadPoolExecutor$Worker.run(ThreadPoolExecutor.java:641)
06-27 00:28:38.189 W/hpplay-java( 2994): at java.lang.Thread.run(Thread.java:920)
06-27 00:28:38.197 W/System.err( 3507): java.net.ConnectException: Failed to connect to shiply-yyb-1258344701.file.myqcloud.com/10.0.0.1:443
06-27 00:28:38.197 W/System.err( 3507): at com.android.okhttp.internal.io.RealConnection.connectSocket(RealConnection.java:147)
06-27 00:28:38.197 W/System.err( 3507): at com.android.okhttp.internal.io.RealConnection.connect(RealConnection.java:116)
06-27 00:28:38.197 W/System.err( 3507): at com.android.okhttp.internal.http.StreamAllocation.findConnection(StreamAllocation.java:186)
06-27 00:28:38.197 W/System.err( 3507): at com.android.okhttp.internal.http.StreamAllocation.findHealthyConnection(StreamAllocation.java:128)
06-27 00:28:38.197 W/System.err( 3507): at com.android.okhttp.internal.http.StreamAllocation.newStream(StreamAllocation.java:97)
06-27 00:28:38.197 W/System.err( 3507): at com.android.okhttp.internal.http.HttpEngine.connect(HttpEngine.java:289)
06-27 00:28:38.198 W/System.err( 3507): at com.android.okhttp.internal.http.HttpEngine.sendRequest(HttpEngine.java:232)
06-27 00:28:38.198 W/System.err( 3507): at com.android.okhttp.internal.huc.HttpURLConnectionImpl.execute(HttpURLConnectionImpl.java:465)
06-27 00:28:38.198 W/System.err( 3507): at com.android.okhttp.internal.huc.HttpURLConnectionImpl.getResponse(HttpURLConnectionImpl.java:411)
06-27 00:28:38.198 W/System.err( 3507): at com.android.okhttp.internal.huc.HttpURLConnectionImpl.getResponseCode(HttpURLConnectionImpl.java:542)
06-27 00:28:38.198 W/System.err( 3507): at com.android.okhttp.internal.huc.DelegatingHttpsURLConnection.getResponseCode(DelegatingHttpsURLConnection.java:106)
06-27 00:28:38.198 W/System.err( 3507): at com.android.okhttp.internal.huc.HttpsURLConnectionImpl.getResponseCode(HttpsURLConnectionImpl.java:30)
06-27 00:28:38.198 W/System.err( 3507): at com.tencent.halley.downloader.a.a.a.b(Unknown Source:385)
06-27 00:28:38.198 W/System.err( 3507): at com.tencent.halley.downloader.task.section.d.a(Unknown Source:191)
06-27 00:28:38.198 W/System.err( 3507): at com.tencent.halley.downloader.task.section.d.run(Unknown Source:612)
06-27 00:28:38.198 W/System.err( 3507): at java.util.concurrent.Executors$RunnableAdapter.call(Executors.java:462)
06-27 00:28:38.198 W/System.err( 3507): at java.util.concurrent.FutureTask.run(FutureTask.java:266)
06-27 00:28:38.198 W/System.err( 3507): at java.util.concurrent.ThreadPoolExecutor.runWorker(ThreadPoolExecutor.java:1167)
06-27 00:28:38.198 W/System.err( 3507): at java.util.concurrent.ThreadPoolExecutor$Worker.run(ThreadPoolExecutor.java:641)
06-27 00:28:38.198 W/System.err( 3507): at java.lang.Thread.run(Thread.java:920)
06-27 00:28:38.201 W/System.err( 3507): java.net.ConnectException: Failed to connect to shiply-yyb-1258344701.file.myqcloud.com/10.0.0.1:443
06-27 00:28:38.202 W/System.err( 3507): at com.android.okhttp.internal.io.RealConnection.connectSocket(RealConnection.java:147)
06-27 00:28:38.202 W/System.err( 3507): at com.android.okhttp.internal.io.RealConnection.connect(RealConnection.java:116)
06-27 00:28:38.202 W/System.err( 3507): at com.android.okhttp.internal.http.StreamAllocation.findConnection(StreamAllocation.java:186)
06-27 00:28:38.202 W/System.err( 3507): at com.android.okhttp.internal.http.StreamAllocation.findHealthyConnection(StreamAllocation.java:128)
06-27 00:28:38.202 W/System.err( 3507): at com.android.okhttp.internal.http.StreamAllocation.newStream(StreamAllocation.java:97)
06-27 00:28:38.202 W/System.err( 3507): at com.android.okhttp.internal.http.HttpEngine.connect(HttpEngine.java:289)
06-27 00:28:38.202 W/System.err( 3507): at com.android.okhttp.internal.http.HttpEngine.sendRequest(HttpEngine.java:232)
06-27 00:28:38.202 W/System.err( 3507): at com.android.okhttp.internal.huc.HttpURLConnectionImpl.execute(HttpURLConnectionImpl.java:465)
06-27 00:28:38.202 W/System.err( 3507): at com.android.okhttp.internal.huc.HttpURLConnectionImpl.getResponse(HttpURLConnectionImpl.java:411)
06-27 00:28:38.202 W/System.err( 3507): at com.android.okhttp.internal.huc.HttpURLConnectionImpl.getResponseCode(HttpURLConnectionImpl.java:542)
06-27 00:28:38.202 W/System.err( 3507): at com.android.okhttp.internal.huc.DelegatingHttpsURLConnection.getResponseCode(DelegatingHttpsURLConnection.java:106)
06-27 00:28:38.202 W/System.err( 3507): at com.android.okhttp.internal.huc.HttpsURLConnectionImpl.getResponseCode(HttpsURLConnectionImpl.java:30)
06-27 00:28:38.202 W/System.err( 3507): at com.tencent.halley.downloader.a.a.a.b(Unknown Source:385)
06-27 00:28:38.202 W/System.err( 3507): at com.tencent.halley.downloader.task.section.d.a(Unknown Source:191)
06-27 00:28:38.202 W/System.err( 3507): at com.tencent.halley.downloader.task.section.d.run(Unknown Source:612)
06-27 00:28:38.202 W/System.err( 3507): at java.util.concurrent.Executors$RunnableAdapter.call(Executors.java:462)
06-27 00:28:38.202 W/System.err( 3507): at java.util.concurrent.FutureTask.run(FutureTask.java:266)
06-27 00:28:38.202 W/System.err( 3507): at java.util.concurrent.ThreadPoolExecutor.runWorker(ThreadPoolExecutor.java:1167)
06-27 00:28:38.202 W/System.err( 3507): at java.util.concurrent.ThreadPoolExecutor$Worker.run(ThreadPoolExecutor.java:641)
06-27 00:28:38.202 W/System.err( 3507): at java.lang.Thread.run(Thread.java:920)
06-27 00:28:38.227 W/System.err( 3507): java.lang.NumberFormatException: For input string: "yun-hl"
06-27 00:28:38.228 W/System.err( 3507): at java.lang.Integer.parseInt(Integer.java:615)
06-27 00:28:38.228 W/System.err( 3507): at java.lang.Integer.parseInt(Integer.java:650)
06-27 00:28:38.228 W/System.err( 3507): at com.tencent.halley.common.f.h.d(Unknown Source:74)
06-27 00:28:38.228 W/System.err( 3507): at com.tencent.halley.common.b.a.g.b(Unknown Source:60)
06-27 00:28:38.228 W/System.err( 3507): at com.tencent.halley.common.b.a.c.b(Unknown Source:389)
06-27 00:28:38.228 W/System.err( 3507): at com.tencent.halley.downloader.d.c.a(Unknown Source:85)
06-27 00:28:38.228 W/System.err( 3507): at com.tencent.halley.downloader.task.section.d.run(Unknown Source:155)
06-27 00:28:38.228 W/System.err( 3507): at java.util.concurrent.Executors$RunnableAdapter.call(Executors.java:462)
06-27 00:28:38.228 W/System.err( 3507): at java.util.concurrent.FutureTask.run(FutureTask.java:266)
06-27 00:28:38.228 W/System.err( 3507): at java.util.concurrent.ThreadPoolExecutor.runWorker(ThreadPoolExecutor.java:1167)
06-27 00:28:38.228 W/System.err( 3507): at java.util.concurrent.ThreadPoolExecutor$Worker.run(ThreadPoolExecutor.java:641)
06-27 00:28:38.228 W/System.err( 3507): at java.lang.Thread.run(Thread.java:920)
06-27 00:28:38.242 W/System.err( 3507): java.net.ConnectException: Failed to connect to yun-hl.3g.qq.com/10.0.0.1:443
06-27 00:28:38.242 W/System.err( 3507): at com.android.okhttp.internal.io.RealConnection.connectSocket(RealConnection.java:147)
06-27 00:28:38.242 W/System.err( 3507): at com.android.okhttp.internal.io.RealConnection.connect(RealConnection.java:116)
06-27 00:28:38.242 W/System.err( 3507): at com.android.okhttp.internal.http.StreamAllocation.findConnection(StreamAllocation.java:186)
06-27 00:28:38.242 W/System.err( 3507): at com.android.okhttp.internal.http.StreamAllocation.findHealthyConnection(StreamAllocation.java:128)
06-27 00:28:38.242 W/System.err( 3507): at com.android.okhttp.internal.http.StreamAllocation.newStream(StreamAllocation.java:97)
06-27 00:28:38.242 W/System.err( 3507): at com.android.okhttp.internal.http.HttpEngine.connect(HttpEngine.java:289)
06-27 00:28:38.242 W/System.err( 3507): at com.android.okhttp.internal.http.HttpEngine.sendRequest(HttpEngine.java:232)
06-27 00:28:38.242 W/System.err( 3507): at com.android.okhttp.internal.huc.HttpURLConnectionImpl.execute(HttpURLConnectionImpl.java:465)
06-27 00:28:38.242 W/System.err( 3507): at com.android.okhttp.internal.huc.HttpURLConnectionImpl.connect(HttpURLConnectionImpl.java:131)
06-27 00:28:38.242 W/System.err( 3507): at com.android.okhttp.internal.huc.DelegatingHttpsURLConnection.connect(DelegatingHttpsURLConnection.java:90)
06-27 00:28:38.242 W/System.err( 3507): at com.android.okhttp.internal.huc.HttpsURLConnectionImpl.connect(HttpsURLConnectionImpl.java:30)
06-27 00:28:38.242 W/System.err( 3507): at com.tencent.halley.common.b.a.g.b(Unknown Source:236)
06-27 00:28:38.242 W/System.err( 3507): at com.tencent.halley.common.b.a.c.b(Unknown Source:389)
06-27 00:28:38.242 W/System.err( 3507): at com.tencent.halley.downloader.d.c.a(Unknown Source:85)
06-27 00:28:38.242 W/System.err( 3507): at com.tencent.halley.downloader.task.section.d.run(Unknown Source:155)
06-27 00:28:38.242 W/System.err( 3507): at java.util.concurrent.Executors$RunnableAdapter.call(Executors.java:462)
06-27 00:28:38.242 W/System.err( 3507): at java.util.concurrent.FutureTask.run(FutureTask.java:266)
06-27 00:28:38.242 W/System.err( 3507): at java.util.concurrent.ThreadPoolExecutor.runWorker(ThreadPoolExecutor.java:1167)
06-27 00:28:38.242 W/System.err( 3507): at java.util.concurrent.ThreadPoolExecutor$Worker.run(ThreadPoolExecutor.java:641)
06-27 00:28:38.243 W/System.err( 3507): at java.lang.Thread.run(Thread.java:920)
06-27 00:28:38.280 I/mpu_uart( 653): [MSG-P:RECV]:No message received in 1000 ms
06-27 00:28:38.626 W/cnss_diag( 1174): type=1400 audit(0.0:674): avc: denied { getattr } for path="/data/vendor/wifi/wlan_logs" dev="dm-10" ino=359 scontext=u:r:vendor_wcnss_service:s0 tcontext=u:object_r:vendor_wifi_vendor_log_data_file:s0 tclass=dir permissive=0
06-27 00:28:38.631 I/CNSS ( 1174): cnss_open_log_file: create directory /data/vendor/wifi/wlan_logs/ ret = -1 errno= 17
06-27 00:28:38.631 I/CNSS ( 1174): failed to open file a+ mode or file size 0 is less than max_file_size 31457280
06-27 00:28:38.631 I/CNSS ( 1174): Failed to open file /data/vendor/wifi/wlan_logs/host_driver_logs_current.txt: 13
06-27 00:28:38.626 W/cnss_diag( 1174): type=1400 audit(0.0:675): avc: denied { read } for name="wlan_logs" dev="dm-10" ino=359 scontext=u:r:vendor_wcnss_service:s0 tcontext=u:object_r:vendor_wifi_vendor_log_data_file:s0 tclass=dir permissive=0
06-27 00:28:38.626 W/cnss_diag( 1174): type=1400 audit(0.0:676): avc: denied { search } for name="wlan_logs" dev="dm-10" ino=359 scontext=u:r:vendor_wcnss_service:s0 tcontext=u:object_r:vendor_wifi_vendor_log_data_file:s0 tclass=dir permissive=0
06-27 00:28:38.773 I/[ 66.341292] init( 0): processing action (sys.tlog.tlogdshc.active=1) from (/system/etc/init/tlogd.rc:197)
06-27 00:28:38.773 I/[ 66.341989] init( 0): starting service 'tlogdshc'...
06-27 00:28:38.901 I/[ 66.470221] init( 0): Service 'tlogdshc' (pid 6257) exited with status 0 oneshot service took 0.123000 seconds in background
06-27 00:28:38.901 I/[ 66.470248] init( 0): Sending signal 9 to service 'tlogdshc' (pid 6257) process group...
06-27 00:28:38.901 I/[ 66.470407] libprocessgroup( 0): Successfully killed process cgroup uid 0 pid 6257 in 0ms
06-27 00:28:38.901 D/MemoryCeilingMonitor( 3274): [handleMemoryCalculate]
06-27 00:28:38.902 D/MemoryCeilingMonitor( 3274): [calculate] tot: 5289866, max: 268435456, free: 451506, heap: 4838360, per: 0.018024295568466187
06-27 00:28:39.257 W/System.err( 3507): java.net.ConnectException: Failed to connect to shiply-yyb-1258344701.file.myqcloud.com/10.0.0.1:443
06-27 00:28:39.257 W/System.err( 3507): at com.android.okhttp.internal.io.RealConnection.connectSocket(RealConnection.java:147)
06-27 00:28:39.257 W/System.err( 3507): at com.android.okhttp.internal.io.RealConnection.connect(RealConnection.java:116)
06-27 00:28:39.257 W/System.err( 3507): at com.android.okhttp.internal.http.StreamAllocation.findConnection(StreamAllocation.java:186)
06-27 00:28:39.257 W/System.err( 3507): at com.android.okhttp.internal.http.StreamAllocation.findHealthyConnection(StreamAllocation.java:128)
06-27 00:28:39.258 W/System.err( 3507): at com.android.okhttp.internal.http.StreamAllocation.newStream(StreamAllocation.java:97)
06-27 00:28:39.258 W/System.err( 3507): at com.android.okhttp.internal.http.HttpEngine.connect(HttpEngine.java:289)
06-27 00:28:39.258 W/System.err( 3507): at com.android.okhttp.internal.http.HttpEngine.sendRequest(HttpEngine.java:232)
06-27 00:28:39.258 W/System.err( 3507): at com.android.okhttp.internal.huc.HttpURLConnectionImpl.execute(HttpURLConnectionImpl.java:465)
06-27 00:28:39.258 W/System.err( 3507): at com.android.okhttp.internal.huc.HttpURLConnectionImpl.getResponse(HttpURLConnectionImpl.java:411)
06-27 00:28:39.258 W/System.err( 3507): at com.android.okhttp.internal.huc.HttpURLConnectionImpl.getResponseCode(HttpURLConnectionImpl.java:542)
06-27 00:28:39.258 W/System.err( 3507): at com.android.okhttp.internal.huc.DelegatingHttpsURLConnection.getResponseCode(DelegatingHttpsURLConnection.java:106)
06-27 00:28:39.258 W/System.err( 3507): at com.android.okhttp.internal.huc.HttpsURLConnectionImpl.getResponseCode(HttpsURLConnectionImpl.java:30)
06-27 00:28:39.258 W/System.err( 3507): at com.tencent.halley.downloader.a.a.a.b(Unknown Source:385)
06-27 00:28:39.258 W/System.err( 3507): at com.tencent.halley.downloader.task.section.d.a(Unknown Source:191)
06-27 00:28:39.258 W/System.err( 3507): at com.tencent.halley.downloader.task.section.d.run(Unknown Source:612)
06-27 00:28:39.258 W/System.err( 3507): at java.util.concurrent.Executors$RunnableAdapter.call(Executors.java:462)
06-27 00:28:39.258 W/System.err( 3507): at java.util.concurrent.FutureTask.run(FutureTask.java:266)
06-27 00:28:39.258 W/System.err( 3507): at java.util.concurrent.ThreadPoolExecutor.runWorker(ThreadPoolExecutor.java:1167)
06-27 00:28:39.258 W/System.err( 3507): at java.util.concurrent.ThreadPoolExecutor$Worker.run(ThreadPoolExecutor.java:641)
06-27 00:28:39.258 W/System.err( 3507): at java.lang.Thread.run(Thread.java:920)
06-27 00:28:39.280 I/mpu_uart( 653): [MSG-P:RECV]:No message received in 1000 ms
06-27 00:28:39.289 I/mpu_uart( 653): [MSG-P:R]:recv sync frame timeout
06-27 00:28:39.291 W/System.err( 3507): java.net.ConnectException: Failed to connect to shiply-yyb-1258344701.file.myqcloud.com/10.0.0.1:443
06-27 00:28:39.291 W/System.err( 3507): at com.android.okhttp.internal.io.RealConnection.connectSocket(RealConnection.java:147)
06-27 00:28:39.291 W/System.err( 3507): at com.android.okhttp.internal.io.RealConnection.connect(RealConnection.java:116)
06-27 00:28:39.292 W/System.err( 3507): at com.android.okhttp.internal.http.StreamAllocation.findConnection(StreamAllocation.java:186)
06-27 00:28:39.292 W/System.err( 3507): at com.android.okhttp.internal.http.StreamAllocation.findHealthyConnection(StreamAllocation.java:128)
06-27 00:28:39.292 W/System.err( 3507): at com.android.okhttp.internal.http.StreamAllocation.newStream(StreamAllocation.java:97)
06-27 00:28:39.292 W/System.err( 3507): at com.android.okhttp.internal.http.HttpEngine.connect(HttpEngine.java:289)
06-27 00:28:39.292 W/System.err( 3507): at com.android.okhttp.internal.http.HttpEngine.sendRequest(HttpEngine.java:232)
06-27 00:28:39.292 W/System.err( 3507): at com.android.okhttp.internal.huc.HttpURLConnectionImpl.execute(HttpURLConnectionImpl.java:465)
06-27 00:28:39.292 W/System.err( 3507): at com.android.okhttp.internal.huc.HttpURLConnectionImpl.getResponse(HttpURLConnectionImpl.java:411)
06-27 00:28:39.292 W/System.err( 3507): at com.android.okhttp.internal.huc.HttpURLConnectionImpl.getResponseCode(HttpURLConnectionImpl.java:542)
06-27 00:28:39.292 W/System.err( 3507): at com.android.okhttp.internal.huc.DelegatingHttpsURLConnection.getResponseCode(DelegatingHttpsURLConnection.java:106)
06-27 00:28:39.292 W/System.err( 3507): at com.android.okhttp.internal.huc.HttpsURLConnectionImpl.getResponseCode(HttpsURLConnectionImpl.java:30)
06-27 00:28:39.292 W/System.err( 3507): at com.tencent.halley.downloader.a.a.a.b(Unknown Source:385)
06-27 00:28:39.292 W/System.err( 3507): at com.tencent.halley.downloader.task.section.d.a(Unknown Source:191)
06-27 00:28:39.292 W/System.err( 3507): at com.tencent.halley.downloader.task.section.d.run(Unknown Source:612)
06-27 00:28:39.292 W/System.err( 3507): at java.util.concurrent.Executors$RunnableAdapter.call(Executors.java:462)
06-27 00:28:39.292 W/System.err( 3507): at java.util.concurrent.FutureTask.run(FutureTask.java:266)
06-27 00:28:39.292 W/System.err( 3507): at java.util.concurrent.ThreadPoolExecutor.runWorker(ThreadPoolExecutor.java:1167)
06-27 00:28:39.292 W/System.err( 3507): at java.util.concurrent.ThreadPoolExecutor$Worker.run(ThreadPoolExecutor.java:641)
06-27 00:28:39.292 W/System.err( 3507): at java.lang.Thread.run(Thread.java:920)
06-27 00:28:39.478 W/System.err( 3507): java.lang.NumberFormatException: For input string: "yun-hl"
06-27 00:28:39.479 W/System.err( 3507): at java.lang.Integer.parseInt(Integer.java:615)
06-27 00:28:39.479 W/System.err( 3507): at java.lang.Integer.parseInt(Integer.java:650)
06-27 00:28:39.479 W/System.err( 3507): at com.tencent.halley.common.f.h.d(Unknown Source:74)
06-27 00:28:39.479 W/System.err( 3507): at com.tencent.halley.common.b.a.g.b(Unknown Source:60)
06-27 00:28:39.479 W/System.err( 3507): at com.tencent.halley.common.b.a.c.b(Unknown Source:389)
06-27 00:28:39.479 W/System.err( 3507): at com.tencent.halley.downloader.d.c.a(Unknown Source:85)
06-27 00:28:39.479 W/System.err( 3507): at com.tencent.halley.downloader.task.section.d.run(Unknown Source:155)
06-27 00:28:39.479 W/System.err( 3507): at java.util.concurrent.Executors$RunnableAdapter.call(Executors.java:462)
06-27 00:28:39.479 W/System.err( 3507): at java.util.concurrent.FutureTask.run(FutureTask.java:266)
06-27 00:28:39.479 W/System.err( 3507): at java.util.concurrent.ThreadPoolExecutor.runWorker(ThreadPoolExecutor.java:1167)
06-27 00:28:39.479 W/System.err( 3507): at java.util.concurrent.ThreadPoolExecutor$Worker.run(ThreadPoolExecutor.java:641)
06-27 00:28:39.479 W/System.err( 3507): at java.lang.Thread.run(Thread.java:920)
06-27 00:28:39.485 W/System.err( 3507): java.net.ConnectException: Failed to connect to yun-hl.3g.qq.com/10.0.0.1:443
06-27 00:28:39.485 W/System.err( 3507): at com.android.okhttp.internal.io.RealConnection.connectSocket(RealConnection.java:147)
06-27 00:28:39.485 W/System.err( 3507): at com.android.okhttp.internal.io.RealConnection.connect(RealConnection.java:116)
06-27 00:28:39.485 W/System.err( 3507): at com.android.okhttp.internal.http.StreamAllocation.findConnection(StreamAllocation.java:186)
06-27 00:28:39.485 W/System.err( 3507): at com.android.okhttp.internal.http.StreamAllocation.findHealthyConnection(StreamAllocation.java:128)
06-27 00:28:39.485 W/System.err( 3507): at com.android.okhttp.internal.http.StreamAllocation.newStream(StreamAllocation.java:97)
06-27 00:28:39.485 W/System.err( 3507): at com.android.okhttp.internal.http.HttpEngine.connect(HttpEngine.java:289)
06-27 00:28:39.485 W/System.err( 3507): at com.android.okhttp.internal.http.HttpEngine.sendRequest(HttpEngine.java:232)
06-27 00:28:39.485 W/System.err( 3507): at com.android.okhttp.internal.huc.HttpURLConnectionImpl.execute(HttpURLConnectionImpl.java:465)
06-27 00:28:39.485 W/System.err( 3507): at com.android.okhttp.internal.huc.HttpURLConnectionImpl.connect(HttpURLConnectionImpl.java:131)
06-27 00:28:39.485 W/System.err( 3507): at com.android.okhttp.internal.huc.DelegatingHttpsURLConnection.connect(DelegatingHttpsURLConnection.java:90)
06-27 00:28:39.485 W/System.err( 3507): at com.android.okhttp.internal.huc.HttpsURLConnectionImpl.connect(HttpsURLConnectionImpl.java:30)
06-27 00:28:39.485 W/System.err( 3507): at com.tencent.halley.common.b.a.g.b(Unknown Source:236)
06-27 00:28:39.485 W/System.err( 3507): at com.tencent.halley.common.b.a.c.b(Unknown Source:389)
06-27 00:28:39.486 W/System.err( 3507): at com.tencent.halley.downloader.d.c.a(Unknown Source:85)
06-27 00:28:39.486 W/System.err( 3507): at com.tencent.halley.downloader.task.section.d.run(Unknown Source:155)
06-27 00:28:39.486 W/System.err( 3507): at java.util.concurrent.Executors$RunnableAdapter.call(Executors.java:462)
06-27 00:28:39.486 W/System.err( 3507): at java.util.concurrent.FutureTask.run(FutureTask.java:266)
06-27 00:28:39.486 W/System.err( 3507): at java.util.concurrent.ThreadPoolExecutor.runWorker(ThreadPoolExecutor.java:1167)
06-27 00:28:39.486 W/System.err( 3507): at java.util.concurrent.ThreadPoolExecutor$Worker.run(ThreadPoolExecutor.java:641)
06-27 00:28:39.486 W/System.err( 3507): at java.lang.Thread.run(Thread.java:920)
06-27 00:28:39.593 I/[ 67.162414] init( 0): starting service 'hht_ota_mgr_service'...
06-27 00:28:39.647 E/vota ( 6271): [ac6554f8]: [vota]: init: ..
06-27 00:28:39.647 E/vota ( 6271): [ac6554f8]: [vota]: [warning]: the java machine be not inited, please pass it to the tb_init function! at tb_android_init_env(): 43, src/vota/platform/android/android.c
06-27 00:28:39.649 E/vota ( 6271): [ac6554f8]: [vota]: version: tbox_v1_6_7_202302251411_arm64-v8a_elf by Android (8481493, based on r416183c2) Clang 12.0.9 (https://android.googlesource.com/toolchain/llvm-project c935d99d7cf2016289302412d708641d52d2f7ee)
06-27 00:28:39.649 E/vota ( 6271): [ac6554f8]: [vota]: init: ok
06-27 00:28:39.649 E/vota ( 6271): [ac6554f8]: [vota]: [scheduler]: start ..
06-27 00:28:39.649 E/vota ( 6271): [ac6554f8]: [vota]: [coroutine]: init 0x7eab079158
06-27 00:28:39.649 E/vota ( 6271): [ac6554f8]: [vota]: [scheduler]: start ok
06-27 00:28:39.649 E/vota ( 6271): [ac6554f8]: [vota]: [scheduler]: switch to coroutine(0x7eab079158) from coroutine(0x7eab165ca0)
06-27 00:28:39.649 E/vota ( 6271): [ac6554f8]: [vota]: [coroutine]: entry: 0x7eab079158 stack: 0x7eab0791b8 - 0x7eab0b91b8 from coroutine(0x7eab165ca0)
06-27 00:28:39.650 I/hiphi_update_api( 6271): Hh_GetVersion calling ......
06-27 00:28:39.650 I/hiphi_update_api( 6271): get version:01.00.0114.C106
06-27 00:28:39.650 I/hiphi_update_api( 6271): Hh_GetVersion ret:0
06-27 00:28:39.805 I/[ 67.375807] [schedu][0x50262433][00( 0): 28:39.805248] wlan: [3212:I:OSIF] vdev 0, scan id 40964 type COMPLETED(1) reason COMPLETED(1) scan found 32 bss
06-27 00:28:39.805 D/LOWI-9.0.0.87.a( 1330): [LOWI-Scan] wait_event:Wait done with Cmd 34
06-27 00:28:39.805 D/LOWI-9.0.0.87.a( 1330): [LOWI-Scan] do_listen_events: Rcvd valid Netlink Cmd 34 Err 0
06-27 00:28:39.806 D/LOWI-9.0.0.87.a( 1330): [LOWI-Scan]
06-27 00:28:39.806 D/LOWI-9.0.0.87.a( 1330): [LOWI-Scan] print_bss_handler: Report beacon TSF 55426109 as it greater than probe TSF 55426109
06-27 00:28:39.806 D/LOWI-9.0.0.87.a( 1330): [LOWI-Scan] decode_rsn_wpa_ie: LOWI_ENCRYPTION_TYPE_WPA_PSK
06-27 00:28:39.806 D/LOWI-9.0.0.87.a( 1330): [LOWI-Scan] is_qcom_ie, bss_age: 0
06-27 00:28:39.806 D/LOWI-9.0.0.87.a( 1330): [LOWI-Scan] adjust_age:AP AGE upper limit reached. Dont store
06-27 00:28:39.806 D/LOWI-9.0.0.87.a( 1330): [LOWI-Scan] BSS 96:2a:7d:83:93:1a LOWI_PHY_MODE_11AC_VHT40_2G(12), Beacon Interval: 100, LOWI_ENCRYPTION_TYPE_WPA_PSK 11mcRanging: No, ANQP: No, LCI: No, Civic: No, capability(0x1411): ESS Privacy ShortSlotTime
06-27 00:28:39.806 D/LOWI-9.0.0.87.a( 1330): [LOWI-Scan] BSS 96:2a:7d:83:93:1a FREQ: 2412, cFreq1[40:80:160] = [2422:0:0] cFreq2 = 0 Country Code = CN
06-27 00:28:39.806 D/LOWI-9.0.0.87.a( 1330): [LOWI-Scan] BSS 96:2a:7d:83:93:1a (wlan0) ASSO: NO AddInfo: 0x1, TSF 0, 00:00:55.426, RSSI: -178, CPL: 127, AGE: 11952, SSID test666, TSFDelta: 0xfa2745fd, TXRate: 0
06-27 00:28:39.806 D/LOWI-9.0.0.87.a( 1330): [LOWI-Scan]
06-27 00:28:39.806 D/LOWI-9.0.0.87.a( 1330): [LOWI-Scan] print_bss_handler: Report beacon TSF 65440638 as it greater than probe TSF 65440638
06-27 00:28:39.806 D/LOWI-9.0.0.87.a( 1330): [LOWI-Scan] decode_rsn_wpa_ie: LOWI_ENCRYPTION_TYPE_WPA_PSK
06-27 00:28:39.806 D/LOWI-9.0.0.87.a( 1330): [LOWI-Scan] is_qcom_ie, bss_age: 0
06-27 00:28:39.806 D/WifiNl80211Manager( 1538): Scan result ready event
06-27 00:28:39.806 D/LOWI-9.0.0.87.a( 1330): [LOWI-Scan] BSS 96:2a:7d:83:93:1c LOWI_PHY_MODE_11AC_VHT40_2G(12), Beacon Interval: 100, LOWI_ENCRYPTION_TYPE_WPA_PSK 11mcRanging: No, ANQP: No, LCI: No, Civic: No, capability(0x1411): ESS Privacy ShortSlotTime
06-27 00:28:39.806 D/LOWI-9.0.0.87.a( 1330): [LOWI-Scan] BSS 96:2a:7d:83:93:1c FREQ: 2412, cFreq1[40:80:160] = [2422:0:0] cFreq2 = 0 Country Code = CN
06-27 00:28:39.806 D/LOWI-9.0.0.87.a( 1330): [LOWI-Scan] BSS 96:2a:7d:83:93:1c (wlan0) ASSO: NO AddInfo: 0x1, TSF 0, 00:01:05.440, RSSI: -178, CPL: 127, AGE: 1936, SSID ________________________________, TSFDelta: 0xf90f1f78, TXRate: 0
06-27 00:28:39.806 D/WifiNative( 1538): Scan result ready event
06-27 00:28:39.806 D/LOWI-9.0.0.87.a( 1330): [LOWI-Scan]
06-27 00:28:39.806 D/LOWI-9.0.0.87.a( 1330): [LOWI-Scan] print_bss_handler: Report beacon TSF 65449386 as it greater than probe TSF 65449386
06-27 00:28:39.806 D/LOWI-9.0.0.87.a( 1330): [LOWI-Scan] decode_rsn_wpa_ie: LOWI_ENCRYPTION_TYPE_WPA_PSK
06-27 00:28:39.806 D/LOWI-9.0.0.87.a( 1330): [LOWI-Scan] is_qcom_ie, bss_age: 0
06-27 00:28:39.806 D/LOWI-9.0.0.87.a( 1330): [LOWI-Scan] BSS 98:97:cc:03:15:34 LOWI_PHY_MODE_11AC_VHT40_2G(12), Beacon Interval: 100, LOWI_ENCRYPTION_TYPE_WPA_PSK 11mcRanging: No, ANQP: No, LCI: No, Civic: No, capability(0x1431): ESS Privacy ShortPreamble ShortSlotTime
06-27 00:28:39.806 D/LOWI-9.0.0.87.a( 1330): [LOWI-Scan] BSS 98:97:cc:03:15:34 FREQ: 2412, cFreq1[40:80:160] = [2422:0:0] cFreq2 = 0 Country Code = CN
06-27 00:28:39.806 D/LOWI-9.0.0.87.a( 1330): [LOWI-Scan] BSS 98:97:cc:03:15:34 (wlan0) ASSO: NO AddInfo: 0x1, TSF 0, 00:01:05.449, RSSI: -148, CPL: 127, AGE: 1928, SSID 200M_2.4G, TSFDelta: 0x2b391ad9, TXRate: 0
06-27 00:28:39.806 D/LOWI-9.0.0.87.a( 1330): [LOWI-Scan]
06-27 00:28:39.806 D/LOWI-9.0.0.87.a( 1330): [LOWI-Scan] print_bss_handler: Report beacon TSF 65456201 as it greater than probe TSF 65456201
06-27 00:28:39.806 D/LOWI-9.0.0.87.a( 1330): [LOWI-Scan] decode_rsn_wpa_ie: LOWI_ENCRYPTION_TYPE_WPA_PSK
06-27 00:28:39.806 D/LOWI-9.0.0.87.a( 1330): [LOWI-Scan] is_qcom_ie, bss_age: 0
06-27 00:28:39.806 D/LOWI-9.0.0.87.a( 1330): [LOWI-Scan] BSS 42:ec:99:d0:0c:14 LOWI_PHY_MODE_11NG_HT20(5), Beacon Interval: 100, LOWI_ENCRYPTION_TYPE_WPA_PSK 11mcRanging: No, ANQP: No, LCI: No, Civic: No, capability(0x8731): ESS Privacy ShortPreamble SpectrumMgmt QoS ShortSlotTime
06-27 00:28:39.806 D/LOWI-9.0.0.87.a( 1330): [LOWI-Scan] BSS 42:ec:99:d0:0c:14 FREQ: 2412, cFreq1[40:80:160] = [0:0:0] cFreq2 = 0 Country Code =
06-27 00:28:39.806 D/LOWI-9.0.0.87.a( 1330): [LOWI-Scan] BSS 42:ec:99:d0:0c:14 (wlan0) ASSO: NO AddInfo: 0x1, TSF 0, 00:01:05.456, RSSI: -150, CPL: 127, AGE: 1920, SSID DIRECT-1LLAPTOP-PF8SOHECmsGX, TSFDelta: 0xb584ba25, TXRate: 0
06-27 00:28:39.806 D/LOWI-9.0.0.87.a( 1330): [LOWI-Scan]
06-27 00:28:39.806 D/LOWI-9.0.0.87.a( 1330): [LOWI-Scan] print_bss_handler: Report Probe TSF 65946080 as it greater than Beacon TSF 65934135
06-27 00:28:39.806 D/LOWI-9.0.0.87.a( 1330): [LOWI-Scan] decode_rsn_wpa_ie: LOWI_ENCRYPTION_TYPE_WPA_PSK
06-27 00:28:39.806 D/LOWI-9.0.0.87.a( 1330): [LOWI-Scan] is_qcom_ie, bss_age: 0
06-27 00:28:39.806 D/LOWI-9.0.0.87.a( 1330): [LOWI-Scan] BSS f4:a4:d6:51:0d:90 LOWI_PHY_MODE_11AC_VHT40(9), Beacon Interval: 100, LOWI_ENCRYPTION_TYPE_WPA_PSK 11mcRanging: No, ANQP: No, LCI: No, Civic: No, capability(0x1511): ESS Privacy SpectrumMgmt ShortSlotTime
06-27 00:28:39.806 D/LOWI-9.0.0.87.a( 1330): [LOWI-Scan] BSS f4:a4:d6:51:0d:90 FREQ: 5220, cFreq1[40:80:160] = [5230:0:0] cFreq2 = 0 Country Code = CN
06-27 00:28:39.806 D/LOWI-9.0.0.87.a( 1330): [LOWI-Scan] BSS f4:a4:d6:51:0d:90 (wlan0) ASSO: NO AddInfo: 0x0, TSF 0, 00:01:05.946, RSSI: -164, CPL: 127, AGE: 1432, SSID guest, TSFDelta: 0x8e6fdd42, TXRate: 0
06-27 00:28:39.806 D/LOWI-9.0.0.87.a( 1330): [LOWI-Scan]
06-27 00:28:39.806 D/LOWI-9.0.0.87.a( 1330): [LOWI-Scan] print_bss_handler: Report Probe TSF 66050866 as it greater than Beacon TSF 13968086
06-27 00:28:39.806 D/LOWI-9.0.0.87.a( 1330): [LOWI-Scan] decode_rsn_wpa_ie: LOWI_ENCRYPTION_TYPE_WPA_PSK
06-27 00:28:39.806 D/LOWI-9.0.0.87.a( 1330): [LOWI-Scan] is_qcom_ie, bss_age: 0
06-27 00:28:39.806 D/LOWI-9.0.0.87.a( 1330): [LOWI-Scan] BSS a0:69:d9:0b:25:57 LOWI_PHY_MODE_11AC_VHT80(10), Beacon Interval: 100, LOWI_ENCRYPTION_TYPE_WPA_PSK 11mcRanging: No, ANQP: No, LCI: No, Civic: No, capability(0x1511): ESS Privacy SpectrumMgmt ShortSlotTime
06-27 00:28:39.807 D/LOWI-9.0.0.87.a( 1330): [LOWI-Scan] BSS a0:69:d9:0b:25:57 FREQ: 5240, cFreq1[40:80:160] = [5230:5210:0] cFreq2 = 0 Country Code = CN
06-27 00:28:39.807 D/LOWI-9.0.0.87.a( 1330): [LOWI-Scan] BSS a0:69:d9:0b:25:57 (wlan0) ASSO: NO AddInfo: 0x0, TSF 0, 00:01:06.050, RSSI: -130, CPL: 127, AGE: 1328, SSID H3C_Automation_5G, TSFDelta: 0x3319e069, TXRate: 0
06-27 00:28:39.807 D/LOWI-9.0.0.87.a( 1330): [LOWI-Scan]
06-27 00:28:39.807 D/LOWI-9.0.0.87.a( 1330): [LOWI-Scan] print_bss_handler: Report Probe TSF 66195725 as it greater than Beacon TSF 13996171
06-27 00:28:39.807 D/LOWI-9.0.0.87.a( 1330): [LOWI-Scan] decode_rsn_wpa_ie: LOWI_ENCRYPTION_TYPE_WPA_PSK
06-27 00:28:39.807 D/LOWI-9.0.0.87.a( 1330): [LOWI-Scan] is_qcom_ie, bss_age: 0
06-27 00:28:39.807 D/LOWI-9.0.0.87.a( 1330): [LOWI-Scan] BSS bc:54:fc:f0:b4:6a LOWI_PHY_MODE_11AC_VHT80(10), Beacon Interval: 100, LOWI_ENCRYPTION_TYPE_WPA_PSK 11mcRanging: No, ANQP: No, LCI: No, Civic: No, capability(0x0011): ESS Privacy
06-27 00:28:39.807 D/LOWI-9.0.0.87.a( 1330): [LOWI-Scan] BSS bc:54:fc:f0:b4:6a FREQ: 5745, cFreq1[40:80:160] = [5755:5775:0] cFreq2 = 0 Country Code = CN
06-27 00:28:39.807 D/LOWI-9.0.0.87.a( 1330): [LOWI-Scan] BSS bc:54:fc:f0:b4:6a (wlan0) ASSO: NO AddInfo: 0x0, TSF 0, 00:01:06.195, RSSI: -152, CPL: 127, AGE: 1184, SSID KK5G, TSFDelta: 0x701f03b0, TXRate: 0
06-27 00:28:39.807 D/LOWI-9.0.0.87.a( 1330): [LOWI-Scan]
06-27 00:28:39.807 D/LOWI-9.0.0.87.a( 1330): [LOWI-Scan] print_bss_handler: Report Probe TSF 66156153 as it greater than Beacon TSF 0
06-27 00:28:39.807 D/LOWI-9.0.0.87.a( 1330): [LOWI-Scan] decode_rsn_wpa_ie: LOWI_ENCRYPTION_TYPE_WPA_PSK
06-27 00:28:39.807 D/LOWI-9.0.0.87.a( 1330): [LOWI-Scan] is_qcom_ie, bss_age: 0
06-27 00:28:39.807 D/LOWI-9.0.0.87.a( 1330): [LOWI-Scan] BSS ec:26:ca:af:36:18 LOWI_PHY_MODE_11AC_VHT80(10), Beacon Interval: 100, LOWI_ENCRYPTION_TYPE_WPA_PSK 11mcRanging: No, ANQP: No, LCI: No, Civic: No, capability(0x0511): ESS Privacy SpectrumMgmt ShortSlotTime
06-27 00:28:39.807 D/LOWI-9.0.0.87.a( 1330): [LOWI-Scan] BSS ec:26:ca:af:36:18 FREQ: 5745, cFreq1[40:80:160] = [5755:5775:0] cFreq2 = 0 Country Code = CN
06-27 00:28:39.807 D/LOWI-9.0.0.87.a( 1330): [LOWI-Scan] BSS ec:26:ca:af:36:18 (wlan0) ASSO: NO AddInfo: 0x0, TSF 0, 00:01:06.156, RSSI: -134, CPL: 127, AGE: 1220, SSID bin_5G, TSFDelta: 0x5a5456e2, TXRate: 0
06-27 00:28:39.807 D/LOWI-9.0.0.87.a( 1330): [LOWI-Scan]
06-27 00:28:39.807 D/LOWI-9.0.0.87.a( 1330): [LOWI-Scan] print_bss_handler: Report Probe TSF 66195848 as it greater than Beacon TSF 0
06-27 00:28:39.807 D/LOWI-9.0.0.87.a( 1330): [LOWI-Scan] decode_rsn_wpa_ie: LOWI_ENCRYPTION_TYPE_WPA_PSK
06-27 00:28:39.807 D/LOWI-9.0.0.87.a( 1330): [LOWI-Scan] is_qcom_ie, bss_age: 0
