06-27 00:27:44.535 I/SystemServerTimingAsync( 1538): ssm.onUnlockingUser-0_com.android.server.security.KeyChainSystemService
06-27 00:27:44.535 I/SystemServerTimingAsync( 1538): ssm.onUnlockingUser-0_com.android.server.telecom.TelecomLoaderService
06-27 00:27:44.535 I/SystemServerTimingAsync( 1538): ssm.onUnlockingUser-0_com.android.server.accounts.AccountManagerService$Lifecycle
06-27 00:27:44.535 I/SystemServerTimingAsync( 1538): ssm.onUnlockingUser-0_com.android.server.content.ContentService$Lifecycle
06-27 00:27:44.536 I/SystemServerTimingAsync( 1538): ssm.onUnlockingUser-0_com.android.server.DropBoxManagerService
06-27 00:27:44.536 I/SystemServerTimingAsync( 1538): ssm.onUnlockingUser-0_com.android.role.RoleService
06-27 00:27:44.536 I/SystemServerTimingAsync( 1538): ssm.onUnlockingUser-0_com.android.server.vibrator.VibratorManagerService$Lifecycle
06-27 00:27:44.536 I/SystemServerTimingAsync( 1538): ssm.onUnlockingUser-0_com.android.server.alarm.AlarmManagerService
06-27 00:27:44.536 I/SystemServerTimingAsync( 1538): ssm.onUnlockingUser-0_com.android.server.devicestate.DeviceStateManagerService
06-27 00:27:44.536 I/SystemServerTimingAsync( 1538): ssm.onUnlockingUser-0_com.android.server.camera.CameraServiceProxy
06-27 00:27:44.536 I/SystemServerTimingAsync( 1538): ssm.onUnlockingUser-0_com.android.server.BluetoothService
06-27 00:27:44.536 D/BluetoothManagerService( 1538): User 0 unlocked
06-27 00:27:44.536 I/SystemServerTimingAsync( 1538): ssm.onUnlockingUser-0_com.android.server.connectivity.IpConnectivityMetrics
06-27 00:27:44.536 I/SystemServerTimingAsync( 1538): ssm.onUnlockingUser-0_com.android.server.net.watchlist.NetworkWatchlistService$Lifecycle
06-27 00:27:44.536 I/SystemServerTimingAsync( 1538): ssm.onUnlockingUser-0_com.android.server.PinnerService
06-27 00:27:44.536 I/SystemServerTimingAsync( 1538): ssm.onUnlockingUser-0_com.google.android.startop.iorap.IorapForwardingService
06-27 00:27:44.536 I/SystemServerTimingAsync( 1538): ssm.onUnlockingUser-0_com.android.server.ActivityTriggerService
06-27 00:27:44.536 I/SystemServerTimingAsync( 1538): ssm.onUnlockingUser-0_com.android.server.integrity.AppIntegrityManagerService
06-27 00:27:44.536 I/SystemServerTimingAsync( 1538): ssm.onUnlockingUser-0_com.android.server.inputmethod.InputMethodManagerService$Lifecycle
06-27 00:27:44.536 I/SystemServerTimingAsync( 1538): ssm.onUnlockingUser-0_com.android.server.accessibility.AccessibilityManagerService$Lifecycle
06-27 00:27:44.536 I/SystemServerTimingAsync( 1538): ssm.onUnlockingUser-0_com.android.server.StorageManagerService$Lifecycle
06-27 00:27:44.536 D/StorageManagerService( 1538): onUnlockUser 0
06-27 00:27:44.536 I/StorageSessionController( 1538): On user unlock 0
06-27 00:27:44.536 I/StorageSessionController( 1538): Initialialising...
06-27 00:27:44.536 D/BluetoothManagerService( 1538): MESSAGE_USER_UNLOCKED
06-27 00:27:44.540 W/[ 12.110255] QSEECOM( 0): qseecom_load_app: App with id 7 (fingerpr) now loaded
06-27 00:27:44.539 I/vold ( 528): onUserStarted: 0
06-27 00:27:44.540 V/StorageManagerService( 1538): Found primary storage at VolumeInfo{emulated;0}:
06-27 00:27:44.540 V/StorageManagerService( 1538): type=EMULATED diskId=null partGuid= mountFlags=0 mountUserId=0
06-27 00:27:44.540 V/StorageManagerService( 1538): state=UNMOUNTED
06-27 00:27:44.540 V/StorageManagerService( 1538): fsType=null fsUuid=null fsLabel=null
06-27 00:27:44.540 V/StorageManagerService( 1538): path=null internalPath=null
06-27 00:27:44.540 I/SystemServerTimingAsync( 1538): ssm.onUnlockingUser-0_com.android.server.usage.StorageStatsService$Lifecycle
06-27 00:27:44.540 I/SystemServerTimingAsync( 1538): ssm.onUnlockingUser-0_com.android.server.UiModeManagerService
06-27 00:27:44.540 I/SystemServerTimingAsync( 1538): ssm.onUnlockingUser-0_com.android.server.locksettings.LockSettingsService$Lifecycle
06-27 00:27:44.540 I/SystemServerTimingAsync( 1538): ssm.onUnlockingUser-0_com.android.server.PersistentDataBlockService
06-27 00:27:44.540 I/SystemServerTimingAsync( 1538): ssm.onUnlockingUser-0_com.android.server.testharness.TestHarnessModeService
06-27 00:27:44.541 I/SystemServerTimingAsync( 1538): ssm.onUnlockingUser-0_com.android.server.oemlock.OemLockService
06-27 00:27:44.541 I/StorageManagerService( 1538): Mounting volume VolumeInfo{emulated;0}:
06-27 00:27:44.541 I/StorageManagerService( 1538): type=EMULATED diskId=null partGuid= mountFlags=PRIMARY|VISIBLE
06-27 00:27:44.541 I/StorageManagerService( 1538): mountUserId=0 state=UNMOUNTED
06-27 00:27:44.541 I/StorageManagerService( 1538): fsType=null fsUuid=null fsLabel=null
06-27 00:27:44.541 I/StorageManagerService( 1538): path=null internalPath=null
06-27 00:27:44.541 I/SystemServerTimingAsync( 1538): ssm.onUnlockingUser-0_com.android.server.DeviceIdleController
06-27 00:27:44.541 I/SystemServerTimingAsync( 1538): ssm.onUnlockingUser-0_com.android.server.devicepolicy.DevicePolicyManagerService$Lifecycle
06-27 00:27:44.541 I/SystemServerTimingAsync( 1538): ssm.onUnlockingUser-0_com.android.server.texttospeech.TextToSpeechManagerService
06-27 00:27:44.541 I/SystemServerTimingAsync( 1538): ssm.onUnlockingUser-0_com.android.server.speech.SpeechRecognitionManagerService
06-27 00:27:44.541 I/vold ( 528): Executing sdcardfs
06-27 00:27:44.541 I/SystemServerTimingAsync( 1538): ssm.onUnlockingUser-0_com.android.server.searchui.SearchUiManagerService
06-27 00:27:44.541 I/SystemServerTimingAsync( 1538): ssm.onUnlockingUser-0_com.android.server.smartspace.SmartspaceManagerService
06-27 00:27:44.541 I/SystemServerTimingAsync( 1538): ssm.onUnlockingUser-0_com.android.server.graphics.fonts.FontManagerService$Lifecycle
06-27 00:27:44.541 I/SystemServerTimingAsync( 1538): ssm.onUnlockingUser-0_com.android.server.textservices.TextServicesManagerService$Lifecycle
06-27 00:27:44.541 D/vold ( 528): Waiting for sdcardfs to spin up...
06-27 00:27:44.541 W/TextServicesManagerService( 1538): no available spell checker services found
06-27 00:27:44.542 I/SystemServerTimingAsync( 1538): ssm.onUnlockingUser-0_com.android.server.textclassifier.TextClassificationManagerService$Lifecycle
06-27 00:27:44.542 I/SystemServerTimingAsync( 1538): ssm.onUnlockingUser-0_com.android.server.NetworkScoreService$Lifecycle
06-27 00:27:44.542 I/SystemServerTimingAsync( 1538): ssm.onUnlockingUser-0_com.android.server.wifi.WifiService
06-27 00:27:44.542 I/SystemServerTimingAsync( 1538): ssm.onUnlockingUser-0_com.android.server.wifi.scanner.WifiScanningService
06-27 00:27:44.542 I/SystemServerTimingAsync( 1538): ssm.onUnlockingUser-0_com.android.server.wifi.rtt.RttService
06-27 00:27:44.542 I/SystemServerTimingAsync( 1538): ssm.onUnlockingUser-0_com.android.server.wifi.aware.WifiAwareService
06-27 00:27:44.542 I/SystemServerTimingAsync( 1538): ssm.onUnlockingUser-0_com.android.server.wifi.p2p.WifiP2pService
06-27 00:27:44.542 I/SystemServerTimingAsync( 1538): ssm.onUnlockingUser-0_com.android.server.ethernet.EthernetService
06-27 00:27:44.542 I/SystemServerTimingAsync( 1538): ssm.onUnlockingUser-0_com.android.server.ConnectivityServiceInitializer
06-27 00:27:44.542 I/SystemServerTimingAsync( 1538): ssm.onUnlockingUser-0_com.android.server.notification.NotificationManagerService
06-27 00:27:44.542 I/SystemServerTimingAsync( 1538): ssm.onUnlockingUser-0_com.android.server.storage.DeviceStorageMonitorService
06-27 00:27:44.542 I/SystemServerTimingAsync( 1538): ssm.onUnlockingUser-0_com.android.server.location.LocationManagerService$Lifecycle
06-27 00:27:44.542 I/SystemServerTimingAsync( 1538): ssm.onUnlockingUser-0_com.android.server.timedetector.TimeDetectorService$Lifecycle
06-27 00:27:44.542 I/SystemServerTimingAsync( 1538): ssm.onUnlockingUser-0_com.android.server.timezonedetector.TimeZoneDetectorService$Lifecycle
06-27 00:27:44.542 I/SystemServerTimingAsync( 1538): ssm.onUnlockingUser-0_com.android.server.timezonedetector.location.LocationTimeZoneManagerService$Lifecycle
06-27 00:27:44.542 I/SystemServerTimingAsync( 1538): ssm.onUnlockingUser-0_com.android.server.search.SearchManagerService$Lifecycle
06-27 00:27:44.542 I/SystemServerTimingAsync( 1538): ssm.onUnlockingUser-0_com.android.server.wallpaper.WallpaperManagerService$Lifecycle
06-27 00:27:44.542 I/WallpaperManagerService( 1538): on-unlock-user-0
06-27 00:27:44.543 I/SystemServerTimingAsync( 1538): ssm.onUnlockingUser-0_com.android.server.audio.AudioService$Lifecycle
06-27 00:27:44.543 I/SystemServerTimingAsync( 1538): ssm.onUnlockingUser-0_com.android.server.soundtrigger_middleware.SoundTriggerMiddlewareService$Lifecycle
06-27 00:27:44.543 I/SystemServerTimingAsync( 1538): ssm.onUnlockingUser-0_com.android.server.DockObserver
06-27 00:27:44.543 I/SystemServerTimingAsync( 1538): ssm.onUnlockingUser-0_com.android.server.midi.MidiService$Lifecycle
06-27 00:27:44.545 I/SystemServerTimingAsync( 1538): ssm.onUnlockingUser-0_com.android.server.adb.AdbService$Lifecycle
06-27 00:27:44.545 I/SystemServerTimingAsync( 1538): ssm.onUnlockingUser-0_com.android.server.usb.UsbService$Lifecycle
06-27 00:27:44.545 I/SystemServerTimingAsync( 1538): ssm.onUnlockingUser-0_com.android.server.twilight.TwilightService
06-27 00:27:44.545 I/SystemServerTimingAsync( 1538): ssm.onUnlockingUser-0_com.android.server.display.color.ColorDisplayService
06-27 00:27:44.545 I/SystemServerTimingAsync( 1538): ssm.onUnlockingUser-0_com.android.server.job.JobSchedulerService
06-27 00:27:44.545 I/SystemServerTimingAsync( 1538): ssm.onUnlockingUser-0_com.android.server.soundtrigger.SoundTriggerService
06-27 00:27:44.545 I/SystemServerTimingAsync( 1538): ssm.onUnlockingUser-0_com.android.server.trust.TrustManagerService
06-27 00:27:44.545 I/SystemServerTimingAsync( 1538): ssm.onUnlockingUser-0_com.android.server.backup.BackupManagerService$Lifecycle
06-27 00:27:44.546 I/SystemServerTimingAsync( 1538): ssm.onUnlockingUser-0_com.android.server.appwidget.AppWidgetService
06-27 00:27:44.546 I/SystemServerTimingAsync( 1538): ssm.onUnlockingUser-0_com.android.server.voiceinteraction.VoiceInteractionManagerService
06-27 00:27:44.546 W/VoiceInteractionManager( 1538): no available voice recognition services found for user 0
06-27 00:27:44.546 I/SystemServerTimingAsync( 1538): ssm.onUnlockingUser-0_com.android.server.apphibernation.AppHibernationService
06-27 00:27:44.547 I/BackupManagerService( 1538): Starting service for user: 0
06-27 00:27:44.547 I/HibernationStateDiskStore( 1538): No hibernation file on disk for file /data/system_ce/0/hibernation/states
06-27 00:27:44.547 I/SystemServerTimingAsync( 1538): ssm.onUnlockingUser-0_com.android.server.SensorNotificationService
06-27 00:27:44.553 I/ ( 0): [ 12.122703] sdcardfs version 2.0
06-27 00:27:44.548 V/BackupManagerService( 1538): [UserID:0] Starting with transport com.android.localtransport/.LocalTransport
06-27 00:27:44.553 I/[ 12.122705] sdcardfs( 0): dev_name -> /data/media
06-27 00:27:44.548 I/SystemServerTimingAsync( 1538): ssm.onUnlockingUser-0_com.android.server.emergency.EmergencyAffordanceService
06-27 00:27:44.553 I/[ 12.122705] sdcardfs( 0): options -> fsuid=1023,fsgid=1023,multiuser,derive_gid,default_normal,unshared_obb,mask=6,userid=0,gid=1015
06-27 00:27:44.548 I/SystemServerTimingAsync( 1538): ssm.onUnlockingUser-0_com.android.server.blob.BlobStoreManagerService
06-27 00:27:44.553 I/[ 12.122707] sdcardfs( 0): mnt -> 00000000d1d24491
06-27 00:27:44.548 I/SystemServerTimingAsync( 1538): ssm.onUnlockingUser-0_com.android.server.dreams.DreamManagerService
06-27 00:27:44.553 I/[ 12.122725] sdcardfs( 0): mounted on top of /data/media type f2fs
06-27 00:27:44.548 I/SystemServerTimingAsync( 1538): ssm.onUnlockingUser-0_com.android.server.companion.CompanionDeviceManagerService
06-27 00:27:44.553 I/ ( 0): [ 12.122849] Remount options were mask=23,gid=9997 for vfsmnt 000000001bcd2b0a.
06-27 00:27:44.549 I/CompanionDeviceManagerService( 1538): Read associations from disk: {0=[]}
06-27 00:27:44.553 I/[ 12.122850] sdcardfs( 0): options - debug:1
06-27 00:27:44.549 I/SystemServerTimingAsync( 1538): ssm.onUnlockingUser-0_com.android.server.restrictions.RestrictionsManagerService
06-27 00:27:44.553 I/[ 12.122851] sdcardfs( 0): options - gid:9997
06-27 00:27:44.549 I/SystemServerTimingAsync( 1538): ssm.onUnlockingUser-0_com.android.server.media.MediaSessionService
06-27 00:27:44.553 I/[ 12.122851] sdcardfs( 0): options - mask:23
06-27 00:27:44.549 I/SystemServerTimingAsync( 1538): ssm.onUnlockingUser-0_com.android.server.media.MediaResourceMonitorService
06-27 00:27:44.553 I/ ( 0): [ 12.122899] Remount options were mask=7,gid=9997 for vfsmnt 000000008d1e3f36.
06-27 00:27:44.549 I/SystemServerTimingAsync( 1538): ssm.onUnlockingUser-0_com.android.server.biometrics.sensors.fingerprint.FingerprintService
06-27 00:27:44.553 I/[ 12.122900] sdcardfs( 0): options - debug:1
06-27 00:27:44.553 I/[ 12.122901] sdcardfs( 0): options - gid:9997
06-27 00:27:44.549 I/SystemServerTimingAsync( 1538): ssm.onUnlockingUser-0_com.android.server.biometrics.BiometricService
06-27 00:27:44.553 I/[ 12.122901] sdcardfs( 0): options - mask:7
06-27 00:27:44.549 I/SystemServerTimingAsync( 1538): ssm.onUnlockingUser-0_com.android.server.biometrics.AuthService
06-27 00:27:44.553 I/ ( 0): [ 12.122948] Remount options were mask=7,gid=9997 for vfsmnt 00000000f6e73d01.
06-27 00:27:44.549 I/SystemServerTimingAsync( 1538): ssm.onUnlockingUser-0_com.android.server.pm.ShortcutService$Lifecycle
06-27 00:27:44.553 I/[ 12.122949] sdcardfs( 0): options - debug:1
06-27 00:27:44.549 I/SystemServerTimingAsync( 1538): ssm.onUnlockingUser-0_com.android.server.pm.LauncherAppsService
06-27 00:27:44.553 I/[ 12.122949] sdcardfs( 0): options - gid:9997
06-27 00:27:44.549 I/SystemServerTimingAsync( 1538): ssm.onUnlockingUser-0_com.android.server.pm.CrossProfileAppsService
06-27 00:27:44.553 I/[ 12.122949] sdcardfs( 0): options - mask:7
06-27 00:27:44.549 I/SystemServerTimingAsync( 1538): ssm.onUnlockingUser-0_com.android.server.people.PeopleService
06-27 00:27:44.549 I/SystemServerTimingAsync( 1538): ssm.onUnlockingUser-0_com.android.server.media.metrics.MediaMetricsManagerService
06-27 00:27:44.549 I/SystemServerTimingAsync( 1538): ssm.onUnlockingUser-0_com.android.server.media.projection.MediaProjectionManagerService
06-27 00:27:44.549 I/SystemServerTimingAsync( 1538): ssm.onUnlockingUser-0_com.android.server.slice.SliceManagerService$Lifecycle
06-27 00:27:44.549 I/SystemServerTimingAsync( 1538): ssm.onUnlockingUser-0_com.android.server.stats.StatsCompanion$Lifecycle
06-27 00:27:44.549 I/SystemServerTimingAsync( 1538): ssm.onUnlockingUser-0_com.android.server.scheduling.RebootReadinessManagerService$Lifecycle
06-27 00:27:44.549 I/SystemServerTimingAsync( 1538): ssm.onUnlockingUser-0_com.android.server.stats.pull.StatsPullAtomService
06-27 00:27:44.549 I/SystemServerTimingAsync( 1538): ssm.onUnlockingUser-0_com.android.server.incident.IncidentCompanionService
06-27 00:27:44.549 I/SystemServerTimingAsync( 1538): ssm.onUnlockingUser-0_com.android.server.MmsServiceBroker
06-27 00:27:44.549 I/SystemServerTimingAsync( 1538): ssm.onUnlockingUser-0_com.android.server.autofill.AutofillManagerService
06-27 00:27:44.551 I/SystemServerTimingAsync( 1538): ssm.onUnlockingUser-0_com.android.server.clipboard.ClipboardService
06-27 00:27:44.551 I/SystemServerTimingAsync( 1538): ssm.onUnlockingUser-0_com.android.server.appbinding.AppBindingService$Lifecycle
06-27 00:27:44.551 W/AppBindingService( 1538): [Default SMS app] u0 Target package not found
06-27 00:27:44.551 I/SystemServerTimingAsync( 1538): ssm.onUnlockingUser-0_com.android.server.tracing.TracingServiceProxy
06-27 00:27:44.551 I/SystemServerTimingAsync( 1538): ssm.onUnlockingUser-0_com.android.server.policy.PermissionPolicyService
06-27 00:27:44.551 I/SystemServerTimingAsync( 1538): ssm.onUnlockingUser-0_com.android.server.pm.StagingManager$Lifecycle
06-27 00:27:44.551 I/SystemServerTimingAsync( 1538): ssm.onUnlockingUser-0_com.android.server.app.GameManagerService$Lifecycle
06-27 00:27:44.551 I/SystemServerTimingAsync( 1538): ssm.onUnlockingUser-0_com.android.server.appsearch.AppSearchManagerService
06-27 00:27:44.551 I/SystemServerTimingAsync( 1538): ssm.onUnlockingUser-0_com.android.server.media.MediaCommunicationService
06-27 00:27:44.551 W/ActivityManager( 1538): UserLifecycleEvent 5 received without an active userJourneySession.
06-27 00:27:44.551 W/ActivityManager( 1538): UserLifecycleEvent 6 received without an active userJourneySession.
06-27 00:27:44.551 I/ActivityManager( 1538): User 0 state changed from RUNNING_UNLOCKING to RUNNING_UNLOCKED
06-27 00:27:44.551 D/SystemServerTiming( 1538): SystemUserUnlock took to complete: 164ms
06-27 00:27:44.552 W/sdcard ( 2794): Device explicitly enabled sdcardfs
06-27 00:27:44.554 I/ActivityTaskManager( 1538): Loading recents for user 0 into memory.
06-27 00:27:44.556 D/BackupManagerService( 1538): [UserID:0] Started thread backup-0
06-27 00:27:44.572 E/BackupPasswordManager( 1538): Unable to read backup pw version
06-27 00:27:44.572 E/BackupPasswordManager( 1538): Unable to read saved backup pw hash
06-27 00:27:44.577 I/[ 12.147762] binder( 0): 2742:2802 ioctl 40046210 7b35516934 returned -22
06-27 00:27:44.585 V/PackageConfigPersister( 1538): loadPackages: empty list files from /data/system_ce/0/package_configs
06-27 00:27:44.588 D/CompatibilityChangeReporter( 1538): Compat change id reported: 135634846; UID 10057; state: DISABLED
06-27 00:27:44.588 D/CompatibilityChangeReporter( 1538): Compat change id reported: 177438394; UID 10057; state: DISABLED
06-27 00:27:44.588 D/CompatibilityChangeReporter( 1538): Compat change id reported: 135772972; UID 10057; state: DISABLED
06-27 00:27:44.588 D/CompatibilityChangeReporter( 1538): Compat change id reported: 135754954; UID 10057; state: ENABLED
06-27 00:27:44.588 D/CompatibilityChangeReporter( 1538): Compat change id reported: 143937733; UID 10057; state: ENABLED
06-27 00:27:44.588 D/CompatibilityChangeReporter( 1538): Compat change id reported: 135634846; UID 1000; state: DISABLED
06-27 00:27:44.588 D/CompatibilityChangeReporter( 1538): Compat change id reported: 177438394; UID 1000; state: DISABLED
06-27 00:27:44.588 D/CompatibilityChangeReporter( 1538): Compat change id reported: 135772972; UID 1000; state: DISABLED
06-27 00:27:44.588 D/CompatibilityChangeReporter( 1538): Compat change id reported: 135754954; UID 1000; state: ENABLED
06-27 00:27:44.589 D/CompatibilityChangeReporter( 1538): Compat change id reported: 135634846; UID 10058; state: DISABLED
06-27 00:27:44.589 D/CompatibilityChangeReporter( 1538): Compat change id reported: 177438394; UID 10058; state: DISABLED
06-27 00:27:44.589 D/CompatibilityChangeReporter( 1538): Compat change id reported: 135772972; UID 10058; state: DISABLED
06-27 00:27:44.589 D/CompatibilityChangeReporter( 1538): Compat change id reported: 135754954; UID 10058; state: ENABLED
06-27 00:27:44.590 D/CompatibilityChangeReporter( 1538): Compat change id reported: 135634846; UID 10079; state: DISABLED
06-27 00:27:44.590 D/CompatibilityChangeReporter( 1538): Compat change id reported: 177438394; UID 10079; state: DISABLED
06-27 00:27:44.590 D/CompatibilityChangeReporter( 1538): Compat change id reported: 135772972; UID 10079; state: DISABLED
06-27 00:27:44.590 D/CompatibilityChangeReporter( 1538): Compat change id reported: 135754954; UID 10079; state: DISABLED
06-27 00:27:44.590 D/CompatibilityChangeReporter( 1538): Compat change id reported: 135634846; UID 10086; state: DISABLED
06-27 00:27:44.590 D/CompatibilityChangeReporter( 1538): Compat change id reported: 177438394; UID 10086; state: DISABLED
06-27 00:27:44.590 D/CompatibilityChangeReporter( 1538): Compat change id reported: 135772972; UID 10086; state: DISABLED
06-27 00:27:44.590 D/CompatibilityChangeReporter( 1538): Compat change id reported: 135754954; UID 10086; state: ENABLED
06-27 00:27:44.590 D/CompatibilityChangeReporter( 1538): Compat change id reported: 135634846; UID 10087; state: DISABLED
06-27 00:27:44.591 D/CompatibilityChangeReporter( 1538): Compat change id reported: 177438394; UID 10087; state: DISABLED
06-27 00:27:44.591 D/CompatibilityChangeReporter( 1538): Compat change id reported: 135772972; UID 10087; state: DISABLED
06-27 00:27:44.591 D/CompatibilityChangeReporter( 1538): Compat change id reported: 135754954; UID 10087; state: ENABLED
06-27 00:27:44.591 D/CompatibilityChangeReporter( 1538): Compat change id reported: 135634846; UID 10088; state: DISABLED
06-27 00:27:44.591 I/vold ( 528): Mounting emulated fuse volume
06-27 00:27:44.594 D/CompatibilityChangeReporter( 1538): Compat change id reported: 168419799; UID 1000; state: DISABLED
06-27 00:27:44.605 I/[ 12.173732] binder( 0): 2804:2804 ioctl 40046210 7ff70a1784 returned -22
06-27 00:27:44.600 I/ActivityManager( 1538): Start proc 2814:ts.car.uart/u0a57 for added application ts.car.uart
06-27 00:27:44.601 I/ActivityManager( 1538): Posting BOOT_COMPLETED user #0
06-27 00:27:44.609 I/SystemServerTimingAsync( 1538): ssm.UnlockedUser-0
06-27 00:27:44.609 I/SystemServiceManager( 1538): Calling onUnlockedUser 0
06-27 00:27:44.609 I/SystemServerTimingAsync( 1538): ssm.onUnlockedUser-0_com.android.server.security.FileIntegrityService
06-27 00:27:44.609 I/SystemServerTimingAsync( 1538): ssm.onUnlockedUser-0_com.android.server.pm.Installer
06-27 00:27:44.609 I/SystemServerTimingAsync( 1538): ssm.onUnlockedUser-0_com.android.server.os.DeviceIdentifiersPolicyService
06-27 00:27:44.609 I/SystemServerTimingAsync( 1538): ssm.onUnlockedUser-0_com.android.server.uri.UriGrantsManagerService$Lifecycle
06-27 00:27:44.609 I/SystemServerTimingAsync( 1538): ssm.onUnlockedUser-0_com.android.server.powerstats.PowerStatsService
06-27 00:27:44.609 I/SystemServerTimingAsync( 1538): ssm.onUnlockedUser-0_com.android.server.wm.ActivityTaskManagerService$Lifecycle
06-27 00:27:44.610 I/LaunchParamsPersister( 1538): Didn't find launch param folder for user 0
06-27 00:27:44.610 I/SystemServerTimingAsync( 1538): ssm.onUnlockedUser-0_com.android.server.am.ActivityManagerService$Lifecycle
06-27 00:27:44.610 I/SystemServerTimingAsync( 1538): ssm.onUnlockedUser-0_com.android.server.pm.DataLoaderManagerService
06-27 00:27:44.610 I/SystemServerTimingAsync( 1538): ssm.onUnlockedUser-0_com.android.server.power.PowerManagerService
06-27 00:27:44.610 I/SystemServerTimingAsync( 1538): ssm.onUnlockedUser-0_com.android.server.power.ThermalManagerService
06-27 00:27:44.610 I/SystemServerTimingAsync( 1538): ssm.onUnlockedUser-0_com.android.server.power.hint.HintManagerService
06-27 00:27:44.610 I/SystemServerTimingAsync( 1538): ssm.onUnlockedUser-0_com.android.server.recoverysystem.RecoverySystemService$Lifecycle
06-27 00:27:44.610 I/SystemServerTimingAsync( 1538): ssm.onUnlockedUser-0_com.android.server.lights.LightsService
06-27 00:27:44.610 I/SystemServerTimingAsync( 1538): ssm.onUnlockedUser-0_com.android.server.display.DisplayManagerService
06-27 00:27:44.610 I/SystemServerTimingAsync( 1538): ssm.onUnlockedUser-0_com.android.server.pm.verify.domain.DomainVerificationService
06-27 00:27:44.610 I/SystemServerTimingAsync( 1538): ssm.onUnlockedUser-0_com.android.server.pm.PackageInstallerService$Lifecycle
06-27 00:27:44.610 I/SystemServerTimingAsync( 1538): ssm.onUnlockedUser-0_com.android.server.pm.UserManagerService$LifeCycle
06-27 00:27:44.610 I/SystemServerTimingAsync( 1538): ssm.onUnlockedUser-0_com.android.server.om.OverlayManagerService
06-27 00:27:44.610 I/SystemServerTimingAsync( 1538): ssm.onUnlockedUser-0_com.android.server.SensorPrivacyService
06-27 00:27:44.610 I/SystemServerTimingAsync( 1538): ssm.onUnlockedUser-0_com.android.server.thunderperf.ThunderBoostPerfService
06-27 00:27:44.610 I/SystemServerTimingAsync( 1538): ssm.onUnlockedUser-0_com.android.server.sensors.SensorService
06-27 00:27:44.610 I/SystemServerTimingAsync( 1538): ssm.onUnlockedUser-0_com.android.server.SystemConfigService
06-27 00:27:44.612 W/StorageManagerService( 1538): Reporting emulated;0 unmounted due to system locked
06-27 00:27:44.614 I/SystemServerTimingAsync( 1538): ssm.onUnlockedUser-0_com.android.server.BatteryService
06-27 00:27:44.614 I/SystemServerTimingAsync( 1538): ssm.onUnlockedUser-0_com.android.server.usage.UsageStatsService
06-27 00:27:44.614 I/SystemServerTimingAsync( 1538): ssm.onUnlockedUser-0_com.android.server.webkit.WebViewUpdateService
06-27 00:27:44.614 I/SystemServerTimingAsync( 1538): ssm.onUnlockedUser-0_com.android.server.CachedDeviceStateService
06-27 00:27:44.614 I/SystemServerTimingAsync( 1538): ssm.onUnlockedUser-0_com.android.server.BinderCallsStatsService$LifeCycle
06-27 00:27:44.614 I/SystemServerTimingAsync( 1538): ssm.onUnlockedUser-0_com.android.server.LooperStatsService$Lifecycle
06-27 00:27:44.614 I/SystemServerTimingAsync( 1538): ssm.onUnlockedUser-0_com.android.server.rollback.RollbackManagerService
06-27 00:27:44.614 I/SystemServerTimingAsync( 1538): ssm.onUnlockedUser-0_com.android.server.os.NativeTombstoneManagerService
06-27 00:27:44.614 I/SystemServerTimingAsync( 1538): ssm.onUnlockedUser-0_com.android.server.os.BugreportManagerService
06-27 00:27:44.614 I/SystemServerTimingAsync( 1538): ssm.onUnlockedUser-0_com.android.server.gpu.GpuService
06-27 00:27:44.614 I/SystemServerTimingAsync( 1538): ssm.onUnlockedUser-0_com.android.server.security.KeyChainSystemService
06-27 00:27:44.614 I/AppWidgetServiceImpl( 1538): Processing of handleUserUnlocked u0 took 13 ms
06-27 00:27:44.614 I/SystemServerTimingAsync( 1538): ssm.onUnlockedUser-0_com.android.server.telecom.TelecomLoaderService
06-27 00:27:44.614 I/SystemServerTimingAsync( 1538): ssm.onUnlockedUser-0_com.android.server.accounts.AccountManagerService$Lifecycle
06-27 00:27:44.614 I/SystemServerTimingAsync( 1538): ssm.onUnlockedUser-0_com.android.server.content.ContentService$Lifecycle
06-27 00:27:44.614 I/SystemServerTimingAsync( 1538): ssm.onUnlockedUser-0_com.android.server.DropBoxManagerService
06-27 00:27:44.614 I/SystemServerTimingAsync( 1538): ssm.onUnlockedUser-0_com.android.role.RoleService
06-27 00:27:44.614 I/SystemServerTimingAsync( 1538): ssm.onUnlockedUser-0_com.android.server.vibrator.VibratorManagerService$Lifecycle
06-27 00:27:44.614 I/SystemServerTimingAsync( 1538): ssm.onUnlockedUser-0_com.android.server.alarm.AlarmManagerService
06-27 00:27:44.615 I/SystemServerTimingAsync( 1538): ssm.onUnlockedUser-0_com.android.server.devicestate.DeviceStateManagerService
06-27 00:27:44.615 I/SystemServerTimingAsync( 1538): ssm.onUnlockedUser-0_com.android.server.camera.CameraServiceProxy
06-27 00:27:44.615 I/SystemServerTimingAsync( 1538): ssm.onUnlockedUser-0_com.android.server.BluetoothService
06-27 00:27:44.615 I/SystemServerTimingAsync( 1538): ssm.onUnlockedUser-0_com.android.server.connectivity.IpConnectivityMetrics
06-27 00:27:44.615 I/SystemServerTimingAsync( 1538): ssm.onUnlockedUser-0_com.android.server.net.watchlist.NetworkWatchlistService$Lifecycle
06-27 00:27:44.615 I/SystemServerTimingAsync( 1538): ssm.onUnlockedUser-0_com.android.server.PinnerService
06-27 00:27:44.615 I/SystemServerTimingAsync( 1538): ssm.onUnlockedUser-0_com.google.android.startop.iorap.IorapForwardingService
06-27 00:27:44.615 I/SystemServerTimingAsync( 1538): ssm.onUnlockedUser-0_com.android.server.ActivityTriggerService
06-27 00:27:44.615 I/SystemServerTimingAsync( 1538): ssm.onUnlockedUser-0_com.android.server.integrity.AppIntegrityManagerService
06-27 00:27:44.615 I/SystemServerTimingAsync( 1538): ssm.onUnlockedUser-0_com.android.server.inputmethod.InputMethodManagerService$Lifecycle
06-27 00:27:44.615 I/SystemServerTimingAsync( 1538): ssm.onUnlockedUser-0_com.android.server.accessibility.AccessibilityManagerService$Lifecycle
06-27 00:27:44.615 I/SystemServerTimingAsync( 1538): ssm.onUnlockedUser-0_com.android.server.StorageManagerService$Lifecycle
06-27 00:27:44.615 I/SystemServerTimingAsync( 1538): ssm.onUnlockedUser-0_com.android.server.usage.StorageStatsService$Lifecycle
06-27 00:27:44.615 I/SystemServerTimingAsync( 1538): ssm.onUnlockedUser-0_com.android.server.UiModeManagerService
06-27 00:27:44.615 I/SystemServerTimingAsync( 1538): ssm.onUnlockedUser-0_com.android.server.locksettings.LockSettingsService$Lifecycle
06-27 00:27:44.615 I/SystemServerTimingAsync( 1538): ssm.onUnlockedUser-0_com.android.server.PersistentDataBlockService
06-27 00:27:44.615 I/SystemServerTimingAsync( 1538): ssm.onUnlockedUser-0_com.android.server.testharness.TestHarnessModeService
06-27 00:27:44.615 I/SystemServerTimingAsync( 1538): ssm.onUnlockedUser-0_com.android.server.oemlock.OemLockService
06-27 00:27:44.615 I/SystemServerTimingAsync( 1538): ssm.onUnlockedUser-0_com.android.server.DeviceIdleController
06-27 00:27:44.615 I/SystemServerTimingAsync( 1538): ssm.onUnlockedUser-0_com.android.server.devicepolicy.DevicePolicyManagerService$Lifecycle
06-27 00:27:44.616 I/SystemServerTimingAsync( 1538): ssm.onUnlockedUser-0_com.android.server.texttospeech.TextToSpeechManagerService
06-27 00:27:44.616 I/SystemServerTimingAsync( 1538): ssm.onUnlockedUser-0_com.android.server.speech.SpeechRecognitionManagerService
06-27 00:27:44.616 I/SystemServerTimingAsync( 1538): ssm.onUnlockedUser-0_com.android.server.searchui.SearchUiManagerService
06-27 00:27:44.616 I/SystemServerTimingAsync( 1538): ssm.onUnlockedUser-0_com.android.server.smartspace.SmartspaceManagerService
06-27 00:27:44.616 I/SystemServerTimingAsync( 1538): ssm.onUnlockedUser-0_com.android.server.graphics.fonts.FontManagerService$Lifecycle
06-27 00:27:44.616 I/SystemServerTimingAsync( 1538): ssm.onUnlockedUser-0_com.android.server.textservices.TextServicesManagerService$Lifecycle
06-27 00:27:44.616 I/SystemServerTimingAsync( 1538): ssm.onUnlockedUser-0_com.android.server.textclassifier.TextClassificationManagerService$Lifecycle
06-27 00:27:44.616 I/SystemServerTimingAsync( 1538): ssm.onUnlockedUser-0_com.android.server.NetworkScoreService$Lifecycle
06-27 00:27:44.616 I/SystemServerTimingAsync( 1538): ssm.onUnlockedUser-0_com.android.server.wifi.WifiService
06-27 00:27:44.616 I/SystemServerTimingAsync( 1538): ssm.onUnlockedUser-0_com.android.server.wifi.scanner.WifiScanningService
06-27 00:27:44.616 I/SystemServerTimingAsync( 1538): ssm.onUnlockedUser-0_com.android.server.wifi.rtt.RttService
06-27 00:27:44.616 I/SystemServerTimingAsync( 1538): ssm.onUnlockedUser-0_com.android.server.wifi.aware.WifiAwareService
06-27 00:27:44.616 I/SystemServerTimingAsync( 1538): ssm.onUnlockedUser-0_com.android.server.wifi.p2p.WifiP2pService
06-27 00:27:44.616 I/SystemServerTimingAsync( 1538): ssm.onUnlockedUser-0_com.android.server.ethernet.EthernetService
06-27 00:27:44.616 I/SystemServerTimingAsync( 1538): ssm.onUnlockedUser-0_com.android.server.ConnectivityServiceInitializer
06-27 00:27:44.616 I/SystemServerTimingAsync( 1538): ssm.onUnlockedUser-0_com.android.server.notification.NotificationManagerService
06-27 00:27:44.616 I/SystemServerTimingAsync( 1538): ssm.onUnlockedUser-0_com.android.server.storage.DeviceStorageMonitorService
06-27 00:27:44.616 I/SystemServerTimingAsync( 1538): ssm.onUnlockedUser-0_com.android.server.location.LocationManagerService$Lifecycle
06-27 00:27:44.616 I/SystemServerTimingAsync( 1538): ssm.onUnlockedUser-0_com.android.server.timedetector.TimeDetectorService$Lifecycle
06-27 00:27:44.616 I/SystemServerTimingAsync( 1538): ssm.onUnlockedUser-0_com.android.server.timezonedetector.TimeZoneDetectorService$Lifecycle
06-27 00:27:44.616 I/SystemServerTimingAsync( 1538): ssm.onUnlockedUser-0_com.android.server.timezonedetector.location.LocationTimeZoneManagerService$Lifecycle
06-27 00:27:44.616 I/SystemServerTimingAsync( 1538): ssm.onUnlockedUser-0_com.android.server.search.SearchManagerService$Lifecycle
06-27 00:27:44.616 I/SystemServerTimingAsync( 1538): ssm.onUnlockedUser-0_com.android.server.wallpaper.WallpaperManagerService$Lifecycle
06-27 00:27:44.616 I/SystemServerTimingAsync( 1538): ssm.onUnlockedUser-0_com.android.server.audio.AudioService$Lifecycle
06-27 00:27:44.616 I/SystemServerTimingAsync( 1538): ssm.onUnlockedUser-0_com.android.server.soundtrigger_middleware.SoundTriggerMiddlewareService$Lifecycle
06-27 00:27:44.616 I/SystemServerTimingAsync( 1538): ssm.onUnlockedUser-0_com.android.server.DockObserver
06-27 00:27:44.616 I/SystemServerTimingAsync( 1538): ssm.onUnlockedUser-0_com.android.server.midi.MidiService$Lifecycle
06-27 00:27:44.616 I/SystemServerTimingAsync( 1538): ssm.onUnlockedUser-0_com.android.server.adb.AdbService$Lifecycle
06-27 00:27:44.616 I/SystemServerTimingAsync( 1538): ssm.onUnlockedUser-0_com.android.server.usb.UsbService$Lifecycle
06-27 00:27:44.616 I/SystemServerTimingAsync( 1538): ssm.onUnlockedUser-0_com.android.server.twilight.TwilightService
06-27 00:27:44.616 I/SystemServerTimingAsync( 1538): ssm.onUnlockedUser-0_com.android.server.display.color.ColorDisplayService
06-27 00:27:44.616 I/SystemServerTimingAsync( 1538): ssm.onUnlockedUser-0_com.android.server.job.JobSchedulerService
06-27 00:27:44.617 I/SystemServerTimingAsync( 1538): ssm.onUnlockedUser-0_com.android.server.soundtrigger.SoundTriggerService
06-27 00:27:44.617 I/SystemServerTimingAsync( 1538): ssm.onUnlockedUser-0_com.android.server.trust.TrustManagerService
06-27 00:27:44.617 I/SystemServerTimingAsync( 1538): ssm.onUnlockedUser-0_com.android.server.backup.BackupManagerService$Lifecycle
06-27 00:27:44.617 I/SystemServerTimingAsync( 1538): ssm.onUnlockedUser-0_com.android.server.appwidget.AppWidgetService
06-27 00:27:44.617 I/SystemServerTimingAsync( 1538): ssm.onUnlockedUser-0_com.android.server.voiceinteraction.VoiceInteractionManagerService
06-27 00:27:44.617 I/SystemServerTimingAsync( 1538): ssm.onUnlockedUser-0_com.android.server.apphibernation.AppHibernationService
06-27 00:27:44.617 I/SystemServerTimingAsync( 1538): ssm.onUnlockedUser-0_com.android.server.SensorNotificationService
06-27 00:27:44.617 I/SystemServerTimingAsync( 1538): ssm.onUnlockedUser-0_com.android.server.emergency.EmergencyAffordanceService
06-27 00:27:44.617 I/SystemServerTimingAsync( 1538): ssm.onUnlockedUser-0_com.android.server.blob.BlobStoreManagerService
06-27 00:27:44.617 I/SystemServerTimingAsync( 1538): ssm.onUnlockedUser-0_com.android.server.dreams.DreamManagerService
06-27 00:27:44.617 I/SystemServerTimingAsync( 1538): ssm.onUnlockedUser-0_com.android.server.companion.CompanionDeviceManagerService
06-27 00:27:44.617 I/SystemServerTimingAsync( 1538): ssm.onUnlockedUser-0_com.android.server.restrictions.RestrictionsManagerService
06-27 00:27:44.617 I/SystemServerTimingAsync( 1538): ssm.onUnlockedUser-0_com.android.server.media.MediaSessionService
06-27 00:27:44.619 I/SystemServerTimingAsync( 1538): ssm.onUnlockedUser-0_com.android.server.media.MediaResourceMonitorService
06-27 00:27:44.619 I/SystemServerTimingAsync( 1538): ssm.onUnlockedUser-0_com.android.server.biometrics.sensors.fingerprint.FingerprintService
06-27 00:27:44.619 I/SystemServerTimingAsync( 1538): ssm.onUnlockedUser-0_com.android.server.biometrics.BiometricService
06-27 00:27:44.619 I/SystemServerTimingAsync( 1538): ssm.onUnlockedUser-0_com.android.server.biometrics.AuthService
06-27 00:27:44.619 I/SystemServerTimingAsync( 1538): ssm.onUnlockedUser-0_com.android.server.pm.ShortcutService$Lifecycle
06-27 00:27:44.619 I/SystemServerTimingAsync( 1538): ssm.onUnlockedUser-0_com.android.server.pm.LauncherAppsService
06-27 00:27:44.619 I/SystemServerTimingAsync( 1538): ssm.onUnlockedUser-0_com.android.server.pm.CrossProfileAppsService
06-27 00:27:44.619 I/SystemServerTimingAsync( 1538): ssm.onUnlockedUser-0_com.android.server.people.PeopleService
06-27 00:27:44.620 I/SystemServerTimingAsync( 1538): ssm.onUnlockedUser-0_com.android.server.media.metrics.MediaMetricsManagerService
06-27 00:27:44.620 I/SystemServerTimingAsync( 1538): ssm.onUnlockedUser-0_com.android.server.media.projection.MediaProjectionManagerService
06-27 00:27:44.620 I/SystemServerTimingAsync( 1538): ssm.onUnlockedUser-0_com.android.server.slice.SliceManagerService$Lifecycle
06-27 00:27:44.625 I/SystemServerTimingAsync( 1538): ssm.onUnlockedUser-0_com.android.server.stats.StatsCompanion$Lifecycle
06-27 00:27:44.625 I/SystemServerTimingAsync( 1538): ssm.onUnlockedUser-0_com.android.server.scheduling.RebootReadinessManagerService$Lifecycle
06-27 00:27:44.625 I/SystemServerTimingAsync( 1538): ssm.onUnlockedUser-0_com.android.server.stats.pull.StatsPullAtomService
06-27 00:27:44.625 I/SystemServerTimingAsync( 1538): ssm.onUnlockedUser-0_com.android.server.incident.IncidentCompanionService
06-27 00:27:44.625 I/SystemServerTimingAsync( 1538): ssm.onUnlockedUser-0_com.android.server.MmsServiceBroker
06-27 00:27:44.625 I/SystemServerTimingAsync( 1538): ssm.onUnlockedUser-0_com.android.server.autofill.AutofillManagerService
06-27 00:27:44.625 I/SystemServerTimingAsync( 1538): ssm.onUnlockedUser-0_com.android.server.clipboard.ClipboardService
06-27 00:27:44.625 I/SystemServerTimingAsync( 1538): ssm.onUnlockedUser-0_com.android.server.appbinding.AppBindingService$Lifecycle
06-27 00:27:44.625 I/SystemServerTimingAsync( 1538): ssm.onUnlockedUser-0_com.android.server.tracing.TracingServiceProxy
06-27 00:27:44.625 I/SystemServerTimingAsync( 1538): ssm.onUnlockedUser-0_com.android.server.policy.PermissionPolicyService
06-27 00:27:44.625 I/SystemServerTimingAsync( 1538): ssm.onUnlockedUser-0_com.android.server.pm.StagingManager$Lifecycle
06-27 00:27:44.625 I/SystemServerTimingAsync( 1538): ssm.onUnlockedUser-0_com.android.server.app.GameManagerService$Lifecycle
06-27 00:27:44.625 I/SystemServerTimingAsync( 1538): ssm.onUnlockedUser-0_com.android.server.appsearch.AppSearchManagerService
06-27 00:27:44.625 I/SystemServerTimingAsync( 1538): ssm.onUnlockedUser-0_com.android.server.media.MediaCommunicationService
06-27 00:27:44.625 W/ActivityManager( 1538): UserLifecycleEvent 6 received without an active userJourneySession.
06-27 00:27:44.631 D/PowerManagerService( 1538): userActivityNoUpdateLocked: groupId=0, eventTime=12201, event=0, flags=0x0, uid=1000
06-27 00:27:44.631 D/PowerManagerNotifier( 1538): onUserActivity: event=0, uid=1000
06-27 00:27:44.631 D/PowerManagerService( 1538): updateUserActivitySummaryLocked: groupId=0, mWakefulness=Awake, mUserActivitySummary=0x1, nextTimeout=72201 (in 59999 ms)
06-27 00:27:44.631 D/PowerManagerNotifier( 1538): onScreenPolicyUpdate: newPolicy=3
06-27 00:27:44.632 D/PowerManagerService( 1538): updateDisplayPowerStateLocked: displayReady=true, groupId=0, policy=BRIGHT, mWakefulness=Awake, mWakeLockSummary=0x0, mUserActivitySummary=0x1, mBootCompleted=true, screenBrightnessOverride=NaN, useAutoBrightness=false, mScreenBrightnessBoostInProgress=false, mIsVrModeEnabled= false, sQuiescent=false
06-27 00:27:44.653 I/[ 12.222602] binder( 0): 2814:2814 ioctl 40046210 7fdc24c794 returned -22
06-27 00:27:44.634 D/PowerManagerService( 1538): acquireWakeLockInternal: lock=53423375, flags=0x1, tag="*launch*", ws=WorkSource{1000}, uid=1000, pid=1538
06-27 00:27:44.634 D/PowerManagerService( 1538): updateWakeLockSummaryLocked: mWakefulness=Awake, mWakeLockSummary=0x1
06-27 00:27:44.634 D/PowerManagerService( 1538): updateUserActivitySummaryLocked: groupId=0, mWakefulness=Awake, mUserActivitySummary=0x1, nextTimeout=72201 (in 59996 ms)
06-27 00:27:44.634 D/PowerManagerNotifier( 1538): onScreenPolicyUpdate: newPolicy=3
06-27 00:27:44.634 D/PowerManagerService( 1538): updateDisplayPowerStateLocked: displayReady=true, groupId=0, policy=BRIGHT, mWakefulness=Awake, mWakeLockSummary=0x1, mUserActivitySummary=0x1, mBootCompleted=true, screenBrightnessOverride=NaN, useAutoBrightness=false, mScreenBrightnessBoostInProgress=false, mIsVrModeEnabled= false, sQuiescent=false
06-27 00:27:44.634 D/PowerManagerService( 1538): Acquiring suspend blocker "PowerManagerService.WakeLocks".
06-27 00:27:44.635 D/PowerManagerNotifier( 1538): onWakeLockAcquired: flags=1, tag="*launch*", packageName=android, ownerUid=1000, ownerPid=1538, workSource=WorkSource{1000}
06-27 00:27:44.640 I/ActivityTaskManager( 1538): START u0 {act=android.intent.action.MAIN cat=[android.intent.category.HOME] flg=0x10000100 cmp=com.android.launcher3/.uioverrides.QuickstepLauncher (has extras)} from uid 0
06-27 00:27:44.642 D/CompatibilityChangeReporter( 1538): Compat change id reported: 184838306; UID 10073; state: DISABLED
06-27 00:27:44.645 D/CompatibilityChangeReporter( 1538): Compat change id reported: 185004937; UID 10073; state: DISABLED
06-27 00:27:44.646 D/CompatibilityChangeReporter( 1538): Compat change id reported: 181136395; UID 10073; state: DISABLED
06-27 00:27:44.649 W/ActivityManager( 1538): Slow operation: 61ms so far, now at startProcess: returned from zygote!
06-27 00:27:44.649 W/ActivityManager( 1538): Slow operation: 62ms so far, now at startProcess: done updating battery stats
06-27 00:27:44.649 W/ActivityManager( 1538): Slow operation: 62ms so far, now at startProcess: building log message
06-27 00:27:44.649 I/ActivityManager( 1538): Start proc 2831:com.hryt.hiphishowfsecontrol/1000 for added application com.hryt.hiphishowfsecontrol
06-27 00:27:44.649 W/ActivityManager( 1538): Slow operation: 62ms so far, now at startProcess: starting to update pids map
06-27 00:27:44.655 D/CompatibilityChangeReporter( 1538): Compat change id reported: 174042936; UID 10073; state: DISABLED
06-27 00:27:44.656 D/CompatibilityChangeReporter( 1538): Compat change id reported: 174042980; UID 10073; state: DISABLED
06-27 00:27:44.657 D/ActivityTaskManager( 1538): TaskLaunchParamsModifier:task=null activity=ActivityRecord{2434a3 u0 com.android.launcher3/.uioverrides.QuickstepLauncher taskAffinity=null display-area-from-option=DefaultTaskDisplayArea@48199672 display-id=0 display-windowing-mode=1 suggested-display-area=DefaultTaskDisplayArea@48199672
06-27 00:27:44.662 D/ActivityTaskManager( 1538): TaskLaunchParamsModifier:task=null activity=ActivityRecord{2434a3 u0 com.android.launcher3/.uioverrides.QuickstepLauncher taskAffinity=null t-1} display-area-from-option=DefaultTaskDisplayArea@48199672 display-id=0 display-windowing-mode=1 suggested-display-area=DefaultTaskDisplayArea@48199672 activity-options-fullscreen=Rect(0, 0 - 0, 0) non-freeform-display display-area=DefaultTaskDisplayArea@48199672
06-27 00:27:44.664 D/ActivityTaskManager( 1538): TaskLaunchParamsModifier:task=Task{f85bb59 #58 type=home I=com.android.launcher3/.uioverrides.QuickstepLauncher U=0 rootTaskId=1 visible=true mode=fullscreen translucent=true sz=0 visible freeform task=true rootAffinity=null isMini=false} activity=ActivityRecord{2434a3 u0 com.android.launcher3/.uioverrides.QuickstepLauncher taskAffinity=null t-1} display-area-from-option=DefaultTaskDisplayArea@48199672 display-id=0 display-windowing-mode=1 suggested-display-area=DefaultTaskDisplayArea@48199672 activity-options-fullscreen=Rect(0, 0 - 0, 0) non-freeform-display display-area=DefaultTaskDisplayArea@48199672
06-27 00:27:44.666 D/PowerManagerService( 1538): updateWakeLockWorkSourceInternal: lock=53423375 [*launch*], ws=WorkSource{10073}
06-27 00:27:44.666 D/PowerManagerNotifier( 1538): onWakeLockChanging: flags=1, tag="*launch*", packageName=android, ownerUid=1000, ownerPid=1538, workSource=WorkSource{10073}
06-27 00:27:44.666 I/ActivityTaskManager( 1538): FOREGROUND_APPLICATION_CHANGED to com.android.launcher3.uioverrides.QuickstepLauncher
06-27 00:27:44.667 I/ActivityTaskManager( 1538): The Process com.android.launcher3 Already Exists in BG. So sending its PID: 2649
06-27 00:27:44.672 I/[ 12.240558] binder( 0): 2831:2831 ioctl 40046210 7fdc24c794 returned -22
06-27 00:27:44.672 W/ActivityManager( 1538): Slow operation: 84ms so far, now at startProcess: done updating pids map
06-27 00:27:44.672 W/ActivityManager( 1538): Slow operation: 83ms so far, now at startProcess: asking zygote to start proc
06-27 00:27:44.672 D/CompatibilityChangeReporter( 1538): Compat change id reported: 143937733; UID 10058; state: ENABLED
06-27 00:27:44.674 D/CompatibilityChangeReporter( 1538): Compat change id reported: 168419799; UID 10057; state: DISABLED
06-27 00:27:44.694 I/[ 12.262976] android_work( 0): sent uevent USB_STATE=DISCONNECTED
06-27 00:27:44.720 I/[ 12.286512] binder( 0): 2870:2870 ioctl 40046210 7fdc24c794 returned -22
06-27 00:27:44.740 I/[ 12.306735] zram0( 0): detected capacity change from 0 to 4294967296
06-27 00:27:44.745 I/ ( 0): [ 12.315955] devfreq-qcom-fw 18590000.qcom,devfreq-l3:qcom,cdsp-cdsp-l3-lat: Successfully started CDSP L3 governor
06-27 00:27:44.752 I/ ( 0): [ 12.321530] Adding 4194300k swap on /dev/block/zram0. Priority:32758 extents:1 across:4194300k SS
06-27 00:27:44.683 D/PowerManagerService( 1538): acquireWakeLockInternal: lock=203972335, flags=0x1, tag="LocationService", ws=null, uid=10070, pid=2742
06-27 00:27:44.683 D/PowerManagerService( 1538): updateWakeLockSummaryLocked: mWakefulness=Awake, mWakeLockSummary=0x1
06-27 00:27:44.683 D/PowerManagerService( 1538): updateUserActivitySummaryLocked: groupId=0, mWakefulness=Awake, mUserActivitySummary=0x1, nextTimeout=72201 (in 59948 ms)
06-27 00:27:44.683 D/PowerManagerNotifier( 1538): onScreenPolicyUpdate: newPolicy=3
06-27 00:27:44.683 D/PowerManagerService( 1538): updateDisplayPowerStateLocked: displayReady=true, groupId=0, policy=BRIGHT, mWakefulness=Awake, mWakeLockSummary=0x1, mUserActivitySummary=0x1, mBootCompleted=true, screenBrightnessOverride=NaN, useAutoBrightness=false, mScreenBrightnessBoostInProgress=false, mIsVrModeEnabled= false, sQuiescent=false
06-27 00:27:44.683 D/PowerManagerNotifier( 1538): onWakeLockAcquired: flags=1, tag="LocationService", packageName=com.qualcomm.location, ownerUid=10070, ownerPid=2742, workSource=null
06-27 00:27:44.689 W/ActivityManager( 1538): Slow operation: 100ms so far, now at startProcess: returned from zygote!
06-27 00:27:44.698 I/vold ( 528): Bind mounting /mnt/runtime/full/emulated to /mnt/pass_through/0/emulated
06-27 00:27:44.704 I/StorageSessionController( 1538): On volume mount VolumeInfo{emulated;0}:
06-27 00:27:44.704 I/StorageSessionController( 1538): type=EMULATED diskId=null partGuid= mountFlags=PRIMARY|VISIBLE
06-27 00:27:44.704 I/StorageSessionController( 1538): mountUserId=0 state=CHECKING
06-27 00:27:44.704 I/StorageSessionController( 1538): fsType=null fsUuid=null fsLabel=null
06-27 00:27:44.704 I/StorageSessionController( 1538): path=/storage/emulated internalPath=/data/media
06-27 00:27:44.711 I/StorageSessionController( 1538): Creating connection for user: 0
06-27 00:27:44.712 I/StorageSessionController( 1538): Creating and starting session with id: emulated;0
06-27 00:27:44.712 I/StorageUserConnection( 1538): Binding to the ExternalStorageService for user 0
06-27 00:27:44.765 I/[ 12.329403] binder( 0): 2814:2814 ioctl 40046210 7fdc24b684 returned -22
06-27 00:27:44.727 W/ActivityManager( 1538): Slow operation: 139ms so far, now at startProcess: done updating battery stats
06-27 00:27:44.727 W/ActivityManager( 1538): Slow operation: 139ms so far, now at startProcess: building log message
06-27 00:27:44.727 I/ActivityManager( 1538): Start proc 2870:.pasr/u0a58 for added application .pasr
06-27 00:27:44.727 W/ActivityManager( 1538): Slow operation: 139ms so far, now at startProcess: starting to update pids map
06-27 00:27:44.728 W/ActivityManager( 1538): Slow operation: 139ms so far, now at startProcess: done updating pids map
06-27 00:27:44.739 D/CompatibilityChangeReporter( 1538): Compat change id reported: 168419799; UID 10058; state: DISABLED
06-27 00:27:44.743 W/ActivityManager( 1538): Slow operation: 153ms so far, now at startProcess: asking zygote to start proc
06-27 00:27:44.743 D/CompatibilityChangeReporter( 1538): Compat change id reported: 143937733; UID 10079; state: DISABLED
06-27 00:27:44.744 W/ContextImpl( 2417): Calling a method in the system process without a qualified user: android.app.ContextImpl.startService:1816 android.content.ContextWrapper.startService:774 android.content.ContextWrapper.startService:774 com.qualcomm.qti.qdma.app.BootReceiver.onBootReceived:115 com.qualcomm.qti.innodme.InnoBootReceiver.onReceive:22
06-27 00:27:44.754 W/ActivityManager( 1538): Slow operation: 164ms so far, now at startProcess: returned from zygote!
06-27 00:27:44.756 W/ActivityManager( 1538): Slow operation: 166ms so far, now at startProcess: done updating battery stats
06-27 00:27:44.756 W/ActivityManager( 1538): Slow operation: 166ms so far, now at startProcess: building log message
06-27 00:27:44.756 I/ActivityManager( 1538): Start proc 2956:com.qualcomm.qti.services.systemhelper:systemhelper_service/u0a79 for added application com.qualcomm.qti.services.systemhelper:systemhelper_service
06-27 00:27:44.756 W/ActivityManager( 1538): Slow operation: 166ms so far, now at startProcess: starting to update pids map
06-27 00:27:44.756 W/ActivityManager( 1538): Slow operation: 167ms so far, now at startProcess: done updating pids map
06-27 00:27:44.756 W/ActivityManager( 1538): Slow operation: 167ms so far, now at startProcess: asking zygote to start proc
06-27 00:27:44.756 D/CompatibilityChangeReporter( 1538): Compat change id reported: 143937733; UID 10086; state: ENABLED
06-27 00:27:44.758 D/CompatibilityChangeReporter( 1538): Compat change id reported: 135634846; UID 10082; state: DISABLED
06-27 00:27:44.758 D/CompatibilityChangeReporter( 1538): Compat change id reported: 177438394; UID 10082; state: DISABLED
06-27 00:27:44.758 D/CompatibilityChangeReporter( 1538): Compat change id reported: 135772972; UID 10082; state: DISABLED
06-27 00:27:44.758 D/CompatibilityChangeReporter( 1538): Compat change id reported: 135754954; UID 10082; state: ENABLED
06-27 00:27:44.766 D/CompatibilityChangeReporter( 1538): Compat change id reported: 135634846; UID 10093; state: DISABLED
06-27 00:27:44.766 D/CompatibilityChangeReporter( 1538): Compat change id reported: 177438394; UID 10093; state: DISABLED
06-27 00:27:44.766 D/CompatibilityChangeReporter( 1538): Compat change id reported: 135772972; UID 10093; state: DISABLED
06-27 00:27:44.766 D/CompatibilityChangeReporter( 1538): Compat change id reported: 135754954; UID 10093; state: ENABLED
06-27 00:27:44.766 I/StorageUserConnection( 1538): Bound to the ExternalStorageService for user 0
