06-27 00:27:42.632 D/PowerManagerNotifier( 1538): onScreenPolicyUpdate: newPolicy=3
06-27 00:27:42.632 D/PowerManagerService( 1538): updateDisplayPowerStateLocked: displayReady=true, groupId=0, policy=BRIGHT, mWakefulness=Awake, mWakeLockSummary=0x1, mUserActivitySummary=0x1, mBootCompleted=false, screenBrightnessOverride=1.0, useAutoBrightness=false, mScreenBrightnessBoostInProgress=false, mIsVrModeEnabled= false, sQuiescent=false
06-27 00:27:42.632 D/PowerManagerNotifier( 1538): onWakeLockAcquired: flags=1, tag="NetworkStats", packageName=android, ownerUid=1000, ownerPid=1538, workSource=null
06-27 00:27:42.634 D/PowerManagerService( 1538): releaseWakeLockInternal: lock=251192698 [NetworkStats], flags=0x0
06-27 00:27:42.635 D/PowerManagerNotifier( 1538): onWakeLockReleased: flags=1, tag="NetworkStats", packageName=android, ownerUid=1000, ownerPid=1538, workSource=null
06-27 00:27:42.635 D/PowerManagerService( 1538): updateWakeLockSummaryLocked: mWakefulness=Awake, mWakeLockSummary=0x1
06-27 00:27:42.635 D/PowerManagerService( 1538): updateUserActivitySummaryLocked: groupId=0, mWakefulness=Awake, mUserActivitySummary=0x1, nextTimeout=70074 (in 59869 ms)
06-27 00:27:42.635 D/PowerManagerNotifier( 1538): onScreenPolicyUpdate: newPolicy=3
06-27 00:27:42.635 D/PowerManagerService( 1538): updateDisplayPowerStateLocked: displayReady=true, groupId=0, policy=BRIGHT, mWakefulness=Awake, mWakeLockSummary=0x1, mUserActivitySummary=0x1, mBootCompleted=false, screenBrightnessOverride=1.0, useAutoBrightness=false, mScreenBrightnessBoostInProgress=false, mIsVrModeEnabled= false, sQuiescent=false
06-27 00:27:42.637 I/[ 10.206301] msm_vidc( 0): high: 00000001: ....d: Opening video instance: 0000000000000000, 1
06-27 00:27:42.637 I/[ 10.206330] msm_vidc( 0): err : 00000001: ....d: Failed to create debugfs for msm_vidc
06-27 00:27:42.636 D/CountryDetector( 1538): Using custom country detector class: com.android.server.location.ComprehensiveCountryDetector
06-27 00:27:42.636 E/CountryDetector( 1538): Could not instantiate the custom country detector class
06-27 00:27:42.636 D/CountryDetector( 1538): Using default country detector
06-27 00:27:42.640 I/[ 10.209215] msm_vidc( 0): high: 00000001: mpg2d: Closed video instance: 0000000000000000
06-27 00:27:42.645 I/[ 10.214599] msm_vidc( 0): high: 00000001: ....d: Opening video instance: 0000000000000000, 1
06-27 00:27:42.645 I/[ 10.214642] msm_vidc( 0): err : 00000001: ....d: Failed to create debugfs for msm_vidc
06-27 00:27:42.648 I/[ 10.217984] msm_vidc( 0): high: 00000001: mpg2d: Closed video instance: 0000000000000000
06-27 00:27:42.660 I/[ 10.230183] msm_vidc( 0): high: 00000001: ....d: Opening video instance: 0000000000000000, 1
06-27 00:27:42.660 I/[ 10.230221] msm_vidc( 0): err : 00000001: ....d: Failed to create debugfs for msm_vidc
06-27 00:27:42.663 I/[ 10.234352] msm_vidc( 0): high: 00000001: vp8d: Closed video instance: 0000000000000000
06-27 00:27:42.685 I/[ 10.255197] msm_vidc( 0): high: 00000001: ....d: Opening video instance: 0000000000000000, 1
06-27 00:27:42.685 I/[ 10.255237] msm_vidc( 0): err : 00000001: ....d: Failed to create debugfs for msm_vidc
06-27 00:27:42.688 I/[ 10.258613] msm_vidc( 0): high: 00000001: vp9d: Closed video instance: 0000000000000000
06-27 00:27:42.694 I/[ 10.265082] msm_vidc( 0): high: 00000001: ....d: Opening video instance: 0000000000000000, 1
06-27 00:27:42.695 I/[ 10.265107] msm_vidc( 0): err : 00000001: ....d: Failed to create debugfs for msm_vidc
06-27 00:27:42.697 I/[ 10.267469] msm_vidc( 0): high: 00000001: vp9d: Closed video instance: 0000000000000000
06-27 00:27:42.704 I/[ 10.274718] msm_vidc( 0): high: 00000001: ....e: Opening video instance: 0000000000000000, 0
06-27 00:27:42.704 I/[ 10.274774] msm_vidc( 0): err : 00000001: ....e: Failed to create debugfs for msm_vidc
06-27 00:27:42.711 I/[ 10.277714] msm_vidc( 0): high: 00000001: h264e: Closed video instance: 0000000000000000
06-27 00:27:42.726 I/ActivityTaskManager( 1538): FOREGROUND_APPLICATION_CHANGED to com.android.settings.FallbackHome
06-27 00:27:42.727 W/ContextImpl( 1538): Calling a method in the system process without a qualified user: android.app.ContextImpl.bindService:1895 android.content.ContextWrapper.bindService:810 com.qualcomm.qti.activityextension.ActivityNotifier.bindToDynamicDDSService:103 com.qualcomm.qti.activityextension.ActivityNotifier.handleSendActivityInvokeNotification:184 com.qualcomm.qti.activityextension.ActivityNotifier.access$300:26
06-27 00:27:42.728 I/SystemServerTiming( 1538): showSystemReadyErrorDialogs
06-27 00:27:42.744 I/[ 10.315107] msm_vidc( 0): high: 00000001: ....e: Opening video instance: 0000000000000000, 0
06-27 00:27:42.744 I/[ 10.315161] msm_vidc( 0): err : 00000001: ....e: Failed to create debugfs for msm_vidc
06-27 00:27:42.748 I/[ 10.318333] msm_vidc( 0): high: 00000001: h265e: Closed video instance: 0000000000000000
06-27 00:27:42.760 I/[ 10.330486] msm_vidc( 0): high: 00000001: ....e: Opening video instance: 0000000000000000, 0
06-27 00:27:42.760 I/[ 10.330541] msm_vidc( 0): err : 00000001: ....e: Failed to create debugfs for msm_vidc
06-27 00:27:42.763 I/SystemServerTiming( 1538): sendUserStartBroadcast
06-27 00:27:42.763 I/SystemServerTiming( 1538): resumeTopActivities
06-27 00:27:42.764 I/SystemServerTiming( 1538): sendUserSwitchBroadcasts
06-27 00:27:42.765 I/SystemServerTiming( 1538): setBinderProxies
06-27 00:27:42.765 I/SystemServerTiming( 1538): StartSystemUI
06-27 00:27:42.768 I/[ 10.337362] msm_vidc( 0): high: 00000001: h265e: Closed video instance: 0000000000000000
06-27 00:27:42.774 D/CompatibilityChangeReporter( 1538): Compat change id reported: 181136395; UID 1000; state: DISABLED
06-27 00:27:42.774 D/CompatibilityChangeReporter( 1538): Compat change id reported: 174042936; UID 1000; state: DISABLED
06-27 00:27:42.776 W/ActivityManager( 1538): No pending application record for pid 2007 (IApplicationThread android.app.IApplicationThread$Stub$Proxy@3474a23); dropping process
06-27 00:27:42.777 W/ActivityManager( 1538): Slow operation: 241ms so far, now at startProcess: done updating battery stats
06-27 00:27:42.777 W/ActivityManager( 1538): Slow operation: 241ms so far, now at startProcess: building log message
06-27 00:27:42.777 I/ActivityManager( 1538): Start proc 2014:com.thundercomm.gamemode/1000 for added application com.thundercomm.gamemode
06-27 00:27:42.777 W/ActivityManager( 1538): Slow operation: 241ms so far, now at startProcess: starting to update pids map
06-27 00:27:42.777 W/ActivityManager( 1538): Slow operation: 241ms so far, now at startProcess: done updating pids map
06-27 00:27:42.780 D/CompatibilityChangeReporter( 1538): Compat change id reported: 168419799; UID 1000; state: DISABLED
06-27 00:27:42.786 W/ContextImpl( 1538): Calling a method in the system process without a qualified user: android.app.ContextImpl.bindService:1895 android.content.ContextWrapper.bindService:810 com.qualcomm.qti.activityextension.ActivityNotifier.bindToDynamicDDSService:103 com.qualcomm.qti.activityextension.ActivityNotifier.handleSendActivityInvokeNotification:184 com.qualcomm.qti.activityextension.ActivityNotifier.access$300:26
06-27 00:27:42.786 D/CompatibilityChangeReporter( 1538): Compat change id reported: 135634846; UID 1000; state: DISABLED
06-27 00:27:42.786 D/CompatibilityChangeReporter( 1538): Compat change id reported: 177438394; UID 1000; state: DISABLED
06-27 00:27:42.786 W/PackageManager( 1538): Loading a package that does not exist for the calling user. package=null, user=0
06-27 00:27:42.786 D/CompatibilityChangeReporter( 1538): Compat change id reported: 135772972; UID 1000; state: DISABLED
06-27 00:27:42.786 D/CompatibilityChangeReporter( 1538): Compat change id reported: 135754954; UID 1000; state: ENABLED
06-27 00:27:42.788 D/PowerManagerService( 1538): updateUserActivitySummaryLocked: groupId=0, mWakefulness=Awake, mUserActivitySummary=0x1, nextTimeout=70074 (in 59716 ms)
06-27 00:27:42.788 D/PowerManagerNotifier( 1538): onScreenPolicyUpdate: newPolicy=3
06-27 00:27:42.788 D/PowerManagerService( 1538): updateDisplayPowerStateLocked: displayReady=true, groupId=0, policy=BRIGHT, mWakefulness=Awake, mWakeLockSummary=0x1, mUserActivitySummary=0x1, mBootCompleted=false, screenBrightnessOverride=1.0, useAutoBrightness=false, mScreenBrightnessBoostInProgress=false, mIsVrModeEnabled= false, sQuiescent=false
06-27 00:27:42.791 W/PackageManager( 1538): Loading a package that does not exist for the calling user. package=null, user=0
06-27 00:27:42.794 I/SystemServerTiming( 1538): startMicroService
06-27 00:27:42.796 I/[ 10.365604] binder( 0): undelivered TRANSACTION_COMPLETE
06-27 00:27:42.796 I/[ 10.365611] binder( 0): undelivered transaction 17844, process died.
06-27 00:27:42.795 W/ContextImpl( 1538): Calling a method in the system process without a qualified user: android.app.ContextImpl.bindService:1895 android.content.ContextWrapper.bindService:810 com.qualcomm.qti.activityextension.ActivityNotifier.bindToDynamicDDSService:103 com.qualcomm.qti.activityextension.ActivityNotifier.handleSendActivityInvokeNotification:184 com.qualcomm.qti.activityextension.ActivityNotifier.access$300:26
06-27 00:27:42.796 I/SystemServerTiming( 1538): startRemoteControlService
06-27 00:27:42.797 W/ActivityManager( 1538): Slow operation: 259ms so far, now at startProcess: asking zygote to start proc
06-27 00:27:42.797 I/SystemServerTiming( 1538): startTcService
06-27 00:27:42.798 I/SystemServerTiming( 1538): startBoostPerfService
06-27 00:27:42.802 W/ActivityManager( 1538): Slow operation: 264ms so far, now at startProcess: returned from zygote!
06-27 00:27:42.802 W/ActivityManager( 1538): Slow operation: 264ms so far, now at startProcess: done updating battery stats
06-27 00:27:42.802 W/ActivityManager( 1538): Slow operation: 264ms so far, now at startProcess: building log message
06-27 00:27:42.802 I/ActivityManager( 1538): Start proc 2159:com.thundercomm.microservice/1000 for added application com.thundercomm.microservice
06-27 00:27:42.802 W/ActivityManager( 1538): Slow operation: 264ms so far, now at startProcess: starting to update pids map
06-27 00:27:42.802 W/ActivityManager( 1538): Slow operation: 264ms so far, now at startProcess: done updating pids map
06-27 00:27:42.802 W/ActivityManager( 1538): Slow operation: 263ms so far, now at startProcess: asking zygote to start proc
06-27 00:27:42.806 W/Looper ( 1538): Slow delivery took 2132ms main h=android.app.PropertyInvalidatedCache$AutoCorker$1 c=null m=0
06-27 00:27:42.807 W/ActivityManager( 1538): Slow operation: 269ms so far, now at startProcess: returned from zygote!
06-27 00:27:42.808 W/ActivityManager( 1538): Slow operation: 269ms so far, now at startProcess: done updating battery stats
06-27 00:27:42.808 W/ActivityManager( 1538): Slow operation: 270ms so far, now at startProcess: building log message
06-27 00:27:42.808 I/ActivityManager( 1538): Start proc 2162:com.thundercomm.microsettings/1000 for added application com.thundercomm.microsettings
06-27 00:27:42.808 W/ActivityManager( 1538): Slow operation: 270ms so far, now at startProcess: starting to update pids map
06-27 00:27:42.810 W/ActivityManager( 1538): Slow operation: 271ms so far, now at startProcess: done updating pids map
06-27 00:27:42.810 W/ActivityManager( 1538): Slow operation: 271ms so far, now at startProcess: asking zygote to start proc
06-27 00:27:42.813 D/ConditionProviders.SCP( 1538): onConnected
06-27 00:27:42.813 I/GameModeConfig( 1538): isGameModeOn = false
06-27 00:27:42.814 D/ConditionProviders( 1538): Subscribing to condition://android/event?userId=-10000&calendar=&reply=1 with ComponentInfo{android/com.android.server.notification.EventConditionProvider}
06-27 00:27:42.814 D/ConditionProviders( 1538): Subscribing to condition://android/schedule?days=1.2.3.4.5.6.7&start=22.0&end=7.0&exitAtAlarm=true with ComponentInfo{android/com.android.server.notification.ScheduleConditionProvider}
06-27 00:27:42.815 D/PowerManagerService( 1538): updateIsPoweredLocked: wasPowered=true, mIsPowered=true, oldPlugType=0, mPlugType=0, mBatteryLevel=0
06-27 00:27:42.824 D/CompatibilityChangeReporter( 1538): Compat change id reported: 135634846; UID 10094; state: DISABLED
06-27 00:27:42.824 D/CompatibilityChangeReporter( 1538): Compat change id reported: 177438394; UID 10094; state: DISABLED
06-27 00:27:42.824 D/CompatibilityChangeReporter( 1538): Compat change id reported: 135772972; UID 10094; state: DISABLED
06-27 00:27:42.824 D/CompatibilityChangeReporter( 1538): Compat change id reported: 135754954; UID 10094; state: ENABLED
06-27 00:27:42.827 I/GameModeConfig( 1538): isGameModeOn = false
06-27 00:27:42.831 D/PowerManagerService( 1538): updateIsPoweredLocked: wasPowered=true, mIsPowered=true, oldPlugType=0, mPlugType=0, mBatteryLevel=0
06-27 00:27:42.839 W/ActivityManager( 1538): Slow operation: 299ms so far, now at startProcess: returned from zygote!
06-27 00:27:42.839 W/ActivityManager( 1538): Slow operation: 300ms so far, now at startProcess: done updating battery stats
06-27 00:27:42.839 W/ActivityManager( 1538): Slow operation: 300ms so far, now at startProcess: building log message
06-27 00:27:42.839 I/ActivityManager( 1538): Start proc 2165:.dataservices/1001 for added application .dataservices
06-27 00:27:42.839 W/ActivityManager( 1538): Slow operation: 300ms so far, now at startProcess: starting to update pids map
06-27 00:27:42.840 W/ActivityManager( 1538): Slow operation: 300ms so far, now at startProcess: done updating pids map
06-27 00:27:42.840 W/ActivityManager( 1538): Slow operation: 299ms so far, now at startProcess: asking zygote to start proc
06-27 00:27:42.840 D/CompatibilityChangeReporter( 1538): Compat change id reported: 143937733; UID 10054; state: DISABLED
06-27 00:27:42.844 I/[ 10.406784] binder( 0): 2162:2162 ioctl 40046210 7fdc24c794 returned -22
06-27 00:27:42.844 I/[ 10.407288] binder( 0): 2165:2165 ioctl 40046210 7fdc24c794 returned -22
06-27 00:27:42.844 I/[ 10.407308] binder( 0): 2159:2159 ioctl 40046210 7fdc24c794 returned -22
06-27 00:27:42.853 I/[ 10.423487] msm_vidc( 0): high: 00000001: ....e: Opening video instance: 0000000000000000, 0
06-27 00:27:42.854 I/[ 10.423558] msm_vidc( 0): err : 00000001: ....e: Failed to create debugfs for msm_vidc
06-27 00:27:42.854 I/[ 10.423623] msm_vidc( 0): err : 00000001: ....e: msm_vidc_comm_update_ctrl: failed: control name Ltr Count, min 0, max 0, step 0, default_value 0
06-27 00:27:42.842 D/CompatibilityChangeReporter( 1538): Compat change id reported: 168419799; UID 1001; state: DISABLED
06-27 00:27:42.847 W/ActivityManager( 1538): Slow operation: 307ms so far, now at startProcess: returned from zygote!
06-27 00:27:42.855 D/CompatibilityChangeReporter( 1538): Compat change id reported: 168419799; UID 1001; state: DISABLED
06-27 00:27:42.857 D/CompatibilityChangeReporter( 1538): Compat change id reported: 168419799; UID 1000; state: DISABLED
06-27 00:27:42.859 W/ActivityManager( 1538): Slow operation: 319ms so far, now at startProcess: done updating battery stats
06-27 00:27:42.859 W/ActivityManager( 1538): Slow operation: 319ms so far, now at startProcess: building log message
06-27 00:27:42.859 I/ActivityManager( 1538): Start proc 2205:.qtidataservices/u0a54 for added application .qtidataservices
06-27 00:27:42.859 W/ActivityManager( 1538): Slow operation: 319ms so far, now at startProcess: starting to update pids map
06-27 00:27:42.860 W/ActivityManager( 1538): Slow operation: 319ms so far, now at startProcess: done updating pids map
06-27 00:27:42.860 W/ActivityManager( 1538): Slow operation: 318ms so far, now at startProcess: asking zygote to start proc
06-27 00:27:42.862 D/CompatibilityChangeReporter( 1538): Compat change id reported: 168419799; UID 1000; state: DISABLED
06-27 00:27:42.867 I/[ 10.432429] msm_vidc( 0): high: 00000001: vp8e: Closed video instance: 0000000000000000
06-27 00:27:42.869 W/ActivityManager( 1538): Slow operation: 327ms so far, now at startProcess: returned from zygote!
06-27 00:27:42.869 W/ActivityManager( 1538): Slow operation: 328ms so far, now at startProcess: done updating battery stats
06-27 00:27:42.869 W/ActivityManager( 1538): Slow operation: 328ms so far, now at startProcess: building log message
06-27 00:27:42.869 I/ActivityManager( 1538): Start proc 2213:com.thundercomm.tchttpserver/1000 for added application com.thundercomm.tchttpserver
06-27 00:27:42.869 W/ActivityManager( 1538): Slow operation: 328ms so far, now at startProcess: starting to update pids map
06-27 00:27:42.869 W/ActivityManager( 1538): Slow operation: 328ms so far, now at startProcess: done updating pids map
06-27 00:27:42.869 W/ActivityManager( 1538): Slow operation: 328ms so far, now at startProcess: asking zygote to start proc
06-27 00:27:42.877 I/[ 10.445483] binder( 0): 1915:1915 ioctl 40046210 7fdc24be04 returned -22
06-27 00:27:42.890 I/[ 10.461148] binder( 0): 2205:2205 ioctl 40046210 7fdc24c794 returned -22
06-27 00:27:42.898 D/CompatibilityChangeReporter( 1538): Compat change id reported: 168419799; UID 10054; state: DISABLED
06-27 00:27:42.909 W/ActivityManager( 1538): Slow operation: 367ms so far, now at startProcess: returned from zygote!
06-27 00:27:42.909 W/ActivityManager( 1538): Slow operation: 368ms so far, now at startProcess: done updating battery stats
06-27 00:27:42.909 W/ActivityManager( 1538): Slow operation: 368ms so far, now at startProcess: building log message
06-27 00:27:42.909 I/ActivityManager( 1538): Start proc 2243:com.tc.logclient/1000 for added application com.tc.logclient
06-27 00:27:42.909 W/ActivityManager( 1538): Slow operation: 368ms so far, now at startProcess: starting to update pids map
06-27 00:27:42.910 W/ActivityManager( 1538): Slow operation: 368ms so far, now at startProcess: done updating pids map
06-27 00:27:42.910 W/ActivityManager( 1538): Slow operation: 367ms so far, now at startProcess: asking zygote to start proc
06-27 00:27:42.918 E/[ 10.488813] init( 0): Control message: Could not find 'vendor.qti.hardware.iop@2.0::IIop/default' for ctl.interface_start from pid: 514 (/system/bin/hwservicemanager)
06-27 00:27:42.918 D/CompatibilityChangeReporter( 1538): Compat change id reported: 135634846; UID 10065; state: DISABLED
06-27 00:27:42.918 D/CompatibilityChangeReporter( 1538): Compat change id reported: 177438394; UID 10065; state: DISABLED
06-27 00:27:42.918 D/CompatibilityChangeReporter( 1538): Compat change id reported: 135772972; UID 10065; state: DISABLED
06-27 00:27:42.918 D/CompatibilityChangeReporter( 1538): Compat change id reported: 135754954; UID 10065; state: ENABLED
06-27 00:27:42.919 W/ActivityManager( 1538): Slow operation: 376ms so far, now at startProcess: returned from zygote!
06-27 00:27:42.920 W/ActivityManager( 1538): Slow operation: 377ms so far, now at startProcess: done updating battery stats
06-27 00:27:42.920 W/ActivityManager( 1538): Slow operation: 377ms so far, now at startProcess: building log message
06-27 00:27:42.920 I/ActivityManager( 1538): Start proc 2258:com.android.networkstack.process/1073 for added application com.android.networkstack.process
06-27 00:27:42.920 W/ActivityManager( 1538): Slow operation: 377ms so far, now at startProcess: starting to update pids map
06-27 00:27:42.922 I/[ 10.490638] binder( 0): 2213:2213 ioctl 40046210 7fdc24c794 returned -22
06-27 00:27:42.926 E/[ 10.496944] init( 0): Control message: Could not find 'vendor.qti.hardware.iop@2.0::IIop/default' for ctl.interface_start from pid: 514 (/system/bin/hwservicemanager)
06-27 00:27:42.920 W/ActivityManager( 1538): Slow operation: 377ms so far, now at startProcess: done updating pids map
06-27 00:27:42.920 W/ActivityManager( 1538): Slow operation: 377ms so far, now at startProcess: asking zygote to start proc
06-27 00:27:42.926 W/ActivityManager( 1538): Slow operation: 383ms so far, now at startProcess: returned from zygote!
06-27 00:27:42.926 W/ActivityManager( 1538): Slow operation: 383ms so far, now at startProcess: done updating battery stats
06-27 00:27:42.926 W/ActivityManager( 1538): Slow operation: 383ms so far, now at startProcess: building log message
06-27 00:27:42.926 I/ActivityManager( 1538): Start proc 2261:com.thundercomm.tcsetupwizard/1000 for added application com.thundercomm.tcsetupwizard
06-27 00:27:42.926 W/ActivityManager( 1538): Slow operation: 383ms so far, now at startProcess: starting to update pids map
06-27 00:27:42.927 W/ActivityManager( 1538): Slow operation: 383ms so far, now at startProcess: done updating pids map
06-27 00:27:42.927 W/ActivityManager( 1538): Slow operation: 383ms so far, now at startProcess: asking zygote to start proc
06-27 00:27:42.933 D/CompatibilityChangeReporter( 1538): Compat change id reported: 168419799; UID 1000; state: DISABLED
06-27 00:27:42.933 W/ActivityManager( 1538): Slow operation: 390ms so far, now at startProcess: returned from zygote!
06-27 00:27:42.936 W/ActivityManager( 1538): Slow operation: 392ms so far, now at startProcess: done updating battery stats
06-27 00:27:42.936 W/ActivityManager( 1538): Slow operation: 392ms so far, now at startProcess: building log message
06-27 00:27:42.936 I/ActivityManager( 1538): Start proc 2264:vendor.qti.qesdk.sysservice/1000 for added application vendor.qti.qesdk.sysservice
06-27 00:27:42.936 W/ActivityManager( 1538): Slow operation: 393ms so far, now at startProcess: starting to update pids map
06-27 00:27:42.936 W/ActivityManager( 1538): Slow operation: 393ms so far, now at startProcess: done updating pids map
06-27 00:27:42.936 W/ActivityManager( 1538): Slow operation: 392ms so far, now at startProcess: asking zygote to start proc
06-27 00:27:42.937 W/Looper ( 1538): Slow dispatch took 106ms main h=android.app.ActivityThread$H c=null m=114
06-27 00:27:42.937 D/CompatibilityChangeReporter( 1538): Compat change id reported: 143937733; UID 10081; state: DISABLED
06-27 00:27:42.938 I/PackageWatchdog( 1538): Syncing health check requests for packages: {}
06-27 00:27:42.938 I/ExplicitHealthCheckController( 1538): Service not ready to get health check supported packages. Binding...
06-27 00:27:42.938 I/ExplicitHealthCheckController( 1538): Explicit health check service is bound
06-27 00:27:42.956 I/[ 10.523740] binder( 0): 2243:2243 ioctl 40046210 7fdc24c794 returned -22
06-27 00:27:42.957 I/[ 10.527987] binder( 0): 2261:2261 ioctl 40046210 7fdc24c794 returned -22
06-27 00:27:42.956 W/ActivityManager( 1538): Slow operation: 411ms so far, now at startProcess: returned from zygote!
06-27 00:27:42.965 I/[ 10.530854] binder( 0): 2258:2258 ioctl 40046210 7fdc24c794 returned -22
06-27 00:27:42.956 W/ActivityManager( 1538): Slow operation: 412ms so far, now at startProcess: done updating battery stats
06-27 00:27:42.956 W/ActivityManager( 1538): Slow operation: 412ms so far, now at startProcess: building log message
06-27 00:27:42.956 I/ActivityManager( 1538): Start proc 2294:com.qti.qualcomm.mstatssystemservice/u0a81 for added application com.qti.qualcomm.mstatssystemservice
06-27 00:27:42.957 W/ActivityManager( 1538): Slow operation: 412ms so far, now at startProcess: starting to update pids map
06-27 00:27:42.957 W/ActivityManager( 1538): Slow operation: 412ms so far, now at startProcess: done updating pids map
06-27 00:27:42.957 W/ActivityManager( 1538): Slow operation: 411ms so far, now at startProcess: asking zygote to start proc
06-27 00:27:42.963 D/CompatibilityChangeReporter( 1538): Compat change id reported: 168419799; UID 1000; state: DISABLED
06-27 00:27:42.974 W/ActivityManager( 1538): Slow operation: 429ms so far, now at startProcess: returned from zygote!
06-27 00:27:42.976 W/ActivityManager( 1538): Slow operation: 430ms so far, now at startProcess: done updating battery stats
06-27 00:27:42.976 W/ActivityManager( 1538): Slow operation: 430ms so far, now at startProcess: building log message
06-27 00:27:42.976 I/ActivityManager( 1538): Start proc 2328:com.android.se/1068 for added application com.android.se
06-27 00:27:42.976 W/ActivityManager( 1538): Slow operation: 430ms so far, now at startProcess: starting to update pids map
06-27 00:27:42.976 W/ActivityManager( 1538): Slow operation: 431ms so far, now at startProcess: done updating pids map
06-27 00:27:42.976 W/ActivityManager( 1538): Slow operation: 431ms so far, now at startProcess: asking zygote to start proc
06-27 00:27:42.982 D/CompatibilityChangeReporter( 1538): Compat change id reported: 168419799; UID 1000; state: DISABLED
06-27 00:27:42.984 D/PowerManagerService( 1538): releaseWakeLockInternal: lock=91117398 [WiredAccessoryManager], flags=0x0
06-27 00:27:42.984 D/PowerManagerNotifier( 1538): onWakeLockReleased: flags=1, tag="WiredAccessoryManager", packageName=android, ownerUid=1000, ownerPid=1538, workSource=null
06-27 00:27:42.985 D/PowerManagerService( 1538): updateWakeLockSummaryLocked: mWakefulness=Awake, mWakeLockSummary=0x0
06-27 00:27:42.985 D/PowerManagerService( 1538): updateUserActivitySummaryLocked: groupId=0, mWakefulness=Awake, mUserActivitySummary=0x1, nextTimeout=70074 (in 59519 ms)
06-27 00:27:42.985 D/PowerManagerNotifier( 1538): onScreenPolicyUpdate: newPolicy=3
06-27 00:27:42.985 I/ActivityManager( 1538): Process WebViewLoader-armeabi-v7a (pid 2004) has died: psvc PER
06-27 00:27:42.987 D/PowerManagerService( 1538): updateDisplayPowerStateLocked: displayReady=true, groupId=0, policy=BRIGHT, mWakefulness=Awake, mWakeLockSummary=0x0, mUserActivitySummary=0x1, mBootCompleted=false, screenBrightnessOverride=1.0, useAutoBrightness=false, mScreenBrightnessBoostInProgress=false, mIsVrModeEnabled= false, sQuiescent=false
06-27 00:27:42.987 D/PowerManagerService( 1538): Releasing suspend blocker "PowerManagerService.WakeLocks".
06-27 00:27:42.994 D/CompatibilityChangeReporter( 1538): Compat change id reported: 168419799; UID 1073; state: DISABLED
06-27 00:27:42.994 I/[ 10.536174] binder( 0): 2264:2264 ioctl 40046210 7fdc24c794 returned -22
06-27 00:27:42.994 E/[ 10.544488] init( 0): Control message: Could not find 'vendor.qti.hardware.iop@2.0::IIop/default' for ctl.interface_start from pid: 514 (/system/bin/hwservicemanager)
06-27 00:27:42.994 E/[ 10.546403] init( 0): Control message: Could not find 'vendor.qti.hardware.iop@2.0::IIop/default' for ctl.interface_start from pid: 514 (/system/bin/hwservicemanager)
06-27 00:27:42.994 I/[ 10.562498] binder( 0): 2165:2323 ioctl 40046210 7b355169e4 returned -22
06-27 00:27:43.011 I/[ 10.580728] binder( 0): 2328:2328 ioctl 40046210 7fdc24c794 returned -22
06-27 00:27:43.011 I/[ 10.581533] binder( 0): 2294:2294 ioctl 40046210 7fdc24c794 returned -22
06-27 00:27:42.996 D/CompatibilityChangeReporter( 1538): Compat change id reported: 168419799; UID 1073; state: DISABLED
06-27 00:27:42.998 D/PowerManagerService( 1538): updateUserActivitySummaryLocked: groupId=0, mWakefulness=Awake, mUserActivitySummary=0x1, nextTimeout=70074 (in 59506 ms)
06-27 00:27:42.998 D/PowerManagerNotifier( 1538): onScreenPolicyUpdate: newPolicy=3
06-27 00:27:42.998 D/PowerManagerService( 1538): updateDisplayPowerStateLocked: displayReady=true, groupId=0, policy=BRIGHT, mWakefulness=Awake, mWakeLockSummary=0x0, mUserActivitySummary=0x1, mBootCompleted=false, screenBrightnessOverride=1.0, useAutoBrightness=false, mScreenBrightnessBoostInProgress=false, mIsVrModeEnabled= false, sQuiescent=false
06-27 00:27:43.005 D/CompatibilityChangeReporter( 1538): Compat change id reported: 168419799; UID 1000; state: DISABLED
06-27 00:27:43.017 D/CompatibilityChangeReporter( 1538): Compat change id reported: 171306433; UID 1000; state: ENABLED
06-27 00:27:43.023 I/ActivityManager( 1538): Process WebViewLoader-arm64-v8a (pid 2006) has died: psvc PER
06-27 00:27:43.028 D/CompatibilityChangeReporter( 1538): Compat change id reported: 168419799; UID 1068; state: DISABLED
06-27 00:27:43.043 D/CompatibilityChangeReporter( 1538): Compat change id reported: 168419799; UID 10081; state: DISABLED
06-27 00:27:43.050 W/OneHandedController( 1931): Device doesn't support OneHanded feature
06-27 00:27:43.050 W/ActivityManager( 1538): Slow operation: 504ms so far, now at startProcess: returned from zygote!
06-27 00:27:43.054 W/ActivityManager( 1538): Slow operation: 509ms so far, now at startProcess: done updating battery stats
06-27 00:27:43.054 W/ActivityManager( 1538): Slow operation: 509ms so far, now at startProcess: building log message
06-27 00:27:43.054 I/ActivityManager( 1538): Start proc 2390:com.thundercomm.remotecontrolservice/1000 for added application com.thundercomm.remotecontrolservice
06-27 00:27:43.054 W/ActivityManager( 1538): Slow operation: 509ms so far, now at startProcess: starting to update pids map
06-27 00:27:43.055 W/ActivityManager( 1538): Slow operation: 509ms so far, now at startProcess: done updating pids map
06-27 00:27:43.055 W/ActivityManager( 1538): Slow operation: 508ms so far, now at startProcess: asking zygote to start proc
06-27 00:27:43.059 W/ContextImpl( 2162): Calling a method in the system process without a qualified user: android.app.ContextImpl.startService:1816 android.content.ContextWrapper.startService:774 com.thundercomm.microsettings.service.SettingsApplication.onCreate:30 android.app.Instrumentation.callApplicationOnCreate:1212 android.app.ActivityThread.handleBindApplication:6744
06-27 00:27:43.059 W/ActivityManager( 1538): Unable to start service Intent { act=com.thundercomm.microsettings.SETTING_SERVICE pkg=com.thundercomm.microsettings } U=0: not found
06-27 00:27:43.059 W/ContextImpl( 2162): Calling a method in the system process without a qualified user: android.app.ContextImpl.startService:1816 android.content.ContextWrapper.startService:774 com.thundercomm.microsettings.service.SettingsApplication.onCreate:36 android.app.Instrumentation.callApplicationOnCreate:1212 android.app.ActivityThread.handleBindApplication:6744
06-27 00:27:43.059 W/ActivityManager( 1538): Unable to start service Intent { act=com.thundercomm.microsettings.EOL_SERVICE pkg=com.thundercomm.microsettings } U=0: not found
06-27 00:27:43.060 W/ActivityManager( 1538): Slow operation: 513ms so far, now at startProcess: returned from zygote!
06-27 00:27:43.060 W/ActivityManager( 1538): Slow operation: 513ms so far, now at startProcess: done updating battery stats
06-27 00:27:43.060 W/ActivityManager( 1538): Slow operation: 513ms so far, now at startProcess: building log message
06-27 00:27:43.060 I/ActivityManager( 1538): Start proc 2394:com.thundercomm.tcservice/1000 for added application com.thundercomm.tcservice
06-27 00:27:43.060 W/ActivityManager( 1538): Slow operation: 513ms so far, now at startProcess: starting to update pids map
06-27 00:27:43.060 W/ActivityManager( 1538): Slow operation: 513ms so far, now at startProcess: done updating pids map
06-27 00:27:43.060 W/ActivityManager( 1538): Slow operation: 512ms so far, now at startProcess: asking zygote to start proc
06-27 00:27:43.060 D/CompatibilityChangeReporter( 1538): Compat change id reported: 143937733; UID 10064; state: ENABLED
06-27 00:27:43.073 W/ActivityManager( 1538): Slow operation: 526ms so far, now at startProcess: returned from zygote!
06-27 00:27:43.074 W/ActivityManager( 1538): Slow operation: 526ms so far, now at startProcess: done updating battery stats
06-27 00:27:43.074 W/ActivityManager( 1538): Slow operation: 526ms so far, now at startProcess: building log message
06-27 00:27:43.074 I/ActivityManager( 1538): Start proc 2399:com.qualcomm.qti.devicestatisticsservice/u0a64 for added application com.qualcomm.qti.devicestatisticsservice
06-27 00:27:43.074 W/ActivityManager( 1538): Slow operation: 526ms so far, now at startProcess: starting to update pids map
06-27 00:27:43.074 W/ActivityManager( 1538): Slow operation: 526ms so far, now at startProcess: done updating pids map
06-27 00:27:43.074 W/ActivityManager( 1538): Slow operation: 525ms so far, now at startProcess: asking zygote to start proc
06-27 00:27:43.086 I/MicroServiceManager( 2162): Init MicroServiceManager: FSEM_SettingService
06-27 00:27:43.087 I/MicroServiceManager( 2162): addCommonCallbackListener add listener: FSEM_SettingService
06-27 00:27:43.087 I/MicroServiceManager( 2162): Bind and register callback to MicroService: FSEM_SettingService
06-27 00:27:43.090 I/MicroServiceManager( 2162): Bind and register callback to MicroService: FSEM_SettingService, result: successfully.
06-27 00:27:43.090 I/MicroServiceManager( 2162): addConnectChangedListener add listener: FSEM_SettingService
06-27 00:27:43.094 W/ActivityManager( 1538): Slow operation: 546ms so far, now at startProcess: returned from zygote!
06-27 00:27:43.095 W/ActivityManager( 1538): Slow operation: 546ms so far, now at startProcess: done updating battery stats
06-27 00:27:43.095 W/ActivityManager( 1538): Slow operation: 546ms so far, now at startProcess: building log message
06-27 00:27:43.097 I/[ 10.667273] binder( 0): 2328:2328 ioctl 40046210 7fdc24b744 returned -22
06-27 00:27:43.095 I/ActivityManager( 1538): Start proc 2417:com.qualcomm.qti.qdma/1000 for added application com.qualcomm.qti.qdma
06-27 00:27:43.095 W/ActivityManager( 1538): Slow operation: 546ms so far, now at startProcess: starting to update pids map
06-27 00:27:43.095 W/ActivityManager( 1538): Slow operation: 547ms so far, now at startProcess: done updating pids map
06-27 00:27:43.095 W/ActivityManager( 1538): Slow operation: 310ms so far, now at startProcess: asking zygote to start proc
06-27 00:27:43.101 I/[ 10.670739] binder( 0): 2394:2394 ioctl 40046210 7fdc24c794 returned -22
06-27 00:27:43.104 D/AccessibilityManagerService( 1538): Ignoring non-encryption-aware service ComponentInfo{com.ss.android.ugc.aweme/com.ss.android.ugc.aweme.live.livehostimpl.AudioAccessibilityService}
06-27 00:27:43.104 D/AccessibilityManagerService( 1538): Ignoring non-encryption-aware service ComponentInfo{com.tencent.android.qqdownloader/com.tencent.nucleus.manager.accessibility.YYBAccessibilityService}
06-27 00:27:43.104 D/AccessibilityManagerService( 1538): Ignoring non-encryption-aware service ComponentInfo{com.wandoujia.phoenix2/com.pp.assistant.accessibility.AccessibilityService}
06-27 00:27:43.108 D/[ 10.676684] cnss( 0): Received QMI WLFW pin connect result indication
06-27 00:27:43.108 D/[ 10.676689] cnss( 0): Pin connect Result: pwr_pin: 0x0 phy_io_pin: 0x0 rf_io_pin: 0x2b
06-27 00:27:43.108 D/[ 10.676692] cnss( 0): Received QMI WLFW calibration done indication
06-27 00:27:43.108 D/[ 10.676694] cnss( 0): Posting event: COLD_BOOT_CAL_DONE(6), state: 0xf flags: 0x0
06-27 00:27:43.108 D/[ 10.676697] cnss( 0): PM stay awake, state: 0xf, count: 1
06-27 00:27:43.108 D/[ 10.676700] cnss( 0): PM relax, state: 0xf, count: 0
06-27 00:27:43.108 D/[ 10.676702] cnss( 0): PM stay awake, state: 0xf, count: 1
06-27 00:27:43.108 D/[ 10.676703] cnss( 0): Processing driver event: COLD_BOOT_CAL_DONE(6), state: 0xf
06-27 00:27:43.108 D/[ 10.676705] cnss( 0): Calibration completed successfully
06-27 00:27:43.108 D/[ 10.676707] cnss( 0): Sending mode message, mode: OFF(4), state: 0xf
06-27 00:27:43.108 D/[ 10.677656] cnss( 0): Received QMI WLFW FW ready indication
06-27 00:27:43.108 D/[ 10.677666] cnss( 0): Posting event: COLD_BOOT_CAL_DONE(6), state: 0xf flags: 0x0
06-27 00:27:43.105 I/SystemServerTiming( 1538): ManagedServices.unbindOtherUserServices_current0
06-27 00:27:43.105 I/SystemServerTiming( 1538): ManagedServices.unbindOtherUserServices_current0
06-27 00:27:43.105 I/SystemServerTiming( 1538): ManagedServices.unbindOtherUserServices_current0
06-27 00:27:43.105 V/NotificationAssistants( 1538): enabling notification assistant for 0: ComponentInfo{android.ext.services/android.ext.services.notification.Assistant}
06-27 00:27:43.105 V/NotificationAssistants( 1538): binding: Intent { act=android.service.notification.NotificationAssistantService cmp=android.ext.services/.notification.Assistant (has extras) }
06-27 00:27:43.113 D/[ 10.680436] cnss( 0): Skip driver remove
06-27 00:27:43.113 D/[ 10.680475] cnss( 0): Read register offset 0x1f8031c, val = 0x2
06-27 00:27:43.113 D/[ 10.680485] cnss( 0): Write val 0x3 to register offset 0x1f8031c
06-27 00:27:43.113 D/[ 10.680580] cnss( 0): WLFW server exiting
06-27 00:27:43.113 D/[ 10.680587] cnss( 0): Posting event: SERVER_EXIT(1), state: 0x2000f flags: 0x0
06-27 00:27:43.113 D/[ 10.682561] cnss( 0): Setting MHI state: POWER_OFF(4)
06-27 00:27:43.115 I/[ 10.684932] binder( 0): 2399:2399 ioctl 40046210 7fdc24c794 returned -22
06-27 00:27:43.117 I/[ 10.686709] binder( 0): 2390:2390 ioctl 40046210 7fdc24c794 returned -22
06-27 00:27:43.121 I/[ 10.691823] binder( 0): 2417:2417 ioctl 40046210 7fdc24c794 returned -22
06-27 00:27:43.123 D/CompatibilityChangeReporter( 1538): Compat change id reported: 168419799; UID 10064; state: DISABLED
06-27 00:27:43.129 W/ActivityManager( 1538): Slow operation: 344ms so far, now at startProcess: returned from zygote!
06-27 00:27:43.135 D/CompatibilityChangeReporter( 1538): Compat change id reported: 168419799; UID 1000; state: DISABLED
06-27 00:27:43.137 D/[ 10.704101] cnss( 0): Suspending PCI link
06-27 00:27:43.138 W/ActivityManager( 1538): Slow operation: 352ms so far, now at startProcess: done updating battery stats
06-27 00:27:43.138 W/ActivityManager( 1538): Slow operation: 353ms so far, now at startProcess: building log message
06-27 00:27:43.138 I/ActivityManager( 1538): Start proc 2466:com.android.settings/1000 for top-activity {com.android.settings/com.android.settings.FallbackHome}
06-27 00:27:43.138 W/ActivityManager( 1538): Slow operation: 353ms so far, now at startProcess: starting to update pids map
06-27 00:27:43.139 W/ActivityManager( 1538): Slow operation: 353ms so far, now at startProcess: done updating pids map
06-27 00:27:43.139 W/ActivityManager( 1538): Slow operation: 315ms so far, now at startProcess: asking zygote to start proc
06-27 00:27:43.139 D/CompatibilityChangeReporter( 1538): Compat change id reported: 143937733; UID 10094; state: ENABLED
06-27 00:27:43.141 D/CompatibilityChangeReporter( 1538): Compat change id reported: 168419799; UID 1000; state: DISABLED
06-27 00:27:43.145 I/[ 10.712132] msm_pcie_disable( 0): PCIe: Assert the reset of endpoint of RC0.
06-27 00:27:43.145 D/[ 10.714615] cnss( 0): Setting MHI state: DEINIT(1)
06-27 00:27:43.145 D/[ 10.714688] cnss( 0): De-assert WLAN_EN GPIO successfully
06-27 00:27:43.145 D/[ 10.714694] cnss( 0): Regulator vdd-wlan-rfa2 is being disabled
06-27 00:27:43.145 D/[ 10.714737] cnss( 0): Regulator vdd-wlan-rfa1 is being disabled
06-27 00:27:43.145 D/[ 10.714759] cnss( 0): Regulator vdd-wlan-dig is being disabled
06-27 00:27:43.145 D/[ 10.714779] cnss( 0): Regulator vdd-wlan-aon is being disabled
06-27 00:27:43.145 D/[ 10.714798] cnss( 0): Regulator wlan-ant-switch is being disabled
06-27 00:27:43.145 D/[ 10.714818] cnss( 0): Regulator vdd-wlan-io is being disabled
06-27 00:27:43.149 D/CompatibilityChangeReporter( 1538): Compat change id reported: 168419799; UID 1000; state: DISABLED
06-27 00:27:43.155 W/ActivityManager( 1538): Slow operation: 332ms so far, now at startProcess: returned from zygote!
06-27 00:27:43.155 W/ActivityManager( 1538): Slow operation: 332ms so far, now at startProcess: done updating battery stats
06-27 00:27:43.155 W/ActivityManager( 1538): Slow operation: 332ms so far, now at startProcess: building log message
06-27 00:27:43.155 I/ActivityManager( 1538): Start proc 2470:android.ext.services/u0a94 for service {android.ext.services/android.ext.services.autofill.InlineSuggestionRenderServiceImpl}
06-27 00:27:43.156 W/ActivityManager( 1538): Slow operation: 332ms so far, now at startProcess: starting to update pids map
06-27 00:27:43.156 W/ActivityManager( 1538): Slow operation: 332ms so far, now at startProcess: done updating pids map
06-27 00:27:43.156 W/ActivityManager( 1538): Slow operation: 238ms so far, now at startProcess: asking zygote to start proc
06-27 00:27:43.156 D/CompatibilityChangeReporter( 1538): Compat change id reported: 143937733; UID 10065; state: ENABLED
06-27 00:27:43.161 W/ActivityManager( 1538): Slow operation: 243ms so far, now at startProcess: returned from zygote!
06-27 00:27:43.161 W/ActivityManager( 1538): Slow operation: 243ms so far, now at startProcess: done updating battery stats
06-27 00:27:43.161 W/ActivityManager( 1538): Slow operation: 243ms so far, now at startProcess: building log message
06-27 00:27:43.161 I/ActivityManager( 1538): Start proc 2471:com.thundercomm.gamemode.provider/u0a65 for content provider {com.thundercomm.gamemode.provider/com.thundercomm.gamemode.provider.SettingsProvider}
06-27 00:27:43.161 W/ActivityManager( 1538): Slow operation: 243ms so far, now at startProcess: starting to update pids map
06-27 00:27:43.161 W/ActivityManager( 1538): Slow operation: 244ms so far, now at startProcess: done updating pids map
06-27 00:27:43.183 I/[ 10.751112] binder( 0): 2466:2466 ioctl 40046210 7fdc24c794 returned -22
06-27 00:27:43.189 I/[ 10.758118] binder( 0): 2471:2471 ioctl 40046210 7fdc24c794 returned -22
06-27 00:27:43.198 D/[ 10.768136] cnss( 0): Processing driver event: COLD_BOOT_CAL_DONE(6), state: 0x20001
06-27 00:27:43.198 D/[ 10.768140] cnss( 0): Processing driver event: SERVER_EXIT(1), state: 0x20001
06-27 00:27:43.198 I/[ 10.768142] cnss( 0): QMI WLFW service disconnected, state: 0x20000
06-27 00:27:43.198 D/[ 10.768210] cnss( 0): PM relax, state: 0x0, count: 0
06-27 00:27:43.198 D/[ 10.768213] cnss( 0): PM stay awake, state: 0x0, count: 1
06-27 00:27:43.198 D/[ 10.768214] cnss( 0): PM relax, state: 0x0, count: 0
06-27 00:27:43.198 D/[ 10.768222] cnss( 0): Posting event: REGISTER_DRIVER(7)-sync, state: 0x0 flags: 0x5
06-27 00:27:43.198 D/[ 10.768225] cnss( 0): PM stay awake, state: 0x0, count: 1
06-27 00:27:43.198 D/[ 10.768400] cnss( 0): Processing driver event: REGISTER_DRIVER-sync(7), state: 0x0
06-27 00:27:43.198 D/[ 10.768406] cnss( 0): Regulator vdd-wlan-io is being enabled
06-27 00:27:43.198 D/[ 10.768412] cnss( 0): Regulator wlan-ant-switch is being enabled
06-27 00:27:43.198 D/[ 10.768569] cnss( 0): Regulator vdd-wlan-aon is being enabled
06-27 00:27:43.198 D/[ 10.768815] cnss( 0): Regulator vdd-wlan-dig is being enabled
06-27 00:27:43.199 D/[ 10.769452] cnss( 0): Regulator vdd-wlan-rfa1 is being enabled
06-27 00:27:43.199 D/[ 10.769537] cnss( 0): Regulator vdd-wlan-rfa2 is being enabled
06-27 00:27:43.199 D/[ 10.769657] cnss( 0): BT_EN_GPIO State: Off. Delay WLAN_GPIO enable
06-27 00:27:43.200 D/CompatibilityChangeReporter( 1538): Compat change id reported: 168419799; UID 10065; state: DISABLED
06-27 00:27:43.204 I/[ 10.772915] binder( 0): 2470:2470 ioctl 40046210 7fdc24c794 returned -22
06-27 00:27:43.213 D/CompatibilityChangeReporter( 1538): Compat change id reported: 168419799; UID 1000; state: DISABLED
06-27 00:27:43.225 D/CompatibilityChangeReporter( 1538): Compat change id reported: 168419799; UID 10094; state: DISABLED
06-27 00:27:43.232 I/[ 10.802706] input( 0): Remote Mouse Controller as /devices/virtual/input/input4
06-27 00:27:43.235 I/[ 10.804531] binder( 0): 2394:2394 ioctl 40046210 7fdc24b304 returned -22
06-27 00:27:43.227 I/iorapd ( 1163): iorapd (the prefetchening) readied up
06-27 00:27:43.239 I/[ 10.807728] input( 0): Remote Keyboard Controller as /devices/virtual/input/input5
06-27 00:27:43.253 W/ContextImpl( 2394): Calling a method in the system process without a qualified user: android.app.ContextImpl.startService:1816 android.content.ContextWrapper.startService:774 com.thundercomm.tcservice.TCService.init:48 com.thundercomm.tcservice.TCService.onCreate:34 android.app.ActivityThread.handleCreateService:4488
06-27 00:27:43.266 D/CompatibilityChangeReporter( 1538): Compat change id reported: 182478738; UID 1073; state: DISABLED
06-27 00:27:43.272 D/CompatibilityChangeReporter( 1538): Compat change id reported: 157233955; UID 10080; state: ENABLED
06-27 00:27:43.292 W/Looper ( 1538): Slow dispatch took 187ms main h=android.app.ActivityThread$H c=android.app.LoadedApk$ReceiverDispatcher$Args$$ExternalSyntheticLambda0@2b060bb m=0
06-27 00:27:43.293 D/BluetoothManagerService( 1538): Bluetooth Adapter name changed to 高合娱乐副屏 by android
06-27 00:27:43.293 D/BluetoothManagerService( 1538): Stored Bluetooth name: 高合娱乐副屏
06-27 00:27:43.294 D/ConditionProviders.SCP( 1538): onSubscribe condition://android/schedule?days=1.2.3.4.5.6.7&start=22.0&end=7.0&exitAtAlarm=true
06-27 00:27:43.294 D/ConditionProviders.SCP( 1538): setRegistered true
06-27 00:27:43.295 E/DropBoxManagerService( 1538): Can't init
06-27 00:27:43.295 E/DropBoxManagerService( 1538): java.io.IOException: Can't mkdir: /data/tlog/fatal/dropbox
06-27 00:27:43.295 E/DropBoxManagerService( 1538): at com.android.server.DropBoxManagerService.init(DropBoxManagerService.java:1011)
06-27 00:27:43.295 E/DropBoxManagerService( 1538): at com.android.server.DropBoxManagerService.access$100(DropBoxManagerService.java:86)
06-27 00:27:43.295 E/DropBoxManagerService( 1538): at com.android.server.DropBoxManagerService$1$1.run(DropBoxManagerService.java:148)
06-27 00:27:43.296 D/UsbDeviceManager( 1538): push notification:正在通过 USB 为此设备充电
06-27 00:27:43.302 I/[ 10.872094] binder( 0): 2417:2417 ioctl 40046210 7fdc24a774 returned -22
06-27 00:27:43.303 D/[ 10.873207] cnss( 0): Assert WLAN_EN GPIO successfully
06-27 00:27:43.303 D/[ 10.873218] cnss( 0): Resuming PCI link
06-27 00:27:43.303 I/[ 10.873261] msm_pcie_enable( 0): PCIe: Assert the reset of endpoint of RC0.
06-27 00:27:43.303 W/ActivityThread( 1538): Failed to find provider info for com.android.calendar (user not unlocked)
06-27 00:27:43.306 W/ActivityThread( 1538): Failed to find provider info for com.android.calendar (user not unlocked)
06-27 00:27:43.309 D/ConditionProviders.SCP( 1538): evaluateSubscriptionLocked cal=ScheduleCalendar[mDays={1, 2, 3, 4, 5, 6, 7}, mSchedule=ScheduleInfo{days=[1, 2, 3, 4, 5, 6, 7], startHour=22, startMinute=0, endHour=7, endMinute=0, exitAtAlarm=true, nextAlarm=Thu Jan 01 08:00:00 GMT+08:00 1970 (0)}], now=Tue Jun 27 00:27:43 GMT+08:00 2023 (1687796863294), nextUserAlarmTime=Thu Jan 01 08:00:00 GMT+08:00 1970 (0)
06-27 00:27:43.309 D/ConditionProviders.SCP( 1538): notifyCondition condition://android/schedule?days=1.2.3.4.5.6.7&start=22.0&end=7.0&exitAtAlarm=true STATE_TRUE reason=meetsSchedule
06-27 00:27:43.312 I/[ 10.881490] msm_pcie_enable( 0): PCIe: RC0: PCIE20_PARF_INT_ALL_MASK: 0x7f80d202
06-27 00:27:43.314 I/[ 10.884591] pcie_phy_init( 0): PCIe RC0 PHY is ready!
06-27 00:27:43.310 D/ConditionProviders.SCP( 1538): Scheduling evaluate for Tue Jun 27 07:00:00 GMT+08:00 2023 (1687820400000), in +6h32m16s706ms, now=Tue Jun 27 00:27:43 GMT+08:00 2023 (1687796863294)
06-27 00:27:43.311 D/BluetoothManagerService( 1538): BluetoothServiceConnection: com.android.bluetooth.btservice.AdapterService
06-27 00:27:43.311 D/BluetoothManagerService( 1538): MESSAGE_BLUETOOTH_SERVICE_CONNECTED: 1
06-27 00:27:43.314 D/BluetoothManagerService( 1538): MESSAGE_INFORM_ADAPTER_SERVICE_UP
06-27 00:27:43.314 D/BluetoothManagerService( 1538): Broadcasting onBluetoothServiceUp() to 2 receivers.
06-27 00:27:43.316 D/BluetoothManagerService( 1538): MESSAGE_BLUETOOTH_STATE_CHANGE: OFF > BLE_TURNING_ON
06-27 00:27:43.316 D/BluetoothManagerService( 1538): Sending BLE State Change: OFF > BLE_TURNING_ON
06-27 00:27:43.324 I/[ 10.894642] msm_pcie_enable( 0): PCIe: Release the reset of endpoint of RC0.
06-27 00:27:43.324 W/BluetoothManagerService( 1538): bindBluetoothProfileService:Trying to bind to profile: 1, while Bluetooth is disabled
06-27 00:27:43.327 I/Telecom ( 1538): BluetoothRouteManager: getBluetoothAudioConnectedDevice: no service available.
06-27 00:27:43.328 I/Telecom ( 1538): SystemStateHelper: Registering broadcast receiver: android.content.IntentFilter@abc8e61: TS.init@AAA
06-27 00:27:43.328 I/Telecom ( 1538): SystemStateHelper: Registering broadcast receiver: android.content.IntentFilter@5b05d86: TS.init@AAA
06-27 00:27:43.335 D/CompatibilityChangeReporter( 1538): Compat change id reported: 168419799; UID 1002; state: DISABLED
06-27 00:27:43.338 I/Telecom ( 1538): Logging.Events: Non-call EVENT: AUDIO_ROUTE, Entering state QuiescentEarpieceRoute
06-27 00:27:43.338 I/Telecom ( 1538): BluetoothRouteManager: getBluetoothAudioConnectedDevice: no service available.
06-27 00:27:43.341 I/[ 10.911280] msm_pcie_link_train( 0): PCIe RC0 link initialized
06-27 00:27:43.341 W/BluetoothManagerService( 1538): bindBluetoothProfileService:Trying to bind to profile: 1, while Bluetooth is disabled
06-27 00:27:43.354 I/ ( 0): [ 10.924096] cnss_pci 0000:01:00.0: enabling device (0000 -> 0002)
06-27 00:27:43.354 D/[ 10.924411] cnss( 0): Config PCIe remap window register to 0x4000003f
06-27 00:27:43.354 D/[ 10.924427] cnss( 0): Read register offset 0x1f8031c, val = 0x6
06-27 00:27:43.354 D/[ 10.924436] cnss( 0): Write val 0x2 to register offset 0x1f8031c
06-27 00:27:43.354 D/[ 10.924441] cnss( 0): Setting MHI state: INIT(0)
06-27 00:27:43.354 D/[ 10.924531] cnss( 0): Setting MHI state: POWER_ON(2)
06-27 00:27:43.355 W/ ( 0): [ 10.925531] cnss_pci 0000:01:00.0: Falling back to syfs fallback for: qca6390/amss20.bin
06-27 00:27:43.369 I/[ 10.937152] ueventd( 0): firmware: loading 'qca6390/amss20.bin' for '/devices/platform/soc/1c00000.qcom,pcie/pci0000:00/0000:00:00.0/0000:01:00.0/firmware/qca6390!amss20.bin'
06-27 00:27:43.369 I/[ 10.940007] ueventd( 0): loading /devices/platform/soc/1c00000.qcom,pcie/pci0000:00/0000:00:00.0/0000:01:00.0/firmware/qca6390!amss20.bin took 2ms
06-27 00:27:43.371 I/Telecom ( 1538): MissedCallNotifierImpl: reloadFromDatabase: Boot not yet complete -- call log db may not be available. Deferring loading until boot complete for user 0: TS.init@AAA
06-27 00:27:43.374 I/Telecom ( 1538): CallAudioModeStateMachine: Message received: null.: TS.init->CAMSM.pM_1@AAA
06-27 00:27:43.378 I/Telecom ( 1538): MissedCallNotifierImpl: reloadFromDatabase: Boot not yet complete -- call log db may not be available. Deferring loading until boot complete for user 0: TS.init@AAA
06-27 00:27:43.379 I/Telecom ( 1538): Class: TelecomSystem.INSTANCE being set
