06-27 00:28:42.637 W/IndexDataConverter( 6324): Skipping index for null-key item IndexData.Builder {title: 对话泡,package: com.android.settings}
06-27 00:28:42.643 W/IndexDataConverter( 6324): Skipping index for null-key item IndexData.Builder {title: 手势,package: com.android.settings}
06-27 00:28:42.643 W/IndexDataConverter( 6324): Skipping index for null-key item IndexData.Builder {title: 之前连接的设备,package: com.android.settings}
06-27 00:28:42.643 W/IndexDataConverter( 6324): Skipping index for null-key item IndexData.Builder {title: 快速按电源按钮至少 5 次即可启动以下操作,package: com.android.settings}
06-27 00:28:42.643 W/IndexDataConverter( 6324): Skipping index for null-key item IndexData.Builder {title: 紧急求救,package: com.android.settings}
06-27 00:28:42.645 W/IndexDataConverter( 6324): Skipping index for null-key item IndexData.Builder {title: 通知,package: com.android.settings}
06-27 00:28:42.646 W/IndexDataConverter( 6324): Skipping index for null-key item IndexData.Builder {title: 防打扰设置,package: com.android.settings}
06-27 00:28:42.646 W/IndexDataConverter( 6324): Skipping index for null-key item IndexData.Builder {title: 证书管理应用,package: com.android.settings}
06-27 00:28:42.647 W/IndexDataConverter( 6324): Skipping index for null-key item IndexData.Builder {title: “无障碍”按钮,package: com.android.settings}
06-27 00:28:42.648 W/IndexDataConverter( 6324): Skipping index for null-key item IndexData.Builder {title: 屏保,package: com.android.settings}
06-27 00:28:42.648 W/IndexDataConverter( 6324): Skipping index for null-key item IndexData.Builder {title: 管理屏幕键盘,package: com.android.settings}
06-27 00:28:42.648 W/IndexDataConverter( 6324): Skipping index for null-key item IndexData.Builder {title: 法律信息,package: com.android.settings}
06-27 00:28:42.652 W/IndexDataConverter( 6324): Skipping index for null-key item IndexData.Builder {title: null,package: com.android.settings}
06-27 00:28:42.653 W/IndexDataConverter( 6324): Skipping index for null-key item IndexData.Builder {title: 功能标记,package: com.android.settings}
06-27 00:28:42.655 W/IndexDataConverter( 6324): Skipping index for null-key item IndexData.Builder {title: 受管理设备的信息,package: com.android.settings}
06-27 00:28:42.657 W/IndexDataConverter( 6324): Skipping index for null-key item IndexData.Builder {title: GPU设置,package: com.android.settings}
06-27 00:28:42.657 W/IndexDataConverter( 6324): Skipping index for null-key item IndexData.Builder {title: null,package: com.android.settings}
06-27 00:28:42.658 W/IndexDataConverter( 6324): Skipping index for null-key item IndexData.Builder {title: 无线调试,package: com.android.settings}
06-27 00:28:42.658 W/IndexDataConverter( 6324): Skipping index for null-key item IndexData.Builder {title: 关联工作应用和个人应用,package: com.android.settings}
06-27 00:28:42.658 W/IndexDataConverter( 6324): Skipping index for null-key item IndexData.Builder {title: 投射,package: com.android.settings}
06-27 00:28:42.659 W/IndexDataConverter( 6324): Skipping index for null-key item IndexData.Builder {title: 系统导航,package: com.android.settings}
06-27 00:28:42.660 W/IndexDataConverter( 6324): Skipping index for null-key item IndexData.Builder {title: null,package: com.android.settings}
06-27 00:28:42.660 W/IndexDataConverter( 6324): Skipping index for null-key item IndexData.Builder {title: 隐藏通知的显示方式,package: com.android.settings}
06-27 00:28:42.661 W/IndexDataConverter( 6324): Skipping index for null-key item IndexData.Builder {title: 阻止响铃,package: com.android.settings}
06-27 00:28:42.661 W/IndexDataConverter( 6324): Skipping index for null-key item IndexData.Builder {title: 消息管理,package: com.android.settings}
06-27 00:28:42.661 W/IndexDataConverter( 6324): Skipping index for null-key item IndexData.Builder {title: 位置信息服务,package: com.android.settings}
06-27 00:28:42.662 W/IndexDataConverter( 6324): Skipping index for null-key item IndexData.Builder {title: 屏幕超时,package: com.android.settings}
06-27 00:28:42.663 I/PanelBackAnim( 3258): need draw back==true
06-27 00:28:42.663 W/IndexDataConverter( 6324): Skipping index for null-key item IndexData.Builder {title: 蓝牙,package: com.android.settings}
06-27 00:28:42.663 W/IndexDataConverter( 6324): Skipping index for null-key item IndexData.Builder {title: “勿扰”权限,package: com.android.settings}
06-27 00:28:42.664 W/IndexDataConverter( 6324): Skipping index for null-key item IndexData.Builder {title: 备份,package: com.android.settings}
06-27 00:28:42.665 W/IndexDataConverter( 6324): Skipping index for null-key item IndexData.Builder {title: 所选人员仍能联系到您,即使您屏蔽了相应的应用也是如此,package: com.android.settings}
06-27 00:28:42.665 W/IndexDataConverter( 6324): Skipping index for null-key item IndexData.Builder {title: 应用,package: com.android.settings}
06-27 00:28:42.666 W/IndexDataConverter( 6324): Skipping index for null-key item IndexData.Builder {title: 护眼模式,package: com.android.settings}
06-27 00:28:42.668 W/IndexDataConverter( 6324): Skipping index for null-key item IndexData.Builder {title: 特殊应用权限,package: com.android.settings}
06-27 00:28:42.668 W/IndexDataConverter( 6324): Skipping index for null-key item IndexData.Builder {title: 自动管理您的网络连接,从而延长电池续航时间并提升设备性能,package: com.android.settings}
06-27 00:28:42.670 W/IndexDataConverter( 6324): Skipping index for null-key item IndexData.Builder {title: 人脸解锁,package: com.android.settings}
06-27 00:28:42.671 W/IndexDataConverter( 6324): Skipping index for null-key item IndexData.Builder {title: 法律法规,package: com.android.settings}
06-27 00:28:42.672 W/IndexDataConverter( 6324): Skipping index for null-key item IndexData.Builder {title: 设备标识符,package: com.android.settings}
06-27 00:28:42.673 W/IndexDataConverter( 6324): Skipping index for null-key item IndexData.Builder {title: WLAN 热点,package: com.android.settings}
06-27 00:28:42.674 W/IndexDataConverter( 6324): Skipping index for null-key item IndexData.Builder {title: 移动网络,package: com.android.settings}
06-27 00:28:42.675 W/IndexDataConverter( 6324): Skipping index for null-key item IndexData.Builder {title: 互联网,package: com.android.settings}
06-27 00:28:42.676 W/IndexDataConverter( 6324): Skipping index for null-key item IndexData.Builder {title: 媒体,package: com.android.settings}
06-27 00:28:42.677 I/SceneContainer( 3258): addInnerView : 1
06-27 00:28:42.677 W/IndexDataConverter( 6324): Skipping index for null-key item IndexData.Builder {title: 连接偏好设置,package: com.android.settings}
06-27 00:28:42.677 I/SceneContainer( 3258): addInnerView : 2
06-27 00:28:42.677 I/FloatingContainer( 3258): update y=339 top=657, softOffsetYInWindow=996, gameCorpusViewHeight=0, imeWindowTopOnScreen=36, popParentTopOnScreen=1033,
06-27 00:28:42.677 I/FloatingContainer( 3258): update y=339 top=657, softOffsetYInWindow=996, gameCorpusViewHeight=0, imeWindowTopOnScreen=36, popParentTopOnScreen=1033,
06-27 00:28:42.677 I/FloatingContainer( 3258): update y=339 top=657, softOffsetYInWindow=996, gameCorpusViewHeight=0, imeWindowTopOnScreen=36, popParentTopOnScreen=1033,
06-27 00:28:42.677 W/IndexDataConverter( 6324): Skipping index for null-key item IndexData.Builder {title: NFC,package: com.android.settings}
06-27 00:28:42.678 W/IndexDataConverter( 6324): Skipping index for null-key item IndexData.Builder {title: 图形驱动程序偏好设置,package: com.android.settings}
06-27 00:28:42.678 W/IndexDataConverter( 6324): Skipping index for null-key item IndexData.Builder {title: 移动网络,package: com.android.settings}
06-27 00:28:42.678 W/IndexDataConverter( 6324): Skipping index for null-key item IndexData.Builder {title: 亮度,package: com.android.settings}
06-27 00:28:42.678 W/IndexDataConverter( 6324): Skipping index for null-key item IndexData.Builder {title: null,package: com.android.settings}
06-27 00:28:42.679 W/IndexDataConverter( 6324): Skipping index for null-key item IndexData.Builder {title: 外观,package: com.android.settings}
06-27 00:28:42.679 W/IndexDataConverter( 6324): Skipping index for null-key item IndexData.Builder {title: 颜色,package: com.android.settings}
06-27 00:28:42.679 W/IndexDataConverter( 6324): Skipping index for null-key item IndexData.Builder {title: 其他显示控件,package: com.android.settings}
06-27 00:28:42.683 W/IndexDataConverter( 6324): Skipping index for null-key item IndexData.Builder {title: 型号和硬件,package: com.android.settings}
06-27 00:28:42.686 D/ViewRootImpl[SearchActivity]( 6324): changeCanvasOpacity: opaque=true
06-27 00:28:42.689 W/IndexDataConverter( 6324): Skipping index for null-key item IndexData.Builder {title: 位置信息服务,package: com.android.settings}
06-27 00:28:42.690 W/IndexDataConverter( 6324): Skipping index for null-key item IndexData.Builder {title: WLAN 偏好设置,package: com.android.settings}
06-27 00:28:42.692 W/IndexDataConverter( 6324): Skipping index for null-key item IndexData.Builder {title: 数据流量警告和上限,package: com.android.settings}
06-27 00:28:42.694 W/IndexDataConverter( 6324): Skipping index for null-key item IndexData.Builder {title: 工作资料提示音,package: com.android.settings}
06-27 00:28:42.695 W/IndexDataConverter( 6324): Skipping index for null-key item IndexData.Builder {title: null,package: com.android.settings}
06-27 00:28:42.697 W/IndexDataConverter( 6324): Skipping index for null-key item IndexData.Builder {title: 锁定屏幕,package: com.android.settings}
06-27 00:28:42.698 W/IndexDataConverter( 6324): Skipping index for null-key item IndexData.Builder {title: 屏幕键盘,package: com.android.settings}
06-27 00:28:42.700 W/IndexDataConverter( 6324): Skipping index for null-key item IndexData.Builder {title: 色彩校正,package: com.android.settings}
06-27 00:28:42.700 W/IndexDataConverter( 6324): Skipping index for null-key item IndexData.Builder {title: WLAN,package: com.android.settings}
06-27 00:28:42.701 W/IndexDataConverter( 6324): Skipping index for null-key item IndexData.Builder {title: 通过固定应用功能,您可以固定显示当前应用,直到取消固定该应用为止。例如,您可以利用此功能让信任的好友玩某款游戏。,package: com.android.settings}
06-27 00:28:42.701 W/IndexDataConverter( 6324): Skipping index for null-key item IndexData.Builder {title: 固定应用,package: com.android.settings}
06-27 00:28:42.701 W/IndexDataConverter( 6324): Skipping index for null-key item IndexData.Builder {title: 感应式付款,package: com.android.settings}
06-27 00:28:42.701 D/libEGL ( 1931): MSAA-->msaa:0 gamemode:0 4x_msaa:0
06-27 00:28:42.701 D/OpenGLRenderer( 5997): endAllActiveAnimators on 0xb400007c619f2410 (RippleDrawable) with handle 0xb400007b71a11420
06-27 00:28:42.702 D/IndexDataConverter( 6324): Converting pre-index data to index data took: 108
06-27 00:28:42.702 D/libEGL ( 1931): MSAA-->msaa:0 gamemode:0 4x_msaa:0
06-27 00:28:42.703 D/libEGL ( 1931): MSAA-->msaa:0 gamemode:0 4x_msaa:0
06-27 00:28:42.730 I/TetheringManager( 5997): unregisterTetheringEventCallback caller:com.android.settings
06-27 00:28:42.730 W/System.err( 3507): java.net.ConnectException: Failed to connect to shiply-yyb-1258344701.file.myqcloud.com/10.0.0.1:443
06-27 00:28:42.730 W/System.err( 3507): at com.android.okhttp.internal.io.RealConnection.connectSocket(RealConnection.java:147)
06-27 00:28:42.730 W/System.err( 3507): at com.android.okhttp.internal.io.RealConnection.connect(RealConnection.java:116)
06-27 00:28:42.730 W/System.err( 3507): at com.android.okhttp.internal.http.StreamAllocation.findConnection(StreamAllocation.java:186)
06-27 00:28:42.730 W/System.err( 3507): at com.android.okhttp.internal.http.StreamAllocation.findHealthyConnection(StreamAllocation.java:128)
06-27 00:28:42.730 W/System.err( 3507): at com.android.okhttp.internal.http.StreamAllocation.newStream(StreamAllocation.java:97)
06-27 00:28:42.730 W/System.err( 3507): at com.android.okhttp.internal.http.HttpEngine.connect(HttpEngine.java:289)
06-27 00:28:42.730 W/System.err( 3507): at com.android.okhttp.internal.http.HttpEngine.sendRequest(HttpEngine.java:232)
06-27 00:28:42.730 W/System.err( 3507): at com.android.okhttp.internal.huc.HttpURLConnectionImpl.execute(HttpURLConnectionImpl.java:465)
06-27 00:28:42.730 W/System.err( 3507): at com.android.okhttp.internal.huc.HttpURLConnectionImpl.getResponse(HttpURLConnectionImpl.java:411)
06-27 00:28:42.730 W/System.err( 3507): at com.android.okhttp.internal.huc.HttpURLConnectionImpl.getResponseCode(HttpURLConnectionImpl.java:542)
06-27 00:28:42.730 W/System.err( 3507): at com.android.okhttp.internal.huc.DelegatingHttpsURLConnection.getResponseCode(DelegatingHttpsURLConnection.java:106)
06-27 00:28:42.731 W/System.err( 3507): at com.android.okhttp.internal.huc.HttpsURLConnectionImpl.getResponseCode(HttpsURLConnectionImpl.java:30)
06-27 00:28:42.731 W/System.err( 3507): at com.tencent.halley.downloader.a.a.a.b(Unknown Source:385)
06-27 00:28:42.731 W/System.err( 3507): at com.tencent.halley.downloader.task.section.d.a(Unknown Source:191)
06-27 00:28:42.731 W/System.err( 3507): at com.tencent.halley.downloader.task.section.d.run(Unknown Source:612)
06-27 00:28:42.731 W/System.err( 3507): at java.util.concurrent.Executors$RunnableAdapter.call(Executors.java:462)
06-27 00:28:42.731 W/System.err( 3507): at java.util.concurrent.FutureTask.run(FutureTask.java:266)
06-27 00:28:42.731 W/System.err( 3507): at java.util.concurrent.ThreadPoolExecutor.runWorker(ThreadPoolExecutor.java:1167)
06-27 00:28:42.731 W/System.err( 3507): at java.util.concurrent.ThreadPoolExecutor$Worker.run(ThreadPoolExecutor.java:641)
06-27 00:28:42.731 W/System.err( 3507): at java.lang.Thread.run(Thread.java:920)
06-27 00:28:42.732 W/IndexDataConverter( 6324): Cannot build sitemap pair for incomplete names Pair{com.android.settings.development.DevelopmentSettingsDashboardFragment com.android.traceur.MainActivity}开发者选项null
06-27 00:28:42.732 W/IndexDataConverter( 6324): Cannot build sitemap pair for incomplete names Pair{com.android.settings.emergency.EmergencyDashboardFragment com.android.emergency.EmergencyInfoActivity}nullnull
06-27 00:28:42.732 W/IndexDataConverter( 6324): Cannot build sitemap pair for incomplete names Pair{com.android.settings.gestures.SystemNavigationGestureSettings com.android.settings.gestures.GestureNavigationSettingsFragment}null手势设置
06-27 00:28:42.732 W/IndexDataConverter( 6324): Cannot build sitemap pair for incomplete names Pair{com.android.settings.notification.zen.ZenModeRestrictNotificationsSettings com.android.settings.notification.zen.ZenModeBlockedEffectsSettings}隐藏通知的显示方式null
06-27 00:28:42.732 W/IndexDataConverter( 6324): Cannot build sitemap pair for incomplete names Pair{com.android.settings.security.SecuritySettings com.android.settings.security.screenlock.ScreenLockSettings}null屏幕锁定
06-27 00:28:42.732 W/IndexDataConverter( 6324): Cannot build sitemap pair for incomplete names Pair{com.android.settings.system.SystemDashboardFragment com.android.settings.backup.UserBackupSettingsActivity}系统null
06-27 00:28:42.732 W/IndexDataConverter( 6324): Cannot build sitemap pair for incomplete names Pair{com.android.settings.fuelgauge.PowerUsageSummary com.android.settings.fuelgauge.PowerUsageAdvanced}nullnull
06-27 00:28:42.732 W/IndexDataConverter( 6324): Cannot build sitemap pair for incomplete names Pair{com.android.settings.location.LocationSettings com.android.settings.location.RecentLocationAccessSeeAllFragment}null近期位置信息访问
06-27 00:28:42.740 W/System.err( 3507): java.lang.NumberFormatException: For input string: "yun-hl"
06-27 00:28:42.740 W/System.err( 3507): at java.lang.Integer.parseInt(Integer.java:615)
06-27 00:28:42.740 W/System.err( 3507): at java.lang.Integer.parseInt(Integer.java:650)
06-27 00:28:42.740 W/System.err( 3507): at com.tencent.halley.common.f.h.d(Unknown Source:74)
06-27 00:28:42.740 W/System.err( 3507): at com.tencent.halley.common.b.a.g.b(Unknown Source:60)
06-27 00:28:42.740 W/System.err( 3507): at com.tencent.halley.common.b.a.c.b(Unknown Source:389)
06-27 00:28:42.740 W/System.err( 3507): at com.tencent.halley.downloader.d.c.a(Unknown Source:85)
06-27 00:28:42.740 W/System.err( 3507): at com.tencent.halley.downloader.task.section.d.run(Unknown Source:155)
06-27 00:28:42.740 W/System.err( 3507): at java.util.concurrent.Executors$RunnableAdapter.call(Executors.java:462)
06-27 00:28:42.740 W/System.err( 3507): at java.util.concurrent.FutureTask.run(FutureTask.java:266)
06-27 00:28:42.740 W/System.err( 3507): at java.util.concurrent.ThreadPoolExecutor.runWorker(ThreadPoolExecutor.java:1167)
06-27 00:28:42.740 W/System.err( 3507): at java.util.concurrent.ThreadPoolExecutor$Worker.run(ThreadPoolExecutor.java:641)
06-27 00:28:42.740 W/System.err( 3507): at java.lang.Thread.run(Thread.java:920)
06-27 00:28:42.749 W/System.err( 3507): java.net.ConnectException: Failed to connect to yun-hl.3g.qq.com/10.0.0.1:443
06-27 00:28:42.749 W/System.err( 3507): at com.android.okhttp.internal.io.RealConnection.connectSocket(RealConnection.java:147)
06-27 00:28:42.749 W/System.err( 3507): at com.android.okhttp.internal.io.RealConnection.connect(RealConnection.java:116)
06-27 00:28:42.749 W/System.err( 3507): at com.android.okhttp.internal.http.StreamAllocation.findConnection(StreamAllocation.java:186)
06-27 00:28:42.749 W/System.err( 3507): at com.android.okhttp.internal.http.StreamAllocation.findHealthyConnection(StreamAllocation.java:128)
06-27 00:28:42.749 W/System.err( 3507): at com.android.okhttp.internal.http.StreamAllocation.newStream(StreamAllocation.java:97)
06-27 00:28:42.749 W/System.err( 3507): at com.android.okhttp.internal.http.HttpEngine.connect(HttpEngine.java:289)
06-27 00:28:42.749 W/System.err( 3507): at com.android.okhttp.internal.http.HttpEngine.sendRequest(HttpEngine.java:232)
06-27 00:28:42.749 W/System.err( 3507): at com.android.okhttp.internal.huc.HttpURLConnectionImpl.execute(HttpURLConnectionImpl.java:465)
06-27 00:28:42.749 W/System.err( 3507): at com.android.okhttp.internal.huc.HttpURLConnectionImpl.connect(HttpURLConnectionImpl.java:131)
06-27 00:28:42.749 W/System.err( 3507): at com.android.okhttp.internal.huc.DelegatingHttpsURLConnection.connect(DelegatingHttpsURLConnection.java:90)
06-27 00:28:42.749 W/System.err( 3507): at com.android.okhttp.internal.huc.HttpsURLConnectionImpl.connect(HttpsURLConnectionImpl.java:30)
06-27 00:28:42.749 W/System.err( 3507): at com.tencent.halley.common.b.a.g.b(Unknown Source:236)
06-27 00:28:42.749 W/System.err( 3507): at com.tencent.halley.common.b.a.c.b(Unknown Source:389)
06-27 00:28:42.749 W/System.err( 3507): at com.tencent.halley.downloader.d.c.a(Unknown Source:85)
06-27 00:28:42.749 W/System.err( 3507): at com.tencent.halley.downloader.task.section.d.run(Unknown Source:155)
06-27 00:28:42.749 W/System.err( 3507): at java.util.concurrent.Executors$RunnableAdapter.call(Executors.java:462)
06-27 00:28:42.749 W/System.err( 3507): at java.util.concurrent.FutureTask.run(FutureTask.java:266)
06-27 00:28:42.749 W/System.err( 3507): at java.util.concurrent.ThreadPoolExecutor.runWorker(ThreadPoolExecutor.java:1167)
06-27 00:28:42.749 W/System.err( 3507): at java.util.concurrent.ThreadPoolExecutor$Worker.run(ThreadPoolExecutor.java:641)
06-27 00:28:42.749 W/System.err( 3507): at java.lang.Thread.run(Thread.java:920)
06-27 00:28:43.284 I/mpu_uart( 653): [MSG-P:RECV]:No message received in 1000 ms
06-27 00:28:43.340 W/System ( 3366): A resource failed to call close.
06-27 00:28:43.340 W/System ( 3366): A resource failed to call close.
06-27 00:28:43.475 W/System.err( 3507): java.net.ConnectException: Failed to connect to shiply-yyb-1258344701.file.myqcloud.com/10.0.0.1:443
06-27 00:28:43.475 W/System.err( 3507): at com.android.okhttp.internal.io.RealConnection.connectSocket(RealConnection.java:147)
06-27 00:28:43.475 W/System.err( 3507): at com.android.okhttp.internal.io.RealConnection.connect(RealConnection.java:116)
06-27 00:28:43.475 W/System.err( 3507): at com.android.okhttp.internal.http.StreamAllocation.findConnection(StreamAllocation.java:186)
06-27 00:28:43.475 W/System.err( 3507): at com.android.okhttp.internal.http.StreamAllocation.findHealthyConnection(StreamAllocation.java:128)
06-27 00:28:43.475 W/System.err( 3507): at com.android.okhttp.internal.http.StreamAllocation.newStream(StreamAllocation.java:97)
06-27 00:28:43.475 W/System.err( 3507): at com.android.okhttp.internal.http.HttpEngine.connect(HttpEngine.java:289)
06-27 00:28:43.475 W/System.err( 3507): at com.android.okhttp.internal.http.HttpEngine.sendRequest(HttpEngine.java:232)
06-27 00:28:43.475 W/System.err( 3507): at com.android.okhttp.internal.huc.HttpURLConnectionImpl.execute(HttpURLConnectionImpl.java:465)
06-27 00:28:43.475 W/System.err( 3507): at com.android.okhttp.internal.huc.HttpURLConnectionImpl.getResponse(HttpURLConnectionImpl.java:411)
06-27 00:28:43.475 W/System.err( 3507): at com.android.okhttp.internal.huc.HttpURLConnectionImpl.getResponseCode(HttpURLConnectionImpl.java:542)
06-27 00:28:43.475 W/System.err( 3507): at com.android.okhttp.internal.huc.DelegatingHttpsURLConnection.getResponseCode(DelegatingHttpsURLConnection.java:106)
06-27 00:28:43.475 W/System.err( 3507): at com.android.okhttp.internal.huc.HttpsURLConnectionImpl.getResponseCode(HttpsURLConnectionImpl.java:30)
06-27 00:28:43.476 W/System.err( 3507): at com.tencent.halley.downloader.a.a.a.b(Unknown Source:385)
06-27 00:28:43.476 W/System.err( 3507): at com.tencent.halley.downloader.task.section.d.a(Unknown Source:191)
06-27 00:28:43.476 W/System.err( 3507): at com.tencent.halley.downloader.task.section.d.run(Unknown Source:612)
06-27 00:28:43.476 W/System.err( 3507): at java.util.concurrent.Executors$RunnableAdapter.call(Executors.java:462)
06-27 00:28:43.476 W/System.err( 3507): at java.util.concurrent.FutureTask.run(FutureTask.java:266)
06-27 00:28:43.476 W/System.err( 3507): at java.util.concurrent.ThreadPoolExecutor.runWorker(ThreadPoolExecutor.java:1167)
06-27 00:28:43.476 W/System.err( 3507): at java.util.concurrent.ThreadPoolExecutor$Worker.run(ThreadPoolExecutor.java:641)
06-27 00:28:43.476 W/System.err( 3507): at java.lang.Thread.run(Thread.java:920)
06-27 00:28:43.819 W/System.err( 3507): java.net.ConnectException: Failed to connect to shiply-yyb-1258344701.file.myqcloud.com/10.0.0.1:443
06-27 00:28:43.819 W/System.err( 3507): at com.android.okhttp.internal.io.RealConnection.connectSocket(RealConnection.java:147)
06-27 00:28:43.819 W/System.err( 3507): at com.android.okhttp.internal.io.RealConnection.connect(RealConnection.java:116)
06-27 00:28:43.819 W/System.err( 3507): at com.android.okhttp.internal.http.StreamAllocation.findConnection(StreamAllocation.java:186)
06-27 00:28:43.819 W/System.err( 3507): at com.android.okhttp.internal.http.StreamAllocation.findHealthyConnection(StreamAllocation.java:128)
06-27 00:28:43.819 W/System.err( 3507): at com.android.okhttp.internal.http.StreamAllocation.newStream(StreamAllocation.java:97)
06-27 00:28:43.819 W/System.err( 3507): at com.android.okhttp.internal.http.HttpEngine.connect(HttpEngine.java:289)
06-27 00:28:43.819 W/System.err( 3507): at com.android.okhttp.internal.http.HttpEngine.sendRequest(HttpEngine.java:232)
06-27 00:28:43.819 W/System.err( 3507): at com.android.okhttp.internal.huc.HttpURLConnectionImpl.execute(HttpURLConnectionImpl.java:465)
06-27 00:28:43.819 W/System.err( 3507): at com.android.okhttp.internal.huc.HttpURLConnectionImpl.getResponse(HttpURLConnectionImpl.java:411)
06-27 00:28:43.819 W/System.err( 3507): at com.android.okhttp.internal.huc.HttpURLConnectionImpl.getResponseCode(HttpURLConnectionImpl.java:542)
06-27 00:28:43.819 W/System.err( 3507): at com.android.okhttp.internal.huc.DelegatingHttpsURLConnection.getResponseCode(DelegatingHttpsURLConnection.java:106)
06-27 00:28:43.819 W/System.err( 3507): at com.android.okhttp.internal.huc.HttpsURLConnectionImpl.getResponseCode(HttpsURLConnectionImpl.java:30)
06-27 00:28:43.820 W/System.err( 3507): at com.tencent.halley.downloader.a.a.a.b(Unknown Source:385)
06-27 00:28:43.820 W/System.err( 3507): at com.tencent.halley.downloader.task.section.d.a(Unknown Source:191)
06-27 00:28:43.820 W/System.err( 3507): at com.tencent.halley.downloader.task.section.d.run(Unknown Source:612)
06-27 00:28:43.820 W/System.err( 3507): at java.util.concurrent.Executors$RunnableAdapter.call(Executors.java:462)
06-27 00:28:43.820 W/System.err( 3507): at java.util.concurrent.FutureTask.run(FutureTask.java:266)
06-27 00:28:43.820 W/System.err( 3507): at java.util.concurrent.ThreadPoolExecutor.runWorker(ThreadPoolExecutor.java:1167)
06-27 00:28:43.820 W/System.err( 3507): at java.util.concurrent.ThreadPoolExecutor$Worker.run(ThreadPoolExecutor.java:641)
06-27 00:28:43.820 W/System.err( 3507): at java.lang.Thread.run(Thread.java:920)
06-27 00:28:43.830 W/System.err( 3507): java.lang.NumberFormatException: For input string: "yun-hl"
06-27 00:28:43.830 W/System.err( 3507): at java.lang.Integer.parseInt(Integer.java:615)
06-27 00:28:43.830 W/System.err( 3507): at java.lang.Integer.parseInt(Integer.java:650)
06-27 00:28:43.830 W/System.err( 3507): at com.tencent.halley.common.f.h.d(Unknown Source:74)
06-27 00:28:43.830 W/System.err( 3507): at com.tencent.halley.common.b.a.g.b(Unknown Source:60)
06-27 00:28:43.830 W/System.err( 3507): at com.tencent.halley.common.b.a.c.b(Unknown Source:389)
06-27 00:28:43.830 W/System.err( 3507): at com.tencent.halley.downloader.d.c.a(Unknown Source:85)
06-27 00:28:43.830 W/System.err( 3507): at com.tencent.halley.downloader.task.section.d.run(Unknown Source:155)
06-27 00:28:43.831 W/System.err( 3507): at java.util.concurrent.Executors$RunnableAdapter.call(Executors.java:462)
06-27 00:28:43.831 W/System.err( 3507): at java.util.concurrent.FutureTask.run(FutureTask.java:266)
06-27 00:28:43.831 W/System.err( 3507): at java.util.concurrent.ThreadPoolExecutor.runWorker(ThreadPoolExecutor.java:1167)
06-27 00:28:43.831 W/System.err( 3507): at java.util.concurrent.ThreadPoolExecutor$Worker.run(ThreadPoolExecutor.java:641)
06-27 00:28:43.831 W/System.err( 3507): at java.lang.Thread.run(Thread.java:920)
06-27 00:28:43.841 W/System.err( 3507): java.net.ConnectException: Failed to connect to yun-hl.3g.qq.com/10.0.0.1:443
06-27 00:28:43.841 W/System.err( 3507): at com.android.okhttp.internal.io.RealConnection.connectSocket(RealConnection.java:147)
06-27 00:28:43.841 W/System.err( 3507): at com.android.okhttp.internal.io.RealConnection.connect(RealConnection.java:116)
06-27 00:28:43.841 W/System.err( 3507): at com.android.okhttp.internal.http.StreamAllocation.findConnection(StreamAllocation.java:186)
06-27 00:28:43.841 W/System.err( 3507): at com.android.okhttp.internal.http.StreamAllocation.findHealthyConnection(StreamAllocation.java:128)
06-27 00:28:43.841 W/System.err( 3507): at com.android.okhttp.internal.http.StreamAllocation.newStream(StreamAllocation.java:97)
06-27 00:28:43.841 W/System.err( 3507): at com.android.okhttp.internal.http.HttpEngine.connect(HttpEngine.java:289)
06-27 00:28:43.842 W/System.err( 3507): at com.android.okhttp.internal.http.HttpEngine.sendRequest(HttpEngine.java:232)
06-27 00:28:43.842 W/System.err( 3507): at com.android.okhttp.internal.huc.HttpURLConnectionImpl.execute(HttpURLConnectionImpl.java:465)
06-27 00:28:43.842 W/System.err( 3507): at com.android.okhttp.internal.huc.HttpURLConnectionImpl.connect(HttpURLConnectionImpl.java:131)
06-27 00:28:43.842 W/System.err( 3507): at com.android.okhttp.internal.huc.DelegatingHttpsURLConnection.connect(DelegatingHttpsURLConnection.java:90)
06-27 00:28:43.842 W/System.err( 3507): at com.android.okhttp.internal.huc.HttpsURLConnectionImpl.connect(HttpsURLConnectionImpl.java:30)
06-27 00:28:43.842 W/System.err( 3507): at com.tencent.halley.common.b.a.g.b(Unknown Source:236)
06-27 00:28:43.842 W/System.err( 3507): at com.tencent.halley.common.b.a.c.b(Unknown Source:389)
06-27 00:28:43.842 W/System.err( 3507): at com.tencent.halley.downloader.d.c.a(Unknown Source:85)
06-27 00:28:43.842 W/System.err( 3507): at com.tencent.halley.downloader.task.section.d.run(Unknown Source:155)
06-27 00:28:43.842 W/System.err( 3507): at java.util.concurrent.Executors$RunnableAdapter.call(Executors.java:462)
06-27 00:28:43.842 W/System.err( 3507): at java.util.concurrent.FutureTask.run(FutureTask.java:266)
06-27 00:28:43.842 W/System.err( 3507): at java.util.concurrent.ThreadPoolExecutor.runWorker(ThreadPoolExecutor.java:1167)
06-27 00:28:43.842 W/System.err( 3507): at java.util.concurrent.ThreadPoolExecutor$Worker.run(ThreadPoolExecutor.java:641)
06-27 00:28:43.842 W/System.err( 3507): at java.lang.Thread.run(Thread.java:920)
06-27 00:28:44.285 I/mpu_uart( 653): [MSG-P:RECV]:No message received in 1000 ms
06-27 00:28:44.338 D/ViewRootImpl[SearchActivity]( 6324): changeCanvasOpacity: opaque=false
06-27 00:28:44.576 W/System.err( 3507): java.net.ConnectException: Failed to connect to shiply-yyb-1258344701.file.myqcloud.com/10.0.0.1:443
06-27 00:28:44.576 W/System.err( 3507): at com.android.okhttp.internal.io.RealConnection.connectSocket(RealConnection.java:147)
06-27 00:28:44.576 W/System.err( 3507): at com.android.okhttp.internal.io.RealConnection.connect(RealConnection.java:116)
06-27 00:28:44.576 W/System.err( 3507): at com.android.okhttp.internal.http.StreamAllocation.findConnection(StreamAllocation.java:186)
06-27 00:28:44.577 W/System.err( 3507): at com.android.okhttp.internal.http.StreamAllocation.findHealthyConnection(StreamAllocation.java:128)
06-27 00:28:44.577 W/System.err( 3507): at com.android.okhttp.internal.http.StreamAllocation.newStream(StreamAllocation.java:97)
06-27 00:28:44.577 W/System.err( 3507): at com.android.okhttp.internal.http.HttpEngine.connect(HttpEngine.java:289)
06-27 00:28:44.577 W/System.err( 3507): at com.android.okhttp.internal.http.HttpEngine.sendRequest(HttpEngine.java:232)
06-27 00:28:44.577 W/System.err( 3507): at com.android.okhttp.internal.huc.HttpURLConnectionImpl.execute(HttpURLConnectionImpl.java:465)
06-27 00:28:44.577 W/System.err( 3507): at com.android.okhttp.internal.huc.HttpURLConnectionImpl.getResponse(HttpURLConnectionImpl.java:411)
06-27 00:28:44.577 W/System.err( 3507): at com.android.okhttp.internal.huc.HttpURLConnectionImpl.getResponseCode(HttpURLConnectionImpl.java:542)
06-27 00:28:44.577 W/System.err( 3507): at com.android.okhttp.internal.huc.DelegatingHttpsURLConnection.getResponseCode(DelegatingHttpsURLConnection.java:106)
06-27 00:28:44.577 W/System.err( 3507): at com.android.okhttp.internal.huc.HttpsURLConnectionImpl.getResponseCode(HttpsURLConnectionImpl.java:30)
06-27 00:28:44.577 W/System.err( 3507): at com.tencent.halley.downloader.a.a.a.b(Unknown Source:385)
06-27 00:28:44.577 W/System.err( 3507): at com.tencent.halley.downloader.task.section.d.a(Unknown Source:191)
06-27 00:28:44.577 W/System.err( 3507): at com.tencent.halley.downloader.task.section.d.run(Unknown Source:612)
06-27 00:28:44.577 W/System.err( 3507): at java.util.concurrent.Executors$RunnableAdapter.call(Executors.java:462)
06-27 00:28:44.577 W/System.err( 3507): at java.util.concurrent.FutureTask.run(FutureTask.java:266)
06-27 00:28:44.577 W/System.err( 3507): at java.util.concurrent.ThreadPoolExecutor.runWorker(ThreadPoolExecutor.java:1167)
06-27 00:28:44.577 W/System.err( 3507): at java.util.concurrent.ThreadPoolExecutor$Worker.run(ThreadPoolExecutor.java:641)
06-27 00:28:44.577 W/System.err( 3507): at java.lang.Thread.run(Thread.java:920)
06-27 00:28:44.605 I/[ 72.170848] init( 0): starting service 'hht_ota_mgr_service'...
06-27 00:28:44.632 I/CNSS ( 1174): cnss_open_log_file: create directory /data/vendor/wifi/wlan_logs/ ret = -1 errno= 17
06-27 00:28:44.632 I/CNSS ( 1174): failed to open file a+ mode or file size 0 is less than max_file_size 31457280
06-27 00:28:44.632 I/CNSS ( 1174): Failed to open file /data/vendor/wifi/wlan_logs/host_driver_logs_current.txt: 13
06-27 00:28:44.626 W/cnss_diag( 1174): type=1400 audit(0.0:681): avc: denied { getattr } for path="/data/vendor/wifi/wlan_logs" dev="dm-10" ino=359 scontext=u:r:vendor_wcnss_service:s0 tcontext=u:object_r:vendor_wifi_vendor_log_data_file:s0 tclass=dir permissive=0
06-27 00:28:44.626 W/cnss_diag( 1174): type=1400 audit(0.0:682): avc: denied { read } for name="wlan_logs" dev="dm-10" ino=359 scontext=u:r:vendor_wcnss_service:s0 tcontext=u:object_r:vendor_wifi_vendor_log_data_file:s0 tclass=dir permissive=0
06-27 00:28:44.626 W/cnss_diag( 1174): type=1400 audit(0.0:683): avc: denied { search } for name="wlan_logs" dev="dm-10" ino=359 scontext=u:r:vendor_wcnss_service:s0 tcontext=u:object_r:vendor_wifi_vendor_log_data_file:s0 tclass=dir permissive=0
06-27 00:28:44.653 E/vota ( 6432): [32b074f8]: [vota]: init: ..
06-27 00:28:44.654 E/vota ( 6432): [32b074f8]: [vota]: [warning]: the java machine be not inited, please pass it to the tb_init function! at tb_android_init_env(): 43, src/vota/platform/android/android.c
06-27 00:28:44.655 E/vota ( 6432): [32b074f8]: [vota]: version: tbox_v1_6_7_202302251411_arm64-v8a_elf by Android (8481493, based on r416183c2) Clang 12.0.9 (https://android.googlesource.com/toolchain/llvm-project c935d99d7cf2016289302412d708641d52d2f7ee)
06-27 00:28:44.655 E/vota ( 6432): [32b074f8]: [vota]: init: ok
06-27 00:28:44.655 E/vota ( 6432): [32b074f8]: [vota]: [scheduler]: start ..
06-27 00:28:44.655 E/vota ( 6432): [32b074f8]: [vota]: [coroutine]: init 0x7a31522158
06-27 00:28:44.655 E/vota ( 6432): [32b074f8]: [vota]: [scheduler]: start ok
06-27 00:28:44.655 E/vota ( 6432): [32b074f8]: [vota]: [scheduler]: switch to coroutine(0x7a31522158) from coroutine(0x7a31617ca0)
06-27 00:28:44.655 E/vota ( 6432): [32b074f8]: [vota]: [coroutine]: entry: 0x7a31522158 stack: 0x7a315221b8 - 0x7a315621b8 from coroutine(0x7a31617ca0)
06-27 00:28:44.656 I/hiphi_update_api( 6432): Hh_GetVersion calling ......
06-27 00:28:44.656 I/hiphi_update_api( 6432): get version:01.00.0114.C106
06-27 00:28:44.656 I/hiphi_update_api( 6432): Hh_GetVersion ret:0
06-27 00:28:44.836 D/PowerManagerService( 1538): userActivityNoUpdateLocked: groupId=0, eventTime=72405, event=2, flags=0x0, uid=1000
06-27 00:28:44.836 D/PowerManagerNotifier( 1538): onUserActivity: event=2, uid=1000
06-27 00:28:44.836 D/PowerManagerService( 1538): updateUserActivitySummaryLocked: groupId=0, mWakefulness=Awake, mUserActivitySummary=0x1, nextTimeout=132405 (in 59998 ms)
06-27 00:28:44.836 D/PowerManagerNotifier( 1538): onScreenPolicyUpdate: newPolicy=3
06-27 00:28:44.836 D/PowerManagerService( 1538): updateDisplayPowerStateLocked: displayReady=true, groupId=0, policy=BRIGHT, mWakefulness=Awake, mWakeLockSummary=0x1, mUserActivitySummary=0x1, mBootCompleted=true, screenBrightnessOverride=NaN, useAutoBrightness=false, mScreenBrightnessBoostInProgress=false, mIsVrModeEnabled= false, sQuiescent=false
06-27 00:28:44.837 D/ViewTouchDebug( 3258): mView : android.widget.PopupWindow$PopupDecorView{6ba7072 V.E...... R....... 0,0-1320,659}Receive event : MotionEvent { action=ACTION_DOWN, actionButton=0, id[0]=0, x[0]=1041.0, y[0]=563.0, toolType[0]=TOOL_TYPE_FINGER, buttonState=0, classification=NONE, metaState=0, flags=0x0, edgeFlags=0x0, pointerCount=1, historySize=0, eventTime=72405, downTime=72405, deviceId=2, source=0x5002, displayId=0, eventId=1040607394 }
06-27 00:28:44.837 D/ViewTouchDebug( 1931): mView : com.android.systemui.navigationbar.NavigationBarFrame{c21ce80 V.E...... ........ 0,0-2560,46 #7f0b03f3 app:id/navigation_bar_frame}Receive event : MotionEvent { action=ACTION_OUTSIDE, actionButton=0, id[0]=0, x[0]=0.0, y[0]=-1034.0, toolType[0]=TOOL_TYPE_FINGER, buttonState=0, classification=NONE, metaState=0, flags=0x0, edgeFlags=0x0, pointerCount=1, historySize=0, eventTime=72405, downTime=72405, deviceId=2, source=0x5002, displayId=0, eventId=1800992679 }
06-27 00:28:44.842 I/PanelBackAnim( 3258): need draw back==true
06-27 00:28:44.862 W/hht_ota_mgr( 6432): type=1400 audit(0.0:684): avc: denied { read append } for name="NvmSim_yy.dat" dev="dm-10" ino=387 scontext=u:r:hht_ota_mgr:s0 tcontext=u:object_r:system_data_file:s0 tclass=file permissive=0
06-27 00:28:44.867 E/vota ( 6432): [32b074f8]: [vota]: [scheduler]: finish coroutine(0x7a31522158)
06-27 00:28:44.867 E/vota ( 6432): [32b074f8]: [vota]: [scheduler]: switch to original coroutine
06-27 00:28:44.867 E/vota ( 6432): [32b074f8]: [vota]: [scheduler]: switch to coroutine(0x7a31617ca0) from coroutine(0x7a31522158)
06-27 00:28:44.867 E/vota ( 6432): [32b074f8]: [vota]: [scheduler]: [loop]: ready 0
06-27 00:28:44.867 E/vota ( 6432): [32b074f8]: [vota]: [coroutine]: exit: 0x7a31522158
06-27 00:28:44.867 E/vota ( 6432): [32b074f8]: [vota]: [lock_profiler]:
06-27 00:28:44.867 E/vota ( 6432): [32b074f8]: [vota]: [lock_profiler]: lock: 0xb4000077da8ce16c, name: allocator, occupied: 0
06-27 00:28:44.867 E/vota ( 6432): [32b074f8]: [vota]: [lock_profiler]: lock: 0xb4000077ca8c6a34, name: native_large_allocator, occupied: 0
06-27 00:28:44.867 E/vota ( 6432): [32b074f8]: [vota]: [small_allocator]:
06-27 00:28:44.867 E/vota ( 6432): [32b074f8]: [vota]: [static_fixed_pool]: [16]: peak_size: 288, wast_rate: 4074/10000, pred_failed: 0, item_maxn: 245, free_count: 18, malloc_count: 18
06-27 00:28:44.867 E/vota ( 6432): [32b074f8]: [vota]: [static_fixed_pool]: [96]: peak_size: 2208, wast_rate: 1028/10000, pred_failed: 0, item_maxn: 248, free_count: 23, malloc_count: 23
06-27 00:28:44.867 E/vota ( 6432): [32b074f8]: [vota]: [static_fixed_pool]: [128]: peak_size: 9216, wast_rate: 791/10000, pred_failed: 0, item_maxn: 249, free_count: 72, malloc_count: 72
06-27 00:28:44.867 E/vota ( 6432): [32b074f8]: [vota]: [static_fixed_pool]: [192]: peak_size: 2112, wast_rate: 541/10000, pred_failed: 0, item_maxn: 250, free_count: 11, malloc_count: 11
06-27 00:28:44.867 E/vota ( 6432): [32b074f8]: [vota]: [static_fixed_pool]: [256]: peak_size: 256, wast_rate: 411/10000, pred_failed: 0, item_maxn: 251, free_count: 1, malloc_count: 1
06-27 00:28:44.867 E/vota ( 6432): [32b074f8]: [vota]: [static_fixed_pool]: [384]: peak_size: 5376, wast_rate: 278/10000, pred_failed: 0, item_maxn: 252, free_count: 14, malloc_count: 14
06-27 00:28:44.867 E/vota ( 6432): [32b074f8]: [vota]: [static_fixed_pool]: [512]: peak_size: 5632, wast_rate: 210/10000, pred_failed: 0, item_maxn: 253, free_count: 11, malloc_count: 11
06-27 00:28:44.867 E/vota ( 6432): [32b074f8]: [vota]: [static_fixed_pool]: [1024]: peak_size: 2048, wast_rate: 106/10000, pred_failed: 0, item_maxn: 254, free_count: 2, malloc_count: 2
06-27 00:28:44.867 E/vota ( 6432): [32b074f8]: [vota]: [native_large_allocator]:
06-27 00:28:44.867 E/vota ( 6432): [32b074f8]: [vota]: [native_large_allocator]: peak_size: 3373986
06-27 00:28:44.867 E/vota ( 6432): [32b074f8]: [vota]: [native_large_allocator]: wast_rate: 4/10000
06-27 00:28:44.867 E/vota ( 6432): [32b074f8]: [vota]: [native_large_allocator]: free_count: 52
06-27 00:28:44.867 E/vota ( 6432): [32b074f8]: [vota]: [native_large_allocator]: malloc_count: 52
06-27 00:28:44.867 E/vota ( 6432): [32b074f8]: [vota]: [native_large_allocator]: ralloc_count: 0
06-27 00:28:44.867 E/vota ( 6432): [32b074f8]: [vota]: exit: ok
06-27 00:28:44.873 I/[ 72.443106] init( 0): Service 'hht_ota_mgr_service' (pid 6432) exited with status 0
06-27 00:28:44.873 I/[ 72.443127] init( 0): Sending signal 9 to service 'hht_ota_mgr_service' (pid 6432) process group...
06-27 00:28:44.873 I/[ 72.443312] libprocessgroup( 0): Successfully killed process cgroup uid 0 pid 6432 in 0ms
06-27 00:28:44.911 W/System.err( 3507): java.net.ConnectException: Failed to connect to shiply-yyb-1258344701.file.myqcloud.com/10.0.0.1:443
06-27 00:28:44.911 W/System.err( 3507): at com.android.okhttp.internal.io.RealConnection.connectSocket(RealConnection.java:147)
06-27 00:28:44.911 W/System.err( 3507): at com.android.okhttp.internal.io.RealConnection.connect(RealConnection.java:116)
06-27 00:28:44.911 W/System.err( 3507): at com.android.okhttp.internal.http.StreamAllocation.findConnection(StreamAllocation.java:186)
06-27 00:28:44.911 W/System.err( 3507): at com.android.okhttp.internal.http.StreamAllocation.findHealthyConnection(StreamAllocation.java:128)
06-27 00:28:44.911 W/System.err( 3507): at com.android.okhttp.internal.http.StreamAllocation.newStream(StreamAllocation.java:97)
06-27 00:28:44.911 W/System.err( 3507): at com.android.okhttp.internal.http.HttpEngine.connect(HttpEngine.java:289)
06-27 00:28:44.911 W/System.err( 3507): at com.android.okhttp.internal.http.HttpEngine.sendRequest(HttpEngine.java:232)
06-27 00:28:44.911 W/System.err( 3507): at com.android.okhttp.internal.huc.HttpURLConnectionImpl.execute(HttpURLConnectionImpl.java:465)
06-27 00:28:44.911 W/System.err( 3507): at com.android.okhttp.internal.huc.HttpURLConnectionImpl.getResponse(HttpURLConnectionImpl.java:411)
06-27 00:28:44.911 W/System.err( 3507): at com.android.okhttp.internal.huc.HttpURLConnectionImpl.getResponseCode(HttpURLConnectionImpl.java:542)
06-27 00:28:44.911 W/System.err( 3507): at com.android.okhttp.internal.huc.DelegatingHttpsURLConnection.getResponseCode(DelegatingHttpsURLConnection.java:106)
06-27 00:28:44.911 W/System.err( 3507): at com.android.okhttp.internal.huc.HttpsURLConnectionImpl.getResponseCode(HttpsURLConnectionImpl.java:30)
06-27 00:28:44.911 W/System.err( 3507): at com.tencent.halley.downloader.a.a.a.b(Unknown Source:385)
06-27 00:28:44.911 W/System.err( 3507): at com.tencent.halley.downloader.task.section.d.a(Unknown Source:191)
06-27 00:28:44.911 W/System.err( 3507): at com.tencent.halley.downloader.task.section.d.run(Unknown Source:612)
06-27 00:28:44.911 W/System.err( 3507): at java.util.concurrent.Executors$RunnableAdapter.call(Executors.java:462)
06-27 00:28:44.911 W/System.err( 3507): at java.util.concurrent.FutureTask.run(FutureTask.java:266)
06-27 00:28:44.911 W/System.err( 3507): at java.util.concurrent.ThreadPoolExecutor.runWorker(ThreadPoolExecutor.java:1167)
06-27 00:28:44.911 W/System.err( 3507): at java.util.concurrent.ThreadPoolExecutor$Worker.run(ThreadPoolExecutor.java:641)
06-27 00:28:44.911 W/System.err( 3507): at java.lang.Thread.run(Thread.java:920)
06-27 00:28:44.922 W/System.err( 3507): java.lang.NumberFormatException: For input string: "yun-hl"
06-27 00:28:44.922 W/System.err( 3507): at java.lang.Integer.parseInt(Integer.java:615)
06-27 00:28:44.922 W/System.err( 3507): at java.lang.Integer.parseInt(Integer.java:650)
06-27 00:28:44.922 W/System.err( 3507): at com.tencent.halley.common.f.h.d(Unknown Source:74)
06-27 00:28:44.922 W/System.err( 3507): at com.tencent.halley.common.b.a.g.b(Unknown Source:60)
06-27 00:28:44.922 W/System.err( 3507): at com.tencent.halley.common.b.a.c.b(Unknown Source:389)
06-27 00:28:44.922 W/System.err( 3507): at com.tencent.halley.downloader.d.c.a(Unknown Source:85)
06-27 00:28:44.922 W/System.err( 3507): at com.tencent.halley.downloader.task.section.d.run(Unknown Source:155)
06-27 00:28:44.922 W/System.err( 3507): at java.util.concurrent.Executors$RunnableAdapter.call(Executors.java:462)
06-27 00:28:44.922 W/System.err( 3507): at java.util.concurrent.FutureTask.run(FutureTask.java:266)
06-27 00:28:44.922 W/System.err( 3507): at java.util.concurrent.ThreadPoolExecutor.runWorker(ThreadPoolExecutor.java:1167)
06-27 00:28:44.922 W/System.err( 3507): at java.util.concurrent.ThreadPoolExecutor$Worker.run(ThreadPoolExecutor.java:641)
06-27 00:28:44.922 W/System.err( 3507): at java.lang.Thread.run(Thread.java:920)
06-27 00:28:44.943 D/PowerManagerService( 1538): userActivityNoUpdateLocked: groupId=0, eventTime=72513, event=2, flags=0x0, uid=1000
06-27 00:28:44.943 D/PowerManagerNotifier( 1538): onUserActivity: event=2, uid=1000
06-27 00:28:44.944 D/PowerManagerService( 1538): updateUserActivitySummaryLocked: groupId=0, mWakefulness=Awake, mUserActivitySummary=0x1, nextTimeout=132513 (in 59999 ms)
06-27 00:28:44.944 D/PowerManagerNotifier( 1538): onScreenPolicyUpdate: newPolicy=3
06-27 00:28:44.944 D/PowerManagerService( 1538): updateDisplayPowerStateLocked: displayReady=true, groupId=0, policy=BRIGHT, mWakefulness=Awake, mWakeLockSummary=0x1, mUserActivitySummary=0x1, mBootCompleted=true, screenBrightnessOverride=NaN, useAutoBrightness=false, mScreenBrightnessBoostInProgress=false, mIsVrModeEnabled= false, sQuiescent=false
06-27 00:28:44.945 W/System.err( 3507): java.net.ConnectException: Failed to connect to yun-hl.3g.qq.com/10.0.0.1:443
06-27 00:28:44.945 W/System.err( 3507): at com.android.okhttp.internal.io.RealConnection.connectSocket(RealConnection.java:147)
06-27 00:28:44.945 W/System.err( 3507): at com.android.okhttp.internal.io.RealConnection.connect(RealConnection.java:116)
06-27 00:28:44.945 W/System.err( 3507): at com.android.okhttp.internal.http.StreamAllocation.findConnection(StreamAllocation.java:186)
06-27 00:28:44.945 W/System.err( 3507): at com.android.okhttp.internal.http.StreamAllocation.findHealthyConnection(StreamAllocation.java:128)
06-27 00:28:44.946 W/System.err( 3507): at com.android.okhttp.internal.http.StreamAllocation.newStream(StreamAllocation.java:97)
06-27 00:28:44.946 W/System.err( 3507): at com.android.okhttp.internal.http.HttpEngine.connect(HttpEngine.java:289)
06-27 00:28:44.946 W/System.err( 3507): at com.android.okhttp.internal.http.HttpEngine.sendRequest(HttpEngine.java:232)
06-27 00:28:44.946 W/System.err( 3507): at com.android.okhttp.internal.huc.HttpURLConnectionImpl.execute(HttpURLConnectionImpl.java:465)
06-27 00:28:44.946 W/System.err( 3507): at com.android.okhttp.internal.huc.HttpURLConnectionImpl.connect(HttpURLConnectionImpl.java:131)
06-27 00:28:44.946 W/System.err( 3507): at com.android.okhttp.internal.huc.DelegatingHttpsURLConnection.connect(DelegatingHttpsURLConnection.java:90)
06-27 00:28:44.946 W/System.err( 3507): at com.android.okhttp.internal.huc.HttpsURLConnectionImpl.connect(HttpsURLConnectionImpl.java:30)
06-27 00:28:44.946 W/System.err( 3507): at com.tencent.halley.common.b.a.g.b(Unknown Source:236)
06-27 00:28:44.946 W/System.err( 3507): at com.tencent.halley.common.b.a.c.b(Unknown Source:389)
06-27 00:28:44.946 W/System.err( 3507): at com.tencent.halley.downloader.d.c.a(Unknown Source:85)
06-27 00:28:44.946 W/System.err( 3507): at com.tencent.halley.downloader.task.section.d.run(Unknown Source:155)
06-27 00:28:44.946 W/System.err( 3507): at java.util.concurrent.Executors$RunnableAdapter.call(Executors.java:462)
06-27 00:28:44.946 W/System.err( 3507): at java.util.concurrent.FutureTask.run(FutureTask.java:266)
06-27 00:28:44.946 W/System.err( 3507): at java.util.concurrent.ThreadPoolExecutor.runWorker(ThreadPoolExecutor.java:1167)
06-27 00:28:44.946 W/System.err( 3507): at java.util.concurrent.ThreadPoolExecutor$Worker.run(ThreadPoolExecutor.java:641)
06-27 00:28:44.946 W/System.err( 3507): at java.lang.Thread.run(Thread.java:920)
06-27 00:28:45.006 D/ViewTouchDebug( 3258): mView : android.widget.PopupWindow$PopupDecorView{6ba7072 V.E...... R....... 0,0-1320,659}Receive event : MotionEvent { action=ACTION_UP, actionButton=0, id[0]=0, x[0]=1041.0, y[0]=563.0, toolType[0]=TOOL_TYPE_FINGER, buttonState=0, classification=NONE, metaState=0, flags=0x0, edgeFlags=0x0, pointerCount=1, historySize=0, eventTime=72575, downTime=72405, deviceId=2, source=0x5002, displayId=0, eventId=59181941 }
06-27 00:28:45.015 I/PanelBackAnim( 3258): need draw back==true
06-27 00:28:45.021 I/KeymapSwitch( 3258): onSwitchKeyboard:targetId:30 isConsiderAttribute:false
06-27 00:28:45.028 I/KeymapSwitch( 3258): putKeymap:idx:30 keyMap:com.baidu.crm@3839bca
06-27 00:28:45.029 I/KeymapSwitch( 3258): loadMapByIdx:initKeymap:idx:30 needSetConfig:true nowMap:com.baidu.crm@3839bca
06-27 00:28:45.029 D/ImeService( 3258): onEvaluateFullscreenMode return false:isFloatKeyboardMode
06-27 00:28:45.031 I/KeymapSwitch( 3258): initKeymap isServiceInitFinished:true
06-27 00:28:45.033 D/ImeService( 3258): onEvaluateFullscreenMode return false:isFloatKeyboardMode
06-27 00:28:45.035 I/ColorPicker( 3258): invalidatePickedColors: oldFloatColor=fff5f7fa
06-27 00:28:45.036 I/ColorPicker( 3258): getFloatColor from default, color: ff232e40, floatDefaultColor: ff232e40
06-27 00:28:45.037 D/hintView( 3258): forceClose=true,resetShowChs=true
06-27 00:28:45.037 D/hintView( 3258): dismissPop()
06-27 00:28:45.037 D/ImeService( 3258): onEvaluateFullscreenMode return false:isFloatKeyboardMode
06-27 00:28:45.038 I/SceneAnimHandler( 3258): releaseAnimSwitchKeyboard
06-27 00:28:45.038 I/SceneAnimHandler( 3258): releaseAnimSwitchKeyboard
06-27 00:28:45.038 D/float ( 3258): keyboard top = 657, lastsoft = 532, candview = 127
06-27 00:28:45.039 D/hintView( 3258): forceClose=true,resetShowChs=true
06-27 00:28:45.039 D/hintView( 3258): dismissPop()
06-27 00:28:45.042 I/PanelBackAnim( 3258): need draw back==true
06-27 00:28:45.045 D/hintView( 3258): forceClose=true,resetShowChs=true
06-27 00:28:45.045 D/hintView( 3258): dismissPop()
06-27 00:28:45.046 I/FloatingContainer( 3258): update y=339 top=657, softOffsetYInWindow=996, gameCorpusViewHeight=0, imeWindowTopOnScreen=36, popParentTopOnScreen=1033,
06-27 00:28:45.049 I/PanelBackAnim( 3258): need draw back==true
06-27 00:28:45.285 I/mpu_uart( 653): [MSG-P:RECV]:No message received in 1000 ms
06-27 00:28:45.295 I/mpu_uart( 653): [MSG-P:R]:recv sync frame timeout
06-27 00:28:45.672 W/System.err( 3507): java.net.ConnectException: Failed to connect to shiply-yyb-1258344701.file.myqcloud.com/10.0.0.1:443
06-27 00:28:45.672 W/System.err( 3507): at com.android.okhttp.internal.io.RealConnection.connectSocket(RealConnection.java:147)
06-27 00:28:45.672 W/System.err( 3507): at com.android.okhttp.internal.io.RealConnection.connect(RealConnection.java:116)
06-27 00:28:45.673 W/System.err( 3507): at com.android.okhttp.internal.http.StreamAllocation.findConnection(StreamAllocation.java:186)
06-27 00:28:45.673 W/System.err( 3507): at com.android.okhttp.internal.http.StreamAllocation.findHealthyConnection(StreamAllocation.java:128)
06-27 00:28:45.673 W/System.err( 3507): at com.android.okhttp.internal.http.StreamAllocation.newStream(StreamAllocation.java:97)
06-27 00:28:45.673 W/System.err( 3507): at com.android.okhttp.internal.http.HttpEngine.connect(HttpEngine.java:289)
06-27 00:28:45.673 W/System.err( 3507): at com.android.okhttp.internal.http.HttpEngine.sendRequest(HttpEngine.java:232)
06-27 00:28:45.673 W/System.err( 3507): at com.android.okhttp.internal.huc.HttpURLConnectionImpl.execute(HttpURLConnectionImpl.java:465)
