06-27 00:28:42.212 V/CachedBluetoothDevice( 5997): 00001108-0000-1000-8000-00805f9b34fb
06-27 00:28:42.212 V/CachedBluetoothDevice( 5997): 0000111e-0000-1000-8000-00805f9b34fb
06-27 00:28:42.212 V/CachedBluetoothDevice( 5997): 0000110b-0000-1000-8000-00805f9b34fb
06-27 00:28:42.212 V/CachedBluetoothDevice( 5997): 0000110e-0000-1000-8000-00805f9b34fb
06-27 00:28:42.212 V/CachedBluetoothDevice( 5997): 00000000-0000-1000-8000-00805f9b34fb
06-27 00:28:42.212 V/CachedBluetoothDevice( 5997): 00000000-0000-1000-8000-00805f9b34fb
06-27 00:28:42.212 V/CachedBluetoothDevice( 5997): 00000000-0000-0000-0000-000000000000
06-27 00:28:42.212 V/CachedBluetoothDevice( 5997): 00000000-0000-0000-0000-000000000000
06-27 00:28:42.212 V/CachedBluetoothDevice( 5997): 00000000-0000-0000-0000-000000000000
06-27 00:28:42.212 V/CachedBluetoothDevice( 5997): 00000000-0000-0000-0000-000000000000
06-27 00:28:42.212 V/CachedBluetoothDevice( 5997): 00000000-0000-0000-0000-000000000000
06-27 00:28:42.212 V/CachedBluetoothDevice( 5997): 00000000-0000-0000-0000-000000000000
06-27 00:28:42.212 V/CachedBluetoothDevice( 5997): 00000000-0000-0000-0000-000000000000
06-27 00:28:42.212 V/CachedBluetoothDevice( 5997): 00000000-0000-0000-0000-000000000000
06-27 00:28:42.212 V/CachedBluetoothDevice( 5997): 00000000-0000-0000-0000-000000000000
06-27 00:28:42.212 V/CachedBluetoothDevice( 5997): 00000000-0000-0000-0000-000000000000
06-27 00:28:42.212 V/CachedBluetoothDevice( 5997): 00000000-0000-0000-0000-000000000000
06-27 00:28:42.212 V/CachedBluetoothDevice( 5997): 00000000-0000-0000-0000-000000000000
06-27 00:28:42.212 V/CachedBluetoothDevice( 5997): 00000000-0000-0000-0000-000000000000
06-27 00:28:42.212 V/CachedBluetoothDevice( 5997): 00000000-0000-0000-0000-000000000000
06-27 00:28:42.212 V/CachedBluetoothDevice( 5997): 00000000-0000-0000-0000-000000000000
06-27 00:28:42.212 V/CachedBluetoothDevice( 5997): 00000000-0000-0000-0000-000000000000
06-27 00:28:42.212 V/CachedBluetoothDevice( 5997): 00000000-0000-0000-0000-000000000000
06-27 00:28:42.213 V/CachedBluetoothDevice( 5997): 00000000-0000-0000-0000-000000000000
06-27 00:28:42.213 V/CachedBluetoothDevice( 5997): 00000000-0000-0000-0000-000000000000
06-27 00:28:42.213 V/CachedBluetoothDevice( 5997): 00000000-0000-0000-0000-000000000000
06-27 00:28:42.213 V/CachedBluetoothDevice( 5997): 00000000-0000-0000-0000-000000000000
06-27 00:28:42.213 V/CachedBluetoothDevice( 5997): 00000000-0000-0000-0000-000000000000
06-27 00:28:42.213 V/CachedBluetoothDevice( 5997): 00000000-0000-0000-0000-000000000000
06-27 00:28:42.213 V/CachedBluetoothDevice( 5997): 00000000-0000-0000-0000-000000000000
06-27 00:28:42.213 V/CachedBluetoothDevice( 5997): 00000000-0000-0000-0000-000000000000
06-27 00:28:42.214 D/BluetoothSap( 5997): Proxy object connected
06-27 00:28:42.214 D/BluetoothSap( 5997): getConnectedDevices()
06-27 00:28:42.215 V/SapService( 1915): getConnectedDevices()
06-27 00:28:42.216 D/HearingAidService( 1915): getActiveDevices
06-27 00:28:42.219 D/PowerManagerService( 1538): releaseWakeLockInternal: lock=234049306 [SyncLoopWakeLock], flags=0x0
06-27 00:28:42.220 D/PowerManagerNotifier( 1538): onWakeLockReleased: flags=1, tag="SyncLoopWakeLock", packageName=android, ownerUid=1000, ownerPid=1538, workSource=null
06-27 00:28:42.220 D/PowerManagerService( 1538): updateWakeLockSummaryLocked: mWakefulness=Awake, mWakeLockSummary=0x1
06-27 00:28:42.220 D/PowerManagerService( 1538): updateUserActivitySummaryLocked: groupId=0, mWakefulness=Awake, mUserActivitySummary=0x1, nextTimeout=129679 (in 59889 ms)
06-27 00:28:42.220 D/PowerManagerNotifier( 1538): onScreenPolicyUpdate: newPolicy=3
06-27 00:28:42.220 D/PowerManagerService( 1538): updateDisplayPowerStateLocked: displayReady=true, groupId=0, policy=BRIGHT, mWakefulness=Awake, mWakeLockSummary=0x1, mUserActivitySummary=0x1, mBootCompleted=true, screenBrightnessOverride=NaN, useAutoBrightness=false, mScreenBrightnessBoostInProgress=false, mIsVrModeEnabled= false, sQuiescent=false
06-27 00:28:42.220 D/PowerManagerService( 1538): acquireWakeLockInternal: lock=234049306, flags=0x1, tag="SyncLoopWakeLock", ws=null, uid=1000, pid=1538
06-27 00:28:42.220 D/PowerManagerService( 1538): updateWakeLockSummaryLocked: mWakefulness=Awake, mWakeLockSummary=0x1
06-27 00:28:42.220 D/PowerManagerService( 1538): updateUserActivitySummaryLocked: groupId=0, mWakefulness=Awake, mUserActivitySummary=0x1, nextTimeout=129679 (in 59889 ms)
06-27 00:28:42.220 D/PowerManagerNotifier( 1538): onScreenPolicyUpdate: newPolicy=3
06-27 00:28:42.220 D/PowerManagerService( 1538): updateDisplayPowerStateLocked: displayReady=true, groupId=0, policy=BRIGHT, mWakefulness=Awake, mWakeLockSummary=0x1, mUserActivitySummary=0x1, mBootCompleted=true, screenBrightnessOverride=NaN, useAutoBrightness=false, mScreenBrightnessBoostInProgress=false, mIsVrModeEnabled= false, sQuiescent=false
06-27 00:28:42.220 D/PowerManagerNotifier( 1538): onWakeLockAcquired: flags=1, tag="SyncLoopWakeLock", packageName=android, ownerUid=1000, ownerPid=1538, workSource=null
06-27 00:28:42.223 D/PowerManagerService( 1538): releaseWakeLockInternal: lock=234049306 [SyncLoopWakeLock], flags=0x0
06-27 00:28:42.223 D/PowerManagerNotifier( 1538): onWakeLockReleased: flags=1, tag="SyncLoopWakeLock", packageName=android, ownerUid=1000, ownerPid=1538, workSource=null
06-27 00:28:42.223 D/PowerManagerService( 1538): updateWakeLockSummaryLocked: mWakefulness=Awake, mWakeLockSummary=0x1
06-27 00:28:42.223 D/PowerManagerService( 1538): updateUserActivitySummaryLocked: groupId=0, mWakefulness=Awake, mUserActivitySummary=0x1, nextTimeout=129679 (in 59885 ms)
06-27 00:28:42.223 D/PowerManagerNotifier( 1538): onScreenPolicyUpdate: newPolicy=3
06-27 00:28:42.224 D/PowerManagerService( 1538): updateDisplayPowerStateLocked: displayReady=true, groupId=0, policy=BRIGHT, mWakefulness=Awake, mWakeLockSummary=0x1, mUserActivitySummary=0x1, mBootCompleted=true, screenBrightnessOverride=NaN, useAutoBrightness=false, mScreenBrightnessBoostInProgress=false, mIsVrModeEnabled= false, sQuiescent=false
06-27 00:28:42.249 I/IndexDatabaseHelper( 6324): Using schema version: 120
06-27 00:28:42.250 W/IndexDatabaseHelper( 6324): Index needs to be rebuilt as build-version is not the same
06-27 00:28:42.257 W/SliceDataConverter( 5997): Get slice data from XML failed
06-27 00:28:42.257 W/SliceDataConverter( 5997): java.lang.IllegalStateException: Invalid preference controller: com.android.settings.development.Prefer5GNetworkSummaryController
06-27 00:28:42.257 W/SliceDataConverter( 5997): at com.android.settings.core.BasePreferenceController.createInstance(BasePreferenceController.java:144)
06-27 00:28:42.257 W/SliceDataConverter( 5997): at com.android.settings.slices.SliceBuilderUtils.getPreferenceController(SliceBuilderUtils.java:365)
06-27 00:28:42.257 W/SliceDataConverter( 5997): at com.android.settings.slices.SliceDataConverter.getSliceDataFromXML(SliceDataConverter.java:203)
06-27 00:28:42.257 W/SliceDataConverter( 5997): at com.android.settings.slices.SliceDataConverter.getSliceDataFromProvider(SliceDataConverter.java:148)
06-27 00:28:42.257 W/SliceDataConverter( 5997): at com.android.settings.slices.SliceDataConverter.getSliceData(SliceDataConverter.java:118)
06-27 00:28:42.257 W/SliceDataConverter( 5997): at com.android.settings.slices.SlicesIndexer.getSliceData(SlicesIndexer.java:94)
06-27 00:28:42.257 W/SliceDataConverter( 5997): at com.android.settings.slices.SlicesIndexer.indexSliceData(SlicesIndexer.java:75)
06-27 00:28:42.257 W/SliceDataConverter( 5997): at com.android.settings.slices.SlicesIndexer.run(SlicesIndexer.java:56)
06-27 00:28:42.257 W/SliceDataConverter( 5997): at java.util.concurrent.Executors$RunnableAdapter.call(Executors.java:462)
06-27 00:28:42.257 W/SliceDataConverter( 5997): at java.util.concurrent.FutureTask.run(FutureTask.java:266)
06-27 00:28:42.257 W/SliceDataConverter( 5997): at java.util.concurrent.ThreadPoolExecutor.runWorker(ThreadPoolExecutor.java:1167)
06-27 00:28:42.257 W/SliceDataConverter( 5997): at java.util.concurrent.ThreadPoolExecutor$Worker.run(ThreadPoolExecutor.java:641)
06-27 00:28:42.257 W/SliceDataConverter( 5997): at java.lang.Thread.run(Thread.java:920)
06-27 00:28:42.257 W/SliceDataConverter( 5997): Caused by: java.lang.NoSuchMethodException: com.android.settings.development.Prefer5GNetworkSummaryController. [class android.content.Context, class java.lang.String]
06-27 00:28:42.257 W/SliceDataConverter( 5997): at java.lang.Class.getConstructor0(Class.java:2363)
06-27 00:28:42.257 W/SliceDataConverter( 5997): at java.lang.Class.getConstructor(Class.java:1759)
06-27 00:28:42.257 W/SliceDataConverter( 5997): at com.android.settings.core.BasePreferenceController.createInstance(BasePreferenceController.java:139)
06-27 00:28:42.257 W/SliceDataConverter( 5997): ... 12 more
06-27 00:28:42.275 V/MediaRouter( 5997): Selecting route: RouteInfo{ name=平板电脑, description=null, status=null, category=RouteCategory{ name=系统 types=ROUTE_TYPE_LIVE_AUDIO ROUTE_TYPE_LIVE_VIDEO groupable=false }, supportedTypes=ROUTE_TYPE_LIVE_AUDIO ROUTE_TYPE_LIVE_VIDEO , presentationDisplay=null }
06-27 00:28:42.275 I/MediaRouter( 5997): Skip setBluetoothA2dpOn(): types=8388615, isPlaybackActive()=false, BT route=null
06-27 00:28:42.279 D/PowerManagerService( 1538): acquireWakeLockInternal: lock=103813640, flags=0x1, tag="i", ws=null, uid=10111, pid=3366
06-27 00:28:42.279 D/BluetoothHeadset( 5997): Proxy object connected
06-27 00:28:42.279 D/PowerManagerService( 1538): updateWakeLockSummaryLocked: mWakefulness=Awake, mWakeLockSummary=0x1
06-27 00:28:42.279 D/PowerManagerService( 1538): updateUserActivitySummaryLocked: groupId=0, mWakefulness=Awake, mUserActivitySummary=0x1, nextTimeout=129679 (in 59829 ms)
06-27 00:28:42.279 D/PowerManagerNotifier( 1538): onScreenPolicyUpdate: newPolicy=3
06-27 00:28:42.280 D/PowerManagerService( 1538): updateDisplayPowerStateLocked: displayReady=true, groupId=0, policy=BRIGHT, mWakefulness=Awake, mWakeLockSummary=0x1, mUserActivitySummary=0x1, mBootCompleted=true, screenBrightnessOverride=NaN, useAutoBrightness=false, mScreenBrightnessBoostInProgress=false, mIsVrModeEnabled= false, sQuiescent=false
06-27 00:28:42.280 D/PowerManagerNotifier( 1538): onWakeLockAcquired: flags=1, tag="i", packageName=com.tencent.android.qqdownloader, ownerUid=10111, ownerPid=3366, workSource=null
06-27 00:28:42.280 D/BluetoothDatabase( 1915): getBondedDevicesOrdered: Invalid address for device LocalStorage
06-27 00:28:42.281 I/mpu_uart( 653): [MSG-P:RECV]:No message received in 1000 ms
06-27 00:28:42.282 D/BluetoothPbapService( 1915): getConnectionState: 5C:FB:7C:39:04:0D
06-27 00:28:42.282 D/AssistGesture( 5997): mAssistOnly:false, isSupported:false, isSensorAvailable:false
06-27 00:28:42.282 D/AssistGesture( 5997): mAssistOnly:false, isSupported:false, isSensorAvailable:false
06-27 00:28:42.284 D/HearingAidService( 1915): getActiveDevices
06-27 00:28:42.290 I/IndexDatabaseHelper( 6324): Bootstrapped database
06-27 00:28:42.290 W/hpplay-java( 2994): [AsyncTask #13]:HttpRequest:java.net.ConnectException: Failed to connect to /120.78.185.110:9779
06-27 00:28:42.290 W/hpplay-java( 2994): at com.android.okhttp.internal.io.RealConnection.connectSocket(RealConnection.java:147)
06-27 00:28:42.290 W/hpplay-java( 2994): at com.android.okhttp.internal.io.RealConnection.connect(RealConnection.java:116)
06-27 00:28:42.290 W/hpplay-java( 2994): at com.android.okhttp.internal.http.StreamAllocation.findConnection(StreamAllocation.java:186)
06-27 00:28:42.290 W/hpplay-java( 2994): at com.android.okhttp.internal.http.StreamAllocation.findHealthyConnection(StreamAllocation.java:128)
06-27 00:28:42.290 W/hpplay-java( 2994): at com.android.okhttp.internal.http.StreamAllocation.newStream(StreamAllocation.java:97)
06-27 00:28:42.290 W/hpplay-java( 2994): at com.android.okhttp.internal.http.HttpEngine.connect(HttpEngine.java:289)
06-27 00:28:42.290 W/hpplay-java( 2994): at com.android.okhttp.internal.http.HttpEngine.sendRequest(HttpEngine.java:232)
06-27 00:28:42.290 W/hpplay-java( 2994): at com.android.okhttp.internal.huc.HttpURLConnectionImpl.execute(HttpURLConnectionImpl.java:465)
06-27 00:28:42.290 W/hpplay-java( 2994): at com.android.okhttp.internal.huc.HttpURLConnectionImpl.connect(HttpURLConnectionImpl.java:131)
06-27 00:28:42.290 W/hpplay-java( 2994): at com.hpplay.common.asyncmanager.HttpRequest.doGet(SourceFile:18)
06-27 00:28:42.290 W/hpplay-java( 2994): at com.hpplay.common.asyncmanager.AsyncHttpJob.doInBackground(SourceFile:5)
06-27 00:28:42.290 W/hpplay-java( 2994): at android.os.AsyncTask$3.call(AsyncTask.java:394)
06-27 00:28:42.290 W/hpplay-java( 2994): at java.util.concurrent.FutureTask.run(FutureTask.java:266)
06-27 00:28:42.290 W/hpplay-java( 2994): at java.util.concurrent.ThreadPoolExecutor.runWorker(ThreadPoolExecutor.java:1167)
06-27 00:28:42.290 W/hpplay-java( 2994): at java.util.concurrent.ThreadPoolExecutor$Worker.run(ThreadPoolExecutor.java:641)
06-27 00:28:42.290 W/hpplay-java( 2994): at java.lang.Thread.run(Thread.java:920)
06-27 00:28:42.292 I/mpu_uart( 653): [MSG-P:R]:recv sync frame timeout
06-27 00:28:42.295 W/SliceDataConverter( 5997): Get slice data from XML failed
06-27 00:28:42.295 W/SliceDataConverter( 5997): java.lang.IllegalStateException: Invalid preference controller: com.android.settings.network.TopLevelNetworkEntryPreferenceController
06-27 00:28:42.295 W/SliceDataConverter( 5997): at com.android.settings.core.BasePreferenceController.createInstance(BasePreferenceController.java:144)
06-27 00:28:42.295 W/SliceDataConverter( 5997): at com.android.settings.slices.SliceBuilderUtils.getPreferenceController(SliceBuilderUtils.java:365)
06-27 00:28:42.295 W/SliceDataConverter( 5997): at com.android.settings.slices.SliceDataConverter.getSliceDataFromXML(SliceDataConverter.java:203)
06-27 00:28:42.295 W/SliceDataConverter( 5997): at com.android.settings.slices.SliceDataConverter.getSliceDataFromProvider(SliceDataConverter.java:148)
06-27 00:28:42.295 W/SliceDataConverter( 5997): at com.android.settings.slices.SliceDataConverter.getSliceData(SliceDataConverter.java:118)
06-27 00:28:42.295 W/SliceDataConverter( 5997): at com.android.settings.slices.SlicesIndexer.getSliceData(SlicesIndexer.java:94)
06-27 00:28:42.295 W/SliceDataConverter( 5997): at com.android.settings.slices.SlicesIndexer.indexSliceData(SlicesIndexer.java:75)
06-27 00:28:42.295 W/SliceDataConverter( 5997): at com.android.settings.slices.SlicesIndexer.run(SlicesIndexer.java:56)
06-27 00:28:42.295 W/SliceDataConverter( 5997): at java.util.concurrent.Executors$RunnableAdapter.call(Executors.java:462)
06-27 00:28:42.295 W/SliceDataConverter( 5997): at java.util.concurrent.FutureTask.run(FutureTask.java:266)
06-27 00:28:42.295 W/SliceDataConverter( 5997): at java.util.concurrent.ThreadPoolExecutor.runWorker(ThreadPoolExecutor.java:1167)
06-27 00:28:42.295 W/SliceDataConverter( 5997): at java.util.concurrent.ThreadPoolExecutor$Worker.run(ThreadPoolExecutor.java:641)
06-27 00:28:42.295 W/SliceDataConverter( 5997): at java.lang.Thread.run(Thread.java:920)
06-27 00:28:42.295 W/SliceDataConverter( 5997): Caused by: java.lang.reflect.InvocationTargetException
06-27 00:28:42.295 W/SliceDataConverter( 5997): at java.lang.reflect.Constructor.newInstance0(Native Method)
06-27 00:28:42.295 W/SliceDataConverter( 5997): at java.lang.reflect.Constructor.newInstance(Constructor.java:343)
06-27 00:28:42.295 W/SliceDataConverter( 5997): at com.android.settings.core.BasePreferenceController.createInstance(BasePreferenceController.java:141)
06-27 00:28:42.295 W/SliceDataConverter( 5997): ... 12 more
06-27 00:28:42.295 W/SliceDataConverter( 5997): Caused by: java.lang.RuntimeException: Can't create handler inside thread Thread[pool-2-thread-3,5,main] that has not called Looper.prepare()
06-27 00:28:42.295 W/SliceDataConverter( 5997): at android.os.Handler.(Handler.java:227)
06-27 00:28:42.295 W/SliceDataConverter( 5997): at android.os.Handler.(Handler.java:129)
06-27 00:28:42.295 W/SliceDataConverter( 5997): at android.telephony.SubscriptionManager$OnSubscriptionsChangedListener$OnSubscriptionsChangedListenerHandler.(SubscriptionManager.java:1143)
06-27 00:28:42.295 W/SliceDataConverter( 5997): at android.telephony.SubscriptionManager$OnSubscriptionsChangedListener.(SubscriptionManager.java:1166)
06-27 00:28:42.295 W/SliceDataConverter( 5997): at com.android.settings.network.MobileNetworkPreferenceController$2.(MobileNetworkPreferenceController.java:169)
06-27 00:28:42.295 W/SliceDataConverter( 5997): at com.android.settings.network.MobileNetworkPreferenceController.(MobileNetworkPreferenceController.java:168)
06-27 00:28:42.295 W/SliceDataConverter( 5997): at com.android.settings.network.TopLevelNetworkEntryPreferenceController.(TopLevelNetworkEntryPreferenceController.java:33)
06-27 00:28:42.295 W/SliceDataConverter( 5997): ... 15 more
06-27 00:28:42.297 I/IndexDatabaseHelper( 6324): Bootstrapped database
06-27 00:28:42.303 D/CompatibilityChangeReporter( 5997): Compat change id reported: 170233598; UID 1000; state: DISABLED
06-27 00:28:42.305 D/AssistGesture( 5997): mAssistOnly:false, isSupported:false, isSensorAvailable:false
06-27 00:28:42.305 D/AssistGesture( 5997): mAssistOnly:false, isSupported:false, isSensorAvailable:false
06-27 00:28:42.308 D/CompatibilityChangeReporter( 1538): Compat change id reported: 158482162; UID 1000; state: ENABLED
06-27 00:28:42.309 D/CompatibilityChangeReporter( 1538): Compat change id reported: 158482162; UID 1000; state: DISABLED
06-27 00:28:42.312 D/PrefCtrlListHelper( 5997): Could not find Context-only controller for pref: com.android.settings.slices.SlicePreferenceController
06-27 00:28:42.312 D/PrefCtrlListHelper( 5997): Could not find Context-only controller for pref: com.android.settings.connecteddevice.AddDevicePreferenceController
06-27 00:28:42.312 D/PrefCtrlListHelper( 5997): Could not find Context-only controller for pref: com.android.settings.connecteddevice.PreviouslyConnectedDevicePreferenceController
06-27 00:28:42.312 D/PrefCtrlListHelper( 5997): Could not find Context-only controller for pref: com.android.settings.connecteddevice.GroupPreviouslyConnectedDevicePreferenceController
06-27 00:28:42.312 D/PrefCtrlListHelper( 5997): Could not find Context-only controller for pref: com.android.settings.connecteddevice.AdvancedConnectedDeviceController
06-27 00:28:42.312 D/PrefCtrlListHelper( 5997): Could not find Context-only controller for pref: com.android.settings.connecteddevice.DiscoverableFooterPreferenceController
06-27 00:28:42.314 D/PrefCtrlListHelper( 5997): Could not find Context-only controller for pref: com.android.settings.development.transcode.TranscodeUserControlPreferenceController
06-27 00:28:42.314 D/PrefCtrlListHelper( 5997): Could not find Context-only controller for pref: com.android.settings.development.transcode.TranscodeGlobalTogglePreferenceController
06-27 00:28:42.314 D/PrefCtrlListHelper( 5997): Could not find Context-only controller for pref: com.android.settings.development.transcode.TranscodeDefaultOptionPreferenceController
06-27 00:28:42.314 D/PrefCtrlListHelper( 5997): Could not find Context-only controller for pref: com.android.settings.development.transcode.TranscodeNotificationPreferenceController
06-27 00:28:42.314 D/PrefCtrlListHelper( 5997): Could not find Context-only controller for pref: com.android.settings.development.transcode.TranscodeDisableCachePreferenceController
06-27 00:28:42.314 V/SettingsSearchProvider( 5997): com.android.settings.development.transcode.TranscodeSettingsFragment$1@e61c5e tried to add an empty non-indexable key
06-27 00:28:42.316 D/PrefCtrlListHelper( 5997): Could not find Context-only controller for pref: com.android.settings.language.UserDictionaryPreferenceController
06-27 00:28:42.316 D/PrefCtrlListHelper( 5997): Could not find Context-only controller for pref: com.android.settings.inputmethod.GameControllerPreferenceController
06-27 00:28:42.316 D/PrefCtrlListHelper( 5997): Could not find Context-only controller for pref: com.android.settings.inputmethod.VirtualKeyboardForWorkPreferenceController
06-27 00:28:42.316 D/PrefCtrlListHelper( 5997): Could not find Context-only controller for pref: com.android.settings.core.WorkPreferenceController
06-27 00:28:42.316 D/PrefCtrlListHelper( 5997): Could not find Context-only controller for pref: com.android.settings.inputmethod.SpellCheckerForWorkPreferenceController
06-27 00:28:42.317 W/SettingsPrefController( 5997): Skipping updateNonIndexableKeys, key already in list. com.android.settings.language.TtsPreferenceController@5ca5f8
06-27 00:28:42.320 D/PrefCtrlListHelper( 5997): Could not find Context-only controller for pref: com.android.settings.gestures.PickupGesturePreferenceController
06-27 00:28:42.321 D/PrefCtrlListHelper( 5997): Could not find Context-only controller for pref: com.android.settings.privacy.WorkPolicyInfoPreferenceController
06-27 00:28:42.321 D/PrefCtrlListHelper( 5997): Could not find Context-only controller for pref: com.android.settings.applications.specialaccess.interactacrossprofiles.InteractAcrossProfilesController
06-27 00:28:42.321 D/PrefCtrlListHelper( 5997): Could not find Context-only controller for pref: com.android.settings.privacy.AccessibilityUsagePreferenceController
06-27 00:28:42.322 D/PrefCtrlListHelper( 5997): Could not find Context-only controller for pref: com.android.settings.privacy.PrivacyHubPreferenceController
06-27 00:28:42.322 D/PrefCtrlListHelper( 5997): Could not find Context-only controller for pref: com.android.settings.privacy.PrivacyManagePermsPreferenceController
06-27 00:28:42.322 D/PrefCtrlListHelper( 5997): Could not find Context-only controller for pref: com.android.settings.privacy.CameraToggleController
06-27 00:28:42.322 D/PrefCtrlListHelper( 5997): Could not find Context-only controller for pref: com.android.settings.privacy.MicToggleController
06-27 00:28:42.322 D/PrefCtrlListHelper( 5997): Could not find Context-only controller for pref: com.android.settings.privacy.EnableContentCapturePreferenceController
06-27 00:28:42.322 D/PrefCtrlListHelper( 5997): Could not find Context-only controller for pref: com.android.settings.privacy.EnableContentCaptureWithServiceSettingsPreferenceController
06-27 00:28:42.322 D/PrefCtrlListHelper( 5997): Could not find Context-only controller for pref: com.android.settings.privacy.ShowClipAccessNotificationPreferenceController
06-27 00:28:42.322 W/PrefCtrlListHelper( 5997): Cannot instantiate controller from reflection: com.android.settings.privacy.ShowClipAccessNotificationPreferenceController
06-27 00:28:42.322 W/PrefControllerMixin( 5997): Skipping updateNonIndexableKeys due to empty key com.android.settings.notification.LockScreenNotificationPreferenceController@680590e
06-27 00:28:42.323 W/SettingsPrefController( 5997): Skipping updateNonIndexableKeys, key already in list. com.android.settings.applications.specialaccess.interactacrossprofiles.InteractAcrossProfilesController@e9c5f2f
06-27 00:28:42.323 E/SettingsSearchProvider( 5997): Error trying to get non-indexable keys from: com.android.settings.privacy.PrivacyDashboardFragment
06-27 00:28:42.323 E/SettingsSearchProvider( 5997): java.lang.SecurityException: Permission denial: reading from settings requires:android.permission.READ_DEVICE_CONFIG
06-27 00:28:42.323 E/SettingsSearchProvider( 5997): at android.provider.DeviceConfig.enforceReadPermission(DeviceConfig.java:1046)
06-27 00:28:42.323 E/SettingsSearchProvider( 5997): at android.provider.Settings$NameValueCache.getStringsForPrefix(Settings.java:3095)
06-27 00:28:42.323 E/SettingsSearchProvider( 5997): at android.provider.Settings$Config.getStrings(Settings.java:16341)
06-27 00:28:42.323 E/SettingsSearchProvider( 5997): at android.provider.DeviceConfig.getProperties(DeviceConfig.java:661)
06-27 00:28:42.323 E/SettingsSearchProvider( 5997): at android.provider.DeviceConfig.getProperty(DeviceConfig.java:633)
06-27 00:28:42.323 E/SettingsSearchProvider( 5997): at android.provider.DeviceConfig.getBoolean(DeviceConfig.java:696)
06-27 00:28:42.323 E/SettingsSearchProvider( 5997): at com.android.settings.privacy.PrivacyHubPreferenceController.getAvailabilityStatus(PrivacyHubPreferenceController.java:52)
06-27 00:28:42.323 E/SettingsSearchProvider( 5997): at com.android.settings.core.BasePreferenceController.isAvailable(BasePreferenceController.java:257)
06-27 00:28:42.323 E/SettingsSearchProvider( 5997): at com.android.settings.core.BasePreferenceController.updateNonIndexableKeys(BasePreferenceController.java:303)
06-27 00:28:42.323 E/SettingsSearchProvider( 5997): at com.android.settings.search.BaseSearchIndexProvider.getNonIndexableKeys(BaseSearchIndexProvider.java:121)
06-27 00:28:42.323 E/SettingsSearchProvider( 5997): at com.android.settings.search.SettingsSearchIndexablesProvider.getNonIndexableKeysFromProvider(SettingsSearchIndexablesProvider.java:284)
06-27 00:28:42.323 E/SettingsSearchProvider( 5997): at com.android.settings.search.SettingsSearchIndexablesProvider.queryNonIndexableKeys(SettingsSearchIndexablesProvider.java:157)
06-27 00:28:42.323 E/SettingsSearchProvider( 5997): at android.provider.SearchIndexablesProvider.query(SearchIndexablesProvider.java:127)
06-27 00:28:42.323 E/SettingsSearchProvider( 5997): at android.content.ContentProvider.query(ContentProvider.java:1408)
06-27 00:28:42.323 E/SettingsSearchProvider( 5997): at android.content.ContentProvider.query(ContentProvider.java:1504)
06-27 00:28:42.323 E/SettingsSearchProvider( 5997): at android.content.ContentProvider$Transport.query(ContentProvider.java:272)
06-27 00:28:42.323 E/SettingsSearchProvider( 5997): at android.content.ContentProviderNative.onTransact(ContentProviderNative.java:107)
06-27 00:28:42.323 E/SettingsSearchProvider( 5997): at android.os.Binder.execTransactInternal(Binder.java:1179)
06-27 00:28:42.323 E/SettingsSearchProvider( 5997): at android.os.Binder.execTransact(Binder.java:1143)
06-27 00:28:42.323 V/SettingsSearchProvider( 5997): com.android.settings.biometrics.combination.CombinedBiometricSearchIndexProvider@f19bf4b tried to add an empty non-indexable key
06-27 00:28:42.324 D/PrefCtrlListHelper( 5997): Could not find Context-only controller for pref: com.android.settings.display.AutoRotatePreferenceController
06-27 00:28:42.325 D/PrefCtrlListHelper( 5997): Could not find Context-only controller for pref: com.android.settings.display.SmartAutoRotatePermissionController
06-27 00:28:42.325 D/PrefCtrlListHelper( 5997): Could not find Context-only controller for pref: com.android.settings.display.SmartAutoRotateCameraStateController
06-27 00:28:42.325 D/PrefCtrlListHelper( 5997): Could not find Context-only controller for pref: com.android.settings.display.SmartAutoRotateBatterySaverController
06-27 00:28:42.325 D/PrefCtrlListHelper( 5997): Could not find Context-only controller for pref: com.android.settings.display.SmartAutoRotateController
06-27 00:28:42.326 V/SettingsSearchProvider( 5997): com.android.settings.search.BaseSearchIndexProvider@bc543d4 tried to add an empty non-indexable key
06-27 00:28:42.326 D/PrefCtrlListHelper( 5997): Could not find Context-only controller for pref: com.android.settings.applications.managedomainurls.WebActionCategoryController
06-27 00:28:42.326 D/PrefCtrlListHelper( 5997): Could not find Context-only controller for pref: com.android.settings.applications.managedomainurls.InstantAppWebActionPreferenceController
06-27 00:28:42.327 D/PrefCtrlListHelper( 5997): Could not find Context-only controller for pref: com.android.settings.applications.managedomainurls.InstantAppAccountPreferenceController
06-27 00:28:42.327 D/PrefCtrlListHelper( 5997): Could not find Context-only controller for pref: com.android.settings.applications.managedomainurls.DomainAppPreferenceController
06-27 00:28:42.327 D/PrefCtrlListHelper( 5997): Could not find Context-only controller for pref: com.android.settings.display.AutoBrightnessDetailPreferenceController
06-27 00:28:42.328 D/PrefCtrlListHelper( 5997): Could not find Context-only controller for pref: com.android.settings.applications.specialaccess.deviceadmin.DeviceAdminListPreferenceController
06-27 00:28:42.335 D/ForcePeakRefreshRateCtr( 5997): DEFAULT_REFRESH_RATE : 60.0 mPeakRefreshRate : 60.0
06-27 00:28:42.341 D/ActivityChangeReceiver( 2649): onReceive
06-27 00:28:42.341 D/MCUUtil ( 2649): saveLastActivity activityName=com.android.settings.intelligence.search.SearchActivity packageName=com.android.settings.intelligence
06-27 00:28:42.342 D/PrefCtrlListHelper( 5997): Could not find Context-only controller for pref: com.android.settings.development.Prefer5GNetworkSummaryController
06-27 00:28:42.342 W/PrefCtrlListHelper( 5997): Cannot instantiate controller from reflection: com.android.settings.development.Prefer5GNetworkSummaryController
06-27 00:28:42.342 D/PrefCtrlListHelper( 5997): Could not find Context-only controller for pref: com.android.settings.notification.ImportanceResetPreferenceController
06-27 00:28:42.342 D/PrefCtrlListHelper( 5997): Could not find Context-only controller for pref: com.android.settings.location.LocationIndicatorsPreferenceController
06-27 00:28:42.343 E/BaseSearchIndex( 5997): com.android.settings.development.PreferVonrController must implement com.android.settings.core.PreferenceControllerMixin treating the key non-indexable
06-27 00:28:42.344 E/BaseSearchIndex( 5997): com.android.settings.development.AdbAuthorizationTimeoutPreferenceController must implement com.android.settings.core.PreferenceControllerMixin treating the key non-indexable
06-27 00:28:42.345 I/hwservicemanager( 514): getTransport: Cannot find entry android.hardware.dumpstate@1.1::IDumpstateDevice/default in either framework or device VINTF manifest.
06-27 00:28:42.345 I/hwservicemanager( 514): getTransport: Cannot find entry android.hardware.dumpstate@1.0::IDumpstateDevice/default in either framework or device VINTF manifest.
06-27 00:28:42.346 W/ActivityManager( 1538): unable to read freezer info
06-27 00:28:42.346 E/BaseSearchIndex( 5997): com.android.settings.development.DefaultUsbConfigurationPreferenceController must implement com.android.settings.core.PreferenceControllerMixin treating the key non-indexable
06-27 00:28:42.346 E/SettingsSearchProvider( 5997): Error trying to get non-indexable keys from: com.android.settings.development.DevelopmentSettingsDashboardFragment
06-27 00:28:42.346 E/SettingsSearchProvider( 5997): java.lang.SecurityException: Permission denial: reading from settings requires:android.permission.READ_DEVICE_CONFIG
06-27 00:28:42.346 E/SettingsSearchProvider( 5997): at android.provider.DeviceConfig.enforceReadPermission(DeviceConfig.java:1046)
06-27 00:28:42.346 E/SettingsSearchProvider( 5997): at android.provider.Settings$NameValueCache.getStringsForPrefix(Settings.java:3095)
06-27 00:28:42.346 E/SettingsSearchProvider( 5997): at android.provider.Settings$Config.getStrings(Settings.java:16341)
06-27 00:28:42.346 E/SettingsSearchProvider( 5997): at android.provider.DeviceConfig.getProperties(DeviceConfig.java:661)
06-27 00:28:42.346 E/SettingsSearchProvider( 5997): at android.provider.DeviceConfig.getProperty(DeviceConfig.java:633)
06-27 00:28:42.346 E/SettingsSearchProvider( 5997): at android.provider.DeviceConfig.getBoolean(DeviceConfig.java:696)
06-27 00:28:42.346 E/SettingsSearchProvider( 5997): at com.android.settings.location.LocationIndicatorsPreferenceController.getAvailabilityStatus(LocationIndicatorsPreferenceController.java:48)
06-27 00:28:42.346 E/SettingsSearchProvider( 5997): at com.android.settings.core.BasePreferenceController.isAvailable(BasePreferenceController.java:257)
06-27 00:28:42.346 E/SettingsSearchProvider( 5997): at com.android.settings.core.BasePreferenceController.updateNonIndexableKeys(BasePreferenceController.java:303)
06-27 00:28:42.346 E/SettingsSearchProvider( 5997): at com.android.settings.search.BaseSearchIndexProvider.getNonIndexableKeys(BaseSearchIndexProvider.java:121)
06-27 00:28:42.346 E/SettingsSearchProvider( 5997): at com.android.settings.search.SettingsSearchIndexablesProvider.getNonIndexableKeysFromProvider(SettingsSearchIndexablesProvider.java:284)
06-27 00:28:42.346 E/SettingsSearchProvider( 5997): at com.android.settings.search.SettingsSearchIndexablesProvider.queryNonIndexableKeys(SettingsSearchIndexablesProvider.java:157)
06-27 00:28:42.346 E/SettingsSearchProvider( 5997): at android.provider.SearchIndexablesProvider.query(SearchIndexablesProvider.java:127)
06-27 00:28:42.346 E/SettingsSearchProvider( 5997): at android.content.ContentProvider.query(ContentProvider.java:1408)
06-27 00:28:42.346 E/SettingsSearchProvider( 5997): at android.content.ContentProvider.query(ContentProvider.java:1504)
06-27 00:28:42.346 E/SettingsSearchProvider( 5997): at android.content.ContentProvider$Transport.query(ContentProvider.java:272)
06-27 00:28:42.346 E/SettingsSearchProvider( 5997): at android.content.ContentProviderNative.onTransact(ContentProviderNative.java:107)
06-27 00:28:42.346 E/SettingsSearchProvider( 5997): at android.os.Binder.execTransactInternal(Binder.java:1179)
06-27 00:28:42.346 E/SettingsSearchProvider( 5997): at android.os.Binder.execTransact(Binder.java:1143)
06-27 00:28:42.347 V/SettingsSearchProvider( 5997): com.android.settings.datausage.DataSaverSummary$1@bd113b tried to add an empty non-indexable key
06-27 00:28:42.348 I/[ 69.916990] binder( 0): 1538:2061 ioctl c00c620f 7a3aa8fef8 returned -22
06-27 00:28:42.348 D/PrefCtrlListHelper( 5997): Could not find Context-only controller for pref: com.android.settings.applications.DefaultAppsPreferenceController
06-27 00:28:42.348 D/PrefCtrlListHelper( 5997): Could not find Context-only controller for pref: com.android.settings.applications.GameSettingsPreferenceController
06-27 00:28:42.348 D/PrefCtrlListHelper( 5997): Could not find Context-only controller for pref: com.android.settings.applications.HibernatedAppsPreferenceController
06-27 00:28:42.348 D/PrefCtrlListHelper( 5997): Could not find Context-only controller for pref: com.android.settings.applications.SpecialAppAccessPreferenceController
06-27 00:28:42.348 W/SettingsPrefController( 5997): Skipping updateNonIndexableKeys, key already in list. com.android.settings.applications.AppsPreferenceController@b1ba5b1
06-27 00:28:42.348 E/SettingsSearchProvider( 5997): Error trying to get non-indexable keys from: com.android.settings.applications.AppDashboardFragment
06-27 00:28:42.348 E/SettingsSearchProvider( 5997): java.lang.SecurityException: Permission denial: reading from settings requires:android.permission.READ_DEVICE_CONFIG
06-27 00:28:42.348 E/SettingsSearchProvider( 5997): at android.provider.DeviceConfig.enforceReadPermission(DeviceConfig.java:1046)
06-27 00:28:42.348 E/SettingsSearchProvider( 5997): at android.provider.Settings$NameValueCache.getStringsForPrefix(Settings.java:3095)
06-27 00:28:42.348 E/SettingsSearchProvider( 5997): at android.provider.Settings$Config.getStrings(Settings.java:16341)
06-27 00:28:42.348 E/SettingsSearchProvider( 5997): at android.provider.DeviceConfig.getProperties(DeviceConfig.java:661)
06-27 00:28:42.348 E/SettingsSearchProvider( 5997): at android.provider.DeviceConfig.getProperty(DeviceConfig.java:633)
06-27 00:28:42.348 E/SettingsSearchProvider( 5997): at android.provider.DeviceConfig.getBoolean(DeviceConfig.java:696)
06-27 00:28:42.348 E/SettingsSearchProvider( 5997): at com.android.settings.applications.HibernatedAppsPreferenceController.isHibernationEnabled(HibernatedAppsPreferenceController.java:215)
06-27 00:28:42.348 E/SettingsSearchProvider( 5997): at com.android.settings.applications.HibernatedAppsPreferenceController.getAvailabilityStatus(HibernatedAppsPreferenceController.java:90)
06-27 00:28:42.348 E/SettingsSearchProvider( 5997): at com.android.settings.core.BasePreferenceController.isAvailable(BasePreferenceController.java:257)
06-27 00:28:42.348 E/SettingsSearchProvider( 5997): at com.android.settings.core.BasePreferenceController.updateNonIndexableKeys(BasePreferenceController.java:303)
06-27 00:28:42.348 E/SettingsSearchProvider( 5997): at com.android.settings.search.BaseSearchIndexProvider.getNonIndexableKeys(BaseSearchIndexProvider.java:121)
06-27 00:28:42.348 E/SettingsSearchProvider( 5997): at com.android.settings.search.SettingsSearchIndexablesProvider.getNonIndexableKeysFromProvider(SettingsSearchIndexablesProvider.java:284)
06-27 00:28:42.348 E/SettingsSearchProvider( 5997): at com.android.settings.search.SettingsSearchIndexablesProvider.queryNonIndexableKeys(SettingsSearchIndexablesProvider.java:157)
06-27 00:28:42.348 E/SettingsSearchProvider( 5997): at android.provider.SearchIndexablesProvider.query(SearchIndexablesProvider.java:127)
06-27 00:28:42.348 E/SettingsSearchProvider( 5997): at android.content.ContentProvider.query(ContentProvider.java:1408)
06-27 00:28:42.348 E/SettingsSearchProvider( 5997): at android.content.ContentProvider.query(ContentProvider.java:1504)
06-27 00:28:42.348 E/SettingsSearchProvider( 5997): at android.content.ContentProvider$Transport.query(ContentProvider.java:272)
06-27 00:28:42.348 E/SettingsSearchProvider( 5997): at android.content.ContentProviderNative.onTransact(ContentProviderNative.java:107)
06-27 00:28:42.348 E/SettingsSearchProvider( 5997): at android.os.Binder.execTransactInternal(Binder.java:1179)
06-27 00:28:42.348 E/SettingsSearchProvider( 5997): at android.os.Binder.execTransact(Binder.java:1143)
06-27 00:28:42.349 D/PowerManagerService( 1538): releaseWakeLockInternal: lock=103813640 [i], flags=0x0
06-27 00:28:42.349 D/PowerManagerNotifier( 1538): onWakeLockReleased: flags=1, tag="i", packageName=com.tencent.android.qqdownloader, ownerUid=10111, ownerPid=3366, workSource=null
06-27 00:28:42.349 D/PrefCtrlListHelper( 5997): Could not find Context-only controller for pref: com.android.settings.applications.specialaccess.vrlistener.VrListenerScreenPreferenceController
06-27 00:28:42.349 D/PowerManagerService( 1538): updateWakeLockSummaryLocked: mWakefulness=Awake, mWakeLockSummary=0x1
06-27 00:28:42.349 W/SettingsPrefController( 5997): Skipping updateNonIndexableKeys, key already in list. com.android.settings.applications.specialaccess.vrlistener.VrListenerScreenPreferenceController@6ab4a04
06-27 00:28:42.349 D/PowerManagerService( 1538): updateUserActivitySummaryLocked: groupId=0, mWakefulness=Awake, mUserActivitySummary=0x1, nextTimeout=129679 (in 59760 ms)
06-27 00:28:42.349 D/PowerManagerNotifier( 1538): onScreenPolicyUpdate: newPolicy=3
06-27 00:28:42.349 D/PowerManagerService( 1538): updateDisplayPowerStateLocked: displayReady=true, groupId=0, policy=BRIGHT, mWakefulness=Awake, mWakeLockSummary=0x1, mUserActivitySummary=0x1, mBootCompleted=true, screenBrightnessOverride=NaN, useAutoBrightness=false, mScreenBrightnessBoostInProgress=false, mIsVrModeEnabled= false, sQuiescent=false
06-27 00:28:42.350 I/TetheringManager( 5997): registerTetheringEventCallback:com.android.settings
06-27 00:28:42.351 D/PrefCtrlListHelper( 5997): Could not find Context-only controller for pref: com.android.settings.development.qstile.DevelopmentTilePreferenceController
06-27 00:28:42.352 D/PrefCtrlListHelper( 5997): Could not find Context-only controller for pref: com.android.settings.notification.BubbleNotificationPreferenceController
06-27 00:28:42.353 D/PrefCtrlListHelper( 5997): Could not find Context-only controller for pref: com.android.settings.datausage.UnrestrictedDataAccessPreferenceController
06-27 00:28:42.353 W/SettingsPrefController( 5997): Skipping updateNonIndexableKeys, key already in list. com.android.settings.datausage.UnrestrictedDataAccessPreferenceController@9d059e9
06-27 00:28:42.353 D/PrefCtrlListHelper( 5997): Could not find Context-only controller for pref: com.android.settings.location.RecentLocationAccessSeeAllPreferenceController
06-27 00:28:42.355 D/PrefCtrlListHelper( 5997): Could not find Context-only controller for pref: com.android.settings.notification.RemoteVolumeGroupController
06-27 00:28:42.356 D/BluetoothDatabase( 1915): getBondedDevicesOrdered: Invalid address for device LocalStorage
06-27 00:28:42.357 W/ServiceManager( 909): Permission failure: android.permission.ACCESS_SURFACE_FLINGER from uid=10062 pid=6324
06-27 00:28:42.357 D/PermissionCache( 909): checking android.permission.ACCESS_SURFACE_FLINGER for uid=10062 => denied (144 us)
06-27 00:28:42.357 D/BluetoothPbapService( 1915): getConnectionState: 5C:FB:7C:39:04:0D
06-27 00:28:42.357 W/ServiceManager( 909): Permission failure: android.permission.ROTATE_SURFACE_FLINGER from uid=10062 pid=6324
06-27 00:28:42.357 D/PermissionCache( 909): checking android.permission.ROTATE_SURFACE_FLINGER for uid=10062 => denied (93 us)
06-27 00:28:42.358 I/AdrenoGLES-0( 6324): QUALCOMM build : 47421dbee6, I139f36ad46
06-27 00:28:42.358 I/AdrenoGLES-0( 6324): Build Date : 02/18/22
06-27 00:28:42.358 I/AdrenoGLES-0( 6324): OpenGL ES Shader Compiler Version: EV031.32.02.17
06-27 00:28:42.358 I/AdrenoGLES-0( 6324): Local Branch :
06-27 00:28:42.358 I/AdrenoGLES-0( 6324): Remote Branch :
06-27 00:28:42.358 I/AdrenoGLES-0( 6324): Remote Branch :
06-27 00:28:42.358 I/AdrenoGLES-0( 6324): Reconstruct Branch :
06-27 00:28:42.358 I/AdrenoGLES-0( 6324): Build Config : S P 10.0.7 AArch64
06-27 00:28:42.358 I/AdrenoGLES-0( 6324): Driver Path : /vendor/lib64/egl/libGLESv2_adreno.so
06-27 00:28:42.358 I/hwservicemanager( 514): getTransport: Cannot find entry android.hardware.graphics.mapper@4.0::IMapper/default in either framework or device VINTF manifest.
06-27 00:28:42.358 D/HearingAidService( 1915): getActiveDevices
06-27 00:28:42.359 D/PrefCtrlListHelper( 5997): Could not find Context-only controller for pref: com.android.settings.sound.MediaOutputPreferenceController
06-27 00:28:42.359 D/PrefCtrlListHelper( 5997): Could not find Context-only controller for pref: com.android.settings.notification.CallVolumePreferenceController
06-27 00:28:42.359 D/PrefCtrlListHelper( 5997): Could not find Context-only controller for pref: com.android.settings.sound.HandsFreeProfileOutputPreferenceController
06-27 00:28:42.360 D/PrefCtrlListHelper( 5997): Could not find Context-only controller for pref: com.android.settings.notification.zen.ZenModePreferenceController
06-27 00:28:42.360 D/PrefCtrlListHelper( 5997): Could not find Context-only controller for pref: com.android.settings.sound.MediaControlsParentPreferenceController
06-27 00:28:42.360 D/PrefCtrlListHelper( 5997): Could not find Context-only controller for pref: com.android.settings.sound.VibrateForCallsPreferenceController
06-27 00:28:42.360 D/PrefCtrlListHelper( 5997): Could not find Context-only controller for pref: com.android.settings.gestures.PreventRingingParentPreferenceController
06-27 00:28:42.360 D/PrefCtrlListHelper( 5997): Could not find Context-only controller for pref: com.android.settings.notification.WorkSoundsPreferenceController
06-27 00:28:42.361 I/AdrenoGLES-0( 6324): PFP: 0x016dd093, ME: 0x00000000
06-27 00:28:42.362 D/PrefCtrlListHelper( 5997): Could not find Context-only controller for pref: com.android.settings.gestures.AssistGestureSettingsPreferenceController
06-27 00:28:42.363 D/AssistGesture( 5997): mAssistOnly:false, isSupported:false, isSensorAvailable:false
06-27 00:28:42.363 D/PrefCtrlListHelper( 5997): Could not find Context-only controller for pref: com.android.settings.gestures.SwipeToNotificationPreferenceController
06-27 00:28:42.363 D/PrefCtrlListHelper( 5997): Could not find Context-only controller for pref: com.android.settings.gestures.DoubleTwistPreferenceController
06-27 00:28:42.363 D/PrefCtrlListHelper( 5997): Could not find Context-only controller for pref: com.android.settings.gestures.SystemNavigationPreferenceController
06-27 00:28:42.363 D/PrefCtrlListHelper( 5997): Could not find Context-only controller for pref: com.android.settings.gestures.OneHandedEnablePreferenceController
06-27 00:28:42.363 D/PrefCtrlListHelper( 5997): Could not find Context-only controller for pref: com.android.settings.gestures.TapScreenGesturePreferenceController
06-27 00:28:42.363 D/PrefCtrlListHelper( 5997): Could not find Context-only controller for pref: com.android.settings.gestures.DoubleTapScreenPreferenceController
06-27 00:28:42.363 D/PrefCtrlListHelper( 5997): Could not find Context-only controller for pref: com.android.settings.gestures.PickupGesturePreferenceController
06-27 00:28:42.363 D/PrefCtrlListHelper( 5997): Could not find Context-only controller for pref: com.android.settings.gestures.PreventRingingParentPreferenceController
06-27 00:28:42.363 D/AssistGesture( 5997): mAssistOnly:false, isSupported:false, isSensorAvailable:false
06-27 00:28:42.363 W/SettingsPrefController( 5997): Skipping updateNonIndexableKeys, key already in list. com.android.settings.gestures.SwipeToNotificationPreferenceController@d22af88
06-27 00:28:42.363 W/SettingsPrefController( 5997): Skipping updateNonIndexableKeys, key already in list. com.android.settings.gestures.DoubleTwistPreferenceController@4705d21
06-27 00:28:42.364 W/SettingsPrefController( 5997): Skipping updateNonIndexableKeys, key already in list. com.android.settings.gestures.TapScreenGesturePreferenceController@8bde546
06-27 00:28:42.364 W/SettingsPrefController( 5997): Skipping updateNonIndexableKeys, key already in list. com.android.settings.gestures.DoubleTapScreenPreferenceController@eda2307
06-27 00:28:42.364 W/SettingsPrefController( 5997): Skipping updateNonIndexableKeys, key already in list. com.android.settings.gestures.PickupGesturePreferenceController@7f73c34
06-27 00:28:42.365 V/SettingsSearchProvider( 5997): com.android.settings.emergency.EmergencyGestureSettings$1@e6be8a3 tried to add an empty non-indexable key
06-27 00:28:42.366 D/libEGL ( 6324): MSAA-->msaa:0 gamemode:0 4x_msaa:0
06-27 00:28:42.366 D/libEGL ( 6324): MSAA-->msaa:0 gamemode:0 4x_msaa:0
06-27 00:28:42.366 D/PrefCtrlListHelper( 5997): Could not find Context-only controller for pref: com.android.settings.notification.ConversationListSummaryPreferenceController
06-27 00:28:42.366 D/libEGL ( 6324): MSAA-->msaa:0 gamemode:0 4x_msaa:0
06-27 00:28:42.366 D/PrefCtrlListHelper( 5997): Could not find Context-only controller for pref: com.android.settings.notification.BubbleSummaryNotificationPreferenceController
06-27 00:28:42.366 D/PrefCtrlListHelper( 5997): Could not find Context-only controller for pref: com.android.settings.applications.specialaccess.notificationaccess.NotificationAccessController
06-27 00:28:42.366 D/PrefCtrlListHelper( 5997): Could not find Context-only controller for pref: com.android.settings.notification.RedactNotificationPreferenceController
06-27 00:28:42.366 D/PrefCtrlListHelper( 5997): Could not find Context-only controller for pref: com.android.settings.biometrics.face.FaceSettingsLockscreenBypassPreferenceController
06-27 00:28:42.366 D/PrefCtrlListHelper( 5997): Could not find Context-only controller for pref: com.android.settings.notification.zen.ZenModePreferenceController
06-27 00:28:42.366 D/PrefCtrlListHelper( 5997): Could not find Context-only controller for pref: com.android.settings.notification.SnoozeNotificationPreferenceController
06-27 00:28:42.366 D/PrefCtrlListHelper( 5997): Could not find Context-only controller for pref: com.android.settings.notification.BadgingNotificationPreferenceController
06-27 00:28:42.366 D/PrefCtrlListHelper( 5997): Could not find Context-only controller for pref: com.android.settings.notification.PulseNotificationPreferenceController
06-27 00:28:42.367 W/SettingsPrefController( 5997): Skipping updateNonIndexableKeys, key already in list. com.android.settings.biometrics.face.FaceSettingsLockscreenBypassPreferenceController@5368f59
06-27 00:28:42.367 W/SettingsPrefController( 5997): Skipping updateNonIndexableKeys, key already in list. com.android.settings.notification.zen.ZenModePreferenceController@fbe571e
06-27 00:28:42.368 D/PrefCtrlListHelper( 5997): Could not find Context-only controller for pref: com.android.settings.security.CredentialManagementAppHeaderController
06-27 00:28:42.368 D/PrefCtrlListHelper( 5997): Could not find Context-only controller for pref: com.android.settings.security.CredentialManagementAppButtonsController
06-27 00:28:42.368 D/PrefCtrlListHelper( 5997): Could not find Context-only controller for pref: com.android.settings.security.CredentialManagementAppPolicyController
06-27 00:28:42.368 D/PrefCtrlListHelper( 5997): Could not find Context-only controller for pref: com.android.settings.accessibility.AccessibilityButtonPreviewPreferenceController
06-27 00:28:42.368 D/PrefCtrlListHelper( 5997): Could not find Context-only controller for pref: com.android.settings.accessibility.AccessibilityButtonLocationPreferenceController
06-27 00:28:42.368 D/PrefCtrlListHelper( 5997): Could not find Context-only controller for pref: com.android.settings.accessibility.FloatingMenuSizePreferenceController
06-27 00:28:42.368 D/PrefCtrlListHelper( 5997): Could not find Context-only controller for pref: com.android.settings.accessibility.FloatingMenuFadePreferenceController
06-27 00:28:42.369 D/PrefCtrlListHelper( 5997): Could not find Context-only controller for pref: com.android.settings.accessibility.FloatingMenuTransparencyPreferenceController
06-27 00:28:42.369 D/PrefCtrlListHelper( 5997): Could not find Context-only controller for pref: com.android.settings.accessibility.AccessibilityButtonFooterPreferenceController
06-27 00:28:42.369 I/SDM ( 840): HWCDisplay::GetColorModeCount: Supported color mode count = 1
06-27 00:28:42.369 I/SDM ( 840): HWCDisplay::GetColorModes: Color mode = 0 is supported
06-27 00:28:42.369 E/HWComposer( 909): getSupportedContentTypes: getSupportedContentTypes failed for display 4630946816427681409: Unsupported (8)
06-27 00:28:42.370 D/PrefCtrlListHelper( 5997): Could not find Context-only controller for pref: com.android.settings.dream.CurrentDreamPreferenceController
