06-27 00:28:45.673 W/System.err( 3507): at com.android.okhttp.internal.huc.HttpURLConnectionImpl.getResponse(HttpURLConnectionImpl.java:411)
06-27 00:28:45.673 W/System.err( 3507): at com.android.okhttp.internal.huc.HttpURLConnectionImpl.getResponseCode(HttpURLConnectionImpl.java:542)
06-27 00:28:45.673 W/System.err( 3507): at com.android.okhttp.internal.huc.DelegatingHttpsURLConnection.getResponseCode(DelegatingHttpsURLConnection.java:106)
06-27 00:28:45.673 W/System.err( 3507): at com.android.okhttp.internal.huc.HttpsURLConnectionImpl.getResponseCode(HttpsURLConnectionImpl.java:30)
06-27 00:28:45.673 W/System.err( 3507): at com.tencent.halley.downloader.a.a.a.b(Unknown Source:385)
06-27 00:28:45.673 W/System.err( 3507): at com.tencent.halley.downloader.task.section.d.a(Unknown Source:191)
06-27 00:28:45.673 W/System.err( 3507): at com.tencent.halley.downloader.task.section.d.run(Unknown Source:612)
06-27 00:28:45.673 W/System.err( 3507): at java.util.concurrent.Executors$RunnableAdapter.call(Executors.java:462)
06-27 00:28:45.673 W/System.err( 3507): at java.util.concurrent.FutureTask.run(FutureTask.java:266)
06-27 00:28:45.673 W/System.err( 3507): at java.util.concurrent.ThreadPoolExecutor.runWorker(ThreadPoolExecutor.java:1167)
06-27 00:28:45.673 W/System.err( 3507): at java.util.concurrent.ThreadPoolExecutor$Worker.run(ThreadPoolExecutor.java:641)
06-27 00:28:45.673 W/System.err( 3507): at java.lang.Thread.run(Thread.java:920)
06-27 00:28:45.873 E/[ 73.440310] link_delay_work_func( 0): DTC_ETH: SQI=0, link=0
06-27 00:28:45.976 W/System.err( 3507): java.net.ConnectException: Failed to connect to shiply-yyb-1258344701.file.myqcloud.com/10.0.0.1:443
06-27 00:28:45.977 W/System.err( 3507): at com.android.okhttp.internal.io.RealConnection.connectSocket(RealConnection.java:147)
06-27 00:28:45.977 W/System.err( 3507): at com.android.okhttp.internal.io.RealConnection.connect(RealConnection.java:116)
06-27 00:28:45.977 W/System.err( 3507): at com.android.okhttp.internal.http.StreamAllocation.findConnection(StreamAllocation.java:186)
06-27 00:28:45.977 W/System.err( 3507): at com.android.okhttp.internal.http.StreamAllocation.findHealthyConnection(StreamAllocation.java:128)
06-27 00:28:45.977 W/System.err( 3507): at com.android.okhttp.internal.http.StreamAllocation.newStream(StreamAllocation.java:97)
06-27 00:28:45.977 W/System.err( 3507): at com.android.okhttp.internal.http.HttpEngine.connect(HttpEngine.java:289)
06-27 00:28:45.977 W/System.err( 3507): at com.android.okhttp.internal.http.HttpEngine.sendRequest(HttpEngine.java:232)
06-27 00:28:45.977 W/System.err( 3507): at com.android.okhttp.internal.huc.HttpURLConnectionImpl.execute(HttpURLConnectionImpl.java:465)
06-27 00:28:45.977 W/System.err( 3507): at com.android.okhttp.internal.huc.HttpURLConnectionImpl.getResponse(HttpURLConnectionImpl.java:411)
06-27 00:28:45.977 W/System.err( 3507): at com.android.okhttp.internal.huc.HttpURLConnectionImpl.getResponseCode(HttpURLConnectionImpl.java:542)
06-27 00:28:45.977 W/System.err( 3507): at com.android.okhttp.internal.huc.DelegatingHttpsURLConnection.getResponseCode(DelegatingHttpsURLConnection.java:106)
06-27 00:28:45.977 W/System.err( 3507): at com.android.okhttp.internal.huc.HttpsURLConnectionImpl.getResponseCode(HttpsURLConnectionImpl.java:30)
06-27 00:28:45.977 W/System.err( 3507): at com.tencent.halley.downloader.a.a.a.b(Unknown Source:385)
06-27 00:28:45.977 W/System.err( 3507): at com.tencent.halley.downloader.task.section.d.a(Unknown Source:191)
06-27 00:28:45.977 W/System.err( 3507): at com.tencent.halley.downloader.task.section.d.run(Unknown Source:612)
06-27 00:28:45.977 W/System.err( 3507): at java.util.concurrent.Executors$RunnableAdapter.call(Executors.java:462)
06-27 00:28:45.977 W/System.err( 3507): at java.util.concurrent.FutureTask.run(FutureTask.java:266)
06-27 00:28:45.977 W/System.err( 3507): at java.util.concurrent.ThreadPoolExecutor.runWorker(ThreadPoolExecutor.java:1167)
06-27 00:28:45.977 W/System.err( 3507): at java.util.concurrent.ThreadPoolExecutor$Worker.run(ThreadPoolExecutor.java:641)
06-27 00:28:45.977 W/System.err( 3507): at java.lang.Thread.run(Thread.java:920)
06-27 00:28:45.986 W/System.err( 3507): java.lang.NumberFormatException: For input string: "yun-hl"
06-27 00:28:45.986 W/System.err( 3507): at java.lang.Integer.parseInt(Integer.java:615)
06-27 00:28:45.986 W/System.err( 3507): at java.lang.Integer.parseInt(Integer.java:650)
06-27 00:28:45.986 W/System.err( 3507): at com.tencent.halley.common.f.h.d(Unknown Source:74)
06-27 00:28:45.986 W/System.err( 3507): at com.tencent.halley.common.b.a.g.b(Unknown Source:60)
06-27 00:28:45.986 W/System.err( 3507): at com.tencent.halley.common.b.a.c.b(Unknown Source:389)
06-27 00:28:45.986 W/System.err( 3507): at com.tencent.halley.downloader.d.c.a(Unknown Source:85)
06-27 00:28:45.986 W/System.err( 3507): at com.tencent.halley.downloader.task.section.d.run(Unknown Source:155)
06-27 00:28:45.986 W/System.err( 3507): at java.util.concurrent.Executors$RunnableAdapter.call(Executors.java:462)
06-27 00:28:45.986 W/System.err( 3507): at java.util.concurrent.FutureTask.run(FutureTask.java:266)
06-27 00:28:45.986 W/System.err( 3507): at java.util.concurrent.ThreadPoolExecutor.runWorker(ThreadPoolExecutor.java:1167)
06-27 00:28:45.986 W/System.err( 3507): at java.util.concurrent.ThreadPoolExecutor$Worker.run(ThreadPoolExecutor.java:641)
06-27 00:28:45.986 W/System.err( 3507): at java.lang.Thread.run(Thread.java:920)
06-27 00:28:45.991 W/System.err( 3507): java.net.ConnectException: Failed to connect to yun-hl.3g.qq.com/10.0.0.1:443
06-27 00:28:45.992 W/System.err( 3507): at com.android.okhttp.internal.io.RealConnection.connectSocket(RealConnection.java:147)
06-27 00:28:45.992 W/System.err( 3507): at com.android.okhttp.internal.io.RealConnection.connect(RealConnection.java:116)
06-27 00:28:45.992 W/System.err( 3507): at com.android.okhttp.internal.http.StreamAllocation.findConnection(StreamAllocation.java:186)
06-27 00:28:45.992 W/System.err( 3507): at com.android.okhttp.internal.http.StreamAllocation.findHealthyConnection(StreamAllocation.java:128)
06-27 00:28:45.992 W/System.err( 3507): at com.android.okhttp.internal.http.StreamAllocation.newStream(StreamAllocation.java:97)
06-27 00:28:45.992 W/System.err( 3507): at com.android.okhttp.internal.http.HttpEngine.connect(HttpEngine.java:289)
06-27 00:28:45.992 W/System.err( 3507): at com.android.okhttp.internal.http.HttpEngine.sendRequest(HttpEngine.java:232)
06-27 00:28:45.992 W/System.err( 3507): at com.android.okhttp.internal.huc.HttpURLConnectionImpl.execute(HttpURLConnectionImpl.java:465)
06-27 00:28:45.992 W/System.err( 3507): at com.android.okhttp.internal.huc.HttpURLConnectionImpl.connect(HttpURLConnectionImpl.java:131)
06-27 00:28:45.992 W/System.err( 3507): at com.android.okhttp.internal.huc.DelegatingHttpsURLConnection.connect(DelegatingHttpsURLConnection.java:90)
06-27 00:28:45.992 W/System.err( 3507): at com.android.okhttp.internal.huc.HttpsURLConnectionImpl.connect(HttpsURLConnectionImpl.java:30)
06-27 00:28:45.992 W/System.err( 3507): at com.tencent.halley.common.b.a.g.b(Unknown Source:236)
06-27 00:28:45.992 W/System.err( 3507): at com.tencent.halley.common.b.a.c.b(Unknown Source:389)
06-27 00:28:45.992 W/System.err( 3507): at com.tencent.halley.downloader.d.c.a(Unknown Source:85)
06-27 00:28:45.992 W/System.err( 3507): at com.tencent.halley.downloader.task.section.d.run(Unknown Source:155)
06-27 00:28:45.992 W/System.err( 3507): at java.util.concurrent.Executors$RunnableAdapter.call(Executors.java:462)
06-27 00:28:45.992 W/System.err( 3507): at java.util.concurrent.FutureTask.run(FutureTask.java:266)
06-27 00:28:45.992 W/System.err( 3507): at java.util.concurrent.ThreadPoolExecutor.runWorker(ThreadPoolExecutor.java:1167)
06-27 00:28:45.992 W/System.err( 3507): at java.util.concurrent.ThreadPoolExecutor$Worker.run(ThreadPoolExecutor.java:641)
06-27 00:28:45.992 W/System.err( 3507): at java.lang.Thread.run(Thread.java:920)
06-27 00:28:46.154 D/PowerManagerService( 1538): userActivityNoUpdateLocked: groupId=0, eventTime=73723, event=2, flags=0x0, uid=1000
06-27 00:28:46.154 D/ViewTouchDebug( 1931): mView : com.android.systemui.navigationbar.NavigationBarFrame{c21ce80 V.E...... ........ 0,0-2560,46 #7f0b03f3 app:id/navigation_bar_frame}Receive event : MotionEvent { action=ACTION_OUTSIDE, actionButton=0, id[0]=0, x[0]=0.0, y[0]=-1034.0, toolType[0]=TOOL_TYPE_FINGER, buttonState=0, classification=NONE, metaState=0, flags=0x0, edgeFlags=0x0, pointerCount=1, historySize=0, eventTime=73723, downTime=73723, deviceId=2, source=0x5002, displayId=0, eventId=1617957167 }
06-27 00:28:46.154 D/PowerManagerNotifier( 1538): onUserActivity: event=2, uid=1000
06-27 00:28:46.154 D/ViewTouchDebug( 3258): mView : android.widget.PopupWindow$PopupDecorView{6ba7072 V.E...... R....... 0,0-1320,659}Receive event : MotionEvent { action=ACTION_DOWN, actionButton=0, id[0]=0, x[0]=123.0, y[0]=451.0, toolType[0]=TOOL_TYPE_FINGER, buttonState=0, classification=NONE, metaState=0, flags=0x0, edgeFlags=0x0, pointerCount=1, historySize=0, eventTime=73723, downTime=73723, deviceId=2, source=0x5002, displayId=0, eventId=340262479 }
06-27 00:28:46.154 D/PowerManagerService( 1538): updateUserActivitySummaryLocked: groupId=0, mWakefulness=Awake, mUserActivitySummary=0x1, nextTimeout=133723 (in 59998 ms)
06-27 00:28:46.154 D/PowerManagerNotifier( 1538): onScreenPolicyUpdate: newPolicy=3
06-27 00:28:46.154 D/PowerManagerService( 1538): updateDisplayPowerStateLocked: displayReady=true, groupId=0, policy=BRIGHT, mWakefulness=Awake, mWakeLockSummary=0x1, mUserActivitySummary=0x1, mBootCompleted=true, screenBrightnessOverride=NaN, useAutoBrightness=false, mScreenBrightnessBoostInProgress=false, mIsVrModeEnabled= false, sQuiescent=false
06-27 00:28:46.156 I/PanelBackAnim( 3258): need draw back==true
06-27 00:28:46.254 D/PowerManagerService( 1538): userActivityNoUpdateLocked: groupId=0, eventTime=73824, event=2, flags=0x0, uid=1000
06-27 00:28:46.254 D/PowerManagerNotifier( 1538): onUserActivity: event=2, uid=1000
06-27 00:28:46.254 D/PowerManagerService( 1538): updateUserActivitySummaryLocked: groupId=0, mWakefulness=Awake, mUserActivitySummary=0x1, nextTimeout=133824 (in 59999 ms)
06-27 00:28:46.254 D/PowerManagerNotifier( 1538): onScreenPolicyUpdate: newPolicy=3
06-27 00:28:46.254 D/PowerManagerService( 1538): updateDisplayPowerStateLocked: displayReady=true, groupId=0, policy=BRIGHT, mWakefulness=Awake, mWakeLockSummary=0x1, mUserActivitySummary=0x1, mBootCompleted=true, screenBrightnessOverride=NaN, useAutoBrightness=false, mScreenBrightnessBoostInProgress=false, mIsVrModeEnabled= false, sQuiescent=false
06-27 00:28:46.255 D/ViewTouchDebug( 3258): mView : android.widget.PopupWindow$PopupDecorView{6ba7072 V.E...... R....... 0,0-1320,659}Receive event : MotionEvent { action=ACTION_UP, actionButton=0, id[0]=0, x[0]=123.0, y[0]=451.0, toolType[0]=TOOL_TYPE_FINGER, buttonState=0, classification=NONE, metaState=0, flags=0x0, edgeFlags=0x0, pointerCount=1, historySize=0, eventTime=73824, downTime=73723, deviceId=2, source=0x5002, displayId=0, eventId=556443157 }
06-27 00:28:46.265 I/PanelBackAnim( 3258): need draw back==true
06-27 00:28:46.285 I/mpu_uart( 653): [MSG-P:RECV]:No message received in 1000 ms
06-27 00:28:46.788 W/System.err( 3507): java.net.ConnectException: Failed to connect to shiply-yyb-1258344701.file.myqcloud.com/10.0.0.1:443
06-27 00:28:46.788 W/System.err( 3507): at com.android.okhttp.internal.io.RealConnection.connectSocket(RealConnection.java:147)
06-27 00:28:46.788 W/System.err( 3507): at com.android.okhttp.internal.io.RealConnection.connect(RealConnection.java:116)
06-27 00:28:46.788 W/System.err( 3507): at com.android.okhttp.internal.http.StreamAllocation.findConnection(StreamAllocation.java:186)
06-27 00:28:46.788 W/System.err( 3507): at com.android.okhttp.internal.http.StreamAllocation.findHealthyConnection(StreamAllocation.java:128)
06-27 00:28:46.788 W/System.err( 3507): at com.android.okhttp.internal.http.StreamAllocation.newStream(StreamAllocation.java:97)
06-27 00:28:46.788 W/System.err( 3507): at com.android.okhttp.internal.http.HttpEngine.connect(HttpEngine.java:289)
06-27 00:28:46.788 W/System.err( 3507): at com.android.okhttp.internal.http.HttpEngine.sendRequest(HttpEngine.java:232)
06-27 00:28:46.788 W/System.err( 3507): at com.android.okhttp.internal.huc.HttpURLConnectionImpl.execute(HttpURLConnectionImpl.java:465)
06-27 00:28:46.788 W/System.err( 3507): at com.android.okhttp.internal.huc.HttpURLConnectionImpl.getResponse(HttpURLConnectionImpl.java:411)
06-27 00:28:46.788 W/System.err( 3507): at com.android.okhttp.internal.huc.HttpURLConnectionImpl.getResponseCode(HttpURLConnectionImpl.java:542)
06-27 00:28:46.788 W/System.err( 3507): at com.android.okhttp.internal.huc.DelegatingHttpsURLConnection.getResponseCode(DelegatingHttpsURLConnection.java:106)
06-27 00:28:46.788 W/System.err( 3507): at com.android.okhttp.internal.huc.HttpsURLConnectionImpl.getResponseCode(HttpsURLConnectionImpl.java:30)
06-27 00:28:46.788 W/System.err( 3507): at com.tencent.halley.downloader.a.a.a.b(Unknown Source:385)
06-27 00:28:46.789 W/System.err( 3507): at com.tencent.halley.downloader.task.section.d.a(Unknown Source:191)
06-27 00:28:46.789 W/System.err( 3507): at com.tencent.halley.downloader.task.section.d.run(Unknown Source:612)
06-27 00:28:46.789 W/System.err( 3507): at java.util.concurrent.Executors$RunnableAdapter.call(Executors.java:462)
06-27 00:28:46.789 W/System.err( 3507): at java.util.concurrent.FutureTask.run(FutureTask.java:266)
06-27 00:28:46.789 W/System.err( 3507): at java.util.concurrent.ThreadPoolExecutor.runWorker(ThreadPoolExecutor.java:1167)
06-27 00:28:46.789 W/System.err( 3507): at java.util.concurrent.ThreadPoolExecutor$Worker.run(ThreadPoolExecutor.java:641)
06-27 00:28:46.789 W/System.err( 3507): at java.lang.Thread.run(Thread.java:920)
06-27 00:28:47.027 W/System.err( 3507): java.net.ConnectException: Failed to connect to shiply-yyb-1258344701.file.myqcloud.com/10.0.0.1:443
06-27 00:28:47.027 W/System.err( 3507): at com.android.okhttp.internal.io.RealConnection.connectSocket(RealConnection.java:147)
06-27 00:28:47.027 W/System.err( 3507): at com.android.okhttp.internal.io.RealConnection.connect(RealConnection.java:116)
06-27 00:28:47.027 W/System.err( 3507): at com.android.okhttp.internal.http.StreamAllocation.findConnection(StreamAllocation.java:186)
06-27 00:28:47.027 W/System.err( 3507): at com.android.okhttp.internal.http.StreamAllocation.findHealthyConnection(StreamAllocation.java:128)
06-27 00:28:47.027 W/System.err( 3507): at com.android.okhttp.internal.http.StreamAllocation.newStream(StreamAllocation.java:97)
06-27 00:28:47.027 W/System.err( 3507): at com.android.okhttp.internal.http.HttpEngine.connect(HttpEngine.java:289)
06-27 00:28:47.027 W/System.err( 3507): at com.android.okhttp.internal.http.HttpEngine.sendRequest(HttpEngine.java:232)
06-27 00:28:47.028 W/System.err( 3507): at com.android.okhttp.internal.huc.HttpURLConnectionImpl.execute(HttpURLConnectionImpl.java:465)
06-27 00:28:47.028 W/System.err( 3507): at com.android.okhttp.internal.huc.HttpURLConnectionImpl.getResponse(HttpURLConnectionImpl.java:411)
06-27 00:28:47.028 W/System.err( 3507): at com.android.okhttp.internal.huc.HttpURLConnectionImpl.getResponseCode(HttpURLConnectionImpl.java:542)
06-27 00:28:47.028 W/System.err( 3507): at com.android.okhttp.internal.huc.DelegatingHttpsURLConnection.getResponseCode(DelegatingHttpsURLConnection.java:106)
06-27 00:28:47.028 W/System.err( 3507): at com.android.okhttp.internal.huc.HttpsURLConnectionImpl.getResponseCode(HttpsURLConnectionImpl.java:30)
06-27 00:28:47.028 W/System.err( 3507): at com.tencent.halley.downloader.a.a.a.b(Unknown Source:385)
06-27 00:28:47.028 W/System.err( 3507): at com.tencent.halley.downloader.task.section.d.a(Unknown Source:191)
06-27 00:28:47.028 W/System.err( 3507): at com.tencent.halley.downloader.task.section.d.run(Unknown Source:612)
06-27 00:28:47.028 W/System.err( 3507): at java.util.concurrent.Executors$RunnableAdapter.call(Executors.java:462)
06-27 00:28:47.028 W/System.err( 3507): at java.util.concurrent.FutureTask.run(FutureTask.java:266)
06-27 00:28:47.028 W/System.err( 3507): at java.util.concurrent.ThreadPoolExecutor.runWorker(ThreadPoolExecutor.java:1167)
06-27 00:28:47.028 W/System.err( 3507): at java.util.concurrent.ThreadPoolExecutor$Worker.run(ThreadPoolExecutor.java:641)
06-27 00:28:47.028 W/System.err( 3507): at java.lang.Thread.run(Thread.java:920)
06-27 00:28:47.039 W/System.err( 3507): java.lang.NumberFormatException: For input string: "yun-hl"
06-27 00:28:47.040 W/System.err( 3507): at java.lang.Integer.parseInt(Integer.java:615)
06-27 00:28:47.040 W/System.err( 3507): at java.lang.Integer.parseInt(Integer.java:650)
06-27 00:28:47.040 W/System.err( 3507): at com.tencent.halley.common.f.h.d(Unknown Source:74)
06-27 00:28:47.040 W/System.err( 3507): at com.tencent.halley.common.b.a.g.b(Unknown Source:60)
06-27 00:28:47.040 W/System.err( 3507): at com.tencent.halley.common.b.a.c.b(Unknown Source:389)
06-27 00:28:47.040 W/System.err( 3507): at com.tencent.halley.downloader.d.c.a(Unknown Source:85)
06-27 00:28:47.040 W/System.err( 3507): at com.tencent.halley.downloader.task.section.d.run(Unknown Source:155)
06-27 00:28:47.040 W/System.err( 3507): at java.util.concurrent.Executors$RunnableAdapter.call(Executors.java:462)
06-27 00:28:47.040 W/System.err( 3507): at java.util.concurrent.FutureTask.run(FutureTask.java:266)
06-27 00:28:47.040 W/System.err( 3507): at java.util.concurrent.ThreadPoolExecutor.runWorker(ThreadPoolExecutor.java:1167)
06-27 00:28:47.040 W/System.err( 3507): at java.util.concurrent.ThreadPoolExecutor$Worker.run(ThreadPoolExecutor.java:641)
06-27 00:28:47.040 W/System.err( 3507): at java.lang.Thread.run(Thread.java:920)
06-27 00:28:47.058 W/System.err( 3507): java.net.ConnectException: Failed to connect to yun-hl.3g.qq.com/10.0.0.1:443
06-27 00:28:47.058 W/System.err( 3507): at com.android.okhttp.internal.io.RealConnection.connectSocket(RealConnection.java:147)
06-27 00:28:47.059 W/System.err( 3507): at com.android.okhttp.internal.io.RealConnection.connect(RealConnection.java:116)
06-27 00:28:47.059 W/System.err( 3507): at com.android.okhttp.internal.http.StreamAllocation.findConnection(StreamAllocation.java:186)
06-27 00:28:47.059 W/System.err( 3507): at com.android.okhttp.internal.http.StreamAllocation.findHealthyConnection(StreamAllocation.java:128)
06-27 00:28:47.059 W/System.err( 3507): at com.android.okhttp.internal.http.StreamAllocation.newStream(StreamAllocation.java:97)
06-27 00:28:47.059 W/System.err( 3507): at com.android.okhttp.internal.http.HttpEngine.connect(HttpEngine.java:289)
06-27 00:28:47.059 W/System.err( 3507): at com.android.okhttp.internal.http.HttpEngine.sendRequest(HttpEngine.java:232)
06-27 00:28:47.059 W/System.err( 3507): at com.android.okhttp.internal.huc.HttpURLConnectionImpl.execute(HttpURLConnectionImpl.java:465)
06-27 00:28:47.059 W/System.err( 3507): at com.android.okhttp.internal.huc.HttpURLConnectionImpl.connect(HttpURLConnectionImpl.java:131)
06-27 00:28:47.059 W/System.err( 3507): at com.android.okhttp.internal.huc.DelegatingHttpsURLConnection.connect(DelegatingHttpsURLConnection.java:90)
06-27 00:28:47.059 W/System.err( 3507): at com.android.okhttp.internal.huc.HttpsURLConnectionImpl.connect(HttpsURLConnectionImpl.java:30)
06-27 00:28:47.059 W/System.err( 3507): at com.tencent.halley.common.b.a.g.b(Unknown Source:236)
06-27 00:28:47.059 W/System.err( 3507): at com.tencent.halley.common.b.a.c.b(Unknown Source:389)
06-27 00:28:47.059 W/System.err( 3507): at com.tencent.halley.downloader.d.c.a(Unknown Source:85)
06-27 00:28:47.059 W/System.err( 3507): at com.tencent.halley.downloader.task.section.d.run(Unknown Source:155)
06-27 00:28:47.059 W/System.err( 3507): at java.util.concurrent.Executors$RunnableAdapter.call(Executors.java:462)
06-27 00:28:47.059 W/System.err( 3507): at java.util.concurrent.FutureTask.run(FutureTask.java:266)
06-27 00:28:47.059 W/System.err( 3507): at java.util.concurrent.ThreadPoolExecutor.runWorker(ThreadPoolExecutor.java:1167)
06-27 00:28:47.059 W/System.err( 3507): at java.util.concurrent.ThreadPoolExecutor$Worker.run(ThreadPoolExecutor.java:641)
06-27 00:28:47.059 W/System.err( 3507): at java.lang.Thread.run(Thread.java:920)
06-27 00:28:47.148 D/PowerManagerService( 1538): userActivityNoUpdateLocked: groupId=0, eventTime=74716, event=2, flags=0x0, uid=1000
06-27 00:28:47.148 D/ViewTouchDebug( 1931): mView : com.android.systemui.navigationbar.NavigationBarFrame{c21ce80 V.E...... ........ 0,0-2560,46 #7f0b03f3 app:id/navigation_bar_frame}Receive event : MotionEvent { action=ACTION_OUTSIDE, actionButton=0, id[0]=0, x[0]=0.0, y[0]=-1034.0, toolType[0]=TOOL_TYPE_FINGER, buttonState=0, classification=NONE, metaState=0, flags=0x0, edgeFlags=0x0, pointerCount=1, historySize=0, eventTime=74716, downTime=74716, deviceId=2, source=0x5002, displayId=0, eventId=1752210073 }
06-27 00:28:47.148 D/PowerManagerNotifier( 1538): onUserActivity: event=2, uid=1000
06-27 00:28:47.149 D/PowerManagerService( 1538): updateUserActivitySummaryLocked: groupId=0, mWakefulness=Awake, mUserActivitySummary=0x1, nextTimeout=134716 (in 59997 ms)
06-27 00:28:47.149 D/PowerManagerNotifier( 1538): onScreenPolicyUpdate: newPolicy=3
06-27 00:28:47.149 D/PowerManagerService( 1538): updateDisplayPowerStateLocked: displayReady=true, groupId=0, policy=BRIGHT, mWakefulness=Awake, mWakeLockSummary=0x1, mUserActivitySummary=0x1, mBootCompleted=true, screenBrightnessOverride=NaN, useAutoBrightness=false, mScreenBrightnessBoostInProgress=false, mIsVrModeEnabled= false, sQuiescent=false
06-27 00:28:47.149 D/ViewTouchDebug( 6324): mView : DecorView@748be09[SearchActivity]Receive event : MotionEvent { action=ACTION_DOWN, actionButton=0, id[0]=0, x[0]=1193.0, y[0]=1064.0, toolType[0]=TOOL_TYPE_FINGER, buttonState=0, classification=NONE, metaState=0, flags=0x2, edgeFlags=0x0, pointerCount=1, historySize=0, eventTime=74716, downTime=74716, deviceId=2, source=0x5002, displayId=0, eventId=658207838 }
06-27 00:28:47.154 D/TouchInteractionService( 2649): onInputEvent: ACTION_DOWN: OtherActivityInputConsumer
06-27 00:28:47.163 D/ActivityTaskManager( 1538): Skipping, freeform mode : Task{9bf9cc #57 type=undefined A=10111:com.tencent.android.qqdownloader U=0 visible=false mode=freeform translucent=true sz=0 visible freeform task=true rootAffinity=10111:com.tencent.android.qqdownloader isMini=false}
06-27 00:28:47.167 D/OtherActivityInputConsumer( 2649): startTouchTrackingForWindowAnimation: isRunning: false
06-27 00:28:47.170 I/EventSequenceValidator( 1538): inc AccIntentStartedEvents to 2
06-27 00:28:47.187 D/StateManager( 2649): goToState: Background
06-27 00:28:47.188 D/FreeWindowContainer( 2649): reloadTask: null
06-27 00:28:47.193 V/GameTypeUtils( 2649): judge isGame:com.microsoft.emmx
06-27 00:28:47.194 V/GameTypeUtils( 2649): judge isGame:com.smile.gifmaker
06-27 00:28:47.194 V/GameTypeUtils( 2649): judge isGame:com.tencent.android.qqdownloader
06-27 00:28:47.194 V/GameTypeUtils( 2649): judge isGame:com.android.documentsui
06-27 00:28:47.194 V/GameTypeUtils( 2649): judge isGame:air.tv.douyu.android
06-27 00:28:47.194 V/GameTypeUtils( 2649): judge isGame:com.antutu.ABenchMark
06-27 00:28:47.195 V/GameTypeUtils( 2649): judge isGame:com.hunantv.imgo.activity
06-27 00:28:47.195 V/GameTypeUtils( 2649): judge isGame:com.kugou.android.auto
06-27 00:28:47.195 V/GameTypeUtils( 2649): judge isGame:com.miHoYo.Yuanshen
06-27 00:28:47.195 V/GameTypeUtils( 2649): judge isGame:com.netease.cloudmusic
06-27 00:28:47.195 V/GameTypeUtils( 2649): judge isGame:com.netease.newsreader.activity
06-27 00:28:47.195 V/GameTypeUtils( 2649): judge isGame:com.qiyi.video
06-27 00:28:47.195 V/GameTypeUtils( 2649): judge isGame:com.ss.android.article.news
06-27 00:28:47.196 V/GameTypeUtils( 2649): judge isGame:com.ss.android.ugc.aweme
06-27 00:28:47.196 V/GameTypeUtils( 2649): judge isGame:com.tencent.KiHan
06-27 00:28:47.196 V/GameTypeUtils( 2649): judge isGame:com.tencent.mm
06-27 00:28:47.196 V/GameTypeUtils( 2649): judge isGame:com.tencent.mobileqq
06-27 00:28:47.196 V/GameTypeUtils( 2649): judge isGame:com.tencent.qqlive
06-27 00:28:47.196 V/GameTypeUtils( 2649): judge isGame:com.tencent.qqmusic
06-27 00:28:47.197 V/GameTypeUtils( 2649): judge isGame:com.tencent.qqmusicpad
06-27 00:28:47.197 V/GameTypeUtils( 2649): judge isGame:com.tencent.tmgp.pubgmhd
06-27 00:28:47.197 V/GameTypeUtils( 2649): judge isGame:com.tencent.tmgp.sgame
06-27 00:28:47.197 V/GameTypeUtils( 2649): judge isGame:com.tencent.wemeet.app
06-27 00:28:47.197 I/BpBinder( 909): onLastStrongRef automatically unlinking death recipients:
06-27 00:28:47.197 V/GameTypeUtils( 2649): judge isGame:com.tencent.wework
06-27 00:28:47.197 V/GameTypeUtils( 2649): judge isGame:com.wandoujia.phoenix2
06-27 00:28:47.275 D/ViewTouchDebug( 6324): mView : DecorView@748be09[SearchActivity]Receive event : MotionEvent { action=ACTION_UP, actionButton=0, id[0]=0, x[0]=1184.0, y[0]=1010.0, toolType[0]=TOOL_TYPE_FINGER, buttonState=0, classification=NONE, metaState=0, flags=0x2, edgeFlags=0x0, pointerCount=1, historySize=0, eventTime=74845, downTime=74716, deviceId=2, source=0x5002, displayId=0, eventId=603382427 }
06-27 00:28:47.276 D/PowerManagerService( 1538): userActivityNoUpdateLocked: groupId=0, eventTime=74845, event=2, flags=0x0, uid=1000
06-27 00:28:47.276 D/PowerManagerNotifier( 1538): onUserActivity: event=2, uid=1000
06-27 00:28:47.276 D/EditModeHelper( 2649): setHotseatVisibility: 8
06-27 00:28:47.276 D/PowerManagerService( 1538): updateUserActivitySummaryLocked: groupId=0, mWakefulness=Awake, mUserActivitySummary=0x1, nextTimeout=134845 (in 59998 ms)
06-27 00:28:47.276 D/PowerManagerNotifier( 1538): onScreenPolicyUpdate: newPolicy=3
06-27 00:28:47.276 D/PowerManagerService( 1538): updateDisplayPowerStateLocked: displayReady=true, groupId=0, policy=BRIGHT, mWakefulness=Awake, mWakeLockSummary=0x1, mUserActivitySummary=0x1, mBootCompleted=true, screenBrightnessOverride=NaN, useAutoBrightness=false, mScreenBrightnessBoostInProgress=false, mIsVrModeEnabled= false, sQuiescent=false
06-27 00:28:47.279 D/RecentsViewStateController( 2649): setState: Background OverviewFullscreenProgress: 1.0
06-27 00:28:47.283 W/InputDispatcher( 1538): Failed to pilfer pointers: no pointers on display 0.
06-27 00:28:47.284 D/TouchInteractionService( 2649): onInputEvent: ACTION_UP/ACTION_CANCEL: OtherActivityInputConsumer
06-27 00:28:47.284 W/OrientationEventListener( 2649): Cannot detect sensors. Invalid disable
06-27 00:28:47.286 I/mpu_uart( 653): [MSG-P:RECV]:No message received in 1000 ms
06-27 00:28:47.293 V/ShadeControllerImpl( 1931): NotificationShadeWindow: com.android.systemui.statusbar.phone.NotificationShadeWindowView{b1c3460 I.E...... ......ID 0,0-2560,1080} canPanelBeCollapsed(): false
06-27 00:28:47.294 D/BaseIconFactory( 2649): normalizeAndWrapToAdaptiveIcon: scale=0.8232189
06-27 00:28:47.295 W/ActivityTaskManager( 1538): getTaskSnapshot: taskId=-147 not found
06-27 00:28:47.296 D/BaseIconFactory( 2649): normalizeAndWrapToAdaptiveIcon: scale=0.8232189
06-27 00:28:47.296 W/ActivityTaskManager( 1538): getTaskSnapshot: taskId=-146 not found
06-27 00:28:47.297 D/BaseIconFactory( 2649): normalizeAndWrapToAdaptiveIcon: scale=0.8232189
06-27 00:28:47.297 D/FreeWindowHelper( 2649): enterOrExitRecentTasks: isEnterRecentTasks=false,mExitFlag=0
06-27 00:28:47.297 W/ActivityTaskManager( 1538): getTaskSnapshot: taskId=-146 not found
06-27 00:28:47.297 W/ActivityTaskManager( 1538): getTaskSnapshot: taskId=-146 not found
06-27 00:28:47.298 W/ActivityTaskManager( 1538): getTaskSnapshot: taskId=-146 not found
06-27 00:28:47.298 D/EditModeHelper( 2649): setHotseatVisibility: 0
06-27 00:28:47.308 W/View ( 2649): requestLayout() improperly called by com.android.launcher3.views.NoInsetView{d0cc630 V.ED..... ......ID 2218,0-2560,1080 #7f09007c app:id/bg_hotseat} during layout: running second layout pass
06-27 00:28:47.310 I/LatencyTracker( 2649): ACTION_TOGGLE_RECENTS latency=163
06-27 00:28:47.326 I/EventSequenceValidator( 1538): dec AccIntentStartedEvents to 1
06-27 00:28:47.344 D/PowerManagerService( 1538): acquireWakeLockInternal: lock=126993985, flags=0x1, tag="i", ws=null, uid=10111, pid=3366
06-27 00:28:47.344 D/PowerManagerService( 1538): updateWakeLockSummaryLocked: mWakefulness=Awake, mWakeLockSummary=0x1
06-27 00:28:47.344 D/PowerManagerService( 1538): updateUserActivitySummaryLocked: groupId=0, mWakefulness=Awake, mUserActivitySummary=0x1, nextTimeout=134845 (in 59931 ms)
06-27 00:28:47.344 D/PowerManagerNotifier( 1538): onScreenPolicyUpdate: newPolicy=3
06-27 00:28:47.344 D/PowerManagerService( 1538): updateDisplayPowerStateLocked: displayReady=true, groupId=0, policy=BRIGHT, mWakefulness=Awake, mWakeLockSummary=0x1, mUserActivitySummary=0x1, mBootCompleted=true, screenBrightnessOverride=NaN, useAutoBrightness=false, mScreenBrightnessBoostInProgress=false, mIsVrModeEnabled= false, sQuiescent=false
06-27 00:28:47.344 D/PowerManagerNotifier( 1538): onWakeLockAcquired: flags=1, tag="i", packageName=com.tencent.android.qqdownloader, ownerUid=10111, ownerPid=3366, workSource=null
06-27 00:28:47.460 D/PowerManagerService( 1538): releaseWakeLockInternal: lock=126993985 [i], flags=0x0
06-27 00:28:47.460 D/PowerManagerNotifier( 1538): onWakeLockReleased: flags=1, tag="i", packageName=com.tencent.android.qqdownloader, ownerUid=10111, ownerPid=3366, workSource=null
06-27 00:28:47.460 D/PowerManagerService( 1538): updateWakeLockSummaryLocked: mWakefulness=Awake, mWakeLockSummary=0x1
06-27 00:28:47.461 D/PowerManagerService( 1538): updateUserActivitySummaryLocked: groupId=0, mWakefulness=Awake, mUserActivitySummary=0x1, nextTimeout=134845 (in 59814 ms)
06-27 00:28:47.461 D/PowerManagerNotifier( 1538): onScreenPolicyUpdate: newPolicy=3
06-27 00:28:47.461 D/PowerManagerService( 1538): updateDisplayPowerStateLocked: displayReady=true, groupId=0, policy=BRIGHT, mWakefulness=Awake, mWakeLockSummary=0x1, mUserActivitySummary=0x1, mBootCompleted=true, screenBrightnessOverride=NaN, useAutoBrightness=false, mScreenBrightnessBoostInProgress=false, mIsVrModeEnabled= false, sQuiescent=false
06-27 00:28:47.625 I/LatencyTracker( 1538): ACTION_START_RECENTS_ANIMATION latency=170
06-27 00:28:47.630 W/cnss_diag( 1174): type=1400 audit(0.0:685): avc: denied { getattr } for path="/data/vendor/wifi/wlan_logs" dev="dm-10" ino=359 scontext=u:r:vendor_wcnss_service:s0 tcontext=u:object_r:vendor_wifi_vendor_log_data_file:s0 tclass=dir permissive=0
06-27 00:28:47.630 W/cnss_diag( 1174): type=1400 audit(0.0:686): avc: denied { read } for name="wlan_logs" dev="dm-10" ino=359 scontext=u:r:vendor_wcnss_service:s0 tcontext=u:object_r:vendor_wifi_vendor_log_data_file:s0 tclass=dir permissive=0
06-27 00:28:47.637 I/CNSS ( 1174): failed to open file a+ mode or file size 0 is less than max_file_size 31457280
06-27 00:28:47.637 I/CNSS ( 1174): Failed to open file /data/vendor/wifi/wlan_logs/host_driver_logs_current.txt: 13
06-27 00:28:47.630 W/cnss_diag( 1174): type=1400 audit(0.0:687): avc: denied { search } for name="wlan_logs" dev="dm-10" ino=359 scontext=u:r:vendor_wcnss_service:s0 tcontext=u:object_r:vendor_wifi_vendor_log_data_file:s0 tclass=dir permissive=0
06-27 00:28:47.883 W/System.err( 3507): java.net.ConnectException: Failed to connect to shiply-yyb-1258344701.file.myqcloud.com/10.0.0.1:443
06-27 00:28:47.884 W/System.err( 3507): at com.android.okhttp.internal.io.RealConnection.connectSocket(RealConnection.java:147)
06-27 00:28:47.884 W/System.err( 3507): at com.android.okhttp.internal.io.RealConnection.connect(RealConnection.java:116)
06-27 00:28:47.884 W/System.err( 3507): at com.android.okhttp.internal.http.StreamAllocation.findConnection(StreamAllocation.java:186)
06-27 00:28:47.884 W/System.err( 3507): at com.android.okhttp.internal.http.StreamAllocation.findHealthyConnection(StreamAllocation.java:128)
06-27 00:28:47.884 W/System.err( 3507): at com.android.okhttp.internal.http.StreamAllocation.newStream(StreamAllocation.java:97)
06-27 00:28:47.884 W/System.err( 3507): at com.android.okhttp.internal.http.HttpEngine.connect(HttpEngine.java:289)
06-27 00:28:47.884 W/System.err( 3507): at com.android.okhttp.internal.http.HttpEngine.sendRequest(HttpEngine.java:232)
06-27 00:28:47.884 W/System.err( 3507): at com.android.okhttp.internal.huc.HttpURLConnectionImpl.execute(HttpURLConnectionImpl.java:465)
06-27 00:28:47.884 W/System.err( 3507): at com.android.okhttp.internal.huc.HttpURLConnectionImpl.getResponse(HttpURLConnectionImpl.java:411)
06-27 00:28:47.884 W/System.err( 3507): at com.android.okhttp.internal.huc.HttpURLConnectionImpl.getResponseCode(HttpURLConnectionImpl.java:542)
06-27 00:28:47.884 W/System.err( 3507): at com.android.okhttp.internal.huc.DelegatingHttpsURLConnection.getResponseCode(DelegatingHttpsURLConnection.java:106)
06-27 00:28:47.884 W/System.err( 3507): at com.android.okhttp.internal.huc.HttpsURLConnectionImpl.getResponseCode(HttpsURLConnectionImpl.java:30)
06-27 00:28:47.884 W/System.err( 3507): at com.tencent.halley.downloader.a.a.a.b(Unknown Source:385)
06-27 00:28:47.884 W/System.err( 3507): at com.tencent.halley.downloader.task.section.d.a(Unknown Source:191)
06-27 00:28:47.884 W/System.err( 3507): at com.tencent.halley.downloader.task.section.d.run(Unknown Source:612)
06-27 00:28:47.884 W/System.err( 3507): at java.util.concurrent.Executors$RunnableAdapter.call(Executors.java:462)
06-27 00:28:47.884 W/System.err( 3507): at java.util.concurrent.FutureTask.run(FutureTask.java:266)
06-27 00:28:47.884 W/System.err( 3507): at java.util.concurrent.ThreadPoolExecutor.runWorker(ThreadPoolExecutor.java:1167)
06-27 00:28:47.884 W/System.err( 3507): at java.util.concurrent.ThreadPoolExecutor$Worker.run(ThreadPoolExecutor.java:641)
06-27 00:28:47.884 W/System.err( 3507): at java.lang.Thread.run(Thread.java:920)
06-27 00:28:47.917 D/PermissionCache( 909): checking android.permission.READ_FRAME_BUFFER for uid=1000 => granted (322 us)
06-27 00:28:47.930 I/hwservicemanager( 514): getTransport: Cannot find entry android.hardware.graphics.mapper@4.0::IMapper/default in either framework or device VINTF manifest.
06-27 00:28:47.930 I/Gralloc4( 1538): mapper 4.x is not supported
06-27 00:28:47.936 D/EditModeHelper( 2649): setHotseatVisibility: 0
06-27 00:28:47.938 D/RecentsViewStateController( 2649): setState: Normal OverviewFullscreenProgress: 0.0
06-27 00:28:47.941 I/hwservicemanager( 514): getTransport: Cannot find entry android.hardware.graphics.mapper@4.0::IMapper/default in either framework or device VINTF manifest.
06-27 00:28:47.941 I/Gralloc4( 2014): mapper 4.x is not supported
06-27 00:28:47.945 D/ActivityTrigger( 1538): ActivityTrigger activityPauseTrigger
06-27 00:28:47.946 D/PowerManagerService( 1538): acquireWakeLockInternal: lock=53423375, flags=0x1, tag="*launch*", ws=WorkSource{10073}, uid=1000, pid=1538
06-27 00:28:47.946 D/PowerManagerService( 1538): updateWakeLockSummaryLocked: mWakefulness=Awake, mWakeLockSummary=0x1
06-27 00:28:47.946 D/PowerManagerService( 1538): updateUserActivitySummaryLocked: groupId=0, mWakefulness=Awake, mUserActivitySummary=0x1, nextTimeout=134845 (in 59329 ms)
06-27 00:28:47.946 D/PowerManagerNotifier( 1538): onScreenPolicyUpdate: newPolicy=3
06-27 00:28:47.946 D/PowerManagerService( 1538): updateDisplayPowerStateLocked: displayReady=true, groupId=0, policy=BRIGHT, mWakefulness=Awake, mWakeLockSummary=0x1, mUserActivitySummary=0x1, mBootCompleted=true, screenBrightnessOverride=NaN, useAutoBrightness=false, mScreenBrightnessBoostInProgress=false, mIsVrModeEnabled= false, sQuiescent=false
06-27 00:28:47.946 D/PowerManagerNotifier( 1538): onWakeLockAcquired: flags=1, tag="*launch*", packageName=android, ownerUid=1000, ownerPid=1538, workSource=WorkSource{10073}
06-27 00:28:47.946 I/ActivityTaskManager( 1538): FOREGROUND_APPLICATION_CHANGED to com.android.launcher3.uioverrides.QuickstepLauncher
06-27 00:28:47.953 D/Launcher( 2649): onResume start
06-27 00:28:47.953 D/Launcher( 2649): onResume finish
06-27 00:28:47.961 D/ActivityChangeReceiver( 2649): onReceive
06-27 00:28:47.961 D/MCUUtil ( 2649): saveLastActivity activityName=com.android.launcher3.uioverrides.QuickstepLauncher packageName=com.android.launcher3
06-27 00:28:47.964 D/PowerManagerService( 1538): releaseWakeLockInternal: lock=53423375 [*launch*], flags=0x0
06-27 00:28:47.964 D/PowerManagerNotifier( 1538): onWakeLockReleased: flags=1, tag="*launch*", packageName=android, ownerUid=1000, ownerPid=1538, workSource=WorkSource{10073}
06-27 00:28:47.964 D/PowerManagerService( 1538): updateWakeLockSummaryLocked: mWakefulness=Awake, mWakeLockSummary=0x1
06-27 00:28:47.965 D/PowerManagerService( 1538): updateUserActivitySummaryLocked: groupId=0, mWakefulness=Awake, mUserActivitySummary=0x1, nextTimeout=134845 (in 59310 ms)
06-27 00:28:47.965 D/PowerManagerNotifier( 1538): onScreenPolicyUpdate: newPolicy=3
06-27 00:28:47.965 D/PowerManagerService( 1538): updateDisplayPowerStateLocked: displayReady=true, groupId=0, policy=BRIGHT, mWakefulness=Awake, mWakeLockSummary=0x1, mUserActivitySummary=0x1, mBootCompleted=true, screenBrightnessOverride=NaN, useAutoBrightness=false, mScreenBrightnessBoostInProgress=false, mIsVrModeEnabled= false, sQuiescent=false
06-27 00:28:47.976 D/CompatibilityChangeReporter( 1538): Compat change id reported: 135634846; UID 10028; state: DISABLED
06-27 00:28:47.976 D/CompatibilityChangeReporter( 1538): Compat change id reported: 177438394; UID 10028; state: DISABLED
06-27 00:28:47.976 D/CompatibilityChangeReporter( 1538): Compat change id reported: 135772972; UID 10028; state: DISABLED
06-27 00:28:47.976 D/CompatibilityChangeReporter( 1538): Compat change id reported: 135754954; UID 10028; state: DISABLED
06-27 00:28:47.976 D/CompatibilityChangeReporter( 1538): Compat change id reported: 143937733; UID 10028; state: DISABLED
06-27 00:28:47.977 D/ImeService( 3258): onFinishInputView:finishingInput:false
06-27 00:28:47.981 D/Zygote ( 674): Forked child process 6473
06-27 00:28:47.982 I/ActivityManager( 1538): Start proc 6473:com.tencent.mobileqq/u0a28 for null
06-27 00:28:47.982 I/AdrenoGLES-0( 1538): QUALCOMM build : 47421dbee6, I139f36ad46
06-27 00:28:47.982 I/AdrenoGLES-0( 1538): Build Date : 02/18/22
06-27 00:28:47.982 I/AdrenoGLES-0( 1538): OpenGL ES Shader Compiler Version: EV031.32.02.17
06-27 00:28:47.982 I/AdrenoGLES-0( 1538): Local Branch :
06-27 00:28:47.982 I/AdrenoGLES-0( 1538): Remote Branch :
06-27 00:28:47.982 I/AdrenoGLES-0( 1538): Remote Branch :
06-27 00:28:47.982 I/AdrenoGLES-0( 1538): Reconstruct Branch :
06-27 00:28:47.982 I/AdrenoGLES-0( 1538): Build Config : S P 10.0.7 AArch64
06-27 00:28:47.982 I/AdrenoGLES-0( 1538): Driver Path : /vendor/lib64/egl/libGLESv2_adreno.so
06-27 00:28:47.983 I/hwservicemanager( 514): getTransport: Cannot find entry android.hardware.graphics.mapper@4.0::IMapper/default in either framework or device VINTF manifest.
06-27 00:28:47.985 I/libc ( 6473): SetHeapTaggingLevel: tag level set to 0
06-27 00:28:47.989 E/encent.mobileq( 6473): Not starting debugger since process cannot load the jdwp agent.
06-27 00:28:47.991 D/ProcessState( 6473): Binder ioctl to enable oneway spam detection failed: Invalid argument
06-27 00:28:47.993 I/[ 75.561804] binder( 0): 6473:6473 ioctl 40046210 7fdc24c794 returned -22
06-27 00:28:47.993 I/ImeService( 3258): ImeService(com.baidu.input_hryt.ImeService@953a1cb) life called >>> onWindowHiddenInternal
06-27 00:28:47.993 I/AdrenoGLES-0( 1538): PFP: 0x016dd093, ME: 0x00000000
06-27 00:28:47.993 D/ImeService( 3258): onWindowHiddenInternal
06-27 00:28:47.995 D/CompatibilityInfo( 1538): mCompatibilityFlags - 4
06-27 00:28:47.995 D/CompatibilityInfo( 1538): applicationDensity - 240
06-27 00:28:47.995 D/CompatibilityInfo( 1538): applicationScale - 1.0
06-27 00:28:47.997 W/Choreographer( 2649): Frame time is 0.108935 ms in the future! Check that graphics HAL is generating vsync timestamps using the correct timebase.
06-27 00:28:47.997 W/Choreographer( 1538): Frame time is 0.055758 ms in the future! Check that graphics HAL is generating vsync timestamps using the correct timebase.
06-27 00:28:47.997 W/Choreographer( 6324): Frame time is 0.005653 ms in the future! Check that graphics HAL is generating vsync timestamps using the correct timebase.
06-27 00:28:47.997 D/CompatibilityChangeReporter( 6473): Compat change id reported: 171979766; UID 10028; state: DISABLED
06-27 00:28:48.000 I/ActivityManager( 1538): Killing 5598:com.tencent.android.qqdownloader:wxa_container0/u0a111 (adj 935): empty #2
06-27 00:28:48.004 I/GameMode_ActivityMonitoringService( 2014): onActivityLaunch: com.android.launcher3, isGameApp: false
06-27 00:28:48.004 V/GameMode_GpuUtils( 2014): fps:60
06-27 00:28:48.005 D/ApplicationLoaders( 6473): Returning zygote-cached class loader: /system/framework/android.test.base.jar
06-27 00:28:48.007 D/GameModeIF_GameModeSettings( 2014): getUriFor setting_content_uri_root = content://com.thundercomm.gamemode.api/gamemode_settings , name = gamemode_enable
06-27 00:28:48.008 D/libEGL ( 1538): MSAA-->msaa:0 gamemode:0 4x_msaa:0
06-27 00:28:48.008 D/libEGL ( 1538): MSAA-->msaa:0 gamemode:0 4x_msaa:0
06-27 00:28:48.009 D/libEGL ( 1538): MSAA-->msaa:0 gamemode:0 4x_msaa:0
06-27 00:28:48.011 I/libprocessgroup( 1538): Successfully killed process cgroup uid 10111 pid 5598 in 10ms
06-27 00:28:48.015 D/hintView( 3258): forceClose=true,resetShowChs=true
06-27 00:28:48.016 D/hintView( 3258): dismissPop()
06-27 00:28:48.022 D/hintView( 3258): forceClose=true,resetShowChs=true
06-27 00:28:48.022 D/hintView( 3258): dismissPop()
06-27 00:28:48.022 I/SceneAnimHandler( 3258): releaseAnim
06-27 00:28:48.022 I/SceneAnimHandler( 3258): releaseAnim
06-27 00:28:48.026 W/InputManager-JNI( 1538): Input channel object 'b538dc PopupWindow:d4e2a57 (client)' was disposed without first being removed with the input manager!
06-27 00:28:48.062 D/ActivityTaskManager( 1538): Skipping, freeform mode : Task{9bf9cc #57 type=undefined A=10111:com.tencent.android.qqdownloader U=0 visible=false mode=freeform translucent=true sz=0 visible freeform task=true rootAffinity=10111:com.tencent.android.qqdownloader isMini=false}
06-27 00:28:48.067 I/ImeService( 3258): ImeService(com.baidu.input_hryt.ImeService@953a1cb) life called >>> onUnbindInput
06-27 00:28:48.067 D/ImeService( 3258): onUnbindInput
06-27 00:28:48.068 I/ImeService( 3258): ImeService(com.baidu.input_hryt.ImeService@953a1cb) life called >>> onUnbindInput false
06-27 00:28:48.068 I/ImeService( 3258): ImeService(com.baidu.input_hryt.ImeService@953a1cb) life called >>> onBindInput
06-27 00:28:48.068 D/ImeService( 3258): onBindInput
06-27 00:28:48.069 I/ImeService( 3258): ImeService(com.baidu.input_hryt.ImeService@953a1cb) life called >>> onFinishInput
06-27 00:28:48.069 D/ImeService( 3258): onFinishInput
06-27 00:28:48.070 I/KeymapSwitch( 3258): putKeymap:idx:11 keyMap:null
06-27 00:28:48.070 I/KeymapSwitch( 3258): putKeymap:idx:30 keyMap:null
06-27 00:28:48.070 I/ImeService( 3258): ImeService(com.baidu.input_hryt.ImeService@953a1cb) life called >>> onStartInput false 10.6.1003.19
06-27 00:28:48.070 D/ImeService( 3258): current version:10.6.1003.19
06-27 00:28:48.070 D/ImeService( 3258): onStartInput:packageName:com.android.launcher3 inputType:0 restarting:false,fieldId:-1,imeOptions:0
06-27 00:28:48.073 E/CarAuth ( 3258): check ok
06-27 00:28:48.075 I/ColorPicker( 3258): invalidatePickedColors: oldFloatColor=fff5f7fa
06-27 00:28:48.078 W/SceneContainer( 3258): removeSelfFromParent : parentView is removed
06-27 00:28:48.078 W/SceneContainer( 3258): removeSelfFromParent : parentView is removed
06-27 00:28:48.105 W/System.err( 3507): java.net.ConnectException: Failed to connect to shiply-yyb-1258344701.file.myqcloud.com/10.0.0.1:443
06-27 00:28:48.105 W/System.err( 3507): at com.android.okhttp.internal.io.RealConnection.connectSocket(RealConnection.java:147)
06-27 00:28:48.105 W/System.err( 3507): at com.android.okhttp.internal.io.RealConnection.connect(RealConnection.java:116)
06-27 00:28:48.105 W/System.err( 3507): at com.android.okhttp.internal.http.StreamAllocation.findConnection(StreamAllocation.java:186)
06-27 00:28:48.105 W/System.err( 3507): at com.android.okhttp.internal.http.StreamAllocation.findHealthyConnection(StreamAllocation.java:128)
06-27 00:28:48.106 W/System.err( 3507): at com.android.okhttp.internal.http.StreamAllocation.newStream(StreamAllocation.java:97)
06-27 00:28:48.106 W/System.err( 3507): at com.android.okhttp.internal.http.HttpEngine.connect(HttpEngine.java:289)
06-27 00:28:48.106 W/System.err( 3507): at com.android.okhttp.internal.http.HttpEngine.sendRequest(HttpEngine.java:232)
06-27 00:28:48.106 W/System.err( 3507): at com.android.okhttp.internal.huc.HttpURLConnectionImpl.execute(HttpURLConnectionImpl.java:465)
06-27 00:28:48.106 W/System.err( 3507): at com.android.okhttp.internal.huc.HttpURLConnectionImpl.getResponse(HttpURLConnectionImpl.java:411)
06-27 00:28:48.106 W/System.err( 3507): at com.android.okhttp.internal.huc.HttpURLConnectionImpl.getResponseCode(HttpURLConnectionImpl.java:542)
06-27 00:28:48.106 W/System.err( 3507): at com.android.okhttp.internal.huc.DelegatingHttpsURLConnection.getResponseCode(DelegatingHttpsURLConnection.java:106)
06-27 00:28:48.106 W/System.err( 3507): at com.android.okhttp.internal.huc.HttpsURLConnectionImpl.getResponseCode(HttpsURLConnectionImpl.java:30)
06-27 00:28:48.106 W/System.err( 3507): at com.tencent.halley.downloader.a.a.a.b(Unknown Source:385)
06-27 00:28:48.106 W/System.err( 3507): at com.tencent.halley.downloader.task.section.d.a(Unknown Source:191)
06-27 00:28:48.106 W/System.err( 3507): at com.tencent.halley.downloader.task.section.d.run(Unknown Source:612)
06-27 00:28:48.106 W/System.err( 3507): at java.util.concurrent.Executors$RunnableAdapter.call(Executors.java:462)
06-27 00:28:48.106 W/System.err( 3507): at java.util.concurrent.FutureTask.run(FutureTask.java:266)
06-27 00:28:48.106 W/System.err( 3507): at java.util.concurrent.ThreadPoolExecutor.runWorker(ThreadPoolExecutor.java:1167)
06-27 00:28:48.106 W/System.err( 3507): at java.util.concurrent.ThreadPoolExecutor$Worker.run(ThreadPoolExecutor.java:641)
06-27 00:28:48.106 W/System.err( 3507): at java.lang.Thread.run(Thread.java:920)
06-27 00:28:48.133 W/System ( 1538): A resource failed to call close.
06-27 00:28:48.134 W/System ( 1538): A resource failed to call release.
06-27 00:28:48.134 W/System ( 1538): A resource failed to call close.
06-27 00:28:48.134 W/System ( 1538): A resource failed to call close.
06-27 00:28:48.139 W/System.err( 3507): java.lang.NumberFormatException: For input string: "yun-hl"
06-27 00:28:48.139 W/System.err( 3507): at java.lang.Integer.parseInt(Integer.java:615)
06-27 00:28:48.139 W/System.err( 3507): at java.lang.Integer.parseInt(Integer.java:650)
06-27 00:28:48.139 W/System.err( 3507): at com.tencent.halley.common.f.h.d(Unknown Source:74)
06-27 00:28:48.139 W/System.err( 3507): at com.tencent.halley.common.b.a.g.b(Unknown Source:60)
06-27 00:28:48.139 W/System.err( 3507): at com.tencent.halley.common.b.a.c.b(Unknown Source:389)
06-27 00:28:48.139 W/System.err( 3507): at com.tencent.halley.downloader.d.c.a(Unknown Source:85)
06-27 00:28:48.139 W/System.err( 3507): at com.tencent.halley.downloader.task.section.d.run(Unknown Source:155)
06-27 00:28:48.139 W/System.err( 3507): at java.util.concurrent.Executors$RunnableAdapter.call(Executors.java:462)
06-27 00:28:48.139 W/System.err( 3507): at java.util.concurrent.FutureTask.run(FutureTask.java:266)
06-27 00:28:48.139 W/System.err( 3507): at java.util.concurrent.ThreadPoolExecutor.runWorker(ThreadPoolExecutor.java:1167)
06-27 00:28:48.139 W/System.err( 3507): at java.util.concurrent.ThreadPoolExecutor$Worker.run(ThreadPoolExecutor.java:641)
06-27 00:28:48.139 W/System.err( 3507): at java.lang.Thread.run(Thread.java:920)
06-27 00:28:48.145 W/System.err( 3507): java.net.ConnectException: Failed to connect to yun-hl.3g.qq.com/10.0.0.1:443
06-27 00:28:48.146 W/System.err( 3507): at com.android.okhttp.internal.io.RealConnection.connectSocket(RealConnection.java:147)
06-27 00:28:48.146 W/System.err( 3507): at com.android.okhttp.internal.io.RealConnection.connect(RealConnection.java:116)
06-27 00:28:48.146 W/System.err( 3507): at com.android.okhttp.internal.http.StreamAllocation.findConnection(StreamAllocation.java:186)
06-27 00:28:48.146 W/System.err( 3507): at com.android.okhttp.internal.http.StreamAllocation.findHealthyConnection(StreamAllocation.java:128)
06-27 00:28:48.146 W/System.err( 3507): at com.android.okhttp.internal.http.StreamAllocation.newStream(StreamAllocation.java:97)
06-27 00:28:48.146 W/System.err( 3507): at com.android.okhttp.internal.http.HttpEngine.connect(HttpEngine.java:289)
06-27 00:28:48.146 W/System.err( 3507): at com.android.okhttp.internal.http.HttpEngine.sendRequest(HttpEngine.java:232)
06-27 00:28:48.146 W/System.err( 3507): at com.android.okhttp.internal.huc.HttpURLConnectionImpl.execute(HttpURLConnectionImpl.java:465)
06-27 00:28:48.146 W/System.err( 3507): at com.android.okhttp.internal.huc.HttpURLConnectionImpl.connect(HttpURLConnectionImpl.java:131)
06-27 00:28:48.146 W/System.err( 3507): at com.android.okhttp.internal.huc.DelegatingHttpsURLConnection.connect(DelegatingHttpsURLConnection.java:90)
06-27 00:28:48.146 W/System.err( 3507): at com.android.okhttp.internal.huc.HttpsURLConnectionImpl.connect(HttpsURLConnectionImpl.java:30)
06-27 00:28:48.146 W/System.err( 3507): at com.tencent.halley.common.b.a.g.b(Unknown Source:236)
06-27 00:28:48.146 W/System.err( 3507): at com.tencent.halley.common.b.a.c.b(Unknown Source:389)
06-27 00:28:48.146 W/System.err( 3507): at com.tencent.halley.downloader.d.c.a(Unknown Source:85)
06-27 00:28:48.146 W/System.err( 3507): at com.tencent.halley.downloader.task.section.d.run(Unknown Source:155)
