06-27 00:27:44.783 W/ActivityManager( 1538): Slow operation: 194ms so far, now at startProcess: returned from zygote!
06-27 00:27:44.784 W/ActivityManager( 1538): Slow operation: 194ms so far, now at startProcess: done updating battery stats
06-27 00:27:44.784 W/ActivityManager( 1538): Slow operation: 194ms so far, now at startProcess: building log message
06-27 00:27:44.784 I/ActivityManager( 1538): Start proc 2982:com.qualcomm.qti.qccnetstat/u0a86 for added application com.qualcomm.qti.qccnetstat
06-27 00:27:44.784 W/ActivityManager( 1538): Slow operation: 194ms so far, now at startProcess: starting to update pids map
06-27 00:27:44.784 W/ActivityManager( 1538): Slow operation: 194ms so far, now at startProcess: done updating pids map
06-27 00:27:44.784 W/ActivityManager( 1538): Slow operation: 194ms so far, now at startProcess: asking zygote to start proc
06-27 00:27:44.784 D/CompatibilityChangeReporter( 1538): Compat change id reported: 143937733; UID 10087; state: ENABLED
06-27 00:27:44.788 I/[ 12.349789] binder( 0): 2956:2956 ioctl 40046210 7fdc24c794 returned -22
06-27 00:27:44.793 W/[ 12.359317] QSEECOM( 0): __qseecom_unload_app: App (7) is unloaded
06-27 00:27:44.793 D/[ 12.360328] qbt( 0): qbt_release: entry minor_no=0 fd_available=0
06-27 00:27:44.793 D/[ 12.360330] qbt( 0): qbt_release: Releasing wakelock
06-27 00:27:44.793 D/[ 12.360331] qbt( 0): qbt_release: exit : fd_available=1
06-27 00:27:44.793 D/[ 12.360334] qbt( 0): qbt_release: entry minor_no=1 fd_available=1
06-27 00:27:44.793 D/[ 12.360334] qbt( 0): qbt_release: exit : fd_available=1
06-27 00:27:44.803 E/ ( 0): [ 12.367079] msm-dwc3 a600000.ssusb: Could not get usb psy
06-27 00:27:44.791 W/ActivityManager( 1538): Slow operation: 200ms so far, now at startProcess: returned from zygote!
06-27 00:27:44.791 W/Looper ( 1538): Slow dispatch took 376ms main h=android.os.Handler c=com.android.server.biometrics.sensors.fingerprint.hidl.Fingerprint21$$ExternalSyntheticLambda2@4f8db6d m=0
06-27 00:27:44.791 D/BiometricScheduler/Fingerprint21( 1538): [Added] {[1] FingerprintUpdateActiveUserClient, proto=1, owner=android, cookie=0, requestId=-1, userId=0}, new queue size: 1
06-27 00:27:44.792 V/BiometricScheduler/Fingerprint21( 1538): Not idle, current operation: {[0] FingerprintUpdateActiveUserClient, proto=1, owner=android, cookie=0, requestId=-1, userId=0}, State: 2
06-27 00:27:44.792 D/BiometricScheduler/Fingerprint21( 1538): [Added] {[2] FingerprintInternalCleanupClient, proto=7, owner=android, cookie=0, requestId=-1, userId=0}, new queue size: 2
06-27 00:27:44.792 V/BiometricScheduler/Fingerprint21( 1538): Not idle, current operation: {[0] FingerprintUpdateActiveUserClient, proto=1, owner=android, cookie=0, requestId=-1, userId=0}, State: 2
06-27 00:27:44.792 W/Looper ( 1538): Slow delivery took 376ms main h=android.os.Handler c=com.android.server.biometrics.sensors.fingerprint.hidl.Fingerprint21$$ExternalSyntheticLambda12@a54c169 m=0
06-27 00:27:44.793 V/BackupManagerService( 1538): [UserID:0] No ancestral data
06-27 00:27:44.794 V/BackupManagerConstants( 1538): getKeyValueBackupIntervalMilliseconds(...) returns 14400000
06-27 00:27:44.794 V/BackupManagerConstants( 1538): getKeyValueBackupFuzzMilliseconds(...) returns 600000
06-27 00:27:44.794 V/BackupManagerConstants( 1538): getKeyValueBackupRequiredNetworkType(...) returns 1
06-27 00:27:44.794 V/BackupManagerConstants( 1538): getKeyValueBackupRequireCharging(...) returns true
06-27 00:27:44.794 V/KeyValueBackupJob( 1538): Scheduling k/v pass in 243 minutes
06-27 00:27:44.800 W/ActivityManager( 1538): Slow operation: 210ms so far, now at startProcess: done updating battery stats
06-27 00:27:44.801 W/ActivityManager( 1538): Slow operation: 210ms so far, now at startProcess: building log message
06-27 00:27:44.801 I/ActivityManager( 1538): Start proc 2985:com.qualcomm.qti.workloadclassifier/u0a87 for added application com.qualcomm.qti.workloadclassifier
06-27 00:27:44.801 W/ActivityManager( 1538): Slow operation: 210ms so far, now at startProcess: starting to update pids map
06-27 00:27:44.801 W/ActivityManager( 1538): Slow operation: 210ms so far, now at startProcess: done updating pids map
06-27 00:27:44.801 W/ActivityManager( 1538): Slow operation: 210ms so far, now at startProcess: asking zygote to start proc
06-27 00:27:44.801 D/CompatibilityChangeReporter( 1538): Compat change id reported: 143937733; UID 10088; state: ENABLED
06-27 00:27:44.801 I/NotificationHistory( 1538): Attempted to unlock gone/disabled user 0
06-27 00:27:44.802 I/GameModeConfig( 1538): isGameModeOn = false
06-27 00:27:44.802 W/NotificationHistory( 1538): Attempted to add notif for locked/gone/disabled user 0
06-27 00:27:44.804 D/CompatibilityChangeReporter( 1538): Compat change id reported: 182478738; UID 1001; state: DISABLED
06-27 00:27:44.804 V/NotificationAssistants( 1538): disabling notification assistant for user 0: ComponentInfo{android.ext.services/android.ext.services.notification.Assistant}
06-27 00:27:44.805 D/NotificationListeners( 1538): Removing active service ComponentInfo{android.ext.services/android.ext.services.notification.Assistant}
06-27 00:27:44.805 V/NotificationAssistants( 1538): enabling notification assistant for 0: ComponentInfo{android.ext.services/android.ext.services.notification.Assistant}
06-27 00:27:44.806 V/NotificationAssistants( 1538): binding: Intent { act=android.service.notification.NotificationAssistantService cmp=android.ext.services/.notification.Assistant (has extras) }
06-27 00:27:44.806 D/CompatibilityChangeReporter( 1538): Compat change id reported: 171306433; UID 1000; state: ENABLED
06-27 00:27:44.812 D/CompatibilityChangeReporter( 1538): Compat change id reported: 168419799; UID 10094; state: DISABLED
06-27 00:27:44.814 W/ActivityManager( 1538): Slow operation: 222ms so far, now at startProcess: returned from zygote!
06-27 00:27:44.815 W/ActivityManager( 1538): Slow operation: 224ms so far, now at startProcess: done updating battery stats
06-27 00:27:44.815 W/ActivityManager( 1538): Slow operation: 224ms so far, now at startProcess: building log message
06-27 00:27:44.815 I/ActivityManager( 1538): Start proc 2994:com.hryt.lebotp/u0a88 for added application com.hryt.lebotp
06-27 00:27:44.815 W/ActivityManager( 1538): Slow operation: 224ms so far, now at startProcess: starting to update pids map
06-27 00:27:44.816 W/ActivityManager( 1538): Slow operation: 226ms so far, now at startProcess: done updating pids map
06-27 00:27:44.817 W/ActivityManager( 1538): Slow operation: 59ms so far, now at startProcess: asking zygote to start proc
06-27 00:27:44.817 D/CompatibilityChangeReporter( 1538): Compat change id reported: 143937733; UID 10082; state: ENABLED
06-27 00:27:44.821 I/[ 12.387280] binder( 0): 2982:2982 ioctl 40046210 7fdc24c794 returned -22
06-27 00:27:44.821 I/[ 12.390407] binder( 0): 2985:2985 ioctl 40046210 7fdc24c794 returned -22
06-27 00:27:44.838 D/CompatibilityChangeReporter( 1538): Compat change id reported: 168419799; UID 10079; state: DISABLED
06-27 00:27:44.847 I/UsageStatsService( 1538): User[0] Rollover scheduled @ 2023-06-27 23:00:05(1687878005601)
06-27 00:27:44.849 W/ActivityManager( 1538): Slow operation: 91ms so far, now at startProcess: returned from zygote!
06-27 00:27:44.852 D/CompatibilityChangeReporter( 1538): Compat change id reported: 168419799; UID 10087; state: DISABLED
06-27 00:27:44.852 D/PowerManagerService( 1538): releaseWakeLockInternal: lock=203972335 [LocationService], flags=0x0
06-27 00:27:44.852 D/PowerManagerNotifier( 1538): onWakeLockReleased: flags=1, tag="LocationService", packageName=com.qualcomm.location, ownerUid=10070, ownerPid=2742, workSource=null
06-27 00:27:44.853 D/PowerManagerService( 1538): updateWakeLockSummaryLocked: mWakefulness=Awake, mWakeLockSummary=0x1
06-27 00:27:44.853 D/PowerManagerService( 1538): updateUserActivitySummaryLocked: groupId=0, mWakefulness=Awake, mUserActivitySummary=0x1, nextTimeout=72201 (in 59778 ms)
06-27 00:27:44.853 D/PowerManagerNotifier( 1538): onScreenPolicyUpdate: newPolicy=3
06-27 00:27:44.853 D/PowerManagerService( 1538): updateDisplayPowerStateLocked: displayReady=true, groupId=0, policy=BRIGHT, mWakefulness=Awake, mWakeLockSummary=0x1, mUserActivitySummary=0x1, mBootCompleted=true, screenBrightnessOverride=NaN, useAutoBrightness=false, mScreenBrightnessBoostInProgress=false, mIsVrModeEnabled= false, sQuiescent=false
06-27 00:27:44.861 I/[ 12.426526] binder( 0): 2994:2994 ioctl 40046210 ffd43df8 returned -22
06-27 00:27:44.859 D/CompatibilityChangeReporter( 1538): Compat change id reported: 168419799; UID 10086; state: DISABLED
06-27 00:27:44.868 W/ActivityManager( 1538): Slow operation: 110ms so far, now at startProcess: done updating battery stats
06-27 00:27:44.868 W/ActivityManager( 1538): Slow operation: 110ms so far, now at startProcess: building log message
06-27 00:27:44.868 I/ActivityManager( 1538): Start proc 3038:com.qualcomm.qtil.aptxui/u0a82 for broadcast {com.qualcomm.qtil.aptxui/com.qualcomm.qtil.aptxui.aptxuiBootReceiver}
06-27 00:27:44.868 W/ActivityManager( 1538): Slow operation: 111ms so far, now at startProcess: starting to update pids map
06-27 00:27:44.868 W/ActivityManager( 1538): Slow operation: 111ms so far, now at startProcess: done updating pids map
06-27 00:27:44.868 W/ActivityManager( 1538): Slow operation: 103ms so far, now at startProcess: asking zygote to start proc
06-27 00:27:44.868 D/CompatibilityChangeReporter( 1538): Compat change id reported: 143937733; UID 10093; state: ENABLED
06-27 00:27:44.875 D/CompatibilityChangeReporter( 1538): Compat change id reported: 135634846; UID 10071; state: DISABLED
06-27 00:27:44.875 D/CompatibilityChangeReporter( 1538): Compat change id reported: 177438394; UID 10071; state: DISABLED
06-27 00:27:44.875 D/CompatibilityChangeReporter( 1538): Compat change id reported: 135772972; UID 10071; state: DISABLED
06-27 00:27:44.875 D/CompatibilityChangeReporter( 1538): Compat change id reported: 135754954; UID 10071; state: ENABLED
06-27 00:27:44.883 W/ActivityManager( 1538): Slow operation: 118ms so far, now at startProcess: returned from zygote!
06-27 00:27:44.885 I/[ 12.454803] binder( 0): 3038:3038 ioctl 40046210 7fdc24c794 returned -22
06-27 00:27:44.890 I/[ 12.460552] binder( 0): 2649:2990 ioctl 40046210 7ad5c59254 returned -22
06-27 00:27:44.894 D/CompatibilityChangeReporter( 1538): Compat change id reported: 168419799; UID 10088; state: DISABLED
06-27 00:27:44.904 I/[ 12.465764] binder( 0): 3056:3056 ioctl 40046210 7fdc24c794 returned -22
06-27 00:27:44.907 I/UsageStatsService( 1538): User[0] Flushing usage stats to disk
06-27 00:27:44.913 W/ActivityManager( 1538): Slow operation: 147ms so far, now at startProcess: done updating battery stats
06-27 00:27:44.913 I/Watchdog( 1538): Interesting Java process com.android.providers.media.module started. Pid 3056
06-27 00:27:44.913 W/ActivityManager( 1538): Slow operation: 148ms so far, now at startProcess: building log message
06-27 00:27:44.913 I/ActivityManager( 1538): Start proc 3056:com.android.providers.media.module/u0a93 for service {com.android.providers.media.module/com.android.providers.media.fuse.ExternalStorageServiceImpl}
06-27 00:27:44.913 W/ActivityManager( 1538): Slow operation: 148ms so far, now at startProcess: starting to update pids map
06-27 00:27:44.913 W/ActivityManager( 1538): Slow operation: 148ms so far, now at startProcess: done updating pids map
06-27 00:27:44.913 D/CompatibilityChangeReporter( 1538): Compat change id reported: 143937733; UID 10071; state: ENABLED
06-27 00:27:44.916 I/BackupManagerService( 1538): isBackupEnabled() => false due to absent settings file
06-27 00:27:44.916 D/BackupManagerService( 1538): user:0 readBackupEnableState enabled:false
06-27 00:27:44.916 I/BackupManagerService( 1538): [UserID:0] Backup enabled => false
06-27 00:27:44.920 D/PowerManagerService( 1538): acquireWakeLockInternal: lock=234049306, flags=0x1, tag="SyncLoopWakeLock", ws=null, uid=1000, pid=1538
06-27 00:27:44.920 D/PowerManagerService( 1538): updateWakeLockSummaryLocked: mWakefulness=Awake, mWakeLockSummary=0x1
06-27 00:27:44.920 D/PowerManagerService( 1538): updateUserActivitySummaryLocked: groupId=0, mWakefulness=Awake, mUserActivitySummary=0x1, nextTimeout=72201 (in 59711 ms)
06-27 00:27:44.920 D/PowerManagerNotifier( 1538): onScreenPolicyUpdate: newPolicy=3
06-27 00:27:44.920 D/PowerManagerService( 1538): updateDisplayPowerStateLocked: displayReady=true, groupId=0, policy=BRIGHT, mWakefulness=Awake, mWakeLockSummary=0x1, mUserActivitySummary=0x1, mBootCompleted=true, screenBrightnessOverride=NaN, useAutoBrightness=false, mScreenBrightnessBoostInProgress=false, mIsVrModeEnabled= false, sQuiescent=false
06-27 00:27:44.920 D/PowerManagerNotifier( 1538): onWakeLockAcquired: flags=1, tag="SyncLoopWakeLock", packageName=android, ownerUid=1000, ownerPid=1538, workSource=null
06-27 00:27:44.921 D/CompatibilityChangeReporter( 1538): Compat change id reported: 168419799; UID 10082; state: DISABLED
06-27 00:27:44.925 D/CompatibilityChangeReporter( 1538): Compat change id reported: 157233955; UID 10070; state: DISABLED
06-27 00:27:44.927 I/SyncManager( 1538): Loaded persisted syncs: 2 periodic syncs, 2 oneshot syncs, 20 total system server jobs, JobStats: FirstLoad: 12/9/4 LastSave: -1/-1/-1
06-27 00:27:44.933 D/CompatibilityChangeReporter( 1538): Compat change id reported: 168419799; UID 10093; state: DISABLED
06-27 00:27:44.945 E/[ 12.515088] bt_ioctl( 0): BT_CMD_PWR_CTRL pwr_cntrl:2
06-27 00:27:44.945 E/[ 12.515100] bt_vreg_unvote( 0): vreg_unvote successful for : qca,bt-vdd-rfa2
06-27 00:27:44.945 E/[ 12.515104] bt_vreg_unvote( 0): vreg_unvote successful for : qca,bt-vdd-rfa1
06-27 00:27:44.946 E/[ 12.515107] bt_vreg_unvote( 0): vreg_unvote successful for : qca,bt-vdd-dig
06-27 00:27:44.946 E/[ 12.515111] bt_vreg_unvote( 0): vreg_unvote successful for : qca,bt-vdd-aon
06-27 00:27:44.939 W/ActivityManager( 1538): Slow operation: 63ms so far, now at startProcess: done updating battery stats
06-27 00:27:44.939 W/ActivityManager( 1538): Slow operation: 63ms so far, now at startProcess: building log message
06-27 00:27:44.939 I/ActivityManager( 1538): Start proc 3087:com.qualcomm.location.XT/u0a71 for service {com.qualcomm.location.XT/com.qualcomm.location.XT.XTSrv}
06-27 00:27:44.939 W/ActivityManager( 1538): Slow operation: 63ms so far, now at startProcess: starting to update pids map
06-27 00:27:44.939 W/ActivityManager( 1538): Slow operation: 63ms so far, now at startProcess: done updating pids map
06-27 00:27:44.940 D/CompatibilityChangeReporter( 1538): Compat change id reported: 135634846; UID 10111; state: DISABLED
06-27 00:27:44.940 D/CompatibilityChangeReporter( 1538): Compat change id reported: 177438394; UID 10111; state: DISABLED
06-27 00:27:44.940 D/CompatibilityChangeReporter( 1538): Compat change id reported: 135772972; UID 10111; state: DISABLED
06-27 00:27:44.940 D/CompatibilityChangeReporter( 1538): Compat change id reported: 135754954; UID 10111; state: DISABLED
06-27 00:27:44.941 W/Looper ( 1538): Slow dispatch took 111ms main h=android.app.ActivityThread$H c=android.app.LoadedApk$ReceiverDispatcher$Args$$ExternalSyntheticLambda0@bcdb2ca m=0
06-27 00:27:44.941 D/CompatibilityChangeReporter( 1538): Compat change id reported: 143937733; UID 10111; state: DISABLED
06-27 00:27:44.951 D/PowerManagerService( 1538): releaseWakeLockInternal: lock=234049306 [SyncLoopWakeLock], flags=0x0
06-27 00:27:44.951 D/PowerManagerNotifier( 1538): onWakeLockReleased: flags=1, tag="SyncLoopWakeLock", packageName=android, ownerUid=1000, ownerPid=1538, workSource=null
06-27 00:27:44.952 D/PowerManagerService( 1538): updateWakeLockSummaryLocked: mWakefulness=Awake, mWakeLockSummary=0x1
06-27 00:27:44.952 D/PowerManagerService( 1538): updateUserActivitySummaryLocked: groupId=0, mWakefulness=Awake, mUserActivitySummary=0x1, nextTimeout=72201 (in 59679 ms)
06-27 00:27:44.952 D/PowerManagerNotifier( 1538): onScreenPolicyUpdate: newPolicy=3
06-27 00:27:44.952 D/PowerManagerService( 1538): updateDisplayPowerStateLocked: displayReady=true, groupId=0, policy=BRIGHT, mWakefulness=Awake, mWakeLockSummary=0x1, mUserActivitySummary=0x1, mBootCompleted=true, screenBrightnessOverride=NaN, useAutoBrightness=false, mScreenBrightnessBoostInProgress=false, mIsVrModeEnabled= false, sQuiescent=false
06-27 00:27:44.953 W/[ 12.523333] cnss-daemon( 0): DMS thread joined succesfully
06-27 00:27:44.953 W/[ 12.523344] cnss-daemon( 0): wlfw_stop: Stop done: 0
06-27 00:27:44.953 W/[ 12.523348] cnss-daemon( 0): wlfw_start: Starting
06-27 00:27:44.955 W/[ 12.523704] cnss-daemon( 0): wlfw_service_request: Start the pthread: 0x0K
06-27 00:27:44.955 W/[ 12.525536] cnss-daemon( 0): ro.baseband : [apq]
06-27 00:27:44.958 D/BiometricScheduler/Fingerprint21( 1538): [Finishing] {[0] FingerprintUpdateActiveUserClient, proto=1, owner=android, cookie=0, requestId=-1, userId=0}, success: true
06-27 00:27:44.958 D/BiometricScheduler/Fingerprint21( 1538): [Polled] {[1] FingerprintUpdateActiveUserClient, proto=1, owner=android, cookie=0, requestId=-1, userId=0}, State: 0
06-27 00:27:44.958 D/BiometricScheduler/Fingerprint21( 1538): [Starting] {[1] FingerprintUpdateActiveUserClient, proto=1, owner=android, cookie=0, requestId=-1, userId=0}, State: 0
06-27 00:27:44.958 D/BiometricScheduler/Fingerprint21( 1538): [Started] {[1] FingerprintUpdateActiveUserClient, proto=1, owner=android, cookie=0, requestId=-1, userId=0}
06-27 00:27:44.961 W/[ 12.525556] cnss-daemon( 0): Hardware supports external modem
06-27 00:27:44.961 W/[ 12.531441] cnss-daemon( 0): pm_release_vote: pm_handle is NULL
06-27 00:27:44.961 W/[ 12.531451] cnss-daemon( 0): pm_release_vote: pm_handle is NULL
06-27 00:27:44.961 W/[ 12.531492] cnss-daemon( 0): wlfw_build_cal_table: not read /data/vendor/wifi/wlfw_cal_00.bin
06-27 00:27:44.964 W/[ 12.532102] cnss-daemon( 0): wlfw_build_cal_table: not read /data/vendor/wifi/wlfw_cal_02.bin
06-27 00:27:44.964 I/[ 12.533063] binder( 0): 3087:3087 ioctl 40046210 7fdc24c794 returned -22
06-27 00:27:44.969 D/[ 12.538085] cnss( 0): Received QMI WLFW request memory indication
06-27 00:27:44.969 D/[ 12.538348] cnss( 0): FW requests for memory, size: 0x5e0000, type: 1
06-27 00:27:44.969 D/[ 12.538354] cnss( 0): FW requests for memory, size: 0xd8000, type: 4
06-27 00:27:44.969 D/[ 12.538359] cnss( 0): Posting event: REQUEST_MEM(2), state: 0x11 flags: 0x0
06-27 00:27:44.969 D/[ 12.538365] cnss( 0): PM stay awake, state: 0x11, count: 1
06-27 00:27:44.969 D/[ 12.538375] cnss( 0): PM relax, state: 0x11, count: 0
06-27 00:27:44.969 D/[ 12.538382] cnss( 0): PM stay awake, state: 0x11, count: 1
06-27 00:27:44.969 D/[ 12.538387] cnss( 0): Processing driver event: REQUEST_MEM(2), state: 0x11
06-27 00:27:44.969 D/[ 12.538391] cnss( 0): Sending respond memory message, state: 0x11
06-27 00:27:44.970 D/[ 12.538397] cnss( 0): Memory for FW, va: 0x0000000000000000, pa: 0x00000000a1000000, size: 0x5e0000, type: 1
06-27 00:27:44.970 D/[ 12.538402] cnss( 0): Memory for FW, va: 0x0000000000000000, pa: 0x00000000a1600000, size: 0xd8000, type: 4
06-27 00:27:44.970 D/CompatibilityChangeReporter( 1538): Compat change id reported: 168419799; UID 10071; state: DISABLED
06-27 00:27:44.973 D/[ 12.542331] cnss( 0): PM relax, state: 0x11, count: 0
06-27 00:27:44.973 D/[ 12.542883] cnss( 0): Received QMI WLFW FW memory ready indication
06-27 00:27:44.973 D/[ 12.542890] cnss( 0): Posting event: FW_MEM_READY(3), state: 0x11 flags: 0x0
06-27 00:27:44.973 D/[ 12.542895] cnss( 0): PM stay awake, state: 0x11, count: 1
06-27 00:27:44.973 D/[ 12.542910] cnss( 0): PM relax, state: 0x11, count: 0
06-27 00:27:44.973 D/[ 12.542918] cnss( 0): PM stay awake, state: 0x11, count: 1
06-27 00:27:44.973 D/[ 12.542922] cnss( 0): Processing driver event: FW_MEM_READY(3), state: 0x11
06-27 00:27:44.973 D/[ 12.542926] cnss( 0): Sending target capability message, state: 0x13
06-27 00:27:44.975 D/[ 12.545608] qbt( 0): qbt_open: entry minor_no=0 fd_available=1
06-27 00:27:44.975 D/[ 12.545610] qbt( 0): qbt_open: exit : 0 fd_available=0
06-27 00:27:44.975 D/[ 12.545621] qbt( 0): qbt_open: entry minor_no=1 fd_available=0
06-27 00:27:44.975 D/[ 12.545622] qbt( 0): qbt_open: exit : 0 fd_available=0
06-27 00:27:44.975 D/[ 12.546144] qbt( 0): qbt_ioctl: cmd received 107
06-27 00:27:44.975 D/[ 12.546146] qbt( 0): qbt_ioctl: Acquiring wakelock
06-27 00:27:44.979 E/ ( 0): [ 12.549445] msm-dwc3 a600000.ssusb: Could not get usb psy
06-27 00:27:44.980 I/[ 12.549463] android_work( 0): did not send uevent (0 0 0000000000000000)
06-27 00:27:44.982 I/ActivityManager( 1538): Start proc 3131:com.tencent.android.qqdownloader:live/u0a111 for service {com.tencent.android.qqdownloader/com.live.sync.YYBLiveSyncService1}
06-27 00:27:44.987 D/[ 12.557837] cnss( 0): Voltage for CPR: 948mV
06-27 00:27:44.987 D/[ 12.557842] cnss( 0): Update TCS CMD data address 0x000000000b2e5844 with voltage 950mV
06-27 00:27:44.987 D/[ 12.557843] cnss( 0): Device frequency is 24000000 HZ
06-27 00:27:44.987 D/[ 12.557846] cnss( 0): Target capability: chip_id: 0x0, chip_family: 0xb, board_id: 0xff, soc_id: 0xffffffff, fw_version: 0x101a0521, fw_build_timestamp: 2021-12-20 07:54, fw_build_id: QC_IMAGE_VERSION_STRING=WLAN.HST.1.0.1.r1-01313-QCAHSTSWPL_SILICONZ-1, otp_version: 0x480020
06-27 00:27:44.987 D/[ 12.557849] cnss( 0): Sending BDF download message, state: 0x13, type: 4
06-27 00:27:44.987 D/[ 12.557852] cnss( 0): FW name added with prefix: qca6390/regdb.bin
06-27 00:27:44.987 W/ ( 0): [ 12.557868] cnss2 b0000000.qcom,cnss-qca6390: Falling back to syfs fallback for: qca6390/regdb.bin
06-27 00:27:44.994 I/[ 12.562724] ueventd( 0): firmware: loading 'qca6390/regdb.bin' for '/devices/platform/soc/b0000000.qcom,cnss-qca6390/firmware/qca6390!regdb.bin'
06-27 00:27:44.994 E/[ 12.563070] ueventd( 0): firmware: could not find firmware for qca6390/regdb.bin
06-27 00:27:44.994 E/[ 12.563078] ueventd( 0): firmware: attempted /etc/firmware/qca6390/regdb.bin, open failed: No such file or directory
06-27 00:27:44.994 E/[ 12.563082] ueventd( 0): firmware: attempted /odm/firmware/qca6390/regdb.bin, open failed: No such file or directory
06-27 00:27:44.994 E/[ 12.563085] ueventd( 0): firmware: attempted /vendor/firmware/qca6390/regdb.bin, open failed: No such file or directory
06-27 00:27:44.994 E/[ 12.563088] ueventd( 0): firmware: attempted /firmware/image/qca6390/regdb.bin, open failed: No such file or directory
06-27 00:27:44.994 E/[ 12.563095] ueventd( 0): firmware: attempted /vendor/firmware_mnt/image/qca6390/regdb.bin, open failed: No such file or directory
06-27 00:27:44.994 I/[ 12.563126] ueventd( 0): loading /devices/platform/soc/b0000000.qcom,cnss-qca6390/firmware/qca6390!regdb.bin took 0ms
06-27 00:27:44.994 E/[ 12.563225] cnss( 0): Failed to load BDF: qca6390/regdb.bin
06-27 00:27:44.994 D/[ 12.563232] cnss( 0): Sending BDF download message, state: 0x13, type: 1
06-27 00:27:44.994 D/[ 12.563235] cnss( 0): FW name added with prefix: qca6390/bdwlan.elf
06-27 00:27:44.994 W/ ( 0): [ 12.563249] cnss2 b0000000.qcom,cnss-qca6390: Falling back to syfs fallback for: qca6390/bdwlan.elf
06-27 00:27:45.012 D/[ 12.573855] cnss( 0): Downloading BDF: qca6390/bdwlan.elf, size: 57908
06-27 00:27:45.020 W/[ 12.585740] QSEECOM( 0): qseecom_load_app: App (fingerpr) does'nt exist, loading apps for first time
06-27 00:27:45.025 I/[ 12.594558] binder( 0): 3131:3131 ioctl 40046210 7fdc24c794 returned -22
06-27 00:27:45.025 I/[ 12.595890] android_work( 0): sent uevent USB_STATE=CONNECTED
06-27 00:27:45.041 D/[ 12.612058] cnss( 0): Sending M3 information message, state: 0x13
06-27 00:27:45.041 D/[ 12.612064] cnss( 0): M3 memory, va: 0x0000000000000000, pa: 0x00000000a1800000, size: 0x411bc
06-27 00:27:45.029 D/CompatibilityChangeReporter( 1538): Compat change id reported: 135634846; UID 10032; state: DISABLED
06-27 00:27:45.029 D/CompatibilityChangeReporter( 1538): Compat change id reported: 177438394; UID 10032; state: DISABLED
06-27 00:27:45.029 D/CompatibilityChangeReporter( 1538): Compat change id reported: 135772972; UID 10032; state: DISABLED
06-27 00:27:45.029 D/CompatibilityChangeReporter( 1538): Compat change id reported: 135754954; UID 10032; state: ENABLED
06-27 00:27:45.030 D/CompatibilityChangeReporter( 1538): Compat change id reported: 143937733; UID 10032; state: ENABLED
06-27 00:27:45.037 D/CompatibilityChangeReporter( 1538): Compat change id reported: 168419799; UID 10111; state: DISABLED
06-27 00:27:45.045 D/[ 12.614538] cnss( 0): Received QMI WLFW FW initialization done indication
06-27 00:27:45.045 D/[ 12.614543] cnss( 0): Posting event: FW_READY(4), state: 0x13 flags: 0x0
06-27 00:27:45.045 D/[ 12.615583] cnss( 0): Processing driver event: FW_READY(4), state: 0x13
06-27 00:27:45.045 D/[ 12.615590] cnss( 0): PCIE Gen speed not setup
06-27 00:27:45.048 I/[ 12.618652] binder( 0): 3087:3152 ioctl 40046210 7b3a7dc944 returned -22
06-27 00:27:45.050 D/CompatibilityChangeReporter( 1538): Compat change id reported: 168419799; UID 10054; state: DISABLED
06-27 00:27:45.051 I/ActivityManager( 1538): Start proc 3155:android.process.media/u0a32 for broadcast {com.android.mtp/com.android.mtp.MtpReceiver}
06-27 00:27:45.059 I/[ 12.624543] binder( 0): 2205:2205 ioctl 40046210 7fdc24c124 returned -22
06-27 00:27:45.059 I/[ 12.625120] binder( 0): 3155:3155 ioctl 40046210 7fdc24c794 returned -22
06-27 00:27:45.059 I/ ( 0): [ 12.627093] configfs-gadget gadget: high-speed config #1: b
06-27 00:27:45.059 E/ ( 0): [ 12.627448] msm-dwc3 a600000.ssusb: Could not get usb psy
06-27 00:27:45.059 I/[ 12.627560] android_work( 0): sent uevent USB_STATE=CONFIGURED
06-27 00:27:45.055 D/CompatibilityChangeReporter( 1538): Compat change id reported: 168419799; UID 1000; state: DISABLED
06-27 00:27:45.059 W/ContextImpl( 2264): Calling a method in the system process without a qualified user: android.app.ContextImpl.startService:1816 android.content.ContextWrapper.startService:774 android.content.ContextWrapper.startService:774 vendor.qti.qesdk.sysservice.QesdkSysReceiver.onReceive:42 android.app.ActivityThread.handleReceiver:4309
06-27 00:27:45.068 W/ ( 0): [ 12.639228] (NULL device *): Falling back to syfs fallback for: wlan/qca_cld/qca6390/WCNSS_qcom_cfg.ini
06-27 00:27:45.062 D/CompatibilityChangeReporter( 1538): Compat change id reported: 168419799; UID 10032; state: DISABLED
06-27 00:27:45.070 D/CompatibilityChangeReporter( 1538): Compat change id reported: 135634846; UID 10021; state: DISABLED
06-27 00:27:45.071 D/CompatibilityChangeReporter( 1538): Compat change id reported: 177438394; UID 10021; state: DISABLED
06-27 00:27:45.071 D/CompatibilityChangeReporter( 1538): Compat change id reported: 135772972; UID 10021; state: DISABLED
06-27 00:27:45.071 D/CompatibilityChangeReporter( 1538): Compat change id reported: 135754954; UID 10021; state: ENABLED
06-27 00:27:45.071 D/CompatibilityChangeReporter( 1538): Compat change id reported: 143937733; UID 10021; state: ENABLED
06-27 00:27:45.077 D/BluetoothManagerService( 1538): MESSAGE_BLUETOOTH_STATE_CHANGE: BLE_TURNING_ON > BLE_ON
06-27 00:27:45.077 D/BluetoothManagerService( 1538): Bluetooth is in LE only mode
06-27 00:27:45.077 D/BluetoothManagerService( 1538): Binding Bluetooth GATT service
06-27 00:27:45.079 D/BluetoothManagerService( 1538): Sending BLE State Change: BLE_TURNING_ON > BLE_ON
06-27 00:27:45.079 I/ActivityManager( 1538): Start proc 3187:com.android.traceur/u0a21 for broadcast {com.android.traceur/com.android.traceur.Receiver}
06-27 00:27:45.086 I/[ 12.656825] [kworke][0x1187312a][00( 0): 27:45.086275] wlan: [279:I:HDD] hdd_pm_qos_add_request: 9360: Set cpu_mask 0f for affine_cores
06-27 00:27:45.086 I/[ 12.656828] [kworke][0x11873178][00( 0): 27:45.086279] wlan: [279:I:HDD] hdd_pm_qos_add_request: 9362: Set cpu_mask 0f for affine_cores
06-27 00:27:45.086 D/[ 12.656875] cnss( 0): Sending ini sync request, state: 0x17, fw_log_mode: 1
06-27 00:27:45.095 I/[ 12.662062] [kworke][0x1188b99e][00( 0): 27:45.091508] wlan: [279:I:HIF] Initializing Runtime PM wakelock &sc->prevent_linkdown_lock
06-27 00:27:45.095 I/[ 12.662068] [kworke][0x1188ba79][00( 0): 27:45.091519] wlan: [279:I:HIF] hif_pci_enable_bus: con_mode = 0x0, WLAN_SOC_device_id = 0x1101
06-27 00:27:45.095 I/[ 12.662073] [kworke][0x1188bae0][00( 0): 27:45.091524] wlan: [279:I:HIF] hif_pci_enable_bus: hif_enable_pci done
06-27 00:27:45.095 I/[ 12.662428] [kworke][0x1188d50d][00( 0): 27:45.091873] wlan: [279:I:HIF] *********** QCA6390 *************
06-27 00:27:45.095 I/ ( 0): [ 12.662428]
06-27 00:27:45.095 I/[ 12.662431] [kworke][0x1188d5b1][00( 0): 27:45.091882] wlan: [279:I:HIF] hif_pci_enable_bus: hif_type = 0x12, target_type = 0x17
06-27 00:27:45.095 I/[ 12.662433] [kworke][0x1188d5e6][00( 0): 27:45.091884] wlan: [279:I:HIF] hif_register_tbl_attach: HIF_TYPE_QCA6390
06-27 00:27:45.095 I/[ 12.662435] [kworke][0x1188d604][00( 0): 27:45.091886] wlan: [279:I:HIF] hif_target_register_tbl_attach: TARGET_TYPE_QCA6390
06-27 00:27:45.095 I/[ 12.662436] [kworke][0x1188d61f][00( 0): 27:45.091887] wlan: [279:I:HIF] hif_pci_enable_bus:Skip tgt_wake up for srng devices
06-27 00:27:45.095 I/ ( 0): [ 12.662436]
06-27 00:27:45.095 E/[ 12.662552] [kworke][0x1188decf][00( 0): 27:45.092003] wlan: [279:E:TXRX] hif_print_hal_shadow_register_cfg: num_config 28
06-27 00:27:45.095 I/[ 12.662558] [kworke][0x1188df47][00( 0): 27:45.092010] wlan: [279:I:TXRX] hif_print_hal_shadow_register_cfg: i 0, val a3b034
06-27 00:27:45.095 I/[ 12.662560] [kworke][0x1188df66][00( 0): 27:45.092011] wlan: [279:I:TXRX] hif_print_hal_shadow_register_cfg: i 1, val a3b03c
06-27 00:27:45.095 I/[ 12.662562] [kworke][0x1188df84][00( 0): 27:45.092013] wlan: [279:I:TXRX] hif_print_hal_shadow_register_cfg: i 2, val a3b044
06-27 00:27:45.095 I/[ 12.662563] [kworke][0x1188df9d][00( 0): 27:45.092014] wlan: [279:I:TXRX] hif_print_hal_shadow_register_cfg: i 3, val a3b04c
06-27 00:27:45.095 I/[ 12.662564] [kworke][0x1188dfb5][00( 0): 27:45.092015] wlan: [279:I:TXRX] hif_print_hal_shadow_register_cfg: i 4, val a3b054
06-27 00:27:45.095 I/[ 12.662565] [kworke][0x1188dfcd][00( 0): 27:45.092017] wlan: [279:I:TXRX] hif_print_hal_shadow_register_cfg: i 5, val a3b028
06-27 00:27:45.095 I/[ 12.662567] [kworke][0x1188dfe5][00( 0): 27:45.092018] wlan: [279:I:TXRX] hif_print_hal_shadow_register_cfg: i 6, val a3b020
06-27 00:27:45.095 I/[ 12.662568] [kworke][0x1188dffd][00( 0): 27:45.092019] wlan: [279:I:TXRX] hif_print_hal_shadow_register_cfg: i 7, val a3b06c
06-27 00:27:45.095 I/[ 12.662569] [kworke][0x1188e015][00( 0): 27:45.092020] wlan: [279:I:TXRX] hif_print_hal_shadow_register_cfg: i 8, val a46000
06-27 00:27:45.095 I/[ 12.662570] [kworke][0x1188e02e][00( 0): 27:45.092022] wlan: [279:I:TXRX] hif_print_hal_shadow_register_cfg: i 9, val a46008
06-27 00:27:45.095 I/[ 12.662572] [kworke][0x1188e048][00( 0): 27:45.092023] wlan: [279:I:TXRX] hif_print_hal_shadow_register_cfg: i 10, val a46010
06-27 00:27:45.095 I/[ 12.662573] [kworke][0x1188e062][00( 0): 27:45.092024] wlan: [279:I:TXRX] hif_print_hal_shadow_register_cfg: i 11, val a46018
06-27 00:27:45.095 I/[ 12.662574] [kworke][0x1188e07c][00( 0): 27:45.092026] wlan: [279:I:TXRX] hif_print_hal_shadow_register_cfg: i 12, val a46034
06-27 00:27:45.095 I/[ 12.662576] [kworke][0x1188e095][00( 0): 27:45.092027] wlan: [279:I:TXRX] hif_print_hal_shadow_register_cfg: i 13, val a370b0
06-27 00:27:45.095 I/[ 12.662577] [kworke][0x1188e0ad][00( 0): 27:45.092028] wlan: [279:I:TXRX] hif_print_hal_shadow_register_cfg: i 14, val a37018
06-27 00:27:45.095 I/[ 12.662578] [kworke][0x1188e0c6][00( 0): 27:45.092029] wlan: [279:I:TXRX] hif_print_hal_shadow_register_cfg: i 15, val a370c4
06-27 00:27:45.095 I/[ 12.662580] [kworke][0x1188e0de][00( 0): 27:45.092031] wlan: [279:I:TXRX] hif_print_hal_shadow_register_cfg: i 16, val a370cc
06-27 00:27:45.095 I/[ 12.662581] [kworke][0x1188e0f7][00( 0): 27:45.092032] wlan: [279:I:TXRX] hif_print_hal_shadow_register_cfg: i 17, val a370d4
06-27 00:27:45.095 I/[ 12.662582] [kworke][0x1188e10f][00( 0): 27:45.092033] wlan: [279:I:TXRX] hif_print_hal_shadow_register_cfg: i 18, val a370dc
06-27 00:27:45.095 I/[ 12.662584] [kworke][0x1188e12a][00( 0): 27:45.092035] wlan: [279:I:TXRX] hif_print_hal_shadow_register_cfg: i 19, val a00400
06-27 00:27:45.095 I/[ 12.662585] [kworke][0x1188e148][00( 0): 27:45.092036] wlan: [279:I:TXRX] hif_print_hal_shadow_register_cfg: i 20, val a03400
06-27 00:27:45.095 I/[ 12.662586] [kworke][0x1188e161][00( 0): 27:45.092038] wlan: [279:I:TXRX] hif_print_hal_shadow_register_cfg: i 21, val a0340c
06-27 00:27:45.095 I/[ 12.662588] [kworke][0x1188e179][00( 0): 27:45.092039] wlan: [279:I:TXRX] hif_print_hal_shadow_register_cfg: i 22, val a05400
06-27 00:27:45.095 I/[ 12.662589] [kworke][0x1188e194][00( 0): 27:45.092040] wlan: [279:I:TXRX] hif_print_hal_shadow_register_cfg: i 23, val a0540c
06-27 00:27:45.095 I/[ 12.662590] [kworke][0x1188e1ae][00( 0): 27:45.092042] wlan: [279:I:TXRX] hif_print_hal_shadow_register_cfg: i 24, val a06400
06-27 00:27:45.095 I/[ 12.662592] [kworke][0x1188e1c7][00( 0): 27:45.092043] wlan: [279:I:TXRX] hif_print_hal_shadow_register_cfg: i 25, val a08400
06-27 00:27:45.095 I/[ 12.662593] [kworke][0x1188e1df][00( 0): 27:45.092044] wlan: [279:I:TXRX] hif_print_hal_shadow_register_cfg: i 26, val a0b400
06-27 00:27:45.095 I/[ 12.662594] [kworke][0x1188e1f7][00( 0): 27:45.092045] wlan: [279:I:TXRX] hif_print_hal_shadow_register_cfg: i 27, val a0b40c
06-27 00:27:45.095 D/[ 12.662598] cnss( 0): Mode: 0, config: 0000000000000000, host_version: 5.2.022.10G
06-27 00:27:45.095 D/[ 12.662600] cnss( 0): Sending WLAN config message, state: 0x17
06-27 00:27:45.095 D/[ 12.664832] cnss( 0): Sending mode message, mode: MISSION(0), state: 0x17
06-27 00:27:45.096 I/GameModeConfig( 1538): isGameModeOn = false
06-27 00:27:45.096 I/GameModeConfig( 1538): isGameModeOn = false
06-27 00:27:45.097 I/GameModeConfig( 1538): isGameModeOn = false
06-27 00:27:45.112 I/[ 12.670363] binder( 0): 3187:3187 ioctl 40046210 7fdc24c794 returned -22
06-27 00:27:45.114 D/CompatibilityChangeReporter( 1538): Compat change id reported: 168419799; UID 10021; state: DISABLED
06-27 00:27:45.115 I/GameModeConfig( 1538): isGameModeOn = false
06-27 00:27:45.115 I/GameModeConfig( 1538): isGameModeOn = false
06-27 00:27:45.115 I/GameModeConfig( 1538): isGameModeOn = false
06-27 00:27:45.120 D/[ 12.688208] cnss( 0): Received QMI WLFW pin connect result indication
06-27 00:27:45.120 D/[ 12.688212] cnss( 0): Pin connect Result: pwr_pin: 0x1 phy_io_pin: 0x0 rf_io_pin: 0x0
06-27 00:27:45.120 D/[ 12.688234] cnss( 0): Assign MSI to user: CE, num_vectors: 10, user_base_data: 803, base_vector: 3
06-27 00:27:45.120 I/[ 12.688310] [kworke][0x11906a97][00( 0): 27:45.117760] wlan: [279:I:HIF] ce_srng_dest_ring_setup: ce_id 1
06-27 00:27:45.120 D/[ 12.688311] cnss( 0): Assign MSI to user: CE, num_vectors: 10, user_base_data: 803, base_vector: 3
06-27 00:27:45.120 I/[ 12.688397] [kworke][0x11907131][00( 0): 27:45.117848] wlan: [279:I:HIF] ce_srng_status_ring_setup: ce_id 1
06-27 00:27:45.120 D/[ 12.688398] cnss( 0): Assign MSI to user: CE, num_vectors: 10, user_base_data: 803, base_vector: 3
06-27 00:27:45.120 I/[ 12.688457] [kworke][0x119075aa][00( 0): 27:45.117908] wlan: [279:I:HIF] ce_srng_dest_ring_setup: ce_id 2
06-27 00:27:45.120 D/[ 12.688458] cnss( 0): Assign MSI to user: CE, num_vectors: 10, user_base_data: 803, base_vector: 3
06-27 00:27:45.120 I/[ 12.688528] [kworke][0x11907b02][00( 0): 27:45.117979] wlan: [279:I:HIF] ce_srng_status_ring_setup: ce_id 2
06-27 00:27:45.120 D/[ 12.688529] cnss( 0): Assign MSI to user: CE, num_vectors: 10, user_base_data: 803, base_vector: 3
06-27 00:27:45.120 D/[ 12.688586] cnss( 0): Assign MSI to user: CE, num_vectors: 10, user_base_data: 803, base_vector: 3
06-27 00:27:45.120 I/[ 12.688693] [kworke][0x11908758][00( 0): 27:45.118144] wlan: [279:I:HIF] ce_srng_dest_ring_setup: ce_id 5
06-27 00:27:45.121 D/[ 12.688694] cnss( 0): Assign MSI to user: CE, num_vectors: 10, user_base_data: 803, base_vector: 3
06-27 00:27:45.121 I/[ 12.688766] [kworke][0x11908cd6][00( 0): 27:45.118217] wlan: [279:I:HIF] ce_srng_status_ring_setup: ce_id 5
06-27 00:27:45.121 D/[ 12.688767] cnss( 0): Assign MSI to user: CE, num_vectors: 10, user_base_data: 803, base_vector: 3
06-27 00:27:45.121 I/[ 12.688831] [kworke][0x119091b1][00( 0): 27:45.118282] wlan: [279:I:HIF] hif_configure_irq: E
06-27 00:27:45.121 D/[ 12.688833] cnss( 0): Assign MSI to user: WAKE, num_vectors: 1, user_base_data: 813, base_vector: 13
06-27 00:27:45.121 D/[ 12.688836] cnss( 0): Get IRQ number 364 for vector index 13
06-27 00:27:45.121 D/[ 12.688859] cnss( 0): Assign MSI to user: CE, num_vectors: 10, user_base_data: 803, base_vector: 3
06-27 00:27:45.121 D/[ 12.688860] cnss( 0): Get IRQ number 354 for vector index 3
06-27 00:27:45.121 D/[ 12.688871] cnss( 0): Get IRQ number 355 for vector index 4
06-27 00:27:45.121 D/[ 12.688883] cnss( 0): Get IRQ number 356 for vector index 5
06-27 00:27:45.121 D/[ 12.688894] cnss( 0): Get IRQ number 357 for vector index 6
06-27 00:27:45.121 D/[ 12.688906] cnss( 0): Get IRQ number 359 for vector index 8
06-27 00:27:45.121 D/[ 12.688918] cnss( 0): Get IRQ number 360 for vector index 9
06-27 00:27:45.121 D/[ 12.688928] cnss( 0): Get IRQ number 362 for vector index 11
06-27 00:27:45.121 E/[ 12.688987] [kworke][0x11909d69][00( 0): 27:45.118438] wlan: [279:E:mlme] mlme_init_reg_cfg: 2374: null pdev
06-27 00:27:45.121 E/[ 12.689003] [kworke][0x11909ea9][00( 0): 27:45.118455] wlan: [279:E:WMI] WMI handle is NULL
06-27 00:27:45.121 I/[ 12.689012] [kworke][0x11909f4c][00( 0): 27:45.118463] wlan: [279:I:HIF] Initializing Runtime PM wakelock &p2p_soc_obj->roc_runtime_lock
06-27 00:27:45.121 D/[ 12.689018] cnss( 0): Platform cap_flag is 0x4
06-27 00:27:45.121 E/[ 12.689021] [kworke][0x11909ff8][00( 0): 27:45.118472] wlan: [279:E:QDF] cds_get_context: 1486: Module ID 66 context is Null
06-27 00:27:45.130 I/StorageUserConnection( 1538): Service: [ComponentInfo{com.android.providers.media.module/com.android.providers.media.fuse.ExternalStorageServiceImpl}] connected. User [0]
06-27 00:27:45.136 E/[ 12.707167] [kworke][0x1195f041][00( 0): 27:45.136609] wlan: [279:E:QDF] cds_get_context: 1486: Module ID 66 context is Null
06-27 00:27:45.151 I/[ 12.715907] [kworke][0x11987f4f][00( 0): 27:45.145344] wlan: [279:I:HIF] Initializing Runtime PM wakelock &psoc_wakelock->wmi_cmd_rsp_runtime_lock
06-27 00:27:45.151 F/[ 12.716188] [kworke][0x119894eb][00( 0): 27:45.145632] wlan: [279:F:WMA] WMA --> wmi_unified_attach - success
06-27 00:27:45.151 I/[ 12.716643] [kworke][0x1198b739][00( 0): 27:45.146089] wlan: [279:I:HIF] Initializing Runtime PM wakelock &vdev->vdev_set_key_runtime_wakelock
06-27 00:27:45.151 I/[ 12.717047] [kworke][0x1198d564][00( 0): 27:45.146491] wlan: [279:I:HIF] Initializing Runtime PM wakelock &vdev->vdev_set_key_runtime_wakelock
06-27 00:27:45.151 I/[ 12.717532] [kworke][0x1198f682][00( 0): 27:45.146933] wlan: [279:I:HIF] Initializing Runtime PM wakelock &vdev->vdev_set_key_runtime_wakelock
06-27 00:27:45.151 I/[ 12.717882] [kworke][0x11991418][00( 0): 27:45.147327] wlan: [279:I:HIF] Initializing Runtime PM wakelock &vdev->vdev_set_key_runtime_wakelock
06-27 00:27:45.153 I/[ 12.718166] [kworke][0x11992981][00( 0): 27:45.147613] wlan: [279:I:HIF] Initializing Runtime PM wakelock &vdev->vdev_set_key_runtime_wakelock
06-27 00:27:45.153 I/[ 12.718456] [kworke][0x11993f15][00( 0): 27:45.147900] wlan: [279:I:HIF] Initializing Runtime PM wakelock &vdev->vdev_set_key_runtime_wakelock
06-27 00:27:45.153 I/[ 12.719001] [kworke][0x119967b1][00( 0): 27:45.148442] wlan: [279:I:HIF] Initializing Runtime PM wakelock &wma_handle->wmi_cmd_rsp_runtime_lock
06-27 00:27:45.153 I/[ 12.719019] [kworke][0x11996909][00( 0): 27:45.148460] wlan: [279:I:HIF] Initializing Runtime PM wakelock &wma_handle->sap_prevent_runtime_pm_lock
06-27 00:27:45.153 E/[ 12.722190] [kworke][0x119a570c][00( 0): 27:45.151634] wlan: [279:E:QDF] htc_wait_target: 684: Target Ready! TX resource : 1 size:2176, MaxMsgsPerHTCBundle = 1
06-27 00:27:45.153 E/[ 12.722223] [kworke][0x119a58a9][00( 0): 27:45.151655] wlan: [279:E:QDF] htc_setup_target_buffer_assignments: 576: SVS Index : 1 TX : 0x100 : alloc:1
06-27 00:27:45.153 D/[ 12.722253] cnss( 0): Assign MSI to user: DP, num_vectors: 18, user_base_data: 814, base_vector: 14
06-27 00:27:45.157 D/CompatibilityChangeReporter( 1538): Compat change id reported: 174042980; UID 1000; state: DISABLED
06-27 00:27:45.166 D/CompatibilityChangeReporter( 1538): Compat change id reported: 168419799; UID 10073; state: DISABLED
06-27 00:27:45.173 I/[ 12.731258] [kworke][0x119cff63][00( 0): 27:45.160705] wlan: [279:I:HIF] +hif_update_pipe_callback pipeid 5
06-27 00:27:45.173 I/ ( 0): [ 12.731258]
06-27 00:27:45.173 I/[ 12.731263] [kworke][0x119d0005][00( 0): 27:45.160713] wlan: [279:I:HIF] -hif_update_pipe_callback
06-27 00:27:45.173 I/ ( 0): [ 12.731263]
06-27 00:27:45.173 D/[ 12.731269] cnss( 0): Assign MSI to user: DP, num_vectors: 18, user_base_data: 814, base_vector: 14
06-27 00:27:45.173 E/[ 12.731802] [kworke][0x119d2877][00( 0): 27:45.161252] wlan: [279:E:DP] dp_srng_get_str_from_hal_ring_type: 7726: Invalid ring type
06-27 00:27:45.173 D/[ 12.731814] cnss( 0): Assign MSI to user: DP, num_vectors: 18, user_base_data: 814, base_vector: 14
06-27 00:27:45.173 D/[ 12.732128] cnss( 0): Assign MSI to user: DP, num_vectors: 18, user_base_data: 814, base_vector: 14
06-27 00:27:45.173 D/[ 12.732177] cnss( 0): Assign MSI to user: DP, num_vectors: 18, user_base_data: 814, base_vector: 14
06-27 00:27:45.173 D/[ 12.732225] cnss( 0): Assign MSI to user: DP, num_vectors: 18, user_base_data: 814, base_vector: 14
06-27 00:27:45.173 D/[ 12.732295] cnss( 0): Assign MSI to user: DP, num_vectors: 18, user_base_data: 814, base_vector: 14
06-27 00:27:45.173 D/[ 12.732344] cnss( 0): Assign MSI to user: DP, num_vectors: 18, user_base_data: 814, base_vector: 14
06-27 00:27:45.173 D/[ 12.732393] cnss( 0): Assign MSI to user: DP, num_vectors: 18, user_base_data: 814, base_vector: 14
06-27 00:27:45.173 D/[ 12.732451] cnss( 0): Assign MSI to user: DP, num_vectors: 18, user_base_data: 814, base_vector: 14
06-27 00:27:45.174 I/[ 12.732494] [kworke][0x119d5c6e][00( 0): 27:45.161945] wlan: [279:I:DP] dp_tx_soc_attach Tx Desc Alloc num_pool = 4, descs = 4096
06-27 00:27:45.174 I/[ 12.733494] [kworke][0x119da72d][00( 0): 27:45.162942] wlan: [279:I:DP] dp_tx_soc_attach MSDU Ext Desc Alloc 4, descs = 4096
06-27 00:27:45.174 I/[ 12.736894] [kworke][0x119ea64f][00( 0): 27:45.166343] wlan: [279:I:DP] dp_tx_soc_attach HAL Tx init Success
06-27 00:27:45.174 D/[ 12.737030] cnss( 0): Assign MSI to user: DP, num_vectors: 18, user_base_data: 814, base_vector: 14
06-27 00:27:45.174 D/[ 12.737091] cnss( 0): Assign MSI to user: DP, num_vectors: 18, user_base_data: 814, base_vector: 14
06-27 00:27:45.174 I/[ 12.737132] [kworke][0x119eb847][00( 0): 27:45.166583] wlan: [279:I:DP] dp_soc_cmn_setup: 3274: num_reo_dest_rings 4
06-27 00:27:45.174 D/[ 12.737137] cnss( 0): Assign MSI to user: DP, num_vectors: 18, user_base_data: 814, base_vector: 14
06-27 00:27:45.174 D/[ 12.737220] cnss( 0): Assign MSI to user: DP, num_vectors: 18, user_base_data: 814, base_vector: 14
06-27 00:27:45.174 D/[ 12.737296] cnss( 0): Assign MSI to user: DP, num_vectors: 18, user_base_data: 814, base_vector: 14
06-27 00:27:45.174 D/[ 12.737356] cnss( 0): Assign MSI to user: DP, num_vectors: 18, user_base_data: 814, base_vector: 14
06-27 00:27:45.174 D/[ 12.737405] cnss( 0): Assign MSI to user: DP, num_vectors: 18, user_base_data: 814, base_vector: 14
06-27 00:27:45.174 D/[ 12.737416] cnss( 0): Assign MSI to user: DP, num_vectors: 18, user_base_data: 814, base_vector: 14
06-27 00:27:45.174 D/[ 12.737431] cnss( 0): Assign MSI to user: DP, num_vectors: 18, user_base_data: 814, base_vector: 14
06-27 00:27:45.174 D/[ 12.737476] cnss( 0): Assign MSI to user: DP, num_vectors: 18, user_base_data: 814, base_vector: 14
06-27 00:27:45.174 D/[ 12.737539] cnss( 0): Assign MSI to user: DP, num_vectors: 18, user_base_data: 814, base_vector: 14
06-27 00:27:45.174 D/[ 12.737598] cnss( 0): Assign MSI to user: DP, num_vectors: 18, user_base_data: 814, base_vector: 14
06-27 00:27:45.174 D/[ 12.737648] cnss( 0): Assign MSI to user: DP, num_vectors: 18, user_base_data: 814, base_vector: 14
06-27 00:27:45.174 W/[ 12.743772] QSEECOM( 0): qseecom_load_app: App with id 8 (fingerpr) now loaded
06-27 00:27:45.174 I/[ 12.744280] [kworke][0x11a0d03a][00( 0): 27:45.173729] wlan: [279:I:HAL] hal_reo_set_err_dst_remap_6390: 1024: HWIO_REO_R0_ERROR_DESTINATION_MAPPING_IX_0 0x28005b6d
06-27 00:27:45.174 D/[ 12.744308] cnss( 0): Assign MSI to user: DP, num_vectors: 18, user_base_data: 814, base_vector: 14
06-27 00:27:45.174 D/[ 12.744342] cnss( 0): Assign MSI to user: DP, num_vectors: 18, user_base_data: 814, base_vector: 14
06-27 00:27:45.174 D/[ 12.744367] cnss( 0): Assign MSI to user: DP, num_vectors: 18, user_base_data: 814, base_vector: 14
06-27 00:27:45.174 D/[ 12.744395] cnss( 0): Assign MSI to user: DP, num_vectors: 18, user_base_data: 814, base_vector: 14
06-27 00:27:45.174 D/[ 12.744428] cnss( 0): Assign MSI to user: DP, num_vectors: 18, user_base_data: 814, base_vector: 14
06-27 00:27:45.174 D/[ 12.744444] cnss( 0): Assign MSI to user: DP, num_vectors: 18, user_base_data: 814, base_vector: 14
06-27 00:27:45.185 I/ActivityManager( 1538): Killing 3038:com.qualcomm.qtil.aptxui/u0a82 (adj 905): empty #2
06-27 00:27:45.190 I/[ 12.748159] [kworke][0x11a1f323][00( 0): 27:45.177608] wlan: [279:I:DP] Peer pool init
06-27 00:27:45.190 W/[ 12.748256] [kworke][0x11a1fa96][00( 0): 27:45.177707] wlan: [279:W:DP] dp_rx_pdev_mon_attach: pdev attach id=0
06-27 00:27:45.190 D/[ 12.749751] cnss( 0): Assign MSI to user: DP, num_vectors: 18, user_base_data: 814, base_vector: 14
06-27 00:27:45.190 D/[ 12.749757] cnss( 0): Get IRQ number 365 for vector index 14
06-27 00:27:45.190 D/[ 12.749763] cnss( 0): Assign MSI to user: DP, num_vectors: 18, user_base_data: 814, base_vector: 14
06-27 00:27:45.190 D/[ 12.749764] cnss( 0): Get IRQ number 366 for vector index 15
06-27 00:27:45.190 D/[ 12.749767] cnss( 0): Assign MSI to user: DP, num_vectors: 18, user_base_data: 814, base_vector: 14
06-27 00:27:45.190 D/[ 12.749769] cnss( 0): Get IRQ number 367 for vector index 16
06-27 00:27:45.190 D/[ 12.749771] cnss( 0): Assign MSI to user: DP, num_vectors: 18, user_base_data: 814, base_vector: 14
06-27 00:27:45.190 D/[ 12.749772] cnss( 0): Get IRQ number 368 for vector index 17
06-27 00:27:45.190 D/[ 12.749775] cnss( 0): Assign MSI to user: DP, num_vectors: 18, user_base_data: 814, base_vector: 14
06-27 00:27:45.190 D/[ 12.749778] cnss( 0): Assign MSI to user: DP, num_vectors: 18, user_base_data: 814, base_vector: 14
06-27 00:27:45.190 D/[ 12.749779] cnss( 0): Get IRQ number 370 for vector index 19
06-27 00:27:45.190 D/[ 12.749781] cnss( 0): Assign MSI to user: DP, num_vectors: 18, user_base_data: 814, base_vector: 14
06-27 00:27:45.190 D/[ 12.749782] cnss( 0): Get IRQ number 371 for vector index 20
06-27 00:27:45.201 I/[ 12.765671] [kworke][0x11a71448][00( 0): 27:45.195116] wlan: [336:I:WMA] wma_rx_service_ready_event: Firmware build version : 101a0521
06-27 00:27:45.201 I/[ 12.765683] [kworke][0x11a71577][00( 0): 27:45.195132] wlan: [336:I:WMA] wma_rx_service_ready_event: Board id: 0, Board version: 8 0 0 0 6
06-27 00:27:45.201 I/[ 12.770030] [kworke][0x11a85b3d][00( 0): 27:45.199476] wlan: [336:I:WMA] wma_is_dbs_mandatory: 5417: MAC0 does not support both bands 2 DBS is mandatory
06-27 00:27:45.201 E/[ 12.770107] [kworke][0x11a8612c][00( 0): 27:45.199555] wlan: [336:E:QDF] copy_fw_abi_version_tlv: 6979: copy_fw_abi_version_tlv: INIT_CMD version: 1, 0, 0x5f414351, 0x4c4d, 0x0, 0x0
06-27 00:27:45.228 I/ActivityRecord( 1538): real home.....com.android.launcher3/.uioverrides.QuickstepLauncher
06-27 00:27:45.228 I/WindowManager( 1538): ******* TELLING SURFACE FLINGER WE ARE BOOTED!
06-27 00:27:45.250 D/PowerManagerService( 1538): releaseWakeLockInternal: lock=53423375 [*launch*], flags=0x0
06-27 00:27:45.250 D/PowerManagerNotifier( 1538): onWakeLockReleased: flags=1, tag="*launch*", packageName=android, ownerUid=1000, ownerPid=1538, workSource=WorkSource{10073}
06-27 00:27:45.250 D/PowerManagerService( 1538): updateWakeLockSummaryLocked: mWakefulness=Awake, mWakeLockSummary=0x0
06-27 00:27:45.250 D/PowerManagerService( 1538): updateUserActivitySummaryLocked: groupId=0, mWakefulness=Awake, mUserActivitySummary=0x1, nextTimeout=72201 (in 59380 ms)
06-27 00:27:45.250 D/PowerManagerNotifier( 1538): onScreenPolicyUpdate: newPolicy=3
06-27 00:27:45.250 D/PowerManagerService( 1538): updateDisplayPowerStateLocked: displayReady=true, groupId=0, policy=BRIGHT, mWakefulness=Awake, mWakeLockSummary=0x0, mUserActivitySummary=0x1, mBootCompleted=true, screenBrightnessOverride=NaN, useAutoBrightness=false, mScreenBrightnessBoostInProgress=false, mIsVrModeEnabled= false, sQuiescent=false
06-27 00:27:45.250 D/PowerManagerService( 1538): Releasing suspend blocker "PowerManagerService.WakeLocks".
06-27 00:27:45.255 D/CompatibilityChangeReporter( 1538): Compat change id reported: 135634846; UID 10125; state: DISABLED
06-27 00:27:45.255 D/CompatibilityChangeReporter( 1538): Compat change id reported: 177438394; UID 10125; state: DISABLED
06-27 00:27:45.256 D/CompatibilityChangeReporter( 1538): Compat change id reported: 135772972; UID 10125; state: DISABLED
06-27 00:27:45.256 D/CompatibilityChangeReporter( 1538): Compat change id reported: 135754954; UID 10125; state: DISABLED
06-27 00:27:45.256 I/GameModeConfig( 1538): isGameModeOn = false
06-27 00:27:45.256 I/GameModeConfig( 1538): isGameModeOn = false
06-27 00:27:45.256 I/GameModeConfig( 1538): isGameModeOn = false
06-27 00:27:45.256 I/GameModeConfig( 1538): isGameModeOn = false
06-27 00:27:45.256 I/GameModeConfig( 1538): isGameModeOn = false
06-27 00:27:45.256 I/GameModeConfig( 1538): isGameModeOn = false
