06-27 00:28:48.414 I/FgBoostPerfService( 2014): [GetGpuMode] isMode=0 isGame=false mGpuMode=0
06-27 00:28:48.415 D/SoLoadCore( 6473): initAssestCrcConfigs success
06-27 00:28:48.415 D/SoLoadCore( 6473): getRightcrcWhenLoadSo libc++_shared.so: 3686037175
06-27 00:28:48.415 I/FgBoostPerfService( 2014): [GetGpuDpiType] isMode=0 isGame=false mGpuDpiType=0
06-27 00:28:48.415 I/FgBoostPerfService( 2014): [GetGpuDpiType] isMode=0 isGame=false mGpuStandardValue=0
06-27 00:28:48.416 I/thunderperf( 1538): Current app pkgName=com.android.settings bm:com.thundercomm.perf.BoostPerfManager@af8bbd2 gpuMode=-1 gpuType=-1 gpuStandardVal=-1
06-27 00:28:48.416 I/ThunderBoostPerfService( 1538): Resolution: Uid=10073 Pid=2649 gMode=-1 dType=-1 gpuStandardVal=-1
06-27 00:28:48.417 I/thunderperf( 1538): PlatormCompat.setOverrides: Uid1=10073 Pid1=2649 Uid2=10073 Pid2=2649
06-27 00:28:48.417 I/thunderperf( 1538): PlatormCompat.setOverrides: needCheck:false
06-27 00:28:48.417 I/thunderperf( 1538): CompatConfig.addOverrideUnsafe: bef-state=1
06-27 00:28:48.418 E/thunderperf( 1538): CompatConfig.addOverrideUnsafe: exception:java.lang.SecurityException: Cannot override a change on a non-debuggable app and user build.
06-27 00:28:48.418 I/thunderperf( 1538): CompatConfig.addOverrideUnsafe: aft-state=1
06-27 00:28:48.419 I/thunderperf( 1538): CompatConfig.addOverrideUnsafe: bef-state=1
06-27 00:28:48.419 E/thunderperf( 1538): CompatConfig.addOverrideUnsafe: exception:java.lang.SecurityException: Cannot override a change on a non-debuggable app and user build.
06-27 00:28:48.419 I/thunderperf( 1538): CompatConfig.addOverrideUnsafe: aft-state=1
06-27 00:28:48.419 D/SoLoadCore( 6473): System.loadLibrary, lib = c++_shared suc
06-27 00:28:48.419 I/thunderperf( 1538): CompatConfig.addOverrideUnsafe: bef-state=1
06-27 00:28:48.419 D/SoLoadUtilNew( 6473): loadSoByName[c++_shared], loadRes[true], resultCode[15728640]
06-27 00:28:48.420 D/SoLoadCore( 6473): loadSo begin, libName[unitedconfig]
06-27 00:28:48.420 E/thunderperf( 1538): CompatConfig.addOverrideUnsafe: exception:java.lang.SecurityException: Cannot override a change on a non-debuggable app and user build.
06-27 00:28:48.420 I/thunderperf( 1538): CompatConfig.addOverrideUnsafe: aft-state=1
06-27 00:28:48.420 W/SoLoadCore( 6473): assestCrcConfigs already exists
06-27 00:28:48.420 I/thunderperf( 1538): CompatConfig.addOverrideUnsafe: bef-state=1
06-27 00:28:48.420 D/SoLoadCore( 6473): getRightcrcWhenLoadSo libunitedconfig.so: 3033483621
06-27 00:28:48.420 E/thunderperf( 1538): CompatConfig.addOverrideUnsafe: exception:java.lang.SecurityException: Cannot override a change on a non-debuggable app and user build.
06-27 00:28:48.420 I/thunderperf( 1538): CompatConfig.addOverrideUnsafe: aft-state=1
06-27 00:28:48.421 I/thunderperf( 1538): CompatConfig.addOverrideUnsafe: bef-state=1
06-27 00:28:48.421 E/thunderperf( 1538): CompatConfig.addOverrideUnsafe: exception:java.lang.SecurityException: Cannot override a change on a non-debuggable app and user build.
06-27 00:28:48.421 I/thunderperf( 1538): CompatConfig.addOverrideUnsafe: aft-state=1
06-27 00:28:48.421 I/thunderperf( 1538): CompatConfig.addOverrideUnsafe: bef-state=1
06-27 00:28:48.421 E/thunderperf( 1538): CompatConfig.addOverrideUnsafe: exception:java.lang.SecurityException: Cannot override a change on a non-debuggable app and user build.
06-27 00:28:48.421 I/thunderperf( 1538): CompatConfig.addOverrideUnsafe: aft-state=1
06-27 00:28:48.422 I/thunderperf( 1538): CompatConfig.addOverrideUnsafe: bef-state=1
06-27 00:28:48.422 E/thunderperf( 1538): CompatConfig.addOverrideUnsafe: exception:java.lang.SecurityException: Cannot override a change on a non-debuggable app and user build.
06-27 00:28:48.422 I/thunderperf( 1538): CompatConfig.addOverrideUnsafe: aft-state=1
06-27 00:28:48.422 I/thunderperf( 1538): CompatConfig.addOverrideUnsafe: bef-state=1
06-27 00:28:48.422 E/thunderperf( 1538): CompatConfig.addOverrideUnsafe: exception:java.lang.SecurityException: Cannot override a change on a non-debuggable app and user build.
06-27 00:28:48.423 I/thunderperf( 1538): CompatConfig.addOverrideUnsafe: aft-state=1
06-27 00:28:48.423 I/thunderperf( 1538): CompatConfig.addOverrideUnsafe: bef-state=1
06-27 00:28:48.423 E/thunderperf( 1538): CompatConfig.addOverrideUnsafe: exception:java.lang.SecurityException: Cannot override a change on a non-debuggable app and user build.
06-27 00:28:48.423 I/thunderperf( 1538): CompatConfig.addOverrideUnsafe: aft-state=1
06-27 00:28:48.424 I/thunderperf( 1538): CompatConfig.addOverrideUnsafe: bef-state=1
06-27 00:28:48.424 E/thunderperf( 1538): CompatConfig.addOverrideUnsafe: exception:java.lang.SecurityException: Cannot override a change on a non-debuggable app and user build.
06-27 00:28:48.424 I/thunderperf( 1538): CompatConfig.addOverrideUnsafe: aft-state=1
06-27 00:28:48.424 I/thunderperf( 1538): CompatConfig.addOverrideUnsafe: bef-state=1
06-27 00:28:48.424 E/thunderperf( 1538): CompatConfig.addOverrideUnsafe: exception:java.lang.SecurityException: Cannot override a change on a non-debuggable app and user build.
06-27 00:28:48.424 I/thunderperf( 1538): CompatConfig.addOverrideUnsafe: aft-state=1
06-27 00:28:48.425 I/thunderperf( 1538): CompatConfig.addOverrideUnsafe: bef-state=1
06-27 00:28:48.425 E/thunderperf( 1538): CompatConfig.addOverrideUnsafe: exception:java.lang.SecurityException: Cannot override a change on a non-debuggable app and user build.
06-27 00:28:48.425 I/thunderperf( 1538): CompatConfig.addOverrideUnsafe: aft-state=1
06-27 00:28:48.426 I/thunderperf( 1538): CompatConfig.addOverrideUnsafe: bef-state=1
06-27 00:28:48.426 E/thunderperf( 1538): CompatConfig.addOverrideUnsafe: exception:java.lang.SecurityException: Cannot override a change on a non-debuggable app and user build.
06-27 00:28:48.426 I/thunderperf( 1538): CompatConfig.addOverrideUnsafe: aft-state=1
06-27 00:28:48.427 I/thunderperf( 1538): CompatConfig.addOverrideUnsafe: bef-state=1
06-27 00:28:48.427 E/thunderperf( 1538): CompatConfig.addOverrideUnsafe: exception:java.lang.SecurityException: Cannot override a change on a non-debuggable app and user build.
06-27 00:28:48.427 I/thunderperf( 1538): CompatConfig.addOverrideUnsafe: aft-state=1
06-27 00:28:48.428 D/SoLoadCore( 6473): System.loadLibrary, lib = unitedconfig suc
06-27 00:28:48.428 D/SoLoadUtilNew( 6473): loadSoByName[unitedconfig], loadRes[true], resultCode[15728640]
06-27 00:28:48.429 I/QMMKVHandler( 6473): open fd[0x45], /data/user/0/com.tencent.mobileqq/files/mmkv/united_config_mmkv
06-27 00:28:48.429 I/QMMKVHandler( 6473): open fd[0x46], /data/user/0/com.tencent.mobileqq/files/mmkv/united_config_mmkv.crc
06-27 00:28:48.430 I/QMMKVHandler( 6473): loading [united_config_mmkv] with 0 actual size, file size 4096, InterProcess 1, meta info version:1
06-27 00:28:48.430 I/QMMKVHandler( 6473): loaded [united_config_mmkv] with 0 key-values
06-27 00:28:48.433 I/MMKV ( 6473): Disable checkProcessMode()
06-27 00:28:48.433 I/QMMKVHandler( 6473): root dir: /data/user/0/com.tencent.mobileqq/files/mmkv unordered_map size: 3, load factor: 0.005964, bucket count: 503
06-27 00:28:48.433 D/PandoraEx.MMKVStrategy( 6473): initMMKV at: /data/user/0/com.tencent.mobileqq/files/mmkv
06-27 00:28:48.433 I/QMMKVHandler( 6473): open fd[0x47], /data/user/0/com.tencent.mobileqq/files/mmkv/Pandora
06-27 00:28:48.433 I/QMMKVHandler( 6473): open fd[0x48], /data/user/0/com.tencent.mobileqq/files/mmkv/Pandora.crc
06-27 00:28:48.434 I/QMMKVHandler( 6473): loading [Pandora] with 1054 actual size, file size 4096, InterProcess 1, meta info version:3
06-27 00:28:48.434 I/QMMKVHandler( 6473): loading [Pandora] with crc 799409528 sequence 1 version 3
06-27 00:28:48.434 I/QMMKVHandler( 6473): loaded [Pandora] with 16 key-values
06-27 00:28:48.435 I/ThunderBoostPerfService( 1538): Disable downscaling com.android.settings to 2380x1020
06-27 00:28:48.435 I/ActivityTaskManager( 1538): START u0 {act=android.intent.action.MAIN cat=[android.intent.category.LAUNCHER] flg=0x10200000 cmp=com.android.settings/.Settings bnds=[2306,440][2508,640]} from uid 10073
06-27 00:28:48.436 D/ActivityTaskManager( 1538): TaskLaunchParamsModifier:task=null activity=ActivityRecord{8592b59 u0 com.android.settings/.Settings taskAffinity=1000:com.android.settings.root display-area-from-source=DefaultTaskDisplayArea@48199672 display-id=0 display-windowing-mode=1 suggested-display-area=DefaultTaskDisplayArea@48199672
06-27 00:28:48.436 I/EventSequenceValidator( 1538): inc AccIntentStartedEvents to 2
06-27 00:28:48.437 D/ActivityTaskManager( 1538): TaskLaunchParamsModifier:task=Task{d69ef75 #59 type=standard A=1000:com.android.settings.root U=0 visible=false mode=fullscreen translucent=true sz=2 visible freeform task=true rootAffinity=1000:com.android.settings.root isMini=false} activity=ActivityRecord{8592b59 u0 com.android.settings/.Settings taskAffinity=1000:com.android.settings.root t-1} display-area-from-source=DefaultTaskDisplayArea@48199672 display-id=0 display-windowing-mode=1 suggested-display-area=DefaultTaskDisplayArea@48199672 non-freeform-display display-area=DefaultTaskDisplayArea@48199672
06-27 00:28:48.437 W/SingletonPool( 6473): create com.tencent.mobileqq.unitedconfig_android.api.impl.UnitedConfigManagerImpl cost:28
06-27 00:28:48.438 D/MsfSdkUtils( 6473): load accountList 0 from backFile
06-27 00:28:48.438 W/UnitedConfigManager( 6473): can not get uin, use default
06-27 00:28:48.440 D/CompatibilityInfo( 1538): mCompatibilityFlags - 4
06-27 00:28:48.440 D/CompatibilityInfo( 1538): applicationDensity - 240
06-27 00:28:48.440 D/CompatibilityInfo( 1538): applicationScale - 1.0
06-27 00:28:48.441 D/ConnectivityService( 1538): requestNetwork for uid/pid:10028/6473 activeRequest: null callbackRequest: 60 [NetworkRequest [ REQUEST id=61, [ Capabilities: INTERNET&NOT_RESTRICTED&TRUSTED&NOT_VCN_MANAGED Uid: 10028 RequestorUid: 10028 RequestorPkg: com.tencent.mobileqq] ]] callback flags: 0 priority: 2147483647
06-27 00:28:48.441 D/ActivityTrigger( 1538): ActivityTrigger activityPauseTrigger
06-27 00:28:48.441 D/PowerManagerService( 1538): acquireWakeLockInternal: lock=53423375, flags=0x1, tag="*launch*", ws=WorkSource{1000}, uid=1000, pid=1538
06-27 00:28:48.442 D/PowerManagerService( 1538): updateWakeLockSummaryLocked: mWakefulness=Awake, mWakeLockSummary=0x1
06-27 00:28:48.442 D/PowerManagerService( 1538): updateUserActivitySummaryLocked: groupId=0, mWakefulness=Awake, mUserActivitySummary=0x1, nextTimeout=135919 (in 59907 ms)
06-27 00:28:48.442 D/PowerManagerNotifier( 1538): onScreenPolicyUpdate: newPolicy=3
06-27 00:28:48.442 D/ConnectivityService( 1538): NetReassign [61 : null → 100]
06-27 00:28:48.442 D/PowerManagerService( 1538): updateDisplayPowerStateLocked: displayReady=true, groupId=0, policy=BRIGHT, mWakefulness=Awake, mWakeLockSummary=0x1, mUserActivitySummary=0x1, mBootCompleted=true, screenBrightnessOverride=NaN, useAutoBrightness=false, mScreenBrightnessBoostInProgress=false, mIsVrModeEnabled= false, sQuiescent=false
06-27 00:28:48.442 D/PowerManagerNotifier( 1538): onWakeLockAcquired: flags=1, tag="*launch*", packageName=android, ownerUid=1000, ownerPid=1538, workSource=WorkSource{1000}
06-27 00:28:48.444 D/Ethernet( 1538): got request NetworkRequest [ REQUEST id=61, [ Capabilities: INTERNET&NOT_RESTRICTED&TRUSTED&NOT_VCN_MANAGED Uid: 10028 RequestorUid: 10028 RequestorPkg: com.tencent.mobileqq] ]
06-27 00:28:48.444 D/EthernetNetworkFactory( 1538): acceptRequest, request: NetworkRequest [ REQUEST id=61, [ Capabilities: INTERNET&NOT_RESTRICTED&TRUSTED&NOT_VCN_MANAGED Uid: 10028 RequestorUid: 10028 RequestorPkg: com.tencent.mobileqq] ]
06-27 00:28:48.444 D/WifiNetworkFactory( 1538): got request NetworkRequest [ REQUEST id=61, [ Capabilities: INTERNET&NOT_RESTRICTED&TRUSTED&NOT_VCN_MANAGED Uid: 10028 RequestorUid: 10028 RequestorPkg: com.tencent.mobileqq] ]
06-27 00:28:48.444 I/EthernetNetworkFactory( 1538): networkForRequest, request: NetworkRequest [ REQUEST id=61, [ Capabilities: INTERNET&NOT_RESTRICTED&TRUSTED&NOT_VCN_MANAGED Uid: 10028 RequestorUid: 10028 RequestorPkg: com.tencent.mobileqq] ], network: null
06-27 00:28:48.444 D/UntrustedWifiNetworkFactory( 1538): got request NetworkRequest [ REQUEST id=61, [ Capabilities: INTERNET&NOT_RESTRICTED&TRUSTED&NOT_VCN_MANAGED Uid: 10028 RequestorUid: 10028 RequestorPkg: com.tencent.mobileqq] ]
06-27 00:28:48.444 D/OemPaidWifiNetworkFactory( 1538): got request NetworkRequest [ REQUEST id=61, [ Capabilities: INTERNET&NOT_RESTRICTED&TRUSTED&NOT_VCN_MANAGED Uid: 10028 RequestorUid: 10028 RequestorPkg: com.tencent.mobileqq] ]
06-27 00:28:48.445 D/PandoraEx.NetworkUtil( 6473): requestNetworkCallback success
06-27 00:28:48.445 W/InputManager-JNI( 1538): Input channel object 'e5a0002 com.android.settings.intelligence/com.android.settings.intelligence.search.SearchActivity (client)' was disposed without first being removed with the input manager!
06-27 00:28:48.445 D/PrivacyProtectionManager( 6473): setNetWorkListener isSucceed :true
06-27 00:28:48.446 D/PandoraEx.Utils( 6473): convertAndUpdateConfig: Config{module[network], systemApi[WI#G_BSSID], rules[{normal=Rule{scene[normal], strategy[storage], highFreq[null], cacheTime[0], silenceTime[0], reportRate[0], legalPage[[]], illegalPage[[]]}, before=Rule{scene[before], strategy[ban], highFreq[null], cacheTime[0], silenceTime[0], reportRate[0], legalPage[[]], illegalPage[[]]}, back=Rule{scene[back], strategy[cache_only], highFreq[null], cacheTime[0], silenceTime[0], reportRate[0], legalPage[[]], illegalPage[[]]}}], specialPage[null], isBanAccess[false], isBanBackgroundAccess[false], isReportRealTime[false], reportSampleRate[100000], configHighFrequency[null}
06-27 00:28:48.446 D/PandoraEx.Utils( 6473): convertAndUpdateConfig: Config{module[network], systemApi[WI#G_SSID], rules[{normal=Rule{scene[normal], strategy[storage], highFreq[null], cacheTime[0], silenceTime[0], reportRate[0], legalPage[[]], illegalPage[[]]}, before=Rule{scene[before], strategy[ban], highFreq[null], cacheTime[0], silenceTime[0], reportRate[0], legalPage[[]], illegalPage[[]]}, back=Rule{scene[back], strategy[cache_only], highFreq[null], cacheTime[0], silenceTime[0], reportRate[0], legalPage[[]], illegalPage[[]]}}], specialPage[null], isBanAccess[false], isBanBackgroundAccess[false], isReportRealTime[false], reportSampleRate[100000], configHighFrequency[null}
06-27 00:28:48.446 D/PandoraEx.Utils( 6473): convertAndUpdateConfig: Config{module[location], systemApi[WM#G_CON_INFO], rules[{normal=Rule{scene[normal], strategy[storage], highFreq[null], cacheTime[0], silenceTime[0], reportRate[0], legalPage[[]], illegalPage[[]]}, before=Rule{scene[before], strategy[ban], highFreq[null], cacheTime[0], silenceTime[0], reportRate[0], legalPage[[]], illegalPage[[]]}, back=Rule{scene[back], strategy[cache_only], highFreq[null], cacheTime[0], silenceTime[0], reportRate[0], legalPage[[]], illegalPage[[]]}}], specialPage[null], isBanAccess[false], isBanBackgroundAccess[false], isReportRealTime[false], reportSampleRate[300000], configHighFrequency[null}
06-27 00:28:48.447 D/PandoraEx.Utils( 6473): convertAndUpdateConfig: Config{module[network], systemApi[NI#GET_EXT_INFO], rules[{normal=Rule{scene[normal], strategy[storage], highFreq[null], cacheTime[0], silenceTime[0], reportRate[0], legalPage[[]], illegalPage[[]]}, before=Rule{scene[before], strategy[ban], highFreq[null], cacheTime[0], silenceTime[0], reportRate[0], legalPage[[]], illegalPage[[]]}, back=Rule{scene[back], strategy[cache_only], highFreq[null], cacheTime[0], silenceTime[0], reportRate[0], legalPage[[]], illegalPage[[]]}}], specialPage[null], isBanAccess[false], isBanBackgroundAccess[false], isReportRealTime[false], reportSampleRate[100000], configHighFrequency[null}
06-27 00:28:48.453 D/PandoraEx.NetworkUtil( 6473): NetworkCallback onLinkPropertiesChanged
06-27 00:28:48.453 D/PandoraEx.PrivacyPolicyHelper( 6473): setPrivacyPolicyStatus, state=1
06-27 00:28:48.453 D/PrivacyProtectionManager( 6473): com.tencent.mobileqq init privacy_protection successful
06-27 00:28:48.453 D/PrivacyProtectionManager( 6473): initPrivacyProtection cost:70
06-27 00:28:48.455 D/MsfSdkUtils( 6473): load accountList 0 from backFile
06-27 00:28:48.455 W/UsageStatsService( 1538): Unexpected activity event reported! (com.android.settings.intelligence/com.android.settings.intelligence.search.SearchActivity event : 23 instanceId : 250987444)
06-27 00:28:48.455 W/UnitedConfigManager( 6473): can not get uin, use default
06-27 00:28:48.455 I/ActivityTaskManager( 1538): FOREGROUND_APPLICATION_CHANGED to com.android.settings.homepage.SettingsHomepageActivity
06-27 00:28:48.456 D/DexMonitor( 6473): config: DexMonitorConfigBean{isOpenDexMonitor=false, reportSample=200, isNeedTransform=false, TransformList=[]}
06-27 00:28:48.457 D/MsfSdkUtils( 6473): load accountList 0 from backFile
06-27 00:28:48.457 W/UnitedConfigManager( 6473): can not get uin, use default
06-27 00:28:48.458 D/Qqimei ( 6473): [initQimeiSdk] force: true, allow: true, init: false
06-27 00:28:48.462 D/QQBeaconPrivateInfo( 6473): getOAIDAsync: isEnable: false, aaid: , oaid:
06-27 00:28:48.463 D/QQBeaconPrivateInfo( 6473): [initOAID] obtain oaid:
06-27 00:28:48.463 D/PandoraEx.MonitorReporter( 6473): module[device], systemApi[SE#G_AID], scene[back], strategy[cache_only], isSystemCall[false
06-27 00:28:48.464 D/QQBeaconPrivateInfo( 6473): QQBeaconPrivateInfo init is success
06-27 00:28:48.465 D/CompatibilityChangeReporter( 1538): Compat change id reported: 174042980; UID 1000; state: DISABLED
06-27 00:28:48.469 D/Qqimei ( 6473): [initQimeiSdk] init. process: com.tencent.mobileqq
06-27 00:28:48.472 I/GameMode_ActivityMonitoringService( 2014): onActivityLaunch: com.android.settings, isGameApp: false
06-27 00:28:48.472 V/GameMode_GpuUtils( 2014): fps:60
06-27 00:28:48.473 I/ActivityManager( 1538): Killing 6473:com.tencent.mobileqq/u0a28 (adj 915): empty #2
06-27 00:28:48.477 D/GameModeIF_GameModeSettings( 2014): getUriFor setting_content_uri_root = content://com.thundercomm.gamemode.api/gamemode_settings , name = gamemode_enable
06-27 00:28:48.479 I/libprocessgroup( 1538): Successfully killed process cgroup uid 10028 pid 6473 in 5ms
06-27 00:28:48.484 W/BatteryBroadcastRcvr( 5997): Problem reading the battery meter.
06-27 00:28:48.486 D/ConnectivityService( 1538): requestNetwork for uid/pid:1000/5997 activeRequest: null callbackRequest: 62 [NetworkRequest [ REQUEST id=63, [ Capabilities: INTERNET&NOT_RESTRICTED&TRUSTED&NOT_VCN_MANAGED Uid: 1000 RequestorUid: 1000 RequestorPkg: com.android.settings] ]] callback flags: 0 priority: 2147483647
06-27 00:28:48.487 D/ConnectivityService( 1538): NetReassign [63 : null → 100]
06-27 00:28:48.488 D/ConnectivityService( 1538): requestNetwork for uid/pid:1000/5997 activeRequest: null callbackRequest: 65 [NetworkRequest [ REQUEST id=66, [ Capabilities: INTERNET&NOT_RESTRICTED&TRUSTED&NOT_VCN_MANAGED Uid: 1000 RequestorUid: 1000 RequestorPkg: com.android.settings] ]] callback flags: 0 priority: 2147483647
06-27 00:28:48.488 D/Ethernet( 1538): got request NetworkRequest [ REQUEST id=63, [ Capabilities: INTERNET&NOT_RESTRICTED&TRUSTED&NOT_VCN_MANAGED Uid: 1000 RequestorUid: 1000 RequestorPkg: com.android.settings] ]
06-27 00:28:48.488 D/EthernetNetworkFactory( 1538): acceptRequest, request: NetworkRequest [ REQUEST id=63, [ Capabilities: INTERNET&NOT_RESTRICTED&TRUSTED&NOT_VCN_MANAGED Uid: 1000 RequestorUid: 1000 RequestorPkg: com.android.settings] ]
06-27 00:28:48.489 I/EthernetNetworkFactory( 1538): networkForRequest, request: NetworkRequest [ REQUEST id=63, [ Capabilities: INTERNET&NOT_RESTRICTED&TRUSTED&NOT_VCN_MANAGED Uid: 1000 RequestorUid: 1000 RequestorPkg: com.android.settings] ], network: null
06-27 00:28:48.489 I/TetheringManager( 5997): registerTetheringEventCallback caller:com.android.settings
06-27 00:28:48.491 D/ConnectivityService( 1538): NetReassign [no changes]
06-27 00:28:48.494 D/ConnectivityService( 1538): NetReassign [66 : null → 100]
06-27 00:28:48.495 D/WifiNetworkFactory( 1538): got request NetworkRequest [ REQUEST id=63, [ Capabilities: INTERNET&NOT_RESTRICTED&TRUSTED&NOT_VCN_MANAGED Uid: 1000 RequestorUid: 1000 RequestorPkg: com.android.settings] ]
06-27 00:28:48.495 D/UntrustedWifiNetworkFactory( 1538): got request NetworkRequest [ REQUEST id=63, [ Capabilities: INTERNET&NOT_RESTRICTED&TRUSTED&NOT_VCN_MANAGED Uid: 1000 RequestorUid: 1000 RequestorPkg: com.android.settings] ]
06-27 00:28:48.495 D/OemPaidWifiNetworkFactory( 1538): got request NetworkRequest [ REQUEST id=63, [ Capabilities: INTERNET&NOT_RESTRICTED&TRUSTED&NOT_VCN_MANAGED Uid: 1000 RequestorUid: 1000 RequestorPkg: com.android.settings] ]
06-27 00:28:48.495 D/Ethernet( 1538): got request NetworkRequest [ REQUEST id=66, [ Capabilities: INTERNET&NOT_RESTRICTED&TRUSTED&NOT_VCN_MANAGED Uid: 1000 RequestorUid: 1000 RequestorPkg: com.android.settings] ]
06-27 00:28:48.495 D/EthernetNetworkFactory( 1538): acceptRequest, request: NetworkRequest [ REQUEST id=66, [ Capabilities: INTERNET&NOT_RESTRICTED&TRUSTED&NOT_VCN_MANAGED Uid: 1000 RequestorUid: 1000 RequestorPkg: com.android.settings] ]
06-27 00:28:48.496 I/EthernetNetworkFactory( 1538): networkForRequest, request: NetworkRequest [ REQUEST id=66, [ Capabilities: INTERNET&NOT_RESTRICTED&TRUSTED&NOT_VCN_MANAGED Uid: 1000 RequestorUid: 1000 RequestorPkg: com.android.settings] ], network: null
06-27 00:28:48.496 D/UsageGraph( 5997): No enabled state changed, skipping updateCategory call
06-27 00:28:48.503 D/WifiNetworkFactory( 1538): got request NetworkRequest [ REQUEST id=66, [ Capabilities: INTERNET&NOT_RESTRICTED&TRUSTED&NOT_VCN_MANAGED Uid: 1000 RequestorUid: 1000 RequestorPkg: com.android.settings] ]
06-27 00:28:48.503 D/UntrustedWifiNetworkFactory( 1538): got request NetworkRequest [ REQUEST id=66, [ Capabilities: INTERNET&NOT_RESTRICTED&TRUSTED&NOT_VCN_MANAGED Uid: 1000 RequestorUid: 1000 RequestorPkg: com.android.settings] ]
06-27 00:28:48.504 D/OemPaidWifiNetworkFactory( 1538): got request NetworkRequest [ REQUEST id=66, [ Capabilities: INTERNET&NOT_RESTRICTED&TRUSTED&NOT_VCN_MANAGED Uid: 1000 RequestorUid: 1000 RequestorPkg: com.android.settings] ]
06-27 00:28:48.506 D/ConnectivityService( 1538): requestNetwork for uid/pid:1000/5997 activeRequest: null callbackRequest: 68 [NetworkRequest [ REQUEST id=69, [ Capabilities: INTERNET&NOT_RESTRICTED&TRUSTED&NOT_VCN_MANAGED Uid: 1000 RequestorUid: 1000 RequestorPkg: com.android.settings] ]] callback flags: 1 priority: 2147483647
06-27 00:28:48.506 D/ConnectivityService( 1538): NetReassign [no changes]
06-27 00:28:48.507 D/BluetoothPan( 5997): Binding service...
06-27 00:28:48.509 D/ConnectivityService( 1538): NetReassign [69 : null → 100]
06-27 00:28:48.509 D/SubscriptionsChangeListener( 5997): Start
06-27 00:28:48.510 D/MobileNetworkSummaryStatus( 5997): network summary query
06-27 00:28:48.511 W/MobileNetworkUtils( 5997): EuiccManager is not enabled.
06-27 00:28:48.511 D/Ethernet( 1538): got request NetworkRequest [ REQUEST id=69, [ Capabilities: INTERNET&NOT_RESTRICTED&TRUSTED&NOT_VCN_MANAGED Uid: 1000 RequestorUid: 1000 RequestorPkg: com.android.settings] ]
06-27 00:28:48.511 D/EthernetNetworkFactory( 1538): acceptRequest, request: NetworkRequest [ REQUEST id=69, [ Capabilities: INTERNET&NOT_RESTRICTED&TRUSTED&NOT_VCN_MANAGED Uid: 1000 RequestorUid: 1000 RequestorPkg: com.android.settings] ]
06-27 00:28:48.511 E/TelephonyManager( 5997): Error in getUiccCardsInfo: unable to connect to Telephony service.
06-27 00:28:48.511 I/EthernetNetworkFactory( 1538): networkForRequest, request: NetworkRequest [ REQUEST id=69, [ Capabilities: INTERNET&NOT_RESTRICTED&TRUSTED&NOT_VCN_MANAGED Uid: 1000 RequestorUid: 1000 RequestorPkg: com.android.settings] ], network: null
06-27 00:28:48.511 W/SelectableSubscriptions( 5997): Fail to request subIdList
06-27 00:28:48.511 W/SelectableSubscriptions( 5997): java.lang.NullPointerException: Attempt to invoke interface method 'int java.util.List.size()' on a null object reference
06-27 00:28:48.511 W/SelectableSubscriptions( 5997): at com.android.settings.network.helper.SelectableSubscriptions.call(SelectableSubscriptions.java:128)
06-27 00:28:48.511 W/SelectableSubscriptions( 5997): at com.android.settings.network.MobileNetworkSummaryStatus.getSubscriptions(MobileNetworkSummaryStatus.java:158)
06-27 00:28:48.511 W/SelectableSubscriptions( 5997): at com.android.settings.network.MobileNetworkSummaryStatus.update(MobileNetworkSummaryStatus.java:88)
06-27 00:28:48.511 W/SelectableSubscriptions( 5997): at com.android.settings.network.MobileNetworkSummaryController.update(MobileNetworkSummaryController.java:170)
06-27 00:28:48.511 W/SelectableSubscriptions( 5997): at com.android.settings.network.MobileNetworkSummaryController.onResume(MobileNetworkSummaryController.java:95)
06-27 00:28:48.511 W/SelectableSubscriptions( 5997): at java.lang.reflect.Method.invoke(Native Method)
06-27 00:28:48.511 W/SelectableSubscriptions( 5997): at androidx.lifecycle.ClassesInfoCache$MethodReference.invokeCallback(ClassesInfoCache.java:216)
06-27 00:28:48.511 W/SelectableSubscriptions( 5997): at androidx.lifecycle.ClassesInfoCache$CallbackInfo.invokeMethodsForEvent(ClassesInfoCache.java:194)
06-27 00:28:48.511 W/SelectableSubscriptions( 5997): at androidx.lifecycle.ClassesInfoCache$CallbackInfo.invokeCallbacks(ClassesInfoCache.java:185)
06-27 00:28:48.511 W/SelectableSubscriptions( 5997): at androidx.lifecycle.ReflectiveGenericLifecycleObserver.onStateChanged(ReflectiveGenericLifecycleObserver.java:37)
06-27 00:28:48.511 W/SelectableSubscriptions( 5997): at androidx.lifecycle.LifecycleRegistry$ObserverWithState.dispatchEvent(LifecycleRegistry.java:354)
06-27 00:28:48.511 W/SelectableSubscriptions( 5997): at androidx.lifecycle.LifecycleRegistry.forwardPass(LifecycleRegistry.java:265)
06-27 00:28:48.511 W/SelectableSubscriptions( 5997): at androidx.lifecycle.LifecycleRegistry.sync(LifecycleRegistry.java:307)
06-27 00:28:48.511 W/SelectableSubscriptions( 5997): at androidx.lifecycle.LifecycleRegistry.moveToState(LifecycleRegistry.java:148)
06-27 00:28:48.511 W/SelectableSubscriptions( 5997): at androidx.lifecycle.LifecycleRegistry.handleLifecycleEvent(LifecycleRegistry.java:134)
06-27 00:28:48.511 W/SelectableSubscriptions( 5997): at com.android.settingslib.core.lifecycle.ObservablePreferenceFragment.onResume(ObservablePreferenceFragment.java:108)
06-27 00:28:48.511 W/SelectableSubscriptions( 5997): at com.android.settings.core.InstrumentedPreferenceFragment.onResume(InstrumentedPreferenceFragment.java:77)
06-27 00:28:48.511 W/SelectableSubscriptions( 5997): at com.android.settings.SettingsPreferenceFragment.onResume(SettingsPreferenceFragment.java:198)
06-27 00:28:48.511 W/SelectableSubscriptions( 5997): at com.android.settings.dashboard.DashboardFragment.onResume(DashboardFragment.java:222)
06-27 00:28:48.511 W/SelectableSubscriptions( 5997): at androidx.fragment.app.Fragment.performResume(Fragment.java:3029)
06-27 00:28:48.511 W/SelectableSubscriptions( 5997): at androidx.fragment.app.FragmentStateManager.resume(FragmentStateManager.java:583)
06-27 00:28:48.511 W/SelectableSubscriptions( 5997): at androidx.fragment.app.FragmentStateManager.moveToExpectedState(FragmentStateManager.java:282)
06-27 00:28:48.511 W/SelectableSubscriptions( 5997): at androidx.fragment.app.FragmentStore.moveToExpectedState(FragmentStore.java:112)
06-27 00:28:48.511 W/SelectableSubscriptions( 5997): at androidx.fragment.app.FragmentManager.moveToState(FragmentManager.java:1667)
06-27 00:28:48.511 W/SelectableSubscriptions( 5997): at androidx.fragment.app.FragmentManager.dispatchStateChange(FragmentManager.java:3234)
06-27 00:28:48.511 W/SelectableSubscriptions( 5997): at androidx.fragment.app.FragmentManager.dispatchResume(FragmentManager.java:3192)
06-27 00:28:48.511 W/SelectableSubscriptions( 5997): at androidx.fragment.app.FragmentController.dispatchResume(FragmentController.java:273)
06-27 00:28:48.511 W/SelectableSubscriptions( 5997): at androidx.fragment.app.FragmentActivity.onResumeFragments(FragmentActivity.java:434)
06-27 00:28:48.511 W/SelectableSubscriptions( 5997): at androidx.fragment.app.FragmentActivity.onPostResume(FragmentActivity.java:423)
06-27 00:28:48.511 W/SelectableSubscriptions( 5997): at android.app.Activity.performResume(Activity.java:8259)
06-27 00:28:48.511 W/SelectableSubscriptions( 5997): at android.app.ActivityThread.performResumeActivity(ActivityThread.java:4748)
06-27 00:28:48.511 W/SelectableSubscriptions( 5997): at android.app.ActivityThread.handleResumeActivity(ActivityThread.java:4791)
06-27 00:28:48.511 W/SelectableSubscriptions( 5997): at android.app.servertransaction.ResumeActivityItem.execute(ResumeActivityItem.java:54)
06-27 00:28:48.511 W/SelectableSubscriptions( 5997): at android.app.servertransaction.ActivityTransactionItem.execute(ActivityTransactionItem.java:45)
06-27 00:28:48.511 W/SelectableSubscriptions( 5997): at android.app.servertransaction.TransactionExecutor.executeLifecycleState(TransactionExecutor.java:176)
06-27 00:28:48.511 W/SelectableSubscriptions( 5997): at android.app.servertransaction.TransactionExecutor.execute(TransactionExecutor.java:97)
06-27 00:28:48.511 W/SelectableSubscriptions( 5997): at android.app.ActivityThread$H.handleMessage(ActivityThread.java:2211)
06-27 00:28:48.511 W/SelectableSubscriptions( 5997): at android.os.Handler.dispatchMessage(Handler.java:106)
06-27 00:28:48.511 W/SelectableSubscriptions( 5997): at android.os.Looper.loopOnce(Looper.java:201)
06-27 00:28:48.511 W/SelectableSubscriptions( 5997): at android.os.Looper.loop(Looper.java:288)
06-27 00:28:48.511 W/SelectableSubscriptions( 5997): at android.app.ActivityThread.main(ActivityThread.java:7880)
06-27 00:28:48.511 W/SelectableSubscriptions( 5997): at java.lang.reflect.Method.invoke(Native Method)
06-27 00:28:48.511 W/SelectableSubscriptions( 5997): at com.android.internal.os.RuntimeInit$MethodAndArgsCaller.run(RuntimeInit.java:548)
06-27 00:28:48.511 W/SelectableSubscriptions( 5997): at com.android.internal.os.ZygoteInit.main(ZygoteInit.java:1009)
06-27 00:28:48.511 D/MobileNetworkSummaryStatus( 5997): network summary query ignored
06-27 00:28:48.511 D/SubscriptionsChangeListener( 5997): Start
06-27 00:28:48.511 D/WifiNetworkFactory( 1538): got request NetworkRequest [ REQUEST id=69, [ Capabilities: INTERNET&NOT_RESTRICTED&TRUSTED&NOT_VCN_MANAGED Uid: 1000 RequestorUid: 1000 RequestorPkg: com.android.settings] ]
06-27 00:28:48.512 D/UntrustedWifiNetworkFactory( 1538): got request NetworkRequest [ REQUEST id=69, [ Capabilities: INTERNET&NOT_RESTRICTED&TRUSTED&NOT_VCN_MANAGED Uid: 1000 RequestorUid: 1000 RequestorPkg: com.android.settings] ]
06-27 00:28:48.512 D/OemPaidWifiNetworkFactory( 1538): got request NetworkRequest [ REQUEST id=69, [ Capabilities: INTERNET&NOT_RESTRICTED&TRUSTED&NOT_VCN_MANAGED Uid: 1000 RequestorUid: 1000 RequestorPkg: com.android.settings] ]
06-27 00:28:48.512 D/ConnectivityService( 1538): NetReassign [no changes]
06-27 00:28:48.518 D/ConnectivityService( 1538): NetReassign [no changes]
06-27 00:28:48.520 D/BatteryInfo( 5997): time for getStats: 0ms
06-27 00:28:48.520 D/BatteryInfo( 5997): time for regular BatteryInfo: 0ms
06-27 00:28:48.520 D/BatteryInfo( 5997): time for getBatteryInfo: 0ms
06-27 00:28:48.523 D/ActivityChangeReceiver( 2649): onReceive
06-27 00:28:48.523 D/MCUUtil ( 2649): saveLastActivity activityName=com.android.settings.homepage.SettingsHomepageActivity packageName=com.android.settings
06-27 00:28:48.525 D/BatteryTipLoader( 5997): BatteryInfoLoader post query: 0ms
06-27 00:28:48.526 D/BatteryInfo( 5997): time for getBatteryInfo: 1ms
06-27 00:28:48.526 D/BatteryTipLoader( 5997): BatteryInfoLoader.loadInBackground: 1ms
06-27 00:28:48.530 W/BatteryBroadcastRcvr( 5997): Problem reading the battery meter.
06-27 00:28:48.534 I/EventSequenceValidator( 1538): dec AccIntentStartedEvents to 1
06-27 00:28:48.537 I/OpenGLRenderer( 5997): Davey! duration=9223371960787ms; Flags=1, FrameTimelineVsyncId=1968, IntendedVsync=76067660747, Vsync=76084327413, InputEventId=0, HandleInputStart=76093491689, AnimationStart=76093492887, PerformTraversalsStart=76093493460, DrawStart=76097162574, FrameDeadline=76084327413, FrameInterval=76093488460, FrameStartTime=16666666, SyncQueued=76098941324, SyncStart=76098991168, IssueDrawCommandsStart=76099144605, SwapBuffers=76099929866, FrameCompleted=9223372036854775807, DequeueBufferDuration=10417, QueueBufferDuration=503802, GpuCompleted=9223372036854775807, SwapBuffersCompleted=76100698147, DisplayPresentTime=45037327713566784,
06-27 00:28:48.538 D/BluetoothPan( 5997): Proxy object connected
06-27 00:28:48.539 I/WifiService( 1538): startScan uid=1000
06-27 00:28:48.541 D/BatteryInfo( 5997): time for callback: 0ms
06-27 00:28:48.542 D/BatteryInfo( 5997): time for getStats: 0ms
06-27 00:28:48.543 D/BatteryInfo( 5997): time for regular BatteryInfo: 1ms
06-27 00:28:48.543 D/BatteryInfo( 5997): time for getBatteryInfo: 0ms
06-27 00:28:48.546 D/LOWI-9.0.0.87.a( 1330): [LOWI-Scan] wait_event:Wait done with Cmd 33
06-27 00:28:48.547 D/LOWI-9.0.0.87.a( 1330): [LOWI-Scan] do_listen_events: Rcvd valid Netlink Cmd 0 Err 0
06-27 00:28:48.548 D/BatteryInfo( 5997): time for callback: 0ms
06-27 00:28:48.548 D/PowerManagerService( 1538): releaseWakeLockInternal: lock=53423375 [*launch*], flags=0x0
06-27 00:28:48.548 D/PowerManagerNotifier( 1538): onWakeLockReleased: flags=1, tag="*launch*", packageName=android, ownerUid=1000, ownerPid=1538, workSource=WorkSource{1000}
06-27 00:28:48.548 D/PowerManagerService( 1538): updateWakeLockSummaryLocked: mWakefulness=Awake, mWakeLockSummary=0x1
06-27 00:28:48.548 D/PowerManagerService( 1538): updateUserActivitySummaryLocked: groupId=0, mWakefulness=Awake, mUserActivitySummary=0x1, nextTimeout=135919 (in 59800 ms)
06-27 00:28:48.549 D/PowerManagerNotifier( 1538): onScreenPolicyUpdate: newPolicy=3
06-27 00:28:48.549 D/PowerManagerService( 1538): updateDisplayPowerStateLocked: displayReady=true, groupId=0, policy=BRIGHT, mWakefulness=Awake, mWakeLockSummary=0x1, mUserActivitySummary=0x1, mBootCompleted=true, screenBrightnessOverride=NaN, useAutoBrightness=false, mScreenBrightnessBoostInProgress=false, mIsVrModeEnabled= false, sQuiescent=false
06-27 00:28:48.551 D/BatteryTipLoader( 5997): BatteryInfoLoader post query: 0ms
06-27 00:28:48.552 D/BatteryInfo( 5997): time for getBatteryInfo: 1ms
06-27 00:28:48.552 D/BatteryTipLoader( 5997): BatteryInfoLoader.loadInBackground: 1ms
06-27 00:28:48.554 I/ImeService( 3258): ImeService(com.baidu.input_hryt.ImeService@953a1cb) life called >>> onUnbindInput
06-27 00:28:48.554 D/ImeService( 3258): onUnbindInput
06-27 00:28:48.555 I/ImeService( 3258): ImeService(com.baidu.input_hryt.ImeService@953a1cb) life called >>> onUnbindInput false
06-27 00:28:48.556 I/ImeService( 3258): ImeService(com.baidu.input_hryt.ImeService@953a1cb) life called >>> onBindInput
06-27 00:28:48.556 D/ImeService( 3258): onBindInput
06-27 00:28:48.556 I/ImeService( 3258): ImeService(com.baidu.input_hryt.ImeService@953a1cb) life called >>> onFinishInput
06-27 00:28:48.556 D/ImeService( 3258): onFinishInput
06-27 00:28:48.557 I/ImeService( 3258): ImeService(com.baidu.input_hryt.ImeService@953a1cb) life called >>> onStartInput false 10.6.1003.19
06-27 00:28:48.557 D/ImeService( 3258): current version:10.6.1003.19
06-27 00:28:48.557 D/ImeService( 3258): onStartInput:packageName:com.android.settings inputType:0 restarting:false,fieldId:-1,imeOptions:0
06-27 00:28:48.559 E/CarAuth ( 3258): check ok
06-27 00:28:48.560 I/ColorPicker( 3258): invalidatePickedColors: oldFloatColor=fff5f7fa
06-27 00:28:48.561 D/ConnectivityService( 1538): ConnectivityService NetworkRequestInfo binderDied(uid/pid:10028/6473, android.os.BinderProxy@4862d66)
06-27 00:28:48.562 D/ConnectivityService( 1538): releasing NetworkRequest [ REQUEST id=61, [ Capabilities: INTERNET&NOT_RESTRICTED&TRUSTED&NOT_VCN_MANAGED Uid: 10028 RequestorUid: 10028 RequestorPkg: com.tencent.mobileqq] ] (release request)
06-27 00:28:48.562 I/Zygote ( 674): Process 6473 exited due to signal 9 (Killed)
06-27 00:28:48.570 D/ActivityTaskManager( 1538): Skipping, freeform mode : Task{9bf9cc #57 type=undefined A=10111:com.tencent.android.qqdownloader U=0 visible=false mode=freeform translucent=true sz=0 visible freeform task=true rootAffinity=10111:com.tencent.android.qqdownloader isMini=false}
06-27 00:28:48.609 D/ConnectivityService( 1538): Data stall detected with methods: 2
06-27 00:28:48.609 D/NetworkMonitor/100( 2258): isDataStall: result=2, tcp packets received=0, latest tcp fail rate=200, consecutive dns timeout count=0
06-27 00:28:48.610 D/NetworkMonitor/100( 2258): Suspecting data stall, reevaluate
06-27 00:28:48.611 D/NetworkMonitor/100( 2258): Validation disabled.
06-27 00:28:48.613 I/[ 76.183209] [schedu][0x5a3a6f6b][00( 0): 28:48.612651] wlan: [3212:I:OSIF] scan start scan id 40965
06-27 00:28:48.617 D/ConnectivityService( 1538): [100 WIFI] validation passed
06-27 00:28:48.716 D/WorkerThreadMonitor( 3274): Kill MSF check result[ senderSize:0,sendInterval:60156,receiveInterval=60150,addCmdCount=0
06-27 00:28:48.825 W/InputManager-JNI( 1538): Input channel object '2e82415 Splash Screen com.android.settings (client)' was disposed without first being removed with the input manager!
06-27 00:28:48.941 D/MemoryCeilingMonitor( 3274): [handleMemoryCalculate]
06-27 00:28:48.942 D/MemoryCeilingMonitor( 3274): [calculate] tot: 5289866, max: 268435456, free: 363210, heap: 4926656, per: 0.01835322380065918
06-27 00:28:48.983 W/System.err( 3507): java.net.ConnectException: Failed to connect to shiply-yyb-1258344701.file.myqcloud.com/10.0.0.1:443
06-27 00:28:48.983 W/System.err( 3507): at com.android.okhttp.internal.io.RealConnection.connectSocket(RealConnection.java:147)
06-27 00:28:48.984 W/System.err( 3507): at com.android.okhttp.internal.io.RealConnection.connect(RealConnection.java:116)
06-27 00:28:48.984 W/System.err( 3507): at com.android.okhttp.internal.http.StreamAllocation.findConnection(StreamAllocation.java:186)
06-27 00:28:48.984 W/System.err( 3507): at com.android.okhttp.internal.http.StreamAllocation.findHealthyConnection(StreamAllocation.java:128)
06-27 00:28:48.984 W/System.err( 3507): at com.android.okhttp.internal.http.StreamAllocation.newStream(StreamAllocation.java:97)
06-27 00:28:48.984 W/System.err( 3507): at com.android.okhttp.internal.http.HttpEngine.connect(HttpEngine.java:289)
06-27 00:28:48.984 W/System.err( 3507): at com.android.okhttp.internal.http.HttpEngine.sendRequest(HttpEngine.java:232)
06-27 00:28:48.984 W/System.err( 3507): at com.android.okhttp.internal.huc.HttpURLConnectionImpl.execute(HttpURLConnectionImpl.java:465)
06-27 00:28:48.984 W/System.err( 3507): at com.android.okhttp.internal.huc.HttpURLConnectionImpl.getResponse(HttpURLConnectionImpl.java:411)
06-27 00:28:48.984 W/System.err( 3507): at com.android.okhttp.internal.huc.HttpURLConnectionImpl.getResponseCode(HttpURLConnectionImpl.java:542)
06-27 00:28:48.984 W/System.err( 3507): at com.android.okhttp.internal.huc.DelegatingHttpsURLConnection.getResponseCode(DelegatingHttpsURLConnection.java:106)
06-27 00:28:48.984 W/System.err( 3507): at com.android.okhttp.internal.huc.HttpsURLConnectionImpl.getResponseCode(HttpsURLConnectionImpl.java:30)
06-27 00:28:48.984 W/System.err( 3507): at com.tencent.halley.downloader.a.a.a.b(Unknown Source:385)
06-27 00:28:48.984 W/System.err( 3507): at com.tencent.halley.downloader.task.section.d.a(Unknown Source:191)
06-27 00:28:48.984 W/System.err( 3507): at com.tencent.halley.downloader.task.section.d.run(Unknown Source:612)
06-27 00:28:48.984 W/System.err( 3507): at java.util.concurrent.Executors$RunnableAdapter.call(Executors.java:462)
06-27 00:28:48.984 W/System.err( 3507): at java.util.concurrent.FutureTask.run(FutureTask.java:266)
06-27 00:28:48.984 W/System.err( 3507): at java.util.concurrent.ThreadPoolExecutor.runWorker(ThreadPoolExecutor.java:1167)
06-27 00:28:48.984 W/System.err( 3507): at java.util.concurrent.ThreadPoolExecutor$Worker.run(ThreadPoolExecutor.java:641)
06-27 00:28:48.984 W/System.err( 3507): at java.lang.Thread.run(Thread.java:920)
06-27 00:28:49.060 D/StateManager( 2649): goToState: Normal
06-27 00:28:49.097 W/Choreographer( 1538): Frame time is 0.146343 ms in the future! Check that graphics HAL is generating vsync timestamps using the correct timebase.
06-27 00:28:49.097 W/Choreographer( 2649): Frame time is 0.047333 ms in the future! Check that graphics HAL is generating vsync timestamps using the correct timebase.
06-27 00:28:49.265 W/System.err( 3507): java.net.ConnectException: Failed to connect to shiply-yyb-1258344701.file.myqcloud.com/10.0.0.1:443
06-27 00:28:49.265 W/System.err( 3507): at com.android.okhttp.internal.io.RealConnection.connectSocket(RealConnection.java:147)
06-27 00:28:49.265 W/System.err( 3507): at com.android.okhttp.internal.io.RealConnection.connect(RealConnection.java:116)
06-27 00:28:49.265 W/System.err( 3507): at com.android.okhttp.internal.http.StreamAllocation.findConnection(StreamAllocation.java:186)
06-27 00:28:49.266 W/System.err( 3507): at com.android.okhttp.internal.http.StreamAllocation.findHealthyConnection(StreamAllocation.java:128)
06-27 00:28:49.266 W/System.err( 3507): at com.android.okhttp.internal.http.StreamAllocation.newStream(StreamAllocation.java:97)
06-27 00:28:49.266 W/System.err( 3507): at com.android.okhttp.internal.http.HttpEngine.connect(HttpEngine.java:289)
06-27 00:28:49.266 W/System.err( 3507): at com.android.okhttp.internal.http.HttpEngine.sendRequest(HttpEngine.java:232)
06-27 00:28:49.266 W/System.err( 3507): at com.android.okhttp.internal.huc.HttpURLConnectionImpl.execute(HttpURLConnectionImpl.java:465)
06-27 00:28:49.266 W/System.err( 3507): at com.android.okhttp.internal.huc.HttpURLConnectionImpl.getResponse(HttpURLConnectionImpl.java:411)
06-27 00:28:49.266 W/System.err( 3507): at com.android.okhttp.internal.huc.HttpURLConnectionImpl.getResponseCode(HttpURLConnectionImpl.java:542)
06-27 00:28:49.266 W/System.err( 3507): at com.android.okhttp.internal.huc.DelegatingHttpsURLConnection.getResponseCode(DelegatingHttpsURLConnection.java:106)
06-27 00:28:49.267 W/System.err( 3507): at com.android.okhttp.internal.huc.HttpsURLConnectionImpl.getResponseCode(HttpsURLConnectionImpl.java:30)
06-27 00:28:49.267 W/System.err( 3507): at com.tencent.halley.downloader.a.a.a.b(Unknown Source:385)
06-27 00:28:49.267 W/System.err( 3507): at com.tencent.halley.downloader.task.section.d.a(Unknown Source:191)
06-27 00:28:49.267 W/System.err( 3507): at com.tencent.halley.downloader.task.section.d.run(Unknown Source:612)
06-27 00:28:49.267 W/System.err( 3507): at java.util.concurrent.Executors$RunnableAdapter.call(Executors.java:462)
06-27 00:28:49.267 W/System.err( 3507): at java.util.concurrent.FutureTask.run(FutureTask.java:266)
06-27 00:28:49.267 W/System.err( 3507): at java.util.concurrent.ThreadPoolExecutor.runWorker(ThreadPoolExecutor.java:1167)
06-27 00:28:49.267 W/System.err( 3507): at java.util.concurrent.ThreadPoolExecutor$Worker.run(ThreadPoolExecutor.java:641)
06-27 00:28:49.267 W/System.err( 3507): at java.lang.Thread.run(Thread.java:920)
06-27 00:28:49.279 W/System.err( 3507): java.lang.NumberFormatException: For input string: "yun-hl"
06-27 00:28:49.280 W/System.err( 3507): at java.lang.Integer.parseInt(Integer.java:615)
06-27 00:28:49.280 W/System.err( 3507): at java.lang.Integer.parseInt(Integer.java:650)
06-27 00:28:49.280 W/System.err( 3507): at com.tencent.halley.common.f.h.d(Unknown Source:74)
06-27 00:28:49.280 W/System.err( 3507): at com.tencent.halley.common.b.a.g.b(Unknown Source:60)
06-27 00:28:49.280 W/System.err( 3507): at com.tencent.halley.common.b.a.c.b(Unknown Source:389)
06-27 00:28:49.280 W/System.err( 3507): at com.tencent.halley.downloader.d.c.a(Unknown Source:85)
06-27 00:28:49.280 W/System.err( 3507): at com.tencent.halley.downloader.task.section.d.run(Unknown Source:155)
06-27 00:28:49.280 W/System.err( 3507): at java.util.concurrent.Executors$RunnableAdapter.call(Executors.java:462)
06-27 00:28:49.280 W/System.err( 3507): at java.util.concurrent.FutureTask.run(FutureTask.java:266)
06-27 00:28:49.280 W/System.err( 3507): at java.util.concurrent.ThreadPoolExecutor.runWorker(ThreadPoolExecutor.java:1167)
06-27 00:28:49.280 W/System.err( 3507): at java.util.concurrent.ThreadPoolExecutor$Worker.run(ThreadPoolExecutor.java:641)
06-27 00:28:49.280 W/System.err( 3507): at java.lang.Thread.run(Thread.java:920)
06-27 00:28:49.286 I/mpu_uart( 653): [MSG-P:RECV]:No message received in 1000 ms
06-27 00:28:49.292 W/System.err( 3507): java.net.ConnectException: Failed to connect to yun-hl.3g.qq.com/10.0.0.1:443
06-27 00:28:49.292 W/System.err( 3507): at com.android.okhttp.internal.io.RealConnection.connectSocket(RealConnection.java:147)
06-27 00:28:49.292 W/System.err( 3507): at com.android.okhttp.internal.io.RealConnection.connect(RealConnection.java:116)
06-27 00:28:49.292 W/System.err( 3507): at com.android.okhttp.internal.http.StreamAllocation.findConnection(StreamAllocation.java:186)
06-27 00:28:49.293 W/System.err( 3507): at com.android.okhttp.internal.http.StreamAllocation.findHealthyConnection(StreamAllocation.java:128)
06-27 00:28:49.293 W/System.err( 3507): at com.android.okhttp.internal.http.StreamAllocation.newStream(StreamAllocation.java:97)
06-27 00:28:49.293 W/System.err( 3507): at com.android.okhttp.internal.http.HttpEngine.connect(HttpEngine.java:289)
06-27 00:28:49.293 W/System.err( 3507): at com.android.okhttp.internal.http.HttpEngine.sendRequest(HttpEngine.java:232)
06-27 00:28:49.293 W/System.err( 3507): at com.android.okhttp.internal.huc.HttpURLConnectionImpl.execute(HttpURLConnectionImpl.java:465)
06-27 00:28:49.293 W/System.err( 3507): at com.android.okhttp.internal.huc.HttpURLConnectionImpl.connect(HttpURLConnectionImpl.java:131)
06-27 00:28:49.293 W/System.err( 3507): at com.android.okhttp.internal.huc.DelegatingHttpsURLConnection.connect(DelegatingHttpsURLConnection.java:90)
06-27 00:28:49.294 W/System.err( 3507): at com.android.okhttp.internal.huc.HttpsURLConnectionImpl.connect(HttpsURLConnectionImpl.java:30)
06-27 00:28:49.294 W/System.err( 3507): at com.tencent.halley.common.b.a.g.b(Unknown Source:236)
06-27 00:28:49.294 W/System.err( 3507): at com.tencent.halley.common.b.a.c.b(Unknown Source:389)
06-27 00:28:49.294 W/System.err( 3507): at com.tencent.halley.downloader.d.c.a(Unknown Source:85)
06-27 00:28:49.294 W/System.err( 3507): at com.tencent.halley.downloader.task.section.d.run(Unknown Source:155)
06-27 00:28:49.294 W/System.err( 3507): at java.util.concurrent.Executors$RunnableAdapter.call(Executors.java:462)
06-27 00:28:49.294 W/System.err( 3507): at java.util.concurrent.FutureTask.run(FutureTask.java:266)
06-27 00:28:49.294 W/System.err( 3507): at java.util.concurrent.ThreadPoolExecutor.runWorker(ThreadPoolExecutor.java:1167)
06-27 00:28:49.294 W/System.err( 3507): at java.util.concurrent.ThreadPoolExecutor$Worker.run(ThreadPoolExecutor.java:641)
06-27 00:28:49.294 W/System.err( 3507): at java.lang.Thread.run(Thread.java:920)
06-27 00:28:49.609 I/[ 77.178291] init( 0): starting service 'hht_ota_mgr_service'...
06-27 00:28:49.664 E/vota ( 6533): [c3c984f8]: [vota]: init: ..
06-27 00:28:49.664 E/vota ( 6533): [c3c984f8]: [vota]: [warning]: the java machine be not inited, please pass it to the tb_init function! at tb_android_init_env(): 43, src/vota/platform/android/android.c
06-27 00:28:49.666 E/vota ( 6533): [c3c984f8]: [vota]: version: tbox_v1_6_7_202302251411_arm64-v8a_elf by Android (8481493, based on r416183c2) Clang 12.0.9 (https://android.googlesource.com/toolchain/llvm-project c935d99d7cf2016289302412d708641d52d2f7ee)
06-27 00:28:49.666 E/vota ( 6533): [c3c984f8]: [vota]: init: ok
06-27 00:28:49.666 E/vota ( 6533): [c3c984f8]: [vota]: [scheduler]: start ..
06-27 00:28:49.666 E/vota ( 6533): [c3c984f8]: [vota]: [coroutine]: init 0x73c26c6158
06-27 00:28:49.666 E/vota ( 6533): [c3c984f8]: [vota]: [scheduler]: start ok
06-27 00:28:49.666 E/vota ( 6533): [c3c984f8]: [vota]: [scheduler]: switch to coroutine(0x73c26c6158) from coroutine(0x73c27a8ca0)
06-27 00:28:49.666 E/vota ( 6533): [c3c984f8]: [vota]: [coroutine]: entry: 0x73c26c6158 stack: 0x73c26c61b8 - 0x73c27061b8 from coroutine(0x73c27a8ca0)
06-27 00:28:49.667 I/hiphi_update_api( 6533): Hh_GetVersion calling ......
06-27 00:28:49.667 I/hiphi_update_api( 6533): get version:01.00.0114.C106
06-27 00:28:49.667 I/hiphi_update_api( 6533): Hh_GetVersion ret:0
06-27 00:28:49.870 W/hht_ota_mgr( 6533): type=1400 audit(0.0:688): avc: denied { read append } for name="NvmSim_yy.dat" dev="dm-10" ino=387 scontext=u:r:hht_ota_mgr:s0 tcontext=u:object_r:system_data_file:s0 tclass=file permissive=0
06-27 00:28:49.874 E/vota ( 6533): [c3c984f8]: [vota]: [scheduler]: switch to original coroutine
06-27 00:28:49.874 E/vota ( 6533): [c3c984f8]: [vota]: [scheduler]: switch to coroutine(0x73c27a8ca0) from coroutine(0x73c26c6158)
06-27 00:28:49.874 E/vota ( 6533): [c3c984f8]: [vota]: [scheduler]: [loop]: ready 0
06-27 00:28:49.874 E/vota ( 6533): [c3c984f8]: [vota]: [coroutine]: exit: 0x73c26c6158
06-27 00:28:49.874 E/vota ( 6533): [c3c984f8]: [vota]: [lock_profiler]:
06-27 00:28:49.874 E/vota ( 6533): [c3c984f8]: [vota]: [lock_profiler]: lock: 0xb40000715a389334, name: native_large_allocator, occupied: 0
06-27 00:28:49.874 E/vota ( 6533): [c3c984f8]: [vota]: [lock_profiler]: lock: 0xb40000716a3840cc, name: allocator, occupied: 0
06-27 00:28:49.874 E/vota ( 6533): [c3c984f8]: [vota]: [small_allocator]:
06-27 00:28:49.874 E/vota ( 6533): [c3c984f8]: [vota]: [static_fixed_pool]: [16]: peak_size: 288, wast_rate: 4074/10000, pred_failed: 0, item_maxn: 245, free_count: 18, malloc_count: 18
06-27 00:28:49.874 E/vota ( 6533): [c3c984f8]: [vota]: [static_fixed_pool]: [96]: peak_size: 2208, wast_rate: 1028/10000, pred_failed: 0, item_maxn: 248, free_count: 23, malloc_count: 23
