06-27 00:28:20.101 W/System.err( 3507): at java.lang.Thread.run(Thread.java:920)
06-27 00:28:20.273 E/[ 47.840104] link_delay_work_func( 0): DTC_ETH: SQI=0, link=0
06-27 00:28:20.619 I/CNSS ( 1174): cnss_open_log_file: create directory /data/vendor/wifi/wlan_logs/ ret = -1 errno= 17
06-27 00:28:20.619 I/CNSS ( 1174): failed to open file a+ mode or file size 0 is less than max_file_size 31457280
06-27 00:28:20.619 I/CNSS ( 1174): Failed to open file /data/vendor/wifi/wlan_logs/host_driver_logs_current.txt: 13
06-27 00:28:20.614 W/cnss_diag( 1174): type=1400 audit(0.0:652): avc: denied { getattr } for path="/data/vendor/wifi/wlan_logs" dev="dm-10" ino=359 scontext=u:r:vendor_wcnss_service:s0 tcontext=u:object_r:vendor_wifi_vendor_log_data_file:s0 tclass=dir permissive=0
06-27 00:28:20.614 W/cnss_diag( 1174): type=1400 audit(0.0:653): avc: denied { read } for name="wlan_logs" dev="dm-10" ino=359 scontext=u:r:vendor_wcnss_service:s0 tcontext=u:object_r:vendor_wifi_vendor_log_data_file:s0 tclass=dir permissive=0
06-27 00:28:20.614 W/cnss_diag( 1174): type=1400 audit(0.0:654): avc: denied { search } for name="wlan_logs" dev="dm-10" ino=359 scontext=u:r:vendor_wcnss_service:s0 tcontext=u:object_r:vendor_wifi_vendor_log_data_file:s0 tclass=dir permissive=0
06-27 00:28:20.810 W/System.err( 3507): java.net.ConnectException: Failed to connect to shiply-yyb-1258344701.file.myqcloud.com/10.0.0.1:443
06-27 00:28:20.810 W/System.err( 3507): at com.android.okhttp.internal.io.RealConnection.connectSocket(RealConnection.java:147)
06-27 00:28:20.810 W/System.err( 3507): at com.android.okhttp.internal.io.RealConnection.connect(RealConnection.java:116)
06-27 00:28:20.810 W/System.err( 3507): at com.android.okhttp.internal.http.StreamAllocation.findConnection(StreamAllocation.java:186)
06-27 00:28:20.810 W/System.err( 3507): at com.android.okhttp.internal.http.StreamAllocation.findHealthyConnection(StreamAllocation.java:128)
06-27 00:28:20.810 W/System.err( 3507): at com.android.okhttp.internal.http.StreamAllocation.newStream(StreamAllocation.java:97)
06-27 00:28:20.810 W/System.err( 3507): at com.android.okhttp.internal.http.HttpEngine.connect(HttpEngine.java:289)
06-27 00:28:20.811 W/System.err( 3507): at com.android.okhttp.internal.http.HttpEngine.sendRequest(HttpEngine.java:232)
06-27 00:28:20.811 W/System.err( 3507): at com.android.okhttp.internal.huc.HttpURLConnectionImpl.execute(HttpURLConnectionImpl.java:465)
06-27 00:28:20.811 W/System.err( 3507): at com.android.okhttp.internal.huc.HttpURLConnectionImpl.getResponse(HttpURLConnectionImpl.java:411)
06-27 00:28:20.811 W/System.err( 3507): at com.android.okhttp.internal.huc.HttpURLConnectionImpl.getResponseCode(HttpURLConnectionImpl.java:542)
06-27 00:28:20.811 W/System.err( 3507): at com.android.okhttp.internal.huc.DelegatingHttpsURLConnection.getResponseCode(DelegatingHttpsURLConnection.java:106)
06-27 00:28:20.811 W/System.err( 3507): at com.android.okhttp.internal.huc.HttpsURLConnectionImpl.getResponseCode(HttpsURLConnectionImpl.java:30)
06-27 00:28:20.811 W/System.err( 3507): at com.tencent.halley.downloader.a.a.a.b(Unknown Source:385)
06-27 00:28:20.811 W/System.err( 3507): at com.tencent.halley.downloader.task.section.d.a(Unknown Source:191)
06-27 00:28:20.811 W/System.err( 3507): at com.tencent.halley.downloader.task.section.d.run(Unknown Source:612)
06-27 00:28:20.811 W/System.err( 3507): at java.util.concurrent.Executors$RunnableAdapter.call(Executors.java:462)
06-27 00:28:20.811 W/System.err( 3507): at java.util.concurrent.FutureTask.run(FutureTask.java:266)
06-27 00:28:20.811 W/System.err( 3507): at java.util.concurrent.ThreadPoolExecutor.runWorker(ThreadPoolExecutor.java:1167)
06-27 00:28:20.811 W/System.err( 3507): at java.util.concurrent.ThreadPoolExecutor$Worker.run(ThreadPoolExecutor.java:641)
06-27 00:28:20.811 W/System.err( 3507): at java.lang.Thread.run(Thread.java:920)
06-27 00:28:20.884 I/mpu_uart( 653): [MSG-P:RECV]:No message received in 1000 ms
06-27 00:28:21.129 W/System.err( 3507): java.net.ConnectException: Failed to connect to shiply-yyb-1258344701.file.myqcloud.com/10.0.0.1:443
06-27 00:28:21.129 W/System.err( 3507): at com.android.okhttp.internal.io.RealConnection.connectSocket(RealConnection.java:147)
06-27 00:28:21.129 W/System.err( 3507): at com.android.okhttp.internal.io.RealConnection.connect(RealConnection.java:116)
06-27 00:28:21.129 W/System.err( 3507): at com.android.okhttp.internal.http.StreamAllocation.findConnection(StreamAllocation.java:186)
06-27 00:28:21.129 W/System.err( 3507): at com.android.okhttp.internal.http.StreamAllocation.findHealthyConnection(StreamAllocation.java:128)
06-27 00:28:21.129 W/System.err( 3507): at com.android.okhttp.internal.http.StreamAllocation.newStream(StreamAllocation.java:97)
06-27 00:28:21.129 W/System.err( 3507): at com.android.okhttp.internal.http.HttpEngine.connect(HttpEngine.java:289)
06-27 00:28:21.129 W/System.err( 3507): at com.android.okhttp.internal.http.HttpEngine.sendRequest(HttpEngine.java:232)
06-27 00:28:21.129 W/System.err( 3507): at com.android.okhttp.internal.huc.HttpURLConnectionImpl.execute(HttpURLConnectionImpl.java:465)
06-27 00:28:21.129 W/System.err( 3507): at com.android.okhttp.internal.huc.HttpURLConnectionImpl.getResponse(HttpURLConnectionImpl.java:411)
06-27 00:28:21.129 W/System.err( 3507): at com.android.okhttp.internal.huc.HttpURLConnectionImpl.getResponseCode(HttpURLConnectionImpl.java:542)
06-27 00:28:21.129 W/System.err( 3507): at com.android.okhttp.internal.huc.DelegatingHttpsURLConnection.getResponseCode(DelegatingHttpsURLConnection.java:106)
06-27 00:28:21.129 W/System.err( 3507): at com.android.okhttp.internal.huc.HttpsURLConnectionImpl.getResponseCode(HttpsURLConnectionImpl.java:30)
06-27 00:28:21.129 W/System.err( 3507): at com.tencent.halley.downloader.a.a.a.b(Unknown Source:385)
06-27 00:28:21.129 W/System.err( 3507): at com.tencent.halley.downloader.task.section.d.a(Unknown Source:191)
06-27 00:28:21.129 W/System.err( 3507): at com.tencent.halley.downloader.task.section.d.run(Unknown Source:612)
06-27 00:28:21.130 W/System.err( 3507): at java.util.concurrent.Executors$RunnableAdapter.call(Executors.java:462)
06-27 00:28:21.130 W/System.err( 3507): at java.util.concurrent.FutureTask.run(FutureTask.java:266)
06-27 00:28:21.130 W/System.err( 3507): at java.util.concurrent.ThreadPoolExecutor.runWorker(ThreadPoolExecutor.java:1167)
06-27 00:28:21.130 W/System.err( 3507): at java.util.concurrent.ThreadPoolExecutor$Worker.run(ThreadPoolExecutor.java:641)
06-27 00:28:21.130 W/System.err( 3507): at java.lang.Thread.run(Thread.java:920)
06-27 00:28:21.138 W/System.err( 3507): java.lang.NumberFormatException: For input string: "yun-hl"
06-27 00:28:21.138 W/System.err( 3507): at java.lang.Integer.parseInt(Integer.java:615)
06-27 00:28:21.138 W/System.err( 3507): at java.lang.Integer.parseInt(Integer.java:650)
06-27 00:28:21.138 W/System.err( 3507): at com.tencent.halley.common.f.h.d(Unknown Source:74)
06-27 00:28:21.138 W/System.err( 3507): at com.tencent.halley.common.b.a.g.b(Unknown Source:60)
06-27 00:28:21.138 W/System.err( 3507): at com.tencent.halley.common.b.a.c.b(Unknown Source:389)
06-27 00:28:21.138 W/System.err( 3507): at com.tencent.halley.downloader.d.c.a(Unknown Source:85)
06-27 00:28:21.138 W/System.err( 3507): at com.tencent.halley.downloader.task.section.d.run(Unknown Source:155)
06-27 00:28:21.138 W/System.err( 3507): at java.util.concurrent.Executors$RunnableAdapter.call(Executors.java:462)
06-27 00:28:21.138 W/System.err( 3507): at java.util.concurrent.FutureTask.run(FutureTask.java:266)
06-27 00:28:21.138 W/System.err( 3507): at java.util.concurrent.ThreadPoolExecutor.runWorker(ThreadPoolExecutor.java:1167)
06-27 00:28:21.138 W/System.err( 3507): at java.util.concurrent.ThreadPoolExecutor$Worker.run(ThreadPoolExecutor.java:641)
06-27 00:28:21.138 W/System.err( 3507): at java.lang.Thread.run(Thread.java:920)
06-27 00:28:21.160 W/System.err( 3507): java.net.ConnectException: Failed to connect to yun-hl.3g.qq.com/10.0.0.1:443
06-27 00:28:21.160 W/System.err( 3507): at com.android.okhttp.internal.io.RealConnection.connectSocket(RealConnection.java:147)
06-27 00:28:21.160 W/System.err( 3507): at com.android.okhttp.internal.io.RealConnection.connect(RealConnection.java:116)
06-27 00:28:21.160 W/System.err( 3507): at com.android.okhttp.internal.http.StreamAllocation.findConnection(StreamAllocation.java:186)
06-27 00:28:21.160 W/System.err( 3507): at com.android.okhttp.internal.http.StreamAllocation.findHealthyConnection(StreamAllocation.java:128)
06-27 00:28:21.160 W/System.err( 3507): at com.android.okhttp.internal.http.StreamAllocation.newStream(StreamAllocation.java:97)
06-27 00:28:21.160 W/System.err( 3507): at com.android.okhttp.internal.http.HttpEngine.connect(HttpEngine.java:289)
06-27 00:28:21.160 W/System.err( 3507): at com.android.okhttp.internal.http.HttpEngine.sendRequest(HttpEngine.java:232)
06-27 00:28:21.160 W/System.err( 3507): at com.android.okhttp.internal.huc.HttpURLConnectionImpl.execute(HttpURLConnectionImpl.java:465)
06-27 00:28:21.160 W/System.err( 3507): at com.android.okhttp.internal.huc.HttpURLConnectionImpl.connect(HttpURLConnectionImpl.java:131)
06-27 00:28:21.160 W/System.err( 3507): at com.android.okhttp.internal.huc.DelegatingHttpsURLConnection.connect(DelegatingHttpsURLConnection.java:90)
06-27 00:28:21.160 W/System.err( 3507): at com.android.okhttp.internal.huc.HttpsURLConnectionImpl.connect(HttpsURLConnectionImpl.java:30)
06-27 00:28:21.160 W/System.err( 3507): at com.tencent.halley.common.b.a.g.b(Unknown Source:236)
06-27 00:28:21.160 W/System.err( 3507): at com.tencent.halley.common.b.a.c.b(Unknown Source:389)
06-27 00:28:21.160 W/System.err( 3507): at com.tencent.halley.downloader.d.c.a(Unknown Source:85)
06-27 00:28:21.160 W/System.err( 3507): at com.tencent.halley.downloader.task.section.d.run(Unknown Source:155)
06-27 00:28:21.160 W/System.err( 3507): at java.util.concurrent.Executors$RunnableAdapter.call(Executors.java:462)
06-27 00:28:21.160 W/System.err( 3507): at java.util.concurrent.FutureTask.run(FutureTask.java:266)
06-27 00:28:21.160 W/System.err( 3507): at java.util.concurrent.ThreadPoolExecutor.runWorker(ThreadPoolExecutor.java:1167)
06-27 00:28:21.160 W/System.err( 3507): at java.util.concurrent.ThreadPoolExecutor$Worker.run(ThreadPoolExecutor.java:641)
06-27 00:28:21.161 W/System.err( 3507): at java.lang.Thread.run(Thread.java:920)
06-27 00:28:21.884 I/mpu_uart( 653): [MSG-P:RECV]:No message received in 1000 ms
06-27 00:28:21.901 I/mpu_uart( 653): [MSG-P:R]:recv sync frame timeout
06-27 00:28:21.903 W/System.err( 3507): java.net.ConnectException: Failed to connect to shiply-yyb-1258344701.file.myqcloud.com/10.0.0.1:443
06-27 00:28:21.903 W/System.err( 3507): at com.android.okhttp.internal.io.RealConnection.connectSocket(RealConnection.java:147)
06-27 00:28:21.903 W/System.err( 3507): at com.android.okhttp.internal.io.RealConnection.connect(RealConnection.java:116)
06-27 00:28:21.903 W/System.err( 3507): at com.android.okhttp.internal.http.StreamAllocation.findConnection(StreamAllocation.java:186)
06-27 00:28:21.903 W/System.err( 3507): at com.android.okhttp.internal.http.StreamAllocation.findHealthyConnection(StreamAllocation.java:128)
06-27 00:28:21.903 W/System.err( 3507): at com.android.okhttp.internal.http.StreamAllocation.newStream(StreamAllocation.java:97)
06-27 00:28:21.903 W/System.err( 3507): at com.android.okhttp.internal.http.HttpEngine.connect(HttpEngine.java:289)
06-27 00:28:21.903 W/System.err( 3507): at com.android.okhttp.internal.http.HttpEngine.sendRequest(HttpEngine.java:232)
06-27 00:28:21.903 W/System.err( 3507): at com.android.okhttp.internal.huc.HttpURLConnectionImpl.execute(HttpURLConnectionImpl.java:465)
06-27 00:28:21.903 W/System.err( 3507): at com.android.okhttp.internal.huc.HttpURLConnectionImpl.getResponse(HttpURLConnectionImpl.java:411)
06-27 00:28:21.903 W/System.err( 3507): at com.android.okhttp.internal.huc.HttpURLConnectionImpl.getResponseCode(HttpURLConnectionImpl.java:542)
06-27 00:28:21.903 W/System.err( 3507): at com.android.okhttp.internal.huc.DelegatingHttpsURLConnection.getResponseCode(DelegatingHttpsURLConnection.java:106)
06-27 00:28:21.904 W/System.err( 3507): at com.android.okhttp.internal.huc.HttpsURLConnectionImpl.getResponseCode(HttpsURLConnectionImpl.java:30)
06-27 00:28:21.904 W/System.err( 3507): at com.tencent.halley.downloader.a.a.a.b(Unknown Source:385)
06-27 00:28:21.904 W/System.err( 3507): at com.tencent.halley.downloader.task.section.d.a(Unknown Source:191)
06-27 00:28:21.904 W/System.err( 3507): at com.tencent.halley.downloader.task.section.d.run(Unknown Source:612)
06-27 00:28:21.904 W/System.err( 3507): at java.util.concurrent.Executors$RunnableAdapter.call(Executors.java:462)
06-27 00:28:21.904 W/System.err( 3507): at java.util.concurrent.FutureTask.run(FutureTask.java:266)
06-27 00:28:21.904 W/System.err( 3507): at java.util.concurrent.ThreadPoolExecutor.runWorker(ThreadPoolExecutor.java:1167)
06-27 00:28:21.904 W/System.err( 3507): at java.util.concurrent.ThreadPoolExecutor$Worker.run(ThreadPoolExecutor.java:641)
06-27 00:28:21.904 W/System.err( 3507): at java.lang.Thread.run(Thread.java:920)
06-27 00:28:22.097 W/eup ( 4622): [Upload] Use the back-up url at the last time: http://android.rqd.qq.com/analytics/async
06-27 00:28:22.097 D/eup ( 4622): [Upload] Send 922 bytes
06-27 00:28:22.098 D/eup ( 4622): [Upload] Upload to http://android.rqd.qq.com/analytics/async?aid=615363e7-5a02-435f-9d42-4b6323d3cd86 with cmd 840 (pid=4622 | tid=4800).
06-27 00:28:22.098 D/eup ( 4622): request: http://android.rqd.qq.com/analytics/async?aid=615363e7-5a02-435f-9d42-4b6323d3cd86, send: 922 (pid=4622 | tid=4800)
06-27 00:28:22.126 W/eup ( 4622): java.io.IOException: unexpected end of stream on com.android.okhttp.Address@bdde0ebf
06-27 00:28:22.126 W/eup ( 4622): at com.android.okhttp.internal.http.Http1xStream.readResponse(Http1xStream.java:203)
06-27 00:28:22.126 W/eup ( 4622): at com.android.okhttp.internal.http.Http1xStream.readResponseHeaders(Http1xStream.java:129)
06-27 00:28:22.126 W/eup ( 4622): at com.android.okhttp.internal.http.HttpEngine.readNetworkResponse(HttpEngine.java:750)
06-27 00:28:22.126 W/eup ( 4622): at com.android.okhttp.internal.http.HttpEngine.readResponse(HttpEngine.java:622)
06-27 00:28:22.126 W/eup ( 4622): at com.android.okhttp.internal.huc.HttpURLConnectionImpl.execute(HttpURLConnectionImpl.java:475)
06-27 00:28:22.126 W/eup ( 4622): at com.android.okhttp.internal.huc.HttpURLConnectionImpl.getResponse(HttpURLConnectionImpl.java:411)
06-27 00:28:22.126 W/eup ( 4622): at com.android.okhttp.internal.huc.HttpURLConnectionImpl.getResponseCode(HttpURLConnectionImpl.java:542)
06-27 00:28:22.126 W/eup ( 4622): at com.tencent.bugly.proguard.s.a(SourceFile:118)
06-27 00:28:22.126 W/eup ( 4622): at com.tencent.bugly.proguard.v.run(SourceFile:355)
06-27 00:28:22.126 W/eup ( 4622): at com.tencent.bugly.proguard.u$1.run(SourceFile:723)
06-27 00:28:22.126 W/eup ( 4622): at java.lang.Thread.run(Thread.java:920)
06-27 00:28:22.126 W/eup ( 4622): Caused by: java.io.EOFException: \n not found: size=0 content=...
06-27 00:28:22.126 W/eup ( 4622): at com.android.okhttp.okio.RealBufferedSource.readUtf8LineStrict(RealBufferedSource.java:202)
06-27 00:28:22.126 W/eup ( 4622): at com.android.okhttp.internal.http.Http1xStream.readResponse(Http1xStream.java:188)
06-27 00:28:22.126 W/eup ( 4622): ... 10 more
06-27 00:28:22.126 E/eup ( 4622): [Upload] Failed to upload(1): Failed to upload for no response!
06-27 00:28:22.126 E/eup ( 4622): [Upload] Failed to upload(1) userinfo: failed after many attempts
06-27 00:28:22.127 D/eup ( 4622): [UploadManager] Local network consume: 1 KB
06-27 00:28:22.129 D/eup ( 4622): [Database] deleted t_lr data 1
06-27 00:28:22.130 D/eup ( 4622): [Database] insert t_lr success.
06-27 00:28:22.130 D/eup ( 4622): [UploadManager] Network total consume: 2 KB
06-27 00:28:22.179 W/System.err( 3507): java.net.ConnectException: Failed to connect to shiply-yyb-1258344701.file.myqcloud.com/10.0.0.1:443
06-27 00:28:22.179 W/System.err( 3507): at com.android.okhttp.internal.io.RealConnection.connectSocket(RealConnection.java:147)
06-27 00:28:22.179 W/System.err( 3507): at com.android.okhttp.internal.io.RealConnection.connect(RealConnection.java:116)
06-27 00:28:22.179 W/System.err( 3507): at com.android.okhttp.internal.http.StreamAllocation.findConnection(StreamAllocation.java:186)
06-27 00:28:22.179 W/System.err( 3507): at com.android.okhttp.internal.http.StreamAllocation.findHealthyConnection(StreamAllocation.java:128)
06-27 00:28:22.179 W/System.err( 3507): at com.android.okhttp.internal.http.StreamAllocation.newStream(StreamAllocation.java:97)
06-27 00:28:22.180 W/System.err( 3507): at com.android.okhttp.internal.http.HttpEngine.connect(HttpEngine.java:289)
06-27 00:28:22.180 W/System.err( 3507): at com.android.okhttp.internal.http.HttpEngine.sendRequest(HttpEngine.java:232)
06-27 00:28:22.180 W/System.err( 3507): at com.android.okhttp.internal.huc.HttpURLConnectionImpl.execute(HttpURLConnectionImpl.java:465)
06-27 00:28:22.180 W/System.err( 3507): at com.android.okhttp.internal.huc.HttpURLConnectionImpl.getResponse(HttpURLConnectionImpl.java:411)
06-27 00:28:22.180 W/System.err( 3507): at com.android.okhttp.internal.huc.HttpURLConnectionImpl.getResponseCode(HttpURLConnectionImpl.java:542)
06-27 00:28:22.180 W/System.err( 3507): at com.android.okhttp.internal.huc.DelegatingHttpsURLConnection.getResponseCode(DelegatingHttpsURLConnection.java:106)
06-27 00:28:22.180 W/System.err( 3507): at com.android.okhttp.internal.huc.HttpsURLConnectionImpl.getResponseCode(HttpsURLConnectionImpl.java:30)
06-27 00:28:22.180 W/System.err( 3507): at com.tencent.halley.downloader.a.a.a.b(Unknown Source:385)
06-27 00:28:22.180 W/System.err( 3507): at com.tencent.halley.downloader.task.section.d.a(Unknown Source:191)
06-27 00:28:22.180 W/System.err( 3507): at com.tencent.halley.downloader.task.section.d.run(Unknown Source:612)
06-27 00:28:22.180 W/System.err( 3507): at java.util.concurrent.Executors$RunnableAdapter.call(Executors.java:462)
06-27 00:28:22.180 W/System.err( 3507): at java.util.concurrent.FutureTask.run(FutureTask.java:266)
06-27 00:28:22.180 W/System.err( 3507): at java.util.concurrent.ThreadPoolExecutor.runWorker(ThreadPoolExecutor.java:1167)
06-27 00:28:22.180 W/System.err( 3507): at java.util.concurrent.ThreadPoolExecutor$Worker.run(ThreadPoolExecutor.java:641)
06-27 00:28:22.180 W/System.err( 3507): at java.lang.Thread.run(Thread.java:920)
06-27 00:28:22.194 W/System.err( 3507): java.lang.NumberFormatException: For input string: "yun-hl"
06-27 00:28:22.194 W/System.err( 3507): at java.lang.Integer.parseInt(Integer.java:615)
06-27 00:28:22.194 W/System.err( 3507): at java.lang.Integer.parseInt(Integer.java:650)
06-27 00:28:22.194 W/System.err( 3507): at com.tencent.halley.common.f.h.d(Unknown Source:74)
06-27 00:28:22.194 W/System.err( 3507): at com.tencent.halley.common.b.a.g.b(Unknown Source:60)
06-27 00:28:22.194 W/System.err( 3507): at com.tencent.halley.common.b.a.c.b(Unknown Source:389)
06-27 00:28:22.194 W/System.err( 3507): at com.tencent.halley.downloader.d.c.a(Unknown Source:85)
06-27 00:28:22.194 W/System.err( 3507): at com.tencent.halley.downloader.task.section.d.run(Unknown Source:155)
06-27 00:28:22.194 W/System.err( 3507): at java.util.concurrent.Executors$RunnableAdapter.call(Executors.java:462)
06-27 00:28:22.194 W/System.err( 3507): at java.util.concurrent.FutureTask.run(FutureTask.java:266)
06-27 00:28:22.194 W/System.err( 3507): at java.util.concurrent.ThreadPoolExecutor.runWorker(ThreadPoolExecutor.java:1167)
06-27 00:28:22.194 W/System.err( 3507): at java.util.concurrent.ThreadPoolExecutor$Worker.run(ThreadPoolExecutor.java:641)
06-27 00:28:22.194 W/System.err( 3507): at java.lang.Thread.run(Thread.java:920)
06-27 00:28:22.200 W/System.err( 3507): java.net.ConnectException: Failed to connect to yun-hl.3g.qq.com/10.0.0.1:443
06-27 00:28:22.200 W/System.err( 3507): at com.android.okhttp.internal.io.RealConnection.connectSocket(RealConnection.java:147)
06-27 00:28:22.200 W/System.err( 3507): at com.android.okhttp.internal.io.RealConnection.connect(RealConnection.java:116)
06-27 00:28:22.200 W/System.err( 3507): at com.android.okhttp.internal.http.StreamAllocation.findConnection(StreamAllocation.java:186)
06-27 00:28:22.200 W/System.err( 3507): at com.android.okhttp.internal.http.StreamAllocation.findHealthyConnection(StreamAllocation.java:128)
06-27 00:28:22.200 W/System.err( 3507): at com.android.okhttp.internal.http.StreamAllocation.newStream(StreamAllocation.java:97)
06-27 00:28:22.200 W/System.err( 3507): at com.android.okhttp.internal.http.HttpEngine.connect(HttpEngine.java:289)
06-27 00:28:22.200 W/System.err( 3507): at com.android.okhttp.internal.http.HttpEngine.sendRequest(HttpEngine.java:232)
06-27 00:28:22.200 W/System.err( 3507): at com.android.okhttp.internal.huc.HttpURLConnectionImpl.execute(HttpURLConnectionImpl.java:465)
06-27 00:28:22.200 W/System.err( 3507): at com.android.okhttp.internal.huc.HttpURLConnectionImpl.connect(HttpURLConnectionImpl.java:131)
06-27 00:28:22.200 W/System.err( 3507): at com.android.okhttp.internal.huc.DelegatingHttpsURLConnection.connect(DelegatingHttpsURLConnection.java:90)
06-27 00:28:22.200 W/System.err( 3507): at com.android.okhttp.internal.huc.HttpsURLConnectionImpl.connect(HttpsURLConnectionImpl.java:30)
06-27 00:28:22.200 W/System.err( 3507): at com.tencent.halley.common.b.a.g.b(Unknown Source:236)
06-27 00:28:22.200 W/System.err( 3507): at com.tencent.halley.common.b.a.c.b(Unknown Source:389)
06-27 00:28:22.200 W/System.err( 3507): at com.tencent.halley.downloader.d.c.a(Unknown Source:85)
06-27 00:28:22.200 W/System.err( 3507): at com.tencent.halley.downloader.task.section.d.run(Unknown Source:155)
06-27 00:28:22.200 W/System.err( 3507): at java.util.concurrent.Executors$RunnableAdapter.call(Executors.java:462)
06-27 00:28:22.201 W/System.err( 3507): at java.util.concurrent.FutureTask.run(FutureTask.java:266)
06-27 00:28:22.201 W/System.err( 3507): at java.util.concurrent.ThreadPoolExecutor.runWorker(ThreadPoolExecutor.java:1167)
06-27 00:28:22.201 W/System.err( 3507): at java.util.concurrent.ThreadPoolExecutor$Worker.run(ThreadPoolExecutor.java:641)
06-27 00:28:22.201 W/System.err( 3507): at java.lang.Thread.run(Thread.java:920)
06-27 00:28:22.219 D/PowerManagerService( 1538): acquireWakeLockInternal: lock=91385677, flags=0x1, tag="i", ws=null, uid=10111, pid=3366
06-27 00:28:22.219 D/PowerManagerService( 1538): updateWakeLockSummaryLocked: mWakefulness=Awake, mWakeLockSummary=0x1
06-27 00:28:22.219 D/PowerManagerService( 1538): updateUserActivitySummaryLocked: groupId=0, mWakefulness=Awake, mUserActivitySummary=0x1, nextTimeout=72201 (in 22411 ms)
06-27 00:28:22.219 D/PowerManagerNotifier( 1538): onScreenPolicyUpdate: newPolicy=3
06-27 00:28:22.219 D/PowerManagerService( 1538): updateDisplayPowerStateLocked: displayReady=true, groupId=0, policy=BRIGHT, mWakefulness=Awake, mWakeLockSummary=0x1, mUserActivitySummary=0x1, mBootCompleted=true, screenBrightnessOverride=NaN, useAutoBrightness=false, mScreenBrightnessBoostInProgress=false, mIsVrModeEnabled= false, sQuiescent=false
06-27 00:28:22.220 D/PowerManagerNotifier( 1538): onWakeLockAcquired: flags=1, tag="i", packageName=com.tencent.android.qqdownloader, ownerUid=10111, ownerPid=3366, workSource=null
06-27 00:28:22.270 D/PowerManagerService( 1538): releaseWakeLockInternal: lock=91385677 [i], flags=0x0
06-27 00:28:22.270 D/PowerManagerNotifier( 1538): onWakeLockReleased: flags=1, tag="i", packageName=com.tencent.android.qqdownloader, ownerUid=10111, ownerPid=3366, workSource=null
06-27 00:28:22.270 D/PowerManagerService( 1538): updateWakeLockSummaryLocked: mWakefulness=Awake, mWakeLockSummary=0x1
06-27 00:28:22.270 D/PowerManagerService( 1538): updateUserActivitySummaryLocked: groupId=0, mWakefulness=Awake, mUserActivitySummary=0x1, nextTimeout=72201 (in 22360 ms)
06-27 00:28:22.270 D/PowerManagerNotifier( 1538): onScreenPolicyUpdate: newPolicy=3
06-27 00:28:22.270 D/PowerManagerService( 1538): updateDisplayPowerStateLocked: displayReady=true, groupId=0, policy=BRIGHT, mWakefulness=Awake, mWakeLockSummary=0x1, mUserActivitySummary=0x1, mBootCompleted=true, screenBrightnessOverride=NaN, useAutoBrightness=false, mScreenBrightnessBoostInProgress=false, mIsVrModeEnabled= false, sQuiescent=false
06-27 00:28:22.335 I/tencent.mm:pus( 4426): Explicit concurrent copying GC freed 6512(596KB) AllocSpace objects, 8(160KB) LOS objects, 24% free, 7238KB/9651KB, paused 89us,78us total 74.474ms
06-27 00:28:22.498 I/tencent.mm:pus( 4426): Explicit concurrent copying GC freed 2862(188KB) AllocSpace objects, 4(80KB) LOS objects, 24% free, 7226KB/9635KB, paused 107us,85us total 83.069ms
06-27 00:28:22.885 I/mpu_uart( 653): [MSG-P:RECV]:No message received in 1000 ms
06-27 00:28:22.975 W/System.err( 3507): java.net.ConnectException: Failed to connect to shiply-yyb-1258344701.file.myqcloud.com/10.0.0.1:443
06-27 00:28:22.976 W/System.err( 3507): at com.android.okhttp.internal.io.RealConnection.connectSocket(RealConnection.java:147)
06-27 00:28:22.976 W/System.err( 3507): at com.android.okhttp.internal.io.RealConnection.connect(RealConnection.java:116)
06-27 00:28:22.976 W/System.err( 3507): at com.android.okhttp.internal.http.StreamAllocation.findConnection(StreamAllocation.java:186)
06-27 00:28:22.976 W/System.err( 3507): at com.android.okhttp.internal.http.StreamAllocation.findHealthyConnection(StreamAllocation.java:128)
06-27 00:28:22.976 W/System.err( 3507): at com.android.okhttp.internal.http.StreamAllocation.newStream(StreamAllocation.java:97)
06-27 00:28:22.976 W/System.err( 3507): at com.android.okhttp.internal.http.HttpEngine.connect(HttpEngine.java:289)
06-27 00:28:22.976 W/System.err( 3507): at com.android.okhttp.internal.http.HttpEngine.sendRequest(HttpEngine.java:232)
06-27 00:28:22.976 W/System.err( 3507): at com.android.okhttp.internal.huc.HttpURLConnectionImpl.execute(HttpURLConnectionImpl.java:465)
06-27 00:28:22.976 W/System.err( 3507): at com.android.okhttp.internal.huc.HttpURLConnectionImpl.getResponse(HttpURLConnectionImpl.java:411)
06-27 00:28:22.976 W/System.err( 3507): at com.android.okhttp.internal.huc.HttpURLConnectionImpl.getResponseCode(HttpURLConnectionImpl.java:542)
06-27 00:28:22.976 W/System.err( 3507): at com.android.okhttp.internal.huc.DelegatingHttpsURLConnection.getResponseCode(DelegatingHttpsURLConnection.java:106)
06-27 00:28:22.976 W/System.err( 3507): at com.android.okhttp.internal.huc.HttpsURLConnectionImpl.getResponseCode(HttpsURLConnectionImpl.java:30)
06-27 00:28:22.976 W/System.err( 3507): at com.tencent.halley.downloader.a.a.a.b(Unknown Source:385)
06-27 00:28:22.976 W/System.err( 3507): at com.tencent.halley.downloader.task.section.d.a(Unknown Source:191)
06-27 00:28:22.976 W/System.err( 3507): at com.tencent.halley.downloader.task.section.d.run(Unknown Source:612)
06-27 00:28:22.976 W/System.err( 3507): at java.util.concurrent.Executors$RunnableAdapter.call(Executors.java:462)
06-27 00:28:22.976 W/System.err( 3507): at java.util.concurrent.FutureTask.run(FutureTask.java:266)
06-27 00:28:22.976 W/System.err( 3507): at java.util.concurrent.ThreadPoolExecutor.runWorker(ThreadPoolExecutor.java:1167)
06-27 00:28:22.976 W/System.err( 3507): at java.util.concurrent.ThreadPoolExecutor$Worker.run(ThreadPoolExecutor.java:641)
06-27 00:28:22.976 W/System.err( 3507): at java.lang.Thread.run(Thread.java:920)
06-27 00:28:22.996 W/System ( 3366): A resource failed to call close.
06-27 00:28:22.996 W/System ( 3366): A resource failed to call close.
06-27 00:28:23.134 I/MusicApplication( 4731): onWnsIdCallback wnswid: 3370764665156334592
06-27 00:28:23.267 W/System.err( 3507): java.net.ConnectException: Failed to connect to shiply-yyb-1258344701.file.myqcloud.com/10.0.0.1:443
06-27 00:28:23.268 W/System.err( 3507): at com.android.okhttp.internal.io.RealConnection.connectSocket(RealConnection.java:147)
06-27 00:28:23.268 W/System.err( 3507): at com.android.okhttp.internal.io.RealConnection.connect(RealConnection.java:116)
06-27 00:28:23.268 W/System.err( 3507): at com.android.okhttp.internal.http.StreamAllocation.findConnection(StreamAllocation.java:186)
06-27 00:28:23.268 W/System.err( 3507): at com.android.okhttp.internal.http.StreamAllocation.findHealthyConnection(StreamAllocation.java:128)
06-27 00:28:23.268 W/System.err( 3507): at com.android.okhttp.internal.http.StreamAllocation.newStream(StreamAllocation.java:97)
06-27 00:28:23.268 W/System.err( 3507): at com.android.okhttp.internal.http.HttpEngine.connect(HttpEngine.java:289)
06-27 00:28:23.268 W/System.err( 3507): at com.android.okhttp.internal.http.HttpEngine.sendRequest(HttpEngine.java:232)
06-27 00:28:23.268 W/System.err( 3507): at com.android.okhttp.internal.huc.HttpURLConnectionImpl.execute(HttpURLConnectionImpl.java:465)
06-27 00:28:23.268 W/System.err( 3507): at com.android.okhttp.internal.huc.HttpURLConnectionImpl.getResponse(HttpURLConnectionImpl.java:411)
06-27 00:28:23.268 W/System.err( 3507): at com.android.okhttp.internal.huc.HttpURLConnectionImpl.getResponseCode(HttpURLConnectionImpl.java:542)
06-27 00:28:23.268 W/System.err( 3507): at com.android.okhttp.internal.huc.DelegatingHttpsURLConnection.getResponseCode(DelegatingHttpsURLConnection.java:106)
06-27 00:28:23.268 W/System.err( 3507): at com.android.okhttp.internal.huc.HttpsURLConnectionImpl.getResponseCode(HttpsURLConnectionImpl.java:30)
06-27 00:28:23.268 W/System.err( 3507): at com.tencent.halley.downloader.a.a.a.b(Unknown Source:385)
06-27 00:28:23.268 W/System.err( 3507): at com.tencent.halley.downloader.task.section.d.a(Unknown Source:191)
06-27 00:28:23.268 W/System.err( 3507): at com.tencent.halley.downloader.task.section.d.run(Unknown Source:612)
06-27 00:28:23.268 W/System.err( 3507): at java.util.concurrent.Executors$RunnableAdapter.call(Executors.java:462)
06-27 00:28:23.268 W/System.err( 3507): at java.util.concurrent.FutureTask.run(FutureTask.java:266)
06-27 00:28:23.268 W/System.err( 3507): at java.util.concurrent.ThreadPoolExecutor.runWorker(ThreadPoolExecutor.java:1167)
06-27 00:28:23.268 W/System.err( 3507): at java.util.concurrent.ThreadPoolExecutor$Worker.run(ThreadPoolExecutor.java:641)
06-27 00:28:23.268 W/System.err( 3507): at java.lang.Thread.run(Thread.java:920)
06-27 00:28:23.280 W/System.err( 3507): java.lang.NumberFormatException: For input string: "yun-hl"
06-27 00:28:23.280 W/System.err( 3507): at java.lang.Integer.parseInt(Integer.java:615)
06-27 00:28:23.280 W/System.err( 3507): at java.lang.Integer.parseInt(Integer.java:650)
06-27 00:28:23.280 W/System.err( 3507): at com.tencent.halley.common.f.h.d(Unknown Source:74)
06-27 00:28:23.280 W/System.err( 3507): at com.tencent.halley.common.b.a.g.b(Unknown Source:60)
06-27 00:28:23.280 W/System.err( 3507): at com.tencent.halley.common.b.a.c.b(Unknown Source:389)
06-27 00:28:23.280 W/System.err( 3507): at com.tencent.halley.downloader.d.c.a(Unknown Source:85)
06-27 00:28:23.280 W/System.err( 3507): at com.tencent.halley.downloader.task.section.d.run(Unknown Source:155)
06-27 00:28:23.280 W/System.err( 3507): at java.util.concurrent.Executors$RunnableAdapter.call(Executors.java:462)
06-27 00:28:23.280 W/System.err( 3507): at java.util.concurrent.FutureTask.run(FutureTask.java:266)
06-27 00:28:23.281 W/System.err( 3507): at java.util.concurrent.ThreadPoolExecutor.runWorker(ThreadPoolExecutor.java:1167)
06-27 00:28:23.281 W/System.err( 3507): at java.util.concurrent.ThreadPoolExecutor$Worker.run(ThreadPoolExecutor.java:641)
06-27 00:28:23.281 W/System.err( 3507): at java.lang.Thread.run(Thread.java:920)
06-27 00:28:23.291 W/System.err( 3507): java.net.ConnectException: Failed to connect to yun-hl.3g.qq.com/10.0.0.1:443
06-27 00:28:23.291 W/System.err( 3507): at com.android.okhttp.internal.io.RealConnection.connectSocket(RealConnection.java:147)
06-27 00:28:23.291 W/System.err( 3507): at com.android.okhttp.internal.io.RealConnection.connect(RealConnection.java:116)
06-27 00:28:23.291 W/System.err( 3507): at com.android.okhttp.internal.http.StreamAllocation.findConnection(StreamAllocation.java:186)
06-27 00:28:23.291 W/System.err( 3507): at com.android.okhttp.internal.http.StreamAllocation.findHealthyConnection(StreamAllocation.java:128)
06-27 00:28:23.291 W/System.err( 3507): at com.android.okhttp.internal.http.StreamAllocation.newStream(StreamAllocation.java:97)
06-27 00:28:23.291 W/System.err( 3507): at com.android.okhttp.internal.http.HttpEngine.connect(HttpEngine.java:289)
06-27 00:28:23.291 W/System.err( 3507): at com.android.okhttp.internal.http.HttpEngine.sendRequest(HttpEngine.java:232)
06-27 00:28:23.291 W/System.err( 3507): at com.android.okhttp.internal.huc.HttpURLConnectionImpl.execute(HttpURLConnectionImpl.java:465)
06-27 00:28:23.291 W/System.err( 3507): at com.android.okhttp.internal.huc.HttpURLConnectionImpl.connect(HttpURLConnectionImpl.java:131)
06-27 00:28:23.291 W/System.err( 3507): at com.android.okhttp.internal.huc.DelegatingHttpsURLConnection.connect(DelegatingHttpsURLConnection.java:90)
06-27 00:28:23.291 W/System.err( 3507): at com.android.okhttp.internal.huc.HttpsURLConnectionImpl.connect(HttpsURLConnectionImpl.java:30)
06-27 00:28:23.291 W/System.err( 3507): at com.tencent.halley.common.b.a.g.b(Unknown Source:236)
06-27 00:28:23.291 W/System.err( 3507): at com.tencent.halley.common.b.a.c.b(Unknown Source:389)
06-27 00:28:23.291 W/System.err( 3507): at com.tencent.halley.downloader.d.c.a(Unknown Source:85)
06-27 00:28:23.291 W/System.err( 3507): at com.tencent.halley.downloader.task.section.d.run(Unknown Source:155)
06-27 00:28:23.291 W/System.err( 3507): at java.util.concurrent.Executors$RunnableAdapter.call(Executors.java:462)
06-27 00:28:23.291 W/System.err( 3507): at java.util.concurrent.FutureTask.run(FutureTask.java:266)
06-27 00:28:23.291 W/System.err( 3507): at java.util.concurrent.ThreadPoolExecutor.runWorker(ThreadPoolExecutor.java:1167)
06-27 00:28:23.291 W/System.err( 3507): at java.util.concurrent.ThreadPoolExecutor$Worker.run(ThreadPoolExecutor.java:641)
06-27 00:28:23.291 W/System.err( 3507): at java.lang.Thread.run(Thread.java:920)
06-27 00:28:23.619 I/CNSS ( 1174): cnss_open_log_file: create directory /data/vendor/wifi/wlan_logs/ ret = -1 errno= 17
06-27 00:28:23.620 I/CNSS ( 1174): failed to open file a+ mode or file size 0 is less than max_file_size 31457280
06-27 00:28:23.614 W/cnss_diag( 1174): type=1400 audit(0.0:655): avc: denied { getattr } for path="/data/vendor/wifi/wlan_logs" dev="dm-10" ino=359 scontext=u:r:vendor_wcnss_service:s0 tcontext=u:object_r:vendor_wifi_vendor_log_data_file:s0 tclass=dir permissive=0
06-27 00:28:23.620 I/CNSS ( 1174): Failed to open file /data/vendor/wifi/wlan_logs/host_driver_logs_current.txt: 13
06-27 00:28:23.614 W/cnss_diag( 1174): type=1400 audit(0.0:656): avc: denied { read } for name="wlan_logs" dev="dm-10" ino=359 scontext=u:r:vendor_wcnss_service:s0 tcontext=u:object_r:vendor_wifi_vendor_log_data_file:s0 tclass=dir permissive=0
06-27 00:28:23.614 W/cnss_diag( 1174): type=1400 audit(0.0:657): avc: denied { search } for name="wlan_logs" dev="dm-10" ino=359 scontext=u:r:vendor_wcnss_service:s0 tcontext=u:object_r:vendor_wifi_vendor_log_data_file:s0 tclass=dir permissive=0
06-27 00:28:23.885 I/mpu_uart( 653): [MSG-P:RECV]:No message received in 1000 ms
06-27 00:28:24.059 W/System.err( 3507): java.net.ConnectException: Failed to connect to shiply-yyb-1258344701.file.myqcloud.com/10.0.0.1:443
06-27 00:28:24.059 W/System.err( 3507): at com.android.okhttp.internal.io.RealConnection.connectSocket(RealConnection.java:147)
06-27 00:28:24.059 W/System.err( 3507): at com.android.okhttp.internal.io.RealConnection.connect(RealConnection.java:116)
06-27 00:28:24.059 W/System.err( 3507): at com.android.okhttp.internal.http.StreamAllocation.findConnection(StreamAllocation.java:186)
06-27 00:28:24.059 W/System.err( 3507): at com.android.okhttp.internal.http.StreamAllocation.findHealthyConnection(StreamAllocation.java:128)
06-27 00:28:24.059 W/System.err( 3507): at com.android.okhttp.internal.http.StreamAllocation.newStream(StreamAllocation.java:97)
06-27 00:28:24.059 W/System.err( 3507): at com.android.okhttp.internal.http.HttpEngine.connect(HttpEngine.java:289)
06-27 00:28:24.059 W/System.err( 3507): at com.android.okhttp.internal.http.HttpEngine.sendRequest(HttpEngine.java:232)
06-27 00:28:24.059 W/System.err( 3507): at com.android.okhttp.internal.huc.HttpURLConnectionImpl.execute(HttpURLConnectionImpl.java:465)
06-27 00:28:24.059 W/System.err( 3507): at com.android.okhttp.internal.huc.HttpURLConnectionImpl.getResponse(HttpURLConnectionImpl.java:411)
06-27 00:28:24.059 W/System.err( 3507): at com.android.okhttp.internal.huc.HttpURLConnectionImpl.getResponseCode(HttpURLConnectionImpl.java:542)
06-27 00:28:24.059 W/System.err( 3507): at com.android.okhttp.internal.huc.DelegatingHttpsURLConnection.getResponseCode(DelegatingHttpsURLConnection.java:106)
06-27 00:28:24.059 W/System.err( 3507): at com.android.okhttp.internal.huc.HttpsURLConnectionImpl.getResponseCode(HttpsURLConnectionImpl.java:30)
06-27 00:28:24.060 W/System.err( 3507): at com.tencent.halley.downloader.a.a.a.b(Unknown Source:385)
06-27 00:28:24.060 W/System.err( 3507): at com.tencent.halley.downloader.task.section.d.a(Unknown Source:191)
06-27 00:28:24.060 W/System.err( 3507): at com.tencent.halley.downloader.task.section.d.run(Unknown Source:612)
06-27 00:28:24.060 W/System.err( 3507): at java.util.concurrent.Executors$RunnableAdapter.call(Executors.java:462)
06-27 00:28:24.060 W/System.err( 3507): at java.util.concurrent.FutureTask.run(FutureTask.java:266)
06-27 00:28:24.060 W/System.err( 3507): at java.util.concurrent.ThreadPoolExecutor.runWorker(ThreadPoolExecutor.java:1167)
06-27 00:28:24.060 W/System.err( 3507): at java.util.concurrent.ThreadPoolExecutor$Worker.run(ThreadPoolExecutor.java:641)
06-27 00:28:24.060 W/System.err( 3507): at java.lang.Thread.run(Thread.java:920)
06-27 00:28:24.276 D/mpu_uart( 653): [MSG-P:R-M]:recved H:38, L:0
06-27 00:28:24.276 V/mpu_uart( 653): recv data buf:[0x3c, 0x26, 0x0, 0x2, 0xd, 0x2, 0x1, 0x1c, 0xd, 0xa, 0x20, 0x42, 0x2d, 0x6d, 0x61, 0x69, 0x6e, 0x5f, 0x6c, 0x6f, 0x6f, 0x70, 0x20, 0x69, 0x73, 0x20, 0x72, 0x75, 0x6e, 0x6e, 0x69, 0x6e, 0x67, 0xd, 0xa, 0x0, 0x0, 0x70, ]
06-27 00:28:24.276 D/mpu_uart( 653): [SESSION-Distribute]:Message en queue:d
06-27 00:28:24.350 W/System.err( 3507): java.net.ConnectException: Failed to connect to shiply-yyb-1258344701.file.myqcloud.com/10.0.0.1:443
06-27 00:28:24.350 W/System.err( 3507): at com.android.okhttp.internal.io.RealConnection.connectSocket(RealConnection.java:147)
06-27 00:28:24.350 W/System.err( 3507): at com.android.okhttp.internal.io.RealConnection.connect(RealConnection.java:116)
06-27 00:28:24.350 W/System.err( 3507): at com.android.okhttp.internal.http.StreamAllocation.findConnection(StreamAllocation.java:186)
06-27 00:28:24.350 W/System.err( 3507): at com.android.okhttp.internal.http.StreamAllocation.findHealthyConnection(StreamAllocation.java:128)
06-27 00:28:24.350 W/System.err( 3507): at com.android.okhttp.internal.http.StreamAllocation.newStream(StreamAllocation.java:97)
06-27 00:28:24.350 W/System.err( 3507): at com.android.okhttp.internal.http.HttpEngine.connect(HttpEngine.java:289)
06-27 00:28:24.350 W/System.err( 3507): at com.android.okhttp.internal.http.HttpEngine.sendRequest(HttpEngine.java:232)
06-27 00:28:24.350 W/System.err( 3507): at com.android.okhttp.internal.huc.HttpURLConnectionImpl.execute(HttpURLConnectionImpl.java:465)
06-27 00:28:24.350 W/System.err( 3507): at com.android.okhttp.internal.huc.HttpURLConnectionImpl.getResponse(HttpURLConnectionImpl.java:411)
06-27 00:28:24.350 W/System.err( 3507): at com.android.okhttp.internal.huc.HttpURLConnectionImpl.getResponseCode(HttpURLConnectionImpl.java:542)
06-27 00:28:24.350 W/System.err( 3507): at com.android.okhttp.internal.huc.DelegatingHttpsURLConnection.getResponseCode(DelegatingHttpsURLConnection.java:106)
06-27 00:28:24.350 W/System.err( 3507): at com.android.okhttp.internal.huc.HttpsURLConnectionImpl.getResponseCode(HttpsURLConnectionImpl.java:30)
06-27 00:28:24.351 W/System.err( 3507): at com.tencent.halley.downloader.a.a.a.b(Unknown Source:385)
06-27 00:28:24.351 W/System.err( 3507): at com.tencent.halley.downloader.task.section.d.a(Unknown Source:191)
06-27 00:28:24.351 W/System.err( 3507): at com.tencent.halley.downloader.task.section.d.run(Unknown Source:612)
06-27 00:28:24.351 W/System.err( 3507): at java.util.concurrent.Executors$RunnableAdapter.call(Executors.java:462)
06-27 00:28:24.351 W/System.err( 3507): at java.util.concurrent.FutureTask.run(FutureTask.java:266)
06-27 00:28:24.351 W/System.err( 3507): at java.util.concurrent.ThreadPoolExecutor.runWorker(ThreadPoolExecutor.java:1167)
06-27 00:28:24.351 W/System.err( 3507): at java.util.concurrent.ThreadPoolExecutor$Worker.run(ThreadPoolExecutor.java:641)
06-27 00:28:24.351 W/System.err( 3507): at java.lang.Thread.run(Thread.java:920)
06-27 00:28:24.367 I/selfinstaller( 1202): create socket failed: No route to host 113
06-27 00:28:24.368 W/System.err( 3507): java.lang.NumberFormatException: For input string: "yun-hl"
06-27 00:28:24.368 W/System.err( 3507): at java.lang.Integer.parseInt(Integer.java:615)
06-27 00:28:24.368 W/System.err( 3507): at java.lang.Integer.parseInt(Integer.java:650)
06-27 00:28:24.369 W/System.err( 3507): at com.tencent.halley.common.f.h.d(Unknown Source:74)
06-27 00:28:24.369 W/System.err( 3507): at com.tencent.halley.common.b.a.g.b(Unknown Source:60)
06-27 00:28:24.369 W/System.err( 3507): at com.tencent.halley.common.b.a.c.b(Unknown Source:389)
06-27 00:28:24.369 W/System.err( 3507): at com.tencent.halley.downloader.d.c.a(Unknown Source:85)
06-27 00:28:24.369 W/System.err( 3507): at com.tencent.halley.downloader.task.section.d.run(Unknown Source:155)
06-27 00:28:24.369 W/System.err( 3507): at java.util.concurrent.Executors$RunnableAdapter.call(Executors.java:462)
06-27 00:28:24.369 W/System.err( 3507): at java.util.concurrent.FutureTask.run(FutureTask.java:266)
06-27 00:28:24.369 W/System.err( 3507): at java.util.concurrent.ThreadPoolExecutor.runWorker(ThreadPoolExecutor.java:1167)
06-27 00:28:24.369 W/System.err( 3507): at java.util.concurrent.ThreadPoolExecutor$Worker.run(ThreadPoolExecutor.java:641)
06-27 00:28:24.369 W/System.err( 3507): at java.lang.Thread.run(Thread.java:920)
06-27 00:28:24.374 W/System.err( 3507): java.net.ConnectException: Failed to connect to yun-hl.3g.qq.com/10.0.0.1:443
06-27 00:28:24.375 W/System.err( 3507): at com.android.okhttp.internal.io.RealConnection.connectSocket(RealConnection.java:147)
06-27 00:28:24.375 W/System.err( 3507): at com.android.okhttp.internal.io.RealConnection.connect(RealConnection.java:116)
06-27 00:28:24.375 W/System.err( 3507): at com.android.okhttp.internal.http.StreamAllocation.findConnection(StreamAllocation.java:186)
06-27 00:28:24.375 W/System.err( 3507): at com.android.okhttp.internal.http.StreamAllocation.findHealthyConnection(StreamAllocation.java:128)
06-27 00:28:24.375 W/System.err( 3507): at com.android.okhttp.internal.http.StreamAllocation.newStream(StreamAllocation.java:97)
06-27 00:28:24.375 W/System.err( 3507): at com.android.okhttp.internal.http.HttpEngine.connect(HttpEngine.java:289)
06-27 00:28:24.375 W/System.err( 3507): at com.android.okhttp.internal.http.HttpEngine.sendRequest(HttpEngine.java:232)
06-27 00:28:24.375 W/System.err( 3507): at com.android.okhttp.internal.huc.HttpURLConnectionImpl.execute(HttpURLConnectionImpl.java:465)
06-27 00:28:24.375 W/System.err( 3507): at com.android.okhttp.internal.huc.HttpURLConnectionImpl.connect(HttpURLConnectionImpl.java:131)
06-27 00:28:24.375 W/System.err( 3507): at com.android.okhttp.internal.huc.DelegatingHttpsURLConnection.connect(DelegatingHttpsURLConnection.java:90)
06-27 00:28:24.375 W/System.err( 3507): at com.android.okhttp.internal.huc.HttpsURLConnectionImpl.connect(HttpsURLConnectionImpl.java:30)
06-27 00:28:24.375 W/System.err( 3507): at com.tencent.halley.common.b.a.g.b(Unknown Source:236)
06-27 00:28:24.375 W/System.err( 3507): at com.tencent.halley.common.b.a.c.b(Unknown Source:389)
06-27 00:28:24.375 W/System.err( 3507): at com.tencent.halley.downloader.d.c.a(Unknown Source:85)
06-27 00:28:24.375 W/System.err( 3507): at com.tencent.halley.downloader.task.section.d.run(Unknown Source:155)
06-27 00:28:24.375 W/System.err( 3507): at java.util.concurrent.Executors$RunnableAdapter.call(Executors.java:462)
06-27 00:28:24.375 W/System.err( 3507): at java.util.concurrent.FutureTask.run(FutureTask.java:266)
06-27 00:28:24.375 W/System.err( 3507): at java.util.concurrent.ThreadPoolExecutor.runWorker(ThreadPoolExecutor.java:1167)
06-27 00:28:24.375 W/System.err( 3507): at java.util.concurrent.ThreadPoolExecutor$Worker.run(ThreadPoolExecutor.java:641)
06-27 00:28:24.375 W/System.err( 3507): at java.lang.Thread.run(Thread.java:920)
06-27 00:28:24.566 W/Shark_TcpParallelConnector( 3507): [shark_w] doConnect(), ConnectException on task: 0 java.net.ConnectException: failed to connect to /157.148.47.172 (port 8002) from /10.0.0.227 (port 47712) after 4000ms: isConnected failed: ENETUNREACH (Network is unreachable)
06-27 00:28:24.566 W/Shark_TcpParallelConnector( 3507): java.net.ConnectException: failed to connect to /157.148.47.172 (port 8002) from /10.0.0.227 (port 47712) after 4000ms: isConnected failed: ENETUNREACH (Network is unreachable)
06-27 00:28:24.566 W/Shark_TcpParallelConnector( 3507): at libcore.io.IoBridge.isConnected(IoBridge.java:349)
06-27 00:28:24.566 W/Shark_TcpParallelConnector( 3507): at libcore.io.IoBridge.connectErrno(IoBridge.java:238)
06-27 00:28:24.566 W/Shark_TcpParallelConnector( 3507): at libcore.io.IoBridge.connect(IoBridge.java:180)
06-27 00:28:24.566 W/Shark_TcpParallelConnector( 3507): at java.net.PlainSocketImpl.socketConnect(PlainSocketImpl.java:142)
06-27 00:28:24.566 W/Shark_TcpParallelConnector( 3507): at java.net.AbstractPlainSocketImpl.doConnect(AbstractPlainSocketImpl.java:390)
06-27 00:28:24.566 W/Shark_TcpParallelConnector( 3507): at java.net.AbstractPlainSocketImpl.connectToAddress(AbstractPlainSocketImpl.java:230)
06-27 00:28:24.566 W/Shark_TcpParallelConnector( 3507): at java.net.AbstractPlainSocketImpl.connect(AbstractPlainSocketImpl.java:212)
06-27 00:28:24.566 W/Shark_TcpParallelConnector( 3507): at java.net.SocksSocketImpl.connect(SocksSocketImpl.java:436)
06-27 00:28:24.566 W/Shark_TcpParallelConnector( 3507): at java.net.Socket.connect(Socket.java:621)
06-27 00:28:24.566 W/Shark_TcpParallelConnector( 3507): at kcsdkint.mz.a(Unknown Source:134)
06-27 00:28:24.566 W/Shark_TcpParallelConnector( 3507): at kcsdkint.mz$2.a(Unknown Source:5)
06-27 00:28:24.566 W/Shark_TcpParallelConnector( 3507): at kcsdkint.mh.run(Unknown Source:0)
06-27 00:28:24.566 W/Shark_TcpParallelConnector( 3507): at java.lang.Thread.run(Thread.java:920)
06-27 00:28:24.566 W/Shark_TcpParallelConnector( 3507): Caused by: android.system.ErrnoException: isConnected failed: ENETUNREACH (Network is unreachable)
06-27 00:28:24.566 W/Shark_TcpParallelConnector( 3507): at libcore.io.IoBridge.isConnected(IoBridge.java:336)
06-27 00:28:24.566 W/Shark_TcpParallelConnector( 3507): ... 12 more
06-27 00:28:24.573 I/[ 52.140489] init( 0): starting service 'hht_ota_mgr_service'...
06-27 00:28:24.581 W/Shark_TcpParallelConnector( 3507): [shark_w] doConnect(), ConnectException on task: 0 java.net.ConnectException: failed to connect to tmfmazu-wangka.m.qq.com/10.0.0.1 (port 8002) from /10.0.0.227 (port 40850) after 8000ms: isConnected failed: ECONNREFUSED (Connection refused)
06-27 00:28:24.581 W/Shark_TcpParallelConnector( 3507): java.net.ConnectException: failed to connect to tmfmazu-wangka.m.qq.com/10.0.0.1 (port 8002) from /10.0.0.227 (port 40850) after 8000ms: isConnected failed: ECONNREFUSED (Connection refused)
06-27 00:28:24.581 W/Shark_TcpParallelConnector( 3507): at libcore.io.IoBridge.isConnected(IoBridge.java:349)
06-27 00:28:24.581 W/Shark_TcpParallelConnector( 3507): at libcore.io.IoBridge.connectErrno(IoBridge.java:238)
06-27 00:28:24.581 W/Shark_TcpParallelConnector( 3507): at libcore.io.IoBridge.connect(IoBridge.java:180)
06-27 00:28:24.581 W/Shark_TcpParallelConnector( 3507): at java.net.PlainSocketImpl.socketConnect(PlainSocketImpl.java:142)
06-27 00:28:24.581 W/Shark_TcpParallelConnector( 3507): at java.net.AbstractPlainSocketImpl.doConnect(AbstractPlainSocketImpl.java:390)
06-27 00:28:24.581 W/Shark_TcpParallelConnector( 3507): at java.net.AbstractPlainSocketImpl.connectToAddress(AbstractPlainSocketImpl.java:230)
06-27 00:28:24.581 W/Shark_TcpParallelConnector( 3507): at java.net.AbstractPlainSocketImpl.connect(AbstractPlainSocketImpl.java:212)
06-27 00:28:24.581 W/Shark_TcpParallelConnector( 3507): at java.net.SocksSocketImpl.connect(SocksSocketImpl.java:436)
06-27 00:28:24.581 W/Shark_TcpParallelConnector( 3507): at java.net.Socket.connect(Socket.java:621)
06-27 00:28:24.581 W/Shark_TcpParallelConnector( 3507): at kcsdkint.mz.a(Unknown Source:134)
06-27 00:28:24.581 W/Shark_TcpParallelConnector( 3507): at kcsdkint.mz$2.a(Unknown Source:5)
06-27 00:28:24.581 W/Shark_TcpParallelConnector( 3507): at kcsdkint.mh.run(Unknown Source:0)
06-27 00:28:24.581 W/Shark_TcpParallelConnector( 3507): at java.lang.Thread.run(Thread.java:920)
06-27 00:28:24.581 W/Shark_TcpParallelConnector( 3507): Caused by: android.system.ErrnoException: isConnected failed: ECONNREFUSED (Connection refused)
06-27 00:28:24.581 W/Shark_TcpParallelConnector( 3507): at libcore.io.IoBridge.isConnected(IoBridge.java:336)
06-27 00:28:24.581 W/Shark_TcpParallelConnector( 3507): ... 12 more
