06-27 00:27:52.639 D/PowerManagerService( 1538): updateWakeLockSummaryLocked: mWakefulness=Awake, mWakeLockSummary=0x1
06-27 00:27:52.639 D/PowerManagerService( 1538): updateUserActivitySummaryLocked: groupId=0, mWakefulness=Awake, mUserActivitySummary=0x1, nextTimeout=72201 (in 51991 ms)
06-27 00:27:52.639 D/PowerManagerNotifier( 1538): onScreenPolicyUpdate: newPolicy=3
06-27 00:27:52.639 D/PowerManagerService( 1538): updateDisplayPowerStateLocked: displayReady=true, groupId=0, policy=BRIGHT, mWakefulness=Awake, mWakeLockSummary=0x1, mUserActivitySummary=0x1, mBootCompleted=true, screenBrightnessOverride=NaN, useAutoBrightness=false, mScreenBrightnessBoostInProgress=false, mIsVrModeEnabled= false, sQuiescent=false
06-27 00:27:52.644 I/ActivityManager( 1538): Start proc 4932:com.qti.ltebc/u0a74 for broadcast {com.qti.ltebc/com.qualcomm.ltebc.LTEBroadcastReceiver}
06-27 00:27:52.658 I/[ 20.225378] binder( 0): 4932:4932 ioctl 40046210 7fdc24c794 returned -22
06-27 00:27:53.118 I/ActivityManager( 1538): Process com.qti.ltebc (pid 4932) has died: fg RCVR
06-27 00:27:53.135 W/BroadcastQueue( 1538): Permission Denial: broadcasting Intent { act=android.intent.action.MEDIA_SCANNER_STARTED dat=file:///storage/emulated/0 flg=0x10 } from com.android.providers.media.module (pid=3056, uid=10093) to com.tencent.mobileqq/.msf.core.NetConnInfoCenter is not exported from uid 10028
06-27 00:27:53.137 W/BroadcastQueue( 1538): Permission Denial: broadcasting Intent { act=android.intent.action.MEDIA_SCANNER_FINISHED dat=file:///storage/emulated/0 flg=0x10 } from com.android.providers.media.module (pid=3056, uid=10093) to com.tencent.mobileqq/.msf.core.NetConnInfoCenter is not exported from uid 10028
06-27 00:27:53.138 W/BroadcastQueue( 1538): Target SDK mismatch: receiver ActivityInfo{6e79d56 org.qiyi.android.commonphonepad.pushmessage.QYPushMsgBootReceiver} targets 33 but delivery restricted to [0, 23] broadcasting Intent { act=android.net.conn.CONNECTIVITY_CHANGE flg=0x4200010 (has extras) } from android (pid=1538, uid=1000) to com.qiyi.video/org.qiyi.android.commonphonepad.pushmessage.QYPushMsgBootReceiver
06-27 00:27:53.138 W/BroadcastQueue( 1538): Target SDK mismatch: receiver ActivityInfo{91261d7 com.xiaomi.push.service.receivers.NetworkStatusReceiver} targets 31 but delivery restricted to [0, 23] broadcasting Intent { act=android.net.conn.CONNECTIVITY_CHANGE flg=0x4200010 (has extras) } from android (pid=1538, uid=1000) to com.netease.newsreader.activity/com.xiaomi.push.service.receivers.NetworkStatusReceiver
06-27 00:27:53.138 W/BroadcastQueue( 1538): Target SDK mismatch: receiver ActivityInfo{9ed5ac4 com.xiaomi.push.service.receivers.NetworkStatusReceiver} targets 33 but delivery restricted to [0, 23] broadcasting Intent { act=android.net.conn.CONNECTIVITY_CHANGE flg=0x4200010 (has extras) } from android (pid=1538, uid=1000) to com.qiyi.video/com.xiaomi.push.service.receivers.NetworkStatusReceiver
06-27 00:27:53.138 W/BroadcastQueue( 1538): Target SDK mismatch: receiver ActivityInfo{34f8dad com.tencent.pandora.libtcloudupload.videoupload.impl.TVCNetWorkStateReceiver} targets 29 but delivery restricted to [0, 23] broadcasting Intent { act=android.net.conn.CONNECTIVITY_CHANGE flg=0x4200010 (has extras) } from android (pid=1538, uid=1000) to com.tencent.tmgp.sgame/com.tencent.pandora.libtcloudupload.videoupload.impl.TVCNetWorkStateReceiver
06-27 00:27:53.138 W/BroadcastQueue( 1538): Target SDK mismatch: receiver ActivityInfo{6d838e2 com.xiaomi.push.service.receivers.NetworkStatusReceiver} targets 32 but delivery restricted to [0, 23] broadcasting Intent { act=android.net.conn.CONNECTIVITY_CHANGE flg=0x4200010 (has extras) } from android (pid=1538, uid=1000) to tv.danmaku.bilibilihd/com.xiaomi.push.service.receivers.NetworkStatusReceiver
06-27 00:27:53.138 W/BroadcastQueue( 1538): Target SDK mismatch: receiver ActivityInfo{c314473 com.taobao.accs.EventReceiver} targets 29 but delivery restricted to [0, 23] broadcasting Intent { act=android.net.conn.CONNECTIVITY_CHANGE flg=0x4200010 (has extras) } from android (pid=1538, uid=1000) to com.ss.android.article.video.landscape/com.taobao.accs.EventReceiver
06-27 00:27:53.138 W/BroadcastQueue( 1538): Target SDK mismatch: receiver ActivityInfo{7c75f30 cn.jpush.android.service.PushReceiver} targets 31 but delivery restricted to [0, 23] broadcasting Intent { act=android.net.conn.CONNECTIVITY_CHANGE flg=0x4200010 (has extras) } from android (pid=1538, uid=1000) to com.miHoYo.Yuanshen/cn.jpush.android.service.PushReceiver
06-27 00:27:53.138 W/BroadcastQueue( 1538): Target SDK mismatch: receiver ActivityInfo{e0457a9 com.netease.galaxy.GalaxyReceiver} targets 31 but delivery restricted to [0, 23] broadcasting Intent { act=android.net.conn.CONNECTIVITY_CHANGE flg=0x4200010 (has extras) } from android (pid=1538, uid=1000) to com.netease.newsreader.activity/com.netease.galaxy.GalaxyReceiver
06-27 00:27:53.138 W/BroadcastQueue( 1538): Target SDK mismatch: receiver ActivityInfo{45012e org.qiyi.android.video.ui.phone.traffic.receiver.TrafficReceiver} targets 33 but delivery restricted to [0, 23] broadcasting Intent { act=android.net.conn.CONNECTIVITY_CHANGE flg=0x4200010 (has extras) } from android (pid=1538, uid=1000) to com.qiyi.video/org.qiyi.android.video.ui.phone.traffic.receiver.TrafficReceiver
06-27 00:27:53.138 W/BroadcastQueue( 1538): Target SDK mismatch: receiver ActivityInfo{b51b4cf com.iqiyi.hcim.service.BroadcastCenter} targets 33 but delivery restricted to [0, 23] broadcasting Intent { act=android.net.conn.CONNECTIVITY_CHANGE flg=0x4200010 (has extras) } from android (pid=1538, uid=1000) to com.qiyi.video/com.iqiyi.hcim.service.BroadcastCenter
06-27 00:27:53.139 W/BroadcastQueue( 1538): Target SDK mismatch: receiver ActivityInfo{dfb3e5c com.tencent.mobileqq.msf.core.NetConnInfoCenter} targets 26 but delivery restricted to [0, 23] broadcasting Intent { act=android.net.conn.CONNECTIVITY_CHANGE flg=0x4200010 (has extras) } from android (pid=1538, uid=1000) to com.tencent.mobileqq/.msf.core.NetConnInfoCenter
06-27 00:27:53.139 W/BroadcastQueue( 1538): Target SDK mismatch: receiver ActivityInfo{821c565 com.tencent.msdk.dns.HttpDnsCache$ConnectivityChangeReceiver} targets 29 but delivery restricted to [0, 23] broadcasting Intent { act=android.net.conn.CONNECTIVITY_CHANGE flg=0x4200010 (has extras) } from android (pid=1538, uid=1000) to com.tencent.tmgp.sgame/com.tencent.msdk.dns.HttpDnsCache$ConnectivityChangeReceiver
06-27 00:27:53.139 W/BroadcastQueue( 1538): Target SDK mismatch: receiver ActivityInfo{1a4023a com.tencent.special.httpdns.Cache$ConnectReceiver} targets 29 but delivery restricted to [0, 23] broadcasting Intent { act=android.net.conn.CONNECTIVITY_CHANGE flg=0x4200010 (has extras) } from android (pid=1538, uid=1000) to com.tencent.tmgp.sgame/com.tencent.special.httpdns.Cache$ConnectReceiver
06-27 00:27:53.139 D/PowerManagerService( 1538): acquireWakeLockInternal: lock=251192698, flags=0x1, tag="NetworkStats", ws=null, uid=1000, pid=1538
06-27 00:27:53.139 D/PowerManagerService( 1538): updateWakeLockSummaryLocked: mWakefulness=Awake, mWakeLockSummary=0x1
06-27 00:27:53.139 D/PowerManagerService( 1538): updateUserActivitySummaryLocked: groupId=0, mWakefulness=Awake, mUserActivitySummary=0x1, nextTimeout=72201 (in 51491 ms)
06-27 00:27:53.139 D/PowerManagerNotifier( 1538): onScreenPolicyUpdate: newPolicy=3
06-27 00:27:53.140 D/PowerManagerService( 1538): updateDisplayPowerStateLocked: displayReady=true, groupId=0, policy=BRIGHT, mWakefulness=Awake, mWakeLockSummary=0x1, mUserActivitySummary=0x1, mBootCompleted=true, screenBrightnessOverride=NaN, useAutoBrightness=false, mScreenBrightnessBoostInProgress=false, mIsVrModeEnabled= false, sQuiescent=false
06-27 00:27:53.140 D/PowerManagerNotifier( 1538): onWakeLockAcquired: flags=1, tag="NetworkStats", packageName=android, ownerUid=1000, ownerPid=1538, workSource=null
06-27 00:27:53.155 D/PowerManagerService( 1538): releaseWakeLockInternal: lock=251192698 [NetworkStats], flags=0x0
06-27 00:27:53.155 D/PowerManagerNotifier( 1538): onWakeLockReleased: flags=1, tag="NetworkStats", packageName=android, ownerUid=1000, ownerPid=1538, workSource=null
06-27 00:27:53.155 D/PowerManagerService( 1538): updateWakeLockSummaryLocked: mWakefulness=Awake, mWakeLockSummary=0x1
06-27 00:27:53.155 D/PowerManagerService( 1538): updateUserActivitySummaryLocked: groupId=0, mWakefulness=Awake, mUserActivitySummary=0x1, nextTimeout=72201 (in 51475 ms)
06-27 00:27:53.155 D/PowerManagerNotifier( 1538): onScreenPolicyUpdate: newPolicy=3
06-27 00:27:53.155 D/PowerManagerService( 1538): updateDisplayPowerStateLocked: displayReady=true, groupId=0, policy=BRIGHT, mWakefulness=Awake, mWakeLockSummary=0x1, mUserActivitySummary=0x1, mBootCompleted=true, screenBrightnessOverride=NaN, useAutoBrightness=false, mScreenBrightnessBoostInProgress=false, mIsVrModeEnabled= false, sQuiescent=false
06-27 00:27:53.165 D/PowerManagerService( 1538): releaseWakeLockInternal: lock=36996669 [*alarm*], flags=0x0
06-27 00:27:53.165 D/PowerManagerNotifier( 1538): onWakeLockReleased: flags=1, tag="*alarm*", packageName=android, ownerUid=1000, ownerPid=1538, workSource=WorkSource{1000}
06-27 00:27:53.165 D/PowerManagerService( 1538): updateWakeLockSummaryLocked: mWakefulness=Awake, mWakeLockSummary=0x1
06-27 00:27:53.165 D/PowerManagerService( 1538): updateUserActivitySummaryLocked: groupId=0, mWakefulness=Awake, mUserActivitySummary=0x1, nextTimeout=72201 (in 51465 ms)
06-27 00:27:53.165 D/PowerManagerNotifier( 1538): onScreenPolicyUpdate: newPolicy=3
06-27 00:27:53.165 D/PowerManagerService( 1538): updateDisplayPowerStateLocked: displayReady=true, groupId=0, policy=BRIGHT, mWakefulness=Awake, mWakeLockSummary=0x1, mUserActivitySummary=0x1, mBootCompleted=true, screenBrightnessOverride=NaN, useAutoBrightness=false, mScreenBrightnessBoostInProgress=false, mIsVrModeEnabled= false, sQuiescent=false
06-27 00:27:53.242 W/[ 20.808434] audit( 0): audit_lost=390 audit_rate_limit=5 audit_backlog_limit=64
06-27 00:27:53.242 E/[ 20.808438] audit( 0): rate limit exceeded
06-27 00:27:53.610 I/GameModeConfig( 1538): isGameModeOn = false
06-27 00:27:53.656 I/GameModeConfig( 1538): isGameModeOn = false
06-27 00:27:53.715 D/PowerManagerService( 1538): releaseWakeLockInternal: lock=82638561 [NetworkTimeUpdateService], flags=0x0
06-27 00:27:53.716 D/PowerManagerNotifier( 1538): onWakeLockReleased: flags=1, tag="NetworkTimeUpdateService", packageName=android, ownerUid=1000, ownerPid=1538, workSource=null
06-27 00:27:53.716 D/PowerManagerService( 1538): updateWakeLockSummaryLocked: mWakefulness=Awake, mWakeLockSummary=0x1
06-27 00:27:53.716 D/PowerManagerService( 1538): updateUserActivitySummaryLocked: groupId=0, mWakefulness=Awake, mUserActivitySummary=0x1, nextTimeout=72201 (in 50915 ms)
06-27 00:27:53.716 D/PowerManagerNotifier( 1538): onScreenPolicyUpdate: newPolicy=3
06-27 00:27:53.716 D/PowerManagerService( 1538): updateDisplayPowerStateLocked: displayReady=true, groupId=0, policy=BRIGHT, mWakefulness=Awake, mWakeLockSummary=0x1, mUserActivitySummary=0x1, mBootCompleted=true, screenBrightnessOverride=NaN, useAutoBrightness=false, mScreenBrightnessBoostInProgress=false, mIsVrModeEnabled= false, sQuiescent=false
06-27 00:27:54.021 D/PowerManagerService( 1538): acquireWakeLockInternal: lock=36996669, flags=0x1, tag="*alarm*", ws=WorkSource{10026}, uid=1000, pid=1538
06-27 00:27:54.021 D/PowerManagerService( 1538): updateWakeLockSummaryLocked: mWakefulness=Awake, mWakeLockSummary=0x1
06-27 00:27:54.021 D/PowerManagerService( 1538): updateUserActivitySummaryLocked: groupId=0, mWakefulness=Awake, mUserActivitySummary=0x1, nextTimeout=72201 (in 50609 ms)
06-27 00:27:54.021 D/PowerManagerNotifier( 1538): onScreenPolicyUpdate: newPolicy=3
06-27 00:27:54.022 D/PowerManagerService( 1538): updateDisplayPowerStateLocked: displayReady=true, groupId=0, policy=BRIGHT, mWakefulness=Awake, mWakeLockSummary=0x1, mUserActivitySummary=0x1, mBootCompleted=true, screenBrightnessOverride=NaN, useAutoBrightness=false, mScreenBrightnessBoostInProgress=false, mIsVrModeEnabled= false, sQuiescent=false
06-27 00:27:54.022 D/PowerManagerNotifier( 1538): onWakeLockAcquired: flags=1, tag="*alarm*", packageName=android, ownerUid=1000, ownerPid=1538, workSource=WorkSource{10026}
06-27 00:27:54.023 D/CompatibilityChangeReporter( 1538): Compat change id reported: 135634846; UID 10026; state: DISABLED
06-27 00:27:54.023 D/CompatibilityChangeReporter( 1538): Compat change id reported: 177438394; UID 10026; state: DISABLED
06-27 00:27:54.023 D/CompatibilityChangeReporter( 1538): Compat change id reported: 135772972; UID 10026; state: DISABLED
06-27 00:27:54.023 D/CompatibilityChangeReporter( 1538): Compat change id reported: 135754954; UID 10026; state: ENABLED
06-27 00:27:54.024 D/CompatibilityChangeReporter( 1538): Compat change id reported: 143937733; UID 10026; state: ENABLED
06-27 00:27:54.040 I/ActivityManager( 1538): Start proc 5035:com.android.providers.calendar/u0a26 for broadcast {com.android.providers.calendar/com.android.providers.calendar.CalendarProviderBroadcastReceiver}
06-27 00:27:54.069 I/[ 21.637400] binder( 0): 5035:5035 ioctl 40046210 7fdc24c794 returned -22
06-27 00:27:54.072 D/CompatibilityChangeReporter( 1538): Compat change id reported: 168419799; UID 10026; state: DISABLED
06-27 00:27:54.131 D/PowerManagerService( 1538): releaseWakeLockInternal: lock=36996669 [*alarm*], flags=0x0
06-27 00:27:54.131 D/PowerManagerNotifier( 1538): onWakeLockReleased: flags=1, tag="*alarm*", packageName=android, ownerUid=1000, ownerPid=1538, workSource=WorkSource{10026}
06-27 00:27:54.131 D/PowerManagerService( 1538): updateWakeLockSummaryLocked: mWakefulness=Awake, mWakeLockSummary=0x1
06-27 00:27:54.131 D/PowerManagerService( 1538): updateUserActivitySummaryLocked: groupId=0, mWakefulness=Awake, mUserActivitySummary=0x1, nextTimeout=72201 (in 50499 ms)
06-27 00:27:54.131 D/PowerManagerNotifier( 1538): onScreenPolicyUpdate: newPolicy=3
06-27 00:27:54.131 D/PowerManagerService( 1538): updateDisplayPowerStateLocked: displayReady=true, groupId=0, policy=BRIGHT, mWakefulness=Awake, mWakeLockSummary=0x1, mUserActivitySummary=0x1, mBootCompleted=true, screenBrightnessOverride=NaN, useAutoBrightness=false, mScreenBrightnessBoostInProgress=false, mIsVrModeEnabled= false, sQuiescent=false
06-27 00:27:54.135 D/PowerManagerService( 1538): acquireWakeLockInternal: lock=61181974, flags=0x1, tag="*job*/com.android.providers.calendar/.CalendarProviderJobService", ws=WorkSource{10026}, uid=1000, pid=1538
06-27 00:27:54.135 D/PowerManagerService( 1538): updateWakeLockSummaryLocked: mWakefulness=Awake, mWakeLockSummary=0x1
06-27 00:27:54.135 D/PowerManagerService( 1538): updateUserActivitySummaryLocked: groupId=0, mWakefulness=Awake, mUserActivitySummary=0x1, nextTimeout=72201 (in 50496 ms)
06-27 00:27:54.135 D/PowerManagerNotifier( 1538): onScreenPolicyUpdate: newPolicy=3
06-27 00:27:54.135 D/PowerManagerService( 1538): updateDisplayPowerStateLocked: displayReady=true, groupId=0, policy=BRIGHT, mWakefulness=Awake, mWakeLockSummary=0x1, mUserActivitySummary=0x1, mBootCompleted=true, screenBrightnessOverride=NaN, useAutoBrightness=false, mScreenBrightnessBoostInProgress=false, mIsVrModeEnabled= false, sQuiescent=false
06-27 00:27:54.135 D/PowerManagerNotifier( 1538): onWakeLockAcquired: flags=1, tag="*job*/com.android.providers.calendar/.CalendarProviderJobService", packageName=android, ownerUid=1000, ownerPid=1538, workSource=WorkSource{10026}
06-27 00:27:54.138 D/CompatibilityChangeReporter( 1538): Compat change id reported: 143231523; UID 10026; state: DISABLED
06-27 00:27:54.148 D/PowerManagerService( 1538): releaseWakeLockInternal: lock=61181974 [*job*/com.android.providers.calendar/.CalendarProviderJobService], flags=0x0
06-27 00:27:54.148 D/PowerManagerNotifier( 1538): onWakeLockReleased: flags=1, tag="*job*/com.android.providers.calendar/.CalendarProviderJobService", packageName=android, ownerUid=1000, ownerPid=1538, workSource=WorkSource{10026}
06-27 00:27:54.148 D/PowerManagerService( 1538): updateWakeLockSummaryLocked: mWakefulness=Awake, mWakeLockSummary=0x1
06-27 00:27:54.148 D/PowerManagerService( 1538): updateUserActivitySummaryLocked: groupId=0, mWakefulness=Awake, mUserActivitySummary=0x1, nextTimeout=72201 (in 50483 ms)
06-27 00:27:54.148 D/PowerManagerNotifier( 1538): onScreenPolicyUpdate: newPolicy=3
06-27 00:27:54.148 D/PowerManagerService( 1538): updateDisplayPowerStateLocked: displayReady=true, groupId=0, policy=BRIGHT, mWakefulness=Awake, mWakeLockSummary=0x1, mUserActivitySummary=0x1, mBootCompleted=true, screenBrightnessOverride=NaN, useAutoBrightness=false, mScreenBrightnessBoostInProgress=false, mIsVrModeEnabled= false, sQuiescent=false
06-27 00:27:54.152 I/ActivityManager( 1538): Killing 4914:com.android.externalstorage/u0a18 (adj 905): empty #2
06-27 00:27:54.238 D/PowerManagerService( 1538): releaseWakeLockInternal: lock=169736618 [i], flags=0x0
06-27 00:27:54.238 D/PowerManagerNotifier( 1538): onWakeLockReleased: flags=1, tag="i", packageName=com.tencent.android.qqdownloader, ownerUid=10111, ownerPid=3366, workSource=null
06-27 00:27:54.239 D/PowerManagerService( 1538): updateWakeLockSummaryLocked: mWakefulness=Awake, mWakeLockSummary=0x1
06-27 00:27:54.239 D/PowerManagerService( 1538): updateUserActivitySummaryLocked: groupId=0, mWakefulness=Awake, mUserActivitySummary=0x1, nextTimeout=72201 (in 50392 ms)
06-27 00:27:54.239 D/PowerManagerNotifier( 1538): onScreenPolicyUpdate: newPolicy=3
06-27 00:27:54.239 D/PowerManagerService( 1538): updateDisplayPowerStateLocked: displayReady=true, groupId=0, policy=BRIGHT, mWakefulness=Awake, mWakeLockSummary=0x1, mUserActivitySummary=0x1, mBootCompleted=true, screenBrightnessOverride=NaN, useAutoBrightness=false, mScreenBrightnessBoostInProgress=false, mIsVrModeEnabled= false, sQuiescent=false
06-27 00:27:54.252 D/PowerManagerService( 1538): acquireWakeLockInternal: lock=28330127, flags=0x1, tag="i", ws=null, uid=10111, pid=3366
06-27 00:27:54.252 D/PowerManagerService( 1538): updateWakeLockSummaryLocked: mWakefulness=Awake, mWakeLockSummary=0x1
06-27 00:27:54.252 D/PowerManagerService( 1538): updateUserActivitySummaryLocked: groupId=0, mWakefulness=Awake, mUserActivitySummary=0x1, nextTimeout=72201 (in 50378 ms)
06-27 00:27:54.252 D/PowerManagerNotifier( 1538): onScreenPolicyUpdate: newPolicy=3
06-27 00:27:54.252 D/PowerManagerService( 1538): updateDisplayPowerStateLocked: displayReady=true, groupId=0, policy=BRIGHT, mWakefulness=Awake, mWakeLockSummary=0x1, mUserActivitySummary=0x1, mBootCompleted=true, screenBrightnessOverride=NaN, useAutoBrightness=false, mScreenBrightnessBoostInProgress=false, mIsVrModeEnabled= false, sQuiescent=false
06-27 00:27:54.252 D/PowerManagerNotifier( 1538): onWakeLockAcquired: flags=1, tag="i", packageName=com.tencent.android.qqdownloader, ownerUid=10111, ownerPid=3366, workSource=null
06-27 00:27:54.529 I/[ 22.099653] init( 0): starting service 'hht_ota_mgr_service'...
06-27 00:27:54.673 E/[ 22.240064] link_delay_work_func( 0): DTC_ETH: SQI=0, link=0
06-27 00:27:54.699 I/GameModeConfig( 1538): isGameModeOn = false
06-27 00:27:54.731 D/PowerManagerService( 1538): acquireWakeLockInternal: lock=36996669, flags=0x1, tag="*alarm*", ws=WorkSource{10074}, uid=1000, pid=1538
06-27 00:27:54.731 D/PowerManagerService( 1538): updateWakeLockSummaryLocked: mWakefulness=Awake, mWakeLockSummary=0x1
06-27 00:27:54.731 D/PowerManagerService( 1538): updateUserActivitySummaryLocked: groupId=0, mWakefulness=Awake, mUserActivitySummary=0x1, nextTimeout=72201 (in 49899 ms)
06-27 00:27:54.731 D/PowerManagerNotifier( 1538): onScreenPolicyUpdate: newPolicy=3
06-27 00:27:54.731 D/PowerManagerService( 1538): updateDisplayPowerStateLocked: displayReady=true, groupId=0, policy=BRIGHT, mWakefulness=Awake, mWakeLockSummary=0x1, mUserActivitySummary=0x1, mBootCompleted=true, screenBrightnessOverride=NaN, useAutoBrightness=false, mScreenBrightnessBoostInProgress=false, mIsVrModeEnabled= false, sQuiescent=false
06-27 00:27:54.731 D/PowerManagerNotifier( 1538): onWakeLockAcquired: flags=1, tag="*alarm*", packageName=android, ownerUid=1000, ownerPid=1538, workSource=WorkSource{10074}
06-27 00:27:54.732 D/CompatibilityChangeReporter( 1538): Compat change id reported: 135634846; UID 10074; state: DISABLED
06-27 00:27:54.732 D/CompatibilityChangeReporter( 1538): Compat change id reported: 177438394; UID 10074; state: DISABLED
06-27 00:27:54.733 D/CompatibilityChangeReporter( 1538): Compat change id reported: 135772972; UID 10074; state: DISABLED
06-27 00:27:54.733 D/CompatibilityChangeReporter( 1538): Compat change id reported: 135754954; UID 10074; state: ENABLED
06-27 00:27:54.733 D/CompatibilityChangeReporter( 1538): Compat change id reported: 143937733; UID 10074; state: ENABLED
06-27 00:27:54.751 I/ActivityManager( 1538): Start proc 5059:com.qti.ltebc/u0a74 for broadcast {com.qti.ltebc/com.qualcomm.ltebc.LTEBroadcastAlarmReceiver}
06-27 00:27:54.762 I/[ 22.331946] binder( 0): 5059:5059 ioctl 40046210 7fdc24c794 returned -22
06-27 00:27:54.789 I/[ 22.358081] init( 0): Service 'hht_ota_mgr_service' (pid 5058) exited with status 0
06-27 00:27:54.789 I/[ 22.358107] init( 0): Sending signal 9 to service 'hht_ota_mgr_service' (pid 5058) process group...
06-27 00:27:54.789 I/[ 22.358339] libprocessgroup( 0): Successfully killed process cgroup uid 0 pid 5058 in 0ms
06-27 00:27:54.805 I/GameModeConfig( 1538): isGameModeOn = false
06-27 00:27:54.921 I/[ 22.490451] binder( 0): 2243:5075 ioctl 40046210 7b3c01def4 returned -22
06-27 00:27:54.997 I/[ 22.567318] init( 0): processing action (sys.tlog.pstore.active=1) from (/system/etc/init/tlogd.rc:136)
06-27 00:27:55.001 I/[ 22.568271] init( 0): starting service 'pstore_save'...
06-27 00:27:55.041 I/[ 22.609099] init( 0): Service 'pstore_save' (pid 5087) exited with status 1 oneshot service took 0.038000 seconds in background
06-27 00:27:55.041 I/[ 22.609125] init( 0): Sending signal 9 to service 'pstore_save' (pid 5087) process group...
06-27 00:27:55.041 I/[ 22.609323] libprocessgroup( 0): Successfully killed process cgroup uid 1000 pid 5087 in 0ms
06-27 00:27:55.072 I/ActivityManager( 1538): Killing 5035:com.android.providers.calendar/u0a26 (adj 905): empty #2
06-27 00:27:55.074 D/PowerManagerService( 1538): releaseWakeLockInternal: lock=36996669 [*alarm*], flags=0x0
06-27 00:27:55.074 D/PowerManagerNotifier( 1538): onWakeLockReleased: flags=1, tag="*alarm*", packageName=android, ownerUid=1000, ownerPid=1538, workSource=WorkSource{10074}
06-27 00:27:55.074 D/PowerManagerService( 1538): updateWakeLockSummaryLocked: mWakefulness=Awake, mWakeLockSummary=0x1
06-27 00:27:55.074 D/PowerManagerService( 1538): updateUserActivitySummaryLocked: groupId=0, mWakefulness=Awake, mUserActivitySummary=0x1, nextTimeout=72201 (in 49556 ms)
06-27 00:27:55.074 D/PowerManagerNotifier( 1538): onScreenPolicyUpdate: newPolicy=3
06-27 00:27:55.074 D/PowerManagerService( 1538): updateDisplayPowerStateLocked: displayReady=true, groupId=0, policy=BRIGHT, mWakefulness=Awake, mWakeLockSummary=0x1, mUserActivitySummary=0x1, mBootCompleted=true, screenBrightnessOverride=NaN, useAutoBrightness=false, mScreenBrightnessBoostInProgress=false, mIsVrModeEnabled= false, sQuiescent=false
06-27 00:27:55.097 I/GameModeConfig( 1538): isGameModeOn = false
06-27 00:27:55.097 I/GameModeConfig( 1538): isGameModeOn = false
06-27 00:27:55.115 I/GameModeConfig( 1538): isGameModeOn = false
06-27 00:27:55.115 D/CompatibilityChangeReporter( 1538): Compat change id reported: 135634846; UID 10056; state: DISABLED
06-27 00:27:55.115 I/GameModeConfig( 1538): isGameModeOn = false
06-27 00:27:55.115 D/CompatibilityChangeReporter( 1538): Compat change id reported: 177438394; UID 10056; state: DISABLED
06-27 00:27:55.115 D/CompatibilityChangeReporter( 1538): Compat change id reported: 135772972; UID 10056; state: DISABLED
06-27 00:27:55.115 D/CompatibilityChangeReporter( 1538): Compat change id reported: 135754954; UID 10056; state: DISABLED
06-27 00:27:55.115 D/CompatibilityChangeReporter( 1538): Compat change id reported: 143937733; UID 10056; state: DISABLED
06-27 00:27:55.127 I/ActivityManager( 1538): Start proc 5098:com.qualcomm.qti.qms.service.trustzoneaccess/u0a56 for service {com.qualcomm.qti.qms.service.trustzoneaccess/com.qualcomm.qti.qms.service.trustzoneaccess.TZAccessService}
06-27 00:27:55.145 I/[ 22.714893] binder( 0): 5098:5098 ioctl 40046210 7fdc24c794 returned -22
06-27 00:27:55.147 D/CompatibilityChangeReporter( 1538): Compat change id reported: 168419799; UID 10056; state: DISABLED
06-27 00:27:55.254 I/[ 22.824649] binder( 0): undelivered transaction 61080, process died.
06-27 00:27:55.254 I/ActivityManager( 1538): Process com.qti.ltebc (pid 5059) has died: cch+5 CEM
06-27 00:27:55.258 I/GameModeConfig( 1538): isGameModeOn = false
06-27 00:27:55.258 I/GameModeConfig( 1538): isGameModeOn = false
06-27 00:27:55.258 I/GameModeConfig( 1538): isGameModeOn = false
06-27 00:27:55.258 I/GameModeConfig( 1538): isGameModeOn = false
06-27 00:27:55.567 I/GameModeConfig( 1538): isGameModeOn = false
06-27 00:27:55.567 I/GameModeConfig( 1538): isGameModeOn = false
06-27 00:27:55.691 D/ActivityTaskManager( 1538): Skipping, freeform mode : Task{9bf9cc #57 type=undefined A=10111:com.tencent.android.qqdownloader U=0 visible=false mode=freeform translucent=true sz=0 visible freeform task=true rootAffinity=10111:com.tencent.android.qqdownloader isMini=false}
06-27 00:27:55.742 I/GameModeConfig( 1538): isGameModeOn = false
06-27 00:27:55.944 D/ActivityTaskManager( 1538): Skipping, freeform mode : Task{9bf9cc #57 type=undefined A=10111:com.tencent.android.qqdownloader U=0 visible=false mode=freeform translucent=true sz=0 visible freeform task=true rootAffinity=10111:com.tencent.android.qqdownloader isMini=false}
06-27 00:27:56.061 I/[ 23.632198] init( 0): processing action (sys.tlog.tlogdsho.active=1) from (/system/etc/init/tlogd.rc:169)
06-27 00:27:56.308 I/GameModeConfig( 1538): isGameModeOn = false
06-27 00:27:56.308 I/GameModeConfig( 1538): isGameModeOn = false
06-27 00:27:56.324 D/PowerManagerService( 1538): releaseWakeLockInternal: lock=28330127 [i], flags=0x0
06-27 00:27:56.324 D/PowerManagerNotifier( 1538): onWakeLockReleased: flags=1, tag="i", packageName=com.tencent.android.qqdownloader, ownerUid=10111, ownerPid=3366, workSource=null
06-27 00:27:56.324 D/PowerManagerService( 1538): updateWakeLockSummaryLocked: mWakefulness=Awake, mWakeLockSummary=0x1
06-27 00:27:56.324 D/PowerManagerService( 1538): updateUserActivitySummaryLocked: groupId=0, mWakefulness=Awake, mUserActivitySummary=0x1, nextTimeout=72201 (in 48306 ms)
06-27 00:27:56.324 D/PowerManagerNotifier( 1538): onScreenPolicyUpdate: newPolicy=3
06-27 00:27:56.324 D/PowerManagerService( 1538): updateDisplayPowerStateLocked: displayReady=true, groupId=0, policy=BRIGHT, mWakefulness=Awake, mWakeLockSummary=0x1, mUserActivitySummary=0x1, mBootCompleted=true, screenBrightnessOverride=NaN, useAutoBrightness=false, mScreenBrightnessBoostInProgress=false, mIsVrModeEnabled= false, sQuiescent=false
06-27 00:27:56.330 D/PowerManagerService( 1538): acquireWakeLockInternal: lock=20746112, flags=0x1, tag="i", ws=null, uid=10111, pid=3366
06-27 00:27:56.330 D/PowerManagerService( 1538): updateWakeLockSummaryLocked: mWakefulness=Awake, mWakeLockSummary=0x1
06-27 00:27:56.330 D/PowerManagerService( 1538): updateUserActivitySummaryLocked: groupId=0, mWakefulness=Awake, mUserActivitySummary=0x1, nextTimeout=72201 (in 48300 ms)
06-27 00:27:56.330 D/PowerManagerNotifier( 1538): onScreenPolicyUpdate: newPolicy=3
06-27 00:27:56.330 D/PowerManagerService( 1538): updateDisplayPowerStateLocked: displayReady=true, groupId=0, policy=BRIGHT, mWakefulness=Awake, mWakeLockSummary=0x1, mUserActivitySummary=0x1, mBootCompleted=true, screenBrightnessOverride=NaN, useAutoBrightness=false, mScreenBrightnessBoostInProgress=false, mIsVrModeEnabled= false, sQuiescent=false
06-27 00:27:56.330 D/PowerManagerNotifier( 1538): onWakeLockAcquired: flags=1, tag="i", packageName=com.tencent.android.qqdownloader, ownerUid=10111, ownerPid=3366, workSource=null
06-27 00:27:56.424 D/PowerManagerService( 1538): releaseWakeLockInternal: lock=20746112 [i], flags=0x0
06-27 00:27:56.424 D/PowerManagerNotifier( 1538): onWakeLockReleased: flags=1, tag="i", packageName=com.tencent.android.qqdownloader, ownerUid=10111, ownerPid=3366, workSource=null
06-27 00:27:56.424 D/PowerManagerService( 1538): updateWakeLockSummaryLocked: mWakefulness=Awake, mWakeLockSummary=0x1
06-27 00:27:56.425 D/PowerManagerService( 1538): updateUserActivitySummaryLocked: groupId=0, mWakefulness=Awake, mUserActivitySummary=0x1, nextTimeout=72201 (in 48206 ms)
06-27 00:27:56.425 D/PowerManagerNotifier( 1538): onScreenPolicyUpdate: newPolicy=3
06-27 00:27:56.425 D/PowerManagerService( 1538): updateDisplayPowerStateLocked: displayReady=true, groupId=0, policy=BRIGHT, mWakefulness=Awake, mWakeLockSummary=0x1, mUserActivitySummary=0x1, mBootCompleted=true, screenBrightnessOverride=NaN, useAutoBrightness=false, mScreenBrightnessBoostInProgress=false, mIsVrModeEnabled= false, sQuiescent=false
06-27 00:27:56.566 D/PowerManagerService( 1538): acquireWakeLockInternal: lock=256545069, flags=0x1, tag="i", ws=null, uid=10111, pid=3366
06-27 00:27:56.567 D/PowerManagerService( 1538): updateWakeLockSummaryLocked: mWakefulness=Awake, mWakeLockSummary=0x1
06-27 00:27:56.567 D/PowerManagerService( 1538): updateUserActivitySummaryLocked: groupId=0, mWakefulness=Awake, mUserActivitySummary=0x1, nextTimeout=72201 (in 48064 ms)
06-27 00:27:56.567 D/PowerManagerNotifier( 1538): onScreenPolicyUpdate: newPolicy=3
06-27 00:27:56.567 D/PowerManagerService( 1538): updateDisplayPowerStateLocked: displayReady=true, groupId=0, policy=BRIGHT, mWakefulness=Awake, mWakeLockSummary=0x1, mUserActivitySummary=0x1, mBootCompleted=true, screenBrightnessOverride=NaN, useAutoBrightness=false, mScreenBrightnessBoostInProgress=false, mIsVrModeEnabled= false, sQuiescent=false
06-27 00:27:56.567 D/PowerManagerNotifier( 1538): onWakeLockAcquired: flags=1, tag="i", packageName=com.tencent.android.qqdownloader, ownerUid=10111, ownerPid=3366, workSource=null
06-27 00:27:56.645 D/PowerManagerService( 1538): releaseWakeLockInternal: lock=256545069 [i], flags=0x0
06-27 00:27:56.645 D/PowerManagerNotifier( 1538): onWakeLockReleased: flags=1, tag="i", packageName=com.tencent.android.qqdownloader, ownerUid=10111, ownerPid=3366, workSource=null
06-27 00:27:56.646 D/PowerManagerService( 1538): updateWakeLockSummaryLocked: mWakefulness=Awake, mWakeLockSummary=0x1
06-27 00:27:56.646 D/PowerManagerService( 1538): updateUserActivitySummaryLocked: groupId=0, mWakefulness=Awake, mUserActivitySummary=0x1, nextTimeout=72201 (in 47985 ms)
06-27 00:27:56.646 D/PowerManagerNotifier( 1538): onScreenPolicyUpdate: newPolicy=3
06-27 00:27:56.646 D/PowerManagerService( 1538): updateDisplayPowerStateLocked: displayReady=true, groupId=0, policy=BRIGHT, mWakefulness=Awake, mWakeLockSummary=0x1, mUserActivitySummary=0x1, mBootCompleted=true, screenBrightnessOverride=NaN, useAutoBrightness=false, mScreenBrightnessBoostInProgress=false, mIsVrModeEnabled= false, sQuiescent=false
06-27 00:27:56.700 D/PowerManagerService( 1538): acquireWakeLockInternal: lock=13219426, flags=0x1, tag="i", ws=null, uid=10111, pid=3366
06-27 00:27:56.700 D/PowerManagerService( 1538): updateWakeLockSummaryLocked: mWakefulness=Awake, mWakeLockSummary=0x1
06-27 00:27:56.700 D/PowerManagerService( 1538): updateUserActivitySummaryLocked: groupId=0, mWakefulness=Awake, mUserActivitySummary=0x1, nextTimeout=72201 (in 47930 ms)
06-27 00:27:56.700 D/PowerManagerNotifier( 1538): onScreenPolicyUpdate: newPolicy=3
06-27 00:27:56.700 D/PowerManagerService( 1538): updateDisplayPowerStateLocked: displayReady=true, groupId=0, policy=BRIGHT, mWakefulness=Awake, mWakeLockSummary=0x1, mUserActivitySummary=0x1, mBootCompleted=true, screenBrightnessOverride=NaN, useAutoBrightness=false, mScreenBrightnessBoostInProgress=false, mIsVrModeEnabled= false, sQuiescent=false
06-27 00:27:56.700 D/PowerManagerNotifier( 1538): onWakeLockAcquired: flags=1, tag="i", packageName=com.tencent.android.qqdownloader, ownerUid=10111, ownerPid=3366, workSource=null
06-27 00:27:56.771 D/PowerManagerService( 1538): releaseWakeLockInternal: lock=13219426 [i], flags=0x0
06-27 00:27:56.771 D/PowerManagerNotifier( 1538): onWakeLockReleased: flags=1, tag="i", packageName=com.tencent.android.qqdownloader, ownerUid=10111, ownerPid=3366, workSource=null
06-27 00:27:56.772 D/PowerManagerService( 1538): updateWakeLockSummaryLocked: mWakefulness=Awake, mWakeLockSummary=0x1
06-27 00:27:56.772 D/PowerManagerService( 1538): updateUserActivitySummaryLocked: groupId=0, mWakefulness=Awake, mUserActivitySummary=0x1, nextTimeout=72201 (in 47859 ms)
06-27 00:27:56.772 D/PowerManagerNotifier( 1538): onScreenPolicyUpdate: newPolicy=3
06-27 00:27:56.772 D/PowerManagerService( 1538): updateDisplayPowerStateLocked: displayReady=true, groupId=0, policy=BRIGHT, mWakefulness=Awake, mWakeLockSummary=0x1, mUserActivitySummary=0x1, mBootCompleted=true, screenBrightnessOverride=NaN, useAutoBrightness=false, mScreenBrightnessBoostInProgress=false, mIsVrModeEnabled= false, sQuiescent=false
06-27 00:27:56.984 D/PowerManagerService( 1538): acquireWakeLockInternal: lock=228044730, flags=0x1, tag="i", ws=null, uid=10111, pid=3366
06-27 00:27:56.985 D/PowerManagerService( 1538): updateWakeLockSummaryLocked: mWakefulness=Awake, mWakeLockSummary=0x1
06-27 00:27:56.985 D/PowerManagerService( 1538): updateUserActivitySummaryLocked: groupId=0, mWakefulness=Awake, mUserActivitySummary=0x1, nextTimeout=72201 (in 47646 ms)
06-27 00:27:56.985 D/PowerManagerNotifier( 1538): onScreenPolicyUpdate: newPolicy=3
06-27 00:27:56.985 D/PowerManagerService( 1538): updateDisplayPowerStateLocked: displayReady=true, groupId=0, policy=BRIGHT, mWakefulness=Awake, mWakeLockSummary=0x1, mUserActivitySummary=0x1, mBootCompleted=true, screenBrightnessOverride=NaN, useAutoBrightness=false, mScreenBrightnessBoostInProgress=false, mIsVrModeEnabled= false, sQuiescent=false
06-27 00:27:56.985 D/PowerManagerNotifier( 1538): onWakeLockAcquired: flags=1, tag="i", packageName=com.tencent.android.qqdownloader, ownerUid=10111, ownerPid=3366, workSource=null
06-27 00:27:57.050 D/PowerManagerService( 1538): releaseWakeLockInternal: lock=228044730 [i], flags=0x0
06-27 00:27:57.051 D/PowerManagerNotifier( 1538): onWakeLockReleased: flags=1, tag="i", packageName=com.tencent.android.qqdownloader, ownerUid=10111, ownerPid=3366, workSource=null
06-27 00:27:57.051 D/PowerManagerService( 1538): updateWakeLockSummaryLocked: mWakefulness=Awake, mWakeLockSummary=0x1
06-27 00:27:57.051 D/PowerManagerService( 1538): updateUserActivitySummaryLocked: groupId=0, mWakefulness=Awake, mUserActivitySummary=0x1, nextTimeout=72201 (in 47579 ms)
06-27 00:27:57.051 D/PowerManagerNotifier( 1538): onScreenPolicyUpdate: newPolicy=3
06-27 00:27:57.051 D/PowerManagerService( 1538): updateDisplayPowerStateLocked: displayReady=true, groupId=0, policy=BRIGHT, mWakefulness=Awake, mWakeLockSummary=0x1, mUserActivitySummary=0x1, mBootCompleted=true, screenBrightnessOverride=NaN, useAutoBrightness=false, mScreenBrightnessBoostInProgress=false, mIsVrModeEnabled= false, sQuiescent=false
06-27 00:27:57.078 D/PowerManagerService( 1538): acquireWakeLockInternal: lock=102891105, flags=0x1, tag="i", ws=null, uid=10111, pid=3366
06-27 00:27:57.078 D/PowerManagerService( 1538): updateWakeLockSummaryLocked: mWakefulness=Awake, mWakeLockSummary=0x1
06-27 00:27:57.078 D/PowerManagerService( 1538): updateUserActivitySummaryLocked: groupId=0, mWakefulness=Awake, mUserActivitySummary=0x1, nextTimeout=72201 (in 47553 ms)
06-27 00:27:57.078 D/PowerManagerNotifier( 1538): onScreenPolicyUpdate: newPolicy=3
06-27 00:27:57.078 D/PowerManagerService( 1538): updateDisplayPowerStateLocked: displayReady=true, groupId=0, policy=BRIGHT, mWakefulness=Awake, mWakeLockSummary=0x1, mUserActivitySummary=0x1, mBootCompleted=true, screenBrightnessOverride=NaN, useAutoBrightness=false, mScreenBrightnessBoostInProgress=false, mIsVrModeEnabled= false, sQuiescent=false
06-27 00:27:57.078 D/PowerManagerNotifier( 1538): onWakeLockAcquired: flags=1, tag="i", packageName=com.tencent.android.qqdownloader, ownerUid=10111, ownerPid=3366, workSource=null
06-27 00:27:57.133 D/PowerManagerService( 1538): releaseWakeLockInternal: lock=102891105 [i], flags=0x0
06-27 00:27:57.133 D/PowerManagerNotifier( 1538): onWakeLockReleased: flags=1, tag="i", packageName=com.tencent.android.qqdownloader, ownerUid=10111, ownerPid=3366, workSource=null
06-27 00:27:57.134 D/PowerManagerService( 1538): updateWakeLockSummaryLocked: mWakefulness=Awake, mWakeLockSummary=0x1
06-27 00:27:57.134 D/PowerManagerService( 1538): updateUserActivitySummaryLocked: groupId=0, mWakefulness=Awake, mUserActivitySummary=0x1, nextTimeout=72201 (in 47497 ms)
06-27 00:27:57.134 D/PowerManagerNotifier( 1538): onScreenPolicyUpdate: newPolicy=3
06-27 00:27:57.134 D/PowerManagerService( 1538): updateDisplayPowerStateLocked: displayReady=true, groupId=0, policy=BRIGHT, mWakefulness=Awake, mWakeLockSummary=0x1, mUserActivitySummary=0x1, mBootCompleted=true, screenBrightnessOverride=NaN, useAutoBrightness=false, mScreenBrightnessBoostInProgress=false, mIsVrModeEnabled= false, sQuiescent=false
06-27 00:27:57.253 D/PowerManagerService( 1538): acquireWakeLockInternal: lock=187934037, flags=0x1, tag="i", ws=null, uid=10111, pid=3366
06-27 00:27:57.254 D/PowerManagerService( 1538): updateWakeLockSummaryLocked: mWakefulness=Awake, mWakeLockSummary=0x1
06-27 00:27:57.254 D/PowerManagerService( 1538): updateUserActivitySummaryLocked: groupId=0, mWakefulness=Awake, mUserActivitySummary=0x1, nextTimeout=72201 (in 47377 ms)
06-27 00:27:57.254 D/PowerManagerNotifier( 1538): onScreenPolicyUpdate: newPolicy=3
06-27 00:27:57.254 D/PowerManagerService( 1538): updateDisplayPowerStateLocked: displayReady=true, groupId=0, policy=BRIGHT, mWakefulness=Awake, mWakeLockSummary=0x1, mUserActivitySummary=0x1, mBootCompleted=true, screenBrightnessOverride=NaN, useAutoBrightness=false, mScreenBrightnessBoostInProgress=false, mIsVrModeEnabled= false, sQuiescent=false
06-27 00:27:57.254 D/PowerManagerNotifier( 1538): onWakeLockAcquired: flags=1, tag="i", packageName=com.tencent.android.qqdownloader, ownerUid=10111, ownerPid=3366, workSource=null
06-27 00:27:57.295 D/PowerManagerService( 1538): releaseWakeLockInternal: lock=187934037 [i], flags=0x0
06-27 00:27:57.296 D/PowerManagerNotifier( 1538): onWakeLockReleased: flags=1, tag="i", packageName=com.tencent.android.qqdownloader, ownerUid=10111, ownerPid=3366, workSource=null
06-27 00:27:57.296 D/PowerManagerService( 1538): updateWakeLockSummaryLocked: mWakefulness=Awake, mWakeLockSummary=0x1
06-27 00:27:57.296 D/PowerManagerService( 1538): updateUserActivitySummaryLocked: groupId=0, mWakefulness=Awake, mUserActivitySummary=0x1, nextTimeout=72201 (in 47335 ms)
06-27 00:27:57.296 D/PowerManagerNotifier( 1538): onScreenPolicyUpdate: newPolicy=3
06-27 00:27:57.296 D/PowerManagerService( 1538): updateDisplayPowerStateLocked: displayReady=true, groupId=0, policy=BRIGHT, mWakefulness=Awake, mWakeLockSummary=0x1, mUserActivitySummary=0x1, mBootCompleted=true, screenBrightnessOverride=NaN, useAutoBrightness=false, mScreenBrightnessBoostInProgress=false, mIsVrModeEnabled= false, sQuiescent=false
06-27 00:27:57.555 I/WatchlistLoggingHandler( 1538): Milliseconds spent on tryAggregateRecords(): 16093
06-27 00:27:57.969 E/ ( 0): [ 25.536229] thermal cooling_device4: DTC_Fan: ERROR, avg(0) out of range(2520, 4200)
at stat(2)
06-27 00:27:58.049 I/GameModeConfig( 1538): isGameModeOn = false
06-27 00:27:58.050 I/GameModeConfig( 1538): isGameModeOn = false
06-27 00:27:58.057 I/GameModeConfig( 1538): isGameModeOn = false
06-27 00:27:58.057 I/GameModeConfig( 1538): isGameModeOn = false
06-27 00:27:58.058 I/GameModeConfig( 1538): isGameModeOn = false
06-27 00:27:58.058 I/GameModeConfig( 1538): isGameModeOn = false
06-27 00:27:58.058 I/GameModeConfig( 1538): isGameModeOn = false
06-27 00:27:58.058 I/GameModeConfig( 1538): isGameModeOn = false
06-27 00:27:58.336 I/GameModeConfig( 1538): isGameModeOn = false
06-27 00:27:58.336 I/GameModeConfig( 1538): isGameModeOn = false
06-27 00:27:58.669 D/PowerManagerService( 1538): acquireWakeLockInternal: lock=92166665, flags=0x1, tag="*job*/com.tencent.mobileqq/.msf.service.MSFAliveJobService", ws=WorkSource{10028}, uid=1000, pid=1538
06-27 00:27:58.669 D/PowerManagerService( 1538): updateWakeLockSummaryLocked: mWakefulness=Awake, mWakeLockSummary=0x1
06-27 00:27:58.669 D/PowerManagerService( 1538): updateUserActivitySummaryLocked: groupId=0, mWakefulness=Awake, mUserActivitySummary=0x1, nextTimeout=72201 (in 45961 ms)
06-27 00:27:58.670 D/PowerManagerNotifier( 1538): onScreenPolicyUpdate: newPolicy=3
06-27 00:27:58.670 D/PowerManagerService( 1538): updateDisplayPowerStateLocked: displayReady=true, groupId=0, policy=BRIGHT, mWakefulness=Awake, mWakeLockSummary=0x1, mUserActivitySummary=0x1, mBootCompleted=true, screenBrightnessOverride=NaN, useAutoBrightness=false, mScreenBrightnessBoostInProgress=false, mIsVrModeEnabled= false, sQuiescent=false
06-27 00:27:58.670 D/PowerManagerNotifier( 1538): onWakeLockAcquired: flags=1, tag="*job*/com.tencent.mobileqq/.msf.service.MSFAliveJobService", packageName=android, ownerUid=1000, ownerPid=1538, workSource=WorkSource{10028}
06-27 00:27:58.671 D/PowerManagerService( 1538): releaseWakeLockInternal: lock=92166665 [*job*/com.tencent.mobileqq/.msf.service.MSFAliveJobService], flags=0x0
06-27 00:27:58.671 D/PowerManagerNotifier( 1538): onWakeLockReleased: flags=1, tag="*job*/com.tencent.mobileqq/.msf.service.MSFAliveJobService", packageName=android, ownerUid=1000, ownerPid=1538, workSource=WorkSource{10028}
06-27 00:27:58.671 D/PowerManagerService( 1538): updateWakeLockSummaryLocked: mWakefulness=Awake, mWakeLockSummary=0x1
06-27 00:27:58.671 D/PowerManagerService( 1538): updateUserActivitySummaryLocked: groupId=0, mWakefulness=Awake, mUserActivitySummary=0x1, nextTimeout=72201 (in 45959 ms)
06-27 00:27:58.671 D/PowerManagerNotifier( 1538): onScreenPolicyUpdate: newPolicy=3
06-27 00:27:58.671 D/PowerManagerService( 1538): updateDisplayPowerStateLocked: displayReady=true, groupId=0, policy=BRIGHT, mWakefulness=Awake, mWakeLockSummary=0x1, mUserActivitySummary=0x1, mBootCompleted=true, screenBrightnessOverride=NaN, useAutoBrightness=false, mScreenBrightnessBoostInProgress=false, mIsVrModeEnabled= false, sQuiescent=false
06-27 00:27:58.932 D/PowerManagerService( 1538): acquireWakeLockInternal: lock=42626607, flags=0x1, tag="i", ws=null, uid=10111, pid=3366
06-27 00:27:58.933 D/PowerManagerService( 1538): updateWakeLockSummaryLocked: mWakefulness=Awake, mWakeLockSummary=0x1
06-27 00:27:58.933 D/PowerManagerService( 1538): updateUserActivitySummaryLocked: groupId=0, mWakefulness=Awake, mUserActivitySummary=0x1, nextTimeout=72201 (in 45698 ms)
06-27 00:27:58.933 D/PowerManagerNotifier( 1538): onScreenPolicyUpdate: newPolicy=3
06-27 00:27:58.933 D/PowerManagerService( 1538): updateDisplayPowerStateLocked: displayReady=true, groupId=0, policy=BRIGHT, mWakefulness=Awake, mWakeLockSummary=0x1, mUserActivitySummary=0x1, mBootCompleted=true, screenBrightnessOverride=NaN, useAutoBrightness=false, mScreenBrightnessBoostInProgress=false, mIsVrModeEnabled= false, sQuiescent=false
06-27 00:27:58.933 D/PowerManagerNotifier( 1538): onWakeLockAcquired: flags=1, tag="i", packageName=com.tencent.android.qqdownloader, ownerUid=10111, ownerPid=3366, workSource=null
06-27 00:27:59.048 D/PowerManagerService( 1538): releaseWakeLockInternal: lock=42626607 [i], flags=0x0
06-27 00:27:59.048 D/PowerManagerNotifier( 1538): onWakeLockReleased: flags=1, tag="i", packageName=com.tencent.android.qqdownloader, ownerUid=10111, ownerPid=3366, workSource=null
06-27 00:27:59.048 D/PowerManagerService( 1538): updateWakeLockSummaryLocked: mWakefulness=Awake, mWakeLockSummary=0x1
06-27 00:27:59.048 D/PowerManagerService( 1538): updateUserActivitySummaryLocked: groupId=0, mWakefulness=Awake, mUserActivitySummary=0x1, nextTimeout=72201 (in 45582 ms)
06-27 00:27:59.048 D/PowerManagerNotifier( 1538): onScreenPolicyUpdate: newPolicy=3
06-27 00:27:59.049 D/PowerManagerService( 1538): updateDisplayPowerStateLocked: displayReady=true, groupId=0, policy=BRIGHT, mWakefulness=Awake, mWakeLockSummary=0x1, mUserActivitySummary=0x1, mBootCompleted=true, screenBrightnessOverride=NaN, useAutoBrightness=false, mScreenBrightnessBoostInProgress=false, mIsVrModeEnabled= false, sQuiescent=false
06-27 00:27:59.533 I/[ 27.103713] init( 0): starting service 'hht_ota_mgr_service'...
06-27 00:27:59.793 E/[ 27.360097] link_delay_work_func( 0): DTC_ETH: SQI=0, link=0
06-27 00:27:59.825 I/[ 27.395754] init( 0): Service 'hht_ota_mgr_service' (pid 5256) exited with status 0
06-27 00:27:59.825 I/[ 27.395779] init( 0): Sending signal 9 to service 'hht_ota_mgr_service' (pid 5256) process group...
06-27 00:27:59.825 I/[ 27.395954] libprocessgroup( 0): Successfully killed process cgroup uid 0 pid 5256 in 0ms
06-27 00:27:59.985 I/GameModeConfig( 1538): isGameModeOn = false
06-27 00:27:59.985 I/GameModeConfig( 1538): isGameModeOn = false
06-27 00:28:00.002 D/PowerManagerService( 1538): acquireWakeLockInternal: lock=36996669, flags=0x1, tag="*alarm*", ws=WorkSource{1000}, uid=1000, pid=1538
06-27 00:28:00.002 D/PowerManagerService( 1538): updateWakeLockSummaryLocked: mWakefulness=Awake, mWakeLockSummary=0x1
06-27 00:28:00.002 D/PowerManagerService( 1538): updateUserActivitySummaryLocked: groupId=0, mWakefulness=Awake, mUserActivitySummary=0x1, nextTimeout=72201 (in 44628 ms)
06-27 00:28:00.002 D/PowerManagerNotifier( 1538): onScreenPolicyUpdate: newPolicy=3
06-27 00:28:00.002 D/PowerManagerService( 1538): updateDisplayPowerStateLocked: displayReady=true, groupId=0, policy=BRIGHT, mWakefulness=Awake, mWakeLockSummary=0x1, mUserActivitySummary=0x1, mBootCompleted=true, screenBrightnessOverride=NaN, useAutoBrightness=false, mScreenBrightnessBoostInProgress=false, mIsVrModeEnabled= false, sQuiescent=false
06-27 00:28:00.003 D/PowerManagerNotifier( 1538): onWakeLockAcquired: flags=1, tag="*alarm*", packageName=android, ownerUid=1000, ownerPid=1538, workSource=WorkSource{1000}
06-27 00:28:00.004 D/PowerManagerService( 1538): releaseWakeLockInternal: lock=36996669 [*alarm*], flags=0x0
06-27 00:28:00.004 D/PowerManagerNotifier( 1538): onWakeLockReleased: flags=1, tag="*alarm*", packageName=android, ownerUid=1000, ownerPid=1538, workSource=WorkSource{1000}
06-27 00:28:00.005 D/PowerManagerService( 1538): updateWakeLockSummaryLocked: mWakefulness=Awake, mWakeLockSummary=0x1
06-27 00:28:00.005 D/PowerManagerService( 1538): updateUserActivitySummaryLocked: groupId=0, mWakefulness=Awake, mUserActivitySummary=0x1, nextTimeout=72201 (in 44626 ms)
06-27 00:28:00.005 D/PowerManagerNotifier( 1538): onScreenPolicyUpdate: newPolicy=3
06-27 00:28:00.005 D/PowerManagerService( 1538): updateDisplayPowerStateLocked: displayReady=true, groupId=0, policy=BRIGHT, mWakefulness=Awake, mWakeLockSummary=0x1, mUserActivitySummary=0x1, mBootCompleted=true, screenBrightnessOverride=NaN, useAutoBrightness=false, mScreenBrightnessBoostInProgress=false, mIsVrModeEnabled= false, sQuiescent=false
06-27 00:28:00.050 I/[ 27.616158] mv2112_setup_work_handler( 0): Try to setup link again!
06-27 00:28:00.050 I/ ( 0): [ 27.616165] mv2112_setup_forced
06-27 00:28:01.361 I/[ 28.929895] init( 0): Untracked pid 5291 exited with status 0
06-27 00:28:01.976 I/GameModeConfig( 1538): isGameModeOn = false
06-27 00:28:01.976 I/GameModeConfig( 1538): isGameModeOn = false
06-27 00:28:01.976 I/GameModeConfig( 1538): isGameModeOn = false
06-27 00:28:01.980 I/GameModeConfig( 1538): isGameModeOn = false
06-27 00:28:02.090 D/PowerManagerService( 1538): acquireWakeLockInternal: lock=21871680, flags=0x1, tag="i", ws=null, uid=10111, pid=3366
06-27 00:28:02.091 D/PowerManagerService( 1538): updateWakeLockSummaryLocked: mWakefulness=Awake, mWakeLockSummary=0x1
06-27 00:28:02.091 D/PowerManagerService( 1538): updateUserActivitySummaryLocked: groupId=0, mWakefulness=Awake, mUserActivitySummary=0x1, nextTimeout=72201 (in 42540 ms)
06-27 00:28:02.091 D/PowerManagerNotifier( 1538): onScreenPolicyUpdate: newPolicy=3
06-27 00:28:02.091 D/PowerManagerService( 1538): updateDisplayPowerStateLocked: displayReady=true, groupId=0, policy=BRIGHT, mWakefulness=Awake, mWakeLockSummary=0x1, mUserActivitySummary=0x1, mBootCompleted=true, screenBrightnessOverride=NaN, useAutoBrightness=false, mScreenBrightnessBoostInProgress=false, mIsVrModeEnabled= false, sQuiescent=false
06-27 00:28:02.091 D/PowerManagerNotifier( 1538): onWakeLockAcquired: flags=1, tag="i", packageName=com.tencent.android.qqdownloader, ownerUid=10111, ownerPid=3366, workSource=null
06-27 00:28:02.181 I/GameModeConfig( 1538): isGameModeOn = false
06-27 00:28:02.186 D/PowerManagerService( 1538): releaseWakeLockInternal: lock=21871680 [i], flags=0x0
06-27 00:28:02.186 D/PowerManagerNotifier( 1538): onWakeLockReleased: flags=1, tag="i", packageName=com.tencent.android.qqdownloader, ownerUid=10111, ownerPid=3366, workSource=null
06-27 00:28:02.186 D/PowerManagerService( 1538): updateWakeLockSummaryLocked: mWakefulness=Awake, mWakeLockSummary=0x1
06-27 00:28:02.187 D/PowerManagerService( 1538): updateUserActivitySummaryLocked: groupId=0, mWakefulness=Awake, mUserActivitySummary=0x1, nextTimeout=72201 (in 42444 ms)
06-27 00:28:02.187 D/PowerManagerNotifier( 1538): onScreenPolicyUpdate: newPolicy=3
06-27 00:28:02.187 D/PowerManagerService( 1538): updateDisplayPowerStateLocked: displayReady=true, groupId=0, policy=BRIGHT, mWakefulness=Awake, mWakeLockSummary=0x1, mUserActivitySummary=0x1, mBootCompleted=true, screenBrightnessOverride=NaN, useAutoBrightness=false, mScreenBrightnessBoostInProgress=false, mIsVrModeEnabled= false, sQuiescent=false
