06-27 00:28:39.807 D/LOWI-9.0.0.87.a( 1330): [LOWI-Scan] BSS fe:b3:bc:50:c6:34 LOWI_PHY_MODE_11AC_VHT80(10), Beacon Interval: 100, LOWI_ENCRYPTION_TYPE_WPA_PSK 11mcRanging: No, ANQP: No, LCI: No, Civic: No, capability(0x8331): ESS Privacy ShortPreamble SpectrumMgmt QoS
06-27 00:28:39.807 D/LOWI-9.0.0.87.a( 1330): [LOWI-Scan] BSS fe:b3:bc:50:c6:34 FREQ: 5745, cFreq1[40:80:160] = [5755:5775:0] cFreq2 = 0 Country Code =
06-27 00:28:39.807 D/LOWI-9.0.0.87.a( 1330): [LOWI-Scan] BSS fe:b3:bc:50:c6:34 (wlan0) ASSO: NO AddInfo: 0x0, TSF 0, 00:01:06.195, RSSI: -152, CPL: 127, AGE: 1184, SSID DIRECT-SOLAPTOP-10JAT90OmsHU, TSFDelta: 0x49a6b534, TXRate: 0
06-27 00:28:39.807 D/LOWI-9.0.0.87.a( 1330): [LOWI-Scan] -- associated
06-27 00:28:39.807 D/LOWI-9.0.0.87.a( 1330): [LOWI-Scan]
06-27 00:28:39.807 D/LOWI-9.0.0.87.a( 1330): [LOWI-Scan] print_bss_handler: Report beacon TSF 67099809 as it greater than probe TSF 66314589
06-27 00:28:39.807 D/LOWI-9.0.0.87.a( 1330): [LOWI-Scan] is_qcom_ie, bss_age: 0
06-27 00:28:39.807 D/LOWI-9.0.0.87.a( 1330): [LOWI-Scan] BSS 04:d9:f5:fb:09:94 LOWI_PHY_MODE_11AC_VHT80(10), Beacon Interval: 100, LOWI_ENCRYPTION_TYPE_OPEN 11mcRanging: No, ANQP: Yes, LCI: No, Civic: No, capability(0x1111): ESS Privacy SpectrumMgmt
06-27 00:28:39.807 D/LOWI-9.0.0.87.a( 1330): [LOWI-Scan] BSS 04:d9:f5:fb:09:94 FREQ: 5785, cFreq1[40:80:160] = [5795:5775:0] cFreq2 = 0 Country Code = CN
06-27 00:28:39.807 D/LOWI-9.0.0.87.a( 1330): [LOWI-Scan] BSS 04:d9:f5:fb:09:94 (wlan0) ASSO: YES AddInfo: 0x1, TSF 0, 00:01:07.099, RSSI: -124, CPL: 127, AGE: 0, SSID hht_test_wifi_fc4318c9, TSFDelta: 0x73f559c7, TXRate: 0
06-27 00:28:39.807 D/LOWI-9.0.0.87.a( 1330): [LOWI-Scan]
06-27 00:28:39.807 D/LOWI-9.0.0.87.a( 1330): [LOWI-Scan] print_bss_handler: Report beacon TSF 55861094 as it greater than probe TSF 55861094
06-27 00:28:39.807 D/LOWI-9.0.0.87.a( 1330): [LOWI-Scan] decode_rsn_wpa_ie: LOWI_ENCRYPTION_TYPE_WPA_PSK
06-27 00:28:39.807 D/LOWI-9.0.0.87.a( 1330): [LOWI-Scan] is_qcom_ie, bss_age: 0
06-27 00:28:39.807 D/LOWI-9.0.0.87.a( 1330): [LOWI-Scan] adjust_age:AP AGE upper limit reached. Dont store
06-27 00:28:39.807 D/LOWI-9.0.0.87.a( 1330): [LOWI-Scan] BSS 4c:bc:98:0f:b0:e3 LOWI_PHY_MODE_11NG_HT40(7), Beacon Interval: 100, LOWI_ENCRYPTION_TYPE_WPA_PSK 11mcRanging: No, ANQP: No, LCI: No, Civic: No, capability(0x0411): ESS Privacy ShortSlotTime
06-27 00:28:39.807 D/LOWI-9.0.0.87.a( 1330): [LOWI-Scan] BSS 4c:bc:98:0f:b0:e3 FREQ: 2437, cFreq1[40:80:160] = [2447:0:0] cFreq2 = 0 Country Code = CN
06-27 00:28:39.807 D/LOWI-9.0.0.87.a( 1330): [LOWI-Scan] BSS 4c:bc:98:0f:b0:e3 (wlan0) ASSO: NO AddInfo: 0x1, TSF 0, 00:00:55.861, RSSI: -166, CPL: 127, AGE: 11516, SSID mFi-0FB0E3, TSFDelta: 0xfccf724, TXRate: 0
06-27 00:28:39.807 D/LOWI-9.0.0.87.a( 1330): [LOWI-Scan]
06-27 00:28:39.807 D/LOWI-9.0.0.87.a( 1330): [LOWI-Scan] print_bss_handler: Report Probe TSF 67174139 as it greater than Beacon TSF 67149428
06-27 00:28:39.807 D/LOWI-9.0.0.87.a( 1330): [LOWI-Scan] decode_rsn_wpa_ie: LOWI_ENCRYPTION_TYPE_WPA_PSK
06-27 00:28:39.807 D/LOWI-9.0.0.87.a( 1330): [LOWI-Scan] is_qcom_ie, bss_age: 0
06-27 00:28:39.807 D/LOWI-9.0.0.87.a( 1330): [LOWI-Scan] BSS f4:a4:d6:51:0e:10 LOWI_PHY_MODE_11AC_VHT40(9), Beacon Interval: 100, LOWI_ENCRYPTION_TYPE_WPA_PSK 11mcRanging: No, ANQP: No, LCI: No, Civic: No, capability(0x1511): ESS Privacy SpectrumMgmt ShortSlotTime
06-27 00:28:39.807 D/LOWI-9.0.0.87.a( 1330): [LOWI-Scan] BSS f4:a4:d6:51:0e:10 FREQ: 5300, cFreq1[40:80:160] = [5310:0:0] cFreq2 = 0 Country Code = CN
06-27 00:28:39.807 D/LOWI-9.0.0.87.a( 1330): [LOWI-Scan] BSS f4:a4:d6:51:0e:10 (wlan0) ASSO: NO AddInfo: 0x0, TSF 0, 00:01:07.174, RSSI: -162, CPL: 127, AGE: 204, SSID guest, TSFDelta: 0x84e07be5, TXRate: 0
06-27 00:28:39.807 D/LOWI-9.0.0.87.a( 1330): [LOWI-Scan]
06-27 00:28:39.807 D/LOWI-9.0.0.87.a( 1330): [LOWI-Scan] print_bss_handler: Report Probe TSF 67174726 as it greater than Beacon TSF 67149552
06-27 00:28:39.807 D/LOWI-9.0.0.87.a( 1330): [LOWI-Scan] decode_rsn_wpa_ie: LOWI_ENCRYPTION_TYPE_WPA_PSK
06-27 00:28:39.807 D/LOWI-9.0.0.87.a( 1330): [LOWI-Scan] is_qcom_ie, bss_age: 0
06-27 00:28:39.807 D/LOWI-9.0.0.87.a( 1330): [LOWI-Scan] BSS f4:a4:d6:51:0e:11 LOWI_PHY_MODE_11AC_VHT40(9), Beacon Interval: 100, LOWI_ENCRYPTION_TYPE_WPA_PSK 11mcRanging: No, ANQP: No, LCI: No, Civic: No, capability(0x1511): ESS Privacy SpectrumMgmt ShortSlotTime
06-27 00:28:39.807 D/LOWI-9.0.0.87.a( 1330): [LOWI-Scan] BSS f4:a4:d6:51:0e:11 FREQ: 5300, cFreq1[40:80:160] = [5310:0:0] cFreq2 = 0 Country Code = CN
06-27 00:28:39.807 D/LOWI-9.0.0.87.a( 1330): [LOWI-Scan] BSS f4:a4:d6:51:0e:11 (wlan0) ASSO: NO AddInfo: 0x0, TSF 0, 00:01:07.174, RSSI: -162, CPL: 127, AGE: 204, SSID thundercomm, TSFDelta: 0x84e532be, TXRate: 0
06-27 00:28:39.807 D/LOWI-9.0.0.87.a( 1330): [LOWI-Scan]
06-27 00:28:39.807 D/LOWI-9.0.0.87.a( 1330): [LOWI-Scan] print_bss_handler: Report Probe TSF 67175394 as it greater than Beacon TSF 67149622
06-27 00:28:39.807 D/LOWI-9.0.0.87.a( 1330): [LOWI-Scan] decode_rsn_wpa_ie: LOWI_ENCRYPTION_TYPE_WPA_PSK
06-27 00:28:39.807 D/LOWI-9.0.0.87.a( 1330): [LOWI-Scan] is_qcom_ie, bss_age: 0
06-27 00:28:39.807 D/LOWI-9.0.0.87.a( 1330): [LOWI-Scan] BSS f4:a4:d6:51:0e:14 LOWI_PHY_MODE_11AC_VHT40(9), Beacon Interval: 100, LOWI_ENCRYPTION_TYPE_WPA_PSK 11mcRanging: No, ANQP: No, LCI: No, Civic: No, capability(0x1511): ESS Privacy SpectrumMgmt ShortSlotTime
06-27 00:28:39.807 D/LOWI-9.0.0.87.a( 1330): [LOWI-Scan] BSS f4:a4:d6:51:0e:14 FREQ: 5300, cFreq1[40:80:160] = [5310:0:0] cFreq2 = 0 Country Code = CN
06-27 00:28:39.807 D/LOWI-9.0.0.87.a( 1330): [LOWI-Scan] BSS f4:a4:d6:51:0e:14 (wlan0) ASSO: NO AddInfo: 0x0, TSF 0, 00:01:07.175, RSSI: -162, CPL: 127, AGE: 204, SSID thundersoft, TSFDelta: 0x84e9ef7f, TXRate: 0
06-27 00:28:39.807 D/LOWI-9.0.0.87.a( 1330): [LOWI-Scan]
06-27 00:28:39.807 D/LOWI-9.0.0.87.a( 1330): [LOWI-Scan] print_bss_handler: Report beacon TSF 66437283 as it greater than probe TSF 66437283
06-27 00:28:39.807 D/LOWI-9.0.0.87.a( 1330): [LOWI-Scan] decode_rsn_wpa_ie: LOWI_ENCRYPTION_TYPE_WPA_PSK
06-27 00:28:39.807 D/LOWI-9.0.0.87.a( 1330): [LOWI-Scan] is_qcom_ie, bss_age: 0
06-27 00:28:39.818 D/LOWI-9.0.0.87.a( 1330): [LOWI-Scan] BSS c2:68:e6:3a:d2:1b LOWI_PHY_MODE_11NG_HT20(5), Beacon Interval: 100, LOWI_ENCRYPTION_TYPE_WPA_PSK 11mcRanging: No, ANQP: No, LCI: No, Civic: No, capability(0x0431): ESS Privacy ShortPreamble ShortSlotTime
06-27 00:28:39.818 D/LOWI-9.0.0.87.a( 1330): [LOWI-Scan] BSS c2:68:e6:3a:d2:1b FREQ: 2462, cFreq1[40:80:160] = [0:0:0] cFreq2 = 0 Country Code =
06-27 00:28:39.818 D/LOWI-9.0.0.87.a( 1330): [LOWI-Scan] BSS c2:68:e6:3a:d2:1b (wlan0) ASSO: NO AddInfo: 0x1, TSF 0, 00:01:06.437, RSSI: -178, CPL: 127, AGE: 940, SSID William, TSFDelta: 0x864f01eb, TXRate: 0
06-27 00:28:39.818 D/LOWI-9.0.0.87.a( 1330): [LOWI-Scan]
06-27 00:28:39.818 D/LOWI-9.0.0.87.a( 1330): [LOWI-Scan] print_bss_handler: Report beacon TSF 56318946 as it greater than probe TSF 56318946
06-27 00:28:39.818 D/LOWI-9.0.0.87.a( 1330): [LOWI-Scan] decode_rsn_wpa_ie: LOWI_ENCRYPTION_TYPE_WPA_PSK
06-27 00:28:39.818 D/LOWI-9.0.0.87.a( 1330): [LOWI-Scan] is_qcom_ie, bss_age: 0
06-27 00:28:39.818 D/LOWI-9.0.0.87.a( 1330): [LOWI-Scan] adjust_age:AP AGE upper limit reached. Dont store
06-27 00:28:39.818 D/LOWI-9.0.0.87.a( 1330): [LOWI-Scan] BSS ec:26:ca:af:36:19 LOWI_PHY_MODE_11NG_HT40(7), Beacon Interval: 100, LOWI_ENCRYPTION_TYPE_WPA_PSK 11mcRanging: No, ANQP: No, LCI: No, Civic: No, capability(0x0431): ESS Privacy ShortPreamble ShortSlotTime
06-27 00:28:39.818 D/LOWI-9.0.0.87.a( 1330): [LOWI-Scan] BSS ec:26:ca:af:36:19 FREQ: 2462, cFreq1[40:80:160] = [2452:0:0] cFreq2 = 0 Country Code =
06-27 00:28:39.818 D/LOWI-9.0.0.87.a( 1330): [LOWI-Scan] BSS ec:26:ca:af:36:19 (wlan0) ASSO: NO AddInfo: 0x1, TSF 0, 00:00:56.318, RSSI: -152, CPL: 127, AGE: 11060, SSID , TSFDelta: 0x6175416e, TXRate: 0
06-27 00:28:39.818 D/LOWI-9.0.0.87.a( 1330): [LOWI-Scan]
06-27 00:28:39.818 D/LOWI-9.0.0.87.a( 1330): [LOWI-Scan] print_bss_handler: Report Probe TSF 65946484 as it greater than Beacon TSF 65934232
06-27 00:28:39.818 D/LOWI-9.0.0.87.a( 1330): [LOWI-Scan] decode_rsn_wpa_ie: LOWI_ENCRYPTION_TYPE_WPA_PSK
06-27 00:28:39.818 D/LOWI-9.0.0.87.a( 1330): [LOWI-Scan] is_qcom_ie, bss_age: 0
06-27 00:28:39.818 D/LOWI-9.0.0.87.a( 1330): [LOWI-Scan] BSS f4:a4:d6:51:0d:91 LOWI_PHY_MODE_11AC_VHT40(9), Beacon Interval: 100, LOWI_ENCRYPTION_TYPE_WPA_PSK 11mcRanging: No, ANQP: No, LCI: No, Civic: No, capability(0x1511): ESS Privacy SpectrumMgmt ShortSlotTime
06-27 00:28:39.818 D/LOWI-9.0.0.87.a( 1330): [LOWI-Scan] BSS f4:a4:d6:51:0d:91 FREQ: 5220, cFreq1[40:80:160] = [5230:0:0] cFreq2 = 0 Country Code = CN
06-27 00:28:39.818 D/LOWI-9.0.0.87.a( 1330): [LOWI-Scan] BSS f4:a4:d6:51:0d:91 (wlan0) ASSO: NO AddInfo: 0x0, TSF 0, 00:01:05.946, RSSI: -162, CPL: 127, AGE: 1432, SSID thundercomm, TSFDelta: 0x8e7488c9, TXRate: 0
06-27 00:28:39.818 D/LOWI-9.0.0.87.a( 1330): [LOWI-Scan]
06-27 00:28:39.818 D/LOWI-9.0.0.87.a( 1330): [LOWI-Scan] print_bss_handler: Report Probe TSF 65947222 as it greater than Beacon TSF 65934306
06-27 00:28:39.818 D/LOWI-9.0.0.87.a( 1330): [LOWI-Scan] decode_rsn_wpa_ie: LOWI_ENCRYPTION_TYPE_WPA_PSK
06-27 00:28:39.818 D/LOWI-9.0.0.87.a( 1330): [LOWI-Scan] is_qcom_ie, bss_age: 0
06-27 00:28:39.818 D/LOWI-9.0.0.87.a( 1330): [LOWI-Scan] BSS f4:a4:d6:51:0d:94 LOWI_PHY_MODE_11AC_VHT40(9), Beacon Interval: 100, LOWI_ENCRYPTION_TYPE_WPA_PSK 11mcRanging: No, ANQP: No, LCI: No, Civic: No, capability(0x1511): ESS Privacy SpectrumMgmt ShortSlotTime
06-27 00:28:39.818 D/LOWI-9.0.0.87.a( 1330): [LOWI-Scan] BSS f4:a4:d6:51:0d:94 FREQ: 5220, cFreq1[40:80:160] = [5230:0:0] cFreq2 = 0 Country Code = CN
06-27 00:28:39.818 D/LOWI-9.0.0.87.a( 1330): [LOWI-Scan] BSS f4:a4:d6:51:0d:94 (wlan0) ASSO: NO AddInfo: 0x0, TSF 0, 00:01:05.947, RSSI: -162, CPL: 127, AGE: 1432, SSID thundersoft, TSFDelta: 0x8e7a4b66, TXRate: 0
06-27 00:28:39.818 D/LOWI-9.0.0.87.a( 1330): [LOWI-Scan]
06-27 00:28:39.818 D/LOWI-9.0.0.87.a( 1330): [LOWI-Scan] print_bss_handler: Report beacon TSF 65936408 as it greater than probe TSF 65936408
06-27 00:28:39.818 D/LOWI-9.0.0.87.a( 1330): [LOWI-Scan] decode_rsn_wpa_ie: LOWI_ENCRYPTION_TYPE_WPA_PSK
06-27 00:28:39.818 D/LOWI-9.0.0.87.a( 1330): [LOWI-Scan] is_qcom_ie, bss_age: 0
06-27 00:28:39.818 D/LOWI-9.0.0.87.a( 1330): [LOWI-Scan] BSS 2c:61:04:e5:57:3c LOWI_PHY_MODE_11NG_HT20(5), Beacon Interval: 100, LOWI_ENCRYPTION_TYPE_WPA_PSK 11mcRanging: No, ANQP: No, LCI: No, Civic: No, capability(0x0431): ESS Privacy ShortPreamble ShortSlotTime
06-27 00:28:39.818 D/LOWI-9.0.0.87.a( 1330): [LOWI-Scan] BSS 2c:61:04:e5:57:3c FREQ: 2437, cFreq1[40:80:160] = [0:0:0] cFreq2 = 0 Country Code =
06-27 00:28:39.818 D/LOWI-9.0.0.87.a( 1330): [LOWI-Scan] BSS 2c:61:04:e5:57:3c (wlan0) ASSO: NO AddInfo: 0x1, TSF 0, 00:01:05.936, RSSI: -152, CPL: 127, AGE: 1440, SSID 201, TSFDelta: 0x4c3138c1, TXRate: 0
06-27 00:28:39.818 D/LOWI-9.0.0.87.a( 1330): [LOWI-Scan]
06-27 00:28:39.818 D/LOWI-9.0.0.87.a( 1330): [LOWI-Scan] print_bss_handler: Report beacon TSF 55506226 as it greater than probe TSF 55506226
06-27 00:28:39.818 D/LOWI-9.0.0.87.a( 1330): [LOWI-Scan] decode_rsn_wpa_ie: LOWI_ENCRYPTION_TYPE_WPA_PSK
06-27 00:28:39.818 D/LOWI-9.0.0.87.a( 1330): [LOWI-Scan] is_qcom_ie, bss_age: 0
06-27 00:28:39.818 D/LOWI-9.0.0.87.a( 1330): [LOWI-Scan] adjust_age:AP AGE upper limit reached. Dont store
06-27 00:28:39.818 D/LOWI-9.0.0.87.a( 1330): [LOWI-Scan] BSS 50:64:2b:7d:df:d8 LOWI_PHY_MODE_11NG_HT20(5), Beacon Interval: 100, LOWI_ENCRYPTION_TYPE_WPA_PSK 11mcRanging: No, ANQP: No, LCI: No, Civic: No, capability(0x0c11): ESS Privacy ShortSlotTime APSD
06-27 00:28:39.818 D/LOWI-9.0.0.87.a( 1330): [LOWI-Scan] BSS 50:64:2b:7d:df:d8 FREQ: 2417, cFreq1[40:80:160] = [0:0:0] cFreq2 = 0 Country Code = CN
06-27 00:28:39.818 D/LOWI-9.0.0.87.a( 1330): [LOWI-Scan] BSS 50:64:2b:7d:df:d8 (wlan0) ASSO: NO AddInfo: 0x1, TSF 0, 00:00:55.506, RSSI: -170, CPL: 127, AGE: 11872, SSID tom, TSFDelta: 0x83131a41, TXRate: 0
06-27 00:28:39.818 D/LOWI-9.0.0.87.a( 1330): [LOWI-Scan]
06-27 00:28:39.818 D/LOWI-9.0.0.87.a( 1330): [LOWI-Scan] print_bss_handler: Report beacon TSF 66032908 as it greater than probe TSF 66032908
06-27 00:28:39.818 D/LOWI-9.0.0.87.a( 1330): [LOWI-Scan] decode_rsn_wpa_ie: LOWI_ENCRYPTION_TYPE_WPA_PSK
06-27 00:28:39.818 D/LOWI-9.0.0.87.a( 1330): [LOWI-Scan] is_qcom_ie, bss_age: 0
06-27 00:28:39.818 D/LOWI-9.0.0.87.a( 1330): [LOWI-Scan] BSS 54:af:97:77:ba:d3 LOWI_PHY_MODE_11AC_VHT160(15), Beacon Interval: 100, LOWI_ENCRYPTION_TYPE_WPA_PSK 11mcRanging: No, ANQP: Yes, LCI: No, Civic: No, capability(0x1111): ESS Privacy SpectrumMgmt
06-27 00:28:39.818 D/LOWI-9.0.0.87.a( 1330): [LOWI-Scan] BSS 54:af:97:77:ba:d3 FREQ: 5240, cFreq1[40:80:160] = [5230:5210:5210] cFreq2 = 5250 Country Code = US
06-27 00:28:39.818 D/LOWI-9.0.0.87.a( 1330): [LOWI-Scan] BSS 54:af:97:77:ba:d3 (wlan0) ASSO: NO AddInfo: 0x1, TSF 0, 00:01:06.032, RSSI: -174, CPL: 127, AGE: 1344, SSID TP-Link_BAD8_5G, TSFDelta: 0x74bec86d, TXRate: 0
06-27 00:28:39.818 D/LOWI-9.0.0.87.a( 1330): [LOWI-Scan]
06-27 00:28:39.818 D/LOWI-9.0.0.87.a( 1330): [LOWI-Scan] print_bss_handler: Report beacon TSF 66033231 as it greater than probe TSF 66033231
06-27 00:28:39.818 D/LOWI-9.0.0.87.a( 1330): [LOWI-Scan] decode_rsn_wpa_ie: LOWI_ENCRYPTION_TYPE_WPA_PSK
06-27 00:28:39.819 D/LOWI-9.0.0.87.a( 1330): [LOWI-Scan] is_qcom_ie, bss_age: 0
06-27 00:28:39.819 D/LOWI-9.0.0.87.a( 1330): [LOWI-Scan] BSS 6a:af:97:77:ba:d5 LOWI_PHY_MODE_11AC_VHT160(15), Beacon Interval: 100, LOWI_ENCRYPTION_TYPE_WPA_PSK 11mcRanging: No, ANQP: Yes, LCI: No, Civic: No, capability(0x1111): ESS Privacy SpectrumMgmt
06-27 00:28:39.819 D/LOWI-9.0.0.87.a( 1330): [LOWI-Scan] BSS 6a:af:97:77:ba:d5 FREQ: 5240, cFreq1[40:80:160] = [5230:5210:5210] cFreq2 = 5250 Country Code = US
06-27 00:28:39.819 D/LOWI-9.0.0.87.a( 1330): [LOWI-Scan] BSS 6a:af:97:77:ba:d5 (wlan0) ASSO: NO AddInfo: 0x1, TSF 0, 00:01:06.033, RSSI: -172, CPL: 127, AGE: 1344, SSID , TSFDelta: 0x74c3eab9, TXRate: 0
06-27 00:28:39.819 D/LOWI-9.0.0.87.a( 1330): [LOWI-Scan]
06-27 00:28:39.819 D/LOWI-9.0.0.87.a( 1330): [LOWI-Scan] print_bss_handler: Report beacon TSF 66033802 as it greater than probe TSF 66033802
06-27 00:28:39.819 D/LOWI-9.0.0.87.a( 1330): [LOWI-Scan] decode_rsn_wpa_ie: LOWI_ENCRYPTION_TYPE_WPA_PSK
06-27 00:28:39.819 D/LOWI-9.0.0.87.a( 1330): [LOWI-Scan] is_qcom_ie, bss_age: 0
06-27 00:28:39.819 D/LOWI-9.0.0.87.a( 1330): [LOWI-Scan] BSS 6a:af:97:77:ba:d6 LOWI_PHY_MODE_11AC_VHT160(15), Beacon Interval: 100, LOWI_ENCRYPTION_TYPE_WPA_PSK 11mcRanging: No, ANQP: Yes, LCI: No, Civic: No, capability(0x1111): ESS Privacy SpectrumMgmt
06-27 00:28:39.819 D/LOWI-9.0.0.87.a( 1330): [LOWI-Scan] BSS 6a:af:97:77:ba:d6 FREQ: 5240, cFreq1[40:80:160] = [5230:5210:5210] cFreq2 = 5250 Country Code = US
06-27 00:28:39.819 D/LOWI-9.0.0.87.a( 1330): [LOWI-Scan] BSS 6a:af:97:77:ba:d6 (wlan0) ASSO: NO AddInfo: 0x1, TSF 0, 00:01:06.033, RSSI: -172, CPL: 127, AGE: 1344, SSID TP-Link_Guest_BAD8_5G, TSFDelta: 0x74c89ac1, TXRate: 0
06-27 00:28:39.819 D/LOWI-9.0.0.87.a( 1330): [LOWI-Scan]
06-27 00:28:39.819 D/LOWI-9.0.0.87.a( 1330): [LOWI-Scan] print_bss_handler: Report beacon TSF 65452375 as it greater than probe TSF 65452375
06-27 00:28:39.819 D/LOWI-9.0.0.87.a( 1330): [LOWI-Scan] decode_rsn_wpa_ie: LOWI_ENCRYPTION_TYPE_WPA_PSK
06-27 00:28:39.819 D/LOWI-9.0.0.87.a( 1330): [LOWI-Scan] is_qcom_ie, bss_age: 0
06-27 00:28:39.819 D/LOWI-9.0.0.87.a( 1330): [LOWI-Scan] BSS 9e:97:cc:03:15:34 LOWI_PHY_MODE_11AC_VHT40_2G(12), Beacon Interval: 100, LOWI_ENCRYPTION_TYPE_WPA_PSK 11mcRanging: No, ANQP: No, LCI: No, Civic: No, capability(0x0431): ESS Privacy ShortPreamble ShortSlotTime
06-27 00:28:39.819 D/LOWI-9.0.0.87.a( 1330): [LOWI-Scan] BSS 9e:97:cc:03:15:34 FREQ: 2412, cFreq1[40:80:160] = [2422:0:0] cFreq2 = 0 Country Code = CN
06-27 00:28:39.819 D/LOWI-9.0.0.87.a( 1330): [LOWI-Scan] BSS 9e:97:cc:03:15:34 (wlan0) ASSO: NO AddInfo: 0x1, TSF 0, 00:01:05.452, RSSI: -148, CPL: 127, AGE: 1924, SSID SD3_Test, TSFDelta: 0x2b4f9a64, TXRate: 0
06-27 00:28:39.819 D/LOWI-9.0.0.87.a( 1330): [LOWI-Scan]
06-27 00:28:39.819 D/LOWI-9.0.0.87.a( 1330): [LOWI-Scan] print_bss_handler: Report beacon TSF 65455499 as it greater than probe TSF 65455499
06-27 00:28:39.819 D/LOWI-9.0.0.87.a( 1330): [LOWI-Scan] decode_rsn_wpa_ie: LOWI_ENCRYPTION_TYPE_WPA_PSK
06-27 00:28:39.819 D/LOWI-9.0.0.87.a( 1330): [LOWI-Scan] is_qcom_ie, bss_age: 0
06-27 00:28:39.819 D/LOWI-9.0.0.87.a( 1330): [LOWI-Scan] BSS a2:97:cc:03:15:34 LOWI_PHY_MODE_11AC_VHT40_2G(12), Beacon Interval: 100, LOWI_ENCRYPTION_TYPE_WPA_PSK 11mcRanging: No, ANQP: No, LCI: No, Civic: No, capability(0x0431): ESS Privacy ShortPreamble ShortSlotTime
06-27 00:28:39.819 D/LOWI-9.0.0.87.a( 1330): [LOWI-Scan] BSS a2:97:cc:03:15:34 FREQ: 2412, cFreq1[40:80:160] = [2422:0:0] cFreq2 = 0 Country Code = CN
06-27 00:28:39.819 D/LOWI-9.0.0.87.a( 1330): [LOWI-Scan] BSS a2:97:cc:03:15:34 (wlan0) ASSO: NO AddInfo: 0x1, TSF 0, 00:01:05.455, RSSI: -148, CPL: 127, AGE: 1924, SSID , TSFDelta: 0x2b656265, TXRate: 0
06-27 00:28:39.819 D/LOWI-9.0.0.87.a( 1330): [LOWI-Scan]
06-27 00:28:39.819 D/LOWI-9.0.0.87.a( 1330): [LOWI-Scan] print_bss_handler: Report beacon TSF 65497883 as it greater than probe TSF 65497883
06-27 00:28:39.819 D/LOWI-9.0.0.87.a( 1330): [LOWI-Scan] decode_rsn_wpa_ie: LOWI_ENCRYPTION_TYPE_WPA_PSK
06-27 00:28:39.819 D/LOWI-9.0.0.87.a( 1330): [LOWI-Scan] is_qcom_ie, bss_age: 0
06-27 00:28:39.819 D/LOWI-9.0.0.87.a( 1330): [LOWI-Scan] BSS 86:2a:7d:83:91:7b LOWI_PHY_MODE_11AC_VHT40_2G(12), Beacon Interval: 100, LOWI_ENCRYPTION_TYPE_WPA_PSK 11mcRanging: No, ANQP: No, LCI: No, Civic: No, capability(0x1411): ESS Privacy ShortSlotTime
06-27 00:28:39.819 D/LOWI-9.0.0.87.a( 1330): [LOWI-Scan] BSS 86:2a:7d:83:91:7b FREQ: 2412, cFreq1[40:80:160] = [2422:0:0] cFreq2 = 0 Country Code = CN
06-27 00:28:39.819 D/LOWI-9.0.0.87.a( 1330): [LOWI-Scan] BSS 86:2a:7d:83:91:7b (wlan0) ASSO: NO AddInfo: 0x1, TSF 0, 00:01:05.497, RSSI: -182, CPL: 127, AGE: 1880, SSID ________________________________, TSFDelta: 0x57d61339, TXRate: 0
06-27 00:28:39.819 D/LOWI-9.0.0.87.a( 1330): [LOWI-Scan]
06-27 00:28:39.819 D/LOWI-9.0.0.87.a( 1330): [LOWI-Scan] print_bss_handler: Report beacon TSF 65715335 as it greater than probe TSF 65715335
06-27 00:28:39.819 D/LOWI-9.0.0.87.a( 1330): [LOWI-Scan] decode_rsn_wpa_ie: LOWI_ENCRYPTION_TYPE_WPA_PSK
06-27 00:28:39.819 D/LOWI-9.0.0.87.a( 1330): [LOWI-Scan] is_qcom_ie, bss_age: 0
06-27 00:28:39.819 D/LOWI-9.0.0.87.a( 1330): [LOWI-Scan] BSS 98:97:cc:0e:3f:88 LOWI_PHY_MODE_11AC_VHT160(15), Beacon Interval: 100, LOWI_ENCRYPTION_TYPE_WPA_PSK 11mcRanging: No, ANQP: No, LCI: No, Civic: No, capability(0x1511): ESS Privacy SpectrumMgmt ShortSlotTime
06-27 00:28:39.819 D/LOWI-9.0.0.87.a( 1330): [LOWI-Scan] BSS 98:97:cc:0e:3f:88 FREQ: 5200, cFreq1[40:80:160] = [5190:5210:5210] cFreq2 = 5250 Country Code = CN
06-27 00:28:39.819 D/LOWI-9.0.0.87.a( 1330): [LOWI-Scan] BSS 98:97:cc:0e:3f:88 (wlan0) ASSO: NO AddInfo: 0x1, TSF 0, 00:01:05.715, RSSI: -170, CPL: 127, AGE: 1664, SSID TP-LINK_3F86, TSFDelta: 0x41a15991, TXRate: 0
06-27 00:28:39.819 D/LOWI-9.0.0.87.a( 1330): [LOWI-Scan]
06-27 00:28:39.819 D/LOWI-9.0.0.87.a( 1330): [LOWI-Scan] print_bss_handler: Report beacon TSF 65715490 as it greater than probe TSF 65715490
06-27 00:28:39.819 D/LOWI-9.0.0.87.a( 1330): [LOWI-Scan] decode_rsn_wpa_ie: LOWI_ENCRYPTION_TYPE_WPA_PSK
06-27 00:28:39.819 D/LOWI-9.0.0.87.a( 1330): [LOWI-Scan] is_qcom_ie, bss_age: 0
06-27 00:28:39.819 D/LOWI-9.0.0.87.a( 1330): [LOWI-Scan] BSS 9e:97:cc:0e:3f:88 LOWI_PHY_MODE_11AC_VHT160(15), Beacon Interval: 100, LOWI_ENCRYPTION_TYPE_WPA_PSK 11mcRanging: No, ANQP: No, LCI: No, Civic: No, capability(0x0511): ESS Privacy SpectrumMgmt ShortSlotTime
06-27 00:28:39.819 D/LOWI-9.0.0.87.a( 1330): [LOWI-Scan] BSS 9e:97:cc:0e:3f:88 FREQ: 5200, cFreq1[40:80:160] = [5190:5210:5210] cFreq2 = 5250 Country Code = CN
06-27 00:28:39.819 D/LOWI-9.0.0.87.a( 1330): [LOWI-Scan] BSS 9e:97:cc:0e:3f:88 (wlan0) ASSO: NO AddInfo: 0x1, TSF 0, 00:01:05.715, RSSI: -170, CPL: 127, AGE: 1664, SSID , TSFDelta: 0x41a5f1eb, TXRate: 0
06-27 00:28:39.819 D/LOWI-9.0.0.87.a( 1330): [LOWI-Scan]
06-27 00:28:39.819 D/LOWI-9.0.0.87.a( 1330): [LOWI-Scan] print_bss_handler: Report Probe TSF 65734454 as it greater than Beacon TSF 65715561
06-27 00:28:39.819 D/LOWI-9.0.0.87.a( 1330): [LOWI-Scan] decode_rsn_wpa_ie: LOWI_ENCRYPTION_TYPE_WPA_PSK
06-27 00:28:39.819 D/LOWI-9.0.0.87.a( 1330): [LOWI-Scan] is_qcom_ie, bss_age: 0
06-27 00:28:39.819 D/LOWI-9.0.0.87.a( 1330): [LOWI-Scan] BSS 98:97:cc:03:15:36 LOWI_PHY_MODE_11NA_HT40(6), Beacon Interval: 100, LOWI_ENCRYPTION_TYPE_WPA_PSK 11mcRanging: No, ANQP: No, LCI: No, Civic: No, capability(0x1511): ESS Privacy SpectrumMgmt ShortSlotTime
06-27 00:28:39.819 D/LOWI-9.0.0.87.a( 1330): [LOWI-Scan] BSS 98:97:cc:03:15:36 FREQ: 5200, cFreq1[40:80:160] = [5190:0:0] cFreq2 = 0 Country Code = CN
06-27 00:28:39.819 D/LOWI-9.0.0.87.a( 1330): [LOWI-Scan] BSS 98:97:cc:03:15:36 (wlan0) ASSO: NO AddInfo: 0x0, TSF 0, 00:01:05.734, RSSI: -116, CPL: 127, AGE: 1644, SSID 200M_5G, TSFDelta: 0x33a606b6, TXRate: 0
06-27 00:28:39.819 D/LOWI-9.0.0.87.a( 1330): [LOWI-Scan]
06-27 00:28:39.819 D/LOWI-9.0.0.87.a( 1330): [LOWI-Scan] print_bss_handler: Report beacon TSF 65715613 as it greater than probe TSF 65715613
06-27 00:28:39.819 D/LOWI-9.0.0.87.a( 1330): [LOWI-Scan] decode_rsn_wpa_ie: LOWI_ENCRYPTION_TYPE_WPA_PSK
06-27 00:28:39.819 D/LOWI-9.0.0.87.a( 1330): [LOWI-Scan] is_qcom_ie, bss_age: 0
06-27 00:28:39.819 D/LOWI-9.0.0.87.a( 1330): [LOWI-Scan] BSS 9e:97:cc:03:15:36 LOWI_PHY_MODE_11NA_HT40(6), Beacon Interval: 100, LOWI_ENCRYPTION_TYPE_WPA_PSK 11mcRanging: No, ANQP: No, LCI: No, Civic: No, capability(0x0511): ESS Privacy SpectrumMgmt ShortSlotTime
06-27 00:28:39.819 D/LOWI-9.0.0.87.a( 1330): [LOWI-Scan] BSS 9e:97:cc:03:15:36 FREQ: 5200, cFreq1[40:80:160] = [5190:0:0] cFreq2 = 0 Country Code = CN
06-27 00:28:39.819 D/LOWI-9.0.0.87.a( 1330): [LOWI-Scan] BSS 9e:97:cc:03:15:36 (wlan0) ASSO: NO AddInfo: 0x1, TSF 0, 00:01:05.715, RSSI: -118, CPL: 127, AGE: 1664, SSID , TSFDelta: 0x3321ffce, TXRate: 0
06-27 00:28:39.819 D/LOWI-9.0.0.87.a( 1330): [LOWI-Scan]
06-27 00:28:39.819 D/LOWI-9.0.0.87.a( 1330): [LOWI-Scan] print_bss_handler: Report beacon TSF 66347346 as it greater than probe TSF 66347346
06-27 00:28:39.819 D/LOWI-9.0.0.87.a( 1330): [LOWI-Scan] decode_rsn_wpa_ie: LOWI_ENCRYPTION_TYPE_WPA_PSK
06-27 00:28:39.819 D/LOWI-9.0.0.87.a( 1330): [LOWI-Scan] is_qcom_ie, bss_age: 0
06-27 00:28:39.819 D/LOWI-9.0.0.87.a( 1330): [LOWI-Scan] BSS b6:2a:7d:83:93:1c LOWI_PHY_MODE_11AC_VHT80(10), Beacon Interval: 100, LOWI_ENCRYPTION_TYPE_WPA_PSK 11mcRanging: No, ANQP: No, LCI: No, Civic: No, capability(0x1111): ESS Privacy SpectrumMgmt
06-27 00:28:39.819 D/LOWI-9.0.0.87.a( 1330): [LOWI-Scan] BSS b6:2a:7d:83:93:1c FREQ: 5785, cFreq1[40:80:160] = [5795:5775:0] cFreq2 = 0 Country Code = CN
06-27 00:28:39.819 D/LOWI-9.0.0.87.a( 1330): [LOWI-Scan] BSS b6:2a:7d:83:93:1c (wlan0) ASSO: NO AddInfo: 0x1, TSF 0, 00:01:06.347, RSSI: -176, CPL: 127, AGE: 1032, SSID test666-5G, TSFDelta: 0x13d6fe3f, TXRate: 0
06-27 00:28:39.820 D/LOWI-9.0.0.87.a( 1330): [LOWI-Scan]
06-27 00:28:39.820 D/LOWI-9.0.0.87.a( 1330): [LOWI-Scan] print_bss_handler: Report beacon TSF 66348056 as it greater than probe TSF 66348056
06-27 00:28:39.820 D/LOWI-9.0.0.87.a( 1330): [LOWI-Scan] decode_rsn_wpa_ie: LOWI_ENCRYPTION_TYPE_WPA_PSK
06-27 00:28:39.820 D/LOWI-9.0.0.87.a( 1330): [LOWI-Scan] is_qcom_ie, bss_age: 0
06-27 00:28:39.820 D/LOWI-9.0.0.87.a( 1330): [LOWI-Scan] BSS b6:2a:7d:83:93:1e LOWI_PHY_MODE_11AC_VHT80(10), Beacon Interval: 100, LOWI_ENCRYPTION_TYPE_WPA_PSK 11mcRanging: No, ANQP: No, LCI: No, Civic: No, capability(0x1111): ESS Privacy SpectrumMgmt
06-27 00:28:39.820 D/LOWI-9.0.0.87.a( 1330): [LOWI-Scan] BSS b6:2a:7d:83:93:1e FREQ: 5785, cFreq1[40:80:160] = [5795:5775:0] cFreq2 = 0 Country Code = CN
06-27 00:28:39.820 D/LOWI-9.0.0.87.a( 1330): [LOWI-Scan] BSS b6:2a:7d:83:93:1e (wlan0) ASSO: NO AddInfo: 0x1, TSF 0, 00:01:06.348, RSSI: -176, CPL: 127, AGE: 1028, SSID ________________________________, TSFDelta: 0x13db5c1b, TXRate: 0
06-27 00:28:39.820 D/LOWI-9.0.0.87.a( 1330): [LOWI-Scan]
06-27 00:28:39.820 D/LOWI-9.0.0.87.a( 1330): [LOWI-Scan] print_bss_handler: Report beacon TSF 66429353 as it greater than probe TSF 66429353
06-27 00:28:39.820 D/LOWI-9.0.0.87.a( 1330): [LOWI-Scan] decode_rsn_wpa_ie: LOWI_ENCRYPTION_TYPE_WPA_PSK
06-27 00:28:39.820 D/LOWI-9.0.0.87.a( 1330): [LOWI-Scan] is_qcom_ie, bss_age: 0
06-27 00:28:39.820 D/LOWI-9.0.0.87.a( 1330): [LOWI-Scan] BSS bc:54:fc:f0:b4:68 LOWI_PHY_MODE_11AC_VHT40_2G(12), Beacon Interval: 100, LOWI_ENCRYPTION_TYPE_WPA_PSK 11mcRanging: No, ANQP: No, LCI: No, Civic: No, capability(0x0411): ESS Privacy ShortSlotTime
06-27 00:28:39.820 D/LOWI-9.0.0.87.a( 1330): [LOWI-Scan] BSS bc:54:fc:f0:b4:68 FREQ: 2462, cFreq1[40:80:160] = [2452:0:0] cFreq2 = 0 Country Code = CN
06-27 00:28:39.820 D/LOWI-9.0.0.87.a( 1330): [LOWI-Scan] BSS bc:54:fc:f0:b4:68 (wlan0) ASSO: NO AddInfo: 0x1, TSF 0, 00:01:06.429, RSSI: -164, CPL: 127, AGE: 948, SSID , TSFDelta: 0x77600b66, TXRate: 0
06-27 00:28:39.820 D/LOWI-9.0.0.87.a( 1330): [LOWI-Scan]
06-27 00:28:39.820 D/LOWI-9.0.0.87.a( 1330): [LOWI-Scan] print_bss_handler: Report Probe TSF 66449580 as it greater than Beacon TSF 0
06-27 00:28:39.820 D/LOWI-9.0.0.87.a( 1330): [LOWI-Scan] decode_rsn_wpa_ie: LOWI_ENCRYPTION_TYPE_WPA_PSK
06-27 00:28:39.820 D/LOWI-9.0.0.87.a( 1330): [LOWI-Scan] is_qcom_ie, bss_age: 0
06-27 00:28:39.820 D/LOWI-9.0.0.87.a( 1330): [LOWI-Scan] BSS 2c:61:04:e5:57:3e LOWI_PHY_MODE_11AC_VHT80(10), Beacon Interval: 100, LOWI_ENCRYPTION_TYPE_WPA_PSK 11mcRanging: No, ANQP: No, LCI: No, Civic: No, capability(0x0431): ESS Privacy ShortPreamble ShortSlotTime
06-27 00:28:39.820 D/LOWI-9.0.0.87.a( 1330): [LOWI-Scan] BSS 2c:61:04:e5:57:3e FREQ: 5805, cFreq1[40:80:160] = [5795:5775:0] cFreq2 = 0 Country Code =
06-27 00:28:39.820 D/LOWI-9.0.0.87.a( 1330): [LOWI-Scan] BSS 2c:61:04:e5:57:3e (wlan0) ASSO: NO AddInfo: 0x0, TSF 0, 00:01:06.449, RSSI: -148, CPL: 127, AGE: 928, SSID 401, TSFDelta: 0x1fdd46bb, TXRate: 0
06-27 00:28:39.820 D/LOWI-9.0.0.87.a( 1330): [LOWI-Scan]
06-27 00:28:39.820 D/LOWI-9.0.0.87.a( 1330): [LOWI-Scan] print_bss_handler: Report beacon TSF 66453564 as it greater than probe TSF 66453564
06-27 00:28:39.820 D/LOWI-9.0.0.87.a( 1330): [LOWI-Scan] decode_rsn_wpa_ie: LOWI_ENCRYPTION_TYPE_WPA_PSK
06-27 00:28:39.820 D/LOWI-9.0.0.87.a( 1330): [LOWI-Scan] is_qcom_ie, bss_age: 0
06-27 00:28:39.820 D/LOWI-9.0.0.87.a( 1330): [LOWI-Scan] BSS dc:90:88:31:29:d4 LOWI_PHY_MODE_11AC_VHT80(10), Beacon Interval: 100, LOWI_ENCRYPTION_TYPE_WPA_PSK 11mcRanging: No, ANQP: No, LCI: No, Civic: No, capability(0x0011): ESS Privacy
06-27 00:28:39.820 D/LOWI-9.0.0.87.a( 1330): [LOWI-Scan] BSS dc:90:88:31:29:d4 FREQ: 5805, cFreq1[40:80:160] = [5795:5775:0] cFreq2 = 0 Country Code = CN
06-27 00:28:39.820 D/LOWI-9.0.0.87.a( 1330): [LOWI-Scan] BSS dc:90:88:31:29:d4 (wlan0) ASSO: NO AddInfo: 0x1, TSF 0, 00:01:06.453, RSSI: -178, CPL: 127, AGE: 924, SSID Admin1, TSFDelta: 0xc29c5741, TXRate: 0
06-27 00:28:39.820 D/LOWI-9.0.0.87.a( 1330): [LOWI-Scan]
06-27 00:28:39.820 D/LOWI-9.0.0.87.a( 1330): [LOWI-Scan] print_bss_handler: Report beacon TSF 66649318 as it greater than probe TSF 66649318
06-27 00:28:39.820 D/LOWI-9.0.0.87.a( 1330): [LOWI-Scan] decode_rsn_wpa_ie: LOWI_ENCRYPTION_TYPE_WPA_PSK
06-27 00:28:39.820 D/LOWI-9.0.0.87.a( 1330): [LOWI-Scan] is_qcom_ie, bss_age: 0
06-27 00:28:39.820 D/LOWI-9.0.0.87.a( 1330): [LOWI-Scan] BSS a0:69:d9:0b:25:56 LOWI_PHY_MODE_11AC_VHT20_2G(11), Beacon Interval: 100, LOWI_ENCRYPTION_TYPE_WPA_PSK 11mcRanging: No, ANQP: No, LCI: No, Civic: No, capability(0x1431): ESS Privacy ShortPreamble ShortSlotTime
06-27 00:28:39.820 D/LOWI-9.0.0.87.a( 1330): [LOWI-Scan] BSS a0:69:d9:0b:25:56 FREQ: 2472, cFreq1[40:80:160] = [0:0:0] cFreq2 = 0 Country Code = CN
06-27 00:28:39.820 D/LOWI-9.0.0.87.a( 1330): [LOWI-Scan] BSS a0:69:d9:0b:25:56 (wlan0) ASSO: NO AddInfo: 0x1, TSF 0, 00:01:06.649, RSSI: -132, CPL: 127, AGE: 728, SSID H3C_Automation, TSFDelta: 0x8c7abcdd, TXRate: 0
06-27 00:28:39.820 D/LOWI-9.0.0.87.a( 1330): [LOWIDiagLog] Log: lowiMeasResult->request: invalid null argument
06-27 00:28:39.820 I/LOWI-9.0.0.87.a( 1330): [LOWI-Scan] lowi_close_record:Scan done in 54342ms, 36 APs in scan results
06-27 00:28:39.820 D/LOWI-9.0.0.87.a( 1330): [LOWI-Scan] WipsScanUsingNL: passive scan cached 0, took 9991 ms, err 0
06-27 00:28:39.820 D/LOWI-9.0.0.87.a( 1330): [LOWI-Scan] lowi_proc_req_passive_scan_with_live_meas - No WLAN Frames to be parsed
06-27 00:28:39.820 D/LOWI-9.0.0.87.a( 1330): [LOWIScanResultReceiver] Send scan meas to listener
06-27 00:28:39.820 D/LOWI-9.0.0.87.a( 1330): [LOWIScanResultReceiver] Enter passive listening mode
06-27 00:28:39.820 D/LOWI-9.0.0.87.a( 1330): [LOWIWifiDriverInterface] getMeasurements - Passive listening mode
06-27 00:28:39.820 D/LOWI-9.0.0.87.a( 1330): [LOWIEventReceiver] handleEvent:FROM:NA, TO:NA, REQ:NA, IREQ:NA, REQ_ID:0, RESP:NA, INFO:NA
06-27 00:28:39.820 D/LOWI-9.0.0.87.a( 1330): [LOWIBackgroundScanMgr] isRspForBgScanMgr: evt(LOWI_NO_EVT) - not handled
06-27 00:28:39.820 D/LOWI-9.0.0.87.a( 1330): [LOWIScheduler] manageMsg: NULL results or NULL request in results
06-27 00:28:39.820 D/LOWI-9.0.0.87.a( 1330): [LOWIController] Measurements received
06-27 00:28:39.820 D/LOWI-9.0.0.87.a( 1330): [LOWICacheManager] putInCache:Num of Meas to add: 36
06-27 00:28:39.821 D/LOWI-9.0.0.87.a( 1330): [LOWI-Scan] WipsScanUsingNL:wait -1 sec for netlink message
06-27 00:28:39.821 D/LOWI-9.0.0.87.a( 1330): [LOWIController] processMeasurementResults: No current Request. Cache measurements
06-27 00:28:39.821 D/LOWI-9.0.0.87.a( 1330): [LOWIController] sendAsyncScanResponse: Request FreeWifiScanObserver_0 is from a different client.
06-27 00:28:39.821 D/LOWI-9.0.0.87.a( 1330): [LOWIController] generateResponse: Type (ASYNC_DISCOVERY_SCAN_RESULTS) ScanStatus (1) request FreeWifiScanObserver_0
06-27 00:28:39.821 D/LOWI-9.0.0.87.a( 1330): [LOWIEventDispatcher] sendResponse - originator = FreeWifiScanObserver
06-27 00:28:39.821 D/LOWI-9.0.0.87.a( 1330): [LOWIUtils] injectScanMeasurements - num of APs = 36
06-27 00:28:39.822 I/LOWI-9.0.0.87.a( 1330): [LOWIUtils] responseToOutPostcard - TO: FreeWifiScanObserver, FROM: LOWI-SERVER, RESP: LOWI_ASYNC_DISCOVERY_SCAN_RESULTS
06-27 00:28:39.822 D/LOWI-9.0.0.87.a( 1330): [LOWIControllerExtn] sendLOWILpDiscoveryScanResponse: Not a discovery scan response
06-27 00:28:39.827 D/WificondScannerImpl( 1538): Filtering out 4 scan results.
06-27 00:28:39.836 D/PasspointManager( 1538): ANQP entry not found for: 54:af:97:77:ba:d3:
06-27 00:28:39.836 D/PasspointManager( 1538): ANQP entry not found for: 6a:af:97:77:ba:d5:<>
06-27 00:28:39.837 D/PasspointManager( 1538): ANQP entry not found for: 6a:af:97:77:ba:d6:
06-27 00:28:39.854 W/hht_ota_mgr( 6271): type=1400 audit(0.0:677): avc: denied { read append } for name="NvmSim_yy.dat" dev="dm-10" ino=387 scontext=u:r:hht_ota_mgr:s0 tcontext=u:object_r:system_data_file:s0 tclass=file permissive=0
06-27 00:28:39.859 E/vota ( 6271): [ac6554f8]: [vota]: [scheduler]: finish coroutine(0x7eab079158)
06-27 00:28:39.859 E/vota ( 6271): [ac6554f8]: [vota]: [scheduler]: switch to original coroutine
06-27 00:28:39.859 E/vota ( 6271): [ac6554f8]: [vota]: [scheduler]: switch to coroutine(0x7eab165ca0) from coroutine(0x7eab079158)
06-27 00:28:39.859 E/vota ( 6271): [ac6554f8]: [vota]: [scheduler]: [loop]: ready 0
06-27 00:28:39.859 E/vota ( 6271): [ac6554f8]: [vota]: [coroutine]: exit: 0x7eab079158
06-27 00:28:39.859 E/vota ( 6271): [ac6554f8]: [vota]: [lock_profiler]:
06-27 00:28:39.859 E/vota ( 6271): [ac6554f8]: [vota]: [lock_profiler]: lock: 0xb400007c40b67c74, name: native_large_allocator, occupied: 0
06-27 00:28:39.859 E/vota ( 6271): [ac6554f8]: [vota]: [lock_profiler]: lock: 0xb400007c50b6e38c, name: allocator, occupied: 0
06-27 00:28:39.859 E/vota ( 6271): [ac6554f8]: [vota]: [small_allocator]:
06-27 00:28:39.859 E/vota ( 6271): [ac6554f8]: [vota]: [static_fixed_pool]: [16]: peak_size: 288, wast_rate: 4074/10000, pred_failed: 0, item_maxn: 245, free_count: 18, malloc_count: 18
06-27 00:28:39.859 E/vota ( 6271): [ac6554f8]: [vota]: [static_fixed_pool]: [96]: peak_size: 2208, wast_rate: 1028/10000, pred_failed: 0, item_maxn: 248, free_count: 23, malloc_count: 23
06-27 00:28:39.859 E/vota ( 6271): [ac6554f8]: [vota]: [static_fixed_pool]: [128]: peak_size: 9216, wast_rate: 791/10000, pred_failed: 0, item_maxn: 249, free_count: 72, malloc_count: 72
06-27 00:28:39.859 E/vota ( 6271): [ac6554f8]: [vota]: [static_fixed_pool]: [192]: peak_size: 2112, wast_rate: 541/10000, pred_failed: 0, item_maxn: 250, free_count: 11, malloc_count: 11
06-27 00:28:39.859 E/vota ( 6271): [ac6554f8]: [vota]: [static_fixed_pool]: [256]: peak_size: 256, wast_rate: 411/10000, pred_failed: 0, item_maxn: 251, free_count: 1, malloc_count: 1
06-27 00:28:39.859 E/vota ( 6271): [ac6554f8]: [vota]: [static_fixed_pool]: [384]: peak_size: 5376, wast_rate: 278/10000, pred_failed: 0, item_maxn: 252, free_count: 14, malloc_count: 14
06-27 00:28:39.859 E/vota ( 6271): [ac6554f8]: [vota]: [static_fixed_pool]: [512]: peak_size: 5632, wast_rate: 210/10000, pred_failed: 0, item_maxn: 253, free_count: 11, malloc_count: 11
06-27 00:28:39.859 E/vota ( 6271): [ac6554f8]: [vota]: [static_fixed_pool]: [1024]: peak_size: 2048, wast_rate: 106/10000, pred_failed: 0, item_maxn: 254, free_count: 2, malloc_count: 2
06-27 00:28:39.859 E/vota ( 6271): [ac6554f8]: [vota]: [native_large_allocator]:
06-27 00:28:39.859 E/vota ( 6271): [ac6554f8]: [vota]: [native_large_allocator]: peak_size: 3373986
06-27 00:28:39.860 E/vota ( 6271): [ac6554f8]: [vota]: [native_large_allocator]: wast_rate: 4/10000
06-27 00:28:39.860 E/vota ( 6271): [ac6554f8]: [vota]: [native_large_allocator]: free_count: 52
06-27 00:28:39.860 E/vota ( 6271): [ac6554f8]: [vota]: [native_large_allocator]: malloc_count: 52
06-27 00:28:39.860 E/vota ( 6271): [ac6554f8]: [vota]: [native_large_allocator]: ralloc_count: 0
06-27 00:28:39.860 E/vota ( 6271): [ac6554f8]: [vota]: exit: ok
06-27 00:28:39.865 I/[ 67.434647] init( 0): Service 'hht_ota_mgr_service' (pid 6271) exited with status 0
06-27 00:28:39.865 I/[ 67.434673] init( 0): Sending signal 9 to service 'hht_ota_mgr_service' (pid 6271) process group...
06-27 00:28:39.865 I/[ 67.434850] libprocessgroup( 0): Successfully killed process cgroup uid 0 pid 6271 in 0ms
06-27 00:28:40.280 I/mpu_uart( 653): [MSG-P:RECV]:No message received in 1000 ms
06-27 00:28:40.283 W/System.err( 3507): java.net.ConnectException: Failed to connect to shiply-yyb-1258344701.file.myqcloud.com/10.0.0.1:443
06-27 00:28:40.283 W/System.err( 3507): at com.android.okhttp.internal.io.RealConnection.connectSocket(RealConnection.java:147)
06-27 00:28:40.283 W/System.err( 3507): at com.android.okhttp.internal.io.RealConnection.connect(RealConnection.java:116)
06-27 00:28:40.283 W/System.err( 3507): at com.android.okhttp.internal.http.StreamAllocation.findConnection(StreamAllocation.java:186)
06-27 00:28:40.283 W/System.err( 3507): at com.android.okhttp.internal.http.StreamAllocation.findHealthyConnection(StreamAllocation.java:128)
06-27 00:28:40.283 W/System.err( 3507): at com.android.okhttp.internal.http.StreamAllocation.newStream(StreamAllocation.java:97)
06-27 00:28:40.283 W/System.err( 3507): at com.android.okhttp.internal.http.HttpEngine.connect(HttpEngine.java:289)
06-27 00:28:40.283 W/System.err( 3507): at com.android.okhttp.internal.http.HttpEngine.sendRequest(HttpEngine.java:232)
06-27 00:28:40.283 W/System.err( 3507): at com.android.okhttp.internal.huc.HttpURLConnectionImpl.execute(HttpURLConnectionImpl.java:465)
06-27 00:28:40.283 W/System.err( 3507): at com.android.okhttp.internal.huc.HttpURLConnectionImpl.getResponse(HttpURLConnectionImpl.java:411)
06-27 00:28:40.283 W/System.err( 3507): at com.android.okhttp.internal.huc.HttpURLConnectionImpl.getResponseCode(HttpURLConnectionImpl.java:542)
06-27 00:28:40.284 W/System.err( 3507): at com.android.okhttp.internal.huc.DelegatingHttpsURLConnection.getResponseCode(DelegatingHttpsURLConnection.java:106)
06-27 00:28:40.284 W/System.err( 3507): at com.android.okhttp.internal.huc.HttpsURLConnectionImpl.getResponseCode(HttpsURLConnectionImpl.java:30)
06-27 00:28:40.284 W/System.err( 3507): at com.tencent.halley.downloader.a.a.a.b(Unknown Source:385)
06-27 00:28:40.284 W/System.err( 3507): at com.tencent.halley.downloader.task.section.d.a(Unknown Source:191)
06-27 00:28:40.284 W/System.err( 3507): at com.tencent.halley.downloader.task.section.d.run(Unknown Source:612)
06-27 00:28:40.284 W/System.err( 3507): at java.util.concurrent.Executors$RunnableAdapter.call(Executors.java:462)
06-27 00:28:40.284 W/System.err( 3507): at java.util.concurrent.FutureTask.run(FutureTask.java:266)
06-27 00:28:40.284 W/System.err( 3507): at java.util.concurrent.ThreadPoolExecutor.runWorker(ThreadPoolExecutor.java:1167)
06-27 00:28:40.284 W/System.err( 3507): at java.util.concurrent.ThreadPoolExecutor$Worker.run(ThreadPoolExecutor.java:641)
06-27 00:28:40.284 W/System.err( 3507): at java.lang.Thread.run(Thread.java:920)
06-27 00:28:40.558 W/System.err( 3507): java.net.ConnectException: Failed to connect to shiply-yyb-1258344701.file.myqcloud.com/10.0.0.1:443
06-27 00:28:40.558 W/System.err( 3507): at com.android.okhttp.internal.io.RealConnection.connectSocket(RealConnection.java:147)
06-27 00:28:40.558 W/System.err( 3507): at com.android.okhttp.internal.io.RealConnection.connect(RealConnection.java:116)
06-27 00:28:40.558 W/System.err( 3507): at com.android.okhttp.internal.http.StreamAllocation.findConnection(StreamAllocation.java:186)
06-27 00:28:40.558 W/System.err( 3507): at com.android.okhttp.internal.http.StreamAllocation.findHealthyConnection(StreamAllocation.java:128)
06-27 00:28:40.558 W/System.err( 3507): at com.android.okhttp.internal.http.StreamAllocation.newStream(StreamAllocation.java:97)
06-27 00:28:40.559 W/System.err( 3507): at com.android.okhttp.internal.http.HttpEngine.connect(HttpEngine.java:289)
06-27 00:28:40.559 W/System.err( 3507): at com.android.okhttp.internal.http.HttpEngine.sendRequest(HttpEngine.java:232)
06-27 00:28:40.559 W/System.err( 3507): at com.android.okhttp.internal.huc.HttpURLConnectionImpl.execute(HttpURLConnectionImpl.java:465)
06-27 00:28:40.559 W/System.err( 3507): at com.android.okhttp.internal.huc.HttpURLConnectionImpl.getResponse(HttpURLConnectionImpl.java:411)
06-27 00:28:40.559 W/System.err( 3507): at com.android.okhttp.internal.huc.HttpURLConnectionImpl.getResponseCode(HttpURLConnectionImpl.java:542)
06-27 00:28:40.559 W/System.err( 3507): at com.android.okhttp.internal.huc.DelegatingHttpsURLConnection.getResponseCode(DelegatingHttpsURLConnection.java:106)
06-27 00:28:40.559 W/System.err( 3507): at com.android.okhttp.internal.huc.HttpsURLConnectionImpl.getResponseCode(HttpsURLConnectionImpl.java:30)
06-27 00:28:40.559 W/System.err( 3507): at com.tencent.halley.downloader.a.a.a.b(Unknown Source:385)
06-27 00:28:40.559 W/System.err( 3507): at com.tencent.halley.downloader.task.section.d.a(Unknown Source:191)
06-27 00:28:40.559 W/System.err( 3507): at com.tencent.halley.downloader.task.section.d.run(Unknown Source:612)
06-27 00:28:40.559 W/System.err( 3507): at java.util.concurrent.Executors$RunnableAdapter.call(Executors.java:462)
06-27 00:28:40.559 W/System.err( 3507): at java.util.concurrent.FutureTask.run(FutureTask.java:266)
06-27 00:28:40.559 W/System.err( 3507): at java.util.concurrent.ThreadPoolExecutor.runWorker(ThreadPoolExecutor.java:1167)
06-27 00:28:40.559 W/System.err( 3507): at java.util.concurrent.ThreadPoolExecutor$Worker.run(ThreadPoolExecutor.java:641)
06-27 00:28:40.559 W/System.err( 3507): at java.lang.Thread.run(Thread.java:920)
06-27 00:28:40.571 W/System.err( 3507): java.lang.NumberFormatException: For input string: "yun-hl"
06-27 00:28:40.571 W/System.err( 3507): at java.lang.Integer.parseInt(Integer.java:615)
06-27 00:28:40.571 W/System.err( 3507): at java.lang.Integer.parseInt(Integer.java:650)
06-27 00:28:40.571 W/System.err( 3507): at com.tencent.halley.common.f.h.d(Unknown Source:74)
06-27 00:28:40.571 W/System.err( 3507): at com.tencent.halley.common.b.a.g.b(Unknown Source:60)
06-27 00:28:40.571 W/System.err( 3507): at com.tencent.halley.common.b.a.c.b(Unknown Source:389)
06-27 00:28:40.571 W/System.err( 3507): at com.tencent.halley.downloader.d.c.a(Unknown Source:85)
06-27 00:28:40.571 W/System.err( 3507): at com.tencent.halley.downloader.task.section.d.run(Unknown Source:155)
06-27 00:28:40.571 W/System.err( 3507): at java.util.concurrent.Executors$RunnableAdapter.call(Executors.java:462)
06-27 00:28:40.571 W/System.err( 3507): at java.util.concurrent.FutureTask.run(FutureTask.java:266)
06-27 00:28:40.571 W/System.err( 3507): at java.util.concurrent.ThreadPoolExecutor.runWorker(ThreadPoolExecutor.java:1167)
06-27 00:28:40.571 W/System.err( 3507): at java.util.concurrent.ThreadPoolExecutor$Worker.run(ThreadPoolExecutor.java:641)
06-27 00:28:40.571 W/System.err( 3507): at java.lang.Thread.run(Thread.java:920)
06-27 00:28:40.582 W/System.err( 3507): java.net.ConnectException: Failed to connect to yun-hl.3g.qq.com/10.0.0.1:443
06-27 00:28:40.583 W/System.err( 3507): at com.android.okhttp.internal.io.RealConnection.connectSocket(RealConnection.java:147)
06-27 00:28:40.583 W/System.err( 3507): at com.android.okhttp.internal.io.RealConnection.connect(RealConnection.java:116)
06-27 00:28:40.583 W/System.err( 3507): at com.android.okhttp.internal.http.StreamAllocation.findConnection(StreamAllocation.java:186)
06-27 00:28:40.583 W/System.err( 3507): at com.android.okhttp.internal.http.StreamAllocation.findHealthyConnection(StreamAllocation.java:128)
06-27 00:28:40.583 W/System.err( 3507): at com.android.okhttp.internal.http.StreamAllocation.newStream(StreamAllocation.java:97)
06-27 00:28:40.583 W/System.err( 3507): at com.android.okhttp.internal.http.HttpEngine.connect(HttpEngine.java:289)
06-27 00:28:40.583 W/System.err( 3507): at com.android.okhttp.internal.http.HttpEngine.sendRequest(HttpEngine.java:232)
06-27 00:28:40.583 W/System.err( 3507): at com.android.okhttp.internal.huc.HttpURLConnectionImpl.execute(HttpURLConnectionImpl.java:465)
06-27 00:28:40.583 W/System.err( 3507): at com.android.okhttp.internal.huc.HttpURLConnectionImpl.connect(HttpURLConnectionImpl.java:131)
06-27 00:28:40.583 W/System.err( 3507): at com.android.okhttp.internal.huc.DelegatingHttpsURLConnection.connect(DelegatingHttpsURLConnection.java:90)
06-27 00:28:40.583 W/System.err( 3507): at com.android.okhttp.internal.huc.HttpsURLConnectionImpl.connect(HttpsURLConnectionImpl.java:30)
06-27 00:28:40.583 W/System.err( 3507): at com.tencent.halley.common.b.a.g.b(Unknown Source:236)
06-27 00:28:40.583 W/System.err( 3507): at com.tencent.halley.common.b.a.c.b(Unknown Source:389)
06-27 00:28:40.583 W/System.err( 3507): at com.tencent.halley.downloader.d.c.a(Unknown Source:85)
06-27 00:28:40.583 W/System.err( 3507): at com.tencent.halley.downloader.task.section.d.run(Unknown Source:155)
06-27 00:28:40.583 W/System.err( 3507): at java.util.concurrent.Executors$RunnableAdapter.call(Executors.java:462)
06-27 00:28:40.583 W/System.err( 3507): at java.util.concurrent.FutureTask.run(FutureTask.java:266)
06-27 00:28:40.583 W/System.err( 3507): at java.util.concurrent.ThreadPoolExecutor.runWorker(ThreadPoolExecutor.java:1167)
06-27 00:28:40.583 W/System.err( 3507): at java.util.concurrent.ThreadPoolExecutor$Worker.run(ThreadPoolExecutor.java:641)
06-27 00:28:40.583 W/System.err( 3507): at java.lang.Thread.run(Thread.java:920)
06-27 00:28:40.753 E/[ 68.320118] link_delay_work_func( 0): DTC_ETH: SQI=0, link=0
06-27 00:28:40.824 D/PowerManagerService( 1538): userActivityNoUpdateLocked: groupId=0, eventTime=68393, event=2, flags=0x0, uid=1000
06-27 00:28:40.824 D/ViewTouchDebug( 1931): mView : com.android.systemui.navigationbar.NavigationBarFrame{c21ce80 V.E...... ......I. 0,0-2560,46 #7f0b03f3 app:id/navigation_bar_frame}Receive event : MotionEvent { action=ACTION_OUTSIDE, actionButton=0, id[0]=0, x[0]=1271.0, y[0]=30.0, toolType[0]=TOOL_TYPE_FINGER, buttonState=0, classification=NONE, metaState=0, flags=0x0, edgeFlags=0x0, pointerCount=1, historySize=0, eventTime=68393, downTime=68393, deviceId=2, source=0x5002, displayId=0, eventId=1630736887 }
06-27 00:28:40.825 D/PowerManagerNotifier( 1538): onUserActivity: event=2, uid=1000
06-27 00:28:40.825 D/PowerManagerService( 1538): updateUserActivitySummaryLocked: groupId=0, mWakefulness=Awake, mUserActivitySummary=0x1, nextTimeout=128393 (in 59998 ms)
06-27 00:28:40.825 D/ViewTouchDebug( 1931): mView : com.android.systemui.statusbar.phone.NotificationShadeWindowView{b1c3460 V.E...... ........ 0,0-2560,1080}Receive event : MotionEvent { action=ACTION_DOWN, actionButton=0, id[0]=0, x[0]=1271.0, y[0]=1064.0, toolType[0]=TOOL_TYPE_FINGER, buttonState=0, classification=NONE, metaState=0, flags=0x0, edgeFlags=0x0, pointerCount=1, historySize=0, eventTime=68393, downTime=68393, deviceId=2, source=0x5002, displayId=0, eventId=300618315 }
06-27 00:28:40.825 D/PowerManagerNotifier( 1538): onScreenPolicyUpdate: newPolicy=3
06-27 00:28:40.825 D/PowerManagerService( 1538): updateDisplayPowerStateLocked: displayReady=true, groupId=0, policy=BRIGHT, mWakefulness=Awake, mWakeLockSummary=0x1, mUserActivitySummary=0x1, mBootCompleted=true, screenBrightnessOverride=NaN, useAutoBrightness=false, mScreenBrightnessBoostInProgress=false, mIsVrModeEnabled= false, sQuiescent=false
06-27 00:28:40.829 D/TouchInteractionService( 2649): onInputEvent: ACTION_DOWN: ResetGestureInputConsumer
06-27 00:28:40.890 D/ViewTouchDebug( 1931): mView : com.android.systemui.statusbar.phone.NotificationShadeWindowView{b1c3460 V.E...... ........ 0,0-2560,1080}Receive event : MotionEvent { action=ACTION_UP, actionButton=0, id[0]=0, x[0]=1264.0, y[0]=1001.0, toolType[0]=TOOL_TYPE_FINGER, buttonState=0, classification=NONE, metaState=0, flags=0x0, edgeFlags=0x0, pointerCount=1, historySize=0, eventTime=68460, downTime=68393, deviceId=2, source=0x5002, displayId=0, eventId=282578043 }
06-27 00:28:40.891 D/TouchInteractionService( 2649): onInputEvent: ACTION_UP/ACTION_CANCEL: ResetGestureInputConsumer
06-27 00:28:41.280 I/mpu_uart( 653): [MSG-P:RECV]:No message received in 1000 ms
06-27 00:28:41.340 W/System.err( 3507): java.net.ConnectException: Failed to connect to shiply-yyb-1258344701.file.myqcloud.com/10.0.0.1:443
06-27 00:28:41.340 W/System.err( 3507): at com.android.okhttp.internal.io.RealConnection.connectSocket(RealConnection.java:147)
06-27 00:28:41.340 W/System.err( 3507): at com.android.okhttp.internal.io.RealConnection.connect(RealConnection.java:116)
06-27 00:28:41.340 W/System.err( 3507): at com.android.okhttp.internal.http.StreamAllocation.findConnection(StreamAllocation.java:186)
06-27 00:28:41.340 W/System.err( 3507): at com.android.okhttp.internal.http.StreamAllocation.findHealthyConnection(StreamAllocation.java:128)
06-27 00:28:41.340 W/System.err( 3507): at com.android.okhttp.internal.http.StreamAllocation.newStream(StreamAllocation.java:97)
06-27 00:28:41.340 W/System.err( 3507): at com.android.okhttp.internal.http.HttpEngine.connect(HttpEngine.java:289)
06-27 00:28:41.340 W/System.err( 3507): at com.android.okhttp.internal.http.HttpEngine.sendRequest(HttpEngine.java:232)
06-27 00:28:41.340 W/System.err( 3507): at com.android.okhttp.internal.huc.HttpURLConnectionImpl.execute(HttpURLConnectionImpl.java:465)
06-27 00:28:41.340 W/System.err( 3507): at com.android.okhttp.internal.huc.HttpURLConnectionImpl.getResponse(HttpURLConnectionImpl.java:411)
06-27 00:28:41.340 W/System.err( 3507): at com.android.okhttp.internal.huc.HttpURLConnectionImpl.getResponseCode(HttpURLConnectionImpl.java:542)
06-27 00:28:41.340 W/System.err( 3507): at com.android.okhttp.internal.huc.DelegatingHttpsURLConnection.getResponseCode(DelegatingHttpsURLConnection.java:106)
06-27 00:28:41.340 W/System.err( 3507): at com.android.okhttp.internal.huc.HttpsURLConnectionImpl.getResponseCode(HttpsURLConnectionImpl.java:30)
06-27 00:28:41.340 W/System.err( 3507): at com.tencent.halley.downloader.a.a.a.b(Unknown Source:385)
06-27 00:28:41.340 W/System.err( 3507): at com.tencent.halley.downloader.task.section.d.a(Unknown Source:191)
06-27 00:28:41.340 W/System.err( 3507): at com.tencent.halley.downloader.task.section.d.run(Unknown Source:612)
06-27 00:28:41.341 W/System.err( 3507): at java.util.concurrent.Executors$RunnableAdapter.call(Executors.java:462)
06-27 00:28:41.341 W/System.err( 3507): at java.util.concurrent.FutureTask.run(FutureTask.java:266)
06-27 00:28:41.341 W/System.err( 3507): at java.util.concurrent.ThreadPoolExecutor.runWorker(ThreadPoolExecutor.java:1167)
06-27 00:28:41.341 W/System.err( 3507): at java.util.concurrent.ThreadPoolExecutor$Worker.run(ThreadPoolExecutor.java:641)
06-27 00:28:41.341 W/System.err( 3507): at java.lang.Thread.run(Thread.java:920)
06-27 00:28:41.399 V/PanelBar( 1931): onExpandingFinished
06-27 00:28:41.400 V/PanelBar( 1931): go state: 2 -> 0
06-27 00:28:41.400 V/PanelBar( 1931): onPanelCollapsed
06-27 00:28:41.414 V/PanelView( 1931): com.android.systemui:id/notification_panel: setExpandedHeight(0.0)
06-27 00:28:41.414 V/PanelBar( 1931): collapsePanel: animate=false waiting=false
06-27 00:28:41.416 D/StatusBar( 1931): disable disable2
06-27 00:28:41.428 V/KeyguardUpdateMonitor( 1931): *** unregister callback for com.android.keyguard.CarrierTextManager$2@2677cb8
06-27 00:28:41.437 I/ImeService( 3258): ImeService(com.baidu.input_hryt.ImeService@953a1cb) life called >>> onFinishInput
06-27 00:28:41.437 D/ImeService( 3258): onFinishInput
06-27 00:28:41.439 I/ImeService( 3258): ImeService(com.baidu.input_hryt.ImeService@953a1cb) life called >>> onStartInput false 10.6.1003.19
06-27 00:28:41.439 D/ImeService( 3258): current version:10.6.1003.19
