06-27 00:27:37.731 I/[ 5.301606] NPU_INFO( 0): npu_get_fw_caps: 236 fw caps 7:0
06-27 00:27:37.734 I/[ 5.304691] qcom_smd_qrtr_probe( 0): Entered
06-27 00:27:37.734 I/[ 5.304948] qcom_smd_qrtr_probe( 0): SMD QRTR driver probed
06-27 00:27:37.737 E/[ 5.306022] register_client_adhoc( 0): find path.src 1 dest 589
06-27 00:27:37.737 E/[ 5.306134] register_client_adhoc( 0): Failed to find path.src 1 dest 589
06-27 00:27:37.737 E/[ 5.306950] [drm( 0): dp_display_init_aux_switch][msm-dp-err][737 ]failed to register notifier (-22)
06-27 00:27:37.828 I/[ 5.399008] subsys-restart( 0): __subsystem_get(): Changing subsys fw_name to slpi
06-27 00:27:37.828 W/ ( 0): [ 5.399162] subsys-pil-tz 5c00000.qcom,ssc: Falling back to syfs fallback for: slpi.mdt
06-27 00:27:37.830 I/ ( 0): [ 5.401309] subsys-pil-tz 5c00000.qcom,ssc: slpi: loading from 0x0000000088c00000 to 0x000000008a100000
06-27 00:27:37.834 W/ ( 0): [ 5.404850] subsys-pil-tz 5c00000.qcom,ssc: Falling back to syfs fallback for: slpi.b02
06-27 00:27:37.834 W/ ( 0): [ 5.404855] subsys-pil-tz 5c00000.qcom,ssc: Falling back to syfs fallback for: slpi.b03
06-27 00:27:37.834 W/ ( 0): [ 5.404940] subsys-pil-tz 5c00000.qcom,ssc: Falling back to syfs fallback for: slpi.b04
06-27 00:27:37.834 W/ ( 0): [ 5.404946] subsys-pil-tz 5c00000.qcom,ssc: Falling back to syfs fallback for: slpi.b05
06-27 00:27:37.834 W/ ( 0): [ 5.404980] subsys-pil-tz 5c00000.qcom,ssc: Falling back to syfs fallback for: slpi.b06
06-27 00:27:37.834 W/ ( 0): [ 5.405019] subsys-pil-tz 5c00000.qcom,ssc: Falling back to syfs fallback for: slpi.b07
06-27 00:27:37.834 W/ ( 0): [ 5.405027] subsys-pil-tz 5c00000.qcom,ssc: Falling back to syfs fallback for: slpi.b08
06-27 00:27:37.834 W/ ( 0): [ 5.405037] subsys-pil-tz 5c00000.qcom,ssc: Falling back to syfs fallback for: slpi.b09
06-27 00:27:37.834 W/ ( 0): [ 5.405081] subsys-pil-tz 5c00000.qcom,ssc: Falling back to syfs fallback for: slpi.b10
06-27 00:27:37.834 W/ ( 0): [ 5.405109] subsys-pil-tz 5c00000.qcom,ssc: Falling back to syfs fallback for: slpi.b11
06-27 00:27:37.834 W/ ( 0): [ 5.405132] subsys-pil-tz 5c00000.qcom,ssc: Falling back to syfs fallback for: slpi.b12
06-27 00:27:37.834 W/ ( 0): [ 5.405154] subsys-pil-tz 5c00000.qcom,ssc: Falling back to syfs fallback for: slpi.b13
06-27 00:27:37.834 W/ ( 0): [ 5.405178] subsys-pil-tz 5c00000.qcom,ssc: Falling back to syfs fallback for: slpi.b14
06-27 00:27:37.834 W/ ( 0): [ 5.405232] subsys-pil-tz 5c00000.qcom,ssc: Falling back to syfs fallback for: slpi.b15
06-27 00:27:37.834 W/ ( 0): [ 5.405256] subsys-pil-tz 5c00000.qcom,ssc: Falling back to syfs fallback for: slpi.b16
06-27 00:27:37.834 W/ ( 0): [ 5.405274] subsys-pil-tz 5c00000.qcom,ssc: Falling back to syfs fallback for: slpi.b17
06-27 00:27:37.834 W/ ( 0): [ 5.405292] subsys-pil-tz 5c00000.qcom,ssc: Falling back to syfs fallback for: slpi.b18
06-27 00:27:37.834 W/ ( 0): [ 5.405310] subsys-pil-tz 5c00000.qcom,ssc: Falling back to syfs fallback for: slpi.b19
06-27 00:27:37.834 W/ ( 0): [ 5.405324] subsys-pil-tz 5c00000.qcom,ssc: Falling back to syfs fallback for: slpi.b20
06-27 00:27:37.853 I/[ 5.424182] binder( 0): 801:801 ioctl 40046210 7fed62b204 returned -22
06-27 00:27:37.875 I/[ 5.444988] binder( 0): 803:803 ioctl 40046210 7fda8c8194 returned -22
06-27 00:27:37.875 I/[ 5.445030] binder( 0): 803:803 ioctl 40046210 7fda8c8174 returned -22
06-27 00:27:37.889 I/[ 5.458238] binder( 0): 815:815 ioctl 40046210 7fd3b0f0f4 returned -22
06-27 00:27:37.932 I/[ 5.502557] binder( 0): 819:819 ioctl 40046210 7febb52cc4 returned -22
06-27 00:27:37.983 D/[ 5.548732] cnss( 0): MHI status cb is called with reason MISSION_MODE(6)
06-27 00:27:37.983 I/[ 5.552127] binder( 0): 855:855 ioctl 40046210 7fe679b034 returned -22
06-27 00:27:37.983 D/[ 5.553899] cnss( 0): Notify MHI to use already allocated images
06-27 00:27:37.983 D/[ 5.553909] cnss( 0): PM relax, state: 0x8, count: 0
06-27 00:27:37.990 E/[ 5.559841] register_client_adhoc( 0): find path.src 1 dest 589
06-27 00:27:37.990 E/[ 5.559897] register_client_adhoc( 0): Failed to find path.src 1 dest 589
06-27 00:27:37.990 E/[ 5.560583] [drm( 0): dp_display_init_aux_switch][msm-dp-err][54 ]failed to register notifier (-22)
06-27 00:27:38.012 I/android.hardware.wifi@1.0-service( 824): Wifi Hal is booting up...
06-27 00:27:38.017 I/HidlServiceManagement( 824): Registered android.hardware.wifi@1.4::IWifi/default (start delay of 158ms)
06-27 00:27:38.018 I/irsc_util( 890): Starting irsc tool
06-27 00:27:38.020 I/irsc_util( 890): Num of entries:298
06-27 00:27:38.020 I/irsc_util( 890): Ending irsc tool
06-27 00:27:38.037 E/[ 5.608177] rmt_storage( 0): ERR:main: Mmap Failed for rmts (-1)...pausing execution!
06-27 00:27:38.051 I/[ 5.621917] binder( 0): 900:900 ioctl 40046210 7ffcc34684 returned -22
06-27 00:27:38.052 I/ ( 0): [ 5.622706] Mass Storage Function, version: 2009/09/11
06-27 00:27:38.052 I/[ 5.622710] LUN( 0): removable file: (no medium)
06-27 00:27:38.052 E/[ 5.622957] diag( 0): In diag_send_feature_mask_update, control channel is not open, p: 1, 0000000000000000
06-27 00:27:38.065 I/ ( 0): [ 5.628426] file system registered
06-27 00:27:38.065 E/[ 5.629838] diag( 0): In diag_send_feature_mask_update, control channel is not open, p: 6, 0000000000000000
06-27 00:27:38.065 E/[ 5.630979] diag( 0): In diag_send_peripheral_buffering_mode, buffering flag not set for 6
06-27 00:27:38.065 E/[ 5.631258] diag( 0): In diag_send_peripheral_buffering_mode, buffering flag not set for 1
06-27 00:27:38.065 I/[ 5.636044] f_cdev_alloc( 0): port_name:at_usb0 (0000000000000000) portno:(0)
06-27 00:27:38.067 E/[ 5.637451] diag( 0): In diag_send_feature_mask_update, control channel is not open, p: 5, 0000000000000000
06-27 00:27:38.067 I/[ 5.637892] f_cdev_alloc( 0): port_name:at_usb1 (0000000000000000) portno:(1)
06-27 00:27:38.068 I/[ 5.638475] sysmon-qmi( 0): ssctl_new_server: Connection established between QMI handle and slpi's SSCTL service
06-27 00:27:38.068 D/[ 5.638506] cnss( 0): WLFW server arriving: node 7 port 1
06-27 00:27:38.068 D/[ 5.638509] cnss( 0): Posting event: SERVER_ARRIVE(0), state: 0x8 flags: 0x0
06-27 00:27:38.068 D/[ 5.638511] cnss( 0): PM stay awake, state: 0x8, count: 1
06-27 00:27:38.068 D/[ 5.638514] cnss( 0): PM relax, state: 0x8, count: 0
06-27 00:27:38.068 D/[ 5.638519] cnss( 0): PM stay awake, state: 0x8, count: 1
06-27 00:27:38.068 D/[ 5.638521] cnss( 0): Processing driver event: SERVER_ARRIVE(0), state: 0x8
06-27 00:27:38.068 I/[ 5.638523] cnss( 0): QMI WLFW service connected, state: 0x9
06-27 00:27:38.068 D/[ 5.638524] cnss( 0): Sending indication register message, state: 0x9
06-27 00:27:38.068 I/[ 5.638620] sysmon-qmi( 0): ssctl_new_server: Connection established between QMI handle and cdsp's SSCTL service
06-27 00:27:38.069 E/[ 5.639837] diag( 0): In diag_send_peripheral_buffering_mode, buffering flag not set for 5
06-27 00:27:38.069 I/[ 5.639886] f_cdev_alloc( 0): port_name:at_usb2 (0000000000000000) portno:(2)
06-27 00:27:38.070 I/[ 5.640497] sysmon-qmi( 0): ssctl_new_server: Connection established between QMI handle and adsp's SSCTL service
06-27 00:27:38.071 D/[ 5.641349] cnss( 0): Sending host capability message, state: 0x9
06-27 00:27:38.071 D/[ 5.641356] cnss( 0): Number of clients is 2
06-27 00:27:38.071 D/[ 5.641365] cnss( 0): Assign MSI to user: WAKE, num_vectors: 1, user_base_data: 813, base_vector: 13
06-27 00:27:38.071 D/[ 5.641370] cnss( 0): WAKE MSI base data is 813
06-27 00:27:38.071 D/[ 5.641374] cnss( 0): Calibration done is 0
06-27 00:27:38.071 D/[ 5.641377] cnss( 0): Sending iova starting 0xa0000000 with size 0x10010000
06-27 00:27:38.073 I/[ 5.642396] servloc( 0): service_locator_new_server: Connection established with the Service locator
06-27 00:27:38.073 I/[ 5.642695] servloc( 0): init_service_locator: Service locator initialized
06-27 00:27:38.074 D/[ 5.644402] cnss( 0): PM relax, state: 0x9, count: 0
06-27 00:27:38.075 I/[ 5.646213] adsprpc( 0): fastrpc_get_service_location_notify: PDR notifier for adsp registered for msm/adsp/audio_pd (audio_pdr_adsprpc)
06-27 00:27:38.075 I/[ 5.646218] adsprpc( 0): fastrpc_get_service_location_notify: audio_pdr_adsprpc (msm/adsp/audio_pd) PDR service for adsp is uninitialized
06-27 00:27:38.075 I/[ 5.646223] service-notifier( 0): service_notifier_new_server: Connection established between QMI handle and 74 service
06-27 00:27:38.089 I/[ 5.649213] adsprpc( 0): fastrpc_pdr_notifier_cb: msm/adsp/audio_pd (audio_pdr_adsprpc) is up on adsp
06-27 00:27:38.089 I/[ 5.649235] audio_notifer_reg_service( 0): service PDR_ADSP is in use
06-27 00:27:38.089 I/[ 5.649239] apr_adsp_up( 0): Q6 is Up
06-27 00:27:38.089 I/ ( 0): [ 5.649816] msm-audio-ion soc:qcom,msm-audio-apr:qcom,msm-audio-ion: Linked as a consumer to 15000000.apps-smmu
06-27 00:27:38.089 I/[ 5.650066] iommu( 0): Adding device soc:qcom,msm-audio-apr:qcom,msm-audio-ion to group 50
06-27 00:27:38.089 E/[ 5.651477] register_client_adhoc( 0): find path.src 1 dest 589
06-27 00:27:38.089 E/[ 5.651586] register_client_adhoc( 0): Failed to find path.src 1 dest 589
06-27 00:27:38.089 E/[ 5.652499] [drm( 0): dp_display_init_aux_switch][msm-dp-err][38 ]failed to register notifier (-22)
06-27 00:27:38.093 I/[ 5.663181] sps( 0): BAM 0x0000000003a84000 (va:0x0000000000000000) enabled: ver:0x19, number of pipes:25
06-27 00:27:38.094 I/[ 5.663186] sps( 0): BAM 0x0000000003a84000 is registered.
06-27 00:27:38.094 E/[ 5.664250] register_client_adhoc( 0): find path.src 1 dest 589
06-27 00:27:38.094 E/[ 5.664324] register_client_adhoc( 0): Failed to find path.src 1 dest 589
06-27 00:27:38.094 E/[ 5.664756] [drm( 0): dp_display_init_aux_switch][msm-dp-err][54 ]failed to register notifier (-22)
06-27 00:27:38.123 I/ ( 0): [ 5.693503] subsys-pil-tz 5c00000.qcom,ssc: slpi: Brought out of reset
06-27 00:27:38.126 E/ ( 0): [ 5.693896] scm_call failed: func id 0x72000103, ret: -12, syscall returns: 0x0, 0x0, 0x0
06-27 00:27:38.128 E/ ( 0): [ 5.697684] scm_call failed: func id 0x72000206, ret: -12, syscall returns: 0x0, 0x0, 0x0
06-27 00:27:38.131 I/[ 5.700812] binder( 0): 907:907 ioctl 40046210 7fd70ec6c4 returned -22
06-27 00:27:38.167 I/[ 5.738059] binder( 0): 909:909 ioctl 40046210 7ff3530114 returned -22
06-27 00:27:38.172 I/[ 5.742521] binder( 0): 897:897 ioctl 40046210 7ff63e1d84 returned -22
06-27 00:27:38.172 I/[ 5.742561] binder( 0): 897:897 ioctl 40046210 7ff63e1da4 returned -22
06-27 00:27:38.174 I/[ 5.744942] binder( 0): 909:909 ioctl 40046210 7ff3531b44 returned -22
06-27 00:27:38.176 I/[ 5.746621] msm_vidc( 0): high: 00000001: ....d: Opening video instance: 0000000000000000, 1
06-27 00:27:38.176 I/ ( 0): [ 5.746683] msm_vidc_v4l2 aa00000.qcom,vidc: Linked as a consumer to regulator.75
06-27 00:27:38.176 I/ ( 0): [ 5.746694] msm_vidc_v4l2 aa00000.qcom,vidc: Linked as a consumer to regulator.74
06-27 00:27:38.179 W/[ 5.748238] QSEECOM( 0): qseecom_load_app: App (soter64) does'nt exist, loading apps for first time
06-27 00:27:38.179 I/[ 5.748686] subsys-restart( 0): __subsystem_get(): Changing subsys fw_name to venus
06-27 00:27:38.179 W/ ( 0): [ 5.749679] subsys-pil-tz aab0000.qcom,venus: Falling back to syfs fallback for: venus.mdt
06-27 00:27:38.189 I/ ( 0): [ 5.751691] subsys-pil-tz aab0000.qcom,venus: venus: loading from 0x0000000086e00000 to 0x0000000087300000
06-27 00:27:38.189 I/ ( 0): [ 5.753257] subsys-pil-tz 5c00000.qcom,ssc: Subsystem error monitoring/handling services are up
06-27 00:27:38.189 I/ ( 0): [ 5.753264] subsys-pil-tz 5c00000.qcom,ssc: slpi: Power/Clock ready interrupt received
06-27 00:27:38.189 I/ ( 0): [ 5.753545] qcom_rpmh DRV:apps_rsc TCS Busy, retrying RPMH message send: addr=0x30030
06-27 00:27:38.189 I/ ( 0): [ 5.753557] qcom_rpmh DRV:apps_rsc TCS Busy, retrying RPMH message send: addr=0x30030
06-27 00:27:38.189 I/ ( 0): [ 5.753568] qcom_rpmh DRV:apps_rsc TCS Busy, retrying RPMH message send: addr=0x30030
06-27 00:27:38.189 I/ ( 0): [ 5.753580] qcom_rpmh DRV:apps_rsc TCS Busy, retrying RPMH message send: addr=0x30030
06-27 00:27:38.189 I/ ( 0): [ 5.753591] qcom_rpmh DRV:apps_rsc TCS Busy, retrying RPMH message send: addr=0x30030
06-27 00:27:38.189 I/ ( 0): [ 5.753620] qcom_rpmh DRV:apps_rsc TCS Busy, retrying RPMH message send: addr=0x30040
06-27 00:27:38.189 I/ ( 0): [ 5.753632] qcom_rpmh DRV:apps_rsc TCS Busy, retrying RPMH message send: addr=0x30040
06-27 00:27:38.189 I/ ( 0): [ 5.753644] qcom_rpmh DRV:apps_rsc TCS Busy, retrying RPMH message send: addr=0x30040
06-27 00:27:38.189 W/ ( 0): [ 5.757183] kona-asoc-snd soc:qcom,msm-audio-apr:qcom,q6core-audio:sound: msm_init_aux_dev: Max WSA devices is 0 for this target?
06-27 00:27:38.189 E/ ( 0): [ 5.758252] kona-asoc-snd soc:qcom,msm-audio-apr:qcom,q6core-audio:sound: ASoC: CODEC DAI wsa_macro_vifeedback not registered
06-27 00:27:38.189 E/ ( 0): [ 5.759495] qcom-lpi-pinctrl soc:qcom,msm-audio-apr:qcom,q6core-audio:lpi_pinctrl@33c0000: snd_event_notify: No snd dev entry found
06-27 00:27:38.189 W/[ 5.759873] QSEECOM( 0): qseecom_load_app: App with id 4 (soter64) now loaded
06-27 00:27:38.189 I/[ 5.760441] adsprpc( 0): fastrpc_restart_notifier_cb: slpi subsystem is up
06-27 00:27:38.192 I/[ 5.761247] qcom_smd_qrtr_probe( 0): Entered
06-27 00:27:38.192 I/[ 5.761375] qcom_smd_qrtr_probe( 0): SMD QRTR driver probed
06-27 00:27:38.192 I/[ 5.761845] adsprpc( 0): fastrpc_rpmsg_probe: opened rpmsg channel for slpi
06-27 00:27:38.192 W/ ( 0): [ 5.762585] subsys-pil-tz aab0000.qcom,venus: Falling back to syfs fallback for: venus.b02
06-27 00:27:38.192 W/ ( 0): [ 5.762586] subsys-pil-tz aab0000.qcom,venus: Falling back to syfs fallback for: venus.b03
06-27 00:27:38.192 W/ ( 0): [ 5.762643] subsys-pil-tz aab0000.qcom,venus: Falling back to syfs fallback for: venus.b04
06-27 00:27:38.192 W/ ( 0): [ 5.762662] subsys-pil-tz aab0000.qcom,venus: Falling back to syfs fallback for: venus.b05
06-27 00:27:38.192 W/ ( 0): [ 5.762692] subsys-pil-tz aab0000.qcom,venus: Falling back to syfs fallback for: venus.b06
06-27 00:27:38.192 W/ ( 0): [ 5.762712] subsys-pil-tz aab0000.qcom,venus: Falling back to syfs fallback for: venus.b07
06-27 00:27:38.192 W/ ( 0): [ 5.762829] subsys-pil-tz aab0000.qcom,venus: Falling back to syfs fallback for: venus.b08
06-27 00:27:38.192 W/ ( 0): [ 5.762848] subsys-pil-tz aab0000.qcom,venus: Falling back to syfs fallback for: venus.b09
06-27 00:27:38.192 W/ ( 0): [ 5.762909] subsys-pil-tz aab0000.qcom,venus: Falling back to syfs fallback for: venus.b10
06-27 00:27:38.192 W/ ( 0): [ 5.763198] subsys-pil-tz aab0000.qcom,venus: Falling back to syfs fallback for: venus.b19
06-27 00:27:38.194 I/ ( 0): [ 5.764093] platform soc:qcom,msm-audio-apr:qcom,voice-mhi-audio: assigned reserved memory node mailbox_region
06-27 00:27:38.197 E/[ 5.764754] register_client_adhoc( 0): find path.src 1 dest 589
06-27 00:27:38.197 E/[ 5.764860] register_client_adhoc( 0): Failed to find path.src 1 dest 589
06-27 00:27:38.197 E/[ 5.765567] [drm( 0): dp_display_init_aux_switch][msm-dp-err][431 ]failed to register notifier (-22)
06-27 00:27:38.197 W/ ( 0): [ 5.767226] kona-asoc-snd soc:qcom,msm-audio-apr:qcom,q6core-audio:sound: msm_init_aux_dev: Max WSA devices is 0 for this target?
06-27 00:27:38.197 E/ ( 0): [ 5.768158] kona-asoc-snd soc:qcom,msm-audio-apr:qcom,q6core-audio:sound: ASoC: CODEC DAI wsa_macro_vifeedback not registered
06-27 00:27:38.198 W/ ( 0): [ 5.768855] bolero-clk-rsc-mngr bolero-clk-rsc-mngr: DMA mask not set
06-27 00:27:38.200 W/ ( 0): [ 5.769388] tx_macro tx-macro: DMA mask not set
06-27 00:27:38.200 E/ ( 0): [ 5.769404] tx_macro tx-macro: tx_macro_probe: va-macro not registered yet, defer
06-27 00:27:38.200 I/[ 5.769416] sysmon-qmi( 0): ssctl_new_server: Connection established between QMI handle and slpi's SSCTL service
06-27 00:27:38.200 W/ ( 0): [ 5.769812] rx_macro rx-macro: DMA mask not set
06-27 00:27:38.200 E/ ( 0): [ 5.769829] rx_macro rx-macro: rx_macro_probe: va-macro not registered yet, defer
06-27 00:27:38.200 W/ ( 0): [ 5.770245] wsa_macro wsa-macro: DMA mask not set
06-27 00:27:38.200 E/ ( 0): [ 5.770262] wsa_macro wsa-macro: wsa_macro_probe: va-macro not registered yet, defer
06-27 00:27:38.200 W/ ( 0): [ 5.770548] va_macro va-macro: DMA mask not set
06-27 00:27:38.200 E/[ 5.770566] msm_cdc_pinctrl_get_gpiodata( 0): device node is null
06-27 00:27:38.200 I/ ( 0): [ 5.770608] va_macro va-macro: Linked as a consumer to regulator.7
06-27 00:27:38.200 I/ ( 0): [ 5.770615] va_macro va-macro: bolero_register_macro: register macro successful:3
06-27 00:27:38.200 E/[ 5.770878] register_client_adhoc( 0): find path.src 1 dest 589
06-27 00:27:38.201 E/[ 5.770989] register_client_adhoc( 0): Failed to find path.src 1 dest 589
06-27 00:27:38.201 E/[ 5.771914] [drm( 0): dp_display_init_aux_switch][msm-dp-err][431 ]failed to register notifier (-22)
06-27 00:27:38.204 W/ ( 0): [ 5.773552] kona-asoc-snd soc:qcom,msm-audio-apr:qcom,q6core-audio:sound: msm_init_aux_dev: Max WSA devices is 0 for this target?
06-27 00:27:38.204 E/ ( 0): [ 5.774368] kona-asoc-snd soc:qcom,msm-audio-apr:qcom,q6core-audio:sound: ASoC: CODEC DAI wsa_macro_vifeedback not registered
06-27 00:27:38.204 I/ ( 0): [ 5.775155] tx_macro tx-macro: bolero_register_macro: register macro successful:0
06-27 00:27:38.208 E/[ 5.775364] diag( 0): In diag_send_feature_mask_update, control channel is not open, p: 3, 0000000000000000
06-27 00:27:38.208 I/ ( 0): [ 5.775727] rx_macro rx-macro: bolero_register_macro: register macro successful:1
06-27 00:27:38.208 I/ ( 0): [ 5.776140] wsa_macro wsa-macro: bolero_register_macro: register macro successful:2
06-27 00:27:38.208 E/[ 5.776357] register_client_adhoc( 0): find path.src 1 dest 589
06-27 00:27:38.208 E/[ 5.776462] register_client_adhoc( 0): Failed to find path.src 1 dest 589
06-27 00:27:38.208 E/[ 5.777188] [drm( 0): dp_display_init_aux_switch][msm-dp-err][431 ]failed to register notifier (-22)
06-27 00:27:38.208 W/ ( 0): [ 5.778948] kona-asoc-snd soc:qcom,msm-audio-apr:qcom,q6core-audio:sound: msm_init_aux_dev: Max WSA devices is 0 for this target?
06-27 00:27:38.212 W/ ( 0): [ 5.782868] swr-wcd tx_swr_ctrl: DMA mask not set
06-27 00:27:38.213 W/ ( 0): [ 5.783284] swr-wcd rx_swr_ctrl: DMA mask not set
06-27 00:27:38.213 E/[ 5.783312] diag( 0): In diag_send_peripheral_buffering_mode, buffering flag not set for 3
06-27 00:27:38.213 W/ ( 0): [ 5.783618] swr-wcd wsa_swr_ctrl: DMA mask not set
06-27 00:27:38.226 D/Build ( 674): ro.build.display.id=01.00.0114.C106
06-27 00:27:38.234 D/Build ( 675): ro.build.display.id=01.00.0114.C106
06-27 00:27:38.241 E/ ( 0): [ 5.809520] msm-pcm-routing soc:qcom,msm-pcm-routing: ASoC: no source widget found for AUDIO_REF_EC_UL30 MUX
06-27 00:27:38.241 E/ ( 0): [ 5.809542] msm-pcm-routing soc:qcom,msm-pcm-routing: ASoC: Failed to add route AUDIO_REF_EC_UL30 MUX -> direct -> MM_UL30
06-27 00:27:38.246 E/ ( 0): [ 5.815209] msm-pcm-routing soc:qcom,msm-pcm-routing: ASoC: no source widget found for AUX_PCM_TX
06-27 00:27:38.246 E/ ( 0): [ 5.815225] msm-pcm-routing soc:qcom,msm-pcm-routing: ASoC: Failed to add route AUX_PCM_TX -> AUX_PCM_UL_TX -> VoLTE Stub Tx Mixer
06-27 00:27:38.249 E/ ( 0): [ 5.818874] msm-pcm-routing soc:qcom,msm-pcm-routing: ASoC: no source widget found for AUX_PCM_RX
06-27 00:27:38.249 E/ ( 0): [ 5.818888] msm-pcm-routing soc:qcom,msm-pcm-routing: ASoC: Failed to add route AUX_PCM_RX -> direct -> BE_OUT
06-27 00:27:38.253 W/ ( 0): [ 5.822344] msm-pcm-routing soc:qcom,msm-pcm-routing: ASoC: no dapm match for MM_DL23 --> MultiMedia23 --> QUIN_TDM_RX_1 Audio Mixer
06-27 00:27:38.253 E/ ( 0): [ 5.822351] msm-pcm-routing soc:qcom,msm-pcm-routing: ASoC: Failed to add route MM_DL23 -> MultiMedia23 -> QUIN_TDM_RX_1 Audio Mixer
06-27 00:27:38.253 W/ ( 0): [ 5.822365] msm-pcm-routing soc:qcom,msm-pcm-routing: ASoC: no dapm match for MM_DL24 --> MultiMedia24 --> QUIN_TDM_RX_1 Audio Mixer
06-27 00:27:38.253 E/ ( 0): [ 5.822368] msm-pcm-routing soc:qcom,msm-pcm-routing: ASoC: Failed to add route MM_DL24 -> MultiMedia24 -> QUIN_TDM_RX_1 Audio Mixer
06-27 00:27:38.253 W/ ( 0): [ 5.822377] msm-pcm-routing soc:qcom,msm-pcm-routing: ASoC: no dapm match for MM_DL25 --> MultiMedia25 --> QUIN_TDM_RX_1 Audio Mixer
06-27 00:27:38.253 E/ ( 0): [ 5.822381] msm-pcm-routing soc:qcom,msm-pcm-routing: ASoC: Failed to add route MM_DL25 -> MultiMedia25 -> QUIN_TDM_RX_1 Audio Mixer
06-27 00:27:38.265 W/ ( 0): [ 5.834223] kgsl kgsl-3d0: Falling back to syfs fallback for: a650_sqe.fw
06-27 00:27:38.270 I/ ( 0): [ 5.840426] subsys-pil-tz aab0000.qcom,venus: venus: Brought out of reset
06-27 00:27:38.272 W/ ( 0): [ 5.842597] kgsl kgsl-3d0: Falling back to syfs fallback for: a650_gmu.bin
06-27 00:27:38.281 I/[ 5.851916] msm_vidc( 0): err : 00000001: ....d: Failed to create debugfs for msm_vidc
06-27 00:27:38.284 I/[ 5.854311] msm_vidc( 0): high: 00000001: h264d: Closed video instance: 0000000000000000
06-27 00:27:38.284 I/[ 5.854725] msm_vidc( 0): high: 00000001: ....d: Opening video instance: 0000000000000000, 1
06-27 00:27:38.284 I/[ 5.854752] msm_vidc( 0): err : 00000001: ....d: Failed to create debugfs for msm_vidc
06-27 00:27:38.289 E/ ( 0): [ 5.858879] msm-pcm-routing soc:qcom,msm-pcm-routing: ASoC: no source widget found for AUX_PCM_TX
06-27 00:27:38.289 E/ ( 0): [ 5.858895] msm-pcm-routing soc:qcom,msm-pcm-routing: ASoC: Failed to add route AUX_PCM_TX -> AUX_PCM_UL_TX -> SLIMBUS_0_RX Port Mixer
06-27 00:27:38.289 E/ ( 0): [ 5.858952] msm-pcm-routing soc:qcom,msm-pcm-routing: ASoC: no source widget found for SEC_AUX_PCM_TX
06-27 00:27:38.289 E/ ( 0): [ 5.858958] msm-pcm-routing soc:qcom,msm-pcm-routing: ASoC: Failed to add route SEC_AUX_PCM_TX -> SEC_AUX_PCM_UL_TX -> SLIMBUS_0_RX Port Mixer
06-27 00:27:38.289 E/ ( 0): [ 5.859020] msm-pcm-routing soc:qcom,msm-pcm-routing: ASoC: no source widget found for TERT_AUX_PCM_TX
06-27 00:27:38.289 E/ ( 0): [ 5.859025] msm-pcm-routing soc:qcom,msm-pcm-routing: ASoC: Failed to add route TERT_AUX_PCM_TX -> TERT_AUXPCM_UL_TX -> SLIMBUS_0_RX Port Mixer
06-27 00:27:38.289 E/ ( 0): [ 5.859081] msm-pcm-routing soc:qcom,msm-pcm-routing: ASoC: no source widget found for QUAT_AUX_PCM_TX
06-27 00:27:38.289 E/ ( 0): [ 5.859087] msm-pcm-routing soc:qcom,msm-pcm-routing: ASoC: Failed to add route QUAT_AUX_PCM_TX -> QUAT_AUXPCM_UL_TX -> SLIMBUS_0_RX Port Mixer
06-27 00:27:38.289 E/ ( 0): [ 5.859148] msm-pcm-routing soc:qcom,msm-pcm-routing: ASoC: no source widget found for QUIN_AUX_PCM_TX
06-27 00:27:38.289 E/ ( 0): [ 5.859154] msm-pcm-routing soc:qcom,msm-pcm-routing: ASoC: Failed to add route QUIN_AUX_PCM_TX -> QUIN_AUXPCM_UL_TX -> SLIMBUS_0_RX Port Mixer
06-27 00:27:38.289 E/ ( 0): [ 5.859213] msm-pcm-routing soc:qcom,msm-pcm-routing: ASoC: no source widget found for SEN_AUX_PCM_TX
06-27 00:27:38.289 E/ ( 0): [ 5.859219] msm-pcm-routing soc:qcom,msm-pcm-routing: ASoC: Failed to add route SEN_AUX_PCM_TX -> SEN_AUXPCM_UL_TX -> SLIMBUS_0_RX Port Mixer
06-27 00:27:38.291 I/[ 5.860534] msm_vidc( 0): high: 00000001: h264d: Closed video instance: 0000000000000000
06-27 00:27:38.291 I/[ 5.861094] msm_vidc( 0): high: 00000001: ....d: Opening video instance: 0000000000000000, 1
06-27 00:27:38.291 I/[ 5.861119] msm_vidc( 0): err : 00000001: ....d: Failed to create debugfs for msm_vidc
06-27 00:27:38.292 I/[ 5.863241] msm_vidc( 0): high: 00000001: h265d: Closed video instance: 0000000000000000
06-27 00:27:38.295 I/[ 5.864190] msm_vidc( 0): high: 00000001: ....d: Opening video instance: 0000000000000000, 1
06-27 00:27:38.295 I/[ 5.864251] msm_vidc( 0): err : 00000001: ....d: Failed to create debugfs for msm_vidc
06-27 00:27:38.297 I/[ 5.867339] msm_vidc( 0): high: 00000001: h265d: Closed video instance: 0000000000000000
06-27 00:27:38.297 I/[ 5.868250] msm_vidc( 0): high: 00000001: ....d: Opening video instance: 0000000000000000, 1
06-27 00:27:38.297 I/[ 5.868276] msm_vidc( 0): err : 00000001: ....d: Failed to create debugfs for msm_vidc
06-27 00:27:38.301 I/[ 5.869754] msm_vidc( 0): high: 00000001: vp8d: Closed video instance: 0000000000000000
06-27 00:27:38.301 I/[ 5.870727] msm_vidc( 0): high: 00000001: ....d: Opening video instance: 0000000000000000, 1
06-27 00:27:38.301 I/[ 5.870752] msm_vidc( 0): err : 00000001: ....d: Failed to create debugfs for msm_vidc
06-27 00:27:38.303 I/[ 5.872895] msm_vidc( 0): high: 00000001: vp9d: Closed video instance: 0000000000000000
06-27 00:27:38.303 I/[ 5.873999] msm_vidc( 0): high: 00000001: ....d: Opening video instance: 0000000000000000, 1
06-27 00:27:38.303 I/[ 5.874024] msm_vidc( 0): err : 00000001: ....d: Failed to create debugfs for msm_vidc
06-27 00:27:38.305 I/[ 5.876246] msm_vidc( 0): high: 00000001: vp9d: Closed video instance: 0000000000000000
06-27 00:27:38.308 I/[ 5.877550] msm_vidc( 0): high: 00000001: ....d: Opening video instance: 0000000000000000, 1
06-27 00:27:38.308 I/[ 5.877578] msm_vidc( 0): err : 00000001: ....d: Failed to create debugfs for msm_vidc
06-27 00:27:38.310 I/[ 5.879129] msm_vidc( 0): high: 00000001: mpg2d: Closed video instance: 0000000000000000
06-27 00:27:38.310 I/[ 5.880591] msm_vidc( 0): high: 00000001: ....d: Opening video instance: 0000000000000000, 1
06-27 00:27:38.310 I/[ 5.880616] msm_vidc( 0): err : 00000001: ....d: Failed to create debugfs for msm_vidc
06-27 00:27:38.312 I/[ 5.883136] msm_vidc( 0): high: 00000001: mpg2d: Closed video instance: 0000000000000000
06-27 00:27:38.316 I/[ 5.884513] msm_vidc( 0): high: 00000001: ....e: Opening video instance: 0000000000000000, 0
06-27 00:27:38.316 I/[ 5.884565] msm_vidc( 0): err : 00000001: ....e: Failed to create debugfs for msm_vidc
06-27 00:27:38.316 I/[ 5.886511] binder( 0): 1094:1094 ioctl 40046210 7ff18270a4 returned -22
06-27 00:27:38.316 I/[ 5.886963] msm_vidc( 0): high: 00000001: h264e: Closed video instance: 0000000000000000
06-27 00:27:38.318 I/[ 5.888451] msm_vidc( 0): high: 00000001: ....e: Opening video instance: 0000000000000000, 0
06-27 00:27:38.318 I/[ 5.888500] msm_vidc( 0): err : 00000001: ....e: Failed to create debugfs for msm_vidc
06-27 00:27:38.319 I/[ 5.890296] msm_vidc( 0): high: 00000001: h265e: Closed video instance: 0000000000000000
06-27 00:27:38.322 I/[ 5.892360] msm_vidc( 0): high: 00000001: ....e: Opening video instance: 0000000000000000, 0
06-27 00:27:38.322 I/[ 5.892410] msm_vidc( 0): err : 00000001: ....e: Failed to create debugfs for msm_vidc
06-27 00:27:38.323 I/[ 5.894210] msm_vidc( 0): high: 00000001: h265e: Closed video instance: 0000000000000000
06-27 00:27:38.325 I/[ 5.896274] msm_vidc( 0): high: 00000001: ....e: Opening video instance: 0000000000000000, 0
06-27 00:27:38.325 I/[ 5.896317] msm_vidc( 0): err : 00000001: ....e: Failed to create debugfs for msm_vidc
06-27 00:27:38.327 I/[ 5.897856] msm_vidc( 0): high: 00000001: h265e: Closed video instance: 0000000000000000
06-27 00:27:38.329 I/[ 5.899665] msm_vidc( 0): high: 00000001: ....e: Opening video instance: 0000000000000000, 0
06-27 00:27:38.329 I/[ 5.899704] msm_vidc( 0): err : 00000001: ....e: Failed to create debugfs for msm_vidc
06-27 00:27:38.329 I/[ 5.899875] msm_vidc( 0): err : 00000001: ....e: msm_vidc_comm_update_ctrl: failed: control name Ltr Count, min 0, max 0, step 0, default_value 0
06-27 00:27:38.330 I/[ 5.901239] msm_vidc( 0): high: 00000001: vp8e: Closed video instance: 0000000000000000
06-27 00:27:38.493 I/gsid ( 1144): no DSU: No such file or directory
06-27 00:27:38.591 I/iorapd ( 1163): iorapd (the prefetchening) firing up
06-27 00:27:38.593 I/iorapd ( 1163): Opened existing database at '/data/misc/iorapd/sqlite.db'
06-27 00:27:38.594 W/iorapd ( 1163): Reconnect to package manager service: 1 times
06-27 00:27:38.595 I/[ 6.164922] binder( 0): 1163:1163 ioctl 40046210 7fdb2a1924 returned -22
06-27 00:27:38.595 I/[ 6.165306] binder( 0): 1162:1162 ioctl 40046210 ff9a4038 returned -22
06-27 00:27:38.607 I/[ 6.177181] binder( 0): 1178:1178 ioctl 40046210 7fdc4c3224 returned -22
06-27 00:27:38.621 I/[ 6.190652] binder( 0): 1184:1184 ioctl 40046210 7fc0096d34 returned -22
06-27 00:27:38.628 I/[ 6.198358] binder( 0): 1187:1187 ioctl 40046210 7fc93411a4 returned -22
06-27 00:27:38.639 I/installd( 1190): installd firing up
06-27 00:27:38.648 I/[ 6.218762] binder( 0): 1190:1190 ioctl 40046210 7fe7e2b024 returned -22
06-27 00:27:38.664 I/[ 6.234638] binder( 0): 1199:1199 ioctl 40046210 7ffb6b53d4 returned -22
06-27 00:27:38.680 I/wificond( 1209): wificond is starting up...
06-27 00:27:38.681 I/[ 6.251344] binder( 0): 1209:1209 ioctl 40046210 7fe470bbb4 returned -22
06-27 00:27:38.682 I/HidlServiceManagement( 1209): Registered android.system.wifi.keystore@1.0::IKeystore/default
06-27 00:27:38.684 I/imsrcsd ( 1222): Uce Service HAL is starting up...
06-27 00:27:38.684 I/[ 6.252409] binder( 0): 1209:1209 ioctl 40046210 7fe470bb34 returned -22
06-27 00:27:38.692 I/imsrcsd ( 1222): Uce Service HAL loading imsrcsbaseimpl
06-27 00:27:38.737 E/[ 6.307364] wlan( 0): Loading driver v5.2.022.10G; 2023-06-27T00:34:10Z; cld:; cmn:;
06-27 00:27:38.741 I/[ 6.310285] binder( 0): 1198:1198 ioctl 40046210 7fff3082b4 returned -22
06-27 00:27:38.750 I/[ 6.319966] binder( 0): 1210:1210 ioctl 40046210 7fc728ba44 returned -22
06-27 00:27:38.757 I/ ( 0): [ 6.325747] lan743x 0001:01:00.0 eth0: using MSIX interrupts, number of vectors = 6
06-27 00:27:38.765 I/[ 6.335241] binder( 0): 1206:1264 ioctl 40046210 78a9b470a4 returned -22
06-27 00:27:38.775 I/[ 6.344260] mv2112_config_aneg( 0): autoneg 1
06-27 00:27:38.775 I/ ( 0): [ 6.344262] mv2112_restart_aneg
06-27 00:27:38.775 E/[ 6.344961] mv2112_read_status( 0): autoneg not complete;time=6344 ms
06-27 00:27:38.775 I/ ( 0): [ 6.344965] lan743x 0001:01:00.0 eth0: Link is Down
06-27 00:27:38.799 I/ ( 0): [ 6.352711] tsnv nv_initialize successfully!
06-27 00:27:38.799 I/ ( 0): [ 6.366904] lan743x 0001:01:00.0 eth0: successfully registered ptp clock
06-27 00:27:38.799 I/[ 6.368398] IPv6( 0): ADDRCONF(NETDEV_UP): eth0: link is not ready
06-27 00:27:38.809 I/[ 6.379083] binder( 0): 1205:1205 ioctl 40046210 7fd62d9ac4 returned -22
06-27 00:27:38.821 E/ ( 0): [ 6.388109] ipa ipa3_uc_reg_rdyCB:2973 bad parm. inout=0000000000000000
06-27 00:27:38.821 I/ ( 0): [ 6.388204] wlan_hdd_state wlan major(476) initialized
06-27 00:27:38.821 D/[ 6.388218] cnss( 0): Start to wait for calibration to complete
06-27 00:27:38.837 I/[ 6.406854] binder( 0): 1296:1296 ioctl 40046210 7fe3b8d654 returned -22
06-27 00:27:38.847 I/[ 6.416807] binder( 0): 1296:1296 ioctl 40046210 7fe3b8d484 returned -22
06-27 00:27:38.846 I/imsrcsd ( 1222): Starting Service for First Time imsbaseimpl
06-27 00:27:38.847 I/imsrcsd ( 1222): Interface com.qualcomm.qti.uceservice@2.3::IUceService com.qualcomm.qti.uceservice is found in manifest
06-27 00:27:38.847 I/HidlServiceManagement( 1222): Registered com.qualcomm.qti.uceservice@2.3::IUceService/com.qualcomm.qti.uceservice (start delay of 188ms)
06-27 00:27:38.850 I/imsrcsd ( 1222): Interface com.qualcomm.qti.imscmservice@2.2::IImsCmService qti.ims.connectionmanagerservice is found in manifest
06-27 00:27:38.851 I/HidlServiceManagement( 1222): Registered com.qualcomm.qti.imscmservice@2.2::IImsCmService/qti.ims.connectionmanagerservice (start delay of 191ms)
06-27 00:27:38.852 I/imsrcsd ( 1222): Interface vendor.qti.ims.factory@1.1::IImsFactory default is not found in manifest
06-27 00:27:38.853 I/imsrcsd ( 1222): Interface vendor.qti.ims.factory@1.0::IImsFactory default is found in manifest
06-27 00:27:38.853 I/HidlServiceManagement( 1222): Registered vendor.qti.ims.factory@1.0::IImsFactory/default (start delay of 193ms)
06-27 00:27:38.857 I/imsrcsd ( 1222): Interface vendor.qti.ims.callinfo@1.0::IService default is found in manifest
06-27 00:27:38.858 I/HidlServiceManagement( 1222): Registered vendor.qti.ims.callinfo@1.0::IService/default (start delay of 199ms)
06-27 00:27:38.858 I/imsrcsd ( 1222): ImsRcsBaseImpl ImsCallInfo After Registering Service
06-27 00:27:38.879 I/[ 6.450087] binder( 0): 1321:1321 ioctl 40046210 7ff43f5334 returned -22
06-27 00:27:38.893 I/[ 6.461720] binder( 0): 1253:1253 ioctl 40046210 7fddddecd4 returned -22
06-27 00:27:38.917 I/[ 6.478038] cnss-daemon( 0): NL group_id 10, cnss_nl.family_id 28
06-27 00:27:38.917 I/[ 6.478050] cnss-daemon( 0): wlfw_start: Starting
06-27 00:27:38.917 I/[ 6.478703] cnss-daemon( 0): no interop issues ap currently
06-27 00:27:38.920 I/TLOC ( 1325): [main ]"TLOC DAEMON main thread"
06-27 00:27:38.920 D/TLOC ( 1325): [TLOCDaemon ]"---------- TLOC Daemon Starts ----------"
06-27 00:27:38.929 D/[ 6.490371] qbt( 0): qbt_open: entry minor_no=0 fd_available=1
06-27 00:27:38.929 D/[ 6.490373] qbt( 0): qbt_open: exit : 0 fd_available=0
06-27 00:27:38.929 D/[ 6.490384] qbt( 0): qbt_open: entry minor_no=1 fd_available=0
06-27 00:27:38.929 D/[ 6.490385] qbt( 0): qbt_open: exit : 0 fd_available=0
06-27 00:27:38.929 D/[ 6.490392] qbt( 0): qbt_ioctl: cmd received 102
06-27 00:27:38.929 D/[ 6.490402] qbt( 0): qbt_ioctl: qbt_ioctl: QBT_ENABLE_IPC
06-27 00:27:38.931 D/TLOC ( 1325): [TLOCChannel]"The channel was initialized successfully for TLOCD"
06-27 00:27:38.933 D/TLOC ( 1325): [TLOCChannel]"The channel was initialized successfully for TLOCL"
06-27 00:27:38.934 D/TLOC ( 1325): [TLOCChannel]"The channel was initialized successfully for MODEM"
06-27 00:27:38.934 D/TLOC ( 1325): [TLOCChannel]"TLOCChannel was initialized successfully"
06-27 00:27:38.934 D/TLOC ( 1325): [TLOCChannel] "TLOCChannel is already initialized"
06-27 00:27:38.945 W/[ 6.510007] healthd( 0): No battery devices found
06-27 00:27:38.945 W/[ 6.511892] is_dc_online( 0): 15 callbacks suppressed
06-27 00:27:38.945 E/[ 6.511893] HL6111R( 0): is_dc_online: DC psy unavailable
06-27 00:27:38.945 W/[ 6.511913] healthd( 0): battery none chg=
06-27 00:27:38.945 E/[ 6.511929] HL6111R( 0): is_dc_online: DC psy unavailable
06-27 00:27:38.947 E/[ 6.516507] HL6111R( 0): is_dc_online: DC psy unavailable
06-27 00:27:38.947 W/storaged( 1205): health: invalid battery status
06-27 00:27:38.947 I/[ 6.518337] binder( 0): 1205:1205 ioctl 40046210 7fd62d99f4 returned -22
06-27 00:27:38.953 I/[ 6.519901] cnss-daemon( 0): wlfw_service_request: Start the pthread: 0x0K
06-27 00:27:38.953 I/[ 6.520625] cnss-daemon( 0): pm_release_vote: pm_handle is NULL
06-27 00:27:38.953 I/[ 6.520633] cnss-daemon( 0): pm_release_vote: pm_handle is NULL
06-27 00:27:38.953 I/[ 6.520675] cnss-daemon( 0): wlfw_build_cal_table: not read /data/vendor/wifi/wlfw_cal_00.bin
06-27 00:27:38.953 I/[ 6.521506] cnss-daemon( 0): ro.baseband : [apq]
06-27 00:27:38.960 I/[ 6.521519] cnss-daemon( 0): Hardware supports external modem
06-27 00:27:38.961 I/[ 6.530102] cnss-daemon( 0): wlfw_build_cal_table: not read /data/vendor/wifi/wlfw_cal_02.bin
06-27 00:27:38.961 D/[ 6.531247] qbt( 0): qbt_ioctl: cmd received 107
06-27 00:27:38.961 D/[ 6.531249] qbt( 0): qbt_ioctl: Acquiring wakelock
06-27 00:27:38.961 E/ ( 0): [ 6.532276] msm-dai-fe soc:qcom,msm-dai-fe: ASoC: no sink widget found for AUXPCM_DL_HL
06-27 00:27:38.961 E/ ( 0): [ 6.532289] msm-dai-fe soc:qcom,msm-dai-fe: ASoC: Failed to add route AUXPCM_HOSTLESS Playback -> direct -> AUXPCM_DL_HL
06-27 00:27:38.961 E/ ( 0): [ 6.532352] msm-dai-fe soc:qcom,msm-dai-fe: ASoC: no source widget found for AUXPCM_UL_HL
06-27 00:27:38.961 E/ ( 0): [ 6.532359] msm-dai-fe soc:qcom,msm-dai-fe: ASoC: Failed to add route AUXPCM_UL_HL -> direct -> AUXPCM_HOSTLESS Capture
06-27 00:27:38.971 D/[ 6.536063] cnss( 0): Received QMI WLFW request memory indication
06-27 00:27:38.971 D/[ 6.536067] cnss( 0): FW requests for memory, size: 0x5e0000, type: 1
06-27 00:27:38.971 D/[ 6.536069] cnss( 0): FW requests for memory, size: 0xd8000, type: 4
06-27 00:27:38.971 D/[ 6.536071] cnss( 0): Posting event: REQUEST_MEM(2), state: 0x9 flags: 0x0
06-27 00:27:38.971 D/[ 6.536073] cnss( 0): PM stay awake, state: 0x9, count: 1
06-27 00:27:38.971 D/[ 6.536076] cnss( 0): PM relax, state: 0x9, count: 0
06-27 00:27:38.971 D/[ 6.537065] cnss( 0): PM stay awake, state: 0x9, count: 1
06-27 00:27:38.971 D/[ 6.537069] cnss( 0): Processing driver event: REQUEST_MEM(2), state: 0x9
06-27 00:27:38.974 E/ ( 0): [ 6.544703] msm-auxpcm-dev soc:qcom,msm-pri-auxpcm: ASoC: no source widget found for AUX_PCM_RX
06-27 00:27:38.974 E/ ( 0): [ 6.544718] msm-auxpcm-dev soc:qcom,msm-pri-auxpcm: ASoC: Failed to add route AUX_PCM_RX -> direct -> AUX PCM Playback
06-27 00:27:38.974 E/ ( 0): [ 6.544828] msm-auxpcm-dev soc:qcom,msm-pri-auxpcm: ASoC: no sink widget found for AUX_PCM_TX
06-27 00:27:38.974 E/ ( 0): [ 6.544834] msm-auxpcm-dev soc:qcom,msm-pri-auxpcm: ASoC: Failed to add route AUX PCM Capture -> direct -> AUX_PCM_TX
06-27 00:27:38.974 E/ ( 0): [ 6.544952] msm-auxpcm-dev soc:qcom,msm-sec-auxpcm: ASoC: no source widget found for SEC_AUX_PCM_RX
06-27 00:27:38.974 E/ ( 0): [ 6.544959] msm-auxpcm-dev soc:qcom,msm-sec-auxpcm: ASoC: Failed to add route SEC_AUX_PCM_RX -> direct -> Sec AUX PCM Playback
06-27 00:27:38.974 E/ ( 0): [ 6.545064] msm-auxpcm-dev soc:qcom,msm-sec-auxpcm: ASoC: no sink widget found for SEC_AUX_PCM_TX
06-27 00:27:38.974 E/ ( 0): [ 6.545071] msm-auxpcm-dev soc:qcom,msm-sec-auxpcm: ASoC: Failed to add route Sec AUX PCM Capture -> direct -> SEC_AUX_PCM_TX
06-27 00:27:38.974 E/ ( 0): [ 6.545214] msm-auxpcm-dev soc:qcom,msm-tert-auxpcm: ASoC: no source widget found for TERT_AUX_PCM_RX
06-27 00:27:38.974 E/ ( 0): [ 6.545222] msm-auxpcm-dev soc:qcom,msm-tert-auxpcm: ASoC: Failed to add route TERT_AUX_PCM_RX -> direct -> Tert AUX PCM Playback
06-27 00:27:38.974 E/ ( 0): [ 6.545345] msm-auxpcm-dev soc:qcom,msm-tert-auxpcm: ASoC: no sink widget found for TERT_AUX_PCM_TX
06-27 00:27:38.974 E/ ( 0): [ 6.545352] msm-auxpcm-dev soc:qcom,msm-tert-auxpcm: ASoC: Failed to add route Tert AUX PCM Capture -> direct -> TERT_AUX_PCM_TX
06-27 00:27:38.974 E/ ( 0): [ 6.545465] msm-auxpcm-dev soc:qcom,msm-quat-auxpcm: ASoC: no source widget found for QUAT_AUX_PCM_RX
06-27 00:27:38.974 E/ ( 0): [ 6.545475] msm-auxpcm-dev soc:qcom,msm-quat-auxpcm: ASoC: Failed to add route QUAT_AUX_PCM_RX -> direct -> Quat AUX PCM Playback
06-27 00:27:38.982 E/ ( 0): [ 6.545583] msm-auxpcm-dev soc:qcom,msm-quat-auxpcm: ASoC: no sink widget found for QUAT_AUX_PCM_TX
06-27 00:27:38.982 E/ ( 0): [ 6.545589] msm-auxpcm-dev soc:qcom,msm-quat-auxpcm: ASoC: Failed to add route Quat AUX PCM Capture -> direct -> QUAT_AUX_PCM_TX
06-27 00:27:38.982 E/ ( 0): [ 6.545705] msm-auxpcm-dev soc:qcom,msm-quin-auxpcm: ASoC: no source widget found for QUIN_AUX_PCM_RX
06-27 00:27:38.982 E/ ( 0): [ 6.545712] msm-auxpcm-dev soc:qcom,msm-quin-auxpcm: ASoC: Failed to add route QUIN_AUX_PCM_RX -> direct -> Quin AUX PCM Playback
06-27 00:27:38.982 E/ ( 0): [ 6.545820] msm-auxpcm-dev soc:qcom,msm-quin-auxpcm: ASoC: no sink widget found for QUIN_AUX_PCM_TX
06-27 00:27:38.982 E/ ( 0): [ 6.545827] msm-auxpcm-dev soc:qcom,msm-quin-auxpcm: ASoC: Failed to add route Quin AUX PCM Capture -> direct -> QUIN_AUX_PCM_TX
06-27 00:27:38.982 E/ ( 0): [ 6.545959] msm-auxpcm-dev soc:qcom,msm-sen-auxpcm: ASoC: no source widget found for SEN_AUX_PCM_RX
06-27 00:27:38.982 E/ ( 0): [ 6.545966] msm-auxpcm-dev soc:qcom,msm-sen-auxpcm: ASoC: Failed to add route SEN_AUX_PCM_RX -> direct -> Sen AUX PCM Playback
06-27 00:27:38.982 E/ ( 0): [ 6.546086] msm-auxpcm-dev soc:qcom,msm-sen-auxpcm: ASoC: no sink widget found for SEN_AUX_PCM_TX
06-27 00:27:38.982 E/ ( 0): [ 6.546093] msm-auxpcm-dev soc:qcom,msm-sen-auxpcm: ASoC: Failed to add route Sen AUX PCM Capture -> direct -> SEN_AUX_PCM_TX
06-27 00:27:38.982 W/ ( 0): [ 6.546147] msm-dai-q6-hdmi soc:qcom,msm-dai-q6-dp: DAI driver id is not set
06-27 00:27:38.995 I/ ( 0): [ 6.565150] read descriptors
06-27 00:27:38.995 I/ ( 0): [ 6.565174] read strings
06-27 00:27:39.014 I/[ 6.583257] binder( 0): 1320:1320 ioctl 40046210 7fe575a874 returned -22
06-27 00:27:39.014 I/[ 6.584129] binder( 0): 1320:1320 ioctl 40046210 7fe575a474 returned -22
06-27 00:27:39.029 I/[ 6.595547] binder( 0): 1201:1201 ioctl 40046210 ff9027b8 returned -22
06-27 00:27:39.032 I/[ 6.601444] binder( 0): 1201:1201 ioctl 40046210 ff9027a0 returned -22
06-27 00:27:39.042 I/[ 6.612573] binder( 0): 1177:1177 ioctl 40046210 7fed198cf4 returned -22
06-27 00:27:39.042 I/[ 6.612934] binder( 0): 1177:1177 ioctl 40046210 7fed198d14 returned -22
06-27 00:27:39.060 I/[ 6.629323] IPv6( 0): ADDRCONF(NETDEV_UP): vlan0: link is not ready
06-27 00:27:39.063 I/[ 6.633671] android_work( 0): did not send uevent (0 0 0000000000000000)
06-27 00:27:39.075 I/[ 6.645344] capability( 0): warning: `msm_irqbalance' uses 32-bit capabilities (legacy support in use)
06-27 00:27:39.157 I/[ 6.725289] IPv6( 0): ADDRCONF(NETDEV_UP): vlan1: link is not ready
06-27 00:27:39.161 E/[ 6.731661] MAIN_MGR( 0): hvdcp_opti Version: 3:0:0
06-27 00:27:39.163 E/[ 6.733306] MAIN_MGR( 0): set keepcaps failed!
06-27 00:27:39.163 E/[ 6.733441] CHG_POLICY_PATH( 0): Failed to get IIO path for MAIN_PSY
06-27 00:27:39.177 E/ ( 0): [ 6.746675] msm-dwc3 a600000.ssusb: Could not get usb psy
06-27 00:27:39.213 I/[ 6.783706] IPv6( 0): ADDRCONF(NETDEV_UP): vlan2: link is not ready
06-27 00:27:39.234 I/[ 6.805121] binder( 0): 1538:1538 ioctl 40046210 7fdc24cad4 returned -22
06-27 00:27:39.253 I/SystemServerTiming( 1538): InitBeforeStartServices
06-27 00:27:39.254 I/SystemServer( 1538): Entered the Android system server!
06-27 00:27:39.269 I/[ 6.837492] IPv6( 0): ADDRCONF(NETDEV_UP): vlan4: link is not ready
06-27 00:27:39.293 E/ ( 0): [ 6.861221] bolero-codec soc:qcom,msm-audio-apr:qcom,q6core-audio:bolero-cdc: ASoC: unknown pin WSA AIF VI
06-27 00:27:39.293 E/ ( 0): [ 6.861486] swr-wcd rx_swr_ctrl: swrm_runtime_suspend: clk stop mode not supported or SSR entry
06-27 00:27:39.301 E/ ( 0): [ 6.869656] kona-asoc-snd soc:qcom,msm-audio-apr:qcom,q6core-audio:sound: ASoC: no source widget found for MIC BIAS1
06-27 00:27:39.301 E/ ( 0): [ 6.869672] kona-asoc-snd soc:qcom,msm-audio-apr:qcom,q6core-audio:sound: ASoC: Failed to add route MIC BIAS1 -> direct -> AMIC1
06-27 00:27:39.301 E/ ( 0): [ 6.869743] kona-asoc-snd soc:qcom,msm-audio-apr:qcom,q6core-audio:sound: ASoC: no sink widget found for MIC BIAS1
06-27 00:27:39.301 E/ ( 0): [ 6.869749] kona-asoc-snd soc:qcom,msm-audio-apr:qcom,q6core-audio:sound: ASoC: Failed to add route Analog Mic1 -> direct -> MIC BIAS1
06-27 00:27:39.301 E/ ( 0): [ 6.869811] kona-asoc-snd soc:qcom,msm-audio-apr:qcom,q6core-audio:sound: ASoC: no source widget found for MIC BIAS2
06-27 00:27:39.301 E/ ( 0): [ 6.869817] kona-asoc-snd soc:qcom,msm-audio-apr:qcom,q6core-audio:sound: ASoC: Failed to add route MIC BIAS2 -> direct -> AMIC2
06-27 00:27:39.301 E/ ( 0): [ 6.869878] kona-asoc-snd soc:qcom,msm-audio-apr:qcom,q6core-audio:sound: ASoC: no sink widget found for MIC BIAS2
06-27 00:27:39.301 E/ ( 0): [ 6.869885] kona-asoc-snd soc:qcom,msm-audio-apr:qcom,q6core-audio:sound: ASoC: Failed to add route Analog Mic2 -> direct -> MIC BIAS2
06-27 00:27:39.301 E/ ( 0): [ 6.869940] kona-asoc-snd soc:qcom,msm-audio-apr:qcom,q6core-audio:sound: ASoC: no source widget found for MIC BIAS3
06-27 00:27:39.301 E/ ( 0): [ 6.869945] kona-asoc-snd soc:qcom,msm-audio-apr:qcom,q6core-audio:sound: ASoC: Failed to add route MIC BIAS3 -> direct -> AMIC3
06-27 00:27:39.301 E/ ( 0): [ 6.870002] kona-asoc-snd soc:qcom,msm-audio-apr:qcom,q6core-audio:sound: ASoC: no sink widget found for MIC BIAS3
06-27 00:27:39.301 E/ ( 0): [ 6.870008] kona-asoc-snd soc:qcom,msm-audio-apr:qcom,q6core-audio:sound: ASoC: Failed to add route Analog Mic3 -> direct -> MIC BIAS3
06-27 00:27:39.301 E/ ( 0): [ 6.870071] kona-asoc-snd soc:qcom,msm-audio-apr:qcom,q6core-audio:sound: ASoC: no source widget found for MIC BIAS3
06-27 00:27:39.301 E/ ( 0): [ 6.870078] kona-asoc-snd soc:qcom,msm-audio-apr:qcom,q6core-audio:sound: ASoC: Failed to add route MIC BIAS3 -> direct -> AMIC4
06-27 00:27:39.301 E/ ( 0): [ 6.870136] kona-asoc-snd soc:qcom,msm-audio-apr:qcom,q6core-audio:sound: ASoC: no sink widget found for MIC BIAS3
06-27 00:27:39.301 E/ ( 0): [ 6.870141] kona-asoc-snd soc:qcom,msm-audio-apr:qcom,q6core-audio:sound: ASoC: Failed to add route Analog Mic4 -> direct -> MIC BIAS3
06-27 00:27:39.301 E/ ( 0): [ 6.870201] kona-asoc-snd soc:qcom,msm-audio-apr:qcom,q6core-audio:sound: ASoC: no source widget found for MIC BIAS4
06-27 00:27:39.301 E/ ( 0): [ 6.870206] kona-asoc-snd soc:qcom,msm-audio-apr:qcom,q6core-audio:sound: ASoC: Failed to add route MIC BIAS4 -> direct -> AMIC5
06-27 00:27:39.301 E/ ( 0): [ 6.870272] kona-asoc-snd soc:qcom,msm-audio-apr:qcom,q6core-audio:sound: ASoC: no sink widget found for MIC BIAS4
06-27 00:27:39.301 E/ ( 0): [ 6.870278] kona-asoc-snd soc:qcom,msm-audio-apr:qcom,q6core-audio:sound: ASoC: Failed to add route Analog Mic5 -> direct -> MIC BIAS4
06-27 00:27:39.301 E/ ( 0): [ 6.870335] kona-asoc-snd soc:qcom,msm-audio-apr:qcom,q6core-audio:sound: ASoC: no source widget found for MIC BIAS3
06-27 00:27:39.301 E/ ( 0): [ 6.870341] kona-asoc-snd soc:qcom,msm-audio-apr:qcom,q6core-audio:sound: ASoC: Failed to add route MIC BIAS3 -> direct -> TX DMIC0
06-27 00:27:39.301 E/ ( 0): [ 6.870400] kona-asoc-snd soc:qcom,msm-audio-apr:qcom,q6core-audio:sound: ASoC: no sink widget found for MIC BIAS3
06-27 00:27:39.301 E/ ( 0): [ 6.870406] kona-asoc-snd soc:qcom,msm-audio-apr:qcom,q6core-audio:sound: ASoC: Failed to add route Digital Mic0 -> direct -> MIC BIAS3
06-27 00:27:39.301 E/ ( 0): [ 6.870468] kona-asoc-snd soc:qcom,msm-audio-apr:qcom,q6core-audio:sound: ASoC: no source widget found for MIC BIAS3
06-27 00:27:39.301 E/ ( 0): [ 6.870474] kona-asoc-snd soc:qcom,msm-audio-apr:qcom,q6core-audio:sound: ASoC: Failed to add route MIC BIAS3 -> direct -> TX DMIC1
06-27 00:27:39.301 E/ ( 0): [ 6.870533] kona-asoc-snd soc:qcom,msm-audio-apr:qcom,q6core-audio:sound: ASoC: no sink widget found for MIC BIAS3
06-27 00:27:39.301 E/ ( 0): [ 6.870538] kona-asoc-snd soc:qcom,msm-audio-apr:qcom,q6core-audio:sound: ASoC: Failed to add route Digital Mic1 -> direct -> MIC BIAS3
06-27 00:27:39.301 E/ ( 0): [ 6.870597] kona-asoc-snd soc:qcom,msm-audio-apr:qcom,q6core-audio:sound: ASoC: no source widget found for MIC BIAS1
06-27 00:27:39.301 E/ ( 0): [ 6.870603] kona-asoc-snd soc:qcom,msm-audio-apr:qcom,q6core-audio:sound: ASoC: Failed to add route MIC BIAS1 -> direct -> TX DMIC2
06-27 00:27:39.301 E/ ( 0): [ 6.870669] kona-asoc-snd soc:qcom,msm-audio-apr:qcom,q6core-audio:sound: ASoC: no sink widget found for MIC BIAS1
06-27 00:27:39.301 E/ ( 0): [ 6.870675] kona-asoc-snd soc:qcom,msm-audio-apr:qcom,q6core-audio:sound: ASoC: Failed to add route Digital Mic2 -> direct -> MIC BIAS1
06-27 00:27:39.301 E/ ( 0): [ 6.870733] kona-asoc-snd soc:qcom,msm-audio-apr:qcom,q6core-audio:sound: ASoC: no source widget found for MIC BIAS1
06-27 00:27:39.301 E/ ( 0): [ 6.870739] kona-asoc-snd soc:qcom,msm-audio-apr:qcom,q6core-audio:sound: ASoC: Failed to add route MIC BIAS1 -> direct -> TX DMIC3
06-27 00:27:39.301 E/ ( 0): [ 6.870796] kona-asoc-snd soc:qcom,msm-audio-apr:qcom,q6core-audio:sound: ASoC: no sink widget found for MIC BIAS1
06-27 00:27:39.301 E/ ( 0): [ 6.870802] kona-asoc-snd soc:qcom,msm-audio-apr:qcom,q6core-audio:sound: ASoC: Failed to add route Digital Mic3 -> direct -> MIC BIAS1
06-27 00:27:39.301 E/ ( 0): [ 6.870862] kona-asoc-snd soc:qcom,msm-audio-apr:qcom,q6core-audio:sound: ASoC: no source widget found for MIC BIAS4
06-27 00:27:39.301 E/ ( 0): [ 6.870867] kona-asoc-snd soc:qcom,msm-audio-apr:qcom,q6core-audio:sound: ASoC: Failed to add route MIC BIAS4 -> direct -> TX DMIC4
06-27 00:27:39.301 E/ ( 0): [ 6.870930] kona-asoc-snd soc:qcom,msm-audio-apr:qcom,q6core-audio:sound: ASoC: no sink widget found for MIC BIAS4
06-27 00:27:39.301 E/ ( 0): [ 6.870936] kona-asoc-snd soc:qcom,msm-audio-apr:qcom,q6core-audio:sound: ASoC: Failed to add route Digital Mic4 -> direct -> MIC BIAS4
06-27 00:27:39.301 E/ ( 0): [ 6.870997] kona-asoc-snd soc:qcom,msm-audio-apr:qcom,q6core-audio:sound: ASoC: no source widget found for MIC BIAS4
06-27 00:27:39.301 E/ ( 0): [ 6.871003] kona-asoc-snd soc:qcom,msm-audio-apr:qcom,q6core-audio:sound: ASoC: Failed to add route MIC BIAS4 -> direct -> TX DMIC5
06-27 00:27:39.301 E/ ( 0): [ 6.871059] kona-asoc-snd soc:qcom,msm-audio-apr:qcom,q6core-audio:sound: ASoC: no sink widget found for MIC BIAS4
06-27 00:27:39.301 E/ ( 0): [ 6.871065] kona-asoc-snd soc:qcom,msm-audio-apr:qcom,q6core-audio:sound: ASoC: Failed to add route Digital Mic5 -> direct -> MIC BIAS4
06-27 00:27:39.301 E/ ( 0): [ 6.871120] kona-asoc-snd soc:qcom,msm-audio-apr:qcom,q6core-audio:sound: ASoC: no sink widget found for IN1_HPHL
06-27 00:27:39.301 E/ ( 0): [ 6.871127] kona-asoc-snd soc:qcom,msm-audio-apr:qcom,q6core-audio:sound: ASoC: Failed to add route HPHL_OUT -> direct -> IN1_HPHL
06-27 00:27:39.301 E/ ( 0): [ 6.871184] kona-asoc-snd soc:qcom,msm-audio-apr:qcom,q6core-audio:sound: ASoC: no sink widget found for IN2_HPHR
06-27 00:27:39.301 E/ ( 0): [ 6.871190] kona-asoc-snd soc:qcom,msm-audio-apr:qcom,q6core-audio:sound: ASoC: Failed to add route HPHR_OUT -> direct -> IN2_HPHR
06-27 00:27:39.301 E/ ( 0): [ 6.871246] kona-asoc-snd soc:qcom,msm-audio-apr:qcom,q6core-audio:sound: ASoC: no sink widget found for IN3_AUX
06-27 00:27:39.301 E/ ( 0): [ 6.871252] kona-asoc-snd soc:qcom,msm-audio-apr:qcom,q6core-audio:sound: ASoC: Failed to add route AUX_OUT -> direct -> IN3_AUX
06-27 00:27:39.301 E/ ( 0): [ 6.871319] kona-asoc-snd soc:qcom,msm-audio-apr:qcom,q6core-audio:sound: ASoC: no source widget found for ADC1_OUTPUT
06-27 00:27:39.301 E/ ( 0): [ 6.871325] kona-asoc-snd soc:qcom,msm-audio-apr:qcom,q6core-audio:sound: ASoC: Failed to add route ADC1_OUTPUT -> direct -> TX SWR_ADC0
06-27 00:27:39.301 E/ ( 0): [ 6.871387] kona-asoc-snd soc:qcom,msm-audio-apr:qcom,q6core-audio:sound: ASoC: no source widget found for ADC2_OUTPUT
06-27 00:27:39.301 E/ ( 0): [ 6.871392] kona-asoc-snd soc:qcom,msm-audio-apr:qcom,q6core-audio:sound: ASoC: Failed to add route ADC2_OUTPUT -> direct -> TX SWR_ADC1
06-27 00:27:39.301 E/ ( 0): [ 6.871458] kona-asoc-snd soc:qcom,msm-audio-apr:qcom,q6core-audio:sound: ASoC: no source widget found for ADC3_OUTPUT
