01-01 08:42:15.166 E/[ 3.445436] register_client_adhoc( 0): Failed to find path.src 1 dest 589
01-01 08:42:15.166 E/[ 3.445548] [drm( 0): dp_display_init_aux_switch][msm-dp-err][79 ]failed to register notifier (-22)
01-01 08:42:15.166 E/[ 3.445585] register_client_adhoc( 0): find path.src 1 dest 589
01-01 08:42:15.166 E/[ 3.445599] register_client_adhoc( 0): Failed to find path.src 1 dest 589
01-01 08:42:15.166 E/[ 3.445712] [drm( 0): dp_display_init_aux_switch][msm-dp-err][79 ]failed to register notifier (-22)
01-01 08:42:15.166 E/[ 3.445748] register_client_adhoc( 0): find path.src 1 dest 589
01-01 08:42:15.166 E/[ 3.445762] register_client_adhoc( 0): Failed to find path.src 1 dest 589
01-01 08:42:15.166 E/[ 3.445872] [drm( 0): dp_display_init_aux_switch][msm-dp-err][79 ]failed to register notifier (-22)
01-01 08:42:15.166 E/[ 3.445908] register_client_adhoc( 0): find path.src 1 dest 589
01-01 08:42:15.166 E/[ 3.445921] register_client_adhoc( 0): Failed to find path.src 1 dest 589
01-01 08:42:15.166 E/[ 3.446035] [drm( 0): dp_display_init_aux_switch][msm-dp-err][79 ]failed to register notifier (-22)
01-01 08:42:15.166 E/[ 3.446073] register_client_adhoc( 0): find path.src 1 dest 589
01-01 08:42:15.166 E/[ 3.446086] register_client_adhoc( 0): Failed to find path.src 1 dest 589
01-01 08:42:15.166 E/[ 3.446197] [drm( 0): dp_display_init_aux_switch][msm-dp-err][79 ]failed to register notifier (-22)
01-01 08:42:15.166 E/[ 3.446233] register_client_adhoc( 0): find path.src 1 dest 589
01-01 08:42:15.166 E/[ 3.446246] register_client_adhoc( 0): Failed to find path.src 1 dest 589
01-01 08:42:15.166 E/[ 3.446358] [drm( 0): dp_display_init_aux_switch][msm-dp-err][79 ]failed to register notifier (-22)
01-01 08:42:15.166 E/[ 3.446673] register_client_adhoc( 0): find path.src 1 dest 589
01-01 08:42:15.166 E/[ 3.446687] register_client_adhoc( 0): Failed to find path.src 1 dest 589
01-01 08:42:15.166 E/[ 3.446808] [drm( 0): dp_display_init_aux_switch][msm-dp-err][79 ]failed to register notifier (-22)
01-01 08:42:15.166 E/[ 3.446892] register_client_adhoc( 0): find path.src 1 dest 589
01-01 08:42:15.166 E/[ 3.446907] register_client_adhoc( 0): Failed to find path.src 1 dest 589
01-01 08:42:15.166 E/[ 3.447019] [drm( 0): dp_display_init_aux_switch][msm-dp-err][79 ]failed to register notifier (-22)
01-01 08:42:15.166 E/[ 3.447100] register_client_adhoc( 0): find path.src 1 dest 589
01-01 08:42:15.166 E/[ 3.447113] register_client_adhoc( 0): Failed to find path.src 1 dest 589
01-01 08:42:15.166 E/[ 3.447229] [drm( 0): dp_display_init_aux_switch][msm-dp-err][79 ]failed to register notifier (-22)
01-01 08:42:15.166 E/[ 3.447310] register_client_adhoc( 0): find path.src 1 dest 589
01-01 08:42:15.166 E/[ 3.447324] register_client_adhoc( 0): Failed to find path.src 1 dest 589
01-01 08:42:15.166 E/[ 3.447440] [drm( 0): dp_display_init_aux_switch][msm-dp-err][79 ]failed to register notifier (-22)
01-01 08:42:15.166 E/[ 3.447521] register_client_adhoc( 0): find path.src 1 dest 589
01-01 08:42:15.166 E/[ 3.447535] register_client_adhoc( 0): Failed to find path.src 1 dest 589
01-01 08:42:15.166 E/[ 3.447652] [drm( 0): dp_display_init_aux_switch][msm-dp-err][79 ]failed to register notifier (-22)
01-01 08:42:15.166 E/[ 3.447735] register_client_adhoc( 0): find path.src 1 dest 589
01-01 08:42:15.166 E/[ 3.447748] register_client_adhoc( 0): Failed to find path.src 1 dest 589
01-01 08:42:15.166 E/[ 3.447863] [drm( 0): dp_display_init_aux_switch][msm-dp-err][79 ]failed to register notifier (-22)
01-01 08:42:15.166 E/[ 3.447898] register_client_adhoc( 0): find path.src 1 dest 589
01-01 08:42:15.166 E/[ 3.447912] register_client_adhoc( 0): Failed to find path.src 1 dest 589
01-01 08:42:15.166 E/[ 3.448032] [drm( 0): dp_display_init_aux_switch][msm-dp-err][79 ]failed to register notifier (-22)
01-01 08:42:15.166 E/[ 3.448168] register_client_adhoc( 0): find path.src 1 dest 589
01-01 08:42:15.166 E/[ 3.448181] register_client_adhoc( 0): Failed to find path.src 1 dest 589
01-01 08:42:15.166 E/[ 3.448297] [drm( 0): dp_display_init_aux_switch][msm-dp-err][79 ]failed to register notifier (-22)
01-01 08:42:15.166 E/[ 3.448337] register_client_adhoc( 0): find path.src 1 dest 589
01-01 08:42:15.166 E/[ 3.448351] register_client_adhoc( 0): Failed to find path.src 1 dest 589
01-01 08:42:15.166 E/[ 3.448464] [drm( 0): dp_display_init_aux_switch][msm-dp-err][79 ]failed to register notifier (-22)
01-01 08:42:15.166 E/[ 3.448501] register_client_adhoc( 0): find path.src 1 dest 589
01-01 08:42:15.166 E/[ 3.448515] register_client_adhoc( 0): Failed to find path.src 1 dest 589
01-01 08:42:15.166 E/[ 3.448628] [drm( 0): dp_display_init_aux_switch][msm-dp-err][79 ]failed to register notifier (-22)
01-01 08:42:15.166 E/[ 3.448666] register_client_adhoc( 0): find path.src 1 dest 589
01-01 08:42:15.166 E/[ 3.448679] register_client_adhoc( 0): Failed to find path.src 1 dest 589
01-01 08:42:15.166 E/[ 3.448792] [drm( 0): dp_display_init_aux_switch][msm-dp-err][79 ]failed to register notifier (-22)
01-01 08:42:15.166 E/[ 3.449167] register_client_adhoc( 0): find path.src 1 dest 589
01-01 08:42:15.166 E/[ 3.449182] register_client_adhoc( 0): Failed to find path.src 1 dest 589
01-01 08:42:15.166 E/[ 3.449306] [drm( 0): dp_display_init_aux_switch][msm-dp-err][79 ]failed to register notifier (-22)
01-01 08:42:15.166 E/[ 3.449393] register_client_adhoc( 0): find path.src 1 dest 589
01-01 08:42:15.166 E/[ 3.449406] register_client_adhoc( 0): Failed to find path.src 1 dest 589
01-01 08:42:15.166 E/[ 3.449521] [drm( 0): dp_display_init_aux_switch][msm-dp-err][79 ]failed to register notifier (-22)
01-01 08:42:15.166 E/[ 3.449557] register_client_adhoc( 0): find path.src 1 dest 589
01-01 08:42:15.166 E/[ 3.449570] register_client_adhoc( 0): Failed to find path.src 1 dest 589
01-01 08:42:15.166 E/[ 3.449684] [drm( 0): dp_display_init_aux_switch][msm-dp-err][79 ]failed to register notifier (-22)
01-01 08:42:15.166 E/[ 3.449776] register_client_adhoc( 0): find path.src 1 dest 589
01-01 08:42:15.166 E/[ 3.449789] register_client_adhoc( 0): Failed to find path.src 1 dest 589
01-01 08:42:15.166 E/[ 3.449908] [drm( 0): dp_display_init_aux_switch][msm-dp-err][79 ]failed to register notifier (-22)
01-01 08:42:15.166 E/[ 3.449994] register_client_adhoc( 0): find path.src 1 dest 589
01-01 08:42:15.166 E/[ 3.450007] register_client_adhoc( 0): Failed to find path.src 1 dest 589
01-01 08:42:15.166 E/[ 3.450124] [drm( 0): dp_display_init_aux_switch][msm-dp-err][79 ]failed to register notifier (-22)
01-01 08:42:15.166 E/[ 3.450160] register_client_adhoc( 0): find path.src 1 dest 589
01-01 08:42:15.166 E/[ 3.450174] register_client_adhoc( 0): Failed to find path.src 1 dest 589
01-01 08:42:15.166 E/[ 3.450288] [drm( 0): dp_display_init_aux_switch][msm-dp-err][79 ]failed to register notifier (-22)
01-01 08:42:15.166 E/[ 3.450377] register_client_adhoc( 0): find path.src 1 dest 589
01-01 08:42:15.166 E/[ 3.450390] register_client_adhoc( 0): Failed to find path.src 1 dest 589
01-01 08:42:15.166 E/[ 3.450507] [drm( 0): dp_display_init_aux_switch][msm-dp-err][79 ]failed to register notifier (-22)
01-01 08:42:15.166 E/[ 3.450542] register_client_adhoc( 0): find path.src 1 dest 589
01-01 08:42:15.166 E/[ 3.450555] register_client_adhoc( 0): Failed to find path.src 1 dest 589
01-01 08:42:15.166 E/[ 3.450668] [drm( 0): dp_display_init_aux_switch][msm-dp-err][79 ]failed to register notifier (-22)
01-01 08:42:15.166 E/[ 3.450756] register_client_adhoc( 0): find path.src 1 dest 589
01-01 08:42:15.166 E/[ 3.450769] register_client_adhoc( 0): Failed to find path.src 1 dest 589
01-01 08:42:15.166 E/[ 3.450883] [drm( 0): dp_display_init_aux_switch][msm-dp-err][79 ]failed to register notifier (-22)
01-01 08:42:15.166 E/[ 3.450917] register_client_adhoc( 0): find path.src 1 dest 589
01-01 08:42:15.166 E/[ 3.450931] register_client_adhoc( 0): Failed to find path.src 1 dest 589
01-01 08:42:15.166 E/[ 3.451044] [drm( 0): dp_display_init_aux_switch][msm-dp-err][79 ]failed to register notifier (-22)
01-01 08:42:15.166 E/[ 3.451132] register_client_adhoc( 0): find path.src 1 dest 589
01-01 08:42:15.166 E/[ 3.451146] register_client_adhoc( 0): Failed to find path.src 1 dest 589
01-01 08:42:15.166 E/[ 3.451260] [drm( 0): dp_display_init_aux_switch][msm-dp-err][79 ]failed to register notifier (-22)
01-01 08:42:15.166 E/[ 3.451294] register_client_adhoc( 0): find path.src 1 dest 589
01-01 08:42:15.166 E/[ 3.451307] register_client_adhoc( 0): Failed to find path.src 1 dest 589
01-01 08:42:15.166 E/[ 3.451425] [drm( 0): dp_display_init_aux_switch][msm-dp-err][79 ]failed to register notifier (-22)
01-01 08:42:15.166 E/[ 3.451512] register_client_adhoc( 0): find path.src 1 dest 589
01-01 08:42:15.166 E/[ 3.451526] register_client_adhoc( 0): Failed to find path.src 1 dest 589
01-01 08:42:15.166 E/[ 3.451646] [drm( 0): dp_display_init_aux_switch][msm-dp-err][79 ]failed to register notifier (-22)
01-01 08:42:15.166 E/[ 3.451681] register_client_adhoc( 0): find path.src 1 dest 589
01-01 08:42:15.166 E/[ 3.451694] register_client_adhoc( 0): Failed to find path.src 1 dest 589
01-01 08:42:15.166 E/[ 3.451806] [drm( 0): dp_display_init_aux_switch][msm-dp-err][79 ]failed to register notifier (-22)
01-01 08:42:15.166 E/[ 3.451894] register_client_adhoc( 0): find path.src 1 dest 589
01-01 08:42:15.166 E/[ 3.451908] register_client_adhoc( 0): Failed to find path.src 1 dest 589
01-01 08:42:15.166 E/[ 3.452033] [drm( 0): dp_display_init_aux_switch][msm-dp-err][79 ]failed to register notifier (-22)
01-01 08:42:15.166 E/[ 3.452069] register_client_adhoc( 0): find path.src 1 dest 589
01-01 08:42:15.166 E/[ 3.452082] register_client_adhoc( 0): Failed to find path.src 1 dest 589
01-01 08:42:15.166 E/[ 3.452196] [drm( 0): dp_display_init_aux_switch][msm-dp-err][79 ]failed to register notifier (-22)
01-01 08:42:15.166 E/[ 3.452284] register_client_adhoc( 0): find path.src 1 dest 589
01-01 08:42:15.166 E/[ 3.452298] register_client_adhoc( 0): Failed to find path.src 1 dest 589
01-01 08:42:15.166 E/[ 3.452415] [drm( 0): dp_display_init_aux_switch][msm-dp-err][79 ]failed to register notifier (-22)
01-01 08:42:15.166 E/[ 3.452450] register_client_adhoc( 0): find path.src 1 dest 589
01-01 08:42:15.166 E/[ 3.452464] register_client_adhoc( 0): Failed to find path.src 1 dest 589
01-01 08:42:15.166 E/[ 3.452576] [drm( 0): dp_display_init_aux_switch][msm-dp-err][79 ]failed to register notifier (-22)
01-01 08:42:15.166 E/[ 3.452662] register_client_adhoc( 0): find path.src 1 dest 589
01-01 08:42:15.166 E/[ 3.452676] register_client_adhoc( 0): Failed to find path.src 1 dest 589
01-01 08:42:15.166 E/[ 3.452798] [drm( 0): dp_display_init_aux_switch][msm-dp-err][79 ]failed to register notifier (-22)
01-01 08:42:15.166 E/[ 3.456053] register_client_adhoc( 0): find path.src 1 dest 589
01-01 08:42:15.166 E/[ 3.456071] register_client_adhoc( 0): Failed to find path.src 1 dest 589
01-01 08:42:15.166 E/[ 3.456223] [drm( 0): dp_display_init_aux_switch][msm-dp-err][79 ]failed to register notifier (-22)
01-01 08:42:15.166 E/[ 3.463925] register_client_adhoc( 0): find path.src 1 dest 589
01-01 08:42:15.166 E/[ 3.463953] register_client_adhoc( 0): Failed to find path.src 1 dest 589
01-01 08:42:15.166 E/[ 3.464168] [drm( 0): dp_display_init_aux_switch][msm-dp-err][79 ]failed to register notifier (-22)
01-01 08:42:15.166 E/[ 3.464545] register_client_adhoc( 0): find path.src 1 dest 589
01-01 08:42:15.166 E/[ 3.464563] register_client_adhoc( 0): Failed to find path.src 1 dest 589
01-01 08:42:15.166 E/[ 3.464725] [drm( 0): dp_display_init_aux_switch][msm-dp-err][78 ]failed to register notifier (-22)
01-01 08:42:15.166 E/[ 3.465746] register_client_adhoc( 0): find path.src 1 dest 589
01-01 08:42:15.166 E/[ 3.465763] register_client_adhoc( 0): Failed to find path.src 1 dest 589
01-01 08:42:15.166 E/[ 3.465907] [drm( 0): dp_display_init_aux_switch][msm-dp-err][78 ]failed to register notifier (-22)
01-01 08:42:15.166 E/[ 3.466085] register_client_adhoc( 0): find path.src 1 dest 589
01-01 08:42:15.166 E/[ 3.466100] register_client_adhoc( 0): Failed to find path.src 1 dest 589
01-01 08:42:15.166 E/[ 3.466233] [drm( 0): dp_display_init_aux_switch][msm-dp-err][78 ]failed to register notifier (-22)
01-01 08:42:15.166 E/ ( 0): [ 3.466349] kona-pinctrl f000000.pinctrl: invalid function func2 in map table
01-01 08:42:15.166 E/ ( 0): [ 3.466354] kona-pinctrl f000000.pinctrl: invalid function func2 in map table
01-01 08:42:15.166 E/ ( 0): [ 3.466370] kona-pinctrl f000000.pinctrl: invalid function func2 in map table
01-01 08:42:15.166 E/ ( 0): [ 3.466373] kona-pinctrl f000000.pinctrl: invalid function func2 in map table
01-01 08:42:15.166 E/[ 3.466407] register_client_adhoc( 0): find path.src 1 dest 589
01-01 08:42:15.166 E/[ 3.466422] register_client_adhoc( 0): Failed to find path.src 1 dest 589
01-01 08:42:15.166 E/[ 3.466551] [drm( 0): dp_display_init_aux_switch][msm-dp-err][78 ]failed to register notifier (-22)
01-01 08:42:15.166 E/[ 3.483393] register_client_adhoc( 0): find path.src 1 dest 589
01-01 08:42:15.166 E/[ 3.483430] register_client_adhoc( 0): Failed to find path.src 1 dest 589
01-01 08:42:15.166 E/[ 3.483647] [drm( 0): dp_display_init_aux_switch][msm-dp-err][78 ]failed to register notifier (-22)
01-01 08:42:15.166 E/[ 3.483858] register_client_adhoc( 0): find path.src 1 dest 589
01-01 08:42:15.166 E/[ 3.483877] register_client_adhoc( 0): Failed to find path.src 1 dest 589
01-01 08:42:15.166 E/[ 3.484030] [drm( 0): dp_display_init_aux_switch][msm-dp-err][78 ]failed to register notifier (-22)
01-01 08:42:15.166 E/[ 3.484220] register_client_adhoc( 0): find path.src 1 dest 589
01-01 08:42:15.166 E/[ 3.484237] register_client_adhoc( 0): Failed to find path.src 1 dest 589
01-01 08:42:15.166 E/[ 3.484383] [drm( 0): dp_display_init_aux_switch][msm-dp-err][78 ]failed to register notifier (-22)
01-01 08:42:15.166 E/[ 3.484569] register_client_adhoc( 0): find path.src 1 dest 589
01-01 08:42:15.166 E/[ 3.484584] register_client_adhoc( 0): Failed to find path.src 1 dest 589
01-01 08:42:15.166 E/[ 3.484713] [drm( 0): dp_display_init_aux_switch][msm-dp-err][78 ]failed to register notifier (-22)
01-01 08:42:15.166 E/[ 3.484899] register_client_adhoc( 0): find path.src 1 dest 589
01-01 08:42:15.166 E/[ 3.484914] register_client_adhoc( 0): Failed to find path.src 1 dest 589
01-01 08:42:15.166 E/[ 3.485042] [drm( 0): dp_display_init_aux_switch][msm-dp-err][78 ]failed to register notifier (-22)
01-01 08:42:15.166 E/[ 3.485223] register_client_adhoc( 0): find path.src 1 dest 589
01-01 08:42:15.166 E/[ 3.485237] register_client_adhoc( 0): Failed to find path.src 1 dest 589
01-01 08:42:15.166 E/[ 3.485364] [drm( 0): dp_display_init_aux_switch][msm-dp-err][78 ]failed to register notifier (-22)
01-01 08:42:15.166 E/[ 3.485542] register_client_adhoc( 0): find path.src 1 dest 589
01-01 08:42:15.166 E/[ 3.485557] register_client_adhoc( 0): Failed to find path.src 1 dest 589
01-01 08:42:15.166 E/[ 3.485680] [drm( 0): dp_display_init_aux_switch][msm-dp-err][78 ]failed to register notifier (-22)
01-01 08:42:15.166 E/[ 3.485859] register_client_adhoc( 0): find path.src 1 dest 589
01-01 08:42:15.166 E/[ 3.485873] register_client_adhoc( 0): Failed to find path.src 1 dest 589
01-01 08:42:15.166 E/[ 3.485998] [drm( 0): dp_display_init_aux_switch][msm-dp-err][78 ]failed to register notifier (-22)
01-01 08:42:15.166 E/ ( 0): [ 3.549958] Trying to create more than 6 SchedTune boosting groups
01-01 08:42:15.166 E/ ( 0): [ 3.550100] Trying to create more than 6 SchedTune boosting groups
01-01 08:42:15.166 I/ ( 0): [ 3.560394] Registered swp emulation handler
01-01 08:42:15.166 I/[ 3.571959] binder( 0): 513:513 ioctl 40046210 7fd9ad3874 returned -22
01-01 08:42:15.166 I/[ 3.576563] logd.auditd( 0): start
01-01 08:42:15.168 I/[ 3.580434] binder( 0): 514:514 ioctl 40046210 7ffce07ec4 returned -22
01-01 08:42:15.169 F/libc ( 516): crash_dump helper failed to exec, or was killed
01-01 08:42:15.173 I/[ 3.590695] init( 0): wait for '/dev/block/platform/soc/1d84000.ufshc' took 0ms
01-01 08:42:15.177 I/ ( 0): [ 3.593329] tsnv tsnv_init register TSNV Driver v0.01
01-01 08:42:15.177 I/[ 3.593450] init( 0): wait for '/dev/qseecom' took 0ms
01-01 08:42:15.185 E/ ( 0): [ 3.602433] FAT-fs (sde51): bogus number of reserved sectors
01-01 08:42:15.185 I/ ( 0): [ 3.602440] FAT-fs (sde51): Can't find a valid FAT filesystem
01-01 08:42:15.190 I/[ 3.607021] fsck_msdos( 0): ** /dev/block/bootdevice/by-name/spunvm
01-01 08:42:15.190 I/[ 3.607032] fsck_msdos( 0): Can't open `/dev/block/bootdevice/by-name/spunvm'
01-01 08:42:15.190 I/[ 3.607061] fsck_msdos( 0): fsck_msdos terminated by exit(8)
01-01 08:42:15.190 I/ ( 0): [ 3.607061]
01-01 08:42:15.190 E/ ( 0): [ 3.607598] FAT-fs (sde51): bogus number of reserved sectors
01-01 08:42:15.190 I/ ( 0): [ 3.607601] FAT-fs (sde51): Can't find a valid FAT filesystem
01-01 08:42:15.191 I/[ 3.609748] binder( 0): 512:512 ioctl 40046210 7fc96d95e4 returned -22
01-01 08:42:15.193 I/ ( 0): [ 3.611187] EXT4-fs (sde9): mounted filesystem with ordered data mode. Opts: barrier=1
01-01 08:42:15.205 I/[ 3.623583] e2fsck( 0): e2fsck 1.45.4 (23-Sep-2019)
01-01 08:42:15.205 I/[ 3.623867] e2fsck( 0): ext2fs_check_if_mount: Permission denied while determining whether /dev/block/bootdevice/by-name/persist is mounted.
01-01 08:42:15.205 I/[ 3.623873] e2fsck( 0): /system/bin/e2fsck: Device or resource busy while trying to open /dev/block/bootdevice/by-name/persist
01-01 08:42:15.205 I/[ 3.623876] e2fsck( 0): Filesystem mounted or opened exclusively by another program?
01-01 08:42:15.206 I/[ 3.624272] e2fsck( 0): e2fsck terminated by exit(8)
01-01 08:42:15.206 I/ ( 0): [ 3.624272] --------- beginning of system
01-01 08:42:15.209 I/vold ( 528): Vold 3.0 (the awakening) firing up
01-01 08:42:15.209 D/vold ( 528): Detected support for: ext4 f2fs vfat
01-01 08:42:15.210 D/vold ( 528): Found unmanaged dm device named system_ext_a
01-01 08:42:15.210 D/vold ( 528): Found unmanaged dm device named odm_a
01-01 08:42:15.210 D/vold ( 528): Found unmanaged dm device named system_a
01-01 08:42:15.210 D/vold ( 528): Found unmanaged dm device named vendor-verity
01-01 08:42:15.210 D/vold ( 528): Found unmanaged dm device named vendor_a
01-01 08:42:15.210 D/vold ( 528): Found unmanaged dm device named system_ext-verity
01-01 08:42:15.210 D/vold ( 528): Found unmanaged dm device named odm-verity
01-01 08:42:15.210 D/vold ( 528): Found unmanaged dm device named product-verity
01-01 08:42:15.210 D/vold ( 528): Found unmanaged dm device named system-verity
01-01 08:42:15.210 D/vold ( 528): Found unmanaged dm device named product_a
01-01 08:42:15.211 I/vold ( 528): [libfs_mgr]dt_fstab: Skip disabled entry for partition vendor
01-01 08:42:15.211 I/vold ( 528): [libfs_mgr]GetFstabPath()fstab_path:/odm/etc/fstab.default
01-01 08:42:15.211 I/vold ( 528): [libfs_mgr]GetFstabPath()fstab_path:/vendor/etc/fstab.default
01-01 08:42:15.211 I/vold ( 528): [libfs_mgr]GetFstabPath()fstab_path:/system/etc/fstab.default
01-01 08:42:15.211 I/vold ( 528): [libfs_mgr]GetFstabPath()fstab_path:/first_stage_ramdisk/system/etc/fstab.default
01-01 08:42:15.211 I/vold ( 528): [libfs_mgr]GetFstabPath()fstab_path:/fstab.default
01-01 08:42:15.211 I/vold ( 528): [libfs_mgr]GetFstabPath()fstab_path:/first_stage_ramdisk/fstab.default
01-01 08:42:15.211 I/vold ( 528): [libfs_mgr]GetFstabPath()fstab_path:/odm/etc/fstab.qcom
01-01 08:42:15.211 I/vold ( 528): [libfs_mgr]GetFstabPath()fstab_path:/vendor/etc/fstab.qcom
01-01 08:42:15.211 I/vold ( 528): [libfs_mgr]GetFstabPath()fstab_path.c_str():/vendor/etc/fstab.qcom
01-01 08:42:15.212 I/[ 3.630026] binder( 0): 528:528 ioctl 40046210 7ff9968144 returned -22
01-01 08:42:15.212 I/[ 3.630102] binder( 0): 528:528 ioctl 40046210 7ff99680e4 returned -22
01-01 08:42:15.212 D/vold ( 528): VoldNativeService::start() completed OK
01-01 08:42:15.220 I/[ 3.637071] binder( 0): 564:564 ioctl 40046210 7fc5237394 returned -22
01-01 08:42:15.220 D/[ 3.637110] ProcessState( 0): Binder ioctl to enable oneway spam detection failed: Invalid argument
01-01 08:42:15.220 D/[ 3.637393] vdc( 0): Waited 0ms for vold
01-01 08:42:15.228 W/ ( 0): [ 3.645970] subsys-pil-tz soc:qcom,ipa_fws: Falling back to syfs fallback for: ipa_fws.mdt
01-01 08:42:15.229 I/QISL ( 526): QSEE Interrupt Service Listener Thread is started
01-01 08:42:15.229 I/QISL ( 526): QSEE Interrupt Service Listener was activated successfully
01-01 08:42:15.229 I/[ 3.646933] init( 0): wait for '/mnt/vendor/spunvm' took 0ms
01-01 08:42:15.229 D/SPL ( 526): Call QSEECom_register_listener()
01-01 08:42:15.230 D/SPL ( 526): Registered listener sucessfully!
01-01 08:42:15.230 D/SPL ( 526): pipe read-fd [32] write-fd [33]
01-01 08:42:15.230 D/SPL ( 526): Create thread
01-01 08:42:15.230 D/SPL ( 526): Thread created sucessfully.
01-01 08:42:15.230 D/SPL ( 526): spl_dispatch() started
01-01 08:42:15.230 D/SPL ( 526): ==== Wait For Request ======
01-01 08:42:15.250 I/[ 3.666131] binder( 0): 573:573 ioctl 40046210 7fe1271ed4 returned -22
01-01 08:42:15.250 I/[ 3.666317] binder( 0): 573:573 ioctl 40046210 7fe1271e14 returned -22
01-01 08:42:15.255 D/spdaemon( 571): Firmware Name [spss2p].
01-01 08:42:15.255 D/spdaemon( 571): Prod FW.
01-01 08:42:15.255 D/spdaemon( 571): firmware_type [p].
01-01 08:42:15.255 D/spdaemon( 571): machine_name [SXR2130]
01-01 08:42:15.255 E/iardb ( 571): [iar_db_get_iar_state] failed to open file /mnt/vendor/spunvm/iar_db/iar_state.bin [13] [Permission denied]
01-01 08:42:15.255 D/iarlib ( 571): [iar_get_state] Can't get iar_state, return DISABLED
01-01 08:42:15.255 I/spdaemon( 571): IAR is not activated
01-01 08:42:15.255 D/spdaemon( 571): ------ going to start SP From kernel ------
01-01 08:42:15.255 I/spcomlib( 571): [spcom_restart_sp_subsystem] restart_sp starts
01-01 08:42:15.255 D/spcomlib( 571): [spcom_restart_sp_subsystem] restart_sp - Send PIL request [1]
01-01 08:42:15.255 I/ ( 0): [ 3.673760] SW_INIT_DONE - 2nd phase loading [spss] completed ok
01-01 08:42:15.255 I/ ( 0): [ 3.673789] PBL_DONE - 1st phase loading [spss] completed ok
01-01 08:42:15.258 E/[ 3.675530] register_client_adhoc( 0): find path.src 1 dest 589
01-01 08:42:15.258 E/[ 3.675576] register_client_adhoc( 0): Failed to find path.src 1 dest 589
01-01 08:42:15.258 E/[ 3.676125] [drm( 0): dp_display_init_aux_switch][msm-dp-err][78 ]failed to register notifier (-22)
01-01 08:42:15.257 D/spcomlib( 571): [spcom_restart_sp_subsystem] restart_sp - Restart SP command ok.
01-01 08:42:15.258 D/spcomlib( 571): [spcom_signal_event] event [0] [pil_called] EVENT_STATUS_SIGNALED
01-01 08:42:15.258 I/spcomlib( 571): [spcom_reset_all_app_loaded_prop] start reset all spcomlib apploaded props.
01-01 08:42:15.270 I/[ 3.687361] wait_for_keymaster( 0): Waiting for Keymaster device
01-01 08:42:15.270 I/[ 3.687422] binder( 0): 585:585 ioctl 40046210 7fcb44afc4 returned -22
01-01 08:42:15.270 D/[ 3.687430] ProcessState( 0): Binder ioctl to enable oneway spam detection failed: Invalid argument
01-01 08:42:15.282 I/[ 3.699163] binder( 0): 575:575 ioctl 40046210 7fc6220a84 returned -22
01-01 08:42:15.286 I/[ 3.703763] binder( 0): 575:588 ioctl 40046210 74c7259154 returned -22
01-01 08:42:15.336 I/ ( 0): [ 3.752986] subsys-pil-tz soc:qcom,ipa_fws: ipa_fws: loading from 0x0000000086810000 to 0x0000000086819000
01-01 08:42:15.336 W/ ( 0): [ 3.754806] subsys-pil-tz soc:qcom,ipa_fws: Falling back to syfs fallback for: ipa_fws.b03
01-01 08:42:15.336 W/ ( 0): [ 3.754813] subsys-pil-tz soc:qcom,ipa_fws: Falling back to syfs fallback for: ipa_fws.b02
01-01 08:42:15.336 W/ ( 0): [ 3.754840] subsys-pil-tz soc:qcom,ipa_fws: Falling back to syfs fallback for: ipa_fws.b04
01-01 08:42:15.341 I/ ( 0): [ 3.759332] subsys-pil-tz soc:qcom,ipa_fws: ipa_fws: Brought out of reset
01-01 08:42:15.341 I/ ( 0): [ 3.759453] IPA FW loaded successfully
01-01 08:42:15.342 E/ ( 0): [ 3.759890] gsi soc:qcom,msm_gsi: gsi_register_device:1203 GSI irq is wake enabled 34
01-01 08:42:15.346 I/ ( 0): [ 3.761722] rmnet_ipa3 started initialization
01-01 08:42:15.346 I/ ( 0): [ 3.761764] IPA SSR support = True
01-01 08:42:15.346 I/ ( 0): [ 3.761766] IPA SG support = True
01-01 08:42:15.346 I/ ( 0): [ 3.761768] IPA Napi Enable = True
01-01 08:42:15.346 I/ ( 0): [ 3.761770] using default for wan-rx-desc-size = 256
01-01 08:42:15.346 I/ ( 0): [ 3.761780] IPA driver initialization was successful.
01-01 08:42:15.346 W/ ( 0): [ 3.761811] subsys-pil-tz soc:qcom,ipa_uc: Falling back to syfs fallback for: ipa_uc.mdt
01-01 08:42:15.346 E/ ( 0): [ 3.762195] ipa-wan ipa3_wwan_probe:2530 rmnet_ipa completed initialization
01-01 08:42:15.350 I/ ( 0): [ 3.766499] subsys-pil-tz soc:qcom,ipa_uc: ipa_uc: loading from 0x0000000086800000 to 0x0000000086810000
01-01 08:42:15.350 W/ ( 0): [ 3.768344] subsys-pil-tz soc:qcom,ipa_uc: Falling back to syfs fallback for: ipa_uc.b02
01-01 08:42:15.358 I/ ( 0): [ 3.772117] subsys-pil-tz soc:qcom,ipa_uc: ipa_uc: Brought out of reset
01-01 08:42:15.358 E/ ( 0): [ 3.772197] ipa ipa3_uc_wdi_event_log_info_handler:351 WDI protocol missing 0x21
01-01 08:42:15.358 E/ ( 0): [ 3.772202] ipa ipa3_uc_ntn_event_log_info_handler:34 NTN stats ofst=0x500e0
01-01 08:42:15.842 E/ ( 0): [ 4.256044] atmel_mxt_ts 0-004a: Wait for completion timed out.
01-01 08:42:15.842 I/ ( 0): [ 4.256874] atmel_mxt_ts 0-004a: T6 Config Checksum: 0x8852D1
01-01 08:42:15.842 I/ ( 0): [ 4.257560] atmel_mxt_ts 0-004a: T25 Status 0x 0 Info: 00 00 00 00 00
01-01 08:42:15.842 I/ ( 0): [ 4.257575] atmel_mxt_ts 0-004a: mxt_proc_t25_messages: Get intr gpio value: 0x0
01-01 08:42:15.842 I/ ( 0): [ 4.258152] atmel_mxt_ts 0-004a: mxt_proc_t25_messages: Read reg:0x00 val:0xa4
01-01 08:42:15.858 I/ ( 0): [ 4.274397] atmel_mxt_ts 0-004a: Config file CRC 0x8852D1 same as device CRC: No update required.
01-01 08:42:15.858 I/ ( 0): [ 4.274407] atmel_mxt_ts 0-004a: Skip update config file
01-01 08:42:15.858 I/ ( 0): [ 4.275407] atmel_mxt_ts 0-004a: Initialized power cfg: ACTV 10, IDLE 20
01-01 08:42:16.270 W/[ 4.687979] ServiceManager( 0): Waited one second for android.system.keystore2.IKeystoreService/default (is service started? are binder threads started and available?)
01-01 08:42:16.270 I/[ 4.688419] wait_for_keymaster( 0): Keymaster device ready
01-01 08:42:16.275 I/[ 4.692036] binder( 0): undelivered transaction 235, process died.
01-01 08:42:16.275 I/[ 4.693653] binder( 0): 616:616 ioctl 40046210 7fe70730f4 returned -22
01-01 08:42:16.275 D/[ 4.693683] ProcessState( 0): Binder ioctl to enable oneway spam detection failed: Invalid argument
01-01 08:42:16.275 D/[ 4.693905] vdc( 0): Waited 0ms for vold
01-01 08:42:16.292 I/[ 4.710646] binder( 0): 618:618 ioctl 40046210 7fee282944 returned -22
01-01 08:42:16.292 D/[ 4.710669] ProcessState( 0): Binder ioctl to enable oneway spam detection failed: Invalid argument
01-01 08:42:16.292 D/vold ( 528): fscrypt_mount_metadata_encrypted: /data encrypt: 0 format: 0 with null
01-01 08:42:16.293 D/vold ( 528): metadata_key_dir/key: /metadata/vold/metadata_encryption/key
01-01 08:42:16.294 D/[ 4.710898] vdc( 0): Waited 0ms for vold
01-01 08:42:16.294 D/vold ( 528): Key exists, using: /metadata/vold/metadata_encryption/key
01-01 08:42:16.302 D/vold ( 528): Mounting metadata-encrypted filesystem:/data
01-01 08:42:16.305 I/vold ( 528): [libfs_mgr]Running /system/bin/fsck.f2fs -a -c 10000 --debug-cache /dev/block/dm-10
01-01 08:42:16.310 I/[ 4.726764] fsck.f2fs( 0): Info: Fix the reported corruption.
01-01 08:42:16.310 I/[ 4.726976] fsck.f2fs( 0): Info: No support kernel version!
01-01 08:42:16.310 I/[ 4.726981] fsck.f2fs( 0): Info: Segments per section = 1
01-01 08:42:16.310 I/[ 4.726984] fsck.f2fs( 0): Info: Sections per zone = 1
01-01 08:42:16.310 I/[ 4.726986] fsck.f2fs( 0): Info: sector size = 4096
01-01 08:42:16.310 I/[ 4.726990] fsck.f2fs( 0): Info: total sectors = 28958163 (113117 MB)
01-01 08:42:16.312 I/[ 4.728122] fsck.f2fs( 0): Info: MKFS version
01-01 08:42:16.312 I/[ 4.728126] fsck.f2fs( 0): "4.19.157-perf+ #1 SMP PREEMPT Tue Jun 27 00:27:23 CST 2023"
01-01 08:42:16.312 I/[ 4.728128] fsck.f2fs( 0): Info: FSCK version
01-01 08:42:16.312 I/[ 4.728131] fsck.f2fs( 0): from "4.19.157-perf+"
01-01 08:42:16.338 I/ ( 0): [ 4.753997] F2FS-fs (dm-10): Found nat_bits in checkpoint
01-01 08:42:16.389 I/ ( 0): [ 4.807457] F2FS-fs (dm-10): Mounted with checkpoint version = 388f3f62
01-01 08:42:16.389 I/vold ( 528): [libfs_mgr]__mount(source=/dev/block/dm-10,target=/data,type=f2fs)=0: Success
01-01 08:42:16.389 D/vold ( 528): Mounted /data
01-01 08:42:16.389 D/vold ( 528): Disk at 252:10 changed
01-01 08:42:16.400 I/[ 4.818611] binder( 0): 625:625 ioctl 40046210 7fc12c7114 returned -22
01-01 08:42:16.400 D/[ 4.818647] ProcessState( 0): Binder ioctl to enable oneway spam detection failed: Invalid argument
01-01 08:42:16.400 D/[ 4.818900] vdc( 0): Waited 0ms for vold
01-01 08:42:16.400 I/Checkpoint( 528): cp_prepareCheckpoint called
01-01 08:42:16.407 I/[ 4.825479] binder( 0): 627:627 ioctl 40046210 7ff1abafe4 returned -22
01-01 08:42:16.407 D/[ 4.825502] ProcessState( 0): Binder ioctl to enable oneway spam detection failed: Invalid argument
01-01 08:42:16.407 D/[ 4.825708] vdc( 0): Waited 0ms for vold
01-01 08:42:16.407 I/vold ( 528): fscrypt_initialize_systemwide_keys
01-01 08:42:16.408 D/vold ( 528): Key exists, using: /data/unencrypted/key
01-01 08:42:16.418 D/vold ( 528): Installed fscrypt key with ref 979dfd8b92e994172d26eaf5cb1ffcea to /data
01-01 08:42:16.418 D/vold ( 528): Added fscrypt-provisioning key for 979dfd8b92e994172d26eaf5cb1ffcea to session keyring
01-01 08:42:16.419 I/vold ( 528): Wrote system DE key reference to:/data/unencrypted/ref
01-01 08:42:16.419 D/vold ( 528): Generating wrapped storage key
01-01 08:42:16.420 E/vold ( 528): keystore2 Keystore generateKey returned service specific error: -67
01-01 08:42:16.420 W/vold ( 528): Failed to generate rollback-resistant key. This is expected if keymaster doesn't support rollback resistance. Falling back to non-rollback-resistant key.
01-01 08:42:16.425 D/spcomlib( 624): [spcom_register_service] spcom_register_service() name [sp_keymaster_ssr] pid [523903007920]
01-01 08:42:16.425 D/spcomlib( 624): [spcom_open] ch [sp_keymaster_ssr] doesn't exist, create it.
01-01 08:42:16.425 D/spcomlib( 624): [spcom_create_channel] Create Channel [sp_keymaster_ssr].
01-01 08:42:16.426 D/vold ( 528): Installed fscrypt key with ref 83cb089ec74714e4dfe1e5acd09c1991 to /data
01-01 08:42:16.426 D/vold ( 528): Added fscrypt-provisioning key for 83cb089ec74714e4dfe1e5acd09c1991 to session keyring
01-01 08:42:16.427 I/vold ( 528): Wrote per boot key reference to:/data/unencrypted/per_boot_ref
01-01 08:42:16.428 I/[ 4.846530] fscrypt( 0): AES-256-CTS-CBC using implementation "cts(cbc-aes-ce)"
01-01 08:42:16.439 I/[ 4.857220] binder( 0): 635:635 ioctl 40046210 7fc0abe104 returned -22
01-01 08:42:16.439 D/[ 4.857243] ProcessState( 0): Binder ioctl to enable oneway spam detection failed: Invalid argument
01-01 08:42:16.439 D/[ 4.857472] vdc( 0): Waited 0ms for vold
01-01 08:42:16.439 I/incfs ( 528): Initial API level of the device: 30
01-01 08:42:16.439 I/incfs ( 528): ro.incremental.enable: 1
01-01 08:42:16.439 I/incfs ( 528): isFsAvailable: true
01-01 08:42:16.439 I/incfs ( 528): isFsAvailable: true
01-01 08:42:16.439 I/incfs ( 528): IncFs_Features: v1
01-01 08:42:16.446 D/spcomlib( 624): [add_ssr_cb] ssr cb added!
01-01 08:42:16.446 D/spcomlib( 624): [start_ssr_thread] ch [spcom] ready!
01-01 08:42:16.447 D/spcomlib( 624): [start_ssr_thread] main pthread self_id [0xfb0d7cb0].
01-01 08:42:16.447 D/spcomlib( 624): [start_ssr_thread] pthread_create() ret [0] thread-id [0xf9fd9cb0].
01-01 08:42:16.447 D/spcomlib( 624): [start_ssr_thread] Wait for SSR thread to run.
01-01 08:42:16.447 D/spcomlib( 624): [notify_ssr_thread] SSR pthread self_id [0xf9fd9cb0].
01-01 08:42:16.447 D/spcomlib( 624): [start_ssr_thread] pthread_cond_wait() ret [0].
01-01 08:42:16.447 D/spcomlib( 624): [start_ssr_thread] done.
01-01 08:42:16.447 D/spcomlib( 624): [add_ch] add ch [sp_keymaster_ssr].
01-01 08:42:16.447 D/spcomlib( 624): [spcom_register_service] spcom_register_service() name [sp_keymaster_ssr] pid [523903007920] done
01-01 08:42:16.449 E/vold ( 528): keystore2 Keystore earlyBootEnded returned service specific error: -68
01-01 08:42:16.459 I/[ 4.876933] apexd( 0): This device does not support updatable APEX. Exiting
01-01 08:42:16.459 I/[ 4.876950] apexd( 0): Marking APEXd as activated
01-01 08:42:16.497 I/[ 4.915413] binder( 0): 642:642 ioctl 40046210 7ff4dc7e54 returned -22
01-01 08:42:16.497 D/[ 4.915445] ProcessState( 0): Binder ioctl to enable oneway spam detection failed: Invalid argument
01-01 08:42:16.497 D/[ 4.915695] vdc( 0): Waited 0ms for vold
01-01 08:42:16.497 D/vold ( 528): fscrypt_init_user0
01-01 08:42:16.497 D/vold ( 528): Preparing: /data/misc/vold/user_keys
01-01 08:42:16.498 D/vold ( 528): Preparing: /data/misc/vold/user_keys/ce
01-01 08:42:16.498 D/vold ( 528): Preparing: /data/misc/vold/user_keys/de
01-01 08:42:16.508 D/vold ( 528): Installed fscrypt key with ref 6337326da933258b5e7ccdfcf83f6b64 to /data
01-01 08:42:16.509 D/vold ( 528): Added fscrypt-provisioning key for 6337326da933258b5e7ccdfcf83f6b64 to session keyring
01-01 08:42:16.509 D/vold ( 528): Installed de key for user 0
01-01 08:42:16.509 D/vold ( 528): fscrypt_prepare_user_storage for volume null, user 0, serial 0, flags 1
01-01 08:42:16.509 D/vold ( 528): Preparing: /data/system/users/0
01-01 08:42:16.509 D/vold ( 528): Preparing: /data/misc/profiles/cur/0
01-01 08:42:16.509 D/vold ( 528): Preparing: /data/system_de/0
01-01 08:42:16.510 D/vold ( 528): Preparing: /data/misc_de/0
01-01 08:42:16.510 D/vold ( 528): Preparing: /data/vendor_de/0
01-01 08:42:16.510 D/vold ( 528): Preparing: /data/user_de/0
01-01 08:42:16.510 I/vold ( 528): Verified that /data/system_de/0 has the encryption policy 6337326da933258b5e7ccdfcf83f6b64 v2 modes 1/4 flags 0xa
01-01 08:42:16.510 I/vold ( 528): Verified that /data/misc_de/0 has the encryption policy 6337326da933258b5e7ccdfcf83f6b64 v2 modes 1/4 flags 0xa
01-01 08:42:16.510 I/vold ( 528): Verified that /data/vendor_de/0 has the encryption policy 6337326da933258b5e7ccdfcf83f6b64 v2 modes 1/4 flags 0xa
01-01 08:42:16.510 I/vold ( 528): Verified that /data/user_de/0 has the encryption policy 6337326da933258b5e7ccdfcf83f6b64 v2 modes 1/4 flags 0xa
01-01 08:42:16.510 D/vold ( 528): /system/bin/vold_prepare_subdirs
01-01 08:42:16.510 D/vold ( 528): prepare
01-01 08:42:16.510 D/vold ( 528):
01-01 08:42:16.510 D/vold ( 528): 0
01-01 08:42:16.510 D/vold ( 528): 1
01-01 08:42:16.526 D/vold ( 528): Detected support for FS_IOC_ADD_ENCRYPTION_KEY
01-01 08:42:16.562 I/[ 4.978642] apexd( 0): This device does not support updatable APEX. Exiting
01-01 08:42:16.562 I/[ 4.978653] apexd( 0): Marking APEXd as ready
01-01 08:42:16.579 D/[ 4.997811] cnss( 0): File system is ready, fs_ready is 1, count is 1
01-01 08:42:16.579 D/[ 4.997815] cnss( 0): Posting event: COLD_BOOT_CAL_START(5), state: 0x0 flags: 0x0
01-01 08:42:16.579 D/[ 4.997817] cnss( 0): PM stay awake, state: 0x0, count: 1
01-01 08:42:16.579 D/[ 4.997823] cnss( 0): PM relax, state: 0x0, count: 0
01-01 08:42:16.579 D/[ 4.997828] cnss( 0): PM stay awake, state: 0x0, count: 1
01-01 08:42:16.580 D/[ 4.997830] cnss( 0): Processing driver event: COLD_BOOT_CAL_START(5), state: 0x0
01-01 08:42:16.580 D/[ 4.997833] cnss( 0): Regulator vdd-wlan-io is being enabled
01-01 08:42:16.580 D/[ 4.997835] cnss( 0): Regulator wlan-ant-switch is being enabled
01-01 08:42:16.580 D/[ 4.997927] cnss( 0): Regulator vdd-wlan-aon is being enabled
01-01 08:42:16.580 D/[ 4.997971] cnss( 0): Regulator vdd-wlan-dig is being enabled
01-01 08:42:16.582 D/[ 4.998547] cnss( 0): Regulator vdd-wlan-rfa1 is being enabled
01-01 08:42:16.582 D/[ 4.998609] cnss( 0): Regulator vdd-wlan-rfa2 is being enabled
01-01 08:42:16.582 D/[ 4.998675] cnss( 0): BT_EN_GPIO State: Off. Delay WLAN_GPIO enable
06-27 00:27:37.527 I/[ 5.096903] update_verifier( 0): Started with arg 1: nonencrypted
06-27 00:27:37.527 I/[ 5.096970] binder( 0): 671:671 ioctl 40046210 7fec5c1924 returned -22
06-27 00:27:37.527 D/[ 5.096977] hw-ProcessState( 0): Binder ioctl to enable oneway spam detection failed: Invalid argument
06-27 00:27:37.527 I/[ 5.097717] update_verifier( 0): Booting slot 0: isSlotMarkedSuccessful=1
06-27 00:27:37.527 I/[ 5.097722] update_verifier( 0): Leaving update_verifier.
06-27 00:27:37.530 D/[ 5.101060] cnss( 0): Assert WLAN_EN GPIO successfully
06-27 00:27:37.530 D/[ 5.101063] cnss( 0): Resuming PCI link
06-27 00:27:37.530 I/[ 5.101085] msm_pcie_enable( 0): PCIe: Assert the reset of endpoint of RC0.
06-27 00:27:37.535 W/ ( 0): [ 5.104082] subsys-pil-tz 17300000.qcom,lpass: Falling back to syfs fallback for: adsp.mdt
06-27 00:27:37.535 W/ ( 0): [ 5.104233] subsys-pil-tz 8300000.qcom,turing: Falling back to syfs fallback for: cdsp.mdt
06-27 00:27:37.535 I/[ 5.104303] msm_pcie_enable( 0): PCIe: RC0: PCIE20_PARF_INT_ALL_MASK: 0x7f80d202
06-27 00:27:37.536 I/[ 5.106382] pcie_phy_init( 0): PCIe RC0 PHY is ready!
06-27 00:27:37.537 I/ ( 0): [ 5.107459] subsys-pil-tz 17300000.qcom,lpass: adsp: loading from 0x000000008a100000 to 0x000000008bf00000
06-27 00:27:37.537 I/ ( 0): [ 5.107541] subsys-pil-tz 8300000.qcom,turing: cdsp: loading from 0x0000000087800000 to 0x0000000088c00000
06-27 00:27:37.542 W/ ( 0): [ 5.111205] subsys-pil-tz 8300000.qcom,turing: Falling back to syfs fallback for: cdsp.b02
06-27 00:27:37.542 W/ ( 0): [ 5.111209] subsys-pil-tz 8300000.qcom,turing: Falling back to syfs fallback for: cdsp.b03
06-27 00:27:37.542 W/ ( 0): [ 5.111218] subsys-pil-tz 8300000.qcom,turing: Falling back to syfs fallback for: cdsp.b04
06-27 00:27:37.542 W/ ( 0): [ 5.111316] subsys-pil-tz 8300000.qcom,turing: Falling back to syfs fallback for: cdsp.b05
06-27 00:27:37.542 W/ ( 0): [ 5.111550] subsys-pil-tz 8300000.qcom,turing: Falling back to syfs fallback for: cdsp.b06
06-27 00:27:37.542 W/ ( 0): [ 5.111609] subsys-pil-tz 8300000.qcom,turing: Falling back to syfs fallback for: cdsp.b08
06-27 00:27:37.542 W/ ( 0): [ 5.111978] subsys-pil-tz 8300000.qcom,turing: Falling back to syfs fallback for: cdsp.b09
06-27 00:27:37.542 W/ ( 0): [ 5.112162] subsys-pil-tz 8300000.qcom,turing: Falling back to syfs fallback for: cdsp.b11
06-27 00:27:37.543 W/ ( 0): [ 5.113275] subsys-pil-tz 17300000.qcom,lpass: Falling back to syfs fallback for: adsp.b02
06-27 00:27:37.544 W/ ( 0): [ 5.113863] subsys-pil-tz 17300000.qcom,lpass: Falling back to syfs fallback for: adsp.b03
06-27 00:27:37.544 W/ ( 0): [ 5.114155] subsys-pil-tz 17300000.qcom,lpass: Falling back to syfs fallback for: adsp.b04
06-27 00:27:37.544 W/ ( 0): [ 5.114286] subsys-pil-tz 17300000.qcom,lpass: Falling back to syfs fallback for: adsp.b05
06-27 00:27:37.544 W/ ( 0): [ 5.114341] subsys-pil-tz 17300000.qcom,lpass: Falling back to syfs fallback for: adsp.b06
06-27 00:27:37.544 W/ ( 0): [ 5.114399] subsys-pil-tz 17300000.qcom,lpass: Falling back to syfs fallback for: adsp.b07
06-27 00:27:37.544 W/ ( 0): [ 5.114456] subsys-pil-tz 17300000.qcom,lpass: Falling back to syfs fallback for: adsp.b08
06-27 00:27:37.544 W/ ( 0): [ 5.114979] subsys-pil-tz 17300000.qcom,lpass: Falling back to syfs fallback for: adsp.b09
06-27 00:27:37.544 W/ ( 0): [ 5.115085] subsys-pil-tz 17300000.qcom,lpass: Falling back to syfs fallback for: adsp.b10
06-27 00:27:37.544 W/ ( 0): [ 5.115136] subsys-pil-tz 17300000.qcom,lpass: Falling back to syfs fallback for: adsp.b11
06-27 00:27:37.545 W/ ( 0): [ 5.115806] subsys-pil-tz 17300000.qcom,lpass: Falling back to syfs fallback for: adsp.b12
06-27 00:27:37.545 W/ ( 0): [ 5.115983] subsys-pil-tz 17300000.qcom,lpass: Falling back to syfs fallback for: adsp.b13
06-27 00:27:37.545 W/ ( 0): [ 5.116053] subsys-pil-tz 17300000.qcom,lpass: Falling back to syfs fallback for: adsp.b14
06-27 00:27:37.545 W/ ( 0): [ 5.116168] subsys-pil-tz 17300000.qcom,lpass: Falling back to syfs fallback for: adsp.b15
06-27 00:27:37.546 W/ ( 0): [ 5.116299] subsys-pil-tz 17300000.qcom,lpass: Falling back to syfs fallback for: adsp.b16
06-27 00:27:37.546 W/ ( 0): [ 5.116350] subsys-pil-tz 17300000.qcom,lpass: Falling back to syfs fallback for: adsp.b17
06-27 00:27:37.546 I/[ 5.116405] msm_pcie_enable( 0): PCIe: Release the reset of endpoint of RC0.
06-27 00:27:37.546 W/ ( 0): [ 5.116605] subsys-pil-tz 17300000.qcom,lpass: Falling back to syfs fallback for: adsp.b18
06-27 00:27:37.552 I/[ 5.122496] binder( 0): 672:672 ioctl 40046210 7ff3164ef4 returned -22
06-27 00:27:37.563 I/[ 5.133477] msm_pcie_link_train( 0): PCIe RC0 link initialized
06-27 00:27:37.578 I/ ( 0): [ 5.148055] cnss_pci 0000:01:00.0: enabling device (0000 -> 0002)
06-27 00:27:37.578 D/[ 5.148271] cnss( 0): Read register offset 0x1f8031c, val = 0x6
06-27 00:27:37.578 D/[ 5.148276] cnss( 0): Write val 0x2 to register offset 0x1f8031c
06-27 00:27:37.578 D/[ 5.148279] cnss( 0): Setting MHI state: INIT(0)
06-27 00:27:37.578 D/[ 5.149267] cnss( 0): Setting MHI state: POWER_ON(2)
06-27 00:27:37.579 W/ ( 0): [ 5.150041] cnss_pci 0000:01:00.0: Falling back to syfs fallback for: qca6390/amss20.bin
06-27 00:27:37.585 I/ ( 0): [ 5.154959] subsys-pil-tz 8300000.qcom,turing: cdsp: Brought out of reset
06-27 00:27:37.594 I/ ( 0): [ 5.164381] subsys-pil-tz 8300000.qcom,turing: Subsystem error monitoring/handling services are up
06-27 00:27:37.594 I/ ( 0): [ 5.164394] subsys-pil-tz 8300000.qcom,turing: cdsp: Power/Clock ready interrupt received
06-27 00:27:37.594 I/[ 5.164682] adsprpc( 0): fastrpc_restart_notifier_cb: cdsp subsystem is up
06-27 00:27:37.594 I/[ 5.164892] qcom_smd_qrtr_probe( 0): Entered
06-27 00:27:37.596 E/[ 5.165867] register_client_adhoc( 0): find path.src 1 dest 589
06-27 00:27:37.596 E/[ 5.165939] register_client_adhoc( 0): Failed to find path.src 1 dest 589
06-27 00:27:37.596 I/[ 5.166007] qcom_smd_qrtr_probe( 0): SMD QRTR driver probed
06-27 00:27:37.596 I/[ 5.166494] msm_cvp( 0): info: Opening cvp instance: 0000000000000000
06-27 00:27:37.596 I/ ( 0): [ 5.166549] msm_cvp_v4l2 ab00000.qcom,cvp: Linked as a consumer to regulator.77
06-27 00:27:37.596 I/ ( 0): [ 5.166558] msm_cvp_v4l2 ab00000.qcom,cvp: Linked as a consumer to regulator.76
06-27 00:27:37.599 E/[ 5.169840] [drm( 0): dp_display_init_aux_switch][msm-dp-err][123 ]failed to register notifier (-22)
06-27 00:27:37.599 W/ ( 0): [ 5.169979] subsys-pil-tz 9800000.qcom,npu: Falling back to syfs fallback for: npu.mdt
06-27 00:27:37.599 E/[ 5.170157] register_client_adhoc( 0): find path.src 1 dest 589
06-27 00:27:37.600 E/[ 5.170179] register_client_adhoc( 0): Failed to find path.src 1 dest 589
06-27 00:27:37.600 E/[ 5.170489] [drm( 0): dp_display_init_aux_switch][msm-dp-err][123 ]failed to register notifier (-22)
06-27 00:27:37.600 E/[ 5.170724] register_client_adhoc( 0): find path.src 1 dest 589
06-27 00:27:37.600 E/[ 5.170738] register_client_adhoc( 0): Failed to find path.src 1 dest 589
06-27 00:27:37.601 E/[ 5.170924] [drm( 0): dp_display_init_aux_switch][msm-dp-err][123 ]failed to register notifier (-22)
06-27 00:27:37.601 I/[ 5.171061] adsprpc( 0): fastrpc_rpmsg_probe: opened rpmsg channel for cdsp
06-27 00:27:37.601 I/[ 5.171139] subsys-restart( 0): __subsystem_get(): Changing subsys fw_name to cvpss
06-27 00:27:37.601 W/ ( 0): [ 5.171157] subsys-pil-tz abb0000.qcom,cvpss: Falling back to syfs fallback for: cvpss.mdt
06-27 00:27:37.605 E/[ 5.172322] register_client_adhoc( 0): find path.src 1 dest 589
06-27 00:27:37.605 E/[ 5.172368] register_client_adhoc( 0): Failed to find path.src 1 dest 589
06-27 00:27:37.605 E/[ 5.172929] [drm( 0): dp_display_init_aux_switch][msm-dp-err][737 ]failed to register notifier (-22)
06-27 00:27:37.614 I/ ( 0): [ 5.181412] subsys-pil-tz abb0000.qcom,cvpss: cvpss: loading from 0x0000000087300000 to 0x0000000087800000
06-27 00:27:37.614 I/ ( 0): [ 5.184182] subsys-pil-tz 9800000.qcom,npu: npu: loading from 0x0000000086900000 to 0x0000000086e00000
06-27 00:27:37.634 I/[ 5.204918] binder( 0): 673:673 ioctl 40046210 7fc749caa4 returned -22
06-27 00:27:37.635 I/[ 5.205592] binder( 0): 673:673 ioctl 40046210 7fc749ccb4 returned -22
06-27 00:27:37.654 I/ ( 0): [ 5.225239] subsys-pil-tz 17300000.qcom,lpass: adsp: Brought out of reset
06-27 00:27:37.656 W/ ( 0): [ 5.227188] subsys-pil-tz abb0000.qcom,cvpss: Falling back to syfs fallback for: cvpss.b02
06-27 00:27:37.657 W/ ( 0): [ 5.227679] subsys-pil-tz abb0000.qcom,cvpss: Falling back to syfs fallback for: cvpss.b03
06-27 00:27:37.657 W/ ( 0): [ 5.227682] subsys-pil-tz abb0000.qcom,cvpss: Falling back to syfs fallback for: cvpss.b04
06-27 00:27:37.657 W/ ( 0): [ 5.227690] subsys-pil-tz abb0000.qcom,cvpss: Falling back to syfs fallback for: cvpss.b05
06-27 00:27:37.657 W/ ( 0): [ 5.227743] subsys-pil-tz abb0000.qcom,cvpss: Falling back to syfs fallback for: cvpss.b06
06-27 00:27:37.657 W/ ( 0): [ 5.227756] subsys-pil-tz abb0000.qcom,cvpss: Falling back to syfs fallback for: cvpss.b07
06-27 00:27:37.657 W/ ( 0): [ 5.227788] subsys-pil-tz abb0000.qcom,cvpss: Falling back to syfs fallback for: cvpss.b08
06-27 00:27:37.657 W/ ( 0): [ 5.227805] subsys-pil-tz abb0000.qcom,cvpss: Falling back to syfs fallback for: cvpss.b09
06-27 00:27:37.657 W/ ( 0): [ 5.227842] subsys-pil-tz abb0000.qcom,cvpss: Falling back to syfs fallback for: cvpss.b10
06-27 00:27:37.658 W/ ( 0): [ 5.228161] subsys-pil-tz abb0000.qcom,cvpss: Falling back to syfs fallback for: cvpss.b19
06-27 00:27:37.658 W/ ( 0): [ 5.229457] subsys-pil-tz 9800000.qcom,npu: Falling back to syfs fallback for: npu.b02
06-27 00:27:37.659 W/ ( 0): [ 5.229472] subsys-pil-tz 9800000.qcom,npu: Falling back to syfs fallback for: npu.b03
06-27 00:27:37.659 W/ ( 0): [ 5.229540] subsys-pil-tz 9800000.qcom,npu: Falling back to syfs fallback for: npu.b04
06-27 00:27:37.659 W/ ( 0): [ 5.229541] subsys-pil-tz 9800000.qcom,npu: Falling back to syfs fallback for: npu.b05
06-27 00:27:37.659 W/ ( 0): [ 5.229586] subsys-pil-tz 9800000.qcom,npu: Falling back to syfs fallback for: npu.b06
06-27 00:27:37.677 I/ ( 0): [ 5.247316] subsys-pil-tz abb0000.qcom,cvpss: cvpss: Brought out of reset
06-27 00:27:37.678 I/ ( 0): [ 5.249155] subsys-pil-tz 17300000.qcom,lpass: Subsystem error monitoring/handling services are up
06-27 00:27:37.678 I/ ( 0): [ 5.249164] subsys-pil-tz 17300000.qcom,lpass: adsp: Power/Clock ready interrupt received
06-27 00:27:37.678 I/ ( 0): [ 5.249192] qcom_rpmh DRV:apps_rsc TCS Busy, retrying RPMH message send: addr=0x30030
06-27 00:27:37.678 I/ ( 0): [ 5.249217] qcom_rpmh DRV:apps_rsc TCS Busy, retrying RPMH message send: addr=0x30040
06-27 00:27:37.681 I/[ 5.249483] adsprpc( 0): fastrpc_restart_notifier_cb: adsp subsystem is up
06-27 00:27:37.681 E/[ 5.249778] register_client_adhoc( 0): find path.src 1 dest 589
06-27 00:27:37.681 E/[ 5.249825] register_client_adhoc( 0): Failed to find path.src 1 dest 589
06-27 00:27:37.681 E/[ 5.250023] [drm( 0): dp_display_init_aux_switch][msm-dp-err][546 ]failed to register notifier (-22)
06-27 00:27:37.681 E/[ 5.250148] register_client_adhoc( 0): find path.src 1 dest 589
06-27 00:27:37.681 E/[ 5.250168] register_client_adhoc( 0): Failed to find path.src 1 dest 589
06-27 00:27:37.681 E/[ 5.250305] [drm( 0): dp_display_init_aux_switch][msm-dp-err][546 ]failed to register notifier (-22)
06-27 00:27:37.681 D/[ 5.250391] cnss( 0): DRV subsystem is connected
06-27 00:27:37.681 I/[ 5.250410] qcom_smd_qrtr_probe( 0): Entered
06-27 00:27:37.681 I/[ 5.250481] qcom_smd_qrtr_probe( 0): SMD QRTR driver probed
06-27 00:27:37.681 E/[ 5.251013] register_client_adhoc( 0): find path.src 1 dest 589
06-27 00:27:37.681 E/[ 5.251054] register_client_adhoc( 0): Failed to find path.src 1 dest 589
06-27 00:27:37.681 E/[ 5.251539] [drm( 0): dp_display_init_aux_switch][msm-dp-err][737 ]failed to register notifier (-22)
06-27 00:27:37.688 I/[ 5.258179] adsprpc( 0): fastrpc_rpmsg_probe: opened rpmsg channel for adsp
06-27 00:27:37.689 E/[ 5.259176] register_client_adhoc( 0): find path.src 1 dest 589
06-27 00:27:37.689 E/[ 5.259267] register_client_adhoc( 0): Failed to find path.src 1 dest 589
06-27 00:27:37.689 I/ ( 0): [ 5.259643] subsys-pil-tz 9800000.qcom,npu: npu: Brought out of reset
06-27 00:27:37.689 E/[ 5.259843] [drm( 0): dp_display_init_aux_switch][msm-dp-err][737 ]failed to register notifier (-22)
06-27 00:27:37.690 E/[ 5.260566] register_client_adhoc( 0): find path.src 1 dest 589
06-27 00:27:37.690 E/[ 5.260591] register_client_adhoc( 0): Failed to find path.src 1 dest 589
06-27 00:27:37.690 E/[ 5.260801] [drm( 0): dp_display_init_aux_switch][msm-dp-err][738 ]failed to register notifier (-22)
06-27 00:27:37.690 I/ ( 0): [ 5.261155] apr_tal_rpmsg qcom,glink:adsp.apr_audio_svc.-1.-1: apr_tal_rpmsg_probe: Channel[apr_audio_svc] state[Up]
06-27 00:27:37.693 E/[ 5.263008] register_client_adhoc( 0): find path.src 1 dest 589
06-27 00:27:37.695 E/[ 5.263255] register_client_adhoc( 0): Failed to find path.src 1 dest 589
06-27 00:27:37.695 E/[ 5.264085] [drm( 0): dp_display_init_aux_switch][msm-dp-err][737 ]failed to register notifier (-22)
06-27 00:27:37.719 I/[ 5.289704] msm_cvp( 0): err: Failed to create debugfs for msm_cvp
06-27 00:27:37.719 I/[ 5.289726] msm_cvp( 0): info: Closed cvp instance: 0000000000000000 session_id = 0
06-27 00:27:37.731 I/[ 5.301588] NPU_INFO( 0): npu_get_fw_caps: 236 fw caps 0:2007
06-27 00:27:37.731 W/[ 5.301592] NPU_WARN( 0): host_session_msg_hdlr: 1904 handle npu session msg when FW is disabled
06-27 00:27:37.731 I/[ 5.301595] NPU_INFO( 0): npu_get_fw_caps: 236 fw caps 1:80000005
06-27 00:27:37.731 I/[ 5.301598] NPU_INFO( 0): npu_get_fw_caps: 236 fw caps 2:0
06-27 00:27:37.731 I/[ 5.301600] NPU_INFO( 0): npu_get_fw_caps: 236 fw caps 3:0
06-27 00:27:37.731 I/[ 5.301601] NPU_INFO( 0): npu_get_fw_caps: 236 fw caps 4:0
06-27 00:27:37.731 I/[ 5.301603] NPU_INFO( 0): npu_get_fw_caps: 236 fw caps 5:0
06-27 00:27:37.731 I/[ 5.301604] NPU_INFO( 0): npu_get_fw_caps: 236 fw caps 6:0
