06-28 10:14:26.831 534 534 I auditd : avc: denied { find } for pid=14716 uid=10103 name=processinfo scontext=u:r:untrusted_app_29:s0:c103,c256,c512,c768 tcontext=u:object_r:processinfo_service:s0 tclass=service_manager permissive=0
06-28 10:14:26.833 534 534 I auditd : avc: denied { find } for pid=14721 uid=10103 name=serial scontext=u:r:untrusted_app_29:s0:c103,c256,c512,c768 tcontext=u:object_r:serial_service:s0 tclass=service_manager permissive=0
06-28 10:14:26.834 534 534 I auditd : avc: denied { find } for pid=14716 uid=10103 name=recovery scontext=u:r:untrusted_app_29:s0:c103,c256,c512,c768 tcontext=u:object_r:recovery_service:s0 tclass=service_manager permissive=0
06-28 10:14:26.836 534 534 I auditd : avc: denied { find } for pid=14716 uid=10103 name=runtime scontext=u:r:untrusted_app_29:s0:c103,c256,c512,c768 tcontext=u:object_r:runtime_service:s0 tclass=service_manager permissive=0
06-28 10:14:26.837 534 534 I auditd : avc: denied { find } for pid=14716 uid=10103 name=scheduling_policy scontext=u:r:untrusted_app_29:s0:c103,c256,c512,c768 tcontext=u:object_r:scheduling_policy_service:s0 tclass=service_manager permissive=0
06-28 10:14:26.837 534 534 I auditd : avc: denied { find } for pid=14721 uid=10103 name=soundtrigger_middleware scontext=u:r:untrusted_app_29:s0:c103,c256,c512,c768 tcontext=u:object_r:soundtrigger_middleware_service:s0 tclass=service_manager permissive=0
06-28 10:14:26.838 534 534 I auditd : avc: denied { find } for pid=14721 uid=10103 name=stats scontext=u:r:untrusted_app_29:s0:c103,c256,c512,c768 tcontext=u:object_r:stats_service:s0 tclass=service_manager permissive=0
06-28 10:14:26.839 534 534 I auditd : avc: denied { find } for pid=14721 uid=10103 name=statscompanion scontext=u:r:untrusted_app_29:s0:c103,c256,c512,c768 tcontext=u:object_r:statscompanion_service:s0 tclass=service_manager permissive=0
06-28 10:14:26.839 534 534 I auditd : avc: denied { find } for pid=14716 uid=10103 name=secure_element scontext=u:r:untrusted_app_29:s0:c103,c256,c512,c768 tcontext=u:object_r:secure_element_service:s0 tclass=service_manager permissive=0
06-28 10:14:26.839 534 534 I auditd : avc: denied { find } for pid=14721 uid=10103 name=statsmanager scontext=u:r:untrusted_app_29:s0:c103,c256,c512,c768 tcontext=u:object_r:statsmanager_service:s0 tclass=service_manager permissive=0
06-28 10:14:26.841 534 534 I auditd : avc: denied { find } for pid=14721 uid=10103 name=storaged scontext=u:r:untrusted_app_29:s0:c103,c256,c512,c768 tcontext=u:object_r:storaged_service:s0 tclass=service_manager permissive=0
06-28 10:14:26.841 534 534 I auditd : avc: denied { find } for pid=14716 uid=10103 name=serial scontext=u:r:untrusted_app_29:s0:c103,c256,c512,c768 tcontext=u:object_r:serial_service:s0 tclass=service_manager permissive=0
06-28 10:14:26.841 534 534 I auditd : avc: denied { find } for pid=14721 uid=10103 name=storaged_pri scontext=u:r:untrusted_app_29:s0:c103,c256,c512,c768 tcontext=u:object_r:storaged_service:s0 tclass=service_manager permissive=0
06-28 10:14:26.843 534 534 I auditd : avc: denied { find } for pid=14721 uid=10103 name=suspend_control scontext=u:r:untrusted_app_29:s0:c103,c256,c512,c768 tcontext=u:object_r:system_suspend_control_service:s0 tclass=service_manager permissive=0
06-28 10:14:26.843 534 534 I auditd : avc: denied { find } for pid=14721 uid=10103 name=suspend_control_internal scontext=u:r:untrusted_app_29:s0:c103,c256,c512,c768 tcontext=u:object_r:system_suspend_control_internal_service:s0 tclass=service_manager permissive=0
06-28 10:14:26.844 534 534 I auditd : avc: denied { find } for pid=14721 uid=10103 name=system_config scontext=u:r:untrusted_app_29:s0:c103,c256,c512,c768 tcontext=u:object_r:system_config_service:s0 tclass=service_manager permissive=0
06-28 10:14:26.844 534 534 I auditd : avc: denied { find } for pid=14721 uid=10103 name=system_server_dumper scontext=u:r:untrusted_app_29:s0:c103,c256,c512,c768 tcontext=u:object_r:system_server_dumper_service:s0 tclass=service_manager permissive=0
06-28 10:14:26.845 534 534 I auditd : avc: denied { find } for pid=14721 uid=10103 name=system_update scontext=u:r:untrusted_app_29:s0:c103,c256,c512,c768 tcontext=u:object_r:system_update_service:s0 tclass=service_manager permissive=0
06-28 10:14:26.846 534 534 I auditd : avc: denied { find } for pid=14716 uid=10103 name=soundtrigger_middleware scontext=u:r:untrusted_app_29:s0:c103,c256,c512,c768 tcontext=u:object_r:soundtrigger_middleware_service:s0 tclass=service_manager permissive=0
06-28 10:14:26.846 534 534 I auditd : avc: denied { find } for pid=14721 uid=10103 name=testharness scontext=u:r:untrusted_app_29:s0:c103,c256,c512,c768 tcontext=u:object_r:testharness_service:s0 tclass=service_manager permissive=0
06-28 10:14:26.847 534 534 I auditd : avc: denied { find } for pid=14716 uid=10103 name=stats scontext=u:r:untrusted_app_29:s0:c103,c256,c512,c768 tcontext=u:object_r:stats_service:s0 tclass=service_manager permissive=0
06-28 10:14:26.848 534 534 I auditd : avc: denied { find } for pid=14716 uid=10103 name=statscompanion scontext=u:r:untrusted_app_29:s0:c103,c256,c512,c768 tcontext=u:object_r:statscompanion_service:s0 tclass=service_manager permissive=0
06-28 10:14:26.848 534 534 I auditd : avc: denied { find } for pid=14716 uid=10103 name=statsmanager scontext=u:r:untrusted_app_29:s0:c103,c256,c512,c768 tcontext=u:object_r:statsmanager_service:s0 tclass=service_manager permissive=0
06-28 10:14:26.849 534 534 I auditd : avc: denied { find } for pid=14716 uid=10103 name=storaged scontext=u:r:untrusted_app_29:s0:c103,c256,c512,c768 tcontext=u:object_r:storaged_service:s0 tclass=service_manager permissive=0
06-28 10:14:26.850 534 534 I auditd : avc: denied { find } for pid=14716 uid=10103 name=storaged_pri scontext=u:r:untrusted_app_29:s0:c103,c256,c512,c768 tcontext=u:object_r:storaged_service:s0 tclass=service_manager permissive=0
06-28 10:14:26.850 534 534 I auditd : avc: denied { find } for pid=14721 uid=10103 name=thunderperf scontext=u:r:untrusted_app_29:s0:c103,c256,c512,c768 tcontext=u:object_r:thunderperf_service:s0 tclass=service_manager permissive=0
06-28 10:14:26.851 534 534 I auditd : avc: denied { find } for pid=14716 uid=10103 name=suspend_control scontext=u:r:untrusted_app_29:s0:c103,c256,c512,c768 tcontext=u:object_r:system_suspend_control_service:s0 tclass=service_manager permissive=0
06-28 10:14:26.851 534 534 I auditd : avc: denied { find } for pid=14716 uid=10103 name=suspend_control_internal scontext=u:r:untrusted_app_29:s0:c103,c256,c512,c768 tcontext=u:object_r:system_suspend_control_internal_service:s0 tclass=service_manager permissive=0
06-28 10:14:26.852 534 534 I auditd : avc: denied { find } for pid=14721 uid=10103 name=tracing.proxy scontext=u:r:untrusted_app_29:s0:c103,c256,c512,c768 tcontext=u:object_r:tracingproxy_service:s0 tclass=service_manager permissive=0
06-28 10:14:26.852 534 534 I auditd : avc: denied { find } for pid=14716 uid=10103 name=system_config scontext=u:r:untrusted_app_29:s0:c103,c256,c512,c768 tcontext=u:object_r:system_config_service:s0 tclass=service_manager permissive=0
06-28 10:14:26.853 534 534 I auditd : avc: denied { find } for pid=14716 uid=10103 name=system_server_dumper scontext=u:r:untrusted_app_29:s0:c103,c256,c512,c768 tcontext=u:object_r:system_server_dumper_service:s0 tclass=service_manager permissive=0
06-28 10:14:26.853 534 534 I auditd : avc: denied { find } for pid=14721 uid=10103 name=uce scontext=u:r:untrusted_app_29:s0:c103,c256,c512,c768 tcontext=u:object_r:uce_service:s0 tclass=service_manager permissive=0
06-28 10:14:26.853 534 534 I auditd : avc: denied { find } for pid=14716 uid=10103 name=system_update scontext=u:r:untrusted_app_29:s0:c103,c256,c512,c768 tcontext=u:object_r:system_update_service:s0 tclass=service_manager permissive=0
06-28 10:14:26.854 534 534 I auditd : avc: denied { find } for pid=14721 uid=10103 name=updatelock scontext=u:r:untrusted_app_29:s0:c103,c256,c512,c768 tcontext=u:object_r:updatelock_service:s0 tclass=service_manager permissive=0
06-28 10:14:26.855 534 534 I auditd : avc: denied { find } for pid=14716 uid=10103 name=testharness scontext=u:r:untrusted_app_29:s0:c103,c256,c512,c768 tcontext=u:object_r:testharness_service:s0 tclass=service_manager permissive=0
06-28 10:14:26.859 534 534 I auditd : avc: denied { find } for pid=14716 uid=10103 name=thunderperf scontext=u:r:untrusted_app_29:s0:c103,c256,c512,c768 tcontext=u:object_r:thunderperf_service:s0 tclass=service_manager permissive=0
06-28 10:14:26.860 534 534 I auditd : avc: denied { find } for pid=14721 uid=10103 name=vendor.qti.qesdsys.IQesdSys/default scontext=u:r:untrusted_app_29:s0:c103,c256,c512,c768 tcontext=u:object_r:vendor_qesdk_service:s0 tclass=service_manager permissive=0
06-28 10:14:26.861 534 534 I auditd : avc: denied { find } for pid=14716 uid=10103 name=tracing.proxy scontext=u:r:untrusted_app_29:s0:c103,c256,c512,c768 tcontext=u:object_r:tracingproxy_service:s0 tclass=service_manager permissive=0
06-28 10:14:26.862 534 534 I auditd : avc: denied { find } for pid=14721 uid=10103 name=vold scontext=u:r:untrusted_app_29:s0:c103,c256,c512,c768 tcontext=u:object_r:vold_service:s0 tclass=service_manager permissive=0
06-28 10:14:26.862 534 534 I auditd : avc: denied { find } for pid=14716 uid=10103 name=uce scontext=u:r:untrusted_app_29:s0:c103,c256,c512,c768 tcontext=u:object_r:uce_service:s0 tclass=service_manager permissive=0
06-28 10:14:26.863 534 534 I auditd : avc: denied { find } for pid=14716 uid=10103 name=updatelock scontext=u:r:untrusted_app_29:s0:c103,c256,c512,c768 tcontext=u:object_r:updatelock_service:s0 tclass=service_manager permissive=0
06-28 10:14:26.865 534 534 I auditd : avc: denied { find } for pid=14721 uid=10103 name=wifinl80211 scontext=u:r:untrusted_app_29:s0:c103,c256,c512,c768 tcontext=u:object_r:wifinl80211_service:s0 tclass=service_manager permissive=0
06-28 10:14:26.866 534 534 I auditd : avc: denied { find } for pid=14721 uid=10103 name=wifiscanner scontext=u:r:untrusted_app_29:s0:c103,c256,c512,c768 tcontext=u:object_r:wifiscanner_service:s0 tclass=service_manager permissive=0
06-28 10:14:26.867 534 534 I auditd : avc: denied { find } for pid=14721 uid=10103 name=window scontext=u:r:untrusted_app_29:s0:c103,c256,c512,c768 tcontext=u:object_r:window_service:s0 tclass=service_manager permissive=0
06-28 10:14:26.868 534 534 I auditd : avc: denied { find } for pid=14716 uid=10103 name=vendor.qti.qesdsys.IQesdSys/default scontext=u:r:untrusted_app_29:s0:c103,c256,c512,c768 tcontext=u:object_r:vendor_qesdk_service:s0 tclass=service_manager permissive=0
06-28 10:14:26.869 534 534 I auditd : avc: denied { find } for pid=14716 uid=10103 name=vold scontext=u:r:untrusted_app_29:s0:c103,c256,c512,c768 tcontext=u:object_r:vold_service:s0 tclass=service_manager permissive=0
06-28 10:14:26.871 534 534 I auditd : avc: denied { find } for pid=14716 uid=10103 name=wifinl80211 scontext=u:r:untrusted_app_29:s0:c103,c256,c512,c768 tcontext=u:object_r:wifinl80211_service:s0 tclass=service_manager permissive=0
06-28 10:14:26.872 534 534 I auditd : avc: denied { find } for pid=14716 uid=10103 name=wifiscanner scontext=u:r:untrusted_app_29:s0:c103,c256,c512,c768 tcontext=u:object_r:wifiscanner_service:s0 tclass=service_manager permissive=0
06-28 10:14:26.872 534 534 I auditd : avc: denied { find } for pid=14716 uid=10103 name=window scontext=u:r:untrusted_app_29:s0:c103,c256,c512,c768 tcontext=u:object_r:window_service:s0 tclass=service_manager permissive=0
06-28 10:14:26.897 534 534 I auditd : avc: denied { find } for pid=14736 uid=10103 name=DockObserver scontext=u:r:untrusted_app_29:s0:c103,c256,c512,c768 tcontext=u:object_r:DockObserver_service:s0 tclass=service_manager permissive=0
06-28 10:14:26.902 534 534 I auditd : avc: denied { find } for pid=14736 uid=10103 name=adb scontext=u:r:untrusted_app_29:s0:c103,c256,c512,c768 tcontext=u:object_r:adb_service:s0 tclass=service_manager permissive=0
06-28 10:14:26.903 534 534 I auditd : avc: denied { find } for pid=14736 uid=10103 name=android.hardware.light.ILights/default scontext=u:r:untrusted_app_29:s0:c103,c256,c512,c768 tcontext=u:object_r:hal_light_service:s0 tclass=service_manager permissive=0
06-28 10:14:26.903 534 534 I auditd : avc: denied { find } for pid=14736 uid=10103 name=android.hardware.power.IPower/default scontext=u:r:untrusted_app_29:s0:c103,c256,c512,c768 tcontext=u:object_r:hal_power_service:s0 tclass=service_manager permissive=0
06-28 10:14:26.903 534 534 I auditd : avc: denied { find } for pid=14736 uid=10103 name=android.hardware.vibrator.IVibrator/default scontext=u:r:untrusted_app_29:s0:c103,c256,c512,c768 tcontext=u:object_r:hal_vibrator_service:s0 tclass=service_manager permissive=0
06-28 10:14:26.904 534 534 I auditd : avc: denied { find } for pid=14736 uid=10103 name=android.os.UpdateEngineService scontext=u:r:untrusted_app_29:s0:c103,c256,c512,c768 tcontext=u:object_r:update_engine_service:s0 tclass=service_manager permissive=0
06-28 10:14:26.904 534 534 I auditd : avc: denied { find } for pid=14736 uid=10103 name=android.os.UpdateEngineStableService scontext=u:r:untrusted_app_29:s0:c103,c256,c512,c768 tcontext=u:object_r:update_engine_stable_service:s0 tclass=service_manager permissive=0
06-28 10:14:26.905 534 534 I auditd : avc: denied { find } for pid=14736 uid=10103 name=android.security.authorization scontext=u:r:untrusted_app_29:s0:c103,c256,c512,c768 tcontext=u:object_r:authorization_service:s0 tclass=service_manager permissive=0
06-28 10:14:26.905 534 534 I auditd : avc: denied { find } for pid=14736 uid=10103 name=android.security.compat scontext=u:r:untrusted_app_29:s0:c103,c256,c512,c768 tcontext=u:object_r:keystore_compat_hal_service:s0 tclass=service_manager permissive=0
06-28 10:14:26.907 534 534 I auditd : avc: denied { find } for pid=14736 uid=10103 name=android.security.metrics scontext=u:r:untrusted_app_29:s0:c103,c256,c512,c768 tcontext=u:object_r:keystore_metrics_service:s0 tclass=service_manager permissive=0
06-28 10:14:26.908 534 534 I auditd : avc: denied { find } for pid=14736 uid=10103 name=app_binding scontext=u:r:untrusted_app_29:s0:c103,c256,c512,c768 tcontext=u:object_r:app_binding_service:s0 tclass=service_manager permissive=0
06-28 10:14:26.908 534 534 I auditd : avc: denied { find } for pid=14736 uid=10103 name=app_hibernation scontext=u:r:untrusted_app_29:s0:c103,c256,c512,c768 tcontext=u:object_r:app_hibernation_service:s0 tclass=service_manager permissive=0
06-28 10:14:26.909 534 534 I auditd : avc: denied { find } for pid=14736 uid=10103 name=app_integrity scontext=u:r:untrusted_app_29:s0:c103,c256,c512,c768 tcontext=u:object_r:app_integrity_service:s0 tclass=service_manager permissive=0
06-28 10:14:26.912 534 534 I auditd : avc: denied { find } for pid=14736 uid=10103 name=battery scontext=u:r:untrusted_app_29:s0:c103,c256,c512,c768 tcontext=u:object_r:battery_service:s0 tclass=service_manager permissive=0
06-28 10:14:26.913 534 534 I auditd : avc: denied { find } for pid=14736 uid=10103 name=binder_calls_stats scontext=u:r:untrusted_app_29:s0:c103,c256,c512,c768 tcontext=u:object_r:binder_calls_stats_service:s0 tclass=service_manager permissive=0
06-28 10:14:26.918 534 534 I auditd : avc: denied { find } for pid=14736 uid=10103 name=cacheinfo scontext=u:r:untrusted_app_29:s0:c103,c256,c512,c768 tcontext=u:object_r:cacheinfo_service:s0 tclass=service_manager permissive=0
06-28 10:14:26.919 534 534 I auditd : avc: denied { find } for pid=14736 uid=10103 name=color_display scontext=u:r:untrusted_app_29:s0:c103,c256,c512,c768 tcontext=u:object_r:color_display_service:s0 tclass=service_manager permissive=0
06-28 10:14:26.919 534 534 I auditd : avc: denied { find } for pid=14736 uid=10103 name=com.thundercomm.gamemode.perfservice scontext=u:r:untrusted_app_29:s0:c103,c256,c512,c768 tcontext=u:object_r:boostperf_service:s0 tclass=service_manager permissive=0
06-28 10:14:26.919 534 534 I auditd : avc: denied { find } for pid=14736 uid=10103 name=com.thundercomm.microservice scontext=u:r:untrusted_app_29:s0:c103,c256,c512,c768 tcontext=u:object_r:micro_service:s0 tclass=service_manager permissive=0
06-28 10:14:26.920 534 534 I auditd : avc: denied { find } for pid=14736 uid=10103 name=com.thundercomm.tcservice scontext=u:r:untrusted_app_29:s0:c103,c256,c512,c768 tcontext=u:object_r:tc_service:s0 tclass=service_manager permissive=0
06-28 10:14:26.920 534 534 I auditd : avc: denied { find } for pid=14736 uid=10103 name=com.thundercomm.tcservice.uartservice scontext=u:r:untrusted_app_29:s0:c103,c256,c512,c768 tcontext=u:object_r:tc_uart_service:s0 tclass=service_manager permissive=0
06-28 10:14:26.929 534 534 I auditd : avc: denied { find } for pid=14736 uid=10103 name=cpuinfo scontext=u:r:untrusted_app_29:s0:c103,c256,c512,c768 tcontext=u:object_r:cpuinfo_service:s0 tclass=service_manager permissive=0
06-28 10:14:26.930 534 534 I auditd : avc: denied { find } for pid=14736 uid=10103 name=dataloader_manager scontext=u:r:untrusted_app_29:s0:c103,c256,c512,c768 tcontext=u:object_r:dataloader_manager_service:s0 tclass=service_manager permissive=0
06-28 10:14:26.930 534 534 I auditd : avc: denied { find } for pid=14736 uid=10103 name=dbinfo scontext=u:r:untrusted_app_29:s0:c103,c256,c512,c768 tcontext=u:object_r:dbinfo_service:s0 tclass=service_manager permissive=0
06-28 10:14:26.930 534 534 I auditd : avc: denied { find } for pid=14736 uid=10103 name=device_config scontext=u:r:untrusted_app_29:s0:c103,c256,c512,c768 tcontext=u:object_r:device_config_service:s0 tclass=service_manager permissive=0
06-28 10:14:26.932 534 534 I auditd : avc: denied { find } for pid=14736 uid=10103 name=devicestoragemonitor scontext=u:r:untrusted_app_29:s0:c103,c256,c512,c768 tcontext=u:object_r:devicestoragemonitor_service:s0 tclass=service_manager permissive=0
06-28 10:14:26.932 534 534 I auditd : avc: denied { find } for pid=14736 uid=10103 name=diskstats scontext=u:r:untrusted_app_29:s0:c103,c256,c512,c768 tcontext=u:object_r:diskstats_service:s0 tclass=service_manager permissive=0
06-28 10:14:26.933 534 534 I auditd : avc: denied { find } for pid=14736 uid=10103 name=dnsresolver scontext=u:r:untrusted_app_29:s0:c103,c256,c512,c768 tcontext=u:object_r:dnsresolver_service:s0 tclass=service_manager permissive=0
06-28 10:14:26.933 534 534 I auditd : avc: denied { find } for pid=14736 uid=10103 name=dpmservice scontext=u:r:untrusted_app_29:s0:c103,c256,c512,c768 tcontext=u:object_r:vendor_dpmservice:s0 tclass=service_manager permissive=0
06-28 10:14:26.935 534 534 I auditd : avc: denied { find } for pid=14736 uid=10103 name=dynamic_system scontext=u:r:untrusted_app_29:s0:c103,c256,c512,c768 tcontext=u:object_r:dynamic_system_service:s0 tclass=service_manager permissive=0
06-28 10:14:26.935 534 534 I auditd : avc: denied { find } for pid=14736 uid=10103 name=emergency_affordance scontext=u:r:untrusted_app_29:s0:c103,c256,c512,c768 tcontext=u:object_r:emergency_affordance_service:s0 tclass=service_manager permissive=0
06-28 10:14:26.936 534 534 I auditd : avc: denied { find } for pid=14736 uid=10103 name=external_vibrator_service scontext=u:r:untrusted_app_29:s0:c103,c256,c512,c768 tcontext=u:object_r:external_vibrator_service:s0 tclass=service_manager permissive=0
06-28 10:14:26.937 534 534 I auditd : avc: denied { find } for pid=14736 uid=10103 name=gfxinfo scontext=u:r:untrusted_app_29:s0:c103,c256,c512,c768 tcontext=u:object_r:gfxinfo_service:s0 tclass=service_manager permissive=0
06-28 10:14:26.938 534 534 I auditd : avc: denied { find } for pid=14736 uid=10103 name=gsiservice scontext=u:r:untrusted_app_29:s0:c103,c256,c512,c768 tcontext=u:object_r:gsi_service:s0 tclass=service_manager permissive=0
06-28 10:14:26.939 534 534 I auditd : avc: denied { find } for pid=14736 uid=10103 name=incident scontext=u:r:untrusted_app_29:s0:c103,c256,c512,c768 tcontext=u:object_r:incident_service:s0 tclass=service_manager permissive=0
06-28 10:14:26.940 534 534 I auditd : avc: denied { find } for pid=14736 uid=10103 name=incidentcompanion scontext=u:r:untrusted_app_29:s0:c103,c256,c512,c768 tcontext=u:object_r:incidentcompanion_service:s0 tclass=service_manager permissive=0
06-28 10:14:26.941 534 534 I auditd : avc: denied { find } for pid=14736 uid=10103 name=incremental scontext=u:r:untrusted_app_29:s0:c103,c256,c512,c768 tcontext=u:object_r:incremental_service:s0 tclass=service_manager permissive=0
06-28 10:14:26.942 534 534 I auditd : avc: denied { find } for pid=14736 uid=10103 name=inputflinger scontext=u:r:untrusted_app_29:s0:c103,c256,c512,c768 tcontext=u:object_r:inputflinger_service:s0 tclass=service_manager permissive=0
06-28 10:14:26.942 534 534 I auditd : avc: denied { find } for pid=14736 uid=10103 name=installd scontext=u:r:untrusted_app_29:s0:c103,c256,c512,c768 tcontext=u:object_r:installd_service:s0 tclass=service_manager permissive=0
06-28 10:14:26.942 534 534 I auditd : avc: denied { find } for pid=14736 uid=10103 name=iorapd scontext=u:r:untrusted_app_29:s0:c103,c256,c512,c768 tcontext=u:object_r:iorapd_service:s0 tclass=service_manager permissive=0
06-28 10:14:26.945 534 534 I auditd : avc: denied { find } for pid=14736 uid=10103 name=location_time_zone_manager scontext=u:r:untrusted_app_29:s0:c103,c256,c512,c768 tcontext=u:object_r:location_time_zone_manager_service:s0 tclass=service_manager permissive=0
06-28 10:14:26.946 534 534 I auditd : avc: denied { find } for pid=14736 uid=10103 name=looper_stats scontext=u:r:untrusted_app_29:s0:c103,c256,c512,c768 tcontext=u:object_r:looper_stats_service:s0 tclass=service_manager permissive=0
06-28 10:14:26.946 534 534 I auditd : avc: denied { find } for pid=14736 uid=10103 name=manager scontext=u:r:untrusted_app_29:s0:c103,c256,c512,c768 tcontext=u:object_r:service_manager_service:s0 tclass=service_manager permissive=0
06-28 10:14:26.948 534 534 I auditd : avc: denied { find } for pid=14736 uid=10103 name=media.camera.proxy scontext=u:r:untrusted_app_29:s0:c103,c256,c512,c768 tcontext=u:object_r:cameraproxy_service:s0 tclass=service_manager permissive=0
06-28 10:14:26.954 534 534 I auditd : avc: denied { find } for pid=14736 uid=10103 name=meminfo scontext=u:r:untrusted_app_29:s0:c103,c256,c512,c768 tcontext=u:object_r:meminfo_service:s0 tclass=service_manager permissive=0
06-28 10:14:26.955 534 534 I auditd : avc: denied { find } for pid=14736 uid=10103 name=netd scontext=u:r:untrusted_app_29:s0:c103,c256,c512,c768 tcontext=u:object_r:netd_service:s0 tclass=service_manager permissive=0
06-28 10:14:26.955 534 534 I auditd : avc: denied { find } for pid=14736 uid=10103 name=netd_listener scontext=u:r:untrusted_app_29:s0:c103,c256,c512,c768 tcontext=u:object_r:netd_listener_service:s0 tclass=service_manager permissive=0
06-28 10:14:26.957 534 534 I auditd : avc: denied { find } for pid=14736 uid=10103 name=network_score scontext=u:r:untrusted_app_29:s0:c103,c256,c512,c768 tcontext=u:object_r:network_score_service:s0 tclass=service_manager permissive=0
06-28 10:14:26.957 534 534 I auditd : avc: denied { find } for pid=14736 uid=10103 name=network_stack scontext=u:r:untrusted_app_29:s0:c103,c256,c512,c768 tcontext=u:object_r:network_stack_service:s0 tclass=service_manager permissive=0
06-28 10:14:26.957 534 534 I auditd : avc: denied { find } for pid=14736 uid=10103 name=network_time_update_service scontext=u:r:untrusted_app_29:s0:c103,c256,c512,c768 tcontext=u:object_r:network_time_update_service:s0 tclass=service_manager permissive=0
06-28 10:14:26.958 534 534 I auditd : avc: denied { find } for pid=14736 uid=10103 name=network_watchlist scontext=u:r:untrusted_app_29:s0:c103,c256,c512,c768 tcontext=u:object_r:network_watchlist_service:s0 tclass=service_manager permissive=0
06-28 10:14:26.958 534 534 I auditd : avc: denied { find } for pid=14736 uid=10103 name=oem_lock scontext=u:r:untrusted_app_29:s0:c103,c256,c512,c768 tcontext=u:object_r:oem_lock_service:s0 tclass=service_manager permissive=0
06-28 10:14:26.958 534 534 I auditd : avc: denied { find } for pid=14736 uid=10103 name=otadexopt scontext=u:r:untrusted_app_29:s0:c103,c256,c512,c768 tcontext=u:object_r:otadexopt_service:s0 tclass=service_manager permissive=0
06-28 10:14:26.959 534 534 I auditd : avc: denied { find } for pid=14736 uid=10103 name=overlay scontext=u:r:untrusted_app_29:s0:c103,c256,c512,c768 tcontext=u:object_r:overlay_service:s0 tclass=service_manager permissive=0
06-28 10:14:26.962 534 534 I auditd : avc: denied { find } for pid=14736 uid=10103 name=persistent_data_block scontext=u:r:untrusted_app_29:s0:c103,c256,c512,c768 tcontext=u:object_r:persistent_data_block_service:s0 tclass=service_manager permissive=0
06-28 10:14:26.962 1603 1931 I netstats_mobile_sample: [0,0,0,0,0,0,0,0,0,0,0,0,1687918466962]
06-28 10:14:26.963 1603 1931 I netstats_wifi_sample: [127558879,101008,7652463,46123,127558879,101008,7652463,46123,133638047,110302,6524158,43907,1687918466962]
06-28 10:14:26.963 534 534 I auditd : avc: denied { find } for pid=14736 uid=10103 name=pinner scontext=u:r:untrusted_app_29:s0:c103,c256,c512,c768 tcontext=u:object_r:pinner_service:s0 tclass=service_manager permissive=0
06-28 10:14:26.965 534 534 I auditd : avc: denied { find } for pid=14736 uid=10103 name=processinfo scontext=u:r:untrusted_app_29:s0:c103,c256,c512,c768 tcontext=u:object_r:processinfo_service:s0 tclass=service_manager permissive=0
06-28 10:14:26.967 534 534 I auditd : avc: denied { find } for pid=14736 uid=10103 name=recovery scontext=u:r:untrusted_app_29:s0:c103,c256,c512,c768 tcontext=u:object_r:recovery_service:s0 tclass=service_manager permissive=0
06-28 10:14:26.968 534 534 I auditd : avc: denied { find } for pid=14736 uid=10103 name=runtime scontext=u:r:untrusted_app_29:s0:c103,c256,c512,c768 tcontext=u:object_r:runtime_service:s0 tclass=service_manager permissive=0
06-28 10:14:26.969 534 534 I auditd : avc: denied { find } for pid=14736 uid=10103 name=scheduling_policy scontext=u:r:untrusted_app_29:s0:c103,c256,c512,c768 tcontext=u:object_r:scheduling_policy_service:s0 tclass=service_manager permissive=0
06-28 10:14:26.970 534 534 I auditd : avc: denied { find } for pid=14736 uid=10103 name=secure_element scontext=u:r:untrusted_app_29:s0:c103,c256,c512,c768 tcontext=u:object_r:secure_element_service:s0 tclass=service_manager permissive=0
06-28 10:14:26.971 534 534 I auditd : avc: denied { find } for pid=14736 uid=10103 name=serial scontext=u:r:untrusted_app_29:s0:c103,c256,c512,c768 tcontext=u:object_r:serial_service:s0 tclass=service_manager permissive=0
06-28 10:14:26.975 534 534 I auditd : avc: denied { find } for pid=14736 uid=10103 name=soundtrigger_middleware scontext=u:r:untrusted_app_29:s0:c103,c256,c512,c768 tcontext=u:object_r:soundtrigger_middleware_service:s0 tclass=service_manager permissive=0
06-28 10:14:26.976 534 534 I auditd : avc: denied { find } for pid=14736 uid=10103 name=stats scontext=u:r:untrusted_app_29:s0:c103,c256,c512,c768 tcontext=u:object_r:stats_service:s0 tclass=service_manager permissive=0
06-28 10:14:26.976 534 534 I auditd : avc: denied { find } for pid=14736 uid=10103 name=statscompanion scontext=u:r:untrusted_app_29:s0:c103,c256,c512,c768 tcontext=u:object_r:statscompanion_service:s0 tclass=service_manager permissive=0
06-28 10:14:26.976 534 534 I auditd : avc: denied { find } for pid=14736 uid=10103 name=statsmanager scontext=u:r:untrusted_app_29:s0:c103,c256,c512,c768 tcontext=u:object_r:statsmanager_service:s0 tclass=service_manager permissive=0
06-28 10:14:26.977 534 534 I auditd : avc: denied { find } for pid=14736 uid=10103 name=storaged scontext=u:r:untrusted_app_29:s0:c103,c256,c512,c768 tcontext=u:object_r:storaged_service:s0 tclass=service_manager permissive=0
06-28 10:14:26.977 534 534 I auditd : avc: denied { find } for pid=14736 uid=10103 name=storaged_pri scontext=u:r:untrusted_app_29:s0:c103,c256,c512,c768 tcontext=u:object_r:storaged_service:s0 tclass=service_manager permissive=0
06-28 10:14:26.978 534 534 I auditd : avc: denied { find } for pid=14736 uid=10103 name=suspend_control scontext=u:r:untrusted_app_29:s0:c103,c256,c512,c768 tcontext=u:object_r:system_suspend_control_service:s0 tclass=service_manager permissive=0
06-28 10:14:26.978 534 534 I auditd : avc: denied { find } for pid=14736 uid=10103 name=suspend_control_internal scontext=u:r:untrusted_app_29:s0:c103,c256,c512,c768 tcontext=u:object_r:system_suspend_control_internal_service:s0 tclass=service_manager permissive=0
06-28 10:14:26.979 534 534 I auditd : avc: denied { find } for pid=14736 uid=10103 name=system_config scontext=u:r:untrusted_app_29:s0:c103,c256,c512,c768 tcontext=u:object_r:system_config_service:s0 tclass=service_manager permissive=0
06-28 10:14:26.979 534 534 I auditd : avc: denied { find } for pid=14736 uid=10103 name=system_server_dumper scontext=u:r:untrusted_app_29:s0:c103,c256,c512,c768 tcontext=u:object_r:system_server_dumper_service:s0 tclass=service_manager permissive=0
06-28 10:14:26.979 534 534 I auditd : avc: denied { find } for pid=14736 uid=10103 name=system_update scontext=u:r:untrusted_app_29:s0:c103,c256,c512,c768 tcontext=u:object_r:system_update_service:s0 tclass=service_manager permissive=0
06-28 10:14:26.980 534 534 I auditd : avc: denied { find } for pid=14736 uid=10103 name=testharness scontext=u:r:untrusted_app_29:s0:c103,c256,c512,c768 tcontext=u:object_r:testharness_service:s0 tclass=service_manager permissive=0
06-28 10:14:26.983 534 534 I auditd : avc: denied { find } for pid=14736 uid=10103 name=thunderperf scontext=u:r:untrusted_app_29:s0:c103,c256,c512,c768 tcontext=u:object_r:thunderperf_service:s0 tclass=service_manager permissive=0
06-28 10:14:26.984 534 534 I auditd : avc: denied { find } for pid=14736 uid=10103 name=tracing.proxy scontext=u:r:untrusted_app_29:s0:c103,c256,c512,c768 tcontext=u:object_r:tracingproxy_service:s0 tclass=service_manager permissive=0
06-28 10:14:26.985 534 534 I auditd : avc: denied { find } for pid=14736 uid=10103 name=uce scontext=u:r:untrusted_app_29:s0:c103,c256,c512,c768 tcontext=u:object_r:uce_service:s0 tclass=service_manager permissive=0
06-28 10:14:26.985 534 534 I auditd : avc: denied { find } for pid=14736 uid=10103 name=updatelock scontext=u:r:untrusted_app_29:s0:c103,c256,c512,c768 tcontext=u:object_r:updatelock_service:s0 tclass=service_manager permissive=0
06-28 10:14:26.989 534 534 I auditd : avc: denied { find } for pid=14736 uid=10103 name=vendor.qti.qesdsys.IQesdSys/default scontext=u:r:untrusted_app_29:s0:c103,c256,c512,c768 tcontext=u:object_r:vendor_qesdk_service:s0 tclass=service_manager permissive=0
06-28 10:14:26.991 534 534 I auditd : avc: denied { find } for pid=14736 uid=10103 name=vold scontext=u:r:untrusted_app_29:s0:c103,c256,c512,c768 tcontext=u:object_r:vold_service:s0 tclass=service_manager permissive=0
06-28 10:14:26.997 534 534 I auditd : avc: denied { find } for pid=14736 uid=10103 name=wifinl80211 scontext=u:r:untrusted_app_29:s0:c103,c256,c512,c768 tcontext=u:object_r:wifinl80211_service:s0 tclass=service_manager permissive=0
06-28 10:14:26.999 534 534 I auditd : avc: denied { find } for pid=14736 uid=10103 name=wifiscanner scontext=u:r:untrusted_app_29:s0:c103,c256,c512,c768 tcontext=u:object_r:wifiscanner_service:s0 tclass=service_manager permissive=0
06-28 10:14:26.999 534 534 I auditd : avc: denied { find } for pid=14736 uid=10103 name=window scontext=u:r:untrusted_app_29:s0:c103,c256,c512,c768 tcontext=u:object_r:window_service:s0 tclass=service_manager permissive=0
06-28 10:14:27.215 534 534 I auditd : avc: denied { find } for pid=14399 uid=10103 name=mikrom scontext=u:r:untrusted_app_29:s0:c103,c256,c512,c768 tcontext=u:object_r:default_android_service:s0 tclass=service_manager permissive=0
06-28 10:14:27.249 14751 14751 I auditd : type=1400 audit(0.0:10023): avc: denied { getattr } for comm="ls" path="/system/lib/bootstrap" dev="dm-16" ino=2491 scontext=u:r:untrusted_app_29:s0:c103,c256,c512,c768 tcontext=u:object_r:system_bootstrap_lib_file:s0 tclass=dir permissive=0 app=com.smile.gifmaker
06-28 10:14:27.277 14399 14399 I auditd : type=1400 audit(0.0:10024): avc: denied { read } for comm="pool-29-thread-" name="u:object_r:qemu_sf_lcd_density_prop:s0" dev="tmpfs" ino=12609 scontext=u:r:untrusted_app_29:s0:c103,c256,c512,c768 tcontext=u:object_r:qemu_sf_lcd_density_prop:s0 tclass=file permissive=0 app=com.smile.gifmaker
06-28 10:14:27.294 534 534 I auditd : avc: denied { find } for pid=14399 uid=10103 name=mikrom scontext=u:r:untrusted_app_29:s0:c103,c256,c512,c768 tcontext=u:object_r:default_android_service:s0 tclass=service_manager permissive=0
06-28 10:14:30.897 14399 14438 I service_manager_stats: [449,216,6744]
06-28 10:14:30.909 14399 14399 I auditd : type=1400 audit(0.0:10025): avc: granted { execute } for comm="ela_global-io" path="/data/user/0/com.smile.gifmaker/files/ks_webview/1.8.90.575/lib/armeabi-v7a/libkswebview.so" dev="dm-21" ino=417070 scontext=u:r:untrusted_app_29:s0:c103,c256,c512,c768 tcontext=u:object_r:app_data_file:s0:c103,c256,c512,c768 tclass=file app=com.smile.gifmaker
06-28 10:14:30.969 14399 14399 I auditd : type=1400 audit(0.0:10026): avc: granted { execute } for comm="ela_global-io" path="/data/user/0/com.smile.gifmaker/files/ks_webview/1.8.90.575/lib/armeabi-v7a/libkswebview_plat_support.so" dev="dm-21" ino=417705 scontext=u:r:untrusted_app_29:s0:c103,c256,c512,c768 tcontext=u:object_r:app_data_file:s0:c103,c256,c512,c768 tclass=file app=com.smile.gifmaker
06-28 10:14:31.791 1603 1722 I am_proc_start: [0,14792,10103,com.smile.gifmaker:kwv_sandboxed_p0,service,{com.smile.gifmaker/com.kuaishou.webkit.process.SandboxedProcessService0}]
06-28 10:14:31.803 1603 1722 I am_proc_start: [0,14793,10103,com.smile.gifmaker:kwv_privileged_p0,service,{com.smile.gifmaker/com.kuaishou.webkit.process.PrivilegedProcessService0}]
06-28 10:14:31.815 1603 2092 I am_proc_bound: [0,14792,com.smile.gifmaker:kwv_sandboxed_p0]
06-28 10:14:31.831 1603 1635 I am_proc_bound: [0,14793,com.smile.gifmaker:kwv_privileged_p0]
06-28 10:14:32.987 1603 1603 I am_kill : [0,14792,com.smile.gifmaker:kwv_sandboxed_p0,915,empty #2]
06-28 10:14:32.993 1603 1603 I am_kill : [0,14399,com.smile.gifmaker,925,empty #3]
06-28 10:14:32.998 1603 1706 I sysui_multi_action: [757,222,758,1]
06-28 10:14:33.010 1603 1722 I am_proc_start: [0,14931,1000,com.thundercomm.screensaver,service,{com.thundercomm.screensaver/com.thundercomm.screensaver.service.SystemDream}]
06-28 10:14:33.041 1603 1635 I am_proc_died: [0,14792,com.smile.gifmaker:kwv_sandboxed_p0,915,19]
06-28 10:14:33.042 1603 1635 I am_schedule_service_restart: [0,com.smile.gifmaker/com.kuaishou.webkit.process.SandboxedProcessService0,1000]
06-28 10:14:33.046 1603 1635 I am_proc_bound: [0,14931,com.thundercomm.screensaver]
06-28 10:14:33.091 1603 2092 I wm_task_created: [24827,-1]
06-28 10:14:33.095 1603 2092 I wm_task_moved: [24827,1,6]
06-28 10:14:33.095 1603 2092 I wm_task_to_front: [0,24827]
06-28 10:14:33.096 1603 2092 I wm_create_task: [0,24827]
06-28 10:14:33.096 1603 2092 I wm_create_activity: [0,5341570,24827,com.thundercomm.screensaver/android.service.dreams.DreamActivity,NULL,NULL,NULL,276824064]
06-28 10:14:33.096 1603 2092 I wm_task_moved: [24827,1,6]
06-28 10:14:33.096 2605 2605 I wm_on_top_resumed_lost_called: [263032627,com.android.launcher3.uioverrides.QuickstepLauncher,topStateChangedWhenResumed]
06-28 10:14:33.097 1603 2092 I wm_pause_activity: [0,263032627,com.android.launcher3/.uioverrides.QuickstepLauncher,userLeaving=true,pauseBackTasks]
06-28 10:14:33.098 2605 2605 I wm_on_paused_called: [263032627,com.android.launcher3.uioverrides.QuickstepLauncher,performPause]
06-28 10:14:33.100 1603 1635 I wm_add_to_stopping: [0,263032627,com.android.launcher3/.uioverrides.QuickstepLauncher,makeInvisible]
06-28 10:14:33.101 1603 1635 I wm_restart_activity: [0,5341570,24827,com.thundercomm.screensaver/android.service.dreams.DreamActivity]
06-28 10:14:33.101 1603 1635 I wm_set_resumed_activity: [0,com.thundercomm.screensaver/android.service.dreams.DreamActivity,minimalResumeActivityLocked]
06-28 10:14:33.104 1603 1709 I sysui_multi_action: [757,803,799,window_time_0,802,68]
06-28 10:14:33.107 1603 2092 I am_uid_running: 10064
06-28 10:14:33.108 14931 14931 I wm_on_create_called: [5341570,android.service.dreams.DreamActivity,performCreate]
06-28 10:14:33.108 14931 14931 I wm_on_start_called: [5341570,android.service.dreams.DreamActivity,handleStartActivity]
06-28 10:14:33.109 14931 14931 I wm_on_resume_called: [5341570,android.service.dreams.DreamActivity,RESUME_ACTIVITY]
06-28 10:14:33.114 1603 1722 I am_proc_start: [0,14954,10064,com.thundercomm.gamemode.provider,content provider,{com.thundercomm.gamemode.provider/com.thundercomm.gamemode.provider.SettingsProvider}]
06-28 10:14:33.118 14931 14931 I wm_on_top_resumed_gained_called: [5341570,android.service.dreams.DreamActivity,topStateChangedWhenResumed]
06-28 10:14:33.123 1603 1635 I am_proc_bound: [0,14954,com.thundercomm.gamemode.provider]
06-28 10:14:33.125 1603 1889 I input_focus: [Focus leaving 3675f2c com.android.launcher3/com.android.launcher3.uioverrides.QuickstepLauncher (server),reason=NO_WINDOW]
06-28 10:14:33.121 14793 14793 I auditd : type=1400 audit(0.0:10027): avc: denied { read } for comm="pool-2-thread-6" name="tcp" dev="proc" ino=4026532265 scontext=u:r:untrusted_app_29:s0:c103,c256,c512,c768 tcontext=u:object_r:proc_net_tcp_udp:s0 tclass=file permissive=0 app=com.smile.gifmaker
06-28 10:14:33.127 1603 1635 I am_uid_active: 10064
06-28 10:14:33.130 1603 4568 I am_proc_died: [0,14399,com.smile.gifmaker,925,19]
06-28 10:14:33.146 1603 1711 I input_focus: [Focus request a6dd494 com.thundercomm.screensaver/android.service.dreams.DreamActivity,reason=UpdateInputWindows]
06-28 10:14:33.172 1603 1706 I sysui_multi_action: [319,47,321,44,322,79,325,347,757,761,758,8,759,1,806,com.thundercomm.screensaver,871,android.service.dreams.DreamActivity,904,com.thundercomm.screensaver,905,0,1320,4,1321,20]
06-28 10:14:33.172 1603 1706 I wm_activity_launch_time: [0,5341570,com.thundercomm.screensaver/android.service.dreams.DreamActivity,79]
06-28 10:14:33.175 1603 1889 I input_focus: [Focus entering a6dd494 com.thundercomm.screensaver/android.service.dreams.DreamActivity (server),reason=setFocusedWindow]
06-28 10:14:33.182 1603 14971 I am_proc_died: [0,14793,com.smile.gifmaker:kwv_privileged_p0,0,10]
06-28 10:14:33.183 1603 14971 I am_uid_stopped: 10103
06-28 10:14:33.184 1603 14971 I am_low_memory: 43
06-28 10:14:33.425 1603 1709 I wm_stop_activity: [0,263032627,com.android.launcher3/.uioverrides.QuickstepLauncher]
06-28 10:14:33.448 2605 2605 I wm_on_stop_called: [263032627,com.android.launcher3.uioverrides.QuickstepLauncher,STOP_ACTIVITY_ITEM]
06-28 10:14:34.508 1603 1720 I sysui_multi_action: [757,1717,758,1,759,0]
06-28 10:14:34.508 1603 1720 I sysui_multi_action: [757,1717,758,2,759,0]
06-28 10:14:34.508 1603 1720 I sysui_multi_action: [757,1717,758,3,759,0]
06-28 10:14:38.095 1603 2092 I power_sleep_requested: 1
06-28 10:14:38.102 1603 4568 I wm_finish_activity: [0,5341570,24827,com.thundercomm.screensaver/android.service.dreams.DreamActivity,finish-activity]
06-28 10:14:38.103 1603 4568 I wm_task_moved: [1,1,5]
06-28 10:14:38.104 1603 4568 I wm_task_moved: [24822,1,2147483647]
06-28 10:14:38.104 1603 4568 I wm_task_to_front: [0,24822]
06-28 10:14:38.104 1603 4568 I wm_focused_root_task: [0,0,1,24827,finish-top adjustFocusToNextFocusableTask]
06-28 10:14:38.104 1603 4568 I wm_set_resumed_activity: [0,com.android.launcher3/.uioverrides.QuickstepLauncher,finish-top adjustFocusToNextFocusableTask]
06-28 10:14:38.107 1603 4568 I wm_pause_activity: [0,5341570,com.thundercomm.screensaver/android.service.dreams.DreamActivity,userLeaving=false,finish]
06-28 10:14:38.140 14931 14931 I wm_on_top_resumed_lost_called: [5341570,android.service.dreams.DreamActivity,topStateChangedWhenResumed]
06-28 10:14:38.141 14931 14931 I wm_on_paused_called: [5341570,android.service.dreams.DreamActivity,performPause]
06-28 10:14:38.142 1603 1889 I input_focus: [Focus leaving a6dd494 com.thundercomm.screensaver/android.service.dreams.DreamActivity (server),reason=NO_WINDOW]
06-28 10:14:38.143 1603 2536 I wm_add_to_stopping: [0,5341570,com.thundercomm.screensaver/android.service.dreams.DreamActivity,completeFinishing]
06-28 10:14:38.147 1603 2536 I wm_set_resumed_activity: [0,com.android.launcher3/.uioverrides.QuickstepLauncher,resumeTopActivityInnerLocked]
06-28 10:14:38.149 1603 2536 I wm_resume_activity: [0,263032627,24822,com.android.launcher3/.uioverrides.QuickstepLauncher]
06-28 10:14:38.155 1603 1737 I sysui_multi_action: [757,1696,758,6,759,0]
06-28 10:14:38.155 1603 1709 I sysui_multi_action: [757,803,799,window_time_0,802,5]
06-28 10:14:38.158 1603 1709 I wm_destroy_activity: [0,5341570,24827,com.thundercomm.screensaver/android.service.dreams.DreamActivity,finish-imm:idle]
06-28 10:14:38.160 1603 1709 I sysui_multi_action: [757,803,799,window_time_0,802,0]
06-28 10:14:38.161 1603 1709 I am_uid_running: 10127
06-28 10:14:38.162 2605 2605 I wm_on_restart_called: [263032627,com.android.launcher3.uioverrides.QuickstepLauncher,performRestartActivity]
06-28 10:14:38.162 2605 2605 I wm_on_start_called: [263032627,com.android.launcher3.uioverrides.QuickstepLauncher,handleStartActivity]
06-28 10:14:38.163 2605 2605 I wm_on_resume_called: [263032627,com.android.launcher3.uioverrides.QuickstepLauncher,RESUME_ACTIVITY]
06-28 10:14:38.163 2605 2605 I wm_on_top_resumed_gained_called: [263032627,com.android.launcher3.uioverrides.QuickstepLauncher,topWhenResuming]
06-28 10:14:38.168 1603 1722 I am_proc_start: [0,15017,10127,com.zhihu.android,NULL,]
06-28 10:14:38.171 14931 14931 I wm_on_stop_called: [5341570,android.service.dreams.DreamActivity,LIFECYCLER_STOP_ACTIVITY]
06-28 10:14:38.171 14931 14931 I wm_on_destroy_called: [5341570,android.service.dreams.DreamActivity,performDestroy]
06-28 10:14:38.172 1603 1706 I sysui_multi_action: [757,222,758,2]
06-28 10:14:38.172 1603 1706 I sysui_multi_action: [757,804,799,dreaming_minutes,801,0,802,1]
06-28 10:14:38.179 1603 2092 I wm_task_removed: [24827,removeChild:removeChild last r=ActivityRecord{518182 u0 com.thundercomm.screensaver/android.service.dreams.DreamActivity taskAffinity=1000:android:com.thundercomm.screensaver/dream t-1 f}} in t=Task{4b5f093 #24827 type=dream A=1000:android:com.thundercomm.screensaver/dream U=0 visible=false mode=fullscreen translucent=true sz=0 visible freeform task=true rootAffinity=1000:android:com.thundercomm.screensaver/dream isMini=false}]
06-28 10:14:38.179 1603 2092 I wm_task_removed: [24827,removeChild]
06-28 10:14:38.180 1603 1711 I input_focus: [Focus request 3675f2c com.android.launcher3/com.android.launcher3.uioverrides.QuickstepLauncher,reason=UpdateInputWindows]
06-28 10:14:38.190 1603 14582 I am_proc_bound: [0,15017,com.zhihu.android]
06-28 10:14:38.193 1603 1889 I input_focus: [Focus entering 3675f2c com.android.launcher3/com.android.launcher3.uioverrides.QuickstepLauncher (server),reason=setFocusedWindow]
06-28 10:14:38.197 1603 1709 I am_kill : [0,14931,com.thundercomm.screensaver,915,empty #2]
06-28 10:14:38.229 1603 1603 I auditd : type=1400 audit(0.0:10028): avc: denied { getattr } for comm="ActivityManager" path="/data/tlog/fatal/dropbox" dev="dm-21" ino=499138 scontext=u:r:system_server:s0 tcontext=u:object_r:tlog_data_file:s0 tclass=dir permissive=0
06-28 10:14:38.233 1603 1603 I auditd : type=1400 audit(0.0:10029): avc: denied { getattr } for comm="ActivityManager" path="/data/tlog/fatal/dropbox" dev="dm-21" ino=499138 scontext=u:r:system_server:s0 tcontext=u:object_r:tlog_data_file:s0 tclass=dir permissive=0
06-28 10:14:38.233 1603 1721 I am_wtf : [0,1603,system_server,-1,DisplayDeviceConfig,requesting nits when no mapping exists.]
06-28 10:14:38.234 1603 1737 I wm_pause_activity: [0,263032627,com.android.launcher3/.uioverrides.QuickstepLauncher,userLeaving=false,sleep]
06-28 10:14:38.234 2605 2605 I wm_on_top_resumed_lost_called: [263032627,com.android.launcher3.uioverrides.QuickstepLauncher,topStateChangedWhenResumed]
06-28 10:14:38.235 2605 2605 I wm_on_paused_called: [263032627,com.android.launcher3.uioverrides.QuickstepLauncher,performPause]
06-28 10:14:38.235 1603 4568 I wm_add_to_stopping: [0,263032627,com.android.launcher3/.uioverrides.QuickstepLauncher,completePauseLocked]
06-28 10:14:38.236 1603 1721 I am_wtf : [0,1603,system_server,-1,DisplayDeviceConfig,requesting nits when no mapping exists.]
06-28 10:14:38.239 1603 1709 I wm_stop_activity: [0,263032627,com.android.launcher3/.uioverrides.QuickstepLauncher]
06-28 10:14:38.239 1603 1709 I sysui_multi_action: [757,803,799,window_time_0,802,0]
06-28 10:14:38.242 1603 1889 I input_focus: [Focus leaving 3675f2c com.android.launcher3/com.android.launcher3.uioverrides.QuickstepLauncher (server),reason=NOT_VISIBLE]
06-28 10:14:38.246 2605 2605 I wm_on_stop_called: [263032627,com.android.launcher3.uioverrides.QuickstepLauncher,STOP_ACTIVITY_ITEM]
06-28 10:14:38.258 1603 2092 I am_proc_died: [0,14931,com.thundercomm.screensaver,915,19]
06-28 10:14:38.294 1603 1603 I sysui_multi_action: [757,198,758,2,759,2,1359,203,1695,0]
06-28 10:14:38.294 1603 1603 I power_screen_state: [0,2,0,0,203]
06-28 10:14:38.294 1603 1603 I screen_toggled: 0
06-28 10:14:38.294 1603 1603 I sysui_multi_action: [757,804,799,screen_timeout,801,60,802,1]
06-28 10:14:38.295 1603 1603 I sysui_multi_action: [757,1594,758,4,759,-2147483648,1359,295802]
06-28 10:14:38.295 1603 1603 I power_screen_broadcast_send: 1
06-28 10:14:38.309 1603 1603 I battery_saving_stats: [0,1,0,295507,0,0,295507,0,0]
06-28 10:14:38.341 1603 1603 I power_screen_broadcast_done: [0,47,1]
06-28 10:14:38.769 15170 15170 I auditd : type=1400 audit(0.0:10030): avc: denied { bind } for comm="ip" scontext=u:r:untrusted_app:s0:c127,c256,c512,c768 tcontext=u:r:untrusted_app:s0:c127,c256,c512,c768 tclass=netlink_route_socket permissive=0 bug=b/155595000 app=com.zhihu.android
06-28 10:14:38.793 15182 15182 I auditd : type=1400 audit(0.0:10031): avc: denied { bind } for comm="ip" scontext=u:r:untrusted_app:s0:c127,c256,c512,c768 tcontext=u:r:untrusted_app:s0:c127,c256,c512,c768 tclass=netlink_route_socket permissive=0 bug=b/155595000 app=com.zhihu.android
06-28 10:14:38.813 15184 15184 I auditd : type=1400 audit(0.0:10032): avc: denied { bind } for comm="ip" scontext=u:r:untrusted_app:s0:c127,c256,c512,c768 tcontext=u:r:untrusted_app:s0:c127,c256,c512,c768 tclass=netlink_route_socket permissive=0 bug=b/155595000
06-28 10:14:38.832 1603 1603 I sysui_multi_action: [757,128,758,5,759,8,793,32205691,794,0,795,23902,796,127,806,com.tencent.android.qqdownloader,857,channel_id_default_silent,858,3,946,com.tencent.android.qqdownloader,947,1,1500,23902,1688,1]
06-28 10:14:38.832 1603 1603 I notification_canceled: [0|com.tencent.android.qqdownloader|127|null|10101,8,32205691,23902,0,-1,-1,NULL]
06-28 10:14:38.838 1603 1603 I service_manager_stats: [100,60,86457]
06-28 10:14:38.844 1603 1603 I notification_enqueue: [10101,8983,com.tencent.android.qqdownloader,127,NULL,0,Notification(channel=channel_id_default_silent shortcut=null contentView=com.tencent.android.qqdownloader/0x7f0a01c2 vibrate=null sound=null defaults=0x0 flags=0x2a2 color=0x00000000 groupKey=com.tencent.android.qqdownloader vis=PRIVATE),0]
06-28 10:14:38.845 1603 1603 I sysui_multi_action: [757,128,758,5,759,8,793,2,794,0,795,2,796,127,806,com.tencent.android.qqdownloader,857,channel_id_default_silent,858,3,946,com.tencent.android.qqdownloader,947,1,1500,2]
06-28 10:14:38.845 1603 1603 I notification_canceled: [0|com.tencent.android.qqdownloader|127|null|10101,8,2,2,0,-1,-1,NULL]
06-28 10:14:39.849 1603 1603 I notification_enqueue: [10101,8983,com.tencent.android.qqdownloader,127,NULL,0,Notification(channel=channel_id_default_silent shortcut=null contentView=com.tencent.android.qqdownloader/0x7f0a01c2 vibrate=null sound=null defaults=0x0 flags=0x2a2 color=0x00000000 groupKey=com.tencent.android.qqdownloader vis=PRIVATE),0]
06-28 10:14:43.690 1603 1603 I force_gc: mem
06-28 10:14:48.693 1998 1998 I sqlite_mem_released: 0
06-28 10:14:48.695 1998 1998 I force_gc: mem
06-28 10:14:48.998 1603 1722 I am_proc_start: [0,15344,10127,com.zhihu.android:channel,service,{com.zhihu.android/com.taobao.accs.ChannelService}]
06-28 10:14:49.032 1603 7198 I am_proc_bound: [0,15344,com.zhihu.android:channel]
06-28 10:14:49.129 1603 1931 I netstats_mobile_sample: [0,0,0,0,0,0,0,0,0,0,0,0,1687918489129]
06-28 10:14:49.129 1603 1931 I netstats_wifi_sample: [128296790,103092,8232123,48958,128296790,103092,8232123,48958,135024518,113614,6947889,46398,1687918489129]
06-28 10:14:52.385 15405 15405 I auditd : type=1400 audit(0.0:10044): avc: denied { bind } for comm="ip" scontext=u:r:untrusted_app:s0:c127,c256,c512,c768 tcontext=u:r:untrusted_app:s0:c127,c256,c512,c768 tclass=netlink_route_socket permissive=0 bug=b/155595000 app=com.zhihu.android
06-28 10:14:52.405 15406 15406 I auditd : type=1400 audit(0.0:10045): avc: denied { bind } for comm="ip" scontext=u:r:untrusted_app:s0:c127,c256,c512,c768 tcontext=u:r:untrusted_app:s0:c127,c256,c512,c768 tclass=netlink_route_socket permissive=0 bug=b/155595000 app=com.zhihu.android
06-28 10:14:52.421 15407 15407 I auditd : type=1400 audit(0.0:10046): avc: denied { bind } for comm="ip" scontext=u:r:untrusted_app:s0:c127,c256,c512,c768 tcontext=u:r:untrusted_app:s0:c127,c256,c512,c768 tclass=netlink_route_socket permissive=0 bug=b/155595000 app=com.zhihu.android
06-28 10:14:54.286 2198 2198 I force_gc: mem
06-28 10:14:59.020 1603 2646 I am_kill : [0,15344,com.zhihu.android:channel,905,empty #2]
06-28 10:14:59.176 1603 7198 I am_proc_died: [0,15344,com.zhihu.android:channel,905,19]
06-28 10:15:01.510 1603 1603 I am_uid_running: 10117
06-28 10:15:01.512 1603 1603 I am_uid_running: 10124
06-28 10:15:01.529 1603 1722 I am_proc_start: [0,15508,10117,com.taobao.taobao:channel,service,{com.taobao.taobao/com.taobao.accs.internal.AccsJobService}]
06-28 10:15:01.531 1603 1992 I sync : [com.tencent.android.qqdownloader.YYBLiveAccountProvider,0,3,24220937]
