06-28 01:17:30.454 1603 1721 I am_wtf : [0,1603,system_server,-1,ActivityManager,Background started FGS: Allowed [callingPackage: com.tencent.qqmusicpad; callingUid: 10096; uidState: RCVR; intent: Intent { cmp=com.tencent.qqmusicpad/com.tencent.qqmusic.innovation.network.service.NetworkService }; code:BOOT_COMPLETED; tempAllowListReason:; targetSdkVersion:27; callerTargetSdkVersion:27; startForegroundCount:0; bindFromPackage:null]]
06-28 01:17:30.482 1603 1722 I am_proc_start: [0,7603,10096,com.tencent.qqmusicpad:wns,service,{com.tencent.qqmusicpad/com.tencent.wns.service.WnsMain}]
06-28 01:17:30.499 1603 3458 I am_proc_bound: [0,7603,com.tencent.qqmusicpad:wns]
06-28 01:17:30.523 7511 7628 I liblog : 783
06-28 01:17:30.525 7511 7511 I liblog : 107
06-28 01:17:30.539 7511 7628 I liblog : 612
06-28 01:17:30.579 1603 6021 I am_uid_running: 10133
06-28 01:17:30.586 1603 1722 I am_proc_start: [0,7652,10133,com.wandoujia.phoenix2:channel,broadcast,{com.wandoujia.phoenix2/com.taobao.accs.EventReceiver}]
06-28 01:17:30.586 1603 1603 I notification_cancel_all: [10096,7511,com.tencent.qqmusicpad,0,0,64,9,NULL]
06-28 01:17:30.604 1603 6021 I am_proc_bound: [0,7652,com.wandoujia.phoenix2:channel]
06-28 01:17:30.606 1603 6021 I am_uid_active: 10133
06-28 01:17:30.622 7603 7603 I liblog : 1601
06-28 01:17:30.622 7603 7603 I liblog : 3
06-28 01:17:30.624 7603 7603 I liblog : 264
06-28 01:17:30.637 7603 7603 I liblog : 1
06-28 01:17:30.797 1603 1722 I am_proc_start: [0,7757,10133,com.wandoujia.phoenix2:aid,content provider,{com.wandoujia.phoenix2/com.lib.common.sharedata.PPShareDataContentProvider}]
06-28 01:17:30.799 1603 2092 I am_wtf : [0,7565,com.tencent.mm,949501508,FirebaseApp,Remote stack trace:
06-28 01:17:30.799 1603 2092 I am_wtf : at com.android.server.content.ContentService.registerContentObserver(ContentService.java:357)
06-28 01:17:30.799 1603 2092 I am_wtf : at android.content.IContentService$Stub.onTransact(IContentService.java:484)
06-28 01:17:30.799 1603 2092 I am_wtf : at android.os.Binder.execTransactInternal(Binder.java:1179)
06-28 01:17:30.799 1603 2092 I am_wtf : at android.os.Binder.execTransact(Binder.java:1143)
06-28 01:17:30.799 1603 2092 I am_wtf : ]
06-28 01:17:30.809 1603 6021 I am_proc_bound: [0,7757,com.wandoujia.phoenix2:aid]
06-28 01:17:30.931 7123 7123 I auditd : type=1400 audit(0.0:4051): avc: granted { nlmsg_readpriv } for comm="mars::7634" scontext=u:r:untrusted_app_29:s0:c102,c256,c512,c768 tcontext=u:r:untrusted_app_29:s0:c102,c256,c512,c768 tclass=netlink_route_socket app=com.tencent.mm
06-28 01:17:30.931 7123 7123 I auditd : type=1400 audit(0.0:4052): avc: granted { nlmsg_readpriv } for comm="mars::7634" scontext=u:r:untrusted_app_29:s0:c102,c256,c512,c768 tcontext=u:r:untrusted_app_29:s0:c102,c256,c512,c768 tclass=netlink_route_socket app=com.tencent.mm
06-28 01:17:30.943 7220 7220 I auditd : type=1400 audit(0.0:4053): avc: denied { read } for comm="pool-11-thread-" name="version" dev="proc" ino=4026532247 scontext=u:r:untrusted_app_27:s0:c512,c768 tcontext=u:object_r:proc_version:s0 tclass=file permissive=0 app=com.tencent.android.qqdownloader
06-28 01:17:30.951 7220 7220 I auditd : type=1400 audit(0.0:4054): avc: denied { read } for comm="pool-11-thread-" name="version" dev="proc" ino=4026532247 scontext=u:r:untrusted_app_27:s0:c512,c768 tcontext=u:object_r:proc_version:s0 tclass=file permissive=0 app=com.tencent.android.qqdownloader
06-28 01:17:31.015 7794 7794 I auditd : type=1400 audit(0.0:4055): avc: granted { bind } for comm="ip" scontext=u:r:untrusted_app_29:s0:c102,c256,c512,c768 tcontext=u:r:untrusted_app_29:s0:c102,c256,c512,c768 tclass=netlink_route_socket app=com.tencent.mm
06-28 01:17:31.019 1603 6021 I am_kill : [0,7652,com.wandoujia.phoenix2:channel,915,empty #2]
06-28 01:17:31.020 1603 6021 I am_kill : [0,7150,com.android.webview:webview_service,915,empty #3]
06-28 01:17:31.027 1603 1722 I am_proc_start: [0,7827,10133,com.wandoujia.phoenix2,broadcast,{com.wandoujia.phoenix2/com.pp.assistant.modules.cleaner.cleaner.core.JunkScannerReceiver}]
06-28 01:17:31.043 1603 6021 I am_proc_bound: [0,7827,com.wandoujia.phoenix2]
06-28 01:17:31.158 1603 6021 I am_proc_died: [0,7150,com.android.webview:webview_service,915,19]
06-28 01:17:31.158 1603 6021 I am_uid_stopped: 10069
06-28 01:17:31.211 1603 2172 I ntp_failure: [time.android.com/216.239.35.0,java.net.SocketTimeoutException: Poll timed out]
06-28 01:17:31.328 1603 2092 I am_proc_died: [0,7652,com.wandoujia.phoenix2:channel,915,19]
06-28 01:17:31.531 1603 1721 I am_uid_running: 10116
06-28 01:17:31.541 1603 1722 I am_proc_start: [0,8008,10116,com.xingin.xhs,broadcast,{com.xingin.xhs/com.igexin.sdk.PushReceiver}]
06-28 01:17:31.561 1603 6021 I am_proc_bound: [0,8008,com.xingin.xhs]
06-28 01:17:31.568 1603 6021 I am_uid_active: 10116
06-28 01:17:31.886 1603 3458 I am_kill : [0,7757,com.wandoujia.phoenix2:aid,915,empty #2]
06-28 01:17:31.939 8056 8056 I auditd : type=1400 audit(0.0:4074): avc: denied { setattr } for comm="WeexJSBridgeThr" name="libweexjsb.so" dev="dm-21" ino=297123 scontext=u:r:untrusted_app_27:s0:c512,c768 tcontext=u:object_r:apk_data_file:s0 tclass=file permissive=0 app=com.wandoujia.phoenix2
06-28 01:17:31.939 8056 8056 I auditd : type=1400 audit(0.0:4075): avc: denied { setattr } for comm="WeexJSBridgeThr" name="libweexjsb.so" dev="dm-21" ino=297123 scontext=u:r:untrusted_app_27:s0:c512,c768 tcontext=u:object_r:apk_data_file:s0 tclass=file permissive=0 app=com.wandoujia.phoenix2
06-28 01:17:32.191 7827 7827 I auditd : type=1400 audit(0.0:4076): avc: denied { read } for comm="PPHttpLoadingTa" name="u:object_r:wifi_hal_prop:s0" dev="tmpfs" ino=12777 scontext=u:r:untrusted_app_27:s0:c512,c768 tcontext=u:object_r:wifi_hal_prop:s0 tclass=file permissive=0 app=com.wandoujia.phoenix2
06-28 01:17:32.280 1603 6021 I am_proc_died: [0,7757,com.wandoujia.phoenix2:aid,0,10]
06-28 01:17:32.281 1603 6021 I am_schedule_service_restart: [0,com.wandoujia.phoenix2/com.pp.downloadx.service.FlyStreamService,1000]
06-28 01:17:32.282 1603 6021 I am_schedule_service_restart: [0,com.wandoujia.phoenix2/com.pp.downloadx.service.FlyStreamService,4000]
06-28 01:17:32.331 7827 7827 I auditd : type=1400 audit(0.0:4077): avc: denied { read } for comm="WaBackgroundHan" name="u:object_r:serialno_prop:s0" dev="tmpfs" ino=12620 scontext=u:r:untrusted_app_27:s0:c512,c768 tcontext=u:object_r:serialno_prop:s0 tclass=file permissive=0 app=com.wandoujia.phoenix2
06-28 01:17:32.547 7827 7827 I auditd : type=1400 audit(0.0:4078): avc: denied { read } for comm="NativeThread" name="u:object_r:wifi_hal_prop:s0" dev="tmpfs" ino=12777 scontext=u:r:untrusted_app_27:s0:c512,c768 tcontext=u:object_r:wifi_hal_prop:s0 tclass=file permissive=0 app=com.wandoujia.phoenix2
06-28 01:17:32.821 1603 1931 I netstats_mobile_sample: [0,0,0,0,0,0,0,0,0,0,0,0,1687886252821]
06-28 01:17:32.821 1603 1931 I netstats_wifi_sample: [19121283,15514,1370144,6619,19121283,15514,1370144,6619,18826533,15567,1311904,6495,1687886252821]
06-28 01:17:32.849 1603 1722 I am_proc_start: [0,8174,10101,com.tencent.android.qqdownloader:live,service,{com.tencent.android.qqdownloader/com.live.sync.YYBLiveAuthService}]
06-28 01:17:32.865 1603 2092 I am_proc_bound: [0,8174,com.tencent.android.qqdownloader:live]
06-28 01:17:32.947 8174 8174 I auditd : type=1400 audit(0.0:4103): avc: granted { execute } for comm="temporary-1" path="/data/user/0/com.tencent.android.qqdownloader/files/shell/8_8454130_1346/lib/arm64-v8a/libmarsxlog.so" dev="dm-21" ino=39388 scontext=u:r:untrusted_app_27:s0:c512,c768 tcontext=u:object_r:app_data_file:s0:c512,c768 tclass=file app=com.tencent.android.qqdownloader
06-28 01:17:32.947 7220 7220 I auditd : type=1400 audit(0.0:4104): avc: denied { read } for comm="Shark-Looper-Ma" name="version" dev="proc" ino=4026532247 scontext=u:r:untrusted_app_27:s0:c512,c768 tcontext=u:object_r:proc_version:s0 tclass=file permissive=0 app=com.tencent.android.qqdownloader
06-28 01:17:32.955 7220 7220 I auditd : type=1400 audit(0.0:4105): avc: denied { read } for comm="Shark-Looper-Ma" name="version" dev="proc" ino=4026532247 scontext=u:r:untrusted_app_27:s0:c512,c768 tcontext=u:object_r:proc_version:s0 tclass=file permissive=0 app=com.tencent.android.qqdownloader
06-28 01:17:33.011 7827 7827 I auditd : type=1400 audit(0.0:4106): avc: granted { nlmsg_readpriv } for comm="DaemonThread-6" scontext=u:r:untrusted_app_27:s0:c512,c768 tcontext=u:r:untrusted_app_27:s0:c512,c768 tclass=netlink_route_socket app=com.wandoujia.phoenix2
06-28 01:17:33.239 8008 8008 I auditd : type=1400 audit(0.0:4107): avc: denied { read } for comm=7265717565737420746872656164 name="system" dev="dm-21" ino=121 scontext=u:r:untrusted_app:s0:c116,c256,c512,c768 tcontext=u:object_r:system_data_file:s0 tclass=dir permissive=0 app=com.xingin.xhs
06-28 01:17:33.620 1603 3295 I am_kill : [0,8008,com.xingin.xhs,905,empty #2]
06-28 01:17:33.622 1603 1721 I am_uid_running: 10036
06-28 01:17:33.631 1603 1722 I am_proc_start: [0,8354,10036,com.android.providers.calendar,broadcast,{com.android.providers.calendar/com.android.providers.calendar.CalendarProviderBroadcastReceiver}]
06-28 01:17:33.653 1603 3295 I am_proc_bound: [0,8354,com.android.providers.calendar]
06-28 01:17:33.657 1603 3295 I am_uid_active: 10036
06-28 01:17:33.686 1603 2092 I am_proc_died: [0,8008,com.xingin.xhs,905,19]
06-28 01:17:33.687 1603 2092 I am_uid_stopped: 10116
06-28 01:17:33.707 1603 2092 I am_uid_running: 10076
06-28 01:17:33.734 1603 1722 I am_proc_start: [0,8373,10076,com.qti.ltebc,broadcast,{com.qti.ltebc/com.qualcomm.ltebc.LTEBroadcastAlarmReceiver}]
06-28 01:17:33.741 1603 2092 I am_kill : [0,7827,com.wandoujia.phoenix2,915,empty #2]
06-28 01:17:33.757 1603 2092 I am_proc_bound: [0,8373,com.qti.ltebc]
06-28 01:17:33.761 1603 2092 I am_uid_active: 10076
06-28 01:17:33.816 1603 2092 I am_proc_died: [0,7827,com.wandoujia.phoenix2,915,19]
06-28 01:17:33.817 1603 2092 I am_uid_stopped: 10133
06-28 01:17:34.064 1603 2092 I am_kill : [0,8354,com.android.providers.calendar,905,empty #2]
06-28 01:17:34.095 1603 2092 I am_proc_died: [0,8354,com.android.providers.calendar,905,19]
06-28 01:17:34.096 1603 2092 I am_uid_stopped: 10036
06-28 01:17:34.102 1603 2065 I am_uid_running: 10059
06-28 01:17:34.116 1603 1722 I am_proc_start: [0,8404,10059,com.qualcomm.qti.qms.service.trustzoneaccess,service,{com.qualcomm.qti.qms.service.trustzoneaccess/com.qualcomm.qti.qms.service.trustzoneaccess.TZAccessService}]
06-28 01:17:34.139 1603 2065 I am_proc_bound: [0,8404,com.qualcomm.qti.qms.service.trustzoneaccess]
06-28 01:17:34.278 1603 2092 I am_proc_died: [0,8373,com.qti.ltebc,905,19]
06-28 01:17:34.278 1603 2092 I am_uid_stopped: 10076
06-28 01:17:34.707 7182 7182 I auditd : type=1400 audit(0.0:4748): avc: granted { nlmsg_readpriv } for comm="temporary-8" scontext=u:r:untrusted_app_27:s0:c512,c768 tcontext=u:r:untrusted_app_27:s0:c512,c768 tclass=netlink_route_socket app=com.tencent.android.qqdownloader
06-28 01:17:34.715 7182 7182 I auditd : type=1400 audit(0.0:4749): avc: granted { execute } for comm="temporary-8" path="/data/user/0/com.tencent.android.qqdownloader/files/shell/8_8454130_1346/lib/arm64-v8a/libqmp.so" dev="dm-21" ino=39391 scontext=u:r:untrusted_app_27:s0:c512,c768 tcontext=u:object_r:app_data_file:s0:c512,c768 tclass=file app=com.tencent.android.qqdownloader
06-28 01:17:34.739 7182 7182 I auditd : type=1400 audit(0.0:4750): avc: granted { execute } for comm="temporary-8" path="/data/user/0/com.tencent.android.qqdownloader/files/shell/8_8454130_1346/lib/arm64-v8a/libbeaconid.so" dev="dm-21" ino=39379 scontext=u:r:untrusted_app_27:s0:c512,c768 tcontext=u:object_r:app_data_file:s0:c512,c768 tclass=file app=com.tencent.android.qqdownloader
06-28 01:17:34.743 7182 7182 I auditd : type=1400 audit(0.0:4751): avc: granted { execute } for comm="FloatingWindow-" path="/data/user/0/com.tencent.android.qqdownloader/files/shell/8_8454130_1346/lib/arm64-v8a/libps.so" dev="dm-21" ino=39390 scontext=u:r:untrusted_app_27:s0:c512,c768 tcontext=u:object_r:app_data_file:s0:c512,c768 tclass=file app=com.tencent.android.qqdownloader
06-28 01:17:34.783 7182 7182 I auditd : type=1400 audit(0.0:4752): avc: denied { read } for comm="StartThread-55" name="drivers" dev="proc" ino=4026531852 scontext=u:r:untrusted_app_27:s0:c512,c768 tcontext=u:object_r:proc_tty_drivers:s0 tclass=file permissive=0 app=com.tencent.android.qqdownloader
06-28 01:17:34.799 1603 1603 I sysui_multi_action: [757,128,758,5,759,8,793,14206,794,0,795,6061,796,127,806,com.tencent.android.qqdownloader,857,channel_id_default_silent,858,3,946,com.tencent.android.qqdownloader,947,1,1500,6061,1688,1]
06-28 01:17:34.800 1603 1603 I notification_canceled: [0|com.tencent.android.qqdownloader|127|null|10101,8,14206,6061,0,-1,-1,NULL]
06-28 01:17:34.851 1603 1603 I notification_enqueue: [10101,7182,com.tencent.android.qqdownloader,127,NULL,0,Notification(channel=channel_id_default_silent shortcut=null contentView=com.tencent.android.qqdownloader/0x7f0a01c2 vibrate=null sound=null defaults=0x0 flags=0x2a2 color=0x00000000 groupKey=com.tencent.android.qqdownloader vis=PRIVATE),0]
06-28 01:17:34.854 1603 1603 I sysui_multi_action: [757,128,758,5,759,8,793,4,794,0,795,4,796,127,806,com.tencent.android.qqdownloader,857,channel_id_default_silent,858,3,946,com.tencent.android.qqdownloader,947,1,1500,4]
06-28 01:17:34.854 1603 1603 I notification_canceled: [0|com.tencent.android.qqdownloader|127|null|10101,8,4,4,0,-1,-1,NULL]
06-28 01:17:35.452 7182 7255 I snet_event_log: [172655291,-1,]
06-28 01:17:35.456 7182 7255 I snet_event_log: [172655291,-1,]
06-28 01:17:35.857 1603 1603 I notification_enqueue: [10101,7182,com.tencent.android.qqdownloader,127,NULL,0,Notification(channel=channel_id_default_silent shortcut=null contentView=com.tencent.android.qqdownloader/0x7f0a01c2 vibrate=null sound=null defaults=0x0 flags=0x2a2 color=0x00000000 groupKey=com.tencent.android.qqdownloader vis=PRIVATE),0]
06-28 01:17:36.866 1603 1603 I notification_enqueue: [10101,7182,com.tencent.android.qqdownloader,127,NULL,0,Notification(channel=channel_id_default_silent shortcut=null contentView=com.tencent.android.qqdownloader/0x7f0a01c2 vibrate=null sound=null defaults=0x0 flags=0x2a2 color=0x00000000 groupKey=com.tencent.android.qqdownloader vis=PRIVATE),1]
06-28 01:17:37.545 1603 1720 I am_kill : [0,2697,com.qualcomm.qti.qccauthmgr,925,empty #2]
06-28 01:17:37.577 1603 2065 I am_proc_died: [0,2697,com.qualcomm.qti.qccauthmgr,925,19]
06-28 01:17:37.578 1603 2065 I am_uid_stopped: 10086
06-28 01:17:37.874 1603 1603 I notification_enqueue: [10101,7182,com.tencent.android.qqdownloader,127,NULL,0,Notification(channel=channel_id_default_silent shortcut=null contentView=com.tencent.android.qqdownloader/0x7f0a01c2 vibrate=null sound=null defaults=0x0 flags=0x2a2 color=0x00000000 groupKey=com.tencent.android.qqdownloader vis=PRIVATE),1]
06-28 01:17:37.979 7220 7220 I auditd : type=1400 audit(0.0:4945): avc: granted { execute } for comm="temporary-7" path="/data/user/0/com.tencent.android.qqdownloader/files/plugin/com.tencent.assistant.paganimation/arm64-v8a/libpag.so" dev="dm-21" ino=45268 scontext=u:r:untrusted_app_27:s0:c512,c768 tcontext=u:object_r:app_data_file:s0:c512,c768 tclass=file app=com.tencent.android.qqdownloader
06-28 01:17:38.735 1603 1720 I am_pss : [2371,1073,com.android.networkstack.process,14571520,11948032,0,105005056,0,0,8]
06-28 01:17:38.743 1603 1720 I am_pss : [2299,1001,.dataservices,8914944,6733824,0,93622272,0,0,6]
06-28 01:17:38.744 1603 1931 I netstats_mobile_sample: [0,0,0,0,0,0,0,0,0,0,0,0,1687886258744]
06-28 01:17:38.745 1603 1931 I netstats_wifi_sample: [19323133,16161,1847490,7317,19323133,16161,1847490,7317,19216302,16395,1770454,7157,1687886258744]
06-28 01:17:38.759 1603 1720 I am_pss : [1998,10080,com.android.systemui,179366912,161607680,0,321748992,0,0,14]
06-28 01:17:38.782 1603 1720 I am_pss : [1603,1000,system,213664768,131231744,0,497815552,0,0,22]
06-28 01:17:38.853 1603 1720 I am_pss : [2835,10073,com.qualcomm.location,10807296,7847936,0,102948864,0,0,6]
06-28 01:17:38.863 1603 1720 I am_pss : [2535,1000,com.qualcomm.qti.qdma,15016960,11304960,0,114319360,0,0,9]
06-28 01:17:38.872 1603 1720 I am_pss : [2462,1000,com.thundercomm.remotecontrolservice,9450496,6680576,0,99676160,0,0,9]
06-28 01:17:38.880 1603 1720 I am_pss : [2483,1000,com.thundercomm.tcservice,10020864,6754304,0,97538048,0,0,6]
06-28 01:17:38.886 1603 1603 I notification_enqueue: [10101,7182,com.tencent.android.qqdownloader,127,NULL,0,Notification(channel=channel_id_default_silent shortcut=null contentView=com.tencent.android.qqdownloader/0x7f0a01c2 vibrate=null sound=null defaults=0x0 flags=0x2a2 color=0x00000000 groupKey=com.tencent.android.qqdownloader vis=PRIVATE),1]
06-28 01:17:38.889 1603 1720 I am_pss : [2458,1068,com.android.se,6135808,4038656,0,90030080,0,0,6]
06-28 01:17:38.896 1603 1720 I am_pss : [2397,10081,com.qti.qualcomm.mstatssystemservice,5864448,3837952,0,88408064,0,0,6]
06-28 01:17:38.902 1603 1720 I am_pss : [2389,1000,vendor.qti.qesdk.sysservice,5909504,3833856,0,89653248,0,0,6]
06-28 01:17:38.899 7220 7220 I auditd : type=1400 audit(0.0:4946): avc: denied { read } for comm="qimei-s-thread-" name="u:object_r:wifi_hal_prop:s0" dev="tmpfs" ino=12777 scontext=u:r:untrusted_app_27:s0:c512,c768 tcontext=u:object_r:wifi_hal_prop:s0 tclass=file permissive=0 app=com.tencent.android.qqdownloader
06-28 01:17:38.908 1603 1720 I am_pss : [2383,1000,com.thundercomm.tcsetupwizard,6582272,4440064,0,89214976,0,0,5]
06-28 01:17:38.903 7220 7220 I auditd : type=1400 audit(0.0:4947): avc: denied { read } for comm="qimei-s-thread-" name="ioports" dev="proc" ino=4026532282 scontext=u:r:untrusted_app_27:s0:c512,c768 tcontext=u:object_r:proc:s0 tclass=file permissive=0 app=com.tencent.android.qqdownloader
06-28 01:17:38.915 1603 1720 I am_pss : [2355,1000,com.tc.logclient,7854080,5267456,0,97185792,0,0,5]
06-28 01:17:38.921 1603 1720 I am_pss : [2313,1000,com.thundercomm.tchttpserver,8028160,5623808,0,93257728,0,0,5]
06-28 01:17:38.929 1603 1720 I am_pss : [2283,1000,com.thundercomm.microsettings,20880384,9662464,0,118837248,0,0,7]
06-28 01:17:38.936 1603 1720 I am_pss : [2308,10055,.qtidataservices,6283264,4190208,0,90329088,0,0,6]
06-28 01:17:38.943 1603 1720 I am_pss : [2270,1000,com.thundercomm.microservice,9279488,6955008,0,94334976,0,0,5]
06-28 01:17:38.943 7220 7220 I auditd : type=1400 audit(0.0:4948): avc: granted { nlmsg_readpriv } for comm="qimei-s-thread-" scontext=u:r:untrusted_app_27:s0:c512,c768 tcontext=u:r:untrusted_app_27:s0:c512,c768 tclass=netlink_route_socket app=com.tencent.android.qqdownloader
06-28 01:17:38.953 1603 1720 I am_pss : [2198,1000,com.thundercomm.gamemode,60924928,51146752,0,166699008,0,0,10]
06-28 01:17:38.960 1603 1720 I am_pss : [3056,10056,ts.car.uart,6566912,4497408,0,90066944,0,0,6]
06-28 01:17:39.812 1603 1720 I am_pss : [7182,10101,com.tencent.android.qqdownloader:daemon,73656320,55816192,0,206819328,0,4,13]
06-28 01:17:39.828 1603 1720 I am_pss : [7220,10101,com.tencent.android.qqdownloader,107206656,88608768,0,247128064,0,4,13]
06-28 01:17:39.837 1603 1720 I am_pss : [7257,10101,com.tencent.android.qqdownloader:cloud,41799680,30429184,0,158629888,0,4,8]
06-28 01:17:39.846 1603 1720 I am_pss : [3180,10093,com.android.providers.media.module,25912320,22069248,0,126939136,0,0,7]
06-28 01:17:39.852 1603 1720 I am_pss : [5678,1000,com.qti.diagservices,14216192,3276800,9307136,64323584,0,10,6]
06-28 01:17:39.860 1603 1720 I am_pss : [3164,10083,com.qualcomm.qti.workloadclassifier,25859072,23187456,0,116019200,0,0,8]
06-28 01:17:39.871 1603 1720 I am_pss : [3167,10082,com.hryt.lebotp,82100224,57282560,0,174555136,0,0,10]
06-28 01:17:39.878 1603 1720 I am_pss : [3135,10087,com.qualcomm.qti.qccnetstat,6481920,4337664,0,90435584,0,0,6]
06-28 01:17:39.884 1603 1720 I am_pss : [3131,10070,com.qualcomm.qti.services.systemhelper:systemhelper_service,6771712,4542464,0,92626944,0,0,6]
06-28 01:17:39.891 1603 1720 I am_pss : [3103,10060,.pasr,5728256,3678208,0,88399872,0,0,6]
06-28 01:17:39.894 1603 1603 I notification_enqueue: [10101,7182,com.tencent.android.qqdownloader,127,NULL,0,Notification(channel=channel_id_default_silent shortcut=null contentView=com.tencent.android.qqdownloader/0x7f0a01c2 vibrate=null sound=null defaults=0x0 flags=0x2a2 color=0x00000000 groupKey=com.tencent.android.qqdownloader vis=PRIVATE),1]
06-28 01:17:39.898 1603 1720 I am_pss : [3059,1000,com.hryt.hiphishowfsecontrol,14379008,11251712,0,106364928,0,0,6]
06-28 01:17:40.527 1603 1720 I am_pss : [7511,10096,com.tencent.qqmusicpad,31457280,13586432,0,106446848,0,4,10]
06-28 01:17:40.536 1603 1720 I am_pss : [7603,10096,com.tencent.qqmusicpad:wns,29234176,11575296,0,102662144,0,4,7]
06-28 01:17:40.590 1603 1603 I notification_enqueue: [10096,7511,com.tencent.qqmusicpad,1,NULL,0,Notification(channel=NetworkService_1 shortcut=null contentView=null vibrate=null sound=null defaults=0x0 flags=0x40 color=0x00000000 vis=PRIVATE),0]
06-28 01:17:40.791 1603 1603 I sysui_multi_action: [757,1501,758,1,793,208,794,0,795,208,796,1,806,com.tencent.qqmusicpad,857,NetworkService_1,858,2,947,0,1500,0,1688,1]
06-28 01:17:40.792 1603 1603 I sysui_multi_action: [757,804,799,note_interruptive,801,0,802,1]
06-28 01:17:40.902 1603 1603 I notification_enqueue: [10101,7182,com.tencent.android.qqdownloader,127,NULL,0,Notification(channel=channel_id_default_silent shortcut=null contentView=com.tencent.android.qqdownloader/0x7f0a01c2 vibrate=null sound=null defaults=0x0 flags=0x2a2 color=0x00000000 groupKey=com.tencent.android.qqdownloader vis=PRIVATE),1]
06-28 01:17:41.909 1603 1603 I notification_enqueue: [10101,7182,com.tencent.android.qqdownloader,127,NULL,0,Notification(channel=channel_id_default_silent shortcut=null contentView=com.tencent.android.qqdownloader/0x7f0a01c2 vibrate=null sound=null defaults=0x0 flags=0x2a2 color=0x00000000 groupKey=com.tencent.android.qqdownloader vis=PRIVATE),1]
06-28 01:17:42.915 7220 7220 I auditd : type=1400 audit(0.0:4949): avc: granted { execute } for comm="gatherer-1-thre" path="/data/user/0/com.tencent.android.qqdownloader/app_e_qq_com_plugin_new_84e5596443427f53efca4e1d48972f33/libturingga.so" dev="dm-21" ino=37972 scontext=u:r:untrusted_app_27:s0:c512,c768 tcontext=u:object_r:app_data_file:s0:c512,c768 tclass=file app=com.tencent.android.qqdownloader
06-28 01:17:44.879 7182 7182 I auditd : type=1400 audit(0.0:4950): avc: granted { execute } for comm="tbs_preinit" path="/data/user/0/com.tencent.android.qqdownloader/app_tbs_64/core_share/libwebp_base.so" dev="dm-21" ino=45754 scontext=u:r:untrusted_app_27:s0:c512,c768 tcontext=u:object_r:app_data_file:s0:c512,c768 tclass=file app=com.tencent.android.qqdownloader
06-28 01:17:44.923 7182 7182 I auditd : type=1400 audit(0.0:4951): avc: granted { execute } for comm="logging-thread" path="/data/user/0/com.tencent.android.qqdownloader/app_tbs_64/core_share/libx5log.so" dev="dm-21" ino=45756 scontext=u:r:untrusted_app_27:s0:c512,c768 tcontext=u:object_r:app_data_file:s0:c512,c768 tclass=file app=com.tencent.android.qqdownloader
06-28 01:17:44.975 7182 7182 I auditd : type=1400 audit(0.0:4952): avc: granted { execute } for comm="TP-IoBound-3" path="/data/user/0/com.tencent.android.qqdownloader/app_tbs_64/core_share/libqb_keystore.so" dev="dm-21" ino=45744 scontext=u:r:untrusted_app_27:s0:c512,c768 tcontext=u:object_r:app_data_file:s0:c512,c768 tclass=file app=com.tencent.android.qqdownloader
06-28 01:17:45.007 7182 7182 I auditd : type=1400 audit(0.0:4953): avc: granted { execute } for comm="tbs_preinit" path="/data/user/0/com.tencent.android.qqdownloader/app_tbs_64/core_share/libmttwebview.so" dev="dm-21" ino=45699 scontext=u:r:untrusted_app_27:s0:c512,c768 tcontext=u:object_r:app_data_file:s0:c512,c768 tclass=file app=com.tencent.android.qqdownloader
06-28 01:17:45.075 7182 7182 I auditd : type=1400 audit(0.0:4954): avc: granted { execute } for comm="beacon-thread-1" path="/data/user/0/com.tencent.android.qqdownloader/app_tbs_64/core_share/libtbsbeaconid.so" dev="dm-21" ino=45749 scontext=u:r:untrusted_app_27:s0:c512,c768 tcontext=u:object_r:app_data_file:s0:c512,c768 tclass=file app=com.tencent.android.qqdownloader
06-28 01:17:45.506 1603 3456 I am_uid_running: 99000
06-28 01:17:45.515 1603 1722 I am_proc_start: [0,8871,99000,com.android.webview:sandboxed_process0:org.chromium.content.app.SandboxedProcessService0:0,,{com.tencent.android.qqdownloader/org.chromium.content.app.SandboxedProcessService0:0}]
06-28 01:17:45.550 1603 3456 I am_proc_bound: [0,8871,com.android.webview:sandboxed_process0:org.chromium.content.app.SandboxedProcessService0:0]
06-28 01:17:45.560 1603 3456 I am_uid_active: 99000
06-28 01:17:45.590 534 534 I auditd : avc: denied { find } for pid=8871 uid=99000 name=content_capture scontext=u:r:isolated_app:s0:c512,c768 tcontext=u:object_r:content_capture_service:s0 tclass=service_manager permissive=0
06-28 01:17:45.695 1603 2065 I am_uid_running: 10069
06-28 01:17:45.710 1603 1722 I am_proc_start: [0,8914,10069,com.android.webview:webview_service,service,{com.android.webview/org.chromium.android_webview.services.ComponentsProviderService}]
06-28 01:17:45.741 1603 2092 I am_proc_bound: [0,8914,com.android.webview:webview_service]
06-28 01:17:45.743 1603 2092 I am_uid_active: 10069
06-28 01:17:45.771 1603 2092 I am_kill : [0,8404,com.qualcomm.qti.qms.service.trustzoneaccess,915,empty #2]
06-28 01:17:45.792 1603 1722 I am_proc_start: [0,8936,10069,com.android.webview:webview_apk,service,{com.android.webview/org.chromium.android_webview.nonembedded.AwComponentUpdateService}]
06-28 01:17:45.810 1603 3456 I am_proc_bound: [0,8936,com.android.webview:webview_apk]
06-28 01:17:45.822 1603 2092 I am_proc_died: [0,8404,com.qualcomm.qti.qms.service.trustzoneaccess,915,19]
06-28 01:17:45.823 1603 2092 I am_uid_stopped: 10059
06-28 01:17:45.826 1603 2092 I am_kill : [0,5700,android.process.acore,925,empty #2]
06-28 01:17:45.836 1603 1720 I am_pss : [5620,10018,android.process.media,20368384,7602176,10835968,70762496,0,19,6]
06-28 01:17:45.865 1603 1915 I am_kill : [0,5620,android.process.media,915,empty #2]
06-28 01:17:45.872 1603 2092 I am_proc_died: [0,5700,android.process.acore,925,19]
06-28 01:17:45.872 1603 2092 I am_uid_stopped: 10020
06-28 01:17:45.905 1603 2092 I am_proc_died: [0,5620,android.process.media,915,19]
06-28 01:17:45.906 1603 2092 I am_uid_stopped: 10018
06-28 01:17:46.754 1603 1634 I am_kill : [0,8914,com.android.webview:webview_service,915,empty #2]
06-28 01:17:46.755 1603 1634 I am_kill : [0,7257,com.tencent.android.qqdownloader:cloud,905,empty #3]
06-28 01:17:46.776 1603 6021 I am_proc_died: [0,8914,com.android.webview:webview_service,915,19]
06-28 01:17:46.777 1603 6021 I am_schedule_service_restart: [0,com.android.webview/org.chromium.android_webview.services.MetricsUploadService,1000]
06-28 01:17:46.777 1603 6021 I am_schedule_service_restart: [0,com.android.webview/org.chromium.android_webview.services.MetricsBridgeService,11000]
06-28 01:17:46.784 1603 6021 I am_kill : [0,8174,com.tencent.android.qqdownloader:live,500,stop com.tencent.android.qqdownloader due to start instr]
06-28 01:17:46.786 1603 6021 I am_kill : [0,7220,com.tencent.android.qqdownloader,0,stop com.tencent.android.qqdownloader due to start instr]
06-28 01:17:46.792 1603 6021 I am_uid_stopped: 10101
06-28 01:17:46.793 1603 6021 I am_kill : [0,7182,com.tencent.android.qqdownloader:daemon,0,stop com.tencent.android.qqdownloader due to start instr]
06-28 01:17:46.800 1603 6021 I am_kill : [0,8871,com.android.webview:sandboxed_process0:org.chromium.content.app.SandboxedProcessService0:0,0,isolated not needed]
06-28 01:17:46.803 1603 6021 I am_uid_running: 10101
06-28 01:17:46.812 1603 1992 I sync : [com.tencent.android.qqdownloader.YYBLiveAccountProvider,0,3,24220937]
06-28 01:17:46.816 1603 1722 I am_proc_start: [0,8983,10101,com.tencent.android.qqdownloader:daemon,added application,com.tencent.android.qqdownloader:daemon]
06-28 01:17:46.852 1603 2092 I am_proc_died: [0,8871,com.android.webview:sandboxed_process0:org.chromium.content.app.SandboxedProcessService0:0,0,10]
06-28 01:17:46.852 1603 2092 I am_uid_stopped: 99000
06-28 01:17:46.867 1603 2092 I am_proc_bound: [0,8983,com.tencent.android.qqdownloader:daemon]
06-28 01:17:46.873 1603 2092 I am_uid_active: 10101
06-28 01:17:46.893 1603 1722 I am_proc_start: [0,8998,10101,com.tencent.android.qqdownloader:live,service,{com.tencent.android.qqdownloader/com.live.sync.YYBLiveSyncService}]
06-28 01:17:46.911 8983 8983 I auditd : type=1400 audit(0.0:4959): avc: granted { execute } for comm="wnloader:daemon" path="/data/user/0/com.tencent.android.qqdownloader/files/shell/8_8454130_1346/oat/arm64/base.odex" dev="dm-21" ino=12170 scontext=u:r:untrusted_app_27:s0:c512,c768 tcontext=u:object_r:app_data_file:s0:c512,c768 tclass=file app=com.tencent.android.qqdownloader
06-28 01:17:46.925 1603 9014 I am_proc_bound: [0,8998,com.tencent.android.qqdownloader:live]
06-28 01:17:46.939 8983 8983 I auditd : type=1400 audit(0.0:4960): avc: granted { execute } for comm="wnloader:daemon" path="/data/user/0/com.tencent.android.qqdownloader/files/shell/8_8454130_1346/lib/arm64-v8a/libmmkv.so" dev="dm-21" ino=39389 scontext=u:r:untrusted_app_27:s0:c512,c768 tcontext=u:object_r:app_data_file:s0:c512,c768 tclass=file app=com.tencent.android.qqdownloader
06-28 01:17:46.947 8998 8998 I auditd : type=1400 audit(0.0:4961): avc: granted { execute } for comm="downloader:live" path="/data/user/0/com.tencent.android.qqdownloader/files/shell/8_8454130_1346/oat/arm64/base.odex" dev="dm-21" ino=12170 scontext=u:r:untrusted_app_27:s0:c512,c768 tcontext=u:object_r:app_data_file:s0:c512,c768 tclass=file app=com.tencent.android.qqdownloader
06-28 01:17:46.969 1603 1722 I am_proc_start: [0,9036,10101,com.tencent.android.qqdownloader,content provider,{com.tencent.android.qqdownloader/com.tencent.assistant.db.contentprovider.WallpaperProvider}]
06-28 01:17:46.963 8983 8983 I auditd : type=1400 audit(0.0:4962): avc: granted { execute } for comm="temporary-1" path="/data/user/0/com.tencent.android.qqdownloader/files/shell/8_8454130_1346/lib/arm64-v8a/libmarsxlog.so" dev="dm-21" ino=39388 scontext=u:r:untrusted_app_27:s0:c512,c768 tcontext=u:object_r:app_data_file:s0:c512,c768 tclass=file app=com.tencent.android.qqdownloader
06-28 01:17:46.967 8983 8983 I auditd : type=1400 audit(0.0:4963): avc: granted { execute } for comm="temporary-5" path="/data/user/0/com.tencent.android.qqdownloader/files/shell/8_8454130_1346/lib/arm64-v8a/librdefense.so" dev="dm-21" ino=39392 scontext=u:r:untrusted_app_27:s0:c512,c768 tcontext=u:object_r:app_data_file:s0:c512,c768 tclass=file app=com.tencent.android.qqdownloader
06-28 01:17:46.994 1603 4568 I am_proc_bound: [0,9036,com.tencent.android.qqdownloader]
06-28 01:17:47.029 1603 1722 I am_proc_start: [0,9083,10101,com.tencent.android.qqdownloader:cloud,service,{com.tencent.android.qqdownloader/com.live.watermelon.service.SentryAlphaService}]
06-28 01:17:47.045 1603 4568 I am_proc_bound: [0,9083,com.tencent.android.qqdownloader:cloud]
06-28 01:17:47.099 1603 1992 I sync : [com.tencent.android.qqdownloader.YYBLiveAccountProvider,1,3,24220937]
06-28 01:17:47.102 1603 1992 I commit_sys_config_file: [sync-status,35920]
06-28 01:17:47.107 1603 1992 I sync : [com.tencent.android.qqdownloader.YYBLiveAccountProvider1,0,4,24220937]
06-28 01:17:47.112 1603 1992 I sync : [com.tencent.android.qqdownloader.YYBLiveAccountProvider,0,3,24220937]
06-28 01:17:47.128 1603 1992 I sync : [com.tencent.android.qqdownloader.YYBLiveAccountProvider1,1,4,24220937]
06-28 01:17:47.146 1603 1992 I sync : [com.tencent.android.qqdownloader.YYBLiveAccountProvider,1,3,24220937]
06-28 01:17:47.151 1603 1992 I commit_sys_config_file: [sync-status,35970]
06-28 01:17:47.992 1603 1720 I am_kill : [0,2645,com.thundercomm.gamemode.provider,925,empty #2]
06-28 01:17:48.027 1603 1915 I am_proc_died: [0,2645,com.thundercomm.gamemode.provider,925,19]
06-28 01:17:48.028 1603 1915 I am_uid_stopped: 10064
06-28 01:17:48.375 9036 9036 I auditd : type=1400 audit(0.0:5174): avc: denied { read } for comm="pool-13-thread-" name="version" dev="proc" ino=4026532247 scontext=u:r:untrusted_app_27:s0:c512,c768 tcontext=u:object_r:proc_version:s0 tclass=file permissive=0 app=com.tencent.android.qqdownloader
06-28 01:17:48.395 9036 9036 I auditd : type=1400 audit(0.0:5175): avc: denied { read } for comm="pool-13-thread-" name="version" dev="proc" ino=4026532247 scontext=u:r:untrusted_app_27:s0:c512,c768 tcontext=u:object_r:proc_version:s0 tclass=file permissive=0 app=com.tencent.android.qqdownloader
06-28 01:17:49.080 1603 1708 I commit_sys_config_file: [jobs,4]
06-28 01:17:49.255 9036 9036 I auditd : type=1400 audit(0.0:5176): avc: granted { nlmsg_readpriv } for comm="halley_2800_Tem" scontext=u:r:untrusted_app_27:s0:c512,c768 tcontext=u:r:untrusted_app_27:s0:c512,c768 tclass=netlink_route_socket app=com.tencent.android.qqdownloader
06-28 01:17:49.408 1603 1720 I am_pss : [3273,10078,com.qualcomm.location.XT,6925312,4501504,0,92106752,0,6,12]
06-28 01:17:50.212 1603 1720 I am_pss : [3479,10131,com.baidu.input_hryt,105624576,90816512,0,222695424,0,7,13]
06-28 01:17:50.367 9036 9036 I auditd : type=1400 audit(0.0:5177): avc: denied { read } for comm="Shark-Looper-Ma" name="version" dev="proc" ino=4026532247 scontext=u:r:untrusted_app_27:s0:c512,c768 tcontext=u:object_r:proc_version:s0 tclass=file permissive=0 app=com.tencent.android.qqdownloader
06-28 01:17:50.383 9036 9036 I auditd : type=1400 audit(0.0:5178): avc: denied { read } for comm="Shark-Looper-Ma" name="version" dev="proc" ino=4026532247 scontext=u:r:untrusted_app_27:s0:c512,c768 tcontext=u:object_r:proc_version:s0 tclass=file permissive=0 app=com.tencent.android.qqdownloader
06-28 01:17:52.035 8983 8983 I auditd : type=1400 audit(0.0:5179): avc: granted { execute } for comm="temporary-5" path="/data/user/0/com.tencent.android.qqdownloader/files/shell/8_8454130_1346/lib/arm64-v8a/libqmp.so" dev="dm-21" ino=39391 scontext=u:r:untrusted_app_27:s0:c512,c768 tcontext=u:object_r:app_data_file:s0:c512,c768 tclass=file app=com.tencent.android.qqdownloader
06-28 01:17:52.043 8983 8983 I auditd : type=1400 audit(0.0:5180): avc: granted { execute } for comm="FloatingWindow-" path="/data/user/0/com.tencent.android.qqdownloader/files/shell/8_8454130_1346/lib/arm64-v8a/libps.so" dev="dm-21" ino=39390 scontext=u:r:untrusted_app_27:s0:c512,c768 tcontext=u:object_r:app_data_file:s0:c512,c768 tclass=file app=com.tencent.android.qqdownloader
06-28 01:17:52.051 8983 8983 I auditd : type=1400 audit(0.0:5181): avc: granted { execute } for comm="temporary-5" path="/data/user/0/com.tencent.android.qqdownloader/files/shell/8_8454130_1346/lib/arm64-v8a/libbeaconid.so" dev="dm-21" ino=39379 scontext=u:r:untrusted_app_27:s0:c512,c768 tcontext=u:object_r:app_data_file:s0:c512,c768 tclass=file app=com.tencent.android.qqdownloader
06-28 01:17:52.087 8983 8983 I auditd : type=1400 audit(0.0:5182): avc: denied { read } for comm="StartThread-57" name="drivers" dev="proc" ino=4026531852 scontext=u:r:untrusted_app_27:s0:c512,c768 tcontext=u:object_r:proc_tty_drivers:s0 tclass=file permissive=0 app=com.tencent.android.qqdownloader
06-28 01:17:52.102 1603 1603 I sysui_multi_action: [757,128,758,5,759,8,793,16245,794,0,795,10193,796,127,806,com.tencent.android.qqdownloader,857,channel_id_default_silent,858,3,946,com.tencent.android.qqdownloader,947,1,1500,10193,1688,1]
06-28 01:17:52.102 1603 1603 I notification_canceled: [0|com.tencent.android.qqdownloader|127|null|10101,8,16245,10193,0,-1,-1,NULL]
06-28 01:17:52.111 8983 8983 I auditd : type=1400 audit(0.0:5183): avc: denied { read } for comm="qimei-thread-2" name="/" dev="dm-16" ino=2 scontext=u:r:untrusted_app_27:s0:c512,c768 tcontext=u:object_r:rootfs:s0 tclass=dir permissive=0 app=com.tencent.android.qqdownloader
06-28 01:17:52.138 1603 1603 I notification_enqueue: [10101,8983,com.tencent.android.qqdownloader,127,NULL,0,Notification(channel=channel_id_default_silent shortcut=null contentView=com.tencent.android.qqdownloader/0x7f0a01c2 vibrate=null sound=null defaults=0x0 flags=0x2a2 color=0x00000000 groupKey=com.tencent.android.qqdownloader vis=PRIVATE),0]
06-28 01:17:52.141 1603 1603 I sysui_multi_action: [757,128,758,5,759,8,793,5,794,0,795,5,796,127,806,com.tencent.android.qqdownloader,857,channel_id_default_silent,858,3,946,com.tencent.android.qqdownloader,947,1,1500,5]
06-28 01:17:52.142 1603 1603 I notification_canceled: [0|com.tencent.android.qqdownloader|127|null|10101,8,5,5,0,-1,-1,NULL]
06-28 01:17:52.519 8983 9128 I snet_event_log: [172655291,-1,]
06-28 01:17:52.522 8983 8997 I snet_event_log: [172655291,-1,]
06-28 01:17:53.143 1603 1603 I notification_enqueue: [10101,8983,com.tencent.android.qqdownloader,127,NULL,0,Notification(channel=channel_id_default_silent shortcut=null contentView=com.tencent.android.qqdownloader/0x7f0a01c2 vibrate=null sound=null defaults=0x0 flags=0x2a2 color=0x00000000 groupKey=com.tencent.android.qqdownloader vis=PRIVATE),0]
06-28 01:17:54.152 1603 1603 I notification_enqueue: [10101,8983,com.tencent.android.qqdownloader,127,NULL,0,Notification(channel=channel_id_default_silent shortcut=null contentView=com.tencent.android.qqdownloader/0x7f0a01c2 vibrate=null sound=null defaults=0x0 flags=0x2a2 color=0x00000000 groupKey=com.tencent.android.qqdownloader vis=PRIVATE),1]
06-28 01:17:55.159 1603 1603 I notification_enqueue: [10101,8983,com.tencent.android.qqdownloader,127,NULL,0,Notification(channel=channel_id_default_silent shortcut=null contentView=com.tencent.android.qqdownloader/0x7f0a01c2 vibrate=null sound=null defaults=0x0 flags=0x2a2 color=0x00000000 groupKey=com.tencent.android.qqdownloader vis=PRIVATE),1]
06-28 01:17:55.315 9036 9036 I auditd : type=1400 audit(0.0:5375): avc: granted { execute } for comm="temporary-4" path="/data/user/0/com.tencent.android.qqdownloader/files/plugin/com.tencent.assistant.paganimation/arm64-v8a/libpag.so" dev="dm-21" ino=45268 scontext=u:r:untrusted_app_27:s0:c512,c768 tcontext=u:object_r:app_data_file:s0:c512,c768 tclass=file app=com.tencent.android.qqdownloader
06-28 01:17:56.168 1603 1603 I notification_enqueue: [10101,8983,com.tencent.android.qqdownloader,127,NULL,0,Notification(channel=channel_id_default_silent shortcut=null contentView=com.tencent.android.qqdownloader/0x7f0a01c2 vibrate=null sound=null defaults=0x0 flags=0x2a2 color=0x00000000 groupKey=com.tencent.android.qqdownloader vis=PRIVATE),1]
06-28 01:17:56.243 9036 9036 I auditd : type=1400 audit(0.0:5376): avc: denied { read } for comm="qimei-s-thread-" name="u:object_r:wifi_hal_prop:s0" dev="tmpfs" ino=12777 scontext=u:r:untrusted_app_27:s0:c512,c768 tcontext=u:object_r:wifi_hal_prop:s0 tclass=file permissive=0 app=com.tencent.android.qqdownloader
06-28 01:17:56.255 9036 9036 I auditd : type=1400 audit(0.0:5377): avc: denied { read } for comm="qimei-s-thread-" name="ioports" dev="proc" ino=4026532282 scontext=u:r:untrusted_app_27:s0:c512,c768 tcontext=u:object_r:proc:s0 tclass=file permissive=0 app=com.tencent.android.qqdownloader
06-28 01:17:56.283 9036 9036 I auditd : type=1400 audit(0.0:5378): avc: granted { nlmsg_readpriv } for comm="qimei-s-thread-" scontext=u:r:untrusted_app_27:s0:c512,c768 tcontext=u:r:untrusted_app_27:s0:c512,c768 tclass=netlink_route_socket app=com.tencent.android.qqdownloader
06-28 01:17:57.173 1603 1603 I notification_enqueue: [10101,8983,com.tencent.android.qqdownloader,127,NULL,0,Notification(channel=channel_id_default_silent shortcut=null contentView=com.tencent.android.qqdownloader/0x7f0a01c2 vibrate=null sound=null defaults=0x0 flags=0x2a2 color=0x00000000 groupKey=com.tencent.android.qqdownloader vis=PRIVATE),1]
06-28 01:17:57.241 1603 1720 I am_pss : [8983,10101,com.tencent.android.qqdownloader:daemon,65332224,47693824,0,198107136,0,4,12]
06-28 01:17:57.258 1603 1720 I am_pss : [9036,10101,com.tencent.android.qqdownloader,106530816,88023040,0,246050816,0,4,14]
06-28 01:17:57.268 1603 1720 I am_pss : [9083,10101,com.tencent.android.qqdownloader:cloud,41688064,30158848,0,157818880,0,4,9]
06-28 01:17:57.801 1603 1722 I am_proc_start: [0,9613,10069,com.android.webview:webview_service,service,{com.android.webview/org.chromium.android_webview.services.MetricsBridgeService}]
06-28 01:17:57.842 1603 1915 I am_proc_bound: [0,9613,com.android.webview:webview_service]
06-28 01:17:58.181 1603 1603 I notification_enqueue: [10101,8983,com.tencent.android.qqdownloader,127,NULL,0,Notification(channel=channel_id_default_silent shortcut=null contentView=com.tencent.android.qqdownloader/0x7f0a01c2 vibrate=null sound=null defaults=0x0 flags=0x2a2 color=0x00000000 groupKey=com.tencent.android.qqdownloader vis=PRIVATE),1]
06-28 01:17:58.478 1603 1720 I am_kill : [0,8936,com.android.webview:webview_apk,915,empty #2]
06-28 01:17:58.514 1603 1915 I am_proc_died: [0,8936,com.android.webview:webview_apk,915,19]
06-28 01:17:58.533 1603 1720 I am_pss : [7565,10102,com.tencent.mm,132012032,89968640,3035136,271515648,0,10,16]
06-28 01:17:58.547 1603 1720 I am_pss : [7123,10102,com.tencent.mm:push,92417024,50888704,2920448,229761024,0,10,13]
06-28 01:17:58.555 1603 1720 I am_pss : [7511,10096,com.tencent.qqmusicpad,29271040,13651968,0,106123264,0,4,7]
06-28 01:17:58.562 1603 1720 I am_pss : [7603,10096,com.tencent.qqmusicpad:wns,27136000,11718656,0,102539264,0,4,6]
06-28 01:17:59.190 1603 1603 I notification_enqueue: [10101,8983,com.tencent.android.qqdownloader,127,NULL,0,Notification(channel=channel_id_default_silent shortcut=null contentView=com.tencent.android.qqdownloader/0x7f0a01c2 vibrate=null sound=null defaults=0x0 flags=0x2a2 color=0x00000000 groupKey=com.tencent.android.qqdownloader vis=PRIVATE),1]
06-28 01:18:00.255 9036 9036 I auditd : type=1400 audit(0.0:5379): avc: granted { execute } for comm="gatherer-1-thre" path="/data/user/0/com.tencent.android.qqdownloader/app_e_qq_com_plugin_new_84e5596443427f53efca4e1d48972f33/libturingga.so" dev="dm-21" ino=37972 scontext=u:r:untrusted_app_27:s0:c512,c768 tcontext=u:object_r:app_data_file:s0:c512,c768 tclass=file app=com.tencent.android.qqdownloader
06-28 01:18:02.171 8983 8983 I auditd : type=1400 audit(0.0:5380): avc: granted { execute } for comm="tbs_preinit" path="/data/user/0/com.tencent.android.qqdownloader/app_tbs_64/core_share/libwebp_base.so" dev="dm-21" ino=45754 scontext=u:r:untrusted_app_27:s0:c512,c768 tcontext=u:object_r:app_data_file:s0:c512,c768 tclass=file app=com.tencent.android.qqdownloader
06-28 01:18:02.207 8983 8983 I auditd : type=1400 audit(0.0:5381): avc: granted { execute } for comm="logging-thread" path="/data/user/0/com.tencent.android.qqdownloader/app_tbs_64/core_share/libx5log.so" dev="dm-21" ino=45756 scontext=u:r:untrusted_app_27:s0:c512,c768 tcontext=u:object_r:app_data_file:s0:c512,c768 tclass=file app=com.tencent.android.qqdownloader
06-28 01:18:02.255 8983 8983 I auditd : type=1400 audit(0.0:5382): avc: granted { execute } for comm="TP-IoBound-3" path="/data/user/0/com.tencent.android.qqdownloader/app_tbs_64/core_share/libqb_keystore.so" dev="dm-21" ino=45744 scontext=u:r:untrusted_app_27:s0:c512,c768 tcontext=u:object_r:app_data_file:s0:c512,c768 tclass=file app=com.tencent.android.qqdownloader
06-28 01:18:02.275 8983 8983 I auditd : type=1400 audit(0.0:5383): avc: granted { execute } for comm="tbs_preinit" path="/data/user/0/com.tencent.android.qqdownloader/app_tbs_64/core_share/libmttwebview.so" dev="dm-21" ino=45699 scontext=u:r:untrusted_app_27:s0:c512,c768 tcontext=u:object_r:app_data_file:s0:c512,c768 tclass=file app=com.tencent.android.qqdownloader
06-28 01:18:02.291 9731 9731 I auditd : type=1400 audit(0.0:5384): avc: granted { execute } for comm="X5MemoryMonitor" name="libcmdsh.so" dev="dm-21" ino=45696 scontext=u:r:untrusted_app_27:s0:c512,c768 tcontext=u:object_r:app_data_file:s0:c512,c768 tclass=file app=com.tencent.android.qqdownloader
06-28 01:18:02.526 1603 4568 I am_uid_running: 99001
06-28 01:18:02.532 1603 1722 I am_proc_start: [0,9801,99001,com.android.webview:sandboxed_process0:org.chromium.content.app.SandboxedProcessService0:0,,{com.tencent.android.qqdownloader/org.chromium.content.app.SandboxedProcessService0:0}]
06-28 01:18:02.547 1603 3427 I am_proc_bound: [0,9801,com.android.webview:sandboxed_process0:org.chromium.content.app.SandboxedProcessService0:0]
06-28 01:18:02.550 1603 3427 I am_uid_active: 99001
06-28 01:18:02.570 534 534 I auditd : avc: denied { find } for pid=9801 uid=99001 name=content_capture scontext=u:r:isolated_app:s0:c512,c768 tcontext=u:object_r:content_capture_service:s0 tclass=service_manager permissive=0
06-28 01:18:06.182 1603 1948 I storage_state: [41217664-9172-527a-b3d5-edabb50a7d69,0,0,75550806016,118610538496]
06-28 01:18:06.239 1603 1706 I am_uid_running: 10092
06-28 01:18:06.267 1603 1722 I am_proc_start: [0,9868,10092,com.android.permissioncontroller,service,{com.android.permissioncontroller/com.android.permissioncontroller.permission.service.PermissionControllerServiceImpl}]
06-28 01:18:06.300 1603 6020 I am_proc_bound: [0,9868,com.android.permissioncontroller]
06-28 01:18:06.307 1603 6020 I am_uid_active: 10092
06-28 01:18:07.233 1603 1722 I am_proc_start: [0,9896,10101,com.tencent.ilink.ServiceProcess,service,{com.tencent.android.qqdownloader/com.tencent.luggage.services.WxaStartUpService}]
06-28 01:18:07.275 1603 1915 I am_proc_bound: [0,9896,com.tencent.ilink.ServiceProcess]
06-28 01:18:07.309 1603 1720 I am_pss : [8983,10101,com.tencent.android.qqdownloader:daemon,242263040,208134144,0,408313856,0,4,29]
06-28 01:18:07.311 9896 9896 I auditd : type=1400 audit(0.0:5389): avc: granted { execute } for comm=".ServiceProcess" path="/data/user/0/com.tencent.android.qqdownloader/files/shell/8_8454130_1346/oat/arm64/base.odex" dev="dm-21" ino=12170 scontext=u:r:untrusted_app_27:s0:c512,c768 tcontext=u:object_r:app_data_file:s0:c512,c768 tclass=file app=com.tencent.android.qqdownloader
06-28 01:18:07.339 9896 9896 I auditd : type=1400 audit(0.0:5390): avc: granted { execute } for comm=".ServiceProcess" path="/data/user/0/com.tencent.android.qqdownloader/files/shell/8_8454130_1346/lib/arm64-v8a/libmmkv.so" dev="dm-21" ino=39389 scontext=u:r:untrusted_app_27:s0:c512,c768 tcontext=u:object_r:app_data_file:s0:c512,c768 tclass=file app=com.tencent.android.qqdownloader
06-28 01:18:07.359 9896 9896 I auditd : type=1400 audit(0.0:5391): avc: granted { execute } for comm="temporary-5" path="/data/user/0/com.tencent.android.qqdownloader/files/shell/8_8454130_1346/lib/arm64-v8a/librdefense.so" dev="dm-21" ino=39392 scontext=u:r:untrusted_app_27:s0:c512,c768 tcontext=u:object_r:app_data_file:s0:c512,c768 tclass=file app=com.tencent.android.qqdownloader
06-28 01:18:07.359 9896 9896 I auditd : type=1400 audit(0.0:5392): avc: granted { execute } for comm="temporary-5" path="/data/user/0/com.tencent.android.qqdownloader/files/shell/8_8454130_1346/lib/arm64-v8a/libvbhook.so" dev="dm-21" ino=39400 scontext=u:r:untrusted_app_27:s0:c512,c768 tcontext=u:object_r:app_data_file:s0:c512,c768 tclass=file app=com.tencent.android.qqdownloader
06-28 01:18:07.359 9896 9896 I auditd : type=1400 audit(0.0:5393): avc: granted { execute } for comm=".ServiceProcess" path="/data/user/0/com.tencent.android.qqdownloader/files/res_hub/yyb/online/wx_sdk_so_3_64_20/arm64-v8a/libc++_shared.so" dev="dm-21" ino=50336 scontext=u:r:untrusted_app_27:s0:c512,c768 tcontext=u:object_r:app_data_file:s0:c512,c768 tclass=file app=com.tencent.android.qqdownloader
06-28 01:18:08.132 1603 1722 I am_proc_start: [0,10005,10101,com.tencent.android.qqdownloader:wxa_container0,service,{com.tencent.android.qqdownloader/com.tencent.luggage.services.WxaProxy_WxaIPCContainerService0}]
06-28 01:18:08.155 1603 4568 I am_proc_bound: [0,10005,com.tencent.android.qqdownloader:wxa_container0]
06-28 01:18:08.415 10005 10005 I auditd : type=1400 audit(0.0:5411): avc: granted { execute } for comm=":wxa_container0" path="/data/user/0/com.tencent.android.qqdownloader/app_wxa_sdk_plugin/587202817/wxa_libs/libmmkv.so" dev="dm-21" ino=50628 scontext=u:r:untrusted_app_27:s0:c512,c768 tcontext=u:object_r:app_data_file:s0:c512,c768 tclass=file app=com.tencent.android.qqdownloader
06-28 01:18:08.419 10005 10005 I auditd : type=1400 audit(0.0:5412): avc: granted { execute } for comm=":wxa_container0" path="/data/user/0/com.tencent.android.qqdownloader/app_wxa_sdk_plugin/587202817/wxa_libs/libc++_shared.so" dev="dm-21" ino=50603 scontext=u:r:untrusted_app_27:s0:c512,c768 tcontext=u:object_r:app_data_file:s0:c512,c768 tclass=file app=com.tencent.android.qqdownloader
06-28 01:18:08.419 10005 10005 I auditd : type=1400 audit(0.0:5413): avc: granted { execute } for comm=":wxa_container0" path="/data/user/0/com.tencent.android.qqdownloader/app_wxa_sdk_plugin/587202817/wxa_libs/libwechatxlog.so" dev="dm-21" ino=50674 scontext=u:r:untrusted_app_27:s0:c512,c768 tcontext=u:object_r:app_data_file:s0:c512,c768 tclass=file app=com.tencent.android.qqdownloader
06-28 01:18:08.423 10005 10005 I auditd : type=1400 audit(0.0:5414): avc: granted { execute } for comm=":wxa_container0" path="/data/user/0/com.tencent.android.qqdownloader/app_wxa_sdk_plugin/587202817/wxa_libs/libstlport_shared.so" dev="dm-21" ino=50659 scontext=u:r:untrusted_app_27:s0:c512,c768 tcontext=u:object_r:app_data_file:s0:c512,c768 tclass=file app=com.tencent.android.qqdownloader
06-28 01:18:08.439 10005 10005 I auditd : type=1400 audit(0.0:5415): avc: granted { execute } for comm=":wxa_container0" path="/data/user/0/com.tencent.android.qqdownloader/app_wxa_sdk_plugin/587202817/wxa_libs/libwechatcrash.so" dev="dm-21" ino=50671 scontext=u:r:untrusted_app_27:s0:c512,c768 tcontext=u:object_r:app_data_file:s0:c512,c768 tclass=file app=com.tencent.android.qqdownloader
06-28 01:18:08.836 1603 1706 I sysui_multi_action: [757,222,758,1]
06-28 01:18:08.844 1603 1720 I am_pss : [5678,1000,com.qti.diagservices,21049344,929792,18722816,53710848,0,10,5]
