06-28 10:15:01.538 1603 1722 I am_proc_start: [0,15511,10124,com.kuaishou.nebula,service,{com.kuaishou.nebula/androidx.work.impl.background.systemjob.SystemJobService}]
06-28 10:15:01.554 1603 6021 I am_proc_bound: [0,15508,com.taobao.taobao:channel]
06-28 10:15:01.555 1603 1992 I sync : [com.tencent.android.qqdownloader.YYBLiveAccountProvider,1,3,24220937]
06-28 10:15:01.563 1603 6928 I am_proc_bound: [0,15511,com.kuaishou.nebula]
06-28 10:15:01.572 1603 1992 I commit_sys_config_file: [sync-status,315537]
06-28 10:15:01.596 1603 1992 I sync : [com.tencent.android.qqdownloader.YYBLiveAccountProvider,0,3,24220937]
06-28 10:15:01.616 1603 1992 I sync : [com.tencent.android.qqdownloader.YYBLiveAccountProvider,1,3,24220937]
06-28 10:15:01.625 1603 1992 I commit_sys_config_file: [sync-status,315590]
06-28 10:15:01.625 15508 15508 I auditd : type=1400 audit(0.0:10047): avc: denied { read } for comm=".taobao:channel" name="version" dev="proc" ino=4026532247 scontext=u:r:untrusted_app_27:s0:c117,c256,c512,c768 tcontext=u:object_r:proc_version:s0 tclass=file permissive=0 app=com.taobao.taobao
06-28 10:15:01.649 15550 15550 I auditd : type=1400 audit(0.0:10048): avc: denied { read } for comm="ps" name="pid_max" dev="proc" ino=241222 scontext=u:r:untrusted_app_27:s0:c117,c256,c512,c768 tcontext=u:object_r:proc_pid_max:s0 tclass=file permissive=0 app=com.taobao.taobao
06-28 10:15:01.661 15508 15508 I auditd : type=1400 audit(0.0:10049): avc: denied { read } for comm="CrashSDKBkgdHan" name="loadavg" dev="proc" ino=4026532243 scontext=u:r:untrusted_app_27:s0:c117,c256,c512,c768 tcontext=u:object_r:proc_loadavg:s0 tclass=file permissive=0 app=com.taobao.taobao
06-28 10:15:01.689 15511 15511 I auditd : type=1400 audit(0.0:10050): avc: granted { execute } for comm="ela_global-io" path="/data/user/0/com.kuaishou.nebula/app_lib/libruntime-optimize.so.5777" dev="dm-21" ino=502406 scontext=u:r:untrusted_app_29:s0:c124,c256,c512,c768 tcontext=u:object_r:app_data_file:s0:c124,c256,c512,c768 tclass=file app=com.kuaishou.nebula
06-28 10:15:01.954 1603 6021 I am_kill : [0,15017,com.zhihu.android,905,empty #2]
06-28 10:15:02.149 15511 15511 I auditd : type=1400 audit(0.0:10051): avc: granted { execute } for comm="pool-12-thread-" path="/data/user/0/com.kuaishou.nebula/files/.0/lib/7.8.7/898341049/arm64-v8a/libweapon787.so" dev="dm-21" ino=497573 scontext=u:r:untrusted_app_29:s0:c124,c256,c512,c768 tcontext=u:object_r:app_data_file:s0:c124,c256,c512,c768 tclass=file app=com.kuaishou.nebula
06-28 10:15:02.165 15511 15511 I auditd : type=1400 audit(0.0:10052): avc: denied { ioctl } for comm="pool-12-thread-" path="socket:[240449]" dev="sockfs" ino=240449 ioctlcmd=0x8927 scontext=u:r:untrusted_app_29:s0:c124,c256,c512,c768 tcontext=u:r:untrusted_app_29:s0:c124,c256,c512,c768 tclass=tcp_socket permissive=0 app=com.kuaishou.nebula
06-28 10:15:02.165 15511 15511 I auditd : type=1400 audit(0.0:10053): avc: granted { nlmsg_readpriv } for comm="pool-12-thread-" scontext=u:r:untrusted_app_29:s0:c124,c256,c512,c768 tcontext=u:r:untrusted_app_29:s0:c124,c256,c512,c768 tclass=netlink_route_socket app=com.kuaishou.nebula
06-28 10:15:02.188 1603 6928 I am_proc_died: [0,15017,com.zhihu.android,905,19]
06-28 10:15:02.189 1603 6928 I am_uid_stopped: 10127
06-28 10:15:02.264 1603 6021 I am_kill : [0,15508,com.taobao.taobao:channel,905,empty #2]
06-28 10:15:02.487 1603 6021 I am_proc_died: [0,15508,com.taobao.taobao:channel,905,19]
06-28 10:15:02.488 1603 6021 I am_uid_stopped: 10117
06-28 10:15:02.689 15511 15511 I auditd : type=1400 audit(0.0:10107): avc: denied { read } for comm="pool-10-thread-" name="tcp" dev="proc" ino=4026532265 scontext=u:r:untrusted_app_29:s0:c124,c256,c512,c768 tcontext=u:object_r:proc_net_tcp_udp:s0 tclass=file permissive=0 app=com.kuaishou.nebula
06-28 10:15:02.721 15511 15511 I auditd : type=1400 audit(0.0:10108): avc: denied { search } for comm="pool-10-thread-" name="asound" dev="proc" ino=4026532151 scontext=u:r:untrusted_app_29:s0:c124,c256,c512,c768 tcontext=u:object_r:proc_asound:s0 tclass=dir permissive=0 app=com.kuaishou.nebula
06-28 10:15:02.729 15511 15511 I auditd : type=1400 audit(0.0:10109): avc: denied { search } for comm="pool-10-thread-" name="asound" dev="proc" ino=4026532151 scontext=u:r:untrusted_app_29:s0:c124,c256,c512,c768 tcontext=u:object_r:proc_asound:s0 tclass=dir permissive=0 app=com.kuaishou.nebula
06-28 10:15:02.741 15511 15511 I auditd : type=1400 audit(0.0:10110): avc: denied { read } for comm="pool-10-thread-" name="u:object_r:serialno_prop:s0" dev="tmpfs" ino=12620 scontext=u:r:untrusted_app_29:s0:c124,c256,c512,c768 tcontext=u:object_r:serialno_prop:s0 tclass=file permissive=0 app=com.kuaishou.nebula
06-28 10:15:02.749 15511 15511 I auditd : type=1400 audit(0.0:10111): avc: denied { search } for comm="pool-10-thread-" name="asound" dev="proc" ino=4026532151 scontext=u:r:untrusted_app_29:s0:c124,c256,c512,c768 tcontext=u:object_r:proc_asound:s0 tclass=dir permissive=0 app=com.kuaishou.nebula
06-28 10:15:03.265 15511 15575 I service_manager_stats: [200,246,377849]
06-28 10:15:03.504 1603 1708 I commit_sys_config_file: [jobs,4]
06-28 10:15:03.933 15511 15511 I auditd : type=1400 audit(0.0:10177): avc: granted { execute } for comm="ela_global-io" path="/data/user/0/com.kuaishou.nebula/app_DvaPlugin/klp_so/-55755741/so/libklp_pull_client_shared.so" dev="dm-21" ino=499905 scontext=u:r:untrusted_app_29:s0:c124,c256,c512,c768 tcontext=u:object_r:app_data_file:s0:c124,c256,c512,c768 tclass=file app=com.kuaishou.nebula
06-28 10:15:07.119 2270 2270 I force_gc: mem
06-28 10:15:07.161 15511 15511 I auditd : type=1400 audit(0.0:10178): avc: granted { execute } for comm="ela_global-io" path="/data/user/0/com.kuaishou.nebula/app_DvaPlugin/krn_arm64-v8a/-821563073/so/libfb.so" dev="dm-21" ino=496069 scontext=u:r:untrusted_app_29:s0:c124,c256,c512,c768 tcontext=u:object_r:app_data_file:s0:c124,c256,c512,c768 tclass=file app=com.kuaishou.nebula
06-28 10:15:07.165 15511 15511 I auditd : type=1400 audit(0.0:10179): avc: granted { execute } for comm="ela_global-io" path="/data/user/0/com.kuaishou.nebula/app_DvaPlugin/krn_arm64-v8a/-821563073/so/libfbjni.so" dev="dm-21" ino=495876 scontext=u:r:untrusted_app_29:s0:c124,c256,c512,c768 tcontext=u:object_r:app_data_file:s0:c124,c256,c512,c768 tclass=file app=com.kuaishou.nebula
06-28 10:15:07.185 15511 15511 I auditd : type=1400 audit(0.0:10180): avc: granted { execute } for comm="ela_global-io" path="/data/user/0/com.kuaishou.nebula/app_DvaPlugin/krn_arm64-v8a/-821563073/so/libglog.so" dev="dm-21" ino=496338 scontext=u:r:untrusted_app_29:s0:c124,c256,c512,c768 tcontext=u:object_r:app_data_file:s0:c124,c256,c512,c768 tclass=file app=com.kuaishou.nebula
06-28 10:15:07.189 15511 15511 I auditd : type=1400 audit(0.0:10181): avc: granted { execute } for comm="ela_global-io" path="/data/user/0/com.kuaishou.nebula/app_DvaPlugin/krn_arm64-v8a/-821563073/so/libfolly_json.so" dev="dm-21" ino=496067 scontext=u:r:untrusted_app_29:s0:c124,c256,c512,c768 tcontext=u:object_r:app_data_file:s0:c124,c256,c512,c768 tclass=file app=com.kuaishou.nebula
06-28 10:15:07.197 15511 15511 I auditd : type=1400 audit(0.0:10182): avc: granted { execute } for comm="ela_global-io" path="/data/user/0/com.kuaishou.nebula/app_DvaPlugin/krn_arm64-v8a/-821563073/so/libtrace.so" dev="dm-21" ino=496066 scontext=u:r:untrusted_app_29:s0:c124,c256,c512,c768 tcontext=u:object_r:app_data_file:s0:c124,c256,c512,c768 tclass=file app=com.kuaishou.nebula
06-28 10:15:07.205 15511 15511 I auditd : type=1400 audit(0.0:10183): avc: granted { execute } for comm="ela_global-io" path="/data/user/0/com.kuaishou.nebula/app_DvaPlugin/krn_arm64-v8a/-821563073/so/libreactmarker.so" dev="dm-21" ino=357490 scontext=u:r:untrusted_app_29:s0:c124,c256,c512,c768 tcontext=u:object_r:app_data_file:s0:c124,c256,c512,c768 tclass=file app=com.kuaishou.nebula
06-28 10:15:07.213 15511 15511 I auditd : type=1400 audit(0.0:10184): avc: granted { execute } for comm="ela_global-io" path="/data/user/0/com.kuaishou.nebula/app_DvaPlugin/krn_arm64-v8a/-821563073/so/libreactnativejni.so" dev="dm-21" ino=496041 scontext=u:r:untrusted_app_29:s0:c124,c256,c512,c768 tcontext=u:object_r:app_data_file:s0:c124,c256,c512,c768 tclass=file app=com.kuaishou.nebula
06-28 10:15:07.245 15511 15511 I auditd : type=1400 audit(0.0:10185): avc: granted { execute } for comm="ela_global-io" path="/data/user/0/com.kuaishou.nebula/app_DvaPlugin/krn_arm64-v8a/-821563073/so/libbasejni.so" dev="dm-21" ino=496406 scontext=u:r:untrusted_app_29:s0:c124,c256,c512,c768 tcontext=u:object_r:app_data_file:s0:c124,c256,c512,c768 tclass=file app=com.kuaishou.nebula
06-28 10:15:07.265 15511 15511 I auditd : type=1400 audit(0.0:10186): avc: granted { execute } for comm="ela_global-io" path="/data/user/0/com.kuaishou.nebula/app_DvaPlugin/krn_arm64-v8a/-821563073/so/libkwai-v8-lite-executor.so" dev="dm-21" ino=496314 scontext=u:r:untrusted_app_29:s0:c124,c256,c512,c768 tcontext=u:object_r:app_data_file:s0:c124,c256,c512,c768 tclass=file app=com.kuaishou.nebula
06-28 10:15:08.579 15511 15956 I service_manager_stats: [520,285,5313]
06-28 10:15:10.080 1603 1931 I netstats_mobile_sample: [0,0,0,0,0,0,0,0,0,0,0,0,1687918510080]
06-28 10:15:10.080 1603 1931 I netstats_wifi_sample: [129048345,105622,8902857,52561,129048345,105622,8902857,52561,136143262,116444,7481681,49717,1687918510080]
06-28 10:15:15.091 2308 2308 I sqlite_mem_released: 0
06-28 10:15:15.091 2308 2308 I force_gc: mem
06-28 10:15:15.113 15511 15915 I service_manager_stats: [200,77,6535]
06-28 10:15:15.549 15511 15511 I auditd : type=1400 audit(0.0:10189): avc: granted { execute } for comm="ela_global-io" path="/data/user/0/com.kuaishou.nebula/app_DvaPlugin/video_arm64-v8a/-879099695/so/libdaenerys.so" dev="dm-21" ino=499631 scontext=u:r:untrusted_app_29:s0:c124,c256,c512,c768 tcontext=u:object_r:app_data_file:s0:c124,c256,c512,c768 tclass=file app=com.kuaishou.nebula
06-28 10:15:15.577 15511 15511 I auditd : type=1400 audit(0.0:10190): avc: granted { execute } for comm="ela_global-io" path="/data/user/0/com.kuaishou.nebula/app_DvaPlugin/video_arm64-v8a/-879099695/so/libwesteros.so" dev="dm-21" ino=499619 scontext=u:r:untrusted_app_29:s0:c124,c256,c512,c768 tcontext=u:object_r:app_data_file:s0:c124,c256,c512,c768 tclass=file app=com.kuaishou.nebula
06-28 10:15:15.737 15511 15511 I auditd : type=1400 audit(0.0:10191): avc: granted { execute } for comm="ela_global-io" path="/data/user/0/com.kuaishou.nebula/app_DvaPlugin/ykit/-1738002658/so/libykit.so" dev="dm-21" ino=494294 scontext=u:r:untrusted_app_29:s0:c124,c256,c512,c768 tcontext=u:object_r:app_data_file:s0:c124,c256,c512,c768 tclass=file app=com.kuaishou.nebula
06-28 10:15:15.753 15511 15511 I auditd : type=1400 audit(0.0:10192): avc: granted { execute } for comm="ela_global-io" path="/data/user/0/com.kuaishou.nebula/app_DvaPlugin/video_arm64-v8a/-879099695/so/libykit_core_plugin.so" dev="dm-21" ino=499644 scontext=u:r:untrusted_app_29:s0:c124,c256,c512,c768 tcontext=u:object_r:app_data_file:s0:c124,c256,c512,c768 tclass=file app=com.kuaishou.nebula
06-28 10:15:15.757 15511 15511 I auditd : type=1400 audit(0.0:10193): avc: granted { execute } for comm="ela_global-io" path="/data/user/0/com.kuaishou.nebula/app_DvaPlugin/tflite/575316875/so/libtensorflow-lite.so" dev="dm-21" ino=499745 scontext=u:r:untrusted_app_29:s0:c124,c256,c512,c768 tcontext=u:object_r:app_data_file:s0:c124,c256,c512,c768 tclass=file app=com.kuaishou.nebula
06-28 10:15:20.098 2283 2283 I force_gc: mem
06-28 10:15:25.104 2313 2313 I force_gc: mem
06-28 10:15:30.106 2299 2299 I sqlite_mem_released: 0
06-28 10:15:30.107 2299 2299 I force_gc: mem
06-28 10:15:35.110 2371 2371 I sqlite_mem_released: 0
06-28 10:15:35.111 2371 2371 I force_gc: mem
06-28 10:15:38.922 1603 1603 I notification_enqueue: [10101,8983,com.tencent.android.qqdownloader,127,NULL,0,Notification(channel=channel_id_default_silent shortcut=null contentView=com.tencent.android.qqdownloader/0x7f0a01c2 vibrate=null sound=null defaults=0x0 flags=0x2a2 color=0x00000000 groupKey=com.tencent.android.qqdownloader vis=PRIVATE),1]
06-28 10:15:40.115 2355 2355 I force_gc: mem
06-28 10:15:44.200 1603 1721 I am_uid_idle: 10064
06-28 10:15:44.300 1603 1931 I netstats_mobile_sample: [0,0,0,0,0,0,0,0,0,0,0,0,1687918544300]
06-28 10:15:44.301 1603 1931 I netstats_wifi_sample: [129396057,106569,9446950,53788,129396057,106569,9446950,53788,136785005,117702,7797478,50486,1687918544300]
06-28 10:15:48.488 1603 1931 I netstats_mobile_sample: [0,0,0,0,0,0,0,0,0,0,0,0,1687918548488]
06-28 10:15:48.488 1603 1931 I netstats_wifi_sample: [134276094,109982,9552464,54950,134257166,109969,9552372,54948,141597439,121079,7875550,51562,1687918548488]
06-28 10:15:49.159 15511 15575 I service_manager_stats: [200,67,34045]
06-28 10:15:50.321 1603 1931 I netstats_mobile_sample: [0,0,0,0,0,0,0,0,0,0,0,0,1687918550321]
06-28 10:15:50.321 1603 1931 I netstats_wifi_sample: [140485210,114262,9626827,56278,140485210,114262,9626827,56278,147912198,125441,7945867,52912,1687918550321]
06-28 10:15:51.905 1603 1931 I netstats_mobile_sample: [0,0,0,0,0,0,0,0,0,0,0,0,1687918551905]
06-28 10:15:51.906 1603 1931 I netstats_wifi_sample: [144838091,117277,9707174,57380,144838091,117277,9707174,57380,152285741,128476,8011340,53986,1687918551905]
06-28 10:15:53.497 1603 1931 I netstats_mobile_sample: [0,0,0,0,0,0,0,0,0,0,0,0,1687918553497]
06-28 10:15:53.497 1603 1931 I netstats_wifi_sample: [149197048,120306,9788311,58695,149197048,120306,9788311,58695,156653753,131515,8081401,55277,1687918553497]
06-28 10:15:54.987 1603 1931 I netstats_mobile_sample: [0,0,0,0,0,0,0,0,0,0,0,0,1687918554987]
06-28 10:15:54.987 1603 1931 I netstats_wifi_sample: [153531381,123299,9869063,60314,153531381,123299,9869063,60314,160988086,134508,8156615,56884,1687918554987]
06-28 10:15:56.423 1603 1931 I netstats_mobile_sample: [0,0,0,0,0,0,0,0,0,0,0,0,1687918556423]
06-28 10:15:56.423 1603 1931 I netstats_wifi_sample: [157885824,126312,9960310,61748,157885824,126312,9960310,61748,165370757,137547,8232988,58290,1687918556423]
06-28 10:15:57.833 1603 1931 I netstats_mobile_sample: [0,0,0,0,0,0,0,0,0,0,0,0,1687918557832]
06-28 10:15:57.833 1603 1931 I netstats_wifi_sample: [162226016,129324,10041823,63353,162226016,129324,10041823,63353,169720004,140569,8308963,59883,1687918557832]
06-28 10:15:58.511 15511 15575 I service_manager_stats: [200,62,9352]
06-28 10:15:58.857 15511 15511 I auditd : type=1400 audit(0.0:10204): avc: granted { execute } for comm="pool-11-thread-" path="/data/user/0/com.kuaishou.nebula/app_DvaPlugin/kwai_player/1795885417/so/libkwaiplayer_dva.so" dev="dm-21" ino=7077 scontext=u:r:untrusted_app_29:s0:c124,c256,c512,c768 tcontext=u:object_r:app_data_file:s0:c124,c256,c512,c768 tclass=file app=com.kuaishou.nebula
06-28 10:15:58.945 15511 15511 I auditd : type=1400 audit(0.0:10205): avc: granted { execute } for comm="pool-11-thread-" path="/data/user/0/com.kuaishou.nebula/app_DvaPlugin/kpwebrtc/-678406562/so/libRtcMediaTransport.so" dev="dm-21" ino=7098 scontext=u:r:untrusted_app_29:s0:c124,c256,c512,c768 tcontext=u:object_r:app_data_file:s0:c124,c256,c512,c768 tclass=file app=com.kuaishou.nebula
06-28 10:15:58.949 15511 15511 I auditd : type=1400 audit(0.0:10206): avc: granted { execute } for comm="pool-11-thread-" path="/data/user/0/com.kuaishou.nebula/app_DvaPlugin/kpwebrtc/-678406562/so/libkpwebrtc.so" dev="dm-21" ino=7100 scontext=u:r:untrusted_app_29:s0:c124,c256,c512,c768 tcontext=u:object_r:app_data_file:s0:c124,c256,c512,c768 tclass=file app=com.kuaishou.nebula
06-28 10:15:59.165 15511 15511 I auditd : type=1400 audit(0.0:10207): avc: granted { execute } for comm="ela_global-io" path="/data/user/0/com.kuaishou.nebula/app_DvaPlugin/visionengine/1511978582/so/libvisionengine.so" dev="dm-21" ino=501065 scontext=u:r:untrusted_app_29:s0:c124,c256,c512,c768 tcontext=u:object_r:app_data_file:s0:c124,c256,c512,c768 tclass=file app=com.kuaishou.nebula
06-28 10:15:59.856 1603 1931 I netstats_mobile_sample: [0,0,0,0,0,0,0,0,0,0,0,0,1687918559856]
06-28 10:15:59.857 1603 1931 I netstats_wifi_sample: [169141505,134100,10158309,65066,169141505,134100,10158309,65066,176663589,145368,8410575,61568,1687918559856]
06-28 10:16:00.961 1603 1931 I netstats_mobile_sample: [0,0,0,0,0,0,0,0,0,0,0,0,1687918560961]
06-28 10:16:00.962 1603 1931 I netstats_wifi_sample: [178933917,140772,10280043,67250,178933917,140772,10280043,67250,186456001,152040,8526771,63740,1687918560961]
06-28 10:16:02.488 1603 1931 I netstats_mobile_sample: [0,0,0,0,0,0,0,0,0,0,0,0,1687918562488]
06-28 10:16:02.488 1603 1931 I netstats_wifi_sample: [182117729,142950,10356253,68262,182117729,142950,10356253,68262,189649320,154233,8591905,64728,1687918562488]
06-28 10:16:02.709 15511 15511 I auditd : type=1400 audit(0.0:10208): avc: denied { read } for comm="pool-10-thread-" name="tcp" dev="proc" ino=4026532265 scontext=u:r:untrusted_app_29:s0:c124,c256,c512,c768 tcontext=u:object_r:proc_net_tcp_udp:s0 tclass=file permissive=0 app=com.kuaishou.nebula
06-28 10:16:07.497 2383 2383 I force_gc: mem
06-28 10:16:12.503 2389 2389 I force_gc: mem
06-28 10:16:17.509 2397 2397 I sqlite_mem_released: 0
06-28 10:16:17.510 2397 2397 I force_gc: mem
06-28 10:16:22.516 2458 2458 I sqlite_mem_released: 0
06-28 10:16:22.516 2458 2458 I force_gc: mem
06-28 10:16:27.519 2483 2483 I force_gc: mem
06-28 10:16:32.525 2462 2462 I force_gc: mem
06-28 10:16:37.294 1603 1931 I netstats_mobile_sample: [0,0,0,0,0,0,0,0,0,0,0,0,1687918597294]
06-28 10:16:37.294 1603 1931 I netstats_wifi_sample: [182452921,143741,10869492,69326,182452921,143741,10869492,69326,190466026,155840,8860580,65304,1687918597294]
06-28 10:16:40.418 1603 1603 I notification_enqueue: [10101,8983,com.tencent.android.qqdownloader,127,NULL,0,Notification(channel=channel_id_default_silent shortcut=null contentView=com.tencent.android.qqdownloader/0x7f0a01c2 vibrate=null sound=null defaults=0x0 flags=0x2a2 color=0x00000000 groupKey=com.tencent.android.qqdownloader vis=PRIVATE),1]
06-28 10:16:41.549 1603 1948 I storage_state: [41217664-9172-527a-b3d5-edabb50a7d69,0,0,75149766656,118610538496]
06-28 10:16:42.305 5603 5603 I sqlite_mem_released: 0
06-28 10:16:42.305 5603 5603 I force_gc: mem
06-28 10:16:43.385 1603 1603 I am_uid_running: 10103
06-28 10:16:43.405 1603 1722 I am_proc_start: [0,16312,10103,com.smile.gifmaker,service,{com.smile.gifmaker/androidx.work.impl.background.systemjob.SystemJobService}]
06-28 10:16:43.415 1603 1992 I sync : [com.tencent.android.qqdownloader.YYBLiveAccountProvider,0,3,24220937]
06-28 10:16:43.431 1603 6020 I am_proc_bound: [0,16312,com.smile.gifmaker]
06-28 10:16:43.436 1603 1992 I sync : [com.tencent.android.qqdownloader.YYBLiveAccountProvider,1,3,24220937]
06-28 10:16:43.438 1603 1992 I commit_sys_config_file: [sync-status,417404]
06-28 10:16:43.445 1603 1720 I am_pss : [8983,10101,com.tencent.android.qqdownloader:daemon,216861696,193478656,0,374476800,0,4,20]
06-28 10:16:43.446 1603 1992 I sync : [com.tencent.android.qqdownloader.YYBLiveAccountProvider,0,3,24220937]
06-28 10:16:43.461 1603 1720 I am_pss : [9036,10101,com.tencent.android.qqdownloader,109680640,92983296,0,261922816,0,4,15]
06-28 10:16:43.465 1603 1992 I sync : [com.tencent.android.qqdownloader.YYBLiveAccountProvider,1,3,24220937]
06-28 10:16:43.465 15511 15575 I service_manager_stats: [496,123,44954]
06-28 10:16:43.473 1603 1720 I am_pss : [9896,10101,com.tencent.ilink.ServiceProcess,78017536,66711552,0,204804096,0,4,11]
06-28 10:16:43.479 1603 1720 I am_pss : [9801,99001,com.android.webview:sandboxed_process0:org.chromium.content.app.SandboxedProcessService0:0,11421696,3158016,0,73580544,0,4,6]
06-28 10:16:43.489 1603 1720 I am_pss : [9083,10101,com.tencent.android.qqdownloader:cloud,45542400,37879808,0,155574272,0,4,9]
06-28 10:16:43.496 1603 1720 I am_pss : [9613,10069,com.android.webview:webview_service,13095936,4825088,0,80261120,0,4,6]
06-28 10:16:43.626 1603 1992 I commit_sys_config_file: [sync-status,417591]
06-28 10:16:43.898 16312 16419 I liblog : 51
06-28 10:16:43.933 16312 16312 I auditd : type=1400 audit(0.0:10209): avc: granted { execute } for comm="ela_global-io" path="/data/user/0/com.smile.gifmaker/app_lib/libruntime-optimize.so.28545" dev="dm-21" ino=501881 scontext=u:r:untrusted_app_29:s0:c103,c256,c512,c768 tcontext=u:object_r:app_data_file:s0:c103,c256,c512,c768 tclass=file app=com.smile.gifmaker
06-28 10:16:44.751 1603 1931 I netstats_mobile_sample: [0,0,0,0,0,0,0,0,0,0,0,0,1687918604751]
06-28 10:16:44.751 1603 1931 I netstats_wifi_sample: [187087809,147105,11079960,71114,187087809,147105,11079960,71114,195159997,159267,9024686,67000,1687918604751]
06-28 10:16:44.761 16312 16312 I auditd : type=1400 audit(0.0:10210): avc: denied { read } for comm="pool-2-thread-6" name="tcp" dev="proc" ino=4026532265 scontext=u:r:untrusted_app_29:s0:c103,c256,c512,c768 tcontext=u:object_r:proc_net_tcp_udp:s0 tclass=file permissive=0 app=com.smile.gifmaker
06-28 10:16:44.801 16312 16312 I auditd : type=1400 audit(0.0:10211): avc: granted { nlmsg_readpriv } for comm="ThreadPoolForeg" scontext=u:r:untrusted_app_29:s0:c103,c256,c512,c768 tcontext=u:r:untrusted_app_29:s0:c103,c256,c512,c768 tclass=netlink_route_socket app=com.smile.gifmaker
06-28 10:16:44.857 16312 16312 I auditd : type=1400 audit(0.0:10212): avc: granted { execute } for comm="ela_global-io" path="/data/user/0/com.smile.gifmaker/app_DvaPlugin/klp_so/1050483220/so/libklp_pull_client_shared.so" dev="dm-21" ino=322141 scontext=u:r:untrusted_app_29:s0:c103,c256,c512,c768 tcontext=u:object_r:app_data_file:s0:c103,c256,c512,c768 tclass=file app=com.smile.gifmaker
06-28 10:16:44.949 16312 16312 I auditd : type=1400 audit(0.0:10213): avc: denied { search } for comm="pool-2-thread-6" name="asound" dev="proc" ino=4026532151 scontext=u:r:untrusted_app_29:s0:c103,c256,c512,c768 tcontext=u:object_r:proc_asound:s0 tclass=dir permissive=0 app=com.smile.gifmaker
06-28 10:16:44.965 16312 16312 I auditd : type=1400 audit(0.0:10214): avc: denied { search } for comm="pool-2-thread-6" name="asound" dev="proc" ino=4026532151 scontext=u:r:untrusted_app_29:s0:c103,c256,c512,c768 tcontext=u:object_r:proc_asound:s0 tclass=dir permissive=0 app=com.smile.gifmaker
06-28 10:16:44.965 16312 16312 I auditd : type=1400 audit(0.0:10215): avc: denied { read } for comm="pool-2-thread-6" name="u:object_r:serialno_prop:s0" dev="tmpfs" ino=12620 scontext=u:r:untrusted_app_29:s0:c103,c256,c512,c768 tcontext=u:object_r:serialno_prop:s0 tclass=file permissive=0 app=com.smile.gifmaker
06-28 10:16:44.969 16312 16312 I auditd : type=1400 audit(0.0:10216): avc: denied { search } for comm="pool-2-thread-6" name="asound" dev="proc" ino=4026532151 scontext=u:r:untrusted_app_29:s0:c103,c256,c512,c768 tcontext=u:object_r:proc_asound:s0 tclass=dir permissive=0 app=com.smile.gifmaker
06-28 10:16:44.973 16312 16312 I auditd : type=1400 audit(0.0:10217): avc: denied { search } for comm="pool-2-thread-6" name="asound" dev="proc" ino=4026532151 scontext=u:r:untrusted_app_29:s0:c103,c256,c512,c768 tcontext=u:object_r:proc_asound:s0 tclass=dir permissive=0 app=com.smile.gifmaker
06-28 10:16:45.185 16312 16312 I auditd : type=1400 audit(0.0:10218): avc: granted { execute } for comm="ela_global-io" path="/data/user/0/com.smile.gifmaker/app_DvaPlugin/tflite/-359108041/so/libtensorflow-lite.so" dev="dm-21" ino=502279 scontext=u:r:untrusted_app_29:s0:c103,c256,c512,c768 tcontext=u:object_r:app_data_file:s0:c103,c256,c512,c768 tclass=file app=com.smile.gifmaker
06-28 10:16:45.440 1603 1708 I commit_sys_config_file: [jobs,3]
06-28 10:16:46.133 16312 16312 I auditd : type=1400 audit(0.0:10230): avc: denied { write } for comm="pool-25-thread-" name="fd" dev="proc" ino=242257 scontext=u:r:untrusted_app_29:s0:c103,c256,c512,c768 tcontext=u:r:untrusted_app_29:s0:c103,c256,c512,c768 tclass=dir permissive=0 app=com.smile.gifmaker
06-28 10:16:46.133 16312 16312 I auditd : type=1400 audit(0.0:10231): avc: denied { write } for comm="pool-25-thread-" name="fd" dev="proc" ino=242257 scontext=u:r:untrusted_app_29:s0:c103,c256,c512,c768 tcontext=u:r:untrusted_app_29:s0:c103,c256,c512,c768 tclass=dir permissive=0 app=com.smile.gifmaker
06-28 10:16:46.189 16540 16540 I auditd : type=1400 audit(0.0:10232): avc: denied { getattr } for comm="netstat" path="/proc/fb" dev="proc" ino=4026531990 scontext=u:r:untrusted_app_29:s0:c103,c256,c512,c768 tcontext=u:object_r:proc:s0 tclass=file permissive=0 app=com.smile.gifmaker
06-28 10:16:46.193 16540 16540 I auditd : type=1400 audit(0.0:10233): avc: denied { getattr } for comm="netstat" path="/proc/keys" dev="proc" ino=4026532299 scontext=u:r:untrusted_app_29:s0:c103,c256,c512,c768 tcontext=u:object_r:proc_keys:s0 tclass=file permissive=0 app=com.smile.gifmaker
06-28 10:16:46.193 16540 16540 I auditd : type=1400 audit(0.0:10234): avc: denied { getattr } for comm="netstat" path="/proc/kmsg" dev="proc" ino=4026532249 scontext=u:r:untrusted_app_29:s0:c103,c256,c512,c768 tcontext=u:object_r:proc_kmsg:s0 tclass=file permissive=0 app=com.smile.gifmaker
06-28 10:16:46.651 1603 1931 I netstats_mobile_sample: [0,0,0,0,0,0,0,0,0,0,0,0,1687918606651]
06-28 10:16:46.651 1603 1931 I netstats_wifi_sample: [189464154,148857,11179321,72059,189459880,148854,11179269,72058,197557706,161040,9112919,67920,1687918606651]
06-28 10:16:46.777 16312 16361 I service_manager_stats: [200,229,481360]
06-28 10:16:47.341 16312 16312 I auditd : type=1400 audit(0.0:10337): avc: granted { execute } for comm="pool-11-thread-" path="/data/user/0/com.smile.gifmaker/app_DvaPlugin/aemon_player/155/so/libAemonPlayer_dva.so" dev="dm-21" ino=502109 scontext=u:r:untrusted_app_29:s0:c103,c256,c512,c768 tcontext=u:object_r:app_data_file:s0:c103,c256,c512,c768 tclass=file app=com.smile.gifmaker
06-28 10:16:48.044 1603 1931 I netstats_mobile_sample: [0,0,0,0,0,0,0,0,0,0,0,0,1687918608044]
06-28 10:16:48.045 1603 1931 I netstats_wifi_sample: [197347340,154381,11318017,74223,197347340,154381,11318017,74223,205465826,166588,9242331,70069,1687918608044]
06-28 10:16:48.511 15511 15575 I service_manager_stats: [1000,840,5046]
06-28 10:16:49.667 1603 1931 I netstats_mobile_sample: [0,0,0,0,0,0,0,0,0,0,0,0,1687918609667]
06-28 10:16:49.667 1603 1931 I netstats_wifi_sample: [205302757,160448,11504657,76585,205302757,160448,11504657,76585,213429725,172641,9417450,72406,1687918609667]
06-28 10:16:51.611 1603 1931 I netstats_mobile_sample: [0,0,0,0,0,0,0,0,0,0,0,0,1687918611611]
06-28 10:16:51.611 1603 1931 I netstats_wifi_sample: [213040658,166259,11680310,79329,213040658,166259,11680310,79329,221197403,178459,9578674,75123,1687918611611]
06-28 10:16:52.605 16312 16312 I auditd : type=1400 audit(0.0:10338): avc: granted { execute } for comm="ela_global-io" path="/data/user/0/com.smile.gifmaker/files/ks_webview/1.8.90.575/lib/armeabi-v7a/libkswebview.so" dev="dm-21" ino=417070 scontext=u:r:untrusted_app_29:s0:c103,c256,c512,c768 tcontext=u:object_r:app_data_file:s0:c103,c256,c512,c768 tclass=file app=com.smile.gifmaker
06-28 10:16:52.617 16312 16312 I auditd : type=1400 audit(0.0:10339): avc: granted { execute } for comm="ela_global-io" path="/data/user/0/com.smile.gifmaker/files/ks_webview/1.8.90.575/lib/armeabi-v7a/libkswebview_plat_support.so" dev="dm-21" ino=417705 scontext=u:r:untrusted_app_29:s0:c103,c256,c512,c768 tcontext=u:object_r:app_data_file:s0:c103,c256,c512,c768 tclass=file app=com.smile.gifmaker
06-28 10:16:53.180 1603 1931 I netstats_mobile_sample: [0,0,0,0,0,0,0,0,0,0,0,0,1687918613180]
06-28 10:16:53.180 1603 1931 I netstats_wifi_sample: [220252695,171257,11798681,81194,220252695,171257,11798681,81194,228409682,183460,9687294,76967,1687918613180]
06-28 10:16:53.404 1603 1722 I am_proc_start: [0,16668,10103,com.smile.gifmaker:kwv_sandboxed_p0,service,{com.smile.gifmaker/com.kuaishou.webkit.process.SandboxedProcessService0}]
06-28 10:16:53.416 1603 1722 I am_proc_start: [0,16673,10103,com.smile.gifmaker:kwv_privileged_p0,service,{com.smile.gifmaker/com.kuaishou.webkit.process.PrivilegedProcessService0}]
06-28 10:16:53.431 1603 7168 I am_proc_bound: [0,16673,com.smile.gifmaker:kwv_privileged_p0]
06-28 10:16:53.440 1603 6021 I am_proc_bound: [0,16668,com.smile.gifmaker:kwv_sandboxed_p0]
06-28 10:16:53.512 15511 15575 I service_manager_stats: [1461,487,5001]
06-28 10:16:54.248 16312 16783 I service_manager_stats: [200,76,7472]
06-28 10:16:54.729 16668 16668 I auditd : type=1400 audit(0.0:10340): avc: denied { read } for comm="pool-2-thread-6" name="tcp" dev="proc" ino=4026532265 scontext=u:r:untrusted_app_29:s0:c103,c256,c512,c768 tcontext=u:object_r:proc_net_tcp_udp:s0 tclass=file permissive=0 app=com.smile.gifmaker
06-28 10:16:54.741 16673 16673 I auditd : type=1400 audit(0.0:10341): avc: denied { read } for comm="pool-2-thread-6" name="tcp" dev="proc" ino=4026532265 scontext=u:r:untrusted_app_29:s0:c103,c256,c512,c768 tcontext=u:object_r:proc_net_tcp_udp:s0 tclass=file permissive=0 app=com.smile.gifmaker
06-28 10:16:54.749 16668 16668 I auditd : type=1400 audit(0.0:10342): avc: denied { search } for comm="pool-2-thread-6" name="asound" dev="proc" ino=4026532151 scontext=u:r:untrusted_app_29:s0:c103,c256,c512,c768 tcontext=u:object_r:proc_asound:s0 tclass=dir permissive=0 app=com.smile.gifmaker
06-28 10:16:54.753 16668 16668 I auditd : type=1400 audit(0.0:10343): avc: denied { search } for comm="pool-2-thread-6" name="asound" dev="proc" ino=4026532151 scontext=u:r:untrusted_app_29:s0:c103,c256,c512,c768 tcontext=u:object_r:proc_asound:s0 tclass=dir permissive=0 app=com.smile.gifmaker
06-28 10:16:54.753 16673 16673 I auditd : type=1400 audit(0.0:10344): avc: denied { search } for comm="pool-2-thread-6" name="asound" dev="proc" ino=4026532151 scontext=u:r:untrusted_app_29:s0:c103,c256,c512,c768 tcontext=u:object_r:proc_asound:s0 tclass=dir permissive=0 app=com.smile.gifmaker
06-28 10:16:54.757 16668 16668 I auditd : type=1400 audit(0.0:10345): avc: denied { read } for comm="pool-2-thread-6" name="u:object_r:serialno_prop:s0" dev="tmpfs" ino=12620 scontext=u:r:untrusted_app_29:s0:c103,c256,c512,c768 tcontext=u:object_r:serialno_prop:s0 tclass=file permissive=0 app=com.smile.gifmaker
06-28 10:16:54.757 16673 16673 I auditd : type=1400 audit(0.0:10346): avc: denied { search } for comm="pool-2-thread-6" name="asound" dev="proc" ino=4026532151 scontext=u:r:untrusted_app_29:s0:c103,c256,c512,c768 tcontext=u:object_r:proc_asound:s0 tclass=dir permissive=0 app=com.smile.gifmaker
06-28 10:16:56.259 1603 1720 I sysui_multi_action: [757,1717,758,1,759,0]
06-28 10:16:56.260 1603 1720 I sysui_multi_action: [757,1717,758,2,759,0]
06-28 10:16:56.260 1603 1720 I sysui_multi_action: [757,1717,758,3,759,0]
06-28 10:16:57.836 1603 1722 I am_proc_start: [0,16839,10103,com.smile.gifmaker:dpbenchmark,service,{com.smile.gifmaker/com.kwai.video.devicepersonabenchmark.DPBenchmarkTestService}]
06-28 10:16:57.866 1603 6021 I am_proc_bound: [0,16839,com.smile.gifmaker:dpbenchmark]
06-28 10:16:58.123 1603 1931 I netstats_mobile_sample: [0,0,0,0,0,0,0,0,0,0,0,0,1687918618123]
06-28 10:16:58.124 1603 1931 I netstats_wifi_sample: [222269630,172771,11915604,81962,222269630,172771,11915604,81962,230486191,185042,9771404,77668,1687918618123]
06-28 10:16:58.373 1603 7168 I am_kill : [0,16839,com.smile.gifmaker:dpbenchmark,915,empty #2]
06-28 10:16:58.375 1603 7168 I am_kill : [0,16668,com.smile.gifmaker:kwv_sandboxed_p0,925,empty #3]
06-28 10:16:58.376 1603 7168 I am_kill : [0,16673,com.smile.gifmaker:kwv_privileged_p0,935,empty #4]
06-28 10:16:58.414 1603 7168 I am_proc_died: [0,16668,com.smile.gifmaker:kwv_sandboxed_p0,925,19]
06-28 10:16:58.418 1603 7168 I am_schedule_service_restart: [0,com.smile.gifmaker/com.kuaishou.webkit.process.SandboxedProcessService0,1000]
06-28 10:16:58.419 1603 7168 I am_kill : [0,14954,com.thundercomm.gamemode.provider,915,empty #2]
06-28 10:16:58.421 1603 6021 I am_proc_died: [0,16839,com.smile.gifmaker:dpbenchmark,915,19]
06-28 10:16:58.422 1603 6021 I am_schedule_service_restart: [0,com.smile.gifmaker/com.kwai.video.devicepersonabenchmark.DPBenchmarkTestService,10996]
06-28 10:16:58.423 1603 4568 I am_proc_died: [0,16673,com.smile.gifmaker:kwv_privileged_p0,935,19]
06-28 10:16:58.423 1603 4568 I am_schedule_service_restart: [0,com.smile.gifmaker/com.kuaishou.webkit.process.PrivilegedProcessService0,20994]
06-28 10:16:58.434 1603 1720 I am_pss : [7511,10096,com.tencent.qqmusicpad,22567936,12267520,0,96669696,0,4,7]
06-28 10:16:58.441 1603 1720 I am_pss : [7603,10096,com.tencent.qqmusicpad:wns,20928512,10633216,0,93847552,0,4,6]
06-28 10:16:58.448 1603 1720 I am_pss : [5678,1000,com.qti.diagservices,30501888,274432,28768256,52146176,0,10,5]
06-28 10:16:58.448 1603 2648 I am_proc_died: [0,14954,com.thundercomm.gamemode.provider,915,19]
06-28 10:16:58.449 1603 2648 I am_uid_stopped: 10064
06-28 10:17:02.717 15511 15511 I auditd : type=1400 audit(0.0:10352): avc: denied { read } for comm="pool-10-thread-" name="tcp" dev="proc" ino=4026532265 scontext=u:r:untrusted_app_29:s0:c124,c256,c512,c768 tcontext=u:object_r:proc_net_tcp_udp:s0 tclass=file permissive=0 app=com.kuaishou.nebula
06-28 10:17:03.380 2535 2535 I force_gc: mem
06-28 10:17:04.087 16312 16369 I service_manager_stats: [200,64,9839]
06-28 10:17:08.386 2835 2835 I sqlite_mem_released: 0
06-28 10:17:08.386 2835 2835 I force_gc: mem
06-28 10:17:13.391 3056 3056 I sqlite_mem_released: 0
06-28 10:17:13.391 3056 3056 I force_gc: mem
06-28 10:17:16.396 1603 1890 I intercept_power: [ACTION_DOWN,0,0]
06-28 10:17:16.405 1603 1890 I intercept_power: [ACTION_UP,0,0]
06-28 10:17:16.411 1603 1737 I wm_set_resumed_activity: [0,com.android.launcher3/.uioverrides.QuickstepLauncher,resumeTopActivityInnerLocked]
06-28 10:17:16.413 1603 1737 I wm_resume_activity: [0,263032627,24822,com.android.launcher3/.uioverrides.QuickstepLauncher]
06-28 10:17:16.414 1603 1603 I screen_toggled: 1
06-28 10:17:16.419 1603 1603 I power_screen_broadcast_send: 1
06-28 10:17:16.420 1603 1737 I sysui_multi_action: [757,1696,758,6,759,3]
06-28 10:17:16.429 1603 1709 I am_uid_running: 10127
06-28 10:17:16.430 2605 2605 I wm_on_restart_called: [263032627,com.android.launcher3.uioverrides.QuickstepLauncher,performRestartActivity]
06-28 10:17:16.430 2605 2605 I wm_on_start_called: [263032627,com.android.launcher3.uioverrides.QuickstepLauncher,handleStartActivity]
06-28 10:17:16.431 2605 2605 I wm_on_resume_called: [263032627,com.android.launcher3.uioverrides.QuickstepLauncher,RESUME_ACTIVITY]
06-28 10:17:16.431 2605 2605 I wm_on_top_resumed_gained_called: [263032627,com.android.launcher3.uioverrides.QuickstepLauncher,topWhenResuming]
06-28 10:17:16.437 1603 1722 I am_proc_start: [0,16954,10127,com.zhihu.android,NULL,]
06-28 10:17:16.447 1603 1720 I am_pss : [15511,10124,com.kuaishou.nebula,352796672,345911296,0,467705856,0,8,25]
06-28 10:17:16.457 1603 1634 I am_proc_bound: [0,16954,com.zhihu.android]
06-28 10:17:16.463 1603 2648 I am_kill : [0,16312,com.smile.gifmaker,905,empty #2]
06-28 10:17:16.472 1603 1711 I input_focus: [Focus request 3675f2c com.android.launcher3/com.android.launcher3.uioverrides.QuickstepLauncher,reason=UpdateInputWindows]
06-28 10:17:16.486 1603 1721 I am_wtf : [0,1603,system_server,-1,DisplayDeviceConfig,requesting nits when no mapping exists.]
06-28 10:17:16.488 1603 1721 I am_wtf : [0,1603,system_server,-1,DisplayDeviceConfig,requesting nits when no mapping exists.]
06-28 10:17:16.489 1603 1889 I input_focus: [Focus entering 3675f2c com.android.launcher3/com.android.launcher3.uioverrides.QuickstepLauncher (server),reason=Window became focusable. Previous reason: NO_WINDOW]
06-28 10:17:16.481 1603 1603 I auditd : type=1400 audit(0.0:10353): avc: denied { getattr } for comm="ActivityManager" path="/data/tlog/fatal/dropbox" dev="dm-21" ino=499138 scontext=u:r:system_server:s0 tcontext=u:object_r:tlog_data_file:s0 tclass=dir permissive=0
06-28 10:17:16.489 1603 1603 I auditd : type=1400 audit(0.0:10354): avc: denied { getattr } for comm="ActivityManager" path="/data/tlog/fatal/dropbox" dev="dm-21" ino=499138 scontext=u:r:system_server:s0 tcontext=u:object_r:tlog_data_file:s0 tclass=dir permissive=0
06-28 10:17:16.584 1603 1603 I sysui_multi_action: [757,198,758,1,759,1,1359,91,1694,1]
06-28 10:17:16.584 1603 1603 I power_screen_state: [1,0,0,0,91]
06-28 10:17:16.590 1603 1603 I battery_saving_stats: [0,0,0,158281,0,0,158281,0,0]
06-28 10:17:16.596 1603 9021 I am_proc_died: [0,16312,com.smile.gifmaker,905,19]
06-28 10:17:16.597 1603 9021 I am_uid_stopped: 10103
06-28 10:17:16.618 1603 1603 I power_screen_broadcast_done: [1,198,1]
06-28 10:17:17.017 17094 17094 I auditd : type=1400 audit(0.0:10355): avc: denied { bind } for comm="ip" scontext=u:r:untrusted_app:s0:c127,c256,c512,c768 tcontext=u:r:untrusted_app:s0:c127,c256,c512,c768 tclass=netlink_route_socket permissive=0 bug=b/155595000 app=com.zhihu.android
06-28 10:17:17.081 17117 17117 I auditd : type=1400 audit(0.0:10356): avc: denied { bind } for comm="ip" scontext=u:r:untrusted_app:s0:c127,c256,c512,c768 tcontext=u:r:untrusted_app:s0:c127,c256,c512,c768 tclass=netlink_route_socket permissive=0 bug=b/155595000 app=com.zhihu.android
06-28 10:17:17.113 17134 17134 I auditd : type=1400 audit(0.0:10357): avc: denied { bind } for comm="ip" scontext=u:r:untrusted_app:s0:c127,c256,c512,c768 tcontext=u:r:untrusted_app:s0:c127,c256,c512,c768 tclass=netlink_route_socket permissive=0 bug=b/155595000 app=com.zhihu.android
06-28 10:17:17.145 17137 17137 I auditd : type=1400 audit(0.0:10358): avc: denied { read } for comm="ZIDThreadPoolEx" name="u:object_r:qemu_hw_prop:s0" dev="tmpfs" ino=12608 scontext=u:r:untrusted_app:s0:c127,c256,c512,c768 tcontext=u:object_r:qemu_hw_prop:s0 tclass=file permissive=0 app=com.zhihu.android
06-28 10:17:17.145 17137 17137 I auditd : type=1400 audit(0.0:10359): avc: denied { read } for comm="ZIDThreadPoolEx" name="u:object_r:qemu_sf_lcd_density_prop:s0" dev="tmpfs" ino=12609 scontext=u:r:untrusted_app:s0:c127,c256,c512,c768 tcontext=u:object_r:qemu_sf_lcd_density_prop:s0 tclass=file permissive=0 app=com.zhihu.android
06-28 10:17:17.145 17137 17137 I auditd : type=1400 audit(0.0:10360): avc: denied { read } for comm="ZIDThreadPoolEx" name="u:object_r:serialno_prop:s0" dev="tmpfs" ino=12620 scontext=u:r:untrusted_app:s0:c127,c256,c512,c768 tcontext=u:object_r:serialno_prop:s0 tclass=file permissive=0 app=com.zhihu.android
06-28 10:17:17.189 16954 16954 I auditd : type=1400 audit(0.0:10361): avc: denied { read } for comm="io/sentry/andro" name="version" dev="proc" ino=4026532247 scontext=u:r:untrusted_app:s0:c127,c256,c512,c768 tcontext=u:object_r:proc_version:s0 tclass=file permissive=0 app=com.zhihu.android
06-28 10:17:19.252 1603 1603 I service_manager_stats: [100,62,160414]
06-28 10:17:20.025 1603 11911 I sysui_multi_action: [757,127,758,1]
06-28 10:17:20.025 1603 11911 I sysui_multi_action: [757,804,799,note_load,801,2,802,1]
06-28 10:17:20.025 1603 11911 I notification_panel_revealed: 2
06-28 10:17:20.033 1603 1711 I input_focus: [Focus request f548c92 NotificationShade,reason=UpdateInputWindows]
06-28 10:17:20.057 1603 1889 I input_focus: [Focus leaving 3675f2c com.android.launcher3/com.android.launcher3.uioverrides.QuickstepLauncher (server),reason=Waiting for window because NOT_VISIBLE]
06-28 10:17:20.058 1603 11911 I sysui_multi_action: [757,128,758,1,793,32413000,794,0,795,32413000,796,26,798,0,806,android,857,DEVELOPER_IMPORTANT,858,4,947,0,1395,2,1500,32411409,1688,1]
06-28 10:17:20.058 1603 11911 I sysui_multi_action: [757,804,799,note_freshness,801,32413000,802,1]
06-28 10:17:20.058 1603 11911 I notification_visibility: [-1|android|26|null|1000,1,32413000,32413000,0,0]
06-28 10:17:20.058 1603 11911 I sysui_multi_action: [757,128,758,1,793,32412998,794,0,795,32412998,796,32,798,1,806,android,857,USB,858,1,947,0,1395,2,1500,32411402,1688,1]
06-28 10:17:20.058 1603 11911 I sysui_multi_action: [757,804,799,note_freshness,801,32412998,802,1]
06-28 10:17:20.058 1603 11911 I notification_visibility: [-1|android|32|null|1000,1,32412998,32412998,0,1]
06-28 10:17:20.074 1603 1889 I input_focus: [Focus entering f548c92 NotificationShade (server),reason=Window became focusable. Previous reason: NOT_VISIBLE]
06-28 10:17:20.083 1603 1889 I input_interaction: Interaction with: 3675f2c com.android.launcher3/com.android.launcher3.uioverrides.QuickstepLauncher (server), 287fe67 com.android.systemui.ImageWallpaper (server), f548c92 NotificationShade (server), edge-swipe (server), swipe-up (server), PointerEventDispatcher0 (server),
06-28 10:17:20.083 2605 2605 I view_enqueue_input_event: [Motion - Cancel,com.android.launcher3/com.android.launcher3.uioverrides.QuickstepLauncher]
06-28 10:17:20.093 1603 1889 I input_interaction: Interaction with: 287fe67 com.android.systemui.ImageWallpaper (server), f548c92 NotificationShade (server), edge-swipe (server), swipe-up (server), PointerEventDispatcher0 (server),
06-28 10:17:20.107 1998 1998 I sysui_multi_action: [757,803,799,panel_open,802,1]
06-28 10:17:20.107 1998 1998 I sysui_multi_action: [757,1328,758,4,1326,66,1327,28,1329,0]
06-28 10:17:20.424 1603 1711 I input_focus: [Focus request 3675f2c com.android.launcher3/com.android.launcher3.uioverrides.QuickstepLauncher,reason=UpdateInputWindows]
06-28 10:17:20.432 1603 3458 I sysui_multi_action: [757,128,758,2,793,32413374,794,374,795,32413374,796,26,798,0,806,android,857,DEVELOPER_IMPORTANT,858,4,947,0,1395,2,1500,32411783,1688,1]
06-28 10:17:20.432 1603 3458 I notification_visibility: [-1|android|26|null|1000,0,32413374,32413374,0,0]
06-28 10:17:20.433 1603 3458 I sysui_multi_action: [757,128,758,2,793,32413373,794,375,795,32413373,796,32,798,1,806,android,857,USB,858,1,947,0,1395,2,1500,32411777,1688,1]
06-28 10:17:20.433 1603 3458 I notification_visibility: [-1|android|32|null|1000,0,32413373,32413373,0,1]
06-28 10:17:20.433 1603 1861 I sysui_multi_action: [757,127,758,2]
06-28 10:17:20.434 1603 1861 I notification_panel_hidden:
06-28 10:17:20.442 1603 1889 I input_focus: [Focus leaving f548c92 NotificationShade (server),reason=NOT_FOCUSABLE]
06-28 10:17:20.442 1603 1889 I input_focus: [Focus entering 3675f2c com.android.launcher3/com.android.launcher3.uioverrides.QuickstepLauncher (server),reason=setFocusedWindow]
06-28 10:17:21.149 1603 1889 I input_interaction: Interaction with: 3675f2c com.android.launcher3/com.android.launcher3.uioverrides.QuickstepLauncher (server), 287fe67 com.android.systemui.ImageWallpaper (server), edge-swipe (server), swipe-up (server), PointerEventDispatcher0 (server),
06-28 10:17:22.029 3059 3059 I force_gc: mem
06-28 10:17:22.522 1603 3458 I wm_task_created: [24828,-1]
06-28 10:17:22.525 1603 3458 I wm_task_moved: [24828,1,6]
06-28 10:17:22.525 1603 3458 I wm_task_to_front: [0,24828]
06-28 10:17:22.526 1603 3458 I wm_create_task: [0,24828]
06-28 10:17:22.526 1603 3458 I wm_create_activity: [0,192789227,24828,com.ss.android.ugc.aweme.lite/com.ss.android.ugc.aweme.splash.SplashActivity,android.intent.action.MAIN,NULL,NULL,270532608]
06-28 10:17:22.526 1603 3458 I wm_task_moved: [24828,1,6]
06-28 10:17:22.528 2605 2605 I wm_on_top_resumed_lost_called: [263032627,com.android.launcher3.uioverrides.QuickstepLauncher,topStateChangedWhenResumed]
06-28 10:17:22.529 1603 1709 I am_uid_running: 10113
06-28 10:17:22.534 1603 1722 I am_proc_start: [0,17310,10113,com.ss.android.ugc.aweme.lite,top-activity,{com.ss.android.ugc.aweme.lite/com.ss.android.ugc.aweme.splash.SplashActivity}]
06-28 10:17:22.544 1603 3458 I am_proc_bound: [0,17310,com.ss.android.ugc.aweme.lite]
06-28 10:17:22.548 1603 3458 I wm_restart_activity: [0,192789227,24828,com.ss.android.ugc.aweme.lite/com.ss.android.ugc.aweme.splash.SplashActivity]
06-28 10:17:22.549 1603 3458 I wm_set_resumed_activity: [0,com.ss.android.ugc.aweme.lite/com.ss.android.ugc.aweme.splash.SplashActivity,minimalResumeActivityLocked]
06-28 10:17:22.550 1603 3458 I am_uid_active: 10113
06-28 10:17:22.910 1603 1861 I am_kill : [0,9083,com.tencent.android.qqdownloader:cloud,925,empty #2]
06-28 10:17:22.916 1603 1915 I am_kill : [0,8998,com.tencent.android.qqdownloader:live,500,stop com.tencent.android.qqdownloader due to start instr]
06-28 10:17:22.922 1603 1915 I am_kill : [0,9036,com.tencent.android.qqdownloader,0,stop com.tencent.android.qqdownloader due to start instr]
06-28 10:17:22.930 1603 1915 I am_kill : [0,9896,com.tencent.ilink.ServiceProcess,0,stop com.tencent.android.qqdownloader due to start instr]
06-28 10:17:22.934 1603 1915 I am_uid_stopped: 10101
06-28 10:17:22.935 1603 1915 I am_kill : [0,8983,com.tencent.android.qqdownloader:daemon,0,stop com.tencent.android.qqdownloader due to start instr]
06-28 10:17:22.946 1603 1915 I am_kill : [0,9801,com.android.webview:sandboxed_process0:org.chromium.content.app.SandboxedProcessService0:0,0,isolated not needed]
06-28 10:17:22.952 1603 1915 I am_uid_running: 10101
06-28 10:17:22.953 17310 17310 I auditd : type=1400 audit(0.0:10375): avc: granted { nlmsg_readpriv } for comm="TTNet-AN-IO" scontext=u:r:untrusted_app_29:s0:c113,c256,c512,c768 tcontext=u:r:untrusted_app_29:s0:c113,c256,c512,c768 tclass=netlink_route_socket app=com.ss.android.ugc.aweme.lite
06-28 10:17:22.971 1603 1722 I am_proc_start: [0,17489,10101,com.tencent.android.qqdownloader:daemon,added application,com.tencent.android.qqdownloader:daemon]
06-28 10:17:23.005 1603 3458 I am_proc_bound: [0,17489,com.tencent.android.qqdownloader:daemon]
06-28 10:17:23.022 1603 3458 I am_uid_active: 10101
06-28 10:17:23.024 1603 9021 I am_proc_died: [0,9801,com.android.webview:sandboxed_process0:org.chromium.content.app.SandboxedProcessService0:0,0,10]
06-28 10:17:23.025 1603 9021 I am_uid_stopped: 99001
06-28 10:17:23.063 1603 1992 I sync : [com.tencent.android.qqdownloader.YYBLiveAccountProvider,0,3,24220937]
06-28 10:17:23.076 1603 1722 I am_proc_start: [0,17519,10101,com.tencent.android.qqdownloader:live,service,{com.tencent.android.qqdownloader/com.live.sync.YYBLiveSyncService}]
06-28 10:17:23.085 17310 17310 I wm_on_create_called: [192789227,com.ss.android.ugc.aweme.splash.SplashActivity,performCreate]
06-28 10:17:23.093 17489 17489 I auditd : type=1400 audit(0.0:10376): avc: granted { execute } for comm="wnloader:daemon" path="/data/user/0/com.tencent.android.qqdownloader/files/shell/8_8454130_1346/oat/arm64/base.odex" dev="dm-21" ino=12170 scontext=u:r:untrusted_app_27:s0:c512,c768 tcontext=u:object_r:app_data_file:s0:c512,c768 tclass=file app=com.tencent.android.qqdownloader
06-28 10:17:23.105 1603 3458 I am_proc_bound: [0,17519,com.tencent.android.qqdownloader:live]
06-28 10:17:23.122 17310 17310 I wm_on_start_called: [192789227,com.ss.android.ugc.aweme.splash.SplashActivity,handleStartActivity]
06-28 10:17:23.128 17310 17310 I wm_on_resume_called: [192789227,com.ss.android.ugc.aweme.splash.SplashActivity,RESUME_ACTIVITY]
06-28 10:17:23.144 1603 14582 I netstats_mobile_sample: [0,0,0,0,0,0,0,0,0,0,0,0,1687918643144]
06-28 10:17:23.145 1603 14582 I netstats_wifi_sample: [222633969,173716,12397381,83279,222633969,173716,12397381,83279,231368341,186942,10077150,78609,1687918643144]
06-28 10:17:23.153 17489 17489 I auditd : type=1400 audit(0.0:10377): avc: granted { execute } for comm="wnloader:daemon" path="/data/user/0/com.tencent.android.qqdownloader/files/shell/8_8454130_1346/lib/arm64-v8a/libmmkv.so" dev="dm-21" ino=39389 scontext=u:r:untrusted_app_27:s0:c512,c768 tcontext=u:object_r:app_data_file:s0:c512,c768 tclass=file app=com.tencent.android.qqdownloader
06-28 10:17:23.157 17310 17310 I auditd : type=1400 audit(0.0:10378): avc: granted { execute } for comm="#tp-default-44" path="/data/user/0/com.ss.android.ugc.aweme.lite/files/plugins/com.ss.android.ugc.aweme.v8/version-258090010/lib/libv8_libfull.cr.so" dev="dm-21" ino=336566 scontext=u:r:untrusted_app_29:s0:c113,c256,c512,c768 tcontext=u:object_r:app_data_file:s0:c113,c256,c512,c768 tclass=file app=com.ss.android.ugc.aweme.lite
06-28 10:17:23.181 17519 17519 I auditd : type=1400 audit(0.0:10379): avc: granted { execute } for comm="downloader:live" path="/data/user/0/com.tencent.android.qqdownloader/files/shell/8_8454130_1346/oat/arm64/base.odex" dev="dm-21" ino=12170 scontext=u:r:untrusted_app_27:s0:c512,c768 tcontext=u:object_r:app_data_file:s0:c512,c768 tclass=file app=com.tencent.android.qqdownloader
06-28 10:17:23.226 1603 1722 I am_proc_start: [0,17576,10101,com.tencent.android.qqdownloader,content provider,{com.tencent.android.qqdownloader/com.tencent.assistant.db.contentprovider.WallpaperProvider}]
06-28 10:17:23.257 1603 2646 I am_proc_bound: [0,17576,com.tencent.android.qqdownloader]
06-28 10:17:23.315 1603 1992 I sync : [com.tencent.android.qqdownloader.YYBLiveAccountProvider,1,3,24220937]
06-28 10:17:23.317 1603 1992 I commit_sys_config_file: [sync-status,457281]
06-28 10:17:23.333 1603 1992 I sync : [com.tencent.android.qqdownloader.YYBLiveAccountProvider,0,3,24220937]
06-28 10:17:23.345 1603 1992 I sync : [com.tencent.android.qqdownloader.YYBLiveAccountProvider,1,3,24220937]
06-28 10:17:23.359 1603 1992 I commit_sys_config_file: [sync-status,457324]
06-28 10:17:23.381 1603 1711 I input_focus: [Focus request 8ac8b80 com.ss.android.ugc.aweme.lite/com.ss.android.ugc.aweme.splash.SplashActivity,reason=UpdateInputWindows]
06-28 10:17:23.395 1603 1722 I am_proc_start: [0,17679,10101,com.tencent.android.qqdownloader:cloud,service,{com.tencent.android.qqdownloader/com.live.watermelon.service.SentryAlphaService}]
06-28 10:17:23.414 1603 1889 I input_focus: [Focus leaving 3675f2c com.android.launcher3/com.android.launcher3.uioverrides.QuickstepLauncher (server),reason=Waiting for window because NOT_VISIBLE]
06-28 10:17:23.420 1603 2646 I am_proc_bound: [0,17679,com.tencent.android.qqdownloader:cloud]
06-28 10:17:23.470 17310 17310 I wm_on_top_resumed_gained_called: [192789227,com.ss.android.ugc.aweme.splash.SplashActivity,topStateChangedWhenResumed]
