06-28 10:27:08.886 26014 26197 W System.err: at com.bytedance.common.utility.reflect.Reflect.call(SourceFile:50659369)
06-28 10:27:08.886 26014 26197 W System.err: at com.bytedance.frameworks.baselib.network.http.cronet.TTAppStateManager.LIZ(SourceFile:17170554)
06-28 10:27:08.886 26014 26197 W System.err: at X.Amn.LIZIZ(SourceFile:17039397)
06-28 10:27:08.886 26014 26197 W System.err: at com.ss.android.ugc.aweme.launcher.config.InitQuotaTaskHelper$updateLaunchType$1.run(SourceFile:16973849)
06-28 10:27:08.886 26014 26197 W System.err: at com.ss.android.ugc.aweme.lego.processor.TaskProcessor.runTask(SourceFile:17170555)
06-28 10:27:08.887 26014 26197 W System.err: at com.ss.android.ugc.aweme.lego.LegoTask$-CC.$default$doWork(SourceFile:16908290)
06-28 10:27:08.887 26014 26197 W System.err: at com.ss.android.ugc.aweme.launcher.config.InitQuotaTaskHelper$updateLaunchType$1.doWork(Unknown Source:0)
06-28 10:27:08.887 26014 26197 W System.err: at com.ss.android.ugc.nimbleworker.scheduler.helper.TraceHelper.doWork(SourceFile:33816629)
06-28 10:27:08.887 26014 26197 W System.err: at com.ss.android.ugc.nimbleworker.core.ScheduleManager.lambda$execute$0$ScheduleManager(SourceFile:33816620)
06-28 10:27:08.887 26014 26197 W System.err: at X.QjI.run(Unknown Source:6)
06-28 10:27:08.887 26014 26197 W System.err: at java.util.concurrent.ThreadPoolExecutor.runWorker(ThreadPoolExecutor.java:1167)
06-28 10:27:08.887 26014 26197 W System.err: at java.util.concurrent.ThreadPoolExecutor$Worker.run(ThreadPoolExecutor.java:641)
06-28 10:27:08.887 26014 26197 W System.err: at Y.ARunnableS87S0200000_30.run$82(SourceFile:17104961)
06-28 10:27:08.887 26014 26197 W System.err: at Y.ARunnableS87S0200000_30.run(Unknown Source:334)
06-28 10:27:08.887 26014 26197 W System.err: at java.lang.Thread.run(Thread.java:920)
06-28 10:27:08.887 26014 26197 W System.err: at com.ss.android.ugc.bytex.pthread.base.convergence.ThreadProxy$start$1.run(Unknown Source:160)
06-28 10:27:08.887 26014 26197 W System.err: at java.util.concurrent.ThreadPoolExecutor.runWorker(ThreadPoolExecutor.java:1167)
06-28 10:27:08.887 26014 26197 W System.err: at java.util.concurrent.ThreadPoolExecutor$Worker.run(ThreadPoolExecutor.java:641)
06-28 10:27:08.887 26014 26197 W System.err: at java.lang.Thread.run(Thread.java:920)
06-28 10:27:08.887 26014 26197 W System.err: Caused by: java.lang.reflect.InvocationTargetException
06-28 10:27:08.887 26014 26197 W System.err: at java.lang.reflect.Method.invoke(Native Method)
06-28 10:27:08.887 26014 26197 W System.err: at com.bytedance.common.utility.reflect.Reflect.on(SourceFile:50855983)
06-28 10:27:08.887 26014 26197 W System.err: ... 19 more
06-28 10:27:08.887 26014 26197 W System.err: Caused by: java.lang.UnsupportedOperationException: CronetEngine has not been initialized.
06-28 10:27:08.887 26014 26197 W System.err: at org.chromium.CronetClient.setAppStartUpState(SourceFile:17039406)
06-28 10:27:08.887 26014 26197 W System.err: ... 21 more
06-28 10:27:08.936 0 0 I [ 1103.513708] init: Service 'tlogdshc' (pid 26289) exited with status 0 oneshot service took 0.052000 seconds in background
06-28 10:27:08.936 0 0 I [ 1103.513717] init: Sending signal 9 to service 'tlogdshc' (pid 26289) process group...
06-28 10:27:08.936 0 0 I [ 1103.513791] libprocessgroup: Successfully killed process cgroup uid 0 pid 26289 in 0ms
06-28 10:27:08.905 26015 26070 V SntpClient: ---- SNTP successful response from 17.253.116.125
06-28 10:27:08.925 26015 26015 D ZPatch.DebugPatch: debugPatchEnable:false officeNet:false
06-28 10:27:08.931 26015 26015 D AppConfig: create 918
06-28 10:27:08.933 26015 26015 D WorldSavior: hack ActivityThread ok
06-28 10:27:08.952 26015 26259 W m.zhihu.androi: Accessing hidden method Lcom/android/org/conscrypt/OpenSSLSocketImpl;->getAlpnSelectedProtocol()[B (max-target-q,core-platform-api, reflection, denied)
06-28 10:27:08.952 26015 26259 W m.zhihu.androi: Accessing hidden method Lcom/android/org/conscrypt/AbstractConscryptSocket;->getAlpnSelectedProtocol()[B (max-target-q, reflection, denied)
06-28 10:27:08.953 26015 26246 W m.zhihu.androi: Accessing hidden method Lcom/android/org/conscrypt/OpenSSLSocketImpl;->getAlpnSelectedProtocol()[B (max-target-q,core-platform-api, reflection, denied)
06-28 10:27:08.954 26015 26246 W m.zhihu.androi: Accessing hidden method Lcom/android/org/conscrypt/AbstractConscryptSocket;->getAlpnSelectedProtocol()[B (max-target-q, reflection, denied)
06-28 10:27:08.974 26015 26314 E mcssdk---: MCS-->isExistPackage NameNotFoundException:com.coloros.mcs
06-28 10:27:08.974 1603 3295 W ActivityManager: Unable to start service Intent { act=com.bun.msa.action.start.service cmp=com.mdid.msa/.service.MsaKlService (has extras) } U=0: not found
06-28 10:27:08.975 26015 26314 I HonorApiAvailability: push service is not installed
06-28 10:27:08.975 1603 3295 W ActivityManager: Unable to start service Intent { act=com.bun.msa.action.bindto.service cmp=com.mdid.msa/.service.MsaIdService (has extras) } U=0: not found
06-28 10:27:08.989 26015 26275 W m.zhihu.androi: Accessing hidden method Lcom/android/org/conscrypt/ConscryptEngineSocket;->setUseSessionTickets(Z)V (max-target-q,core-platform-api, reflection, denied)
06-28 10:27:08.989 26015 26275 W m.zhihu.androi: Accessing hidden method Lcom/android/org/conscrypt/OpenSSLSocketImpl;->setUseSessionTickets(Z)V (max-target-q,core-platform-api, reflection, denied)
06-28 10:27:08.989 26015 26275 W m.zhihu.androi: Accessing hidden method Lcom/android/org/conscrypt/AbstractConscryptSocket;->setUseSessionTickets(Z)V (max-target-q, reflection, denied)
06-28 10:27:08.989 26015 26275 W m.zhihu.androi: Accessing hidden method Lcom/android/org/conscrypt/ConscryptEngineSocket;->setHostname(Ljava/lang/String;)V (max-target-q,core-platform-api, reflection, denied)
06-28 10:27:08.990 26015 26275 W m.zhihu.androi: Accessing hidden method Lcom/android/org/conscrypt/OpenSSLSocketImpl;->setHostname(Ljava/lang/String;)V (max-target-q,core-platform-api, reflection, denied)
06-28 10:27:08.990 26015 26275 W m.zhihu.androi: Accessing hidden method Lcom/android/org/conscrypt/AbstractConscryptSocket;->setHostname(Ljava/lang/String;)V (max-target-q, reflection, denied)
06-28 10:27:08.990 26015 26275 W m.zhihu.androi: Accessing hidden method Lcom/android/org/conscrypt/OpenSSLSocketImpl;->setAlpnProtocols([B)V (max-target-q,core-platform-api, reflection, denied)
06-28 10:27:08.990 26015 26275 W m.zhihu.androi: Accessing hidden method Lcom/android/org/conscrypt/AbstractConscryptSocket;->setAlpnProtocols([B)V (max-target-q, reflection, denied)
06-28 10:27:09.001 26014 26243 I TT_WEBVIEW_CHROMIUM: ttwebview_timing[WebViewChromiumFactoryProvider.loadLibrary]123
06-28 10:27:09.003 26015 26070 V SntpClient: ---- SNTP successful response from 17.253.116.125
06-28 10:27:09.008 26015 26252 W m.zhihu.androi: Accessing hidden method Lcom/android/org/conscrypt/OpenSSLSocketImpl;->getAlpnSelectedProtocol()[B (max-target-q,core-platform-api, reflection, denied)
06-28 10:27:09.008 680 694 I mpu_uart: [MSG-P:RECV]:No message received in 1000 ms
06-28 10:27:09.008 26015 26252 W m.zhihu.androi: Accessing hidden method Lcom/android/org/conscrypt/AbstractConscryptSocket;->getAlpnSelectedProtocol()[B (max-target-q, reflection, denied)
06-28 10:27:09.040 26015 26312 W m.zhihu.androi: Accessing hidden method Lcom/android/org/conscrypt/ConscryptEngineSocket;->setUseSessionTickets(Z)V (max-target-q,core-platform-api, reflection, denied)
06-28 10:27:09.040 26015 26312 W m.zhihu.androi: Accessing hidden method Lcom/android/org/conscrypt/OpenSSLSocketImpl;->setUseSessionTickets(Z)V (max-target-q,core-platform-api, reflection, denied)
06-28 10:27:09.040 26015 26312 W m.zhihu.androi: Accessing hidden method Lcom/android/org/conscrypt/AbstractConscryptSocket;->setUseSessionTickets(Z)V (max-target-q, reflection, denied)
06-28 10:27:09.040 26015 26312 W m.zhihu.androi: Accessing hidden method Lcom/android/org/conscrypt/ConscryptEngineSocket;->setHostname(Ljava/lang/String;)V (max-target-q,core-platform-api, reflection, denied)
06-28 10:27:09.041 26015 26312 W m.zhihu.androi: Accessing hidden method Lcom/android/org/conscrypt/OpenSSLSocketImpl;->setHostname(Ljava/lang/String;)V (max-target-q,core-platform-api, reflection, denied)
06-28 10:27:09.041 26015 26312 W m.zhihu.androi: Accessing hidden method Lcom/android/org/conscrypt/AbstractConscryptSocket;->setHostname(Ljava/lang/String;)V (max-target-q, reflection, denied)
06-28 10:27:09.041 26015 26312 W m.zhihu.androi: Accessing hidden method Lcom/android/org/conscrypt/OpenSSLSocketImpl;->setAlpnProtocols([B)V (max-target-q,core-platform-api, reflection, denied)
06-28 10:27:09.041 26015 26312 W m.zhihu.androi: Accessing hidden method Lcom/android/org/conscrypt/AbstractConscryptSocket;->setAlpnProtocols([B)V (max-target-q, reflection, denied)
06-28 10:27:09.056 26014 26123 W System.err: com.bytedance.ies.NullValueException
06-28 10:27:09.056 26014 26123 W System.err: at com.ss.android.ugc.aweme.global.config.settings.pojo.IESSettingsProxy.getDisableDelaySecReport(SourceFile:327746)
06-28 10:27:09.056 26014 26123 W System.err: at com.ss.android.ugc.aweme.requesttask.idle.SecSdkRequest.request(SourceFile:33882151)
06-28 10:27:09.056 26014 26123 W System.err: at com.ss.android.ugc.aweme.lego.processor.RequestProcessor.runRequest(SourceFile:33882169)
06-28 10:27:09.056 26014 26123 W System.err: at com.ss.android.ugc.aweme.lego.LegoRequest$-CC.$default$doWork(SourceFile:16908296)
06-28 10:27:09.057 26014 26123 W System.err: at com.ss.android.ugc.aweme.requesttask.idle.SecSdkRequest.doWork(Unknown Source:0)
06-28 10:27:09.057 26014 26123 W System.err: at com.ss.android.ugc.nimbleworker.scheduler.helper.TraceHelper.doWork(SourceFile:33816629)
06-28 10:27:09.057 26014 26123 W System.err: at com.ss.android.ugc.nimbleworker.scheduler.SparseScheduler.lambda$schedule$0$SparseScheduler(SourceFile:17039390)
06-28 10:27:09.057 26014 26123 W System.err: at X.QjL.run(Unknown Source:4)
06-28 10:27:09.057 26014 26123 W System.err: at java.util.concurrent.ThreadPoolExecutor.runWorker(ThreadPoolExecutor.java:1167)
06-28 10:27:09.057 26014 26123 W System.err: at java.util.concurrent.ThreadPoolExecutor$Worker.run(ThreadPoolExecutor.java:641)
06-28 10:27:09.057 26014 26123 W System.err: at Y.ARunnableS87S0200000_30.run$82(SourceFile:17104961)
06-28 10:27:09.057 26014 26123 W System.err: at Y.ARunnableS87S0200000_30.run(Unknown Source:334)
06-28 10:27:09.057 26014 26123 W System.err: at java.lang.Thread.run(Thread.java:920)
06-28 10:27:09.057 26014 26123 W System.err: at com.ss.android.ugc.bytex.pthread.base.convergence.ThreadProxy$start$1.run(Unknown Source:160)
06-28 10:27:09.057 26014 26123 W System.err: at java.util.concurrent.ThreadPoolExecutor.runWorker(ThreadPoolExecutor.java:1167)
06-28 10:27:09.057 26014 26123 W System.err: at java.util.concurrent.ThreadPoolExecutor$Worker.run(ThreadPoolExecutor.java:641)
06-28 10:27:09.057 26014 26123 W System.err: at java.lang.Thread.run(Thread.java:920)
06-28 10:27:09.057 26015 26149 W m.zhihu.androi: Accessing hidden method Lcom/android/org/conscrypt/OpenSSLSocketImpl;->getAlpnSelectedProtocol()[B (max-target-q,core-platform-api, reflection, denied)
06-28 10:27:09.057 26015 26149 W m.zhihu.androi: Accessing hidden method Lcom/android/org/conscrypt/AbstractConscryptSocket;->getAlpnSelectedProtocol()[B (max-target-q, reflection, denied)
06-28 10:27:09.057 26014 26014 I NPTH : anr_monitor_init succsess!
06-28 10:27:09.069 1603 3295 I ActivityManager: Killing 25774:com.ss.android.ugc.aweme.lite/u0a113 (adj 905): empty #2
06-28 10:27:09.070 1603 3295 I am_kill : [0,25774,com.ss.android.ugc.aweme.lite,905,empty #2]
06-28 10:27:09.072 1603 3295 D CompatibilityInfo: mCompatibilityFlags - 4
06-28 10:27:09.072 1603 3295 D CompatibilityInfo: applicationDensity - 240
06-28 10:27:09.072 1603 3295 D CompatibilityInfo: applicationScale - 1.0
06-28 10:27:09.074 1603 3295 D CompatibilityInfo: mCompatibilityFlags - 4
06-28 10:27:09.074 1603 3295 D CompatibilityInfo: applicationDensity - 240
06-28 10:27:09.074 1603 3295 D CompatibilityInfo: applicationScale - 1.0
06-28 10:27:09.076 1603 3295 D CompatibilityInfo: mCompatibilityFlags - 4
06-28 10:27:09.076 1603 3295 D CompatibilityInfo: applicationDensity - 240
06-28 10:27:09.076 1603 3295 D CompatibilityInfo: applicationScale - 1.0
06-28 10:27:09.081 1603 3295 I ActivityManager: Killing 26015:com.zhihu.android/u0a127 (adj 905): empty #2
06-28 10:27:09.081 1603 3295 I am_kill : [0,26015,com.zhihu.android,905,empty #2]
06-28 10:27:09.081 26294 26294 I auditd : type=1400 audit(0.0:13492): avc: denied { bind } for comm="ip" scontext=u:r:untrusted_app:s0:c127,c256,c512,c768 tcontext=u:r:untrusted_app:s0:c127,c256,c512,c768 tclass=netlink_route_socket permissive=0 bug=b/155595000 app=com.zhihu.android
06-28 10:27:09.081 26294 26294 W ip : type=1400 audit(0.0:13492): avc: denied { bind } for scontext=u:r:untrusted_app:s0:c127,c256,c512,c768 tcontext=u:r:untrusted_app:s0:c127,c256,c512,c768 tclass=netlink_route_socket permissive=0 bug=b/155595000 app=com.zhihu.android
06-28 10:27:09.101 26014 26101 E droid.ugc.awem: No package ID 7f found for ID 0x7f0c0146.
06-28 10:27:09.102 26014 26101 E droid.ugc.awem: No package ID 7f found for ID 0x7f0c01e4.
06-28 10:27:09.105 1603 5445 D ConnectivityService: requestNetwork for uid/pid:10104/26014 activeRequest: null callbackRequest: 580 [NetworkRequest [ REQUEST id=581, [ Capabilities: INTERNET&NOT_RESTRICTED&TRUSTED&NOT_VCN_MANAGED Uid: 10104 RequestorUid: 10104 RequestorPkg: com.ss.android.ugc.aweme] ]] callback flags: 0 priority: 2147483647
06-28 10:27:09.106 1603 1941 D ConnectivityService: NetReassign [581 : null → 100]
06-28 10:27:09.108 1603 1980 D Ethernet: got request NetworkRequest [ REQUEST id=581, [ Capabilities: INTERNET&NOT_RESTRICTED&TRUSTED&NOT_VCN_MANAGED Uid: 10104 RequestorUid: 10104 RequestorPkg: com.ss.android.ugc.aweme] ]
06-28 10:27:09.108 1603 1980 D EthernetNetworkFactory: acceptRequest, request: NetworkRequest [ REQUEST id=581, [ Capabilities: INTERNET&NOT_RESTRICTED&TRUSTED&NOT_VCN_MANAGED Uid: 10104 RequestorUid: 10104 RequestorPkg: com.ss.android.ugc.aweme] ]
06-28 10:27:09.108 1603 1980 I EthernetNetworkFactory: networkForRequest, request: NetworkRequest [ REQUEST id=581, [ Capabilities: INTERNET&NOT_RESTRICTED&TRUSTED&NOT_VCN_MANAGED Uid: 10104 RequestorUid: 10104 RequestorPkg: com.ss.android.ugc.aweme] ], network: null
06-28 10:27:09.109 1603 1934 D WifiNetworkFactory: got request NetworkRequest [ REQUEST id=581, [ Capabilities: INTERNET&NOT_RESTRICTED&TRUSTED&NOT_VCN_MANAGED Uid: 10104 RequestorUid: 10104 RequestorPkg: com.ss.android.ugc.aweme] ]
06-28 10:27:09.109 1603 1934 D UntrustedWifiNetworkFactory: got request NetworkRequest [ REQUEST id=581, [ Capabilities: INTERNET&NOT_RESTRICTED&TRUSTED&NOT_VCN_MANAGED Uid: 10104 RequestorUid: 10104 RequestorPkg: com.ss.android.ugc.aweme] ]
06-28 10:27:09.109 1603 1934 D OemPaidWifiNetworkFactory: got request NetworkRequest [ REQUEST id=581, [ Capabilities: INTERNET&NOT_RESTRICTED&TRUSTED&NOT_VCN_MANAGED Uid: 10104 RequestorUid: 10104 RequestorPkg: com.ss.android.ugc.aweme] ]
06-28 10:27:09.116 1603 1723 I libprocessgroup: Successfully killed process cgroup uid 10113 pid 25774 in 42ms
06-28 10:27:09.138 26014 26128 W System.err: java.lang.ClassNotFoundException: miui.os.MiuiInit ##not found in Plugin##
06-28 10:27:09.138 26014 26128 W System.err: at com.ss.android.ugc.aweme.plugin.fix.MiraPluginFix.findClass(SourceFile:17170627)
06-28 10:27:09.138 26014 26128 W System.err: at com.ss.android.ugc.aweme.plugin.fix.MiraPluginFix.forName(SourceFile:17039388)
06-28 10:27:09.138 26014 26128 W System.err: at com.GlobalProxyLancet.com_ss_android_ugc_aweme_lancet_mira_opt_MiraReflectLancet_forName(Unknown Source:10037)
06-28 10:27:09.138 26014 26128 W System.err: at com.ss.android.ugc.aweme.app.ChannelUploadHelper.getMiuiChannelPath(SourceFile:17104927)
06-28 10:27:09.138 26014 26128 W System.err: at com.ss.android.ugc.aweme.app.ChannelUploadHelper.getFileContent(SourceFile:458915)
06-28 10:27:09.138 26014 26128 W System.err: at com.ss.android.ugc.aweme.app.ChannelUploadHelper.getSystemRecordChannel(SourceFile:327742)
06-28 10:27:09.138 26014 26128 W System.err: at com.ss.android.ugc.aweme.legoImp.task.SystemRecordChannelTask.run(SourceFile:16973847)
06-28 10:27:09.138 26014 26128 W System.err: at com.ss.android.ugc.aweme.lego.processor.TaskProcessor.runTask(SourceFile:17170555)
06-28 10:27:09.138 26014 26128 W System.err: at com.ss.android.ugc.aweme.lego.LegoTask$-CC.$default$doWork(SourceFile:16908290)
06-28 10:27:09.138 26014 26128 W System.err: at com.ss.android.ugc.aweme.legoImp.task.SystemRecordChannelTask.doWork(Unknown Source:0)
06-28 10:27:09.138 26014 26128 W System.err: at com.ss.android.ugc.nimbleworker.scheduler.helper.TraceHelper.doWork(SourceFile:33816629)
06-28 10:27:09.138 26014 26128 W System.err: at com.ss.android.ugc.nimbleworker.core.ScheduleManager.lambda$execute$0$ScheduleManager(SourceFile:33816620)
06-28 10:27:09.139 26014 26128 W System.err: at X.QjI.run(Unknown Source:6)
06-28 10:27:09.139 26014 26128 W System.err: at java.util.concurrent.ThreadPoolExecutor.runWorker(ThreadPoolExecutor.java:1167)
06-28 10:27:09.139 26014 26128 W System.err: at java.util.concurrent.ThreadPoolExecutor$Worker.run(ThreadPoolExecutor.java:641)
06-28 10:27:09.139 26014 26128 W System.err: at Y.ARunnableS87S0200000_30.run$82(SourceFile:17104961)
06-28 10:27:09.139 26014 26128 W System.err: at Y.ARunnableS87S0200000_30.run(Unknown Source:334)
06-28 10:27:09.139 26014 26128 W System.err: at java.lang.Thread.run(Thread.java:920)
06-28 10:27:09.139 26014 26128 W System.err: at com.ss.android.ugc.bytex.pthread.base.convergence.ThreadProxy$start$1.run(Unknown Source:160)
06-28 10:27:09.139 26014 26128 W System.err: at java.util.concurrent.ThreadPoolExecutor.runWorker(ThreadPoolExecutor.java:1167)
06-28 10:27:09.139 26014 26128 W System.err: at java.util.concurrent.ThreadPoolExecutor$Worker.run(ThreadPoolExecutor.java:641)
06-28 10:27:09.139 26014 26128 W System.err: at java.lang.Thread.run(Thread.java:920)
06-28 10:27:09.149 1603 1941 D ConnectivityService: NetReassign [no changes]
06-28 10:27:09.151 26014 26198 E droid.ugc.awem: No package ID 7f found for ID 0x7f0c000f.
06-28 10:27:09.152 26014 26198 E droid.ugc.awem: No package ID 7f found for ID 0x7f0c000f.
06-28 10:27:09.156 26014 26326 E cr_TT_WEBVIEW: initNpthCallback success
06-28 10:27:09.158 26014 26326 E cr_TT_WEBVIEW: initialize getCurProcessName:com.ss.android.ugc.aweme,bEnableRendererProcess:true
06-28 10:27:09.159 26014 26326 I cr_TT_WEBVIEW: getProcessFeature process:com.ss.android.ugc.aweme enableRenderProcess
06-28 10:27:09.161 26014 26211 W System.err: java.lang.ClassNotFoundException: com.bytedance.bdturing.verify.IdentityService ##not found in Plugin##
06-28 10:27:09.161 26014 26211 W System.err: at com.ss.android.ugc.aweme.plugin.fix.MiraPluginFix.findClass(SourceFile:17170627)
06-28 10:27:09.161 26014 26211 W System.err: at com.ss.android.ugc.aweme.plugin.fix.MiraPluginFix.forName(SourceFile:17039388)
06-28 10:27:09.161 26014 26211 W System.err: at com.GlobalProxyLancet.com_ss_android_ugc_aweme_lancet_mira_opt_MiraReflectLancet_forName(Unknown Source:10037)
06-28 10:27:09.161 26014 26211 W System.err: at X.jjk.LIZ(SourceFile:17301925)
06-28 10:27:09.161 26014 26211 W System.err: at com.ss.android.ugc.aweme.sec.captcha.SecCaptcha.(SourceFile:50593835)
06-28 10:27:09.161 26014 26211 W System.err: at com.ss.android.ugc.aweme.sec.SecApiImpl.initSec(SourceFile:168296976)
06-28 10:27:09.161 26014 26211 W System.err: at X.VWg.LIZJ(SourceFile:17170637)
06-28 10:27:09.161 26014 26211 W System.err: at X.VXP.LIZ(SourceFile:34079242)
06-28 10:27:09.161 26014 26211 W System.err: at Y.ACallableS170S0200000_21.call$2(SourceFile:17104932)
06-28 10:27:09.161 26014 26211 W System.err: at Y.ACallableS170S0200000_21.call(Unknown Source:17)
06-28 10:27:09.161 26014 26211 W System.err: at Y.ARunnableS34S0300000_20.run(SourceFile:17104947)
06-28 10:27:09.161 26014 26211 W System.err: at Y.ARunnableS34S0300000_20.run(Unknown Source:6)
06-28 10:27:09.161 26014 26211 W System.err: at java.util.concurrent.ThreadPoolExecutor.runWorker(ThreadPoolExecutor.java:1167)
06-28 10:27:09.161 26014 26211 W System.err: at java.util.concurrent.ThreadPoolExecutor$Worker.run(ThreadPoolExecutor.java:641)
06-28 10:27:09.162 26014 26211 W System.err: at Y.ARunnableS87S0200000_30.run$82(SourceFile:17104961)
06-28 10:27:09.162 26014 26211 W System.err: at Y.ARunnableS87S0200000_30.run(Unknown Source:334)
06-28 10:27:09.162 26014 26211 W System.err: at java.lang.Thread.run(Thread.java:920)
06-28 10:27:09.162 26014 26211 W System.err: at com.ss.android.ugc.bytex.pthread.base.convergence.ThreadProxy$start$1.run(Unknown Source:160)
06-28 10:27:09.162 26014 26211 W System.err: at java.util.concurrent.ThreadPoolExecutor.runWorker(ThreadPoolExecutor.java:1167)
06-28 10:27:09.162 26014 26211 W System.err: at java.util.concurrent.ThreadPoolExecutor$Worker.run(ThreadPoolExecutor.java:641)
06-28 10:27:09.162 26014 26211 W System.err: at java.lang.Thread.run(Thread.java:920)
06-28 10:27:09.175 26014 26224 I KEVA.NATIVE: byte array do not exist
06-28 10:27:09.176 26014 26161 I KEVA.NATIVE: byte array do not exist
06-28 10:27:09.200 26014 26182 D HeapGCOptimizer#native: start to optimize
06-28 10:27:09.207 26014 26182 D HeapGCOptimizer#native: runtime_p:0xb400007b37874a20
06-28 10:27:09.208 26014 26182 D HeapGCOptimizer#native: find java VM pointer:0xb400007ad786a390, offset:520
06-28 10:27:09.208 26014 26182 D HeapGCOptimizer#native: TryCall hook func called
06-28 10:27:09.208 26014 26182 E Try : init for sig: 0x800, sig_flag: 0x0, really: 0x800
06-28 10:27:09.208 26014 26182 D HeapGCOptimizer#native: before call orig, retCode = 0
06-28 10:27:09.208 26014 26182 D HeapGCOptimizer#native: region_space_vtable: 0x79fda00078
06-28 10:27:09.208 26014 26182 D HeapGCOptimizer#native: runtime_inside: heap pointer 0xb400007b17875360, i=0, offset=416
06-28 10:27:09.209 26014 26182 E HeapGCOptimizer#native: s_heap_offset416, region_space_offset:816
06-28 10:27:09.209 26014 26182 D HeapGCOptimizer#native: after call orig, retCode = 0
06-28 10:27:09.209 26014 26182 D HeapGCOptimizer#native: regionSpaceOffset:816
06-28 10:27:09.210 26014 26182 D HeapGCOptimizer#native: min_free:3145728, max_free:16777216, forground_multi:3.000000, target_utilization_:0.750000
06-28 10:27:09.228 26014 26128 I WCDB : Initialize JNI module (1/11) SQLiteDebug...
06-28 10:27:09.228 26014 26128 V WCDB.JNIHelp: Registering com/tencent/wcdb/database/SQLiteDebug natives
06-28 10:27:09.228 26014 26128 I WCDB : Initialize JNI module (2/11) Log...
06-28 10:27:09.228 26014 26128 V WCDB.JNIHelp: Registering com/tencent/wcdb/support/Log natives
06-28 10:27:09.228 26014 26128 I WCDB : Initialize JNI module (3/11) FileUtils...
06-28 10:27:09.228 26014 26128 V WCDB.JNIHelp: Registering com/tencent/wcdb/FileUtils natives
06-28 10:27:09.229 26014 26128 I WCDB : Initialize JNI module (4/11) SQLiteGlobal...
06-28 10:27:09.229 26014 26128 V WCDB.JNIHelp: Registering com/tencent/wcdb/database/SQLiteGlobal natives
06-28 10:27:09.229 26014 26128 I WCDB : Initialize JNI module (5/11) DBBackup...
06-28 10:27:09.229 26014 26128 V WCDB.JNIHelp: Registering com/tencent/wcdb/repair/BackupKit natives
06-28 10:27:09.229 26014 26128 V WCDB.JNIHelp: Registering com/tencent/wcdb/repair/RecoverKit natives
06-28 10:27:09.229 26014 26128 I WCDB : Initialize JNI module (6/11) ChunkedCursorWindow...
06-28 10:27:09.229 26014 26128 V WCDB.JNIHelp: Registering com/tencent/wcdb/database/ChunkedCursorWindow natives
06-28 10:27:09.229 26014 26128 V WCDB.JNIHelp: Registering com/tencent/wcdb/database/SQLiteAsyncQuery natives
06-28 10:27:09.229 26014 26128 I WCDB : Initialize JNI module (7/11) DBDumpUtil...
06-28 10:27:09.229 26014 26128 V WCDB.JNIHelp: Registering com/tencent/wcdb/repair/DBDumpUtil natives
06-28 10:27:09.229 26014 26128 I WCDB : Initialize JNI module (8/11) DBRepair...
06-28 10:27:09.229 26014 26128 V WCDB.JNIHelp: Registering com/tencent/wcdb/repair/RepairKit$RepairCursor natives
06-28 10:27:09.229 26014 26128 I WCDB : Initialize JNI module (9/11) CursorWindow...
06-28 10:27:09.229 26014 26128 V WCDB.JNIHelp: Registering com/tencent/wcdb/CursorWindow natives
06-28 10:27:09.229 26014 26128 I WCDB : Initialize JNI module (10/11) SQLiteDirectCursor...
06-28 10:27:09.229 26014 26128 V WCDB.JNIHelp: Registering com/tencent/wcdb/database/SQLiteDirectQuery natives
06-28 10:27:09.229 26014 26128 I WCDB : Initialize JNI module (11/11) SQLiteConnection...
06-28 10:27:09.237 26014 26222 I cr_LibraryLoader: Loaded native library version number "88.0.4324.181"
06-28 10:27:09.240 26014 26222 I cr_CachingUmaRecorder: Flushed 4 samples from 4 histograms.
06-28 10:27:09.245 26014 26197 I COVODE.NATIVE: load covode index lib
06-28 10:27:09.251 26014 26182 W shadowhook_tag: shadowhook: shadowhook init(mode: SHARED, debuggable: true), return: 0, real-init: yes
06-28 10:27:09.255 26014 26182 W bytehook_tag: bytehook already inited, return 0
06-28 10:27:09.270 26014 26182 D OPTIMIZER-JIT: fix JitCompileMethodCrash success
06-28 10:27:09.280 1603 5445 W ServiceManager: Permission failure: android.permission.HIGH_SAMPLING_RATE_SENSORS from uid=10104 pid=26014
06-28 10:27:09.287 26014 26198 E droid.ugc.awem: No package ID 7f found for ID 0x7f0c0146.
06-28 10:27:09.287 26014 26198 E droid.ugc.awem: No package ID 7f found for ID 0x7f0c0146.
06-28 10:27:09.288 26014 26198 E droid.ugc.awem: No package ID 7f found for ID 0x7f0c0146.
06-28 10:27:09.291 26014 26114 D CompatibilityChangeReporter: Compat change id reported: 171228096; UID 10104; state: ENABLED
06-28 10:27:09.289 26014 26014 I auditd : type=1400 audit(0.0:13493): avc: granted { nlmsg_readpriv } for comm="TTNet-AN-IO" scontext=u:r:untrusted_app_29:s0:c104,c256,c512,c768 tcontext=u:r:untrusted_app_29:s0:c104,c256,c512,c768 tclass=netlink_route_socket app=com.ss.android.ugc.aweme
06-28 10:27:09.289 26014 26014 W TTNet-AN-IO: type=1400 audit(0.0:13493): avc: granted { nlmsg_readpriv } for scontext=u:r:untrusted_app_29:s0:c104,c256,c512,c768 tcontext=u:r:untrusted_app_29:s0:c104,c256,c512,c768 tclass=netlink_route_socket app=com.ss.android.ugc.aweme
06-28 10:27:09.301 1603 3295 W TelephonyPermissions: reportAccessDeniedToReadIdentifiers:com.ss.android.ugc.aweme:getSerial:-1
06-28 10:27:09.311 1603 3295 W TelephonyPermissions: reportAccessDeniedToReadIdentifiers:com.ss.android.ugc.aweme:getSerial:-1
06-28 10:27:09.311 26014 26350 I COVODE.NATIVE: start process class index loop
06-28 10:27:09.322 1603 1723 I libprocessgroup: Successfully killed process cgroup uid 10127 pid 26015 in 0ms
06-28 10:27:09.331 26014 26344 D Helios_BM: BinderMonitor JNI_OnLoad
06-28 10:27:09.331 26014 26344 D Helios_BM: SkipHiddenApiExemption 1
06-28 10:27:09.331 26014 26344 D Helios_BM: get 0x70ca3ee0
06-28 10:27:09.331 26014 26344 D Helios_BM: OnLoad success!method_size(32), jni_code_off(16), IsArt(1)
06-28 10:27:09.331 26014 26344 D Helios_BM: Helios_BM nativeInit from jni
06-28 10:27:09.331 26014 26344 W Helios_BM: Helios_BM init 1
06-28 10:27:09.356 26014 26198 E droid.ugc.awem: No package ID 7f found for ID 0x7f0c0146.
06-28 10:27:09.398 26014 26198 E droid.ugc.awem: No package ID 7f found for ID 0x7f0c0146.
06-28 10:27:09.423 26014 26182 D SYSOPTIMIZER: refresh xhook SUCCESS.
06-28 10:27:09.430 26014 26198 E droid.ugc.awem: No package ID 7f found for ID 0x7f0c0146.
06-28 10:27:09.441 26014 26198 E droid.ugc.awem: No package ID 7f found for ID 0x7f0c000f.
06-28 10:27:09.453 26014 26128 W System.err: java.lang.NoSuchFieldException: No field mCallback in class Landroid/app/ActivityThread$H; (declaration of 'android.app.ActivityThread$H' appears in /system/framework/framework.jar)
06-28 10:27:09.453 26014 26128 W System.err: at java.lang.Class.getDeclaredField(Native Method)
06-28 10:27:09.453 26014 26128 W System.err: at com.bytedance.common.utility.reflect.Reflect.field0(SourceFile:33947765)
06-28 10:27:09.453 26014 26128 W System.err: at com.bytedance.common.utility.reflect.Reflect.set(SourceFile:33816609)
06-28 10:27:09.453 26014 26128 W System.err: at com.ss.android.ugc.awemepushlib.interaction.PushInitializer.LIZLLL(SourceFile:393409)
06-28 10:27:09.453 26014 26128 W System.err: at com.ss.android.ugc.awemepushlib.interaction.PushInitializer.LIZ(SourceFile:490)
06-28 10:27:09.453 26014 26128 W System.err: at com.ss.android.ugc.awemepushlib.interaction.PushInitializer.LIZIZ(SourceFile:67502268)
06-28 10:27:09.453 26014 26128 W System.err: at com.ss.android.ugc.awemepushlib.interaction.PushInitializer.LIZ(SourceFile:160)
06-28 10:27:09.453 26014 26128 W System.err: at com.ss.android.ugc.awemepushlib.interaction.PushInitializer.LIZ(SourceFile:143)
06-28 10:27:09.453 26014 26128 W System.err: at com.ss.android.ugc.awemepushlib.interaction.PushService.init(SourceFile:33816607)
06-28 10:27:09.453 26014 26128 W System.err: at com.ss.android.ugc.aweme.legoImp.task.main_push.InitPushTask.run(SourceFile:17104976)
06-28 10:27:09.453 26014 26128 W System.err: at com.ss.android.ugc.aweme.lego.processor.TaskProcessor.runTask(SourceFile:17170511)
06-28 10:27:09.453 26014 26128 W System.err: at com.ss.android.ugc.aweme.lego.LegoTask$-CC.$default$doWork(SourceFile:16908290)
06-28 10:27:09.453 26014 26128 W System.err: at com.ss.android.ugc.aweme.lego.extensions.LegoRunStateTask.doWork(Unknown Source:0)
06-28 10:27:09.453 26014 26128 W System.err: at com.ss.android.ugc.nimbleworker.scheduler.helper.TraceHelper.doWork(SourceFile:33816629)
06-28 10:27:09.453 26014 26128 W System.err: at com.ss.android.ugc.nimbleworker.core.ScheduleManager.lambda$execute$0$ScheduleManager(SourceFile:33816620)
06-28 10:27:09.453 26014 26128 W System.err: at X.QjI.run(Unknown Source:6)
06-28 10:27:09.453 26014 26128 W System.err: at java.util.concurrent.ThreadPoolExecutor.runWorker(ThreadPoolExecutor.java:1167)
06-28 10:27:09.453 26014 26128 W System.err: at java.util.concurrent.ThreadPoolExecutor$Worker.run(ThreadPoolExecutor.java:641)
06-28 10:27:09.453 26014 26128 W System.err: at Y.ARunnableS87S0200000_30.run$82(SourceFile:17104961)
06-28 10:27:09.453 26014 26128 W System.err: at Y.ARunnableS87S0200000_30.run(Unknown Source:334)
06-28 10:27:09.453 26014 26128 W System.err: at java.lang.Thread.run(Thread.java:920)
06-28 10:27:09.453 26014 26128 W System.err: at com.ss.android.ugc.bytex.pthread.base.convergence.ThreadProxy$start$1.run(Unknown Source:160)
06-28 10:27:09.453 26014 26128 W System.err: at java.util.concurrent.ThreadPoolExecutor.runWorker(ThreadPoolExecutor.java:1167)
06-28 10:27:09.453 26014 26128 W System.err: at java.util.concurrent.ThreadPoolExecutor$Worker.run(ThreadPoolExecutor.java:641)
06-28 10:27:09.453 26014 26128 W System.err: at java.lang.Thread.run(Thread.java:920)
06-28 10:27:09.457 26014 26128 W System.err: java.lang.NoSuchFieldException
06-28 10:27:09.457 26014 26128 W System.err: at com.bytedance.common.utility.reflect.JavaCalls.getFieldOrThrow(SourceFile:33816627)
06-28 10:27:09.457 26014 26128 W System.err: at com.bytedance.common.utility.reflect.JavaCalls.getField(SourceFile:33816605)
06-28 10:27:09.457 26014 26128 W System.err: at X.n1x.(SourceFile:393335)
06-28 10:27:09.457 26014 26128 W System.err: at X.i3i.(SourceFile:262171)
06-28 10:27:09.457 26014 26128 W System.err: at X.i3i.LIZ(SourceFile:262184)
06-28 10:27:09.457 26014 26128 W System.err: at com.ss.android.ugc.aweme.awemeservice.AwemeService.LIZIZ(SourceFile:196632)
06-28 10:27:09.457 26014 26128 W System.err: at com.ss.android.legoimpl.PreloadFeedParamsTask.LIZ(SourceFile:262200)
06-28 10:27:09.457 26014 26128 W System.err: at com.ss.android.legoimpl.PreloadFeedParamsTask.lambda$0Z5nOJUXJqELNmlZns6P8L-tnrk(Unknown Source:0)
06-28 10:27:09.457 26014 26128 W System.err: at X.VXi.run(Unknown Source:0)
06-28 10:27:09.457 26014 26128 W System.err: at java.util.concurrent.ThreadPoolExecutor.runWorker(ThreadPoolExecutor.java:1167)
06-28 10:27:09.457 26014 26128 W System.err: at java.util.concurrent.ThreadPoolExecutor$Worker.run(ThreadPoolExecutor.java:641)
06-28 10:27:09.457 26014 26128 W System.err: at Y.ARunnableS87S0200000_30.run$82(SourceFile:17104961)
06-28 10:27:09.457 26014 26128 W System.err: at Y.ARunnableS87S0200000_30.run(Unknown Source:334)
06-28 10:27:09.457 26014 26128 W System.err: at java.lang.Thread.run(Thread.java:920)
06-28 10:27:09.457 26014 26128 W System.err: at com.ss.android.ugc.bytex.pthread.base.convergence.ThreadProxy$start$1.run(Unknown Source:160)
06-28 10:27:09.457 26014 26128 W System.err: at java.util.concurrent.ThreadPoolExecutor.runWorker(ThreadPoolExecutor.java:1167)
06-28 10:27:09.457 26014 26128 W System.err: at java.util.concurrent.ThreadPoolExecutor$Worker.run(ThreadPoolExecutor.java:641)
06-28 10:27:09.457 26014 26128 W System.err: at java.lang.Thread.run(Thread.java:920)
06-28 10:27:09.466 1603 3295 D ConnectivityService: ConnectivityService NetworkRequestInfo binderDied(uid/pid:10127/26015, android.os.BinderProxy@a983603)
06-28 10:27:09.467 1603 5445 I am_proc_died: [0,26015,com.zhihu.android,905,19]
06-28 10:27:09.467 1603 5445 I am_uid_stopped: 10127
06-28 10:27:09.474 0 0 I [ 1104.055867] init: Untracked pid 26294 exited with status 1
06-28 10:27:09.473 701 701 I Zygote : Process 26015 exited due to signal 9 (Killed)
06-28 10:27:09.481 26014 26128 E droid.ugc.awem: No implementation found for void com.bytedance.vmsdk.log.VLog.nativeSetNativeMinLogLevel(int) (tried Java_com_bytedance_vmsdk_log_VLog_nativeSetNativeMinLogLevel and Java_com_bytedance_vmsdk_log_VLog_nativeSetNativeMinLogLevel__I)
06-28 10:27:09.511 26014 26101 E droid.ugc.awem: No package ID 7f found for ID 0x7f0c0010.
06-28 10:27:09.586 26014 26137 W droid.ugc.awem: Unsupported class loader
06-28 10:27:09.596 26014 26014 D NetworkSecurityConfig: No Network Security Config specified, using platform default
06-28 10:27:09.596 26014 26014 W nsconfig: com.ss.android.ugc.aweme: New config does not match the previously set config.
06-28 10:27:09.619 26014 26318 W droid.ugc.awem: Unsupported class loader
06-28 10:27:09.661 26014 26014 D NetworkSecurityConfig: No Network Security Config specified, using platform default
06-28 10:27:09.661 26014 26014 W nsconfig: com.ss.android.ugc.aweme: New config does not match the previously set config.
06-28 10:27:09.661 1603 6928 W ActivityManager: Unable to start service Intent { act=com.bun.msa.action.start.service cmp=com.mdid.msa/.service.MsaKlService (has extras) } U=0: not found
06-28 10:27:09.664 1603 5445 W ActivityManager: Unable to start service Intent { act=com.bun.msa.action.bindto.service cmp=com.mdid.msa/.service.MsaIdService (has extras) } U=0: not found
06-28 10:27:09.713 26014 26371 D vcnnetwork: <0x0,custom_verify.c,JNI_OnLoad,55>-----compiled native library Mar 27 2023 12:32:08-----
06-28 10:27:09.713 26014 26371 D vcnnetwork: <0x0,custom_verify.c,JNI_OnLoad,63>register verify call start
06-28 10:27:09.713 26014 26371 D vcnnetwork: <0x0,custom_verify.c,JNI_OnLoad,67>register verify call end
06-28 10:27:09.713 26014 26371 D vcnnetwork: <0x0,custom_verify.c,JNI_OnLoad,70> JNI_OnLoad (result=65540)
06-28 10:27:09.713 26014 26014 I auditd : type=1400 audit(0.0:13494): avc: granted { execute } for comm="VideoPreloadHan" path="/data/user/0/com.ss.android.ugc.aweme/files/plugins/com.ss.android.ugc.aweme.videocache_v2/version-2300/lib/libavmdlv2.so" dev="dm-21" ino=310178 scontext=u:r:untrusted_app_29:s0:c104,c256,c512,c768 tcontext=u:object_r:app_data_file:s0:c104,c256,c512,c768 tclass=file app=com.ss.android.ugc.aweme
06-28 10:27:09.713 26014 26014 W VideoPreloadHan: type=1400 audit(0.0:13494): avc: granted { execute } for path="/data/user/0/com.ss.android.ugc.aweme/files/plugins/com.ss.android.ugc.aweme.videocache_v2/version-2300/lib/libavmdlv2.so" dev="dm-21" ino=310178 scontext=u:r:untrusted_app_29:s0:c104,c256,c512,c768 tcontext=u:object_r:app_data_file:s0:c104,c256,c512,c768 tclass=file app=com.ss.android.ugc.aweme
06-28 10:27:09.727 26014 26371 E byteio : <0x0,MDLJniBase.cpp,JNI_OnLoad,60>-----compiled native library Apr 27 2023 06:04:20 (2.1.130.44-aweme-boringssl)-----
06-28 10:27:09.728 26014 26371 E byteio : <0x0,MDLJniBase.cpp,JNI_OnLoad,70> JNI_OnLoad (result=65540)
06-28 10:27:09.745 26014 26384 D VCStrategy: [center][event] on event, mediaId = unknown, key = 2014, value = 49, info =
06-28 10:27:09.746 26014 26384 D VCStrategy: [center][event] on event, mediaId = , key = 2018, value = 0, info = engine_default
06-28 10:27:09.747 26014 26384 D VCStrategy: [center][event] on event, mediaId = , key = 2001, value = -1, info = default
06-28 10:27:09.819 1603 5445 D ConnectivityService: ConnectivityService NetworkRequestInfo binderDied(uid/pid:10113/25774, android.os.BinderProxy@c6c1ae5)
06-28 10:27:09.819 1603 3456 D ConnectivityService: ConnectivityService NetworkRequestInfo binderDied(uid/pid:10113/25774, android.os.BinderProxy@c5769ba)
06-28 10:27:09.819 1603 1941 D ConnectivityService: releasing NetworkRequest [ REQUEST id=577, [ Capabilities: INTERNET&NOT_RESTRICTED&TRUSTED&NOT_VCN_MANAGED Uid: 10113 RequestorUid: 10113 RequestorPkg: com.ss.android.ugc.aweme.lite] ] (release request)
06-28 10:27:09.820 1603 6928 I am_proc_died: [0,25774,com.ss.android.ugc.aweme.lite,905,19]
06-28 10:27:09.820 1603 6928 I am_uid_stopped: 10113
06-28 10:27:09.824 701 701 I Zygote : Process 25774 exited due to signal 9 (Killed)
06-28 10:27:09.873 26014 26014 I auditd : type=1400 audit(0.0:13495): avc: granted { execute } for comm="startliveio" path="/data/user/0/com.ss.android.ugc.aweme/files/plugins/com.ss.android.live.pullstreamso/version-254109705/lib/libavio.so" dev="dm-21" ino=315174 scontext=u:r:untrusted_app_29:s0:c104,c256,c512,c768 tcontext=u:object_r:app_data_file:s0:c104,c256,c512,c768 tclass=file app=com.ss.android.ugc.aweme
06-28 10:27:09.873 26014 26014 W startliveio: type=1400 audit(0.0:13495): avc: granted { execute } for path="/data/user/0/com.ss.android.ugc.aweme/files/plugins/com.ss.android.live.pullstreamso/version-254109705/lib/libavio.so" dev="dm-21" ino=315174 scontext=u:r:untrusted_app_29:s0:c104,c256,c512,c768 tcontext=u:object_r:app_data_file:s0:c104,c256,c512,c768 tclass=file app=com.ss.android.ugc.aweme
06-28 10:27:09.885 26014 26014 I auditd : type=1400 audit(0.0:13496): avc: granted { execute } for comm="startliveio" path="/data/user/0/com.ss.android.ugc.aweme/files/plugins/com.ss.android.live.pullstreamso/version-254109705/lib/libttquic.so" dev="dm-21" ino=314200 scontext=u:r:untrusted_app_29:s0:c104,c256,c512,c768 tcontext=u:object_r:app_data_file:s0:c104,c256,c512,c768 tclass=file app=com.ss.android.ugc.aweme
06-28 10:27:09.885 26014 26014 W startliveio: type=1400 audit(0.0:13496): avc: granted { execute } for path="/data/user/0/com.ss.android.ugc.aweme/files/plugins/com.ss.android.live.pullstreamso/version-254109705/lib/libttquic.so" dev="dm-21" ino=314200 scontext=u:r:untrusted_app_29:s0:c104,c256,c512,c768 tcontext=u:object_r:app_data_file:s0:c104,c256,c512,c768 tclass=file app=com.ss.android.ugc.aweme
06-28 10:27:09.896 0 0 W [ 1104.477400] audit: audit_lost=12428 audit_rate_limit=5 audit_backlog_limit=64
06-28 10:27:09.896 0 0 E [ 1104.477405] audit: rate limit exceeded
06-28 10:27:09.900 26014 26405 E liveio : <0x0,JNIFns.cpp,JNI_OnLoad,72>[LiveIO_JNI] LiveIO JNI_OnLoad begin
06-28 10:27:09.900 26014 26405 E liveio : <0x0,JNIFns.cpp,JNI_OnLoad,95>[LiveIO_JNI] LiveIO JNI_OnLoad end:0
06-28 10:27:09.901 26014 26405 E liveio : <0x7ab78c6df0,LiveIOManager.cpp,start,40>start native LiveIO, version:1.0.97.4
06-28 10:27:09.939 26014 26178 I LynxEnv : Native Lynx Library load success
06-28 10:27:09.939 26014 26178 I LynxEnv : parseSettingsForDisableQuickJsCache success: false
06-28 10:27:09.945 26014 26178 I vmsdk : start to load ALog dependency
06-28 10:27:09.945 26014 26178 I lynx : start to load ALog dependency
06-28 10:27:10.009 680 694 I mpu_uart: [MSG-P:RECV]:No message received in 1000 ms
06-28 10:27:10.012 680 693 I mpu_uart: [MSG-P:R]:recv sync frame timeout
06-28 10:27:10.015 26014 26178 E SurfaceViewHacker: init hook for AlphaVideoSurfaceView
06-28 10:27:10.128 26014 26126 E LSNetworkProbeEngine: [NetworkProber]SetProbeInterval: -1
06-28 10:27:10.129 26014 26126 E LSNetworkProbeEngine: [NetworkProber]SetProbeInterval: -1
06-28 10:27:10.174 26014 26445 E LSNetworkProbeEngine: [NetworkProber] no probe task and sleep for 30s
06-28 10:27:10.317 3167 16529 E hpplay-base-dlna: ssdp_device.c:323::buf_ntop:192.168.124.2 sourceIp:192.168.1.16 is not same network dest_addr:41724096 replyAddr:268544192.
06-28 10:27:10.332 1603 1880 D PowerManagerService: acquireWakeLockInternal: lock=157505321, flags=0x1, tag="*alarm*", ws=WorkSource{10124}, uid=1000, pid=1603
06-28 10:27:10.332 1603 1880 D PowerManagerService: updateWakeLockSummaryLocked: mWakefulness=Awake, mWakeLockSummary=0x1
06-28 10:27:10.332 1603 1880 D PowerManagerService: updateUserActivitySummaryLocked: groupId=0, mWakefulness=Awake, mUserActivitySummary=0x1, nextTimeout=1161534 (in 56618 ms)
06-28 10:27:10.332 1603 1880 D PowerManagerNotifier: onScreenPolicyUpdate: newPolicy=3
06-28 10:27:10.332 1603 1880 D PowerManagerService: updateDisplayPowerStateLocked: displayReady=true, groupId=0, policy=BRIGHT, mWakefulness=Awake, mWakeLockSummary=0x1, mUserActivitySummary=0x1, mBootCompleted=true, screenBrightnessOverride=NaN, useAutoBrightness=false, mScreenBrightnessBoostInProgress=false, mIsVrModeEnabled= false, sQuiescent=false
06-28 10:27:10.332 1603 1880 D PowerManagerNotifier: onWakeLockAcquired: flags=1, tag="*alarm*", packageName=android, ownerUid=1000, ownerPid=1603, workSource=WorkSource{10124}
06-28 10:27:10.336 1603 1603 D PowerManagerService: updateWakeLockWorkSourceInternal: lock=157505321 [*alarm*], ws=WorkSource{10103 com.smile.gifmaker}
06-28 10:27:10.336 1603 1603 D PowerManagerNotifier: onWakeLockChanging: flags=1, tag="*alarm*", packageName=android, ownerUid=1000, ownerPid=1603, workSource=WorkSource{10103 com.smile.gifmaker}
06-28 10:27:10.336 1603 1603 D PowerManagerService: releaseWakeLockInternal: lock=157505321 [*alarm*], flags=0x0
06-28 10:27:10.336 1603 1603 D PowerManagerNotifier: onWakeLockReleased: flags=1, tag="*alarm*", packageName=android, ownerUid=1000, ownerPid=1603, workSource=WorkSource{10103 com.smile.gifmaker}
06-28 10:27:10.337 1603 1603 D PowerManagerService: updateWakeLockSummaryLocked: mWakefulness=Awake, mWakeLockSummary=0x1
06-28 10:27:10.337 1603 1603 D PowerManagerService: updateUserActivitySummaryLocked: groupId=0, mWakefulness=Awake, mUserActivitySummary=0x1, nextTimeout=1161534 (in 56614 ms)
06-28 10:27:10.337 1603 1603 D PowerManagerNotifier: onScreenPolicyUpdate: newPolicy=3
06-28 10:27:10.337 1603 1603 D PowerManagerService: updateDisplayPowerStateLocked: displayReady=true, groupId=0, policy=BRIGHT, mWakefulness=Awake, mWakeLockSummary=0x1, mUserActivitySummary=0x1, mBootCompleted=true, screenBrightnessOverride=NaN, useAutoBrightness=false, mScreenBrightnessBoostInProgress=false, mIsVrModeEnabled= false, sQuiescent=false
06-28 10:27:10.338 1603 1603 I am_uid_running: 10103
06-28 10:27:10.339 1603 1603 D CompatibilityChangeReporter: Compat change id reported: 135634846; UID 10103; state: DISABLED
06-28 10:27:10.339 1603 1722 D CompatibilityChangeReporter: Compat change id reported: 143937733; UID 10103; state: DISABLED
06-28 10:27:10.351 702 702 D Zygote : Forked child process 26516
06-28 10:27:10.352 1603 1722 I am_proc_start: [0,26516,10103,com.smile.gifmaker,service,{com.smile.gifmaker/androidx.work.impl.background.systemjob.SystemJobService}]
06-28 10:27:10.352 1603 1722 I ActivityManager: Start proc 26516:com.smile.gifmaker/u0a103 for service {com.smile.gifmaker/androidx.work.impl.background.systemjob.SystemJobService}
06-28 10:27:10.367 26516 26516 W .smile.gifmake: Using default instruction set features for ARM CPU variant (cortex-a9) using conservative defaults
06-28 10:27:10.372 26516 26516 E .smile.gifmake: Not starting debugger since process cannot load the jdwp agent.
06-28 10:27:10.375 26516 26516 D ProcessState: Binder ioctl to enable oneway spam detection failed: Invalid argument
06-28 10:27:10.376 0 0 I [ 1104.959239] binder: 26516:26516 ioctl 40046210 ffae8eb8 returned -22
06-28 10:27:10.382 1603 6928 I am_proc_bound: [0,26516,com.smile.gifmaker]
06-28 10:27:10.389 1603 6928 D CompatibilityChangeReporter: Compat change id reported: 168419799; UID 10103; state: DISABLED
06-28 10:27:10.389 1603 6928 D CompatibilityInfo: mCompatibilityFlags - 4
06-28 10:27:10.389 1603 6928 D CompatibilityInfo: applicationDensity - 240
06-28 10:27:10.389 1603 6928 D CompatibilityInfo: applicationScale - 1.0
06-28 10:27:10.395 1603 6928 D CompatibilityInfo: mCompatibilityFlags - 4
06-28 10:27:10.395 1603 6928 D CompatibilityInfo: applicationDensity - 240
06-28 10:27:10.395 1603 6928 D CompatibilityInfo: applicationScale - 1.0
06-28 10:27:10.397 26516 26516 D CompatibilityChangeReporter: Compat change id reported: 171979766; UID 10103; state: DISABLED
06-28 10:27:10.407 26516 26516 D ApplicationLoaders: Returning zygote-cached class loader: /system/framework/android.test.base.jar
06-28 10:27:10.472 26516 26516 I Perf : Connecting to perf service.
06-28 10:27:10.478 26516 26516 V GraphicsEnvironment: ANGLE Developer option for 'com.smile.gifmaker' set to: 'default'
06-28 10:27:10.478 26516 26516 V GraphicsEnvironment: ANGLE GameManagerService for com.smile.gifmaker: false
06-28 10:27:10.479 26516 26516 V GraphicsEnvironment: Updatable production driver is not supported on the device.
06-28 10:27:10.479 26516 26516 D NetworkSecurityConfig: Using Network Security Config from resource arg debugBuild: false
06-28 10:27:10.479 26516 26516 D NetworkSecurityConfig: Using Network Security Config from resource arg debugBuild: false
06-28 10:27:10.496 26516 26516 I MMKV : current API level = 31, libc++_shared=1
06-28 10:27:10.496 26516 26516 I MMKV : version v1.2.13, page size 4096, arch armeabi-v7a/NEON
06-28 10:27:10.496 26516 26516 I MMKV : root dir: /data/user/0/com.smile.gifmaker/files/mmkv
06-28 10:27:10.498 26516 26516 I MMKV : open fd[0x41], /data/user/0/com.smile.gifmaker/files/mmkv/gifshow
06-28 10:27:10.498 26516 26516 I MMKV : open fd[0x42], /data/user/0/com.smile.gifmaker/files/mmkv/gifshow.crc
06-28 10:27:10.498 26516 26516 I MMKV : loading [gifshow] with 992310 actual size, file size 1048576, InterProcess 1, meta info version:3
06-28 10:27:10.499 26516 26516 I MMKV : loading [gifshow] with crc 801300886 sequence 192 version 3
06-28 10:27:10.504 26516 26516 I MMKV : loaded [gifshow] with 796 key-values
06-28 10:27:10.520 26516 26516 I MMKV : open fd[0x44], /data/user/0/com.smile.gifmaker/files/mmkv/safe_mode
06-28 10:27:10.520 26516 26516 I MMKV : open fd[0x45], /data/user/0/com.smile.gifmaker/files/mmkv/safe_mode.crc
06-28 10:27:10.520 26516 26516 I MMKV : loading [safe_mode] with 1653 actual size, file size 4096, InterProcess 1, meta info version:3
06-28 10:27:10.520 26516 26516 I MMKV : loading [safe_mode] with crc 2939509525 sequence 26 version 3
06-28 10:27:10.521 26516 26516 I MMKV : loaded [safe_mode] with 2 key-values
06-28 10:27:10.528 1603 1889 D PowerManagerService: userActivityNoUpdateLocked: groupId=0, eventTime=1105110, event=2, flags=0x0, uid=1000
06-28 10:27:10.528 1603 1889 D PowerManagerNotifier: onUserActivity: event=2, uid=1000
06-28 10:27:10.528 1998 1998 D ViewTouchDebug: mView : com.android.systemui.navigationbar.NavigationBarFrame{ea90e25 V.E...... ........ 0,0-2560,46 #7f0b03f3 app:id/navigation_bar_frame}Receive event : MotionEvent { action=ACTION_OUTSIDE, actionButton=0, id[0]=0, x[0]=0.0, y[0]=-1034.0, toolType[0]=TOOL_TYPE_FINGER, buttonState=0, classification=NONE, metaState=0, flags=0x0, edgeFlags=0x0, pointerCount=1, historySize=0, eventTime=1105110, downTime=1105110, deviceId=4, source=0x5002, displayId=0, eventId=2024926898 }
06-28 10:27:10.528 1603 1889 D PowerManagerService: updateUserActivitySummaryLocked: groupId=0, mWakefulness=Awake, mUserActivitySummary=0x1, nextTimeout=1165110 (in 59998 ms)
06-28 10:27:10.528 1603 1889 D PowerManagerNotifier: onScreenPolicyUpdate: newPolicy=3
06-28 10:27:10.528 1603 1889 D PowerManagerService: updateDisplayPowerStateLocked: displayReady=true, groupId=0, policy=BRIGHT, mWakefulness=Awake, mWakeLockSummary=0x1, mUserActivitySummary=0x1, mBootCompleted=true, screenBrightnessOverride=NaN, useAutoBrightness=false, mScreenBrightnessBoostInProgress=false, mIsVrModeEnabled= false, sQuiescent=false
06-28 10:27:10.530 2605 2605 D ViewTouchDebug: mView : DecorView@20168d1[QuickstepLauncher]Receive event : MotionEvent { action=ACTION_DOWN, actionButton=0, id[0]=0, x[0]=1140.0, y[0]=1074.0, toolType[0]=TOOL_TYPE_FINGER, buttonState=0, classification=NONE, metaState=0, flags=0x0, edgeFlags=0x0, pointerCount=1, historySize=0, eventTime=1105110, downTime=1105110, deviceId=4, source=0x5002, displayId=0, eventId=676510100 }
06-28 10:27:10.533 26516 26516 I MMKV : open fd[0x48], /data/user/0/com.smile.gifmaker/files/mmkv/SPCronetConfig
06-28 10:27:10.534 2605 2605 D TouchInteractionService: onInputEvent: ACTION_DOWN: OverviewInputConsumer
06-28 10:27:10.536 26516 26516 I MMKV : open fd[0x49], /data/user/0/com.smile.gifmaker/files/mmkv/SPCronetConfig.crc
06-28 10:27:10.537 26516 26516 I MMKV : loading [SPCronetConfig] with 5926 actual size, file size 8192, InterProcess 1, meta info version:3
06-28 10:27:10.537 26516 26516 I MMKV : loading [SPCronetConfig] with crc 869499032 sequence 22 version 3
06-28 10:27:10.537 26516 26516 I MMKV : loaded [SPCronetConfig] with 9 key-values
06-28 10:27:10.538 26516 26591 I MMKV : open fd[0x4b], /data/user/0/com.smile.gifmaker/files/mmkv/pref_id_OpenNetworkTypeCache
06-28 10:27:10.539 26516 26591 I MMKV : open fd[0x4c], /data/user/0/com.smile.gifmaker/files/mmkv/pref_id_OpenNetworkTypeCache.crc
