06-28 10:27:03.623 24677 24844 W .ugc.aweme.lit: Unable to resolve Lcom/bytedance/android/live/core/monitor/trace/base/TraceMonitorConfig; annotation class 13151
06-28 10:27:03.626 24677 24844 W .ugc.aweme.lit: Unable to resolve Lcom/bytedance/android/live/core/monitor/trace/base/x32_a; annotation class 13151
06-28 10:27:03.629 24677 24844 W .ugc.aweme.lit: Unable to resolve Lcom/bytedance/android/live/core/monitor/trace/base/FilterRule; annotation class 13151
06-28 10:27:03.649 1603 1635 D ActivityTaskManager: Skipping, freeform mode : Task{6cfb152 #24866 type=standard A=10104:com.ss.android.ugc.aweme U=0 visible=true mode=freeform translucent=false sz=1 visible freeform task=false rootAffinity=10104:com.ss.android.ugc.aweme isMini=false}
06-28 10:27:03.674 24677 24844 W .ugc.aweme.lit: Unable to resolve Lcom/bytedance/android/livesdk/config/x32_css; annotation class 15046
06-28 10:27:03.715 25399 25399 I Perf : Connecting to perf service.
06-28 10:27:03.719 25399 25399 V GraphicsEnvironment: ANGLE Developer option for 'com.zhihu.android' set to: 'default'
06-28 10:27:03.720 25399 25399 V GraphicsEnvironment: ANGLE GameManagerService for com.zhihu.android: false
06-28 10:27:03.720 25399 25399 V GraphicsEnvironment: Updatable production driver is not supported on the device.
06-28 10:27:03.720 25399 25399 D NetworkSecurityConfig: Using Network Security Config from resource g debugBuild: false
06-28 10:27:03.721 25399 25399 D NetworkSecurityConfig: Using Network Security Config from resource g debugBuild: false
06-28 10:27:03.729 25399 25399 I early : earlyInit
06-28 10:27:03.749 25399 25399 D GrowthAppLaunchReport: recordTime() flag = time_startup, 已经上报过启动时间,return
06-28 10:27:03.751 25399 25399 E ChannelUtil: channel is yybgg
06-28 10:27:03.787 25399 25399 W a : Unable to load JDK7 types (annotations, java.nio.file.Path): no Java7 support added
06-28 10:27:03.791 25399 25399 D AppConfig: shouldReadSimpleConfig true
06-28 10:27:03.795 1603 1709 I wm_stop_activity: [0,143830663,com.ss.android.ugc.aweme/.splash.SplashActivity]
06-28 10:27:03.795 1603 1709 I ActivityManager: Killing 24677:com.ss.android.ugc.aweme.lite/u0a113 (adj 915): empty #2
06-28 10:27:03.795 1603 1709 I am_kill : [0,24677,com.ss.android.ugc.aweme.lite,915,empty #2]
06-28 10:27:03.797 1603 1711 D PowerManagerService: releaseWakeLockInternal: lock=253711344 [WindowManager], flags=0x0
06-28 10:27:03.797 1603 1711 D PowerManagerNotifier: onWakeLockReleased: flags=536870922, tag="WindowManager", packageName=android, ownerUid=1000, ownerPid=1603, workSource=WorkSource{10104}
06-28 10:27:03.797 1603 1711 D PowerManagerService: userActivityNoUpdateLocked: groupId=0, eventTime=1098380, event=0, flags=0x1, uid=1000
06-28 10:27:03.797 1603 1711 D PowerManagerNotifier: onUserActivity: event=0, uid=1000
06-28 10:27:03.797 1603 1711 D PowerManagerService: updateWakeLockSummaryLocked: mWakefulness=Awake, mWakeLockSummary=0x1
06-28 10:27:03.797 1603 1711 D PowerManagerService: updateUserActivitySummaryLocked: groupId=0, mWakefulness=Awake, mUserActivitySummary=0x1, nextTimeout=1157766 (in 59386 ms)
06-28 10:27:03.797 1603 1711 D PowerManagerNotifier: onScreenPolicyUpdate: newPolicy=3
06-28 10:27:03.797 1603 1711 D PowerManagerService: updateDisplayPowerStateLocked: displayReady=true, groupId=0, policy=BRIGHT, mWakefulness=Awake, mWakeLockSummary=0x1, mUserActivitySummary=0x1, mBootCompleted=true, screenBrightnessOverride=NaN, useAutoBrightness=false, mScreenBrightnessBoostInProgress=false, mIsVrModeEnabled= false, sQuiescent=false
06-28 10:27:03.800 25399 25399 D AppConfig: init reserved takes 14
06-28 10:27:03.800 25399 25399 D AppConfig: read key reserved: safeboot_config
06-28 10:27:03.801 1603 1723 I libprocessgroup: Successfully killed process cgroup uid 10113 pid 24677 in 5ms
06-28 10:27:03.811 24965 24965 E BufferQueueProducer: [SurfaceView[com.ss.android.ugc.aweme/com.ss.android.ugc.aweme.splash.SplashActivity]#1(BLAST Consumer)1](id:618500000001,api:0,p:-1,c:24965) disconnect: not connected (req=2)
06-28 10:27:03.817 25399 25399 D AppConfig: read key reserved: SchedDog
06-28 10:27:03.818 25399 25399 E ServiceManifest: ServiceManifest with map failed, fallback with ServiceLoader
06-28 10:27:03.819 24965 24965 I wm_on_top_resumed_lost_called: [143830663,com.ss.android.ugc.aweme.splash.SplashActivity,topStateChangedWhenResumed]
06-28 10:27:03.823 24965 25322 W ttmn : <7ab78ddef0,av_player_holder.cpp,sendEvent,413>event is: 3
06-28 10:27:03.823 24965 25322 W ttmn : <7ab78ddef0,av_player_holder.cpp,sendEvent,413>event is: 3
06-28 10:27:03.824 25399 25449 D AppConfig: won't delete
06-28 10:27:03.824 25399 25449 D AppConfig: init full finished
06-28 10:27:03.827 24965 24965 I wm_on_paused_called: [143830663,com.ss.android.ugc.aweme.splash.SplashActivity,performPause]
06-28 10:27:03.841 24965 24965 I wm_on_stop_called: [143830663,com.ss.android.ugc.aweme.splash.SplashActivity,STOP_ACTIVITY_ITEM]
06-28 10:27:03.842 25399 25458 I T_OaidInit: T_OaidInit run
06-28 10:27:03.843 25399 25399 I himem : Only support minor and mr!
06-28 10:27:03.843 25399 25399 I hi_leaker: Only support minor!
06-28 10:27:03.843 1603 15774 W AudioIDCMicroNegotiator: idcm_warn: timeout for obtainFocusState: RequestInfosToIDCM{mPid=24965, mUid=10104}
06-28 10:27:03.843 1603 15774 D AudioIDCMicroNegotiator: idcm_af:notifyFocusState -> notify
06-28 10:27:03.843 1603 15774 D AudioIDCMicroNegotiator: idcm_af:obtainFocusState, return: 0 mIsTimeout= true time= 600
06-28 10:27:03.843 1603 15774 I AudioService.PlaybackActivityMonitor: call: unmuting piid:303
06-28 10:27:03.843 1603 1959 D AudioIDCMicroNegotiator: idcm_af:wait messsage done -> onAudioFocusRemoteChanged
06-28 10:27:03.843 1603 1959 D AudioService.PlaybackActivityMonitor: idcm_af:onAudioFocusRemoteChanged: 0 info= RequestInfosToIDCM{mPid=24965, mUid=10104}
06-28 10:27:03.843 1603 1959 D AS.AudioService: idcm_af:onAudioFocusIDCMicroChanged: 0 info: RequestInfosToIDCM{mPid=24965, mUid=10104}
06-28 10:27:03.844 1603 1959 D AS.AudioService: idcm_af:onAudioFocusRemoteChanged: 0 mute music
06-28 10:27:03.844 1603 15774 D AudioService.PlaybackActivityMonitor: idcm_af:requestAudioFocusToIDCM -> muteplayer: 303
06-28 10:27:03.844 1603 15774 I AudioService.PlaybackActivityMonitor: call: muting piid:303 uid:10104
06-28 10:27:03.844 1603 15774 W AudioService.PlaybackActivityMonitor: idcm_warn: ====rejected by IDCM: PLAYER_STATE_STARTED
06-28 10:27:03.844 1603 1959 I AudioService.PlaybackActivityMonitor: call: muting piid:303 uid:10104
06-28 10:27:03.844 1603 1959 D MediaFocusControl: audio_idcm: updateCurrentAudioFocus: uid= 10104 fr = 10104 focusChange= -1
06-28 10:27:03.844 1603 1959 D MediaFocusControl: audio_idcm: fr packagename =com.ss.android.ugc.aweme
06-28 10:27:03.844 1603 1721 W BroadcastQueue: Background execution not allowed: receiving Intent { act=android.media.AUDIO_BECOMING_NOISY flg=0x14000010 } to com.kugou.android.auto/.receiver.AutoStartReceiver
06-28 10:27:03.844 1603 1959 D AudioIDCMicroNegotiator: idcm_af:wait messsage
06-28 10:27:03.845 24965 24965 D AudioManager: dispatching onAudioFocusChange(-1) to android.media.AudioManager@c450e08X.A5s@5dd99a1
06-28 10:27:03.846 25399 25399 W HMSSDK_PushPreferences: get new sharedPreferences failed,start to get from context.
06-28 10:27:03.854 25399 25467 E ABCenter: error while loadOld.
06-28 10:27:03.854 25399 25467 E ABCenter: java.net.ProtocolException: Unexpected tag 0
06-28 10:27:03.854 25399 25467 E ABCenter: at p.t.a.h.f(ProtoReader.java:26)
06-28 10:27:03.854 25399 25467 E ABCenter: at com.zhihu.ab.proto.ABDistributedConfig$ProtoAdapter_ABDistributedConfig.decode(ABDistributedConfig.java:4)
06-28 10:27:03.854 25399 25467 E ABCenter: at com.zhihu.ab.proto.ABDistributedConfig$ProtoAdapter_ABDistributedConfig.decode(ABDistributedConfig.java:1)
06-28 10:27:03.854 25399 25467 E ABCenter: at p.t.a.g.decode(ProtoAdapter.java:8)
06-28 10:27:03.854 25399 25467 E ABCenter: at p.t.a.g.decode(ProtoAdapter.java:2)
06-28 10:27:03.854 25399 25467 E ABCenter: at com.zhihu.android.abcenter.j0.lambda$loadOld$3(AbCenter.java:7)
06-28 10:27:03.854 25399 25467 E ABCenter: at com.zhihu.android.abcenter.j0.e(Unknown Source:0)
06-28 10:27:03.854 25399 25467 E ABCenter: at com.zhihu.android.abcenter.d.subscribe(Unknown Source:4)
06-28 10:27:03.854 25399 25467 E ABCenter: at io.reactivex.internal.operators.observable.ObservableCreate.subscribeActual(ObservableCreate.java:3)
06-28 10:27:03.854 25399 25467 E ABCenter: at io.reactivex.Observable.subscribe(Observable.java:14)
06-28 10:27:03.854 25399 25467 E ABCenter: at io.reactivex.internal.operators.observable.ObservableSubscribeOn$SubscribeTask.run(ObservableSubscribeOn.java:1)
06-28 10:27:03.854 25399 25467 E ABCenter: at io.reactivex.Scheduler$DisposeTask.run(Scheduler.java:2)
06-28 10:27:03.854 25399 25467 E ABCenter: at io.reactivex.internal.schedulers.ScheduledRunnable.run(ScheduledRunnable.java:2)
06-28 10:27:03.854 25399 25467 E ABCenter: at io.reactivex.internal.schedulers.ScheduledRunnable.call(ScheduledRunnable.java:1)
06-28 10:27:03.854 25399 25467 E ABCenter: at java.util.concurrent.FutureTask.run(FutureTask.java:266)
06-28 10:27:03.854 25399 25467 E ABCenter: at java.util.concurrent.ScheduledThreadPoolExecutor$ScheduledFutureTask.run(ScheduledThreadPoolExecutor.java:301)
06-28 10:27:03.854 25399 25467 E ABCenter: at java.util.concurrent.ThreadPoolExecutor.runWorker(ThreadPoolExecutor.java:1167)
06-28 10:27:03.854 25399 25467 E ABCenter: at java.util.concurrent.ThreadPoolExecutor$Worker.run(ThreadPoolExecutor.java:641)
06-28 10:27:03.854 25399 25467 E ABCenter: at java.lang.Thread.run(Thread.java:920)
06-28 10:27:03.858 25399 25460 D DelayableCall: createRealCall immedia GET: appcloud2.in.zhihu.com/api/env/check
06-28 10:27:03.860 1603 1711 W Choreographer: Frame time is 0.293179 ms in the future! Check that graphics HAL is generating vsync timestamps using the correct timebase.
06-28 10:27:03.875 25399 25399 I AGConnectProvider: AGConnectInitializeProvider#onCreate
06-28 10:27:03.875 25399 25399 I AGConnectInstance: AGConnectInstance#initialize
06-28 10:27:03.875 25399 25399 I ServiceRegistrarParser: getServices
06-28 10:27:03.876 25399 25399 I ServiceRegistrarParser: services:0
06-28 10:27:03.946 25399 25458 D MSAOaid : loadLibrary msaoaidsec time millsend: 98
06-28 10:27:03.947 25399 25458 D MSAOaid : initCert
06-28 10:27:03.947 25399 25458 D MSAOaid : initCert mIsCertInit : false
06-28 10:27:03.947 25399 25458 D MSAOaid : loadCertPem from assets
06-28 10:27:03.952 25399 25467 D ManualRegister: player using CompileTime JsonDeserializer
06-28 10:27:03.953 25399 25467 D ManualRegister: home using CompileTime JsonDeserializer
06-28 10:27:03.953 25399 25467 D ManualRegister: feed using CompileTime JsonDeserializer
06-28 10:27:03.954 25399 25467 D ZHObject: action_card
06-28 10:27:03.954 25399 25467 D ZHObject: remix_album
06-28 10:27:03.954 25399 25467 D ZHObject: answer
06-28 10:27:03.954 25399 25467 D ZHObject: article
06-28 10:27:03.954 25399 25467 D ZHObject: collection
06-28 10:27:03.955 25399 25467 D ZHObject: column
06-28 10:27:03.955 25399 25467 D ZHObject: comment
06-28 10:27:03.955 25399 25467 D ZHObject: course
06-28 10:27:03.955 25399 25467 D ZHObject: draft
06-28 10:27:03.955 25399 25467 D ZHObject: ebook
06-28 10:27:03.955 25399 25467 D ZHObject: book_review
06-28 10:27:03.955 25399 25467 D ZHObject: book_review
06-28 10:27:03.955 25399 25467 D ZHObject: externalad
06-28 10:27:03.955 25399 25467 D ZHObject: feed
06-28 10:27:03.955 25399 25467 D ZHObject: feed_advert
06-28 10:27:03.955 25399 25467 D ZHObject: eventcard
06-28 10:27:03.955 25399 25467 D ZHObject: live
06-28 10:27:03.955 25399 25467 D ZHObject: special
06-28 10:27:03.955 25399 25467 D ZHObject: infinity_question
06-28 10:27:03.955 25399 25467 D ZHObject: infinity_answer
06-28 10:27:03.955 25399 25467 D ZHObject: infinity_conversation
06-28 10:27:03.955 25399 25467 D ZHObject: people
06-28 10:27:03.955 25399 25467 D ZHObject: moments_pin
06-28 10:27:03.955 25399 25467 D ZHObject: promotion
06-28 10:27:03.955 25399 25467 D ZHObject: question
06-28 10:27:03.955 25399 25467 D ZHObject: live_register
06-28 10:27:03.955 25399 25467 D ZHObject: roundtable
06-28 10:27:03.955 25399 25467 D ZHObject: topic
06-28 10:27:03.955 25399 25467 D ZHObject: hybrid
06-28 10:27:03.955 25399 25467 D ZHObject: market_card
06-28 10:27:03.955 25399 25467 D ZHObject: common_card
06-28 10:27:03.955 25399 25467 D ZHObject: aggregation_card
06-28 10:27:03.955 25399 25467 D ZHObject: aggregation_card_hot_list
06-28 10:27:03.955 25399 25467 D ZHObject: contact_tip
06-28 10:27:03.955 25399 25467 D ZHObject: login_tip
06-28 10:27:03.955 25399 25467 D ZHObject: hot_list_feed
06-28 10:27:03.955 25399 25467 D ZHObject: hot_list_feed_video
06-28 10:27:03.956 25399 25467 D ZHObject: moments_drama
06-28 10:27:03.956 25399 25467 D ZHObject: moments_feed
06-28 10:27:03.956 25399 25467 D ZHObject: moments_top_feed
06-28 10:27:03.956 25399 25467 D ZHObject: moments_recommend_feed
06-28 10:27:03.956 25399 25467 D ZHObject: pin_publish_entry
06-28 10:27:03.956 25399 25467 D ZHObject: item_group_card
06-28 10:27:03.956 25399 25467 D ZHObject: feed_item_index_group
06-28 10:27:03.956 25399 25467 D ZHObject: message_activity_card
06-28 10:27:03.956 25399 25467 D ZHObject: moments_user
06-28 10:27:03.956 25399 25467 D ZHObject: moments_group
06-28 10:27:03.956 25399 25467 D ZHObject: special_topic
06-28 10:27:03.956 25399 25467 D ZHObject: instabook
06-28 10:27:03.956 25399 25467 D ZHObject: instabook_moment
06-28 10:27:03.956 25399 25467 D ZHObject: ebook_moment
06-28 10:27:03.956 25399 25467 D ZHObject: remix_album_moment
06-28 10:27:03.965 25399 25467 D ZHObject: live_moment
06-28 10:27:03.965 25399 25467 D ZHObject: paid_column_moment
06-28 10:27:03.965 25399 25467 D ZHObject: paid_content
06-28 10:27:03.965 25399 25467 D ZHObject: topic_review
06-28 10:27:03.965 25399 25467 D ZHObject: zvideo
06-28 10:27:03.965 25399 25467 D ZHObject: billboard_lantern
06-28 10:27:03.965 25399 25467 D ZHObject: billboard_window
06-28 10:27:03.965 25399 25467 D ZHObject: ebook_manuscript
06-28 10:27:03.965 25399 25467 D ZHObject: album_manuscript
06-28 10:27:03.965 25399 25467 D ZHObject: instabook_manuscript
06-28 10:27:03.965 25399 25467 D ZHObject: paid_column_manuscript
06-28 10:27:03.965 25399 25467 D ZHObject: paid_magazine_manuscript
06-28 10:27:03.965 25399 25467 D ZHObject: moments_wonderful_group
06-28 10:27:03.965 25399 25467 D ZHObject: moments_recommend_followed_group
06-28 10:27:03.965 25399 25467 D ZHObject: hot_topic_reselect
06-28 10:27:03.965 25399 25467 D ZHObject: top
06-28 10:27:03.965 25399 25467 D ZHObject: normal
06-28 10:27:03.966 25399 25467 D ZHObject: moments_drama_follow_tab
06-28 10:27:03.966 25399 25467 D ZHObject: sku_comment
06-28 10:27:03.966 25399 25467 D ZHObject: triple_image
06-28 10:27:03.966 25399 25467 D ZHObject: moments_line
06-28 10:27:03.966 25399 25467 D ZHObject: banner
06-28 10:27:03.966 25399 25467 D ZHObject: creator_billboard
06-28 10:27:03.966 25399 25467 D ZHObject: content_billboard
06-28 10:27:03.966 25399 25467 D ZHObject: morph_card_model
06-28 10:27:03.966 25399 25467 D ZHObject: monthly_user_interest_survey
06-28 10:27:03.966 25399 25467 D ZHObject: recommend_user_card_list
06-28 10:27:03.966 25399 25467 D ZHObject: recommend_drama_card_list
06-28 10:27:03.966 25399 25467 D ZHObject: hot_drama_list_card
06-28 10:27:03.967 25399 25467 D ZHObject: pin_aggregation_card
06-28 10:27:03.967 25399 25467 D ZHObject: feed_top_hot
06-28 10:27:03.969 25399 25467 D ManualRegister: ad using CompileTime JsonDeserializer
06-28 10:27:03.983 25399 25467 I Offline::Manager: onInitComplete
06-28 10:27:03.993 25399 25458 W MSAOaid : initCert getDeviceIds: cert init failed
06-28 10:27:03.994 25399 25399 I AGC_Instance: AGC SDK initialize end, default route:CN
06-28 10:27:03.995 25399 25399 D attachBaseContext: attachBaseContext: InnerContextProvider
06-28 10:27:03.996 25399 25458 I OAIDSDK : [MainMdidSdk] initResult: infoCode:1008616
06-28 10:27:04.002 25399 25458 E easyZa : not init yet.
06-28 10:27:04.002 25399 25458 W MSAOaid : cert not init or check not pass
06-28 10:27:04.004 25399 25458 D ZHIHU DEBUG: ╔════════════════════════════════════════════════════════════════════════════════════════
06-28 10:27:04.004 25399 25458 D ZHIHU DEBUG: ║ Thread:ZH_RxCachedThreadScheduler-1
06-28 10:27:04.004 25399 25458 D ZHIHU DEBUG: ╟────────────────────────────────────────────────────────────────────────────────────────
06-28 10:27:04.006 25399 25458 D ZHIHU DEBUG: ║ MSAOaid.initSdk (MSAOaid.java:20)
06-28 10:27:04.006 25399 25458 D ZHIHU DEBUG: ║ MSAOaid. (MSAOaid.java:4)
06-28 10:27:04.007 25399 25458 D ZHIHU DEBUG: ║ OaidManager.init (OaidManager.java:7)
06-28 10:27:04.007 25399 25458 D ZHIHU DEBUG: ╟────────────────────────────────────────────────────────────────────────────────────────
06-28 10:27:04.007 680 694 I mpu_uart: [MSG-P:RECV]:No message received in 1000 ms
06-28 10:27:04.007 25399 25458 D ZHIHU DEBUG: ║ 初始化 移动安全联盟SDK 结果 :1008616
06-28 10:27:04.007 25399 25458 D ZHIHU DEBUG: ╚════════════════════════════════════════════════════════════════════════════════════════
06-28 10:27:04.008 680 693 I mpu_uart: [MSG-P:R]:recv sync frame timeout
06-28 10:27:04.009 25399 25439 E easyZa : not init yet.
06-28 10:27:04.016 25399 25399 D new_user_launch: GrowthAppLaunchLifecycle register success
06-28 10:27:04.018 547 583 D DrmLibTime: got the req here! ret=0
06-28 10:27:04.019 547 583 D DrmLibTime: command id, time_cmd_id = 770
06-28 10:27:04.019 547 583 D DrmLibTime: time_getutcsec starts!
06-28 10:27:04.019 547 583 D DrmLibTime: QSEE Time Listener: time_getutcsec
06-28 10:27:04.019 547 583 D DrmLibTime: QSEE Time Listener: get_utc_seconds
06-28 10:27:04.019 547 583 D DrmLibTime: QSEE Time Listener: time_get_modem_time
06-28 10:27:04.019 547 583 D DrmLibTime: QSEE Time Listener: Checking if ATS_MODEM is set or not.
06-28 10:27:04.019 547 583 D QC-time-services: Lib:time_genoff_operation: pargs->base = 13
06-28 10:27:04.019 547 583 D QC-time-services: Lib:time_genoff_operation: pargs->operation = 2
06-28 10:27:04.019 547 583 D QC-time-services: Lib:time_genoff_operation: pargs->ts_val = 0
06-28 10:27:04.019 547 583 D QC-time-services: Lib:time_genoff_operation: Send to server passed!!
06-28 10:27:04.019 678 1035 D QC-time-services: Daemon: Connection accepted:time_genoff
06-28 10:27:04.019 678 25494 D QC-time-services: Daemon:Received base = 13, unit = 1, operation = 2,value = 0
06-28 10:27:04.019 678 25494 D QC-time-services: Daemon:genoff_opr: Base = 13, val = 0, operation = 2
06-28 10:27:04.019 678 25494 D QC-time-services: offset is: 0 for base: 13
06-28 10:27:04.019 547 583 E QC-time-services: Receive Passed == base = 13, unit = 1, operation = 2, result = 0
06-28 10:27:04.019 547 583 D DrmLibTime: QSEE Time Listener: ATS_MODEM is not set. Fallback to Android system time.
06-28 10:27:04.019 547 583 D DrmLibTime: QSEE Time Listener: Retrieved Android system time: 1687919224
06-28 10:27:04.019 547 583 D DrmLibTime: time_getutcsec returns 0, sec = 1687919224; nsec = 0
06-28 10:27:04.019 547 583 D DrmLibTime: time_getutcsec finished!
06-28 10:27:04.019 547 583 D DrmLibTime: iotcl_continue_command finished! and return 0
06-28 10:27:04.019 547 583 D DrmLibTime: before calling ioctl to read the next time_cmd
06-28 10:27:04.019 678 1035 E QC-time-services: Daemon: Time-services: Waiting to acceptconnection
06-28 10:27:04.031 25399 25399 D CrashLogger: init: true
06-28 10:27:04.032 25399 25399 I CrashLoggerPicker: pick ok
06-28 10:27:04.032 25399 25399 D CrashLogger: create Sentry
06-28 10:27:04.032 25399 25399 D Sentry : will init in background
06-28 10:27:04.032 25399 25477 D Sentry : init finished
06-28 10:27:04.034 25399 25495 D QueuedWorkHack: realHack: skip
06-28 10:27:04.050 25399 25496 E CrossLifecycleManager: 找不到 CrossLifecycle 的实现类:Cross_LivePlusLifecycle
06-28 10:27:04.050 25399 25496 I CrossLifecycleManager: 已生效的 Cross: com.zhihu.android.app.crossActivityLifecycle.Cross_LaunchInfoRecorderInitialization
06-28 10:27:04.050 25399 25496 I CrossLifecycleManager: 已生效的 Cross: com.zhihu.android.app.crossActivityLifecycle.Cross_ABMiscInitialization
06-28 10:27:04.050 25399 25496 I CrossLifecycleManager: 已生效的 Cross: com.zhihu.android.app.crossActivityLifecycle.Cross_SystemUtilInitialization
06-28 10:27:04.050 25399 25496 I CrossLifecycleManager: 已生效的 Cross: com.zhihu.android.app.crossActivityLifecycle.Cross_AccountEventListenerInitialization
06-28 10:27:04.050 25399 25496 I CrossLifecycleManager: 已生效的 Cross: com.zhihu.android.app.crossActivityLifecycle.Cross_SystemEventListenerInitialization
06-28 10:27:04.050 25399 25496 I CrossLifecycleManager: 已生效的 Cross: com.zhihu.android.app.crossActivityLifecycle.Cross_FeedLifecycle
06-28 10:27:04.050 25399 25496 I CrossLifecycleManager: 已生效的 Cross: com.zhihu.android.app.mercury.resource.Cross_MercuryCrossActivityLifecycle
06-28 10:27:04.050 25399 25496 I CrossLifecycleManager: 已生效的 Cross: com.zhihu.android.app.crossActivityLifecycle.Cross_LaunchAdEventListenerInitialization
06-28 10:27:04.050 25399 25496 I CrossLifecycleManager: 已生效的 Cross: com.zhihu.android.app.crossActivityLifecycle.Cross_UserInfoInitialization
06-28 10:27:04.050 25399 25496 I CrossLifecycleManager: 已生效的 Cross: com.zhihu.android.app.crossActivityLifecycle.Cross_GrowthInitialization
06-28 10:27:04.050 25399 25496 I CrossLifecycleManager: 已生效的 Cross: com.zhihu.android.app.crossActivityLifecycle.Cross_MonitorLifecycle
06-28 10:27:04.050 25399 25496 I CrossLifecycleManager: 已生效的 Cross: com.zhihu.android.app.crossActivityLifecycle.Cross_UnicomFreeHelper
06-28 10:27:04.050 25399 25496 I CrossLifecycleManager: 已生效的 Cross: com.zhihu.android.app.crossActivityLifecycle.Cross_MorphLifecycle
06-28 10:27:04.050 25399 25496 I CrossLifecycleManager: 已生效的 Cross: com.zhihu.android.app.crossActivityLifecycle.Cross_SMSInitialization
06-28 10:27:04.050 25399 25496 I CrossLifecycleManager: 已生效的 Cross: com.zhihu.android.app.crossActivityLifecycle.Cross_AdThirdSDKCacheLifecycle
06-28 10:27:04.050 25399 25496 I CrossLifecycleManager: 已生效的 Cross: com.zhihu.android.app.crossActivityLifecycle.Cross_GuidePushLifecycle
06-28 10:27:04.051 25399 25496 I CrossLifecycleManager: 已生效的 Cross: com.zhihu.android.app.crossActivityLifecycle.Cross_CommentActivityLifecycle
06-28 10:27:04.051 25399 25496 I CrossLifecycleManager: 已生效的 Cross: com.zhihu.android.app.crossActivityLifecycle.Cross_VideoPlayerLifecycle
06-28 10:27:04.051 25399 25496 I CrossLifecycleManager: 已生效的 Cross: com.zhihu.android.app.crossActivityLifecycle.Cross_TopicLifecycle
06-28 10:27:04.051 25399 25496 I CrossLifecycleManager: 已生效的 Cross: com.zhihu.android.panel.ui.attach.Cross_PanelLifeCircle
06-28 10:27:04.051 25399 25496 I CrossLifecycleManager: 已生效的 Cross: com.zhihu.android.app.event.Cross_AccountLifecycle
06-28 10:27:04.051 25399 25496 I CrossLifecycleManager: 已生效的 Cross: com.zhihu.android.push.invoke.Cross_PushInvokeLifecycle
06-28 10:27:04.052 25399 25496 I CrossLifecycleManager: 已生效的 Cross: com.zhihu.android.app.lifecycle.Cross_ScreenshotLifecycle
06-28 10:27:04.052 25399 25496 I CrossLifecycleManager: 已生效的 Cross: com.zhihu.android.app.crossActivityLifecycle.Cross_SenceGuideLifecycle
06-28 10:27:04.052 25399 25496 I CrossLifecycleManager: 已生效的 Cross: com.zhihu.android.videox.app.Cross_VideoXLifecycle
06-28 10:27:04.052 25399 25496 I CrossLifecycleManager: 已生效的 Cross: com.zhihu.android.zhihumqttconfig.Cross_MqttLifecycle
06-28 10:27:04.052 25399 25496 I CrossLifecycleManager: 已生效的 Cross: com.zhihu.android.be.Cross_BeLifecycle
06-28 10:27:04.053 25399 25496 I CrossLifecycleManager: 已生效的 Cross: com.zhihu.android.library.netprobe.internal.Cross_NetProbe
06-28 10:27:04.053 25399 25496 I CrossLifecycleManager: 已生效的 Cross: com.zhihu.android.net.cross.Cross_Net
06-28 10:27:04.053 25399 25496 I CrossLifecycleManager: 已生效的 Cross: com.zhihu.android.readlater.floatview.Cross_ReadLaterLifecycle
06-28 10:27:04.053 25399 25496 I CrossLifecycleManager: 已生效的 Cross: com.zhihu.android.mediauploader.Cross_MediauploaderLifecycle
06-28 10:27:04.053 25399 25496 I CrossLifecycleManager: 已生效的 Cross: com.zhihu.android.app.crossActivityLifecycle.Cross_PageRecoveryLifecycle
06-28 10:27:04.053 25399 25496 I CrossLifecycleManager: 已生效的 Cross: com.zhihu.android.video_entity.video_tab.helper.Cross_VideoEntityGlobalLifecycle
06-28 10:27:04.053 25399 25496 I CrossLifecycleManager: 已生效的 Cross: com.zhihu.android.app.util.Cross_SearchLifecycle
06-28 10:27:04.053 25399 25496 I CrossLifecycleManager: 已生效的 Cross: com.zhihu.zhcppkit.MonitorConfig.Cross_MonitorConfigLifecycle
06-28 10:27:04.053 25399 25496 I CrossLifecycleManager: 已生效的 Cross: com.zhihu.android.app.crossActivityLifecycle.Cross_GreyModeLifecycleCallback
06-28 10:27:04.053 25399 25496 I CrossLifecycleManager: 已生效的 Cross: com.zhihu.android.apm.lifecycle_provider.Cross_APMLifecycle
06-28 10:27:04.053 25399 25496 I CrossLifecycleManager: 已生效的 Cross: com.zhihu.android.unify_interactive.Cross_UnifyStatus
06-28 10:27:04.053 25399 25496 I CrossLifecycleManager: 已生效的 Cross: com.zhihu.android.unify_interactive.Cross_ImageLikeAffectLike
06-28 10:27:04.053 25399 25496 I CrossLifecycleManager: 已生效的 Cross: com.zhihu.android.app.ui.fragment.more.guide.fragment.Cross_MineGuideHelper
06-28 10:27:04.057 25399 25458 E easyZa : not init yet.
06-28 10:27:04.057 25399 25458 E easyZa : not init yet.
06-28 10:27:04.060 25399 25495 W System.err: java.lang.NullPointerException: Attempt to invoke virtual method 'java.lang.Object retrofit2.l.d(java.lang.Class)' on a null object reference
06-28 10:27:04.060 25399 25495 W System.err: at com.zhihu.android.net.common.NetProviderImpl$a.b(NetProviderImpl.java:8)
06-28 10:27:04.060 25399 25495 W System.err: at com.zhihu.android.net.common.NetProviderImpl$a.c(NetProviderImpl.java:1)
06-28 10:27:04.060 25399 25495 W System.err: at com.zhihu.android.net.common.NetProviderImpl$a.d(Unknown Source:0)
06-28 10:27:04.060 25399 25495 W System.err: at com.zhihu.android.net.common.b.call(Unknown Source:6)
06-28 10:27:04.060 25399 25495 W System.err: at io.reactivex.internal.operators.observable.ObservableDefer.subscribeActual(ObservableDefer.java:1)
06-28 10:27:04.060 25399 25495 W System.err: at io.reactivex.Observable.subscribe(Observable.java:14)
06-28 10:27:04.060 25399 25495 W System.err: at io.reactivex.internal.operators.observable.ObservableSubscribeOn$SubscribeTask.run(ObservableSubscribeOn.java:1)
06-28 10:27:04.060 25399 25495 W System.err: at io.reactivex.Scheduler$DisposeTask.run(Scheduler.java:2)
06-28 10:27:04.060 25399 25495 W System.err: at io.reactivex.internal.schedulers.ScheduledRunnable.run(ScheduledRunnable.java:2)
06-28 10:27:04.060 25399 25439 E easyZa : not init yet.
06-28 10:27:04.060 25399 25495 W System.err: at io.reactivex.internal.schedulers.ScheduledRunnable.call(ScheduledRunnable.java:1)
06-28 10:27:04.060 25399 25495 W System.err: at java.util.concurrent.FutureTask.run(FutureTask.java:266)
06-28 10:27:04.060 25399 25495 W System.err: at java.util.concurrent.ScheduledThreadPoolExecutor$ScheduledFutureTask.run(ScheduledThreadPoolExecutor.java:301)
06-28 10:27:04.060 25399 25495 W System.err: at java.util.concurrent.ThreadPoolExecutor.runWorker(ThreadPoolExecutor.java:1167)
06-28 10:27:04.060 25399 25495 W System.err: at java.util.concurrent.ThreadPoolExecutor$Worker.run(ThreadPoolExecutor.java:641)
06-28 10:27:04.060 25399 25495 W System.err: at java.lang.Thread.run(Thread.java:920)
06-28 10:27:04.071 25399 25502 D Net : initialize: using lazy converter
06-28 10:27:04.076 25399 25465 I ImageInitializer: ImageX 总开关true
06-28 10:27:04.076 25399 25465 I ImageInitializer: ImageX 接入开关true
06-28 10:27:04.079 25399 25465 I ImageInitializer: enableMemoryOptimization: bitmapConfig=RGB_565
06-28 10:27:04.080 25399 25465 I ImageInitializer: ImageX 总开关true
06-28 10:27:04.080 25399 25465 I ImageInitializer: ImageX 接入开关true
06-28 10:27:04.085 25399 25465 I ImageInitializer: 系统大于8.0,开关命中,配置统计、heif解码功能---->结束
06-28 10:27:04.087 25399 25465 I ImageInitializer: ImagePipelineConfig.getBitmapConfig=RGB_565
06-28 10:27:04.088 25399 25465 D SoLoader: init start
06-28 10:27:04.088 25399 25465 D SoLoader: adding system library source: /vendor/lib
06-28 10:27:04.088 25399 25465 D SoLoader: adding system library source: /system/lib
06-28 10:27:04.088 25399 25465 D SoLoader: adding application source: com.facebook.soloader.c[root = /data/app/~~XCHUKqLOIblzDRqsqpGVCA==/com.zhihu.android-Tf6a0968CG86JXVh5w94bw==/lib/arm64 flags = 0]
06-28 10:27:04.088 25399 25465 D SoLoader: adding backup source from : com.facebook.soloader.a[root = /data/data/com.zhihu.android/lib-main flags = 1]
06-28 10:27:04.088 25399 25465 D SoLoader: Preparing SO source: com.facebook.soloader.c[root = /system/lib flags = 2]
06-28 10:27:04.088 25399 25465 D SoLoader: Preparing SO source: com.facebook.soloader.c[root = /vendor/lib flags = 2]
06-28 10:27:04.088 25399 25465 D SoLoader: Preparing SO source: com.facebook.soloader.c[root = /data/app/~~XCHUKqLOIblzDRqsqpGVCA==/com.zhihu.android-Tf6a0968CG86JXVh5w94bw==/lib/arm64 flags = 0]
06-28 10:27:04.088 25399 25465 D SoLoader: Preparing SO source: com.facebook.soloader.a[root = /data/data/com.zhihu.android/lib-main flags = 1]
06-28 10:27:04.089 25399 25465 V fb-UnpackingSoSource: locked dso store /data/user/0/com.zhihu.android/lib-main
06-28 10:27:04.089 25399 25465 I fb-UnpackingSoSource: dso store is up-to-date: /data/user/0/com.zhihu.android/lib-main
06-28 10:27:04.089 25399 25465 V fb-UnpackingSoSource: releasing dso store lock for /data/user/0/com.zhihu.android/lib-main
06-28 10:27:04.090 25399 25465 D SoLoader: init finish: 4 SO sources prepared
06-28 10:27:04.090 25399 25465 D SoLoader: init exiting
06-28 10:27:04.090 25399 25497 D ABCenter: T_AbCenter--task--run
06-28 10:27:04.109 25399 25505 E easyZa : not init yet.
06-28 10:27:04.111 25399 25399 D new_user_launch: GrowthPrivacyManager get modeVal = 3
06-28 10:27:04.115 1603 1941 D ConnectivityService: NetReassign [no changes]
06-28 10:27:04.117 25399 25487 W System.err: java.lang.ClassNotFoundException: miui.os.MiuiInit
06-28 10:27:04.117 25399 25487 W System.err: at java.lang.Class.classForName(Native Method)
06-28 10:27:04.117 25399 25487 W System.err: at java.lang.Class.forName(Class.java:454)
06-28 10:27:04.117 25399 25487 W System.err: at java.lang.Class.forName(Class.java:379)
06-28 10:27:04.117 25399 25487 W System.err: at com.zhihu.android.preinstall.inter.e.b.f(PreinstallHandlerUtil.java:1)
06-28 10:27:04.117 25399 25487 W System.err: at com.zhihu.android.preinstall.inter.e.c.g.c(XiaomiPreinstallHandler.java:1)
06-28 10:27:04.118 25399 25487 W System.err: at com.zhihu.android.preinstall.inter.e.a.a(AbstractPreinstallHandler.java:1)
06-28 10:27:04.118 25399 25487 W System.err: at com.zhihu.android.preinstall.inter.e.a.a(AbstractPreinstallHandler.java:4)
06-28 10:27:04.118 25399 25487 W System.err: at com.zhihu.android.preinstall.inter.e.a.a(AbstractPreinstallHandler.java:4)
06-28 10:27:04.118 25399 25487 W System.err: at com.zhihu.android.preinstall.inter.e.a.b(AbstractPreinstallHandler.java:1)
06-28 10:27:04.118 25399 25487 W System.err: at com.zhihu.android.preinstall.inter.c.e(PreinstallExtraHelper.java:1)
06-28 10:27:04.118 25399 25487 W System.err: at com.zhihu.android.app.f0.c(ZhihuAnalyticsInitializer.java:1)
06-28 10:27:04.118 25399 25487 W System.err: at com.zhihu.android.app.f0.d(ZhihuAnalyticsInitializer.java:12)
06-28 10:27:04.118 25399 25487 W System.err: at com.zhihu.android.module.task.T_ZAInit.c(T_ZAInit.java:2)
06-28 10:27:04.118 25399 25487 W System.err: at com.zhihu.android.module.task.T_ZAInit.b(T_ZAInit.java:1)
06-28 10:27:04.118 25399 25487 W System.err: at com.zhihu.android.module.task.T_ZAInit$a.execute(T_ZAInit.java:1)
06-28 10:27:04.118 25399 25487 W System.err: at com.zhihu.android.r3.c.run(NamedRunnable.kt:7)
06-28 10:27:04.118 25399 25487 W System.err: at java.util.concurrent.Executors$RunnableAdapter.call(Executors.java:462)
06-28 10:27:04.118 25399 25487 W System.err: at java.util.concurrent.FutureTask.run(FutureTask.java:266)
06-28 10:27:04.118 25399 25487 W System.err: at java.util.concurrent.ScheduledThreadPoolExecutor$ScheduledFutureTask.run(ScheduledThreadPoolExecutor.java:301)
06-28 10:27:04.118 25399 25487 W System.err: at java.util.concurrent.ThreadPoolExecutor.runWorker(ThreadPoolExecutor.java:1167)
06-28 10:27:04.118 25399 25487 W System.err: at java.util.concurrent.ThreadPoolExecutor$Worker.run(ThreadPoolExecutor.java:641)
06-28 10:27:04.118 25399 25487 W System.err: at java.lang.Thread.run(Thread.java:920)
06-28 10:27:04.118 25399 25487 W System.err: at com.zhihu.android.r3.h.d.run(RulerThread.java:3)
06-28 10:27:04.118 25399 25487 W System.err: Caused by: java.lang.ClassNotFoundException: miui.os.MiuiInit
06-28 10:27:04.118 25399 25487 W System.err: ... 23 more
06-28 10:27:04.121 25399 25487 D ZA1 : runLater with 0 todo
06-28 10:27:04.123 25399 25487 I TrueTime: will request ntp time
06-28 10:27:04.127 700 769 E FrameworkListener: read() failed (Connection reset by peer)
06-28 10:27:04.145 25557 25557 D ProcessState: Binder ioctl to enable oneway spam detection failed: Invalid argument
06-28 10:27:04.148 25399 25399 D ZPatch.DebugPatch: debugPatchEnable:false officeNet:false
06-28 10:27:04.148 1603 7198 D ConnectivityService: ConnectivityService NetworkRequestInfo binderDied(uid/pid:10113/24677, android.os.BinderProxy@24e33aa)
06-28 10:27:04.148 0 0 I [ 1098.728724] binder: 25557:25557 ioctl 40046210 7fd6f170b4 returned -22
06-28 10:27:04.149 1603 7168 I am_proc_died: [0,24677,com.ss.android.ugc.aweme.lite,915,19]
06-28 10:27:04.149 1603 9014 D ConnectivityService: ConnectivityService NetworkRequestInfo binderDied(uid/pid:10113/24677, android.os.BinderProxy@991695)
06-28 10:27:04.149 1603 1941 D ConnectivityService: releasing NetworkRequest [ REQUEST id=567, [ Capabilities: INTERNET&NOT_RESTRICTED&TRUSTED&NOT_VCN_MANAGED Uid: 10113 RequestorUid: 10113 RequestorPkg: com.ss.android.ugc.aweme.lite] ] (release request)
06-28 10:27:04.149 1603 7168 I am_uid_stopped: 10113
06-28 10:27:04.153 25399 25399 D AppConfig: create 423
06-28 10:27:04.154 25399 25399 D WorldSavior: hack ActivityThread ok
06-28 10:27:04.169 25399 25581 E mcssdk---: MCS-->isExistPackage NameNotFoundException:com.coloros.mcs
06-28 10:27:04.171 25399 25581 I HonorApiAvailability: push service is not installed
06-28 10:27:04.173 25574 25574 I auditd : type=1400 audit(0.0:13473): avc: denied { bind } for comm="ip" scontext=u:r:untrusted_app:s0:c127,c256,c512,c768 tcontext=u:r:untrusted_app:s0:c127,c256,c512,c768 tclass=netlink_route_socket permissive=0 bug=b/155595000 app=com.zhihu.android
06-28 10:27:04.173 25574 25574 W ip : type=1400 audit(0.0:13473): avc: denied { bind } for scontext=u:r:untrusted_app:s0:c127,c256,c512,c768 tcontext=u:r:untrusted_app:s0:c127,c256,c512,c768 tclass=netlink_route_socket permissive=0 bug=b/155595000 app=com.zhihu.android
06-28 10:27:04.184 701 701 I Zygote : Process 24677 exited due to signal 9 (Killed)
06-28 10:27:04.197 25399 25581 D #Getui : 尝试反射注册
06-28 10:27:04.201 1603 7168 W ActivityManager: Background start not allowed: service Intent { cmp=com.zhihu.android/.push.getui.GetuiPushService (has extras) } to com.zhihu.android/.push.getui.GetuiPushService from pid=25399 uid=10127 pkg=com.zhihu.android startFg?=false
06-28 10:27:04.217 25591 25591 I auditd : type=1400 audit(0.0:13474): avc: denied { bind } for comm="ip" scontext=u:r:untrusted_app:s0:c127,c256,c512,c768 tcontext=u:r:untrusted_app:s0:c127,c256,c512,c768 tclass=netlink_route_socket permissive=0 bug=b/155595000 app=com.ss.android.ugc.aweme
06-28 10:27:04.217 25591 25591 W ip : type=1400 audit(0.0:13474): avc: denied { bind } for scontext=u:r:untrusted_app:s0:c127,c256,c512,c768 tcontext=u:r:untrusted_app:s0:c127,c256,c512,c768 tclass=netlink_route_socket permissive=0 bug=b/155595000 app=com.ss.android.ugc.aweme
06-28 10:27:04.239 25399 25454 V SntpClient: ---- SNTP successful response from 17.253.116.125
06-28 10:27:04.242 25399 25585 W m.zhihu.androi: Accessing hidden method Lcom/android/org/conscrypt/ConscryptEngineSocket;->setUseSessionTickets(Z)V (max-target-q,core-platform-api, reflection, denied)
06-28 10:27:04.242 25399 25550 W m.zhihu.androi: Accessing hidden method Lcom/android/org/conscrypt/ConscryptEngineSocket;->setUseSessionTickets(Z)V (max-target-q,core-platform-api, reflection, denied)
06-28 10:27:04.237 25604 25604 I auditd : type=1400 audit(0.0:13475): avc: denied { bind } for comm="ip" scontext=u:r:untrusted_app:s0:c127,c256,c512,c768 tcontext=u:r:untrusted_app:s0:c127,c256,c512,c768 tclass=netlink_route_socket permissive=0 bug=b/155595000 app=com.zhihu.android
06-28 10:27:04.237 25604 25604 W ip : type=1400 audit(0.0:13475): avc: denied { bind } for scontext=u:r:untrusted_app:s0:c127,c256,c512,c768 tcontext=u:r:untrusted_app:s0:c127,c256,c512,c768 tclass=netlink_route_socket permissive=0 bug=b/155595000 app=com.zhihu.android
06-28 10:27:04.243 25399 25554 W m.zhihu.androi: Accessing hidden method Lcom/android/org/conscrypt/ConscryptEngineSocket;->setUseSessionTickets(Z)V (max-target-q,core-platform-api, reflection, denied)
06-28 10:27:04.243 25399 25550 W m.zhihu.androi: Accessing hidden method Lcom/android/org/conscrypt/OpenSSLSocketImpl;->setUseSessionTickets(Z)V (max-target-q,core-platform-api, reflection, denied)
06-28 10:27:04.243 25399 25554 W m.zhihu.androi: Accessing hidden method Lcom/android/org/conscrypt/OpenSSLSocketImpl;->setUseSessionTickets(Z)V (max-target-q,core-platform-api, reflection, denied)
06-28 10:27:04.243 25399 25546 W m.zhihu.androi: Accessing hidden method Lcom/android/org/conscrypt/ConscryptEngineSocket;->setUseSessionTickets(Z)V (max-target-q,core-platform-api, reflection, denied)
06-28 10:27:04.243 25399 25546 W m.zhihu.androi: Accessing hidden method Lcom/android/org/conscrypt/OpenSSLSocketImpl;->setUseSessionTickets(Z)V (max-target-q,core-platform-api, reflection, denied)
06-28 10:27:04.243 25399 25550 W m.zhihu.androi: Accessing hidden method Lcom/android/org/conscrypt/AbstractConscryptSocket;->setUseSessionTickets(Z)V (max-target-q, reflection, denied)
06-28 10:27:04.243 25399 25554 W m.zhihu.androi: Accessing hidden method Lcom/android/org/conscrypt/AbstractConscryptSocket;->setUseSessionTickets(Z)V (max-target-q, reflection, denied)
06-28 10:27:04.243 25399 25585 W m.zhihu.androi: Accessing hidden method Lcom/android/org/conscrypt/OpenSSLSocketImpl;->setUseSessionTickets(Z)V (max-target-q,core-platform-api, reflection, denied)
06-28 10:27:04.244 25399 25585 W m.zhihu.androi: Accessing hidden method Lcom/android/org/conscrypt/AbstractConscryptSocket;->setUseSessionTickets(Z)V (max-target-q, reflection, denied)
06-28 10:27:04.244 25399 25546 W m.zhihu.androi: Accessing hidden method Lcom/android/org/conscrypt/AbstractConscryptSocket;->setUseSessionTickets(Z)V (max-target-q, reflection, denied)
06-28 10:27:04.245 25399 25554 W m.zhihu.androi: Accessing hidden method Lcom/android/org/conscrypt/ConscryptEngineSocket;->setHostname(Ljava/lang/String;)V (max-target-q,core-platform-api, reflection, denied)
06-28 10:27:04.245 25399 25554 W m.zhihu.androi: Accessing hidden method Lcom/android/org/conscrypt/OpenSSLSocketImpl;->setHostname(Ljava/lang/String;)V (max-target-q,core-platform-api, reflection, denied)
06-28 10:27:04.245 25399 25554 W m.zhihu.androi: Accessing hidden method Lcom/android/org/conscrypt/AbstractConscryptSocket;->setHostname(Ljava/lang/String;)V (max-target-q, reflection, denied)
06-28 10:27:04.245 25399 25546 W m.zhihu.androi: Accessing hidden method Lcom/android/org/conscrypt/ConscryptEngineSocket;->setHostname(Ljava/lang/String;)V (max-target-q,core-platform-api, reflection, denied)
06-28 10:27:04.246 25399 25550 W m.zhihu.androi: Accessing hidden method Lcom/android/org/conscrypt/ConscryptEngineSocket;->setHostname(Ljava/lang/String;)V (max-target-q,core-platform-api, reflection, denied)
06-28 10:27:04.246 25399 25550 W m.zhihu.androi: Accessing hidden method Lcom/android/org/conscrypt/OpenSSLSocketImpl;->setHostname(Ljava/lang/String;)V (max-target-q,core-platform-api, reflection, denied)
06-28 10:27:04.246 25399 25550 W m.zhihu.androi: Accessing hidden method Lcom/android/org/conscrypt/AbstractConscryptSocket;->setHostname(Ljava/lang/String;)V (max-target-q, reflection, denied)
06-28 10:27:04.246 25399 25550 W m.zhihu.androi: Accessing hidden method Lcom/android/org/conscrypt/OpenSSLSocketImpl;->setAlpnProtocols([B)V (max-target-q,core-platform-api, reflection, denied)
06-28 10:27:04.246 25399 25550 W m.zhihu.androi: Accessing hidden method Lcom/android/org/conscrypt/AbstractConscryptSocket;->setAlpnProtocols([B)V (max-target-q, reflection, denied)
06-28 10:27:04.247 25399 25546 W m.zhihu.androi: Accessing hidden method Lcom/android/org/conscrypt/OpenSSLSocketImpl;->setHostname(Ljava/lang/String;)V (max-target-q,core-platform-api, reflection, denied)
06-28 10:27:04.247 25399 25546 W m.zhihu.androi: Accessing hidden method Lcom/android/org/conscrypt/AbstractConscryptSocket;->setHostname(Ljava/lang/String;)V (max-target-q, reflection, denied)
06-28 10:27:04.247 1603 7168 D ConnectivityService: requestNetwork for uid/pid:10127/25399 activeRequest: null callbackRequest: 573 [NetworkRequest [ REQUEST id=573, [ Transports: CELLULAR Capabilities: INTERNET&NOT_RESTRICTED&TRUSTED&NOT_VPN&NOT_VCN_MANAGED Uid: 10127 RequestorUid: 10127 RequestorPkg: com.zhihu.android] ]] callback flags: 0 priority: 2147483647
06-28 10:27:04.247 1603 1941 D ConnectivityService: NetReassign [no changes]
06-28 10:27:04.247 25399 25546 W m.zhihu.androi: Accessing hidden method Lcom/android/org/conscrypt/OpenSSLSocketImpl;->setAlpnProtocols([B)V (max-target-q,core-platform-api, reflection, denied)
06-28 10:27:04.247 25399 25546 W m.zhihu.androi: Accessing hidden method Lcom/android/org/conscrypt/AbstractConscryptSocket;->setAlpnProtocols([B)V (max-target-q, reflection, denied)
06-28 10:27:04.250 25399 25585 W m.zhihu.androi: Accessing hidden method Lcom/android/org/conscrypt/ConscryptEngineSocket;->setHostname(Ljava/lang/String;)V (max-target-q,core-platform-api, reflection, denied)
06-28 10:27:04.251 25399 25554 W m.zhihu.androi: Accessing hidden method Lcom/android/org/conscrypt/OpenSSLSocketImpl;->setAlpnProtocols([B)V (max-target-q,core-platform-api, reflection, denied)
06-28 10:27:04.251 25399 25554 W m.zhihu.androi: Accessing hidden method Lcom/android/org/conscrypt/AbstractConscryptSocket;->setAlpnProtocols([B)V (max-target-q, reflection, denied)
06-28 10:27:04.266 25399 25585 W m.zhihu.androi: Accessing hidden method Lcom/android/org/conscrypt/OpenSSLSocketImpl;->setHostname(Ljava/lang/String;)V (max-target-q,core-platform-api, reflection, denied)
06-28 10:27:04.267 25399 25585 W m.zhihu.androi: Accessing hidden method Lcom/android/org/conscrypt/AbstractConscryptSocket;->setHostname(Ljava/lang/String;)V (max-target-q, reflection, denied)
06-28 10:27:04.268 25399 25585 W m.zhihu.androi: Accessing hidden method Lcom/android/org/conscrypt/OpenSSLSocketImpl;->setAlpnProtocols([B)V (max-target-q,core-platform-api, reflection, denied)
06-28 10:27:04.268 25399 25585 W m.zhihu.androi: Accessing hidden method Lcom/android/org/conscrypt/AbstractConscryptSocket;->setAlpnProtocols([B)V (max-target-q, reflection, denied)
06-28 10:27:04.269 1603 7168 D ConnectivityService: requestNetwork for uid/pid:10127/25399 activeRequest: null callbackRequest: 574 [NetworkRequest [ REQUEST id=575, [ Capabilities: INTERNET&NOT_RESTRICTED&TRUSTED&NOT_VCN_MANAGED Uid: 10127 RequestorUid: 10127 RequestorPkg: com.zhihu.android] ]] callback flags: 0 priority: 2147483647
06-28 10:27:04.269 1603 1941 D ConnectivityService: NetReassign [575 : null → 100]
06-28 10:27:04.269 1603 1980 D Ethernet: got request NetworkRequest [ REQUEST id=575, [ Capabilities: INTERNET&NOT_RESTRICTED&TRUSTED&NOT_VCN_MANAGED Uid: 10127 RequestorUid: 10127 RequestorPkg: com.zhihu.android] ]
06-28 10:27:04.269 1603 1980 D EthernetNetworkFactory: acceptRequest, request: NetworkRequest [ REQUEST id=575, [ Capabilities: INTERNET&NOT_RESTRICTED&TRUSTED&NOT_VCN_MANAGED Uid: 10127 RequestorUid: 10127 RequestorPkg: com.zhihu.android] ]
06-28 10:27:04.269 1603 1980 I EthernetNetworkFactory: networkForRequest, request: NetworkRequest [ REQUEST id=575, [ Capabilities: INTERNET&NOT_RESTRICTED&TRUSTED&NOT_VCN_MANAGED Uid: 10127 RequestorUid: 10127 RequestorPkg: com.zhihu.android] ], network: null
06-28 10:27:04.269 1603 1934 D WifiNetworkFactory: got request NetworkRequest [ REQUEST id=575, [ Capabilities: INTERNET&NOT_RESTRICTED&TRUSTED&NOT_VCN_MANAGED Uid: 10127 RequestorUid: 10127 RequestorPkg: com.zhihu.android] ]
06-28 10:27:04.269 1603 1934 D UntrustedWifiNetworkFactory: got request NetworkRequest [ REQUEST id=575, [ Capabilities: INTERNET&NOT_RESTRICTED&TRUSTED&NOT_VCN_MANAGED Uid: 10127 RequestorUid: 10127 RequestorPkg: com.zhihu.android] ]
06-28 10:27:04.269 1603 1934 D OemPaidWifiNetworkFactory: got request NetworkRequest [ REQUEST id=575, [ Capabilities: INTERNET&NOT_RESTRICTED&TRUSTED&NOT_VCN_MANAGED Uid: 10127 RequestorUid: 10127 RequestorPkg: com.zhihu.android] ]
06-28 10:27:04.265 25606 25606 I auditd : type=1400 audit(0.0:13476): avc: denied { read } for comm="ZIDThreadPoolEx" name="u:object_r:qemu_hw_prop:s0" dev="tmpfs" ino=12608 scontext=u:r:untrusted_app:s0:c127,c256,c512,c768 tcontext=u:object_r:qemu_hw_prop:s0 tclass=file permissive=0 app=com.zhihu.android
06-28 10:27:04.265 25606 25606 W ZIDThreadPoolEx: type=1400 audit(0.0:13476): avc: denied { read } for name="u:object_r:qemu_hw_prop:s0" dev="tmpfs" ino=12608 scontext=u:r:untrusted_app:s0:c127,c256,c512,c768 tcontext=u:object_r:qemu_hw_prop:s0 tclass=file permissive=0 app=com.zhihu.android
06-28 10:27:04.265 25606 25606 I auditd : type=1400 audit(0.0:13477): avc: denied { read } for comm="ZIDThreadPoolEx" name="u:object_r:qemu_sf_lcd_density_prop:s0" dev="tmpfs" ino=12609 scontext=u:r:untrusted_app:s0:c127,c256,c512,c768 tcontext=u:object_r:qemu_sf_lcd_density_prop:s0 tclass=file permissive=0 app=com.zhihu.android
06-28 10:27:04.265 25606 25606 W ZIDThreadPoolEx: type=1400 audit(0.0:13477): avc: denied { read } for name="u:object_r:qemu_sf_lcd_density_prop:s0" dev="tmpfs" ino=12609 scontext=u:r:untrusted_app:s0:c127,c256,c512,c768 tcontext=u:object_r:qemu_sf_lcd_density_prop:s0 tclass=file permissive=0 app=com.zhihu.android
06-28 10:27:04.271 25606 25606 W libc : Access denied finding property "qemu.hw.mainkeys"
06-28 10:27:04.271 25606 25606 W libc : Access denied finding property "qemu.sf.lcd_density"
06-28 10:27:04.271 25606 25606 W libc : Access denied finding property "ro.serialno"
06-28 10:27:04.278 0 0 W [ 1098.854912] audit: audit_lost=12419 audit_rate_limit=5 audit_backlog_limit=64
06-28 10:27:04.278 0 0 E [ 1098.854916] audit: rate limit exceeded
06-28 10:27:04.274 25399 25540 W m.zhihu.androi: Accessing hidden method Lcom/android/org/conscrypt/ConscryptEngineSocket;->setUseSessionTickets(Z)V (max-target-q,core-platform-api, reflection, denied)
06-28 10:27:04.274 25399 25540 W m.zhihu.androi: Accessing hidden method Lcom/android/org/conscrypt/OpenSSLSocketImpl;->setUseSessionTickets(Z)V (max-target-q,core-platform-api, reflection, denied)
06-28 10:27:04.274 25399 25540 W m.zhihu.androi: Accessing hidden method Lcom/android/org/conscrypt/AbstractConscryptSocket;->setUseSessionTickets(Z)V (max-target-q, reflection, denied)
06-28 10:27:04.275 25399 25540 W m.zhihu.androi: Accessing hidden method Lcom/android/org/conscrypt/ConscryptEngineSocket;->setHostname(Ljava/lang/String;)V (max-target-q,core-platform-api, reflection, denied)
06-28 10:27:04.275 25399 25540 W m.zhihu.androi: Accessing hidden method Lcom/android/org/conscrypt/OpenSSLSocketImpl;->setHostname(Ljava/lang/String;)V (max-target-q,core-platform-api, reflection, denied)
06-28 10:27:04.275 25399 25540 W m.zhihu.androi: Accessing hidden method Lcom/android/org/conscrypt/AbstractConscryptSocket;->setHostname(Ljava/lang/String;)V (max-target-q, reflection, denied)
06-28 10:27:04.276 25399 25540 W m.zhihu.androi: Accessing hidden method Lcom/android/org/conscrypt/OpenSSLSocketImpl;->setAlpnProtocols([B)V (max-target-q,core-platform-api, reflection, denied)
06-28 10:27:04.276 25399 25540 W m.zhihu.androi: Accessing hidden method Lcom/android/org/conscrypt/AbstractConscryptSocket;->setAlpnProtocols([B)V (max-target-q, reflection, denied)
06-28 10:27:04.284 25399 25597 D GTC : gtcid is gtc_2a025841ccb4350f7aa69c9857faca7333
06-28 10:27:04.295 25399 25612 D Sentry : SU isn't found on this Device.
06-28 10:27:04.301 25399 25590 W m.zhihu.androi: Accessing hidden method Lcom/android/org/conscrypt/ConscryptEngineSocket;->setUseSessionTickets(Z)V (max-target-q,core-platform-api, reflection, denied)
06-28 10:27:04.301 25399 25590 W m.zhihu.androi: Accessing hidden method Lcom/android/org/conscrypt/OpenSSLSocketImpl;->setUseSessionTickets(Z)V (max-target-q,core-platform-api, reflection, denied)
06-28 10:27:04.302 25399 25590 W m.zhihu.androi: Accessing hidden method Lcom/android/org/conscrypt/AbstractConscryptSocket;->setUseSessionTickets(Z)V (max-target-q, reflection, denied)
06-28 10:27:04.302 25399 25590 W m.zhihu.androi: Accessing hidden method Lcom/android/org/conscrypt/ConscryptEngineSocket;->setHostname(Ljava/lang/String;)V (max-target-q,core-platform-api, reflection, denied)
06-28 10:27:04.302 25399 25590 W m.zhihu.androi: Accessing hidden method Lcom/android/org/conscrypt/OpenSSLSocketImpl;->setHostname(Ljava/lang/String;)V (max-target-q,core-platform-api, reflection, denied)
06-28 10:27:04.302 25399 25590 W m.zhihu.androi: Accessing hidden method Lcom/android/org/conscrypt/AbstractConscryptSocket;->setHostname(Ljava/lang/String;)V (max-target-q, reflection, denied)
