06-28 10:27:01.147 24965 24965 W System.err: at X.kPo.LJFF(SourceFile:196636)
06-28 10:27:01.147 24965 24965 W System.err: at com.ss.android.ugc.aweme.routemonitor.RouteMonitor.LJFF(Unknown Source:26)
06-28 10:27:01.147 24965 24965 W System.err: at com.ss.android.ugc.aweme.legoImp.task.HookActivityManagerTask.run(SourceFile:17104968)
06-28 10:27:01.147 24965 24965 W System.err: at com.ss.android.ugc.aweme.lego.processor.TaskProcessor.runTask(SourceFile:17170555)
06-28 10:27:01.147 24965 24965 W System.err: at com.ss.android.ugc.aweme.lego.LegoTask$-CC.$default$doWork(SourceFile:16908290)
06-28 10:27:01.147 24965 24965 W System.err: at com.ss.android.ugc.aweme.legoImp.task.HookActivityManagerTask.doWork(Unknown Source:0)
06-28 10:27:01.147 24965 24965 W System.err: at com.ss.android.ugc.nimbleworker.scheduler.helper.TraceHelper.doWork(SourceFile:33816629)
06-28 10:27:01.147 24965 24965 W System.err: at com.ss.android.ugc.nimbleworker.core.ScheduleManager.lambda$execute$0$ScheduleManager(SourceFile:33816620)
06-28 10:27:01.147 24965 24965 W System.err: at X.QjI.run(Unknown Source:6)
06-28 10:27:01.147 24965 24965 W System.err: at com.ss.android.ugc.nimbleworker.core.DefaultExecutors$MainExecutor.execute(SourceFile:17039393)
06-28 10:27:01.147 24965 24965 W System.err: at com.ss.android.ugc.nimbleworker.core.ScheduleManager.execute(SourceFile:17104965)
06-28 10:27:01.147 24965 24965 W System.err: at com.ss.android.ugc.nimbleworker.NimbleWorker.execute(SourceFile:17039389)
06-28 10:27:01.147 24965 24965 W System.err: at com.ss.android.ugc.aweme.lego.Lego$Transaction.commit(SourceFile:327767)
06-28 10:27:01.147 24965 24965 W System.err: at X.kKA.LIZ(SourceFile:17104957)
06-28 10:27:01.147 24965 24965 W System.err: at X.kKA.LIZ(SourceFile:590097)
06-28 10:27:01.147 24965 24965 W System.err: at com.ss.android.ugc.aweme.app.host.AwemeHostApplication.onCreate(SourceFile:393332)
06-28 10:27:01.147 24965 24965 W System.err: at android.app.Instrumentation.callApplicationOnCreate(Instrumentation.java:1212)
06-28 10:27:01.147 24965 24965 W System.err: at android.app.ActivityThread.handleBindApplication(ActivityThread.java:6744)
06-28 10:27:01.147 24965 24965 W System.err: at android.app.ActivityThread.access$1500(ActivityThread.java:248)
06-28 10:27:01.147 24965 24965 W System.err: at android.app.ActivityThread$H.handleMessage(ActivityThread.java:2054)
06-28 10:27:01.147 24965 24965 W System.err: at android.os.Handler.dispatchMessage(Handler.java:106)
06-28 10:27:01.147 24965 24965 W System.err: at android.os.Looper.loopOnce(Looper.java:201)
06-28 10:27:01.147 24965 24965 W System.err: at android.os.Looper.loop(Looper.java:288)
06-28 10:27:01.147 24965 24965 W System.err: at android.app.ActivityThread.main(ActivityThread.java:7880)
06-28 10:27:01.147 24965 24965 W System.err: at java.lang.reflect.Method.invoke(Native Method)
06-28 10:27:01.147 24965 24965 W System.err: at com.android.internal.os.RuntimeInit$MethodAndArgsCaller.run(RuntimeInit.java:548)
06-28 10:27:01.147 24965 24965 W System.err: at com.android.internal.os.ZygoteInit.main(ZygoteInit.java:1009)
06-28 10:27:01.151 24965 25080 D OpenGLRenderer: failed overriding property to
06-28 10:27:01.152 24965 25013 I BPEAStatementManager: bpea_statement.json
06-28 10:27:01.153 24965 25023 W System.err: java.io.FileNotFoundException: ttnet_config.json
06-28 10:27:01.154 24965 25023 W System.err: at android.content.res.AssetManager.nativeOpenAsset(Native Method)
06-28 10:27:01.154 24965 25023 W System.err: at android.content.res.AssetManager.open(AssetManager.java:881)
06-28 10:27:01.154 24965 25023 W System.err: at android.content.res.AssetManager.open(AssetManager.java:858)
06-28 10:27:01.154 24965 25023 W System.err: at com.ss.android.ugc.aweme.utils.BoeUtils.LIZ(SourceFile:33882148)
06-28 10:27:01.154 24965 25023 W System.err: at com.ss.android.ugc.aweme.utils.BoeUtils.LIZIZ(SourceFile:17039390)
06-28 10:27:01.154 24965 25023 W System.err: at com.ss.android.ugc.aweme.utils.BoeUtils.lambda$AHYknq8WV5i5lrlNlB5h_oX5WhM(Unknown Source:0)
06-28 10:27:01.155 24965 25023 W System.err: at X.AWM.run(Unknown Source:4)
06-28 10:27:01.155 24965 25023 W System.err: at java.util.concurrent.Executors$RunnableAdapter.call(Executors.java:462)
06-28 10:27:01.155 24965 25023 W System.err: at java.util.concurrent.FutureTask.run(FutureTask.java:266)
06-28 10:27:01.155 24965 25023 W System.err: at java.util.concurrent.ThreadPoolExecutor.runWorker(ThreadPoolExecutor.java:1167)
06-28 10:27:01.155 24965 25023 W System.err: at java.util.concurrent.ThreadPoolExecutor$Worker.run(ThreadPoolExecutor.java:641)
06-28 10:27:01.155 24965 25023 W System.err: at Y.ARunnableS87S0200000_30.run$82(SourceFile:17104961)
06-28 10:27:01.155 24965 25023 W System.err: at Y.ARunnableS87S0200000_30.run(Unknown Source:334)
06-28 10:27:01.155 24965 25023 W System.err: at java.lang.Thread.run(Thread.java:920)
06-28 10:27:01.155 24965 25023 W System.err: at com.ss.android.ugc.bytex.pthread.base.convergence.ThreadProxy$start$1.run(Unknown Source:160)
06-28 10:27:01.155 24965 25023 W System.err: at java.util.concurrent.ThreadPoolExecutor.runWorker(ThreadPoolExecutor.java:1167)
06-28 10:27:01.155 24965 25023 W System.err: at java.util.concurrent.ThreadPoolExecutor$Worker.run(ThreadPoolExecutor.java:641)
06-28 10:27:01.155 24965 25023 W System.err: at java.lang.Thread.run(Thread.java:920)
06-28 10:27:01.162 1603 3456 D ConnectivityService: requestNetwork for uid/pid:10104/24965 activeRequest: null callbackRequest: 569 [NetworkRequest [ REQUEST id=570, [ Capabilities: INTERNET&NOT_RESTRICTED&TRUSTED&NOT_VCN_MANAGED Uid: 10104 RequestorUid: 10104 RequestorPkg: com.ss.android.ugc.aweme] ]] callback flags: 0 priority: 2147483647
06-28 10:27:01.162 1603 1941 D ConnectivityService: NetReassign [570 : null → 100]
06-28 10:27:01.163 1603 1934 D WifiNetworkFactory: got request NetworkRequest [ REQUEST id=570, [ Capabilities: INTERNET&NOT_RESTRICTED&TRUSTED&NOT_VCN_MANAGED Uid: 10104 RequestorUid: 10104 RequestorPkg: com.ss.android.ugc.aweme] ]
06-28 10:27:01.163 1603 1934 D UntrustedWifiNetworkFactory: got request NetworkRequest [ REQUEST id=570, [ Capabilities: INTERNET&NOT_RESTRICTED&TRUSTED&NOT_VCN_MANAGED Uid: 10104 RequestorUid: 10104 RequestorPkg: com.ss.android.ugc.aweme] ]
06-28 10:27:01.163 1603 1934 D OemPaidWifiNetworkFactory: got request NetworkRequest [ REQUEST id=570, [ Capabilities: INTERNET&NOT_RESTRICTED&TRUSTED&NOT_VCN_MANAGED Uid: 10104 RequestorUid: 10104 RequestorPkg: com.ss.android.ugc.aweme] ]
06-28 10:27:01.163 1603 1980 D Ethernet: got request NetworkRequest [ REQUEST id=570, [ Capabilities: INTERNET&NOT_RESTRICTED&TRUSTED&NOT_VCN_MANAGED Uid: 10104 RequestorUid: 10104 RequestorPkg: com.ss.android.ugc.aweme] ]
06-28 10:27:01.163 1603 1980 D EthernetNetworkFactory: acceptRequest, request: NetworkRequest [ REQUEST id=570, [ Capabilities: INTERNET&NOT_RESTRICTED&TRUSTED&NOT_VCN_MANAGED Uid: 10104 RequestorUid: 10104 RequestorPkg: com.ss.android.ugc.aweme] ]
06-28 10:27:01.164 1603 1980 I EthernetNetworkFactory: networkForRequest, request: NetworkRequest [ REQUEST id=570, [ Capabilities: INTERNET&NOT_RESTRICTED&TRUSTED&NOT_VCN_MANAGED Uid: 10104 RequestorUid: 10104 RequestorPkg: com.ss.android.ugc.aweme] ], network: null
06-28 10:27:01.165 24965 24989 E droid.ugc.awem: No package ID 7f found for ID 0x7f0c0146.
06-28 10:27:01.166 24965 24989 E droid.ugc.awem: No package ID 7f found for ID 0x7f0c01e4.
06-28 10:27:01.166 1603 1941 D ConnectivityService: NetReassign [no changes]
06-28 10:27:01.166 24965 24965 W System : ClassLoader referenced unknown path:
06-28 10:27:01.168 24965 25053 W System.err: java.lang.ClassNotFoundException: com.bytedance.bdturing.verify.IdentityService ##not found in Plugin##
06-28 10:27:01.168 24965 25053 W System.err: at com.ss.android.ugc.aweme.plugin.fix.MiraPluginFix.findClass(SourceFile:17170627)
06-28 10:27:01.168 24965 25053 W System.err: at com.ss.android.ugc.aweme.plugin.fix.MiraPluginFix.forName(SourceFile:17039388)
06-28 10:27:01.168 24965 25053 W System.err: at com.GlobalProxyLancet.com_ss_android_ugc_aweme_lancet_mira_opt_MiraReflectLancet_forName(Unknown Source:10037)
06-28 10:27:01.168 24965 25053 W System.err: at X.jjk.LIZ(SourceFile:17301925)
06-28 10:27:01.168 24965 25053 W System.err: at com.ss.android.ugc.aweme.sec.captcha.SecCaptcha.(SourceFile:50593835)
06-28 10:27:01.168 24965 25053 W System.err: at com.ss.android.ugc.aweme.sec.SecApiImpl.initSec(SourceFile:168296976)
06-28 10:27:01.168 24965 25053 W System.err: at X.VWg.LIZJ(SourceFile:17170637)
06-28 10:27:01.168 24965 25053 W System.err: at X.VXP.LIZ(SourceFile:34079242)
06-28 10:27:01.168 24965 25053 W System.err: at Y.ACallableS170S0200000_21.call$2(SourceFile:17104932)
06-28 10:27:01.168 24965 25053 W System.err: at Y.ACallableS170S0200000_21.call(Unknown Source:17)
06-28 10:27:01.168 24965 25053 W System.err: at Y.ARunnableS34S0300000_20.run(SourceFile:17104947)
06-28 10:27:01.168 24965 25053 W System.err: at Y.ARunnableS34S0300000_20.run(Unknown Source:6)
06-28 10:27:01.168 24965 25053 W System.err: at java.util.concurrent.ThreadPoolExecutor.runWorker(ThreadPoolExecutor.java:1167)
06-28 10:27:01.168 24965 25053 W System.err: at java.util.concurrent.ThreadPoolExecutor$Worker.run(ThreadPoolExecutor.java:641)
06-28 10:27:01.168 24965 25053 W System.err: at Y.ARunnableS87S0200000_30.run$82(SourceFile:17104961)
06-28 10:27:01.168 24965 25053 W System.err: at Y.ARunnableS87S0200000_30.run(Unknown Source:334)
06-28 10:27:01.168 24965 25053 W System.err: at java.lang.Thread.run(Thread.java:920)
06-28 10:27:01.168 24965 25053 W System.err: at com.ss.android.ugc.bytex.pthread.base.convergence.ThreadProxy$start$1.run(Unknown Source:160)
06-28 10:27:01.168 24965 25053 W System.err: at java.util.concurrent.ThreadPoolExecutor.runWorker(ThreadPoolExecutor.java:1167)
06-28 10:27:01.168 24965 25053 W System.err: at java.util.concurrent.ThreadPoolExecutor$Worker.run(ThreadPoolExecutor.java:641)
06-28 10:27:01.168 24965 25053 W System.err: at java.lang.Thread.run(Thread.java:920)
06-28 10:27:01.169 24965 24965 I auditd : type=1400 audit(0.0:13445): avc: granted { execute } for comm="#tp-io-53" path="/data/user/0/com.ss.android.ugc.aweme/files/webview_bytedance/e098d2c121417799e1cfdecc90f33767_md5/libwebviewbytedance.so" dev="dm-21" ino=371299 scontext=u:r:untrusted_app_29:s0:c104,c256,c512,c768 tcontext=u:object_r:app_data_file:s0:c104,c256,c512,c768 tclass=file app=com.ss.android.ugc.aweme
06-28 10:27:01.169 24965 24965 W #tp-io-53: type=1400 audit(0.0:13445): avc: granted { execute } for path="/data/user/0/com.ss.android.ugc.aweme/files/webview_bytedance/e098d2c121417799e1cfdecc90f33767_md5/libwebviewbytedance.so" dev="dm-21" ino=371299 scontext=u:r:untrusted_app_29:s0:c104,c256,c512,c768 tcontext=u:object_r:app_data_file:s0:c104,c256,c512,c768 tclass=file app=com.ss.android.ugc.aweme
06-28 10:27:01.181 1603 1946 I GameModeConfig: isGameModeOn = true
06-28 10:27:01.181 1603 1946 I GameModeConfig: isGaming = false
06-28 10:27:01.181 1603 1946 I GameModeConfig: isGameModeOn = true
06-28 10:27:01.181 1603 1946 I GameModeConfig: isGaming = false
06-28 10:27:01.182 1603 1946 I GameModeConfig: isGameModeOn = true
06-28 10:27:01.182 1603 1946 I GameModeConfig: isGaming = false
06-28 10:27:01.182 1603 1946 I GameModeConfig: isGameModeOn = true
06-28 10:27:01.182 1603 1946 I GameModeConfig: isGaming = false
06-28 10:27:01.182 1603 1946 I GameModeConfig: isGameModeOn = true
06-28 10:27:01.182 1603 1946 I GameModeConfig: isGaming = false
06-28 10:27:01.182 1603 1946 I GameModeConfig: isGameModeOn = true
06-28 10:27:01.182 1603 1946 I GameModeConfig: isGaming = false
06-28 10:27:01.190 24965 25060 I TT_WEBVIEW_CHROMIUM: ttwebview_timing[WebViewChromiumFactoryProvider.loadLibrary]17
06-28 10:27:01.216 24965 25013 W System.err: com.bytedance.ies.NullValueException
06-28 10:27:01.217 24965 25013 W System.err: at com.ss.android.ugc.aweme.global.config.settings.pojo.IESSettingsProxy.getDisableDelaySecReport(SourceFile:327746)
06-28 10:27:01.217 24965 25013 W System.err: at com.ss.android.ugc.aweme.requesttask.idle.SecSdkRequest.request(SourceFile:33882151)
06-28 10:27:01.217 24965 25013 W System.err: at com.ss.android.ugc.aweme.lego.processor.RequestProcessor.runRequest(SourceFile:33882169)
06-28 10:27:01.217 24965 25013 W System.err: at com.ss.android.ugc.aweme.lego.LegoRequest$-CC.$default$doWork(SourceFile:16908296)
06-28 10:27:01.217 24965 25052 E droid.ugc.awem: No package ID 7f found for ID 0x7f0c000f.
06-28 10:27:01.217 24965 25052 E droid.ugc.awem: No package ID 7f found for ID 0x7f0c000f.
06-28 10:27:01.217 24965 25013 W System.err: at com.ss.android.ugc.aweme.requesttask.idle.SecSdkRequest.doWork(Unknown Source:0)
06-28 10:27:01.220 24965 25013 W System.err: at com.ss.android.ugc.nimbleworker.scheduler.helper.TraceHelper.doWork(SourceFile:33816629)
06-28 10:27:01.220 24965 25013 W System.err: at com.ss.android.ugc.nimbleworker.scheduler.SparseScheduler.lambda$schedule$0$SparseScheduler(SourceFile:17039390)
06-28 10:27:01.220 24965 25013 W System.err: at X.QjL.run(Unknown Source:4)
06-28 10:27:01.220 24965 25013 W System.err: at java.util.concurrent.ThreadPoolExecutor.runWorker(ThreadPoolExecutor.java:1167)
06-28 10:27:01.221 24965 25013 W System.err: at java.util.concurrent.ThreadPoolExecutor$Worker.run(ThreadPoolExecutor.java:641)
06-28 10:27:01.221 24965 25013 W System.err: at Y.ARunnableS87S0200000_30.run$82(SourceFile:17104961)
06-28 10:27:01.221 24965 25013 W System.err: at Y.ARunnableS87S0200000_30.run(Unknown Source:334)
06-28 10:27:01.223 24965 25013 W System.err: at java.lang.Thread.run(Thread.java:920)
06-28 10:27:01.223 24965 25013 W System.err: at com.ss.android.ugc.bytex.pthread.base.convergence.ThreadProxy$start$1.run(Unknown Source:160)
06-28 10:27:01.224 24965 25013 W System.err: at java.util.concurrent.ThreadPoolExecutor.runWorker(ThreadPoolExecutor.java:1167)
06-28 10:27:01.224 24965 25013 W System.err: at java.util.concurrent.ThreadPoolExecutor$Worker.run(ThreadPoolExecutor.java:641)
06-28 10:27:01.224 24965 25013 W System.err: at java.lang.Thread.run(Thread.java:920)
06-28 10:27:01.249 24965 25016 I KEVA.NATIVE: byte array do not exist
06-28 10:27:01.251 24965 25026 I KEVA.NATIVE: byte array do not exist
06-28 10:27:01.252 0 0 W [ 1095.833400] audit: audit_lost=12402 audit_rate_limit=5 audit_backlog_limit=64
06-28 10:27:01.252 0 0 E [ 1095.833402] audit: rate limit exceeded
06-28 10:27:01.252 24965 25115 E cr_TT_WEBVIEW: initNpthCallback success
06-28 10:27:01.252 24965 25031 W System.err: java.lang.ClassNotFoundException: miui.os.MiuiInit ##not found in Plugin##
06-28 10:27:01.252 24965 25031 W System.err: at com.ss.android.ugc.aweme.plugin.fix.MiraPluginFix.findClass(SourceFile:17170627)
06-28 10:27:01.252 24965 25031 W System.err: at com.ss.android.ugc.aweme.plugin.fix.MiraPluginFix.forName(SourceFile:17039388)
06-28 10:27:01.252 24965 25031 W System.err: at com.GlobalProxyLancet.com_ss_android_ugc_aweme_lancet_mira_opt_MiraReflectLancet_forName(Unknown Source:10037)
06-28 10:27:01.252 24965 25031 W System.err: at com.ss.android.ugc.aweme.app.ChannelUploadHelper.getMiuiChannelPath(SourceFile:17104927)
06-28 10:27:01.252 24965 25031 W System.err: at com.ss.android.ugc.aweme.app.ChannelUploadHelper.getFileContent(SourceFile:458915)
06-28 10:27:01.252 24965 25031 W System.err: at com.ss.android.ugc.aweme.app.ChannelUploadHelper.getSystemRecordChannel(SourceFile:327742)
06-28 10:27:01.252 24965 25031 W System.err: at com.ss.android.ugc.aweme.legoImp.task.SystemRecordChannelTask.run(SourceFile:16973847)
06-28 10:27:01.252 24965 25031 W System.err: at com.ss.android.ugc.aweme.lego.processor.TaskProcessor.runTask(SourceFile:17170555)
06-28 10:27:01.252 24965 25031 W System.err: at com.ss.android.ugc.aweme.lego.LegoTask$-CC.$default$doWork(SourceFile:16908290)
06-28 10:27:01.252 24965 25031 W System.err: at com.ss.android.ugc.aweme.legoImp.task.SystemRecordChannelTask.doWork(Unknown Source:0)
06-28 10:27:01.252 24965 25031 W System.err: at com.ss.android.ugc.nimbleworker.scheduler.helper.TraceHelper.doWork(SourceFile:33816629)
06-28 10:27:01.252 24965 25031 W System.err: at com.ss.android.ugc.nimbleworker.core.ScheduleManager.lambda$execute$0$ScheduleManager(SourceFile:33816620)
06-28 10:27:01.252 24965 25031 W System.err: at X.QjI.run(Unknown Source:6)
06-28 10:27:01.252 24965 25031 W System.err: at java.util.concurrent.ThreadPoolExecutor.runWorker(ThreadPoolExecutor.java:1167)
06-28 10:27:01.252 24965 25031 W System.err: at java.util.concurrent.ThreadPoolExecutor$Worker.run(ThreadPoolExecutor.java:641)
06-28 10:27:01.252 24965 25031 W System.err: at Y.ARunnableS87S0200000_30.run$82(SourceFile:17104961)
06-28 10:27:01.252 24965 25031 W System.err: at Y.ARunnableS87S0200000_30.run(Unknown Source:334)
06-28 10:27:01.252 24965 25031 W System.err: at java.lang.Thread.run(Thread.java:920)
06-28 10:27:01.252 24965 25031 W System.err: at com.ss.android.ugc.bytex.pthread.base.convergence.ThreadProxy$start$1.run(Unknown Source:160)
06-28 10:27:01.252 24965 25031 W System.err: at java.util.concurrent.ThreadPoolExecutor.runWorker(ThreadPoolExecutor.java:1167)
06-28 10:27:01.252 24965 25031 W System.err: at java.util.concurrent.ThreadPoolExecutor$Worker.run(ThreadPoolExecutor.java:641)
06-28 10:27:01.252 24965 25031 W System.err: at java.lang.Thread.run(Thread.java:920)
06-28 10:27:01.253 24965 25115 E cr_TT_WEBVIEW: initialize getCurProcessName:com.ss.android.ugc.aweme,bEnableRendererProcess:true
06-28 10:27:01.259 24965 25115 I cr_TT_WEBVIEW: getProcessFeature process:com.ss.android.ugc.aweme enableRenderProcess
06-28 10:27:01.262 24965 25101 D Helios_BM: BinderMonitor JNI_OnLoad
06-28 10:27:01.264 24965 25101 D Helios_BM: SkipHiddenApiExemption 1
06-28 10:27:01.264 24965 25101 D Helios_BM: get 0x70ca3ee0
06-28 10:27:01.265 24965 25101 D Helios_BM: OnLoad success!method_size(32), jni_code_off(16), IsArt(1)
06-28 10:27:01.266 24965 25101 D Helios_BM: Helios_BM nativeInit from jni
06-28 10:27:01.266 24965 25101 W Helios_BM: Helios_BM init 1
06-28 10:27:01.274 24965 24989 E droid.ugc.awem: No package ID 7f found for ID 0x7f0c0146.
06-28 10:27:01.274 24965 24989 E droid.ugc.awem: No package ID 7f found for ID 0x7f0c0146.
06-28 10:27:01.275 24965 24989 E droid.ugc.awem: No package ID 7f found for ID 0x7f0c0146.
06-28 10:27:01.275 24965 25031 I WCDB : Initialize JNI module (1/11) SQLiteDebug...
06-28 10:27:01.275 24965 25031 V WCDB.JNIHelp: Registering com/tencent/wcdb/database/SQLiteDebug natives
06-28 10:27:01.275 24965 25031 I WCDB : Initialize JNI module (2/11) Log...
06-28 10:27:01.275 24965 25031 V WCDB.JNIHelp: Registering com/tencent/wcdb/support/Log natives
06-28 10:27:01.275 24965 25031 I WCDB : Initialize JNI module (3/11) FileUtils...
06-28 10:27:01.275 24965 25031 V WCDB.JNIHelp: Registering com/tencent/wcdb/FileUtils natives
06-28 10:27:01.275 1603 6928 W ServiceManager: Permission failure: android.permission.HIGH_SAMPLING_RATE_SENSORS from uid=10104 pid=24965
06-28 10:27:01.275 24965 25031 I WCDB : Initialize JNI module (4/11) SQLiteGlobal...
06-28 10:27:01.275 24965 25031 V WCDB.JNIHelp: Registering com/tencent/wcdb/database/SQLiteGlobal natives
06-28 10:27:01.275 24965 25031 I WCDB : Initialize JNI module (5/11) DBBackup...
06-28 10:27:01.275 24965 25031 V WCDB.JNIHelp: Registering com/tencent/wcdb/repair/BackupKit natives
06-28 10:27:01.275 1603 6021 W ActivityManager: Unable to start service Intent { act=com.bun.msa.action.start.service cmp=com.mdid.msa/.service.MsaKlService (has extras) } U=0: not found
06-28 10:27:01.275 24965 25031 V WCDB.JNIHelp: Registering com/tencent/wcdb/repair/RecoverKit natives
06-28 10:27:01.275 24965 25031 I WCDB : Initialize JNI module (6/11) ChunkedCursorWindow...
06-28 10:27:01.275 24965 25031 V WCDB.JNIHelp: Registering com/tencent/wcdb/database/ChunkedCursorWindow natives
06-28 10:27:01.275 24965 25031 V WCDB.JNIHelp: Registering com/tencent/wcdb/database/SQLiteAsyncQuery natives
06-28 10:27:01.275 24965 25031 I WCDB : Initialize JNI module (7/11) DBDumpUtil...
06-28 10:27:01.275 24965 25031 V WCDB.JNIHelp: Registering com/tencent/wcdb/repair/DBDumpUtil natives
06-28 10:27:01.275 24965 25031 I WCDB : Initialize JNI module (8/11) DBRepair...
06-28 10:27:01.276 24965 25031 V WCDB.JNIHelp: Registering com/tencent/wcdb/repair/RepairKit$RepairCursor natives
06-28 10:27:01.276 24965 25031 I WCDB : Initialize JNI module (9/11) CursorWindow...
06-28 10:27:01.276 24965 25031 V WCDB.JNIHelp: Registering com/tencent/wcdb/CursorWindow natives
06-28 10:27:01.276 24965 25031 I WCDB : Initialize JNI module (10/11) SQLiteDirectCursor...
06-28 10:27:01.276 24965 25031 V WCDB.JNIHelp: Registering com/tencent/wcdb/database/SQLiteDirectQuery natives
06-28 10:27:01.276 24965 25031 I WCDB : Initialize JNI module (11/11) SQLiteConnection...
06-28 10:27:01.278 1603 6021 W ActivityManager: Unable to start service Intent { act=com.bun.msa.action.bindto.service cmp=com.mdid.msa/.service.MsaIdService (has extras) } U=0: not found
06-28 10:27:01.282 24965 25061 D HeapGCOptimizer#native: start to optimize
06-28 10:27:01.284 24965 25061 D HeapGCOptimizer#native: runtime_p:0xb400007b37874a20
06-28 10:27:01.284 24965 25061 D HeapGCOptimizer#native: find java VM pointer:0xb400007ad786a390, offset:520
06-28 10:27:01.284 24965 25061 D HeapGCOptimizer#native: TryCall hook func called
06-28 10:27:01.284 24965 25061 E Try : init for sig: 0x800, sig_flag: 0x0, really: 0x800
06-28 10:27:01.284 24965 25061 D HeapGCOptimizer#native: before call orig, retCode = 0
06-28 10:27:01.284 24965 25061 D HeapGCOptimizer#native: region_space_vtable: 0x79fda00078
06-28 10:27:01.284 24965 25061 D HeapGCOptimizer#native: runtime_inside: heap pointer 0xb400007b17875360, i=0, offset=416
06-28 10:27:01.285 24965 25061 E HeapGCOptimizer#native: s_heap_offset416, region_space_offset:816
06-28 10:27:01.285 24965 25061 D HeapGCOptimizer#native: after call orig, retCode = 0
06-28 10:27:01.285 24965 25061 D HeapGCOptimizer#native: regionSpaceOffset:816
06-28 10:27:01.286 24965 25061 D HeapGCOptimizer#native: min_free:3145728, max_free:16777216, forground_multi:3.000000, target_utilization_:0.750000
06-28 10:27:01.289 24965 25013 W System.err: com.bytedance.ies.NullValueException
06-28 10:27:01.289 24965 25013 W System.err: at com.ss.android.ugc.aweme.global.config.settings.pojo.IESSettingsProxy.getDisableDelayAbSdkRequest(SourceFile:327746)
06-28 10:27:01.289 24965 25013 W System.err: at com.ss.android.ugc.aweme.requesttask.idle.AbSdkCommonRequest.request(SourceFile:33882151)
06-28 10:27:01.289 24965 25013 W System.err: at com.ss.android.ugc.aweme.lego.processor.RequestProcessor.runRequest(SourceFile:33882169)
06-28 10:27:01.289 24965 25013 W System.err: at com.ss.android.ugc.aweme.lego.LegoRequest$-CC.$default$doWork(SourceFile:16908296)
06-28 10:27:01.289 24965 25013 W System.err: at com.ss.android.ugc.aweme.requesttask.idle.AbSdkCommonRequest.doWork(Unknown Source:0)
06-28 10:27:01.289 24965 25013 W System.err: at com.ss.android.ugc.nimbleworker.scheduler.helper.TraceHelper.doWork(SourceFile:33816629)
06-28 10:27:01.290 24965 25013 W System.err: at com.ss.android.ugc.nimbleworker.scheduler.SparseScheduler.lambda$schedule$0$SparseScheduler(SourceFile:17039390)
06-28 10:27:01.290 24965 25013 W System.err: at X.QjL.run(Unknown Source:4)
06-28 10:27:01.290 24965 25013 W System.err: at java.util.concurrent.ThreadPoolExecutor.runWorker(ThreadPoolExecutor.java:1167)
06-28 10:27:01.290 24965 25013 W System.err: at java.util.concurrent.ThreadPoolExecutor$Worker.run(ThreadPoolExecutor.java:641)
06-28 10:27:01.290 24965 25013 W System.err: at Y.ARunnableS87S0200000_30.run$82(SourceFile:17104961)
06-28 10:27:01.290 24965 25013 W System.err: at Y.ARunnableS87S0200000_30.run(Unknown Source:334)
06-28 10:27:01.290 24965 25013 W System.err: at java.lang.Thread.run(Thread.java:920)
06-28 10:27:01.290 24965 25013 W System.err: at com.ss.android.ugc.bytex.pthread.base.convergence.ThreadProxy$start$1.run(Unknown Source:160)
06-28 10:27:01.290 24965 25013 W System.err: at java.util.concurrent.ThreadPoolExecutor.runWorker(ThreadPoolExecutor.java:1167)
06-28 10:27:01.290 24965 25013 W System.err: at java.util.concurrent.ThreadPoolExecutor$Worker.run(ThreadPoolExecutor.java:641)
06-28 10:27:01.290 24965 25013 W System.err: at java.lang.Thread.run(Thread.java:920)
06-28 10:27:01.290 24965 25057 D CompatibilityChangeReporter: Compat change id reported: 171228096; UID 10104; state: ENABLED
06-28 10:27:01.296 24965 25052 E droid.ugc.awem: No package ID 7f found for ID 0x7f0c0146.
06-28 10:27:01.301 24965 25061 W shadowhook_tag: shadowhook: shadowhook init(mode: SHARED, debuggable: true), return: 0, real-init: yes
06-28 10:27:01.303 24965 25061 W bytehook_tag: bytehook already inited, return 0
06-28 10:27:01.305 24965 25061 D OPTIMIZER-JIT: fix JitCompileMethodCrash success
06-28 10:27:01.314 24965 25095 I cr_LibraryLoader: Loaded native library version number "88.0.4324.181"
06-28 10:27:01.316 24965 25052 E droid.ugc.awem: No package ID 7f found for ID 0x7f0c0146.
06-28 10:27:01.317 24965 25095 I cr_CachingUmaRecorder: Flushed 4 samples from 4 histograms.
06-28 10:27:01.333 24965 24989 E droid.ugc.awem: No package ID 7f found for ID 0x7f0c0146.
06-28 10:27:01.337 24965 24965 I wm_on_create_called: [143830663,com.ss.android.ugc.aweme.splash.SplashActivity,performCreate]
06-28 10:27:01.343 24965 24989 E droid.ugc.awem: No package ID 7f found for ID 0x7f0c000f.
06-28 10:27:01.367 24965 24965 I wm_on_start_called: [143830663,com.ss.android.ugc.aweme.splash.SplashActivity,handleStartActivity]
06-28 10:27:01.370 24965 25061 D SYSOPTIMIZER: refresh xhook SUCCESS.
06-28 10:27:01.375 24965 24965 I wm_on_resume_called: [143830663,com.ss.android.ugc.aweme.splash.SplashActivity,RESUME_ACTIVITY]
06-28 10:27:01.375 24965 25057 W System.err: java.lang.NoSuchFieldException: No field mCallback in class Landroid/app/ActivityThread$H; (declaration of 'android.app.ActivityThread$H' appears in /system/framework/framework.jar)
06-28 10:27:01.375 24965 25057 W System.err: at java.lang.Class.getDeclaredField(Native Method)
06-28 10:27:01.375 24965 25057 W System.err: at com.bytedance.common.utility.reflect.Reflect.field0(SourceFile:33947765)
06-28 10:27:01.375 24965 25057 W System.err: at com.bytedance.common.utility.reflect.Reflect.set(SourceFile:33816609)
06-28 10:27:01.375 24965 25057 W System.err: at com.ss.android.ugc.awemepushlib.interaction.PushInitializer.LIZLLL(SourceFile:393409)
06-28 10:27:01.375 24965 25057 W System.err: at com.ss.android.ugc.awemepushlib.interaction.PushInitializer.LIZ(SourceFile:490)
06-28 10:27:01.375 24965 25057 W System.err: at com.ss.android.ugc.awemepushlib.interaction.PushInitializer.LIZIZ(SourceFile:67502268)
06-28 10:27:01.375 24965 25057 W System.err: at com.ss.android.ugc.awemepushlib.interaction.PushInitializer.LIZ(SourceFile:160)
06-28 10:27:01.375 24965 25057 W System.err: at com.ss.android.ugc.awemepushlib.interaction.PushInitializer.LIZ(SourceFile:143)
06-28 10:27:01.375 24965 25057 W System.err: at com.ss.android.ugc.awemepushlib.interaction.PushService.init(SourceFile:33816607)
06-28 10:27:01.376 24965 25057 W System.err: at com.ss.android.ugc.aweme.legoImp.task.main_push.InitPushTask.run(SourceFile:17104976)
06-28 10:27:01.377 24965 25057 W System.err: at com.ss.android.ugc.aweme.lego.processor.TaskProcessor.runTask(SourceFile:17170511)
06-28 10:27:01.377 24965 25057 W System.err: at com.ss.android.ugc.aweme.lego.LegoTask$-CC.$default$doWork(SourceFile:16908290)
06-28 10:27:01.377 24965 25057 W System.err: at com.ss.android.ugc.aweme.lego.extensions.LegoRunStateTask.doWork(Unknown Source:0)
06-28 10:27:01.377 24965 25057 W System.err: at com.ss.android.ugc.nimbleworker.scheduler.helper.TraceHelper.doWork(SourceFile:33816629)
06-28 10:27:01.377 24965 25057 W System.err: at com.ss.android.ugc.nimbleworker.core.ScheduleManager.lambda$execute$0$ScheduleManager(SourceFile:33816620)
06-28 10:27:01.377 24965 25057 W System.err: at X.QjI.run(Unknown Source:6)
06-28 10:27:01.377 24965 25057 W System.err: at java.util.concurrent.ThreadPoolExecutor.runWorker(ThreadPoolExecutor.java:1167)
06-28 10:27:01.377 24965 25057 W System.err: at java.util.concurrent.ThreadPoolExecutor$Worker.run(ThreadPoolExecutor.java:641)
06-28 10:27:01.377 24965 25057 W System.err: at Y.ARunnableS87S0200000_30.run$82(SourceFile:17104961)
06-28 10:27:01.377 24965 25057 W System.err: at Y.ARunnableS87S0200000_30.run(Unknown Source:334)
06-28 10:27:01.377 24965 25057 W System.err: at java.lang.Thread.run(Thread.java:920)
06-28 10:27:01.377 24965 25057 W System.err: at com.ss.android.ugc.bytex.pthread.base.convergence.ThreadProxy$start$1.run(Unknown Source:160)
06-28 10:27:01.377 24965 25057 W System.err: at java.util.concurrent.ThreadPoolExecutor.runWorker(ThreadPoolExecutor.java:1167)
06-28 10:27:01.377 24965 25057 W System.err: at java.util.concurrent.ThreadPoolExecutor$Worker.run(ThreadPoolExecutor.java:641)
06-28 10:27:01.377 24965 25057 W System.err: at java.lang.Thread.run(Thread.java:920)
06-28 10:27:01.383 2605 2605 D ActivityChangeReceiver: onReceive
06-28 10:27:01.383 2605 10145 D MCUUtil : saveLastActivity activityName=com.ss.android.ugc.aweme.main.MainActivity packageName=com.ss.android.ugc.aweme
06-28 10:27:01.391 24965 25057 E droid.ugc.awem: No implementation found for void com.bytedance.vmsdk.log.VLog.nativeSetNativeMinLogLevel(int) (tried Java_com_bytedance_vmsdk_log_VLog_nativeSetNativeMinLogLevel and Java_com_bytedance_vmsdk_log_VLog_nativeSetNativeMinLogLevel__I)
06-28 10:27:01.392 24965 25031 W System.err: java.lang.NoSuchFieldException
06-28 10:27:01.392 24965 25031 W System.err: at com.bytedance.common.utility.reflect.JavaCalls.getFieldOrThrow(SourceFile:33816627)
06-28 10:27:01.392 24965 25031 W System.err: at com.bytedance.common.utility.reflect.JavaCalls.getField(SourceFile:33816605)
06-28 10:27:01.392 24965 25031 W System.err: at X.n1x.(SourceFile:393335)
06-28 10:27:01.392 24965 25031 W System.err: at X.i3i.(SourceFile:262171)
06-28 10:27:01.392 24965 25031 W System.err: at X.i3i.LIZ(SourceFile:262184)
06-28 10:27:01.392 24965 25031 W System.err: at com.ss.android.ugc.aweme.awemeservice.AwemeService.LIZIZ(SourceFile:196632)
06-28 10:27:01.394 24965 25031 W System.err: at com.ss.android.legoimpl.PreloadFeedParamsTask.LIZ(SourceFile:262200)
06-28 10:27:01.394 24965 25031 W System.err: at com.ss.android.legoimpl.PreloadFeedParamsTask.lambda$0Z5nOJUXJqELNmlZns6P8L-tnrk(Unknown Source:0)
06-28 10:27:01.394 24965 25031 W System.err: at X.VXi.run(Unknown Source:0)
06-28 10:27:01.394 24965 25031 W System.err: at java.util.concurrent.ThreadPoolExecutor.runWorker(ThreadPoolExecutor.java:1167)
06-28 10:27:01.394 24965 25031 W System.err: at java.util.concurrent.ThreadPoolExecutor$Worker.run(ThreadPoolExecutor.java:641)
06-28 10:27:01.394 24965 25031 W System.err: at Y.ARunnableS87S0200000_30.run$82(SourceFile:17104961)
06-28 10:27:01.394 24965 25031 W System.err: at Y.ARunnableS87S0200000_30.run(Unknown Source:334)
06-28 10:27:01.394 24965 25031 W System.err: at java.lang.Thread.run(Thread.java:920)
06-28 10:27:01.394 24965 25031 W System.err: at com.ss.android.ugc.bytex.pthread.base.convergence.ThreadProxy$start$1.run(Unknown Source:160)
06-28 10:27:01.394 24965 25031 W System.err: at java.util.concurrent.ThreadPoolExecutor.runWorker(ThreadPoolExecutor.java:1167)
06-28 10:27:01.394 24965 25031 W System.err: at java.util.concurrent.ThreadPoolExecutor$Worker.run(ThreadPoolExecutor.java:641)
06-28 10:27:01.394 24965 25031 W System.err: at java.lang.Thread.run(Thread.java:920)
06-28 10:27:01.403 24965 25138 D vcnnetwork: <0x0,custom_verify.c,JNI_OnLoad,55>-----compiled native library Mar 27 2023 12:32:08-----
06-28 10:27:01.403 24965 25138 D vcnnetwork: <0x0,custom_verify.c,JNI_OnLoad,63>register verify call start
06-28 10:27:01.403 24965 25138 D vcnnetwork: <0x0,custom_verify.c,JNI_OnLoad,67>register verify call end
06-28 10:27:01.403 24965 25138 D vcnnetwork: <0x0,custom_verify.c,JNI_OnLoad,70> JNI_OnLoad (result=65540)
06-28 10:27:01.430 1603 14582 W TelephonyPermissions: reportAccessDeniedToReadIdentifiers:com.ss.android.ugc.aweme:getSerial:-1
06-28 10:27:01.431 24965 25052 E droid.ugc.awem: No package ID 7f found for ID 0x7f0c0010.
06-28 10:27:01.454 1603 6021 W TelephonyPermissions: reportAccessDeniedToReadIdentifiers:com.ss.android.ugc.aweme:getSerial:-1
06-28 10:27:01.461 24965 24965 I auditd : type=1400 audit(0.0:13447): avc: granted { execute } for comm="VideoPreloadHan" path="/data/user/0/com.ss.android.ugc.aweme/files/plugins/com.ss.android.ugc.aweme.videocache_v2/version-2300/lib/libavmdlv2.so" dev="dm-21" ino=310178 scontext=u:r:untrusted_app_29:s0:c104,c256,c512,c768 tcontext=u:object_r:app_data_file:s0:c104,c256,c512,c768 tclass=file app=com.ss.android.ugc.aweme
06-28 10:27:01.461 24965 24965 W VideoPreloadHan: type=1400 audit(0.0:13447): avc: granted { execute } for path="/data/user/0/com.ss.android.ugc.aweme/files/plugins/com.ss.android.ugc.aweme.videocache_v2/version-2300/lib/libavmdlv2.so" dev="dm-21" ino=310178 scontext=u:r:untrusted_app_29:s0:c104,c256,c512,c768 tcontext=u:object_r:app_data_file:s0:c104,c256,c512,c768 tclass=file app=com.ss.android.ugc.aweme
06-28 10:27:01.474 24965 25138 E byteio : <0x0,MDLJniBase.cpp,JNI_OnLoad,60>-----compiled native library Apr 27 2023 06:04:20 (2.1.130.44-aweme-boringssl)-----
06-28 10:27:01.475 24965 25138 E byteio : <0x0,MDLJniBase.cpp,JNI_OnLoad,70> JNI_OnLoad (result=65540)
06-28 10:27:01.504 24965 25160 D VCStrategy: [center][event] on event, mediaId = unknown, key = 2014, value = 49, info =
06-28 10:27:01.505 24965 25069 W droid.ugc.awem: Unsupported class loader
06-28 10:27:01.506 24965 25160 D VCStrategy: [center][event] on event, mediaId = , key = 2018, value = 0, info = engine_default
06-28 10:27:01.507 24965 25160 D VCStrategy: [center][event] on event, mediaId = , key = 2001, value = -1, info = default
06-28 10:27:01.510 24965 25089 W droid.ugc.awem: Unsupported class loader
06-28 10:27:01.529 1603 1721 D CompatibilityInfo: mCompatibilityFlags - 4
06-28 10:27:01.529 1603 1721 D CompatibilityInfo: applicationDensity - 240
06-28 10:27:01.529 1603 1721 D CompatibilityInfo: applicationScale - 1.0
06-28 10:27:01.529 1603 14582 W ActivityManager: Unable to start service Intent { act=com.bun.msa.action.start.service cmp=com.mdid.msa/.service.MsaKlService (has extras) } U=0: not found
06-28 10:27:01.530 24965 25160 D VCStrategy: [center][event] on event, mediaId = , key = 2001, value = -1, info = dynamic
06-28 10:27:01.531 1603 14582 W ActivityManager: Unable to start service Intent { act=com.bun.msa.action.bindto.service cmp=com.mdid.msa/.service.MsaIdService (has extras) } U=0: not found
06-28 10:27:01.532 24965 25052 I KEVA.NATIVE: byte array is empty
06-28 10:27:01.535 24965 25160 D VCStrategy: [center][event] on event, mediaId = , key = 2018, value = 0, info = scene_feed_homepage_hotAC8166393585_0
06-28 10:27:01.535 24965 25061 I AudioManager: In isBluetoothScoOn(), calling application: com.ss.android.ugc.aweme
06-28 10:27:01.543 1603 1711 I input_focus: [Focus request 32d3955 com.ss.android.ugc.aweme/com.ss.android.ugc.aweme.splash.SplashActivity,reason=UpdateInputWindows]
06-28 10:27:01.547 24965 25080 D libEGL : MSAA-->msaa:4 gamemode:0 4x_msaa:0
06-28 10:27:01.547 24965 25080 D libEGL : MSAA-->msaa:4 gamemode:0 4x_msaa:0
06-28 10:27:01.547 24965 25080 D libEGL : MSAA-->msaa:4 gamemode:0 4x_msaa:0
06-28 10:27:01.551 867 1077 I SDM : HWCDisplay::GetColorModeCount: Supported color mode count = 1
06-28 10:27:01.551 867 1077 I SDM : HWCDisplay::GetColorModes: Color mode = 0 is supported
06-28 10:27:01.551 981 2829 E HWComposer: getSupportedContentTypes: getSupportedContentTypes failed for display 4630946816427681409: Unsupported (8)
06-28 10:27:01.552 24965 25080 D hw-ProcessState: Binder ioctl to enable oneway spam detection failed: Invalid argument
06-28 10:27:01.552 0 0 I [ 1096.135715] binder: 24965:25080 ioctl 40046210 791692c1f4 returned -22
06-28 10:27:01.553 535 535 I hwservicemanager: getTransport: Cannot find entry android.hardware.graphics.mapper@4.0::IMapper/default in either framework or device VINTF manifest.
06-28 10:27:01.554 24965 24965 W View : requestLayout() improperly called by com.ss.android.ugc.aweme.homepage.ui.view.MainFlippableViewPager{ad431e VFED..... ......ID 0,0-695,1176 #7f071d52 app:id/viewpager} during layout: running second layout pass
06-28 10:27:01.554 24965 24965 W View : requestLayout() improperly called by com.bytedance.ies.dmt.ui.widget.DmtLoadingLayout{b6ce7ff V.E...... ......ID 0,0-695,1176} during layout: running second layout pass
06-28 10:27:01.554 24965 24965 W View : requestLayout() improperly called by android.widget.FrameLayout{474a415 V.E...... ......ID 320,381-374,450 #7f0700a5 app:id/cs} during layout: running second layout pass
06-28 10:27:01.554 24965 25180 I Gralloc4: mapper 4.x is not supported
06-28 10:27:01.558 535 535 I hwservicemanager: getTransport: Cannot find entry android.hardware.graphics.allocator@4.0::IAllocator/default in either framework or device VINTF manifest.
06-28 10:27:01.558 24965 25180 W Gralloc4: allocator 4.x is not supported
06-28 10:27:01.573 1603 1889 I input_focus: [Focus leaving 3675f2c com.android.launcher3/com.android.launcher3.uioverrides.QuickstepLauncher (server),reason=Waiting for window because NOT_VISIBLE]
06-28 10:27:01.574 24965 25090 E droid.ugc.awem: No package ID 7f found for ID 0x7f0c000f.
06-28 10:27:01.574 24965 25090 E droid.ugc.awem: No package ID 7f found for ID 0x7f0c000f.
06-28 10:27:01.576 24965 25090 W droid.ugc.awem: Unsupported class loader
06-28 10:27:01.581 24965 24965 I wm_on_top_resumed_gained_called: [143830663,com.ss.android.ugc.aweme.splash.SplashActivity,topStateChangedWhenResumed]
06-28 10:27:01.582 24965 24965 I NPTH : anr_monitor_init succsess!
06-28 10:27:01.596 1603 1711 D PowerManagerService: acquireWakeLockInternal: lock=253711344, flags=0x2000000a, tag="WindowManager", ws=WorkSource{10104}, uid=1000, pid=1603
06-28 10:27:01.597 1603 1711 D PowerManagerService: updateWakeLockSummaryLocked: mWakefulness=Awake, mWakeLockSummary=0x23
06-28 10:27:01.597 1603 1711 D PowerManagerService: updateUserActivitySummaryLocked: groupId=0, mWakefulness=Awake, mUserActivitySummary=0x1, nextTimeout=1155383 (in 59203 ms)
06-28 10:27:01.597 1603 1711 D PowerManagerNotifier: onScreenPolicyUpdate: newPolicy=3
06-28 10:27:01.597 1603 1711 D PowerManagerService: updateDisplayPowerStateLocked: displayReady=true, groupId=0, policy=BRIGHT, mWakefulness=Awake, mWakeLockSummary=0x23, mUserActivitySummary=0x1, mBootCompleted=true, screenBrightnessOverride=NaN, useAutoBrightness=false, mScreenBrightnessBoostInProgress=false, mIsVrModeEnabled= false, sQuiescent=false
06-28 10:27:01.597 1603 1711 D PowerManagerNotifier: onWakeLockAcquired: flags=536870922, tag="WindowManager", packageName=android, ownerUid=1000, ownerPid=1603, workSource=WorkSource{10104}
06-28 10:27:01.600 1603 1706 I sysui_multi_action: [319,646,322,646,325,1095,757,761,758,7,759,2,806,com.ss.android.ugc.aweme,871,com.ss.android.ugc.aweme.splash.SplashActivity,904,com.android.launcher3,905,0,945,29,1320,8,1321,5]
06-28 10:27:01.601 1603 1706 I wm_activity_launch_time: [0,143830663,com.ss.android.ugc.aweme/.splash.SplashActivity,646]
06-28 10:27:01.603 1603 1706 I ActivityTaskManager: Displayed com.ss.android.ugc.aweme/.splash.SplashActivity: +646ms
06-28 10:27:01.606 1603 1889 I input_focus: [Focus entering 32d3955 com.ss.android.ugc.aweme/com.ss.android.ugc.aweme.splash.SplashActivity (server),reason=Window became focusable. Previous reason: NOT_VISIBLE]
06-28 10:27:01.609 1603 1709 I EventSequenceValidator: dec AccIntentStartedEvents to 1
06-28 10:27:01.628 3479 3479 I ImeService: ImeService(com.baidu.input_hryt.ImeService@be0deda) life called >>> onUnbindInput
06-28 10:27:01.629 3479 3479 D ImeService: onUnbindInput
06-28 10:27:01.629 3479 3479 I ImeService: ImeService(com.baidu.input_hryt.ImeService@be0deda) life called >>> onUnbindInput false
06-28 10:27:01.630 24965 25089 D 1.1.1.1-FlowerInitReporter: reportEvent() called with: eventName = flower_sdk_init, enumableArgs = {init_status=start, init_times=1}, mutableArgs = {time_stamp=1687919221628}
06-28 10:27:01.631 3479 3479 I ImeService: ImeService(com.baidu.input_hryt.ImeService@be0deda) life called >>> onBindInput
06-28 10:27:01.631 3479 3479 D ImeService: onBindInput
06-28 10:27:01.631 3479 3479 I ImeService: ImeService(com.baidu.input_hryt.ImeService@be0deda) life called >>> onFinishInput
06-28 10:27:01.631 3479 3479 D ImeService: onFinishInput
06-28 10:27:01.631 3479 3479 I ImeService: ImeService(com.baidu.input_hryt.ImeService@be0deda) life called >>> onStartInput false 10.6.1003.19
06-28 10:27:01.631 3479 3479 D ImeService: current version:10.6.1003.19
06-28 10:27:01.632 3479 3479 D ImeService: onStartInput:packageName:com.ss.android.ugc.aweme inputType:0 restarting:false,fieldId:-1,imeOptions:0
06-28 10:27:01.635 24965 25089 I 1.1.1.1-FlowerSDKMonitor.flower_sdk_init: category = {"init_status":"start","init_times":1} metric= {"time_stamp":1687919221628} logExtra={}
06-28 10:27:01.636 24965 25089 I 1.1.1.1-FlowerSDKMonitor.flower_sdk_init: hit whitelist
06-28 10:27:01.640 24965 25089 D 1.1.1.1-FlowerSdk: doInit() called with: config =
06-28 10:27:01.640 24965 25089 D 1.1.1.1-FlowerSdk: {application = com.ss.android.ugc.aweme.app.host.AwemeHostApplication@c9567a2, bulletDependency = com.ss.android.ugc.aweme.aweme_flower_impl.FlowerPluginServiceImpl$x31_e@2e0c4bd, hostServiceConfig = {logService=com.ss.android.ugc.aweme.aweme_flower_impl.FlowerPluginServiceImpl$x31_f@2007a03, appDownloadService=com.ss.android.ugc.aweme.aweme_flower_impl.FlowerPluginServiceImpl$x31_o@b30d80, metaSecService=com.ss.android.ugc.aweme.aweme_flower_impl.FlowerPluginServiceImpl$x31_n@b59efb9, shareService=com.ss.android.ugc.aweme.aweme_flower_impl.FlowerPluginServiceImpl$x31_i@e6b9ffe, hostInfoService=com.ss.android.ugc.aweme.aweme_flower_impl.FlowerPluginServiceImpl$x31_k@b06b35f, netWorkService=com.ss.android.ugc.aweme.aweme_flower_impl.FlowerPluginServiceImpl$x31_m@1a0ce75, routeService=com.ss.android.ugc.aweme.aweme_flower_impl.router.x31_b@3ddbe0a, storageService=com.ss.android.ugc.aweme.aweme_flower_impl.FlowerPluginServiceImpl$x31_l@4750c98, actiivtyTaskService=com.ss.android.ugc.aweme.aweme_flower_impl.FlowerPluginServiceImpl$x31_a@53cdcf1, pluginService=com.ss.android.ugc.aweme.aweme_flower_impl.FlowerPluginServiceImpl$x31_p@9a1b0d6, appSetting=com.ss.android.ugc.aweme.aweme_flower_impl.FlowerPluginServiceImpl$x31_g@93daf57}, isDebug = false, setting = {gecko_ensure_init=false, async_report_sdk_init=true, lazy_init_service=false}}
06-28 10:27:01.640 24965 25089 D 1.1.1.1-FlowerSdk: initDebugTool() called, debugable = false
06-28 10:27:01.641 3479 4085 E CarAuth : check ok
06-28 10:27:01.642 3479 3479 I ColorPicker: invalidatePickedColors: oldFloatColor=fff5f7fa
06-28 10:27:01.654 24965 25017 I System.out: InitReparoTask....LoadReparoRemotePatchTask....Config will add Business
06-28 10:27:01.654 24965 25017 I System.out: Cofig will add challenge
06-28 10:27:01.654 24965 25017 I System.out: Config will add Main
06-28 10:27:01.677 24965 25089 D CommonSetting_PollingTrigger: the interval for 1 is 3600000
06-28 10:27:01.679 24965 24965 D NetworkSecurityConfig: No Network Security Config specified, using platform default
06-28 10:27:01.679 24965 24965 W nsconfig: com.ss.android.ugc.aweme: New config does not match the previously set config.
06-28 10:27:01.679 24965 25067 I LynxEnv : Native Lynx Library load success
06-28 10:27:01.679 24965 25067 I LynxEnv : parseSettingsForDisableQuickJsCache success: false
06-28 10:27:01.680 24965 25089 D CommonSetting_PollingTrigger: the interval for 2 is 3600000
06-28 10:27:01.682 24965 24965 D NetworkSecurityConfig: No Network Security Config specified, using platform default
06-28 10:27:01.682 24965 24965 W nsconfig: com.ss.android.ugc.aweme: New config does not match the previously set config.
06-28 10:27:01.684 24965 25067 I vmsdk : start to load ALog dependency
06-28 10:27:01.684 24965 25067 I lynx : start to load ALog dependency
06-28 10:27:01.685 24965 25017 W System.err: java.lang.IllegalArgumentException: Illegal host shortcut
06-28 10:27:01.686 24965 25017 W System.err: at com.ss.android.ugc.campaign.router.MaydayCampaignUri.LIZ(SourceFile:17236449)
06-28 10:27:01.686 24965 25017 W System.err: at com.ss.android.ugc.campaign.router.MaydayCampaignUri.(SourceFile:17104989)
06-28 10:27:01.686 24965 25017 W System.err: at com.ss.android.ugc.aweme.campaign_impl.FlowerRouterOpenHelper.LIZJ(SourceFile:17039396)
06-28 10:27:01.686 24965 25017 W System.err: at X.XAb.matchInterceptRules(SourceFile:17236161)
06-28 10:27:01.686 24965 25017 W System.err: at com.bytedance.router.InterceptManager.processRouteIntent(SourceFile:33882189)
06-28 10:27:01.686 24965 25017 W System.err: at com.bytedance.router.RouteManager.buildIntent(SourceFile:34013312)
06-28 10:27:01.686 24965 25017 W System.err: at com.bytedance.router.SmartRoute.buildIntent(SourceFile:327760)
06-28 10:27:01.686 24965 25017 W System.err: at X.hnK.LIZ(SourceFile:33816612)
06-28 10:27:01.686 24965 25017 W System.err: at com.ss.android.ugc.aweme.familiar.service.FamiliarServiceImpl.LJJLIIIJLLLLLLLZ(SourceFile:525228)
06-28 10:27:01.686 24965 25017 W System.err: at com.ss.android.ugc.aweme.share.component.MAShareComponent$onCreate$1$1.call(SourceFile:262173)
06-28 10:27:01.686 24965 25017 W System.err: at Y.ARunnableS34S0300000_20.run(SourceFile:17104947)
06-28 10:27:01.686 24965 25017 W System.err: at Y.ARunnableS34S0300000_20.run(Unknown Source:6)
06-28 10:27:01.686 24965 25017 W System.err: at java.util.concurrent.ThreadPoolExecutor.runWorker(ThreadPoolExecutor.java:1167)
06-28 10:27:01.686 24965 25017 W System.err: at java.util.concurrent.ThreadPoolExecutor$Worker.run(ThreadPoolExecutor.java:641)
06-28 10:27:01.686 24965 25017 W System.err: at Y.ARunnableS87S0200000_30.run$82(SourceFile:17104961)
06-28 10:27:01.687 24965 25089 I Campaign_CampaignCoreService: init
06-28 10:27:01.688 24965 25017 W System.err: at Y.ARunnableS87S0200000_30.run(Unknown Source:334)
06-28 10:27:01.688 24965 25017 W System.err: at java.lang.Thread.run(Thread.java:920)
06-28 10:27:01.688 24965 25017 W System.err: at com.ss.android.ugc.bytex.pthread.base.convergence.ThreadProxy$start$1.run(Unknown Source:160)
06-28 10:27:01.688 24965 25089 I Campaign_CampaignServiceManager: setBulletAssemble
06-28 10:27:01.688 24965 25017 W System.err: at java.util.concurrent.ThreadPoolExecutor.runWorker(ThreadPoolExecutor.java:1167)
06-28 10:27:01.688 24965 25017 W System.err: at java.util.concurrent.ThreadPoolExecutor$Worker.run(ThreadPoolExecutor.java:641)
06-28 10:27:01.688 24965 25017 W System.err: at java.lang.Thread.run(Thread.java:920)
06-28 10:27:01.689 24965 25089 I Campaign_CampaignServiceManager: Start syncInit
06-28 10:27:01.681 24965 24965 I auditd : type=1400 audit(0.0:13448): avc: granted { execute } for comm="#tp-io-82" path="/data/user/0/com.ss.android.ugc.aweme/files/plugins/com.ss.android.ugc.aweme.v8/version-24509001/lib/libv8_libfull.cr.so" dev="dm-21" ino=314874 scontext=u:r:untrusted_app_29:s0:c104,c256,c512,c768 tcontext=u:object_r:app_data_file:s0:c104,c256,c512,c768 tclass=file app=com.ss.android.ugc.aweme
06-28 10:27:01.681 24965 24965 W #tp-io-82: type=1400 audit(0.0:13448): avc: granted { execute } for path="/data/user/0/com.ss.android.ugc.aweme/files/plugins/com.ss.android.ugc.aweme.v8/version-24509001/lib/libv8_libfull.cr.so" dev="dm-21" ino=314874 scontext=u:r:untrusted_app_29:s0:c104,c256,c512,c768 tcontext=u:object_r:app_data_file:s0:c104,c256,c512,c768 tclass=file app=com.ss.android.ugc.aweme
06-28 10:27:01.685 24965 24965 I auditd : type=1400 audit(0.0:13449): avc: granted { execute } for comm="#tp-io-82" path="/data/user/0/com.ss.android.ugc.aweme/files/plugins/com.ss.android.ugc.aweme.vmsdk_plugin/version-248090010/lib/libnapi_v8.so" dev="dm-21" ino=315581 scontext=u:r:untrusted_app_29:s0:c104,c256,c512,c768 tcontext=u:object_r:app_data_file:s0:c104,c256,c512,c768 tclass=file app=com.ss.android.ugc.aweme
06-28 10:27:01.685 24965 24965 W #tp-io-82: type=1400 audit(0.0:13449): avc: granted { execute } for path="/data/user/0/com.ss.android.ugc.aweme/files/plugins/com.ss.android.ugc.aweme.vmsdk_plugin/version-248090010/lib/libnapi_v8.so" dev="dm-21" ino=315581 scontext=u:r:untrusted_app_29:s0:c104,c256,c512,c768 tcontext=u:object_r:app_data_file:s0:c104,c256,c512,c768 tclass=file app=com.ss.android.ugc.aweme
06-28 10:27:01.692 24965 25089 I Campaign_FlowerSdk: get getPreloadSetting:null
06-28 10:27:01.692 24965 25089 I Campaign_FlowerSdk: get getPreloadSetting:null
06-28 10:27:01.692 24965 25089 D Campaign_Flower-Prefetch: initWith config null
06-28 10:27:01.694 1603 13590 D CompatibilityInfo: mCompatibilityFlags - 4
06-28 10:27:01.694 1603 13590 D CompatibilityInfo: applicationDensity - 240
06-28 10:27:01.694 1603 13590 D CompatibilityInfo: applicationScale - 1.0
06-28 10:27:01.696 24965 25089 I Campaign_FlowerSdk: get getPrefix:null
06-28 10:27:01.696 24965 24965 D NetworkSecurityConfig: No Network Security Config specified, using platform default
06-28 10:27:01.696 24965 24965 W nsconfig: com.ss.android.ugc.aweme: New config does not match the previously set config.
06-28 10:27:01.696 24965 25089 I Campaign_FlowerSdk: get getPrefix:null
06-28 10:27:01.702 24965 25201 W droid.ugc.awem: Unable to resolve Lcom/ss/android/ugc/aweme/flowersdk/bullet/prefetch/x31_a; annotation class 2578
06-28 10:27:01.708 24965 25201 I Campaign_Flower-Prefetch: ConfigManager initialized successfully.
06-28 10:27:01.708 24965 25089 I Campaign_BulletAssembleImpl: bullet assembler build successfully! bid: campaign
06-28 10:27:01.709 24965 25201 E Campaign_Flower-Prefetch: Failed to parse config json.
