06-28 10:26:46.947 23959 23969 W System : A resource failed to call close.
06-28 10:26:46.947 23959 23969 W System : A resource failed to call close.
06-28 10:26:46.947 23959 23969 W System : A resource failed to call close.
06-28 10:26:46.947 23959 23969 W System : A resource failed to call close.
06-28 10:26:46.947 23959 23969 W System : A resource failed to call close.
06-28 10:26:46.947 23959 23969 W System : A resource failed to call close.
06-28 10:26:46.947 23959 23969 W System : A resource failed to call close.
06-28 10:26:46.947 23959 23969 W System : A resource failed to call close.
06-28 10:26:46.947 23959 23969 W System : A resource failed to call close.
06-28 10:26:46.947 23959 23969 W System : A resource failed to call close.
06-28 10:26:46.947 23959 23969 W System : A resource failed to call close.
06-28 10:26:46.947 23959 23969 W System : A resource failed to call close.
06-28 10:26:46.947 23959 23969 W System : A resource failed to call close.
06-28 10:26:46.947 23959 23969 W System : A resource failed to call close.
06-28 10:26:46.947 23959 23969 W System : A resource failed to call close.
06-28 10:26:46.947 23959 23969 W System : A resource failed to call close.
06-28 10:26:46.948 23959 23969 W System : A resource failed to call close.
06-28 10:26:46.948 23959 23969 W System : A resource failed to call close.
06-28 10:26:46.948 23959 23969 W System : A resource failed to call close.
06-28 10:26:46.948 23959 23969 W System : A resource failed to call close.
06-28 10:26:46.948 23959 23969 W System : A resource failed to call close.
06-28 10:26:46.948 23959 23969 W System : A resource failed to call close.
06-28 10:26:46.948 23959 23969 W System : A resource failed to call close.
06-28 10:26:46.948 23959 23969 W System : A resource failed to call close.
06-28 10:26:46.948 23959 23969 W System : A resource failed to call close.
06-28 10:26:46.948 23959 23969 W System : A resource failed to call close.
06-28 10:26:46.948 23959 23969 W System : A resource failed to call close.
06-28 10:26:47.043 23959 24597 D KSMConfInternal: updateEnableHwDecPlayScene
06-28 10:26:47.151 23959 23969 W System : A resource failed to call close.
06-28 10:26:47.152 23959 23969 W System : A resource failed to call close.
06-28 10:26:47.152 23959 23969 W System : A resource failed to call close.
06-28 10:26:47.152 23959 23969 W System : A resource failed to call close.
06-28 10:26:47.152 23959 23969 W System : A resource failed to call close.
06-28 10:26:47.152 23959 23969 W System : A resource failed to call close.
06-28 10:26:47.152 23959 23969 W System : A resource failed to call close.
06-28 10:26:47.152 23959 23969 W System : A resource failed to call close.
06-28 10:26:47.152 23959 23969 W System : A resource failed to call close.
06-28 10:26:47.152 23959 23969 W System : A resource failed to call close.
06-28 10:26:47.152 23959 23969 W System : A resource failed to call close.
06-28 10:26:47.152 23959 23969 W System : A resource failed to call close.
06-28 10:26:47.152 23959 23969 W System : A resource failed to call close.
06-28 10:26:47.152 23959 23969 W System : A resource failed to call close.
06-28 10:26:47.152 23959 23969 W System : A resource failed to call close.
06-28 10:26:47.152 23959 23969 W System : A resource failed to call close.
06-28 10:26:47.152 23959 23969 W System : A resource failed to call close.
06-28 10:26:47.152 23959 23969 W System : A resource failed to call close.
06-28 10:26:47.152 23959 23969 W System : A resource failed to call close.
06-28 10:26:47.152 23959 23969 W System : A resource failed to call close.
06-28 10:26:47.152 23959 23969 W System : A resource failed to call close.
06-28 10:26:47.152 23959 23969 W System : A resource failed to call close.
06-28 10:26:47.152 23959 23969 W System : A resource failed to call close.
06-28 10:26:47.152 23959 23969 W System : A resource failed to call close.
06-28 10:26:47.152 23959 23969 W System : A resource failed to call close.
06-28 10:26:47.152 23959 23969 W System : A resource failed to call close.
06-28 10:26:47.153 23959 23969 W System : A resource failed to call close.
06-28 10:26:47.153 23959 23969 W System : A resource failed to call close.
06-28 10:26:47.153 23959 23969 W System : A resource failed to call close.
06-28 10:26:47.153 23959 23969 W System : A resource failed to call close.
06-28 10:26:47.153 23959 23969 W System : A resource failed to call close.
06-28 10:26:47.153 23959 23969 W System : A resource failed to call close.
06-28 10:26:47.153 23959 23969 W System : A resource failed to call close.
06-28 10:26:47.153 23959 23969 W System : A resource failed to call close.
06-28 10:26:47.153 23959 23969 W System : A resource failed to call close.
06-28 10:26:47.153 23959 23969 W System : A resource failed to call close.
06-28 10:26:47.153 23959 23969 W System : A resource failed to call close.
06-28 10:26:47.153 23959 23969 W System : A resource failed to call close.
06-28 10:26:47.153 23959 23969 W System : A resource failed to call close.
06-28 10:26:47.153 23959 23969 W System : A resource failed to call close.
06-28 10:26:47.153 23959 23969 W System : A resource failed to call close.
06-28 10:26:47.153 23959 23969 W System : A resource failed to call close.
06-28 10:26:47.153 23959 23969 W System : A resource failed to call close.
06-28 10:26:47.153 23959 23969 W System : A resource failed to call close.
06-28 10:26:47.153 23959 23969 W System : A resource failed to call close.
06-28 10:26:47.153 23959 23969 W System : A resource failed to call close.
06-28 10:26:47.153 23959 23969 W System : A resource failed to call close.
06-28 10:26:47.153 23959 23969 W System : A resource failed to call close.
06-28 10:26:47.418 597 24461 I keystore2: keystore2::watchdog: Watchdog thread idle -> terminating. Have a great day.
06-28 10:26:47.550 1603 6928 W ActivityManager: Background start not allowed: service Intent { cmp=com.zhihu.android/com.liulishuo.filedownloader.services.FileDownloadService$SharedMainProcessService (has extras) } to com.zhihu.android/com.liulishuo.filedownloader.services.FileDownloadService$SharedMainProcessService from pid=23959 uid=10127 pkg=com.zhihu.android startFg?=false
06-28 10:26:47.551 1603 6928 W ActivityManager: Background start not allowed: service Intent { cmp=com.zhihu.android/com.liulishuo.filedownloader.services.FileDownloadService$SharedMainProcessService (has extras) } to com.zhihu.android/com.liulishuo.filedownloader.services.FileDownloadService$SharedMainProcessService from pid=23959 uid=10127 pkg=com.zhihu.android startFg?=false
06-28 10:26:47.552 1603 6928 W ActivityManager: Background start not allowed: service Intent { cmp=com.zhihu.android/com.liulishuo.filedownloader.services.FileDownloadService$SharedMainProcessService (has extras) } to com.zhihu.android/com.liulishuo.filedownloader.services.FileDownloadService$SharedMainProcessService from pid=23959 uid=10127 pkg=com.zhihu.android startFg?=false
06-28 10:26:47.552 1603 6928 W ActivityManager: Background start not allowed: service Intent { cmp=com.zhihu.android/com.liulishuo.filedownloader.services.FileDownloadService$SharedMainProcessService (has extras) } to com.zhihu.android/com.liulishuo.filedownloader.services.FileDownloadService$SharedMainProcessService from pid=23959 uid=10127 pkg=com.zhihu.android startFg?=false
06-28 10:26:47.553 1603 6928 W ActivityManager: Background start not allowed: service Intent { cmp=com.zhihu.android/com.liulishuo.filedownloader.services.FileDownloadService$SharedMainProcessService (has extras) } to com.zhihu.android/com.liulishuo.filedownloader.services.FileDownloadService$SharedMainProcessService from pid=23959 uid=10127 pkg=com.zhihu.android startFg?=false
06-28 10:26:47.554 1603 6928 W ActivityManager: Background start not allowed: service Intent { cmp=com.zhihu.android/com.liulishuo.filedownloader.services.FileDownloadService$SharedMainProcessService (has extras) } to com.zhihu.android/com.liulishuo.filedownloader.services.FileDownloadService$SharedMainProcessService from pid=23959 uid=10127 pkg=com.zhihu.android startFg?=false
06-28 10:26:47.554 23959 23969 W System : A resource failed to call close.
06-28 10:26:47.554 23959 23969 W System : A resource failed to call close.
06-28 10:26:47.554 23959 23969 W System : A resource failed to call close.
06-28 10:26:47.554 23959 23969 W System : A resource failed to call close.
06-28 10:26:47.554 23959 23969 W System : A resource failed to call close.
06-28 10:26:47.554 23959 23969 W System : A resource failed to call close.
06-28 10:26:47.554 23959 23969 W System : A resource failed to call close.
06-28 10:26:47.554 23959 23969 W System : A resource failed to call close.
06-28 10:26:47.554 23959 23969 W System : A resource failed to call close.
06-28 10:26:47.554 23959 23969 W System : A resource failed to call close.
06-28 10:26:47.554 23959 23969 W System : A resource failed to call close.
06-28 10:26:47.554 23959 23969 W System : A resource failed to call close.
06-28 10:26:47.554 23959 23969 W System : A resource failed to call close.
06-28 10:26:47.555 23959 23969 W System : A resource failed to call close.
06-28 10:26:47.555 23959 23969 W System : A resource failed to call close.
06-28 10:26:47.555 23959 23969 W System : A resource failed to call close.
06-28 10:26:47.555 23959 23969 W System : A resource failed to call close.
06-28 10:26:47.555 23959 23969 W System : A resource failed to call close.
06-28 10:26:47.555 23959 23969 W System : A resource failed to call close.
06-28 10:26:47.555 23959 23969 W System : A resource failed to call close.
06-28 10:26:47.555 23959 23969 W System : A resource failed to call close.
06-28 10:26:47.555 23959 23969 W System : A resource failed to call close.
06-28 10:26:47.555 23959 23969 W System : A resource failed to call close.
06-28 10:26:47.555 23959 23969 W System : A resource failed to call close.
06-28 10:26:47.555 23959 23969 W System : A resource failed to call close.
06-28 10:26:47.555 23959 23969 W System : A resource failed to call close.
06-28 10:26:47.555 23959 23969 W System : A resource failed to call close.
06-28 10:26:47.555 23959 23969 W System : A resource failed to call close.
06-28 10:26:47.555 23959 23969 W System : A resource failed to call close.
06-28 10:26:47.555 1603 6928 W ActivityManager: Background start not allowed: service Intent { cmp=com.zhihu.android/com.liulishuo.filedownloader.services.FileDownloadService$SharedMainProcessService (has extras) } to com.zhihu.android/com.liulishuo.filedownloader.services.FileDownloadService$SharedMainProcessService from pid=23959 uid=10127 pkg=com.zhihu.android startFg?=false
06-28 10:26:47.555 23959 23969 W System : A resource failed to call close.
06-28 10:26:47.555 23959 23969 W System : A resource failed to call close.
06-28 10:26:47.555 23959 23969 W System : A resource failed to call close.
06-28 10:26:47.555 23959 23969 W System : A resource failed to call close.
06-28 10:26:47.555 23959 23969 W System : A resource failed to call close.
06-28 10:26:47.555 23959 23969 W System : A resource failed to call close.
06-28 10:26:47.555 23959 23969 W System : A resource failed to call close.
06-28 10:26:47.555 23959 23969 W System : A resource failed to call close.
06-28 10:26:47.555 23959 23969 W System : A resource failed to call close.
06-28 10:26:47.555 23959 23969 W System : A resource failed to call close.
06-28 10:26:47.555 23959 23969 W System : A resource failed to call close.
06-28 10:26:47.555 23959 23969 W System : A resource failed to call close.
06-28 10:26:47.555 23959 23969 W System : A resource failed to call close.
06-28 10:26:47.555 23959 23969 W System : A resource failed to call close.
06-28 10:26:47.555 23959 23969 W System : A resource failed to call close.
06-28 10:26:47.555 23959 23969 W System : A resource failed to call close.
06-28 10:26:47.555 23959 23969 W System : A resource failed to call close.
06-28 10:26:47.555 23959 23969 W System : A resource failed to call close.
06-28 10:26:47.556 23959 23969 W System : A resource failed to call close.
06-28 10:26:47.556 23959 23969 W System : A resource failed to call close.
06-28 10:26:47.556 23959 23969 W System : A resource failed to call close.
06-28 10:26:47.556 1603 6928 W ActivityManager: Background start not allowed: service Intent { cmp=com.zhihu.android/com.liulishuo.filedownloader.services.FileDownloadService$SharedMainProcessService (has extras) } to com.zhihu.android/com.liulishuo.filedownloader.services.FileDownloadService$SharedMainProcessService from pid=23959 uid=10127 pkg=com.zhihu.android startFg?=false
06-28 10:26:47.556 23959 23969 W System : A resource failed to call close.
06-28 10:26:47.556 23959 23969 W System : A resource failed to call close.
06-28 10:26:47.556 23959 23969 W System : A resource failed to call close.
06-28 10:26:47.556 23959 23969 W System : A resource failed to call close.
06-28 10:26:47.556 23959 23969 W System : A resource failed to call close.
06-28 10:26:47.556 23959 23969 W System : A resource failed to call close.
06-28 10:26:47.556 23959 23969 W System : A resource failed to call close.
06-28 10:26:47.556 23959 23969 W System : A resource failed to call close.
06-28 10:26:47.616 680 694 I mpu_uart: [MSG-P:RECV]:No message received in 1000 ms
06-28 10:26:48.383 3167 8733 E hpplay-base-dlna: ssdp_device.c:323::buf_ntop:192.168.124.2 sourceIp:192.168.4.16 is not same network dest_addr:41724096 replyAddr:268740800.
06-28 10:26:48.404 1603 6928 W ActivityManager: Background start not allowed: service Intent { cmp=com.zhihu.android/.push.getui.GetuiPushService (has extras) } to com.zhihu.android/.push.getui.GetuiPushService from pid=23959 uid=10127 pkg=com.zhihu.android startFg?=false
06-28 10:26:48.617 680 694 I mpu_uart: [MSG-P:RECV]:No message received in 1000 ms
06-28 10:26:48.914 1603 1603 D CompatibilityInfo: mCompatibilityFlags - 4
06-28 10:26:48.914 1603 1603 D CompatibilityInfo: applicationDensity - 240
06-28 10:26:48.914 1603 1603 D CompatibilityInfo: applicationScale - 1.0
06-28 10:26:48.923 1603 6928 D CompatibilityInfo: mCompatibilityFlags - 4
06-28 10:26:48.923 1603 6928 D CompatibilityInfo: applicationDensity - 240
06-28 10:26:48.924 1603 6928 D CompatibilityInfo: applicationScale - 1.0
06-28 10:26:48.928 1603 1603 D PowerManagerService: acquireWakeLockInternal: lock=220245312, flags=0x1, tag="*job*/com.tencent.android.qqdownloader.YYBLiveAccountProvider/com.tencent.android.qqdownloader.YYBLiveAccountProvider.account/应用宝:android", ws=WorkSource{10101}, uid=1000, pid=1603
06-28 10:26:48.928 1603 1603 D PowerManagerService: updateWakeLockSummaryLocked: mWakefulness=Asleep, mWakeLockSummary=0x1
06-28 10:26:48.928 1603 1603 D PowerManagerService: updateUserActivitySummaryLocked: groupId=0, mWakefulness=Asleep, mUserActivitySummary=0x0, nextTimeout=0 (1083511 ms ago)
06-28 10:26:48.928 1603 1603 D PowerManagerNotifier: onScreenPolicyUpdate: newPolicy=0
06-28 10:26:48.928 1603 1603 D PowerManagerService: updateDisplayPowerStateLocked: displayReady=true, groupId=0, policy=OFF, mWakefulness=Asleep, mWakeLockSummary=0x1, mUserActivitySummary=0x0, mBootCompleted=true, screenBrightnessOverride=NaN, useAutoBrightness=false, mScreenBrightnessBoostInProgress=false, mIsVrModeEnabled= false, sQuiescent=false
06-28 10:26:48.928 1603 1603 D PowerManagerNotifier: onWakeLockAcquired: flags=1, tag="*job*/com.tencent.android.qqdownloader.YYBLiveAccountProvider/com.tencent.android.qqdownloader.YYBLiveAccountProvider.account/应用宝:android", packageName=android, ownerUid=1000, ownerPid=1603, workSource=WorkSource{10101}
06-28 10:26:48.929 1603 1603 D PowerManagerService: acquireWakeLockInternal: lock=187921529, flags=0x1, tag="*job*/com.zhihu.android/.adbase.tracking.oldtrack.TrackPushService", ws=WorkSource{10127}, uid=1000, pid=1603
06-28 10:26:48.929 1603 1603 D PowerManagerService: updateWakeLockSummaryLocked: mWakefulness=Asleep, mWakeLockSummary=0x1
06-28 10:26:48.929 1603 1603 D PowerManagerService: updateUserActivitySummaryLocked: groupId=0, mWakefulness=Asleep, mUserActivitySummary=0x0, nextTimeout=0 (1083513 ms ago)
06-28 10:26:48.929 1603 1603 D PowerManagerNotifier: onScreenPolicyUpdate: newPolicy=0
06-28 10:26:48.929 1603 1603 D PowerManagerService: updateDisplayPowerStateLocked: displayReady=true, groupId=0, policy=OFF, mWakefulness=Asleep, mWakeLockSummary=0x1, mUserActivitySummary=0x0, mBootCompleted=true, screenBrightnessOverride=NaN, useAutoBrightness=false, mScreenBrightnessBoostInProgress=false, mIsVrModeEnabled= false, sQuiescent=false
06-28 10:26:48.929 1603 1603 D PowerManagerNotifier: onWakeLockAcquired: flags=1, tag="*job*/com.zhihu.android/.adbase.tracking.oldtrack.TrackPushService", packageName=android, ownerUid=1000, ownerPid=1603, workSource=WorkSource{10127}
06-28 10:26:48.931 1603 1992 D PowerManagerService: acquireWakeLockInternal: lock=197756773, flags=0x1, tag="SyncLoopWakeLock", ws=null, uid=1000, pid=1603
06-28 10:26:48.931 1603 1992 D PowerManagerService: updateWakeLockSummaryLocked: mWakefulness=Asleep, mWakeLockSummary=0x1
06-28 10:26:48.931 1603 1992 D PowerManagerService: updateUserActivitySummaryLocked: groupId=0, mWakefulness=Asleep, mUserActivitySummary=0x0, nextTimeout=0 (1083514 ms ago)
06-28 10:26:48.931 1603 1992 D PowerManagerNotifier: onScreenPolicyUpdate: newPolicy=0
06-28 10:26:48.931 1603 1992 D PowerManagerService: updateDisplayPowerStateLocked: displayReady=true, groupId=0, policy=OFF, mWakefulness=Asleep, mWakeLockSummary=0x1, mUserActivitySummary=0x0, mBootCompleted=true, screenBrightnessOverride=NaN, useAutoBrightness=false, mScreenBrightnessBoostInProgress=false, mIsVrModeEnabled= false, sQuiescent=false
06-28 10:26:48.931 1603 1992 D PowerManagerNotifier: onWakeLockAcquired: flags=1, tag="SyncLoopWakeLock", packageName=android, ownerUid=1000, ownerPid=1603, workSource=null
06-28 10:26:48.932 1603 1992 I sync : [com.tencent.android.qqdownloader.YYBLiveAccountProvider,0,3,24220937]
06-28 10:26:48.932 1603 1992 D PowerManagerService: acquireWakeLockInternal: lock=141338884, flags=0x1, tag="*sync*/com.tencent.android.qqdownloader.YYBLiveAccountProvider/com.tencent.android.qqdownloader.YYBLiveAccountProvider.account/应用宝", ws=WorkSource{10101}, uid=1000, pid=1603
06-28 10:26:48.932 1603 1992 D PowerManagerService: updateWakeLockSummaryLocked: mWakefulness=Asleep, mWakeLockSummary=0x1
06-28 10:26:48.932 1603 1992 D PowerManagerService: updateUserActivitySummaryLocked: groupId=0, mWakefulness=Asleep, mUserActivitySummary=0x0, nextTimeout=0 (1083516 ms ago)
06-28 10:26:48.932 1603 1992 D PowerManagerNotifier: onScreenPolicyUpdate: newPolicy=0
06-28 10:26:48.932 1603 1992 D PowerManagerService: updateDisplayPowerStateLocked: displayReady=true, groupId=0, policy=OFF, mWakefulness=Asleep, mWakeLockSummary=0x1, mUserActivitySummary=0x0, mBootCompleted=true, screenBrightnessOverride=NaN, useAutoBrightness=false, mScreenBrightnessBoostInProgress=false, mIsVrModeEnabled= false, sQuiescent=false
06-28 10:26:48.932 1603 1992 D PowerManagerNotifier: onWakeLockAcquired: flags=1, tag="*sync*/com.tencent.android.qqdownloader.YYBLiveAccountProvider/com.tencent.android.qqdownloader.YYBLiveAccountProvider.account/应用宝", packageName=android, ownerUid=1000, ownerPid=1603, workSource=WorkSource{10101}
06-28 10:26:48.933 1603 6928 D CompatibilityInfo: mCompatibilityFlags - 4
06-28 10:26:48.933 1603 6928 D CompatibilityInfo: applicationDensity - 240
06-28 10:26:48.933 1603 6928 D CompatibilityInfo: applicationScale - 1.0
06-28 10:26:48.937 1603 1861 D PowerManagerService: releaseWakeLockInternal: lock=187921529 [*job*/com.zhihu.android/.adbase.tracking.oldtrack.TrackPushService], flags=0x0
06-28 10:26:48.937 1603 1861 D PowerManagerNotifier: onWakeLockReleased: flags=1, tag="*job*/com.zhihu.android/.adbase.tracking.oldtrack.TrackPushService", packageName=android, ownerUid=1000, ownerPid=1603, workSource=WorkSource{10127}
06-28 10:26:48.938 1603 1861 D PowerManagerService: updateWakeLockSummaryLocked: mWakefulness=Asleep, mWakeLockSummary=0x1
06-28 10:26:48.938 1603 1861 D PowerManagerService: updateUserActivitySummaryLocked: groupId=0, mWakefulness=Asleep, mUserActivitySummary=0x0, nextTimeout=0 (1083521 ms ago)
06-28 10:26:48.938 1603 1861 D PowerManagerNotifier: onScreenPolicyUpdate: newPolicy=0
06-28 10:26:48.938 1603 1861 D PowerManagerService: updateDisplayPowerStateLocked: displayReady=true, groupId=0, policy=OFF, mWakefulness=Asleep, mWakeLockSummary=0x1, mUserActivitySummary=0x0, mBootCompleted=true, screenBrightnessOverride=NaN, useAutoBrightness=false, mScreenBrightnessBoostInProgress=false, mIsVrModeEnabled= false, sQuiescent=false
06-28 10:26:48.939 1603 1992 D CompatibilityInfo: mCompatibilityFlags - 4
06-28 10:26:48.939 1603 1992 D CompatibilityInfo: applicationDensity - 240
06-28 10:26:48.939 1603 1992 D CompatibilityInfo: applicationScale - 1.0
06-28 10:26:48.943 1603 1603 D PowerManagerService: acquireWakeLockInternal: lock=140786199, flags=0x1, tag="*job*/com.zhihu.android/.sdk.launchad.job.AdLaunchUpdateService", ws=WorkSource{10127}, uid=1000, pid=1603
06-28 10:26:48.944 1603 1603 D PowerManagerService: updateWakeLockSummaryLocked: mWakefulness=Asleep, mWakeLockSummary=0x1
06-28 10:26:48.944 1603 1603 D PowerManagerService: updateUserActivitySummaryLocked: groupId=0, mWakefulness=Asleep, mUserActivitySummary=0x0, nextTimeout=0 (1083527 ms ago)
06-28 10:26:48.944 1603 1603 D PowerManagerNotifier: onScreenPolicyUpdate: newPolicy=0
06-28 10:26:48.944 1603 1603 D PowerManagerService: updateDisplayPowerStateLocked: displayReady=true, groupId=0, policy=OFF, mWakefulness=Asleep, mWakeLockSummary=0x1, mUserActivitySummary=0x0, mBootCompleted=true, screenBrightnessOverride=NaN, useAutoBrightness=false, mScreenBrightnessBoostInProgress=false, mIsVrModeEnabled= false, sQuiescent=false
06-28 10:26:48.944 1603 1603 D PowerManagerNotifier: onWakeLockAcquired: flags=1, tag="*job*/com.zhihu.android/.sdk.launchad.job.AdLaunchUpdateService", packageName=android, ownerUid=1000, ownerPid=1603, workSource=WorkSource{10127}
06-28 10:26:48.945 23959 24168 D CrashLogger: init: true
06-28 10:26:48.945 1603 1992 D PowerManagerService: releaseWakeLockInternal: lock=197756773 [SyncLoopWakeLock], flags=0x0
06-28 10:26:48.945 1603 1992 D PowerManagerNotifier: onWakeLockReleased: flags=1, tag="SyncLoopWakeLock", packageName=android, ownerUid=1000, ownerPid=1603, workSource=null
06-28 10:26:48.945 1603 1992 D PowerManagerService: updateWakeLockSummaryLocked: mWakefulness=Asleep, mWakeLockSummary=0x1
06-28 10:26:48.945 1603 1992 D PowerManagerService: updateUserActivitySummaryLocked: groupId=0, mWakefulness=Asleep, mUserActivitySummary=0x0, nextTimeout=0 (1083529 ms ago)
06-28 10:26:48.945 1603 1992 D PowerManagerNotifier: onScreenPolicyUpdate: newPolicy=0
06-28 10:26:48.946 1603 1992 D PowerManagerService: updateDisplayPowerStateLocked: displayReady=true, groupId=0, policy=OFF, mWakefulness=Asleep, mWakeLockSummary=0x1, mUserActivitySummary=0x0, mBootCompleted=true, screenBrightnessOverride=NaN, useAutoBrightness=false, mScreenBrightnessBoostInProgress=false, mIsVrModeEnabled= false, sQuiescent=false
06-28 10:26:48.946 1603 1992 D PowerManagerService: acquireWakeLockInternal: lock=197756773, flags=0x1, tag="SyncLoopWakeLock", ws=null, uid=1000, pid=1603
06-28 10:26:48.947 1603 1992 D PowerManagerService: updateWakeLockSummaryLocked: mWakefulness=Asleep, mWakeLockSummary=0x1
06-28 10:26:48.947 1603 1992 D PowerManagerService: updateUserActivitySummaryLocked: groupId=0, mWakefulness=Asleep, mUserActivitySummary=0x0, nextTimeout=0 (1083530 ms ago)
06-28 10:26:48.947 1603 1992 D PowerManagerNotifier: onScreenPolicyUpdate: newPolicy=0
06-28 10:26:48.947 1603 1992 D PowerManagerService: updateDisplayPowerStateLocked: displayReady=true, groupId=0, policy=OFF, mWakefulness=Asleep, mWakeLockSummary=0x1, mUserActivitySummary=0x0, mBootCompleted=true, screenBrightnessOverride=NaN, useAutoBrightness=false, mScreenBrightnessBoostInProgress=false, mIsVrModeEnabled= false, sQuiescent=false
06-28 10:26:48.947 1603 1992 D PowerManagerNotifier: onWakeLockAcquired: flags=1, tag="SyncLoopWakeLock", packageName=android, ownerUid=1000, ownerPid=1603, workSource=null
06-28 10:26:48.947 1603 1861 D PowerManagerService: releaseWakeLockInternal: lock=140786199 [*job*/com.zhihu.android/.sdk.launchad.job.AdLaunchUpdateService], flags=0x0
06-28 10:26:48.947 1603 1861 D PowerManagerNotifier: onWakeLockReleased: flags=1, tag="*job*/com.zhihu.android/.sdk.launchad.job.AdLaunchUpdateService", packageName=android, ownerUid=1000, ownerPid=1603, workSource=WorkSource{10127}
06-28 10:26:48.947 1603 1861 D PowerManagerService: updateWakeLockSummaryLocked: mWakefulness=Asleep, mWakeLockSummary=0x1
06-28 10:26:48.947 1603 1861 D PowerManagerService: updateUserActivitySummaryLocked: groupId=0, mWakefulness=Asleep, mUserActivitySummary=0x0, nextTimeout=0 (1083531 ms ago)
06-28 10:26:48.947 1603 1861 D PowerManagerNotifier: onScreenPolicyUpdate: newPolicy=0
06-28 10:26:48.947 1603 1861 D PowerManagerService: updateDisplayPowerStateLocked: displayReady=true, groupId=0, policy=OFF, mWakefulness=Asleep, mWakeLockSummary=0x1, mUserActivitySummary=0x0, mBootCompleted=true, screenBrightnessOverride=NaN, useAutoBrightness=false, mScreenBrightnessBoostInProgress=false, mIsVrModeEnabled= false, sQuiescent=false
06-28 10:26:48.948 1603 1992 D PowerManagerService: releaseWakeLockInternal: lock=197756773 [SyncLoopWakeLock], flags=0x0
06-28 10:26:48.948 1603 1992 D PowerManagerNotifier: onWakeLockReleased: flags=1, tag="SyncLoopWakeLock", packageName=android, ownerUid=1000, ownerPid=1603, workSource=null
06-28 10:26:48.948 23959 24168 D CrashLogger: init: true
06-28 10:26:48.948 1603 1992 D PowerManagerService: updateWakeLockSummaryLocked: mWakefulness=Asleep, mWakeLockSummary=0x1
06-28 10:26:48.948 1603 1992 D PowerManagerService: updateUserActivitySummaryLocked: groupId=0, mWakefulness=Asleep, mUserActivitySummary=0x0, nextTimeout=0 (1083532 ms ago)
06-28 10:26:48.948 1603 1992 D PowerManagerNotifier: onScreenPolicyUpdate: newPolicy=0
06-28 10:26:48.949 1603 1992 D PowerManagerService: updateDisplayPowerStateLocked: displayReady=true, groupId=0, policy=OFF, mWakefulness=Asleep, mWakeLockSummary=0x1, mUserActivitySummary=0x0, mBootCompleted=true, screenBrightnessOverride=NaN, useAutoBrightness=false, mScreenBrightnessBoostInProgress=false, mIsVrModeEnabled= false, sQuiescent=false
06-28 10:26:48.953 1603 1992 D PowerManagerService: acquireWakeLockInternal: lock=197756773, flags=0x1, tag="SyncLoopWakeLock", ws=null, uid=1000, pid=1603
06-28 10:26:48.953 1603 1992 D PowerManagerService: updateWakeLockSummaryLocked: mWakefulness=Asleep, mWakeLockSummary=0x1
06-28 10:26:48.954 1603 1992 D PowerManagerService: updateUserActivitySummaryLocked: groupId=0, mWakefulness=Asleep, mUserActivitySummary=0x0, nextTimeout=0 (1083538 ms ago)
06-28 10:26:48.954 1603 1992 D PowerManagerNotifier: onScreenPolicyUpdate: newPolicy=0
06-28 10:26:48.955 1603 1992 D PowerManagerService: updateDisplayPowerStateLocked: displayReady=true, groupId=0, policy=OFF, mWakefulness=Asleep, mWakeLockSummary=0x1, mUserActivitySummary=0x0, mBootCompleted=true, screenBrightnessOverride=NaN, useAutoBrightness=false, mScreenBrightnessBoostInProgress=false, mIsVrModeEnabled= false, sQuiescent=false
06-28 10:26:48.955 1603 1992 D PowerManagerNotifier: onWakeLockAcquired: flags=1, tag="SyncLoopWakeLock", packageName=android, ownerUid=1000, ownerPid=1603, workSource=null
06-28 10:26:48.955 1603 1603 D PowerManagerService: releaseWakeLockInternal: lock=220245312 [*job*/com.tencent.android.qqdownloader.YYBLiveAccountProvider/com.tencent.android.qqdownloader.YYBLiveAccountProvider.account/应用宝:android], flags=0x0
06-28 10:26:48.955 1603 1603 D PowerManagerNotifier: onWakeLockReleased: flags=1, tag="*job*/com.tencent.android.qqdownloader.YYBLiveAccountProvider/com.tencent.android.qqdownloader.YYBLiveAccountProvider.account/应用宝:android", packageName=android, ownerUid=1000, ownerPid=1603, workSource=WorkSource{10101}
06-28 10:26:48.956 1603 1603 D PowerManagerService: updateWakeLockSummaryLocked: mWakefulness=Asleep, mWakeLockSummary=0x1
06-28 10:26:48.956 1603 1603 D PowerManagerService: updateUserActivitySummaryLocked: groupId=0, mWakefulness=Asleep, mUserActivitySummary=0x0, nextTimeout=0 (1083539 ms ago)
06-28 10:26:48.956 1603 1603 D PowerManagerNotifier: onScreenPolicyUpdate: newPolicy=0
06-28 10:26:48.956 23959 24168 D CrashLogger: init: true
06-28 10:26:48.956 1603 1603 D PowerManagerService: updateDisplayPowerStateLocked: displayReady=true, groupId=0, policy=OFF, mWakefulness=Asleep, mWakeLockSummary=0x1, mUserActivitySummary=0x0, mBootCompleted=true, screenBrightnessOverride=NaN, useAutoBrightness=false, mScreenBrightnessBoostInProgress=false, mIsVrModeEnabled= false, sQuiescent=false
06-28 10:26:48.959 1603 1992 D PowerManagerService: releaseWakeLockInternal: lock=141338884 [*sync*/com.tencent.android.qqdownloader.YYBLiveAccountProvider/com.tencent.android.qqdownloader.YYBLiveAccountProvider.account/应用宝], flags=0x0
06-28 10:26:48.959 1603 1992 D PowerManagerNotifier: onWakeLockReleased: flags=1, tag="*sync*/com.tencent.android.qqdownloader.YYBLiveAccountProvider/com.tencent.android.qqdownloader.YYBLiveAccountProvider.account/应用宝", packageName=android, ownerUid=1000, ownerPid=1603, workSource=WorkSource{10101}
06-28 10:26:48.959 1603 1992 D PowerManagerService: updateWakeLockSummaryLocked: mWakefulness=Asleep, mWakeLockSummary=0x1
06-28 10:26:48.959 1603 1992 D PowerManagerService: updateUserActivitySummaryLocked: groupId=0, mWakefulness=Asleep, mUserActivitySummary=0x0, nextTimeout=0 (1083543 ms ago)
06-28 10:26:48.959 1603 1992 D PowerManagerNotifier: onScreenPolicyUpdate: newPolicy=0
06-28 10:26:48.959 1603 1992 D PowerManagerService: updateDisplayPowerStateLocked: displayReady=true, groupId=0, policy=OFF, mWakefulness=Asleep, mWakeLockSummary=0x1, mUserActivitySummary=0x0, mBootCompleted=true, screenBrightnessOverride=NaN, useAutoBrightness=false, mScreenBrightnessBoostInProgress=false, mIsVrModeEnabled= false, sQuiescent=false
06-28 10:26:48.959 1603 1992 I sync : [com.tencent.android.qqdownloader.YYBLiveAccountProvider,1,3,24220937]
06-28 10:26:48.961 23959 24168 D CrashLogger: init: true
06-28 10:26:48.962 1603 1992 I commit_sys_config_file: [sync-status,1022927]
06-28 10:26:48.962 1603 1992 D PowerManagerService: releaseWakeLockInternal: lock=197756773 [SyncLoopWakeLock], flags=0x0
06-28 10:26:48.962 1603 1992 D PowerManagerNotifier: onWakeLockReleased: flags=1, tag="SyncLoopWakeLock", packageName=android, ownerUid=1000, ownerPid=1603, workSource=null
06-28 10:26:48.962 1603 1992 D PowerManagerService: updateWakeLockSummaryLocked: mWakefulness=Asleep, mWakeLockSummary=0x1
06-28 10:26:48.962 1603 1992 D PowerManagerService: updateUserActivitySummaryLocked: groupId=0, mWakefulness=Asleep, mUserActivitySummary=0x0, nextTimeout=0 (1083546 ms ago)
06-28 10:26:48.962 1603 1992 D PowerManagerNotifier: onScreenPolicyUpdate: newPolicy=0
06-28 10:26:48.963 1603 1992 D PowerManagerService: updateDisplayPowerStateLocked: displayReady=true, groupId=0, policy=OFF, mWakefulness=Asleep, mWakeLockSummary=0x1, mUserActivitySummary=0x0, mBootCompleted=true, screenBrightnessOverride=NaN, useAutoBrightness=false, mScreenBrightnessBoostInProgress=false, mIsVrModeEnabled= false, sQuiescent=false
06-28 10:26:48.963 1603 1992 D PowerManagerService: acquireWakeLockInternal: lock=197756773, flags=0x1, tag="SyncLoopWakeLock", ws=null, uid=1000, pid=1603
06-28 10:26:48.963 1603 1992 D PowerManagerService: updateWakeLockSummaryLocked: mWakefulness=Asleep, mWakeLockSummary=0x1
06-28 10:26:48.963 1603 1992 D PowerManagerService: updateUserActivitySummaryLocked: groupId=0, mWakefulness=Asleep, mUserActivitySummary=0x0, nextTimeout=0 (1083546 ms ago)
06-28 10:26:48.963 1603 1992 D PowerManagerNotifier: onScreenPolicyUpdate: newPolicy=0
06-28 10:26:48.963 1603 1992 D PowerManagerService: updateDisplayPowerStateLocked: displayReady=true, groupId=0, policy=OFF, mWakefulness=Asleep, mWakeLockSummary=0x1, mUserActivitySummary=0x0, mBootCompleted=true, screenBrightnessOverride=NaN, useAutoBrightness=false, mScreenBrightnessBoostInProgress=false, mIsVrModeEnabled= false, sQuiescent=false
06-28 10:26:48.963 1603 1992 D PowerManagerNotifier: onWakeLockAcquired: flags=1, tag="SyncLoopWakeLock", packageName=android, ownerUid=1000, ownerPid=1603, workSource=null
06-28 10:26:48.965 1603 1992 D CompatibilityInfo: mCompatibilityFlags - 4
06-28 10:26:48.965 1603 1992 D CompatibilityInfo: applicationDensity - 240
06-28 10:26:48.965 1603 1992 D CompatibilityInfo: applicationScale - 1.0
06-28 10:26:48.966 23959 24168 D CrashLogger: init: true
06-28 10:26:48.966 1603 1992 D PowerManagerService: releaseWakeLockInternal: lock=197756773 [SyncLoopWakeLock], flags=0x0
06-28 10:26:48.966 1603 1992 D PowerManagerNotifier: onWakeLockReleased: flags=1, tag="SyncLoopWakeLock", packageName=android, ownerUid=1000, ownerPid=1603, workSource=null
06-28 10:26:48.967 1603 1992 D PowerManagerService: updateWakeLockSummaryLocked: mWakefulness=Asleep, mWakeLockSummary=0x1
06-28 10:26:48.967 1603 1992 D PowerManagerService: updateUserActivitySummaryLocked: groupId=0, mWakefulness=Asleep, mUserActivitySummary=0x0, nextTimeout=0 (1083550 ms ago)
06-28 10:26:48.967 1603 1992 D PowerManagerNotifier: onScreenPolicyUpdate: newPolicy=0
06-28 10:26:48.967 1603 1992 D PowerManagerService: updateDisplayPowerStateLocked: displayReady=true, groupId=0, policy=OFF, mWakefulness=Asleep, mWakeLockSummary=0x1, mUserActivitySummary=0x0, mBootCompleted=true, screenBrightnessOverride=NaN, useAutoBrightness=false, mScreenBrightnessBoostInProgress=false, mIsVrModeEnabled= false, sQuiescent=false
06-28 10:26:48.967 1603 1603 D PowerManagerService: acquireWakeLockInternal: lock=259937551, flags=0x1, tag="*job*/com.tencent.android.qqdownloader.YYBLiveAccountProvider/com.tencent.android.qqdownloader.YYBLiveAccountProvider.account/应用宝:android", ws=WorkSource{10101}, uid=1000, pid=1603
06-28 10:26:48.967 1603 1603 D PowerManagerService: updateWakeLockSummaryLocked: mWakefulness=Asleep, mWakeLockSummary=0x1
06-28 10:26:48.967 1603 1603 D PowerManagerService: updateUserActivitySummaryLocked: groupId=0, mWakefulness=Asleep, mUserActivitySummary=0x0, nextTimeout=0 (1083550 ms ago)
06-28 10:26:48.967 1603 1603 D PowerManagerNotifier: onScreenPolicyUpdate: newPolicy=0
06-28 10:26:48.967 1603 1603 D PowerManagerService: updateDisplayPowerStateLocked: displayReady=true, groupId=0, policy=OFF, mWakefulness=Asleep, mWakeLockSummary=0x1, mUserActivitySummary=0x0, mBootCompleted=true, screenBrightnessOverride=NaN, useAutoBrightness=false, mScreenBrightnessBoostInProgress=false, mIsVrModeEnabled= false, sQuiescent=false
06-28 10:26:48.967 1603 1603 D PowerManagerNotifier: onWakeLockAcquired: flags=1, tag="*job*/com.tencent.android.qqdownloader.YYBLiveAccountProvider/com.tencent.android.qqdownloader.YYBLiveAccountProvider.account/应用宝:android", packageName=android, ownerUid=1000, ownerPid=1603, workSource=WorkSource{10101}
06-28 10:26:48.967 1603 1992 D PowerManagerService: acquireWakeLockInternal: lock=197756773, flags=0x1, tag="SyncLoopWakeLock", ws=null, uid=1000, pid=1603
06-28 10:26:48.967 1603 1992 D PowerManagerService: updateWakeLockSummaryLocked: mWakefulness=Asleep, mWakeLockSummary=0x1
06-28 10:26:48.967 1603 1992 D PowerManagerService: updateUserActivitySummaryLocked: groupId=0, mWakefulness=Asleep, mUserActivitySummary=0x0, nextTimeout=0 (1083551 ms ago)
06-28 10:26:48.967 1603 1992 D PowerManagerNotifier: onScreenPolicyUpdate: newPolicy=0
06-28 10:26:48.967 1603 1992 D PowerManagerService: updateDisplayPowerStateLocked: displayReady=true, groupId=0, policy=OFF, mWakefulness=Asleep, mWakeLockSummary=0x1, mUserActivitySummary=0x0, mBootCompleted=true, screenBrightnessOverride=NaN, useAutoBrightness=false, mScreenBrightnessBoostInProgress=false, mIsVrModeEnabled= false, sQuiescent=false
06-28 10:26:48.967 1603 1992 D PowerManagerNotifier: onWakeLockAcquired: flags=1, tag="SyncLoopWakeLock", packageName=android, ownerUid=1000, ownerPid=1603, workSource=null
06-28 10:26:48.968 1603 1992 I sync : [com.tencent.android.qqdownloader.YYBLiveAccountProvider,0,3,24220937]
06-28 10:26:48.968 1603 1992 D PowerManagerService: acquireWakeLockInternal: lock=141338884, flags=0x1, tag="*sync*/com.tencent.android.qqdownloader.YYBLiveAccountProvider/com.tencent.android.qqdownloader.YYBLiveAccountProvider.account/应用宝", ws=WorkSource{10101}, uid=1000, pid=1603
06-28 10:26:48.968 1603 1992 D PowerManagerService: updateWakeLockSummaryLocked: mWakefulness=Asleep, mWakeLockSummary=0x1
06-28 10:26:48.968 1603 1992 D PowerManagerService: updateUserActivitySummaryLocked: groupId=0, mWakefulness=Asleep, mUserActivitySummary=0x0, nextTimeout=0 (1083551 ms ago)
06-28 10:26:48.968 1603 1992 D PowerManagerNotifier: onScreenPolicyUpdate: newPolicy=0
06-28 10:26:48.968 1603 1992 D PowerManagerService: updateDisplayPowerStateLocked: displayReady=true, groupId=0, policy=OFF, mWakefulness=Asleep, mWakeLockSummary=0x1, mUserActivitySummary=0x0, mBootCompleted=true, screenBrightnessOverride=NaN, useAutoBrightness=false, mScreenBrightnessBoostInProgress=false, mIsVrModeEnabled= false, sQuiescent=false
06-28 10:26:48.968 1603 1992 D PowerManagerNotifier: onWakeLockAcquired: flags=1, tag="*sync*/com.tencent.android.qqdownloader.YYBLiveAccountProvider/com.tencent.android.qqdownloader.YYBLiveAccountProvider.account/应用宝", packageName=android, ownerUid=1000, ownerPid=1603, workSource=WorkSource{10101}
06-28 10:26:48.968 23959 24168 D CrashLogger: init: true
06-28 10:26:48.970 1603 1992 D CompatibilityInfo: mCompatibilityFlags - 4
06-28 10:26:48.970 1603 1992 D CompatibilityInfo: applicationDensity - 240
06-28 10:26:48.970 1603 1992 D CompatibilityInfo: applicationScale - 1.0
06-28 10:26:48.971 1603 1992 D PowerManagerService: releaseWakeLockInternal: lock=197756773 [SyncLoopWakeLock], flags=0x0
06-28 10:26:48.971 1603 1992 D PowerManagerNotifier: onWakeLockReleased: flags=1, tag="SyncLoopWakeLock", packageName=android, ownerUid=1000, ownerPid=1603, workSource=null
06-28 10:26:48.971 1603 1992 D PowerManagerService: updateWakeLockSummaryLocked: mWakefulness=Asleep, mWakeLockSummary=0x1
06-28 10:26:48.971 1603 1992 D PowerManagerService: updateUserActivitySummaryLocked: groupId=0, mWakefulness=Asleep, mUserActivitySummary=0x0, nextTimeout=0 (1083554 ms ago)
06-28 10:26:48.971 1603 1992 D PowerManagerNotifier: onScreenPolicyUpdate: newPolicy=0
06-28 10:26:48.971 1603 1992 D PowerManagerService: updateDisplayPowerStateLocked: displayReady=true, groupId=0, policy=OFF, mWakefulness=Asleep, mWakeLockSummary=0x1, mUserActivitySummary=0x0, mBootCompleted=true, screenBrightnessOverride=NaN, useAutoBrightness=false, mScreenBrightnessBoostInProgress=false, mIsVrModeEnabled= false, sQuiescent=false
06-28 10:26:48.975 1603 1992 D PowerManagerService: acquireWakeLockInternal: lock=197756773, flags=0x1, tag="SyncLoopWakeLock", ws=null, uid=1000, pid=1603
06-28 10:26:48.975 1603 1992 D PowerManagerService: updateWakeLockSummaryLocked: mWakefulness=Asleep, mWakeLockSummary=0x1
06-28 10:26:48.975 1603 1992 D PowerManagerService: updateUserActivitySummaryLocked: groupId=0, mWakefulness=Asleep, mUserActivitySummary=0x0, nextTimeout=0 (1083559 ms ago)
06-28 10:26:48.975 1603 1992 D PowerManagerNotifier: onScreenPolicyUpdate: newPolicy=0
06-28 10:26:48.975 1603 1992 D PowerManagerService: updateDisplayPowerStateLocked: displayReady=true, groupId=0, policy=OFF, mWakefulness=Asleep, mWakeLockSummary=0x1, mUserActivitySummary=0x0, mBootCompleted=true, screenBrightnessOverride=NaN, useAutoBrightness=false, mScreenBrightnessBoostInProgress=false, mIsVrModeEnabled= false, sQuiescent=false
06-28 10:26:48.975 1603 1992 D PowerManagerNotifier: onWakeLockAcquired: flags=1, tag="SyncLoopWakeLock", packageName=android, ownerUid=1000, ownerPid=1603, workSource=null
06-28 10:26:48.976 1603 1992 D PowerManagerService: releaseWakeLockInternal: lock=197756773 [SyncLoopWakeLock], flags=0x0
06-28 10:26:48.976 1603 1992 D PowerManagerNotifier: onWakeLockReleased: flags=1, tag="SyncLoopWakeLock", packageName=android, ownerUid=1000, ownerPid=1603, workSource=null
06-28 10:26:48.976 1603 1992 D PowerManagerService: updateWakeLockSummaryLocked: mWakefulness=Asleep, mWakeLockSummary=0x1
06-28 10:26:48.976 1603 1992 D PowerManagerService: updateUserActivitySummaryLocked: groupId=0, mWakefulness=Asleep, mUserActivitySummary=0x0, nextTimeout=0 (1083559 ms ago)
06-28 10:26:48.976 1603 1992 D PowerManagerNotifier: onScreenPolicyUpdate: newPolicy=0
06-28 10:26:48.976 1603 1992 D PowerManagerService: updateDisplayPowerStateLocked: displayReady=true, groupId=0, policy=OFF, mWakefulness=Asleep, mWakeLockSummary=0x1, mUserActivitySummary=0x0, mBootCompleted=true, screenBrightnessOverride=NaN, useAutoBrightness=false, mScreenBrightnessBoostInProgress=false, mIsVrModeEnabled= false, sQuiescent=false
06-28 10:26:48.978 23959 24168 D CrashLogger: init: true
06-28 10:26:48.979 1603 1992 D PowerManagerService: acquireWakeLockInternal: lock=197756773, flags=0x1, tag="SyncLoopWakeLock", ws=null, uid=1000, pid=1603
06-28 10:26:48.979 1603 1992 D PowerManagerService: updateWakeLockSummaryLocked: mWakefulness=Asleep, mWakeLockSummary=0x1
06-28 10:26:48.979 1603 1992 D PowerManagerService: updateUserActivitySummaryLocked: groupId=0, mWakefulness=Asleep, mUserActivitySummary=0x0, nextTimeout=0 (1083563 ms ago)
06-28 10:26:48.979 1603 1992 D PowerManagerNotifier: onScreenPolicyUpdate: newPolicy=0
06-28 10:26:48.979 1603 1992 D PowerManagerService: updateDisplayPowerStateLocked: displayReady=true, groupId=0, policy=OFF, mWakefulness=Asleep, mWakeLockSummary=0x1, mUserActivitySummary=0x0, mBootCompleted=true, screenBrightnessOverride=NaN, useAutoBrightness=false, mScreenBrightnessBoostInProgress=false, mIsVrModeEnabled= false, sQuiescent=false
06-28 10:26:48.979 1603 1992 D PowerManagerNotifier: onWakeLockAcquired: flags=1, tag="SyncLoopWakeLock", packageName=android, ownerUid=1000, ownerPid=1603, workSource=null
06-28 10:26:48.980 1603 1603 D PowerManagerService: releaseWakeLockInternal: lock=259937551 [*job*/com.tencent.android.qqdownloader.YYBLiveAccountProvider/com.tencent.android.qqdownloader.YYBLiveAccountProvider.account/应用宝:android], flags=0x0
06-28 10:26:48.980 1603 1603 D PowerManagerNotifier: onWakeLockReleased: flags=1, tag="*job*/com.tencent.android.qqdownloader.YYBLiveAccountProvider/com.tencent.android.qqdownloader.YYBLiveAccountProvider.account/应用宝:android", packageName=android, ownerUid=1000, ownerPid=1603, workSource=WorkSource{10101}
06-28 10:26:48.980 1603 1603 D PowerManagerService: updateWakeLockSummaryLocked: mWakefulness=Asleep, mWakeLockSummary=0x1
06-28 10:26:48.980 1603 1603 D PowerManagerService: updateUserActivitySummaryLocked: groupId=0, mWakefulness=Asleep, mUserActivitySummary=0x0, nextTimeout=0 (1083563 ms ago)
06-28 10:26:48.980 1603 1603 D PowerManagerNotifier: onScreenPolicyUpdate: newPolicy=0
06-28 10:26:48.980 1603 1603 D PowerManagerService: updateDisplayPowerStateLocked: displayReady=true, groupId=0, policy=OFF, mWakefulness=Asleep, mWakeLockSummary=0x1, mUserActivitySummary=0x0, mBootCompleted=true, screenBrightnessOverride=NaN, useAutoBrightness=false, mScreenBrightnessBoostInProgress=false, mIsVrModeEnabled= false, sQuiescent=false
06-28 10:26:48.981 1603 1992 D PowerManagerService: releaseWakeLockInternal: lock=141338884 [*sync*/com.tencent.android.qqdownloader.YYBLiveAccountProvider/com.tencent.android.qqdownloader.YYBLiveAccountProvider.account/应用宝], flags=0x0
06-28 10:26:48.981 1603 1992 D PowerManagerNotifier: onWakeLockReleased: flags=1, tag="*sync*/com.tencent.android.qqdownloader.YYBLiveAccountProvider/com.tencent.android.qqdownloader.YYBLiveAccountProvider.account/应用宝", packageName=android, ownerUid=1000, ownerPid=1603, workSource=WorkSource{10101}
06-28 10:26:48.981 1603 1992 D PowerManagerService: updateWakeLockSummaryLocked: mWakefulness=Asleep, mWakeLockSummary=0x1
06-28 10:26:48.981 1603 1992 D PowerManagerService: updateUserActivitySummaryLocked: groupId=0, mWakefulness=Asleep, mUserActivitySummary=0x0, nextTimeout=0 (1083564 ms ago)
06-28 10:26:48.981 1603 1992 D PowerManagerNotifier: onScreenPolicyUpdate: newPolicy=0
06-28 10:26:48.981 1603 1992 D PowerManagerService: updateDisplayPowerStateLocked: displayReady=true, groupId=0, policy=OFF, mWakefulness=Asleep, mWakeLockSummary=0x1, mUserActivitySummary=0x0, mBootCompleted=true, screenBrightnessOverride=NaN, useAutoBrightness=false, mScreenBrightnessBoostInProgress=false, mIsVrModeEnabled= false, sQuiescent=false
06-28 10:26:48.981 23959 24168 D CrashLogger: init: true
06-28 10:26:48.982 1603 1992 W SyncManager: failed sync operation JobId=100028 ***/com.tencent.android.qqdownloader.YYBLiveAccountProvider.account u0 [com.tencent.android.qqdownloader.YYBLiveAccountProvider] USER ExpectedIn=0s STANDBY-EXEMPTED Reason=10101, SyncResult: syncAlreadyInProgress: true stats []
06-28 10:26:48.983 1603 1992 I sync : [com.tencent.android.qqdownloader.YYBLiveAccountProvider,1,3,24220937]
06-28 10:26:48.985 1603 1992 I commit_sys_config_file: [sync-status,1022950]
06-28 10:26:48.985 1603 1992 D PowerManagerService: releaseWakeLockInternal: lock=197756773 [SyncLoopWakeLock], flags=0x0
06-28 10:26:48.985 1603 1992 D PowerManagerNotifier: onWakeLockReleased: flags=1, tag="SyncLoopWakeLock", packageName=android, ownerUid=1000, ownerPid=1603, workSource=null
06-28 10:26:48.985 1603 1992 D PowerManagerService: updateWakeLockSummaryLocked: mWakefulness=Asleep, mWakeLockSummary=0x1
06-28 10:26:48.985 1603 1992 D PowerManagerService: updateUserActivitySummaryLocked: groupId=0, mWakefulness=Asleep, mUserActivitySummary=0x0, nextTimeout=0 (1083569 ms ago)
06-28 10:26:48.985 1603 1992 D PowerManagerNotifier: onScreenPolicyUpdate: newPolicy=0
06-28 10:26:48.986 1603 1992 D PowerManagerService: updateDisplayPowerStateLocked: displayReady=true, groupId=0, policy=OFF, mWakefulness=Asleep, mWakeLockSummary=0x1, mUserActivitySummary=0x0, mBootCompleted=true, screenBrightnessOverride=NaN, useAutoBrightness=false, mScreenBrightnessBoostInProgress=false, mIsVrModeEnabled= false, sQuiescent=false
06-28 10:26:48.986 1603 1992 D PowerManagerService: acquireWakeLockInternal: lock=197756773, flags=0x1, tag="SyncLoopWakeLock", ws=null, uid=1000, pid=1603
06-28 10:26:48.986 1603 1992 D PowerManagerService: updateWakeLockSummaryLocked: mWakefulness=Asleep, mWakeLockSummary=0x1
06-28 10:26:48.986 1603 1992 D PowerManagerService: updateUserActivitySummaryLocked: groupId=0, mWakefulness=Asleep, mUserActivitySummary=0x0, nextTimeout=0 (1083569 ms ago)
06-28 10:26:48.986 1603 1992 D PowerManagerNotifier: onScreenPolicyUpdate: newPolicy=0
06-28 10:26:48.986 1603 1992 D PowerManagerService: updateDisplayPowerStateLocked: displayReady=true, groupId=0, policy=OFF, mWakefulness=Asleep, mWakeLockSummary=0x1, mUserActivitySummary=0x0, mBootCompleted=true, screenBrightnessOverride=NaN, useAutoBrightness=false, mScreenBrightnessBoostInProgress=false, mIsVrModeEnabled= false, sQuiescent=false
06-28 10:26:48.986 1603 1992 D PowerManagerNotifier: onWakeLockAcquired: flags=1, tag="SyncLoopWakeLock", packageName=android, ownerUid=1000, ownerPid=1603, workSource=null
06-28 10:26:48.987 1603 1992 D PowerManagerService: releaseWakeLockInternal: lock=197756773 [SyncLoopWakeLock], flags=0x0
06-28 10:26:48.987 1603 1992 D PowerManagerNotifier: onWakeLockReleased: flags=1, tag="SyncLoopWakeLock", packageName=android, ownerUid=1000, ownerPid=1603, workSource=null
06-28 10:26:48.987 1603 1992 D PowerManagerService: updateWakeLockSummaryLocked: mWakefulness=Asleep, mWakeLockSummary=0x1
06-28 10:26:48.987 1603 1992 D PowerManagerService: updateUserActivitySummaryLocked: groupId=0, mWakefulness=Asleep, mUserActivitySummary=0x0, nextTimeout=0 (1083571 ms ago)
06-28 10:26:48.987 1603 1992 D PowerManagerNotifier: onScreenPolicyUpdate: newPolicy=0
06-28 10:26:48.987 1603 1992 D PowerManagerService: updateDisplayPowerStateLocked: displayReady=true, groupId=0, policy=OFF, mWakefulness=Asleep, mWakeLockSummary=0x1, mUserActivitySummary=0x0, mBootCompleted=true, screenBrightnessOverride=NaN, useAutoBrightness=false, mScreenBrightnessBoostInProgress=false, mIsVrModeEnabled= false, sQuiescent=false
06-28 10:26:48.995 23959 24168 D CrashLogger: init: true
06-28 10:26:49.012 23959 24168 D CrashLogger: init: true
06-28 10:26:49.037 23959 24168 D CrashLogger: init: true
06-28 10:26:49.039 23959 24168 D CrashLogger: init: true
06-28 10:26:49.041 23959 24168 D CrashLogger: init: true
06-28 10:26:49.047 23959 24168 D CrashLogger: init: true
06-28 10:26:49.074 23959 24168 D CrashLogger: init: true
06-28 10:26:49.077 23959 24168 D CrashLogger: init: true
06-28 10:26:49.079 23959 24168 D CrashLogger: init: true
06-28 10:26:49.084 23959 24168 D CrashLogger: init: true
06-28 10:26:49.139 23959 24248 I LoggerUploader: logback hit done response is LoggerHitResult{message='请求成功', status=200, data=LoggerHit{shouldUpload=false, uploadDate='null', id=0, network='null', desc='null'}}
06-28 10:26:49.184 0 0 I [ 1083.767925] init: Sending signal 9 to service 'mdnsd' (pid 24356) process group...
06-28 10:26:49.183 1603 1944 D NsdService: mdnssd [stop-service]
06-28 10:26:49.192 0 0 I [ 1083.773452] libprocessgroup: Successfully killed process cgroup uid 1020 pid 24356 in 5ms
06-28 10:26:49.192 0 0 I [ 1083.774135] init: Control message: Processed ctl.stop for 'mdnsd' from pid: 700 (/system/bin/netd)
06-28 10:26:49.192 0 0 I [ 1083.774820] init: Service 'mdnsd' (pid 24356) received signal 9 oneshot service took 22.237000 seconds in background
06-28 10:26:49.248 23959 23969 W System : A resource failed to call close.
06-28 10:26:49.248 23959 23969 W System : A resource failed to call close.
06-28 10:26:49.248 23959 23969 W System : A resource failed to call close.
