06-28 10:20:40.782 1603 1603 I notification_enqueue: [10104,6455,com.ss.android.ugc.aweme,1493320829,app_notify,0,Notification(channel=push shortcut=null contentView=null vibrate=null sound=null tick defaults=0x0 flags=0x11 color=0x00000000 vis=PRIVATE),0]
06-28 10:20:40.984 1603 1603 I sysui_multi_action: [757,1501,758,1,793,203,794,0,795,203,796,1493320829,797,app_notify,806,com.ss.android.ugc.aweme,857,push,858,4,947,0,1500,0,1688,1]
06-28 10:20:40.985 1603 1603 I sysui_multi_action: [757,804,799,note_interruptive,801,0,802,1]
06-28 10:20:40.987 1603 1603 I sysui_multi_action: [757,1501,758,1,793,206,794,0,795,206,796,1493320829,797,app_notify,806,com.ss.android.ugc.aweme,857,push,858,4,947,0,1500,0,1688,1]
06-28 10:20:40.988 1603 1603 I sysui_multi_action: [757,804,799,note_interruptive,801,0,802,1]
06-28 10:20:40.988 1603 1603 I sysui_multi_action: [757,199,758,1,759,1,793,207,794,0,795,207,796,1493320829,797,app_notify,806,com.ss.android.ugc.aweme,857,push,858,4,947,0,1500,1,1688,1]
06-28 10:20:40.988 1603 1603 I notification_alert: [0|com.ss.android.ugc.aweme|1493320829|app_notify|10104,1,0,0]
06-28 10:20:41.156 1998 1998 I sysui_multi_action: [757,803,799,note_peek,802,1]
06-28 10:20:41.160 1603 3427 I sysui_multi_action: [757,127,758,1]
06-28 10:20:41.160 1603 3427 I sysui_multi_action: [757,804,799,note_load,801,1,802,1]
06-28 10:20:41.160 1603 3427 I notification_panel_revealed: 1
06-28 10:20:41.165 1998 1998 I sysui_heads_up_status: [0|com.ss.android.ugc.aweme|1493320829|app_notify|10104,1]
06-28 10:20:41.177 1603 3427 I sysui_multi_action: [757,128,758,1,793,32614118,794,0,795,32614118,796,26,798,0,806,android,857,DEVELOPER_IMPORTANT,858,4,947,0,1395,2,1500,32612527,1688,1]
06-28 10:20:41.177 1603 3427 I sysui_multi_action: [757,804,799,note_freshness,801,32614118,802,1]
06-28 10:20:41.177 1603 3427 I notification_visibility: [-1|android|26|null|1000,1,32614118,32614118,0,0]
06-28 10:20:41.177 1603 3427 I sysui_multi_action: [757,128,758,1,793,32614117,794,0,795,32614117,796,32,798,1,806,android,857,USB,858,1,947,0,1395,2,1500,32612521,1688,1]
06-28 10:20:41.177 1603 3427 I sysui_multi_action: [757,804,799,note_freshness,801,32614117,802,1]
06-28 10:20:41.177 1603 3427 I notification_visibility: [-1|android|32|null|1000,1,32614117,32614117,0,1]
06-28 10:20:41.677 1603 11911 I sysui_multi_action: [757,128,758,2,793,32614619,794,501,795,32614619,796,26,798,0,806,android,857,DEVELOPER_IMPORTANT,858,4,947,0,1395,2,1500,32613028,1688,1]
06-28 10:20:41.677 1603 11911 I notification_visibility: [-1|android|26|null|1000,0,32614619,32614619,0,0]
06-28 10:20:41.677 1603 11911 I sysui_multi_action: [757,128,758,2,793,32614617,794,500,795,32614617,796,32,798,1,806,android,857,USB,858,1,947,0,1395,2,1500,32613021,1688,1]
06-28 10:20:41.677 1603 11911 I notification_visibility: [-1|android|32|null|1000,0,32614617,32614617,0,1]
06-28 10:20:45.232 1603 1931 I netstats_mobile_sample: [0,0,0,0,0,0,0,0,0,0,0,0,1687918845232]
06-28 10:20:45.232 1603 1931 I netstats_wifi_sample: [258749902,216076,20554012,119013,258749902,216076,20554012,119013,270858405,236936,16863342,111470,1687918845232]
06-28 10:20:46.857 1998 1998 I sysui_heads_up_status: [0|com.ss.android.ugc.aweme|1493320829|app_notify|10104,0]
06-28 10:20:47.317 1603 3085 I sysui_multi_action: [757,128,758,1,793,32620259,794,0,795,32620259,796,26,798,0,806,android,857,DEVELOPER_IMPORTANT,858,4,947,0,1395,2,1500,32618668,1688,1]
06-28 10:20:47.317 1603 3085 I sysui_multi_action: [757,804,799,note_freshness,801,32620259,802,1]
06-28 10:20:47.317 1603 3085 I notification_visibility: [-1|android|26|null|1000,1,32620259,32620259,0,0]
06-28 10:20:47.317 1603 3085 I sysui_multi_action: [757,128,758,1,793,32620257,794,0,795,32620257,796,32,798,1,806,android,857,USB,858,1,947,0,1395,2,1500,32618661,1688,1]
06-28 10:20:47.317 1603 3085 I sysui_multi_action: [757,804,799,note_freshness,801,32620257,802,1]
06-28 10:20:47.318 1603 3085 I notification_visibility: [-1|android|32|null|1000,1,32620257,32620257,0,1]
06-28 10:20:47.321 1603 11911 I sysui_multi_action: [757,128,758,2,793,32620263,794,4,795,32620263,796,26,798,0,806,android,857,DEVELOPER_IMPORTANT,858,4,947,0,1395,2,1500,32618672,1688,1]
06-28 10:20:47.322 1603 11911 I notification_visibility: [-1|android|26|null|1000,0,32620263,32620263,0,0]
06-28 10:20:47.322 1603 11911 I sysui_multi_action: [757,128,758,2,793,32620262,794,5,795,32620262,796,32,798,1,806,android,857,USB,858,1,947,0,1395,2,1500,32618666,1688,1]
06-28 10:20:47.322 1603 11911 I notification_visibility: [-1|android|32|null|1000,0,32620262,32620262,0,1]
06-28 10:20:47.323 1603 11911 I sysui_multi_action: [757,127,758,2]
06-28 10:20:47.323 1603 11911 I notification_panel_hidden:
06-28 10:20:50.385 7721 7721 I auditd : type=1400 audit(0.0:12254): avc: granted { execute } for comm="#tp-io-331" path="/data/user/0/com.ss.android.ugc.aweme.lite/files/plugins/m.l.plugin.veffect_engine/version-25909295/lib/libbytenn.so" dev="dm-21" ino=336055 scontext=u:r:untrusted_app_29:s0:c113,c256,c512,c768 tcontext=u:object_r:app_data_file:s0:c113,c256,c512,c768 tclass=file app=com.ss.android.ugc.aweme.lite
06-28 10:20:50.385 7721 7721 I auditd : type=1400 audit(0.0:12255): avc: granted { execute } for comm="#tp-io-331" path="/data/user/0/com.ss.android.ugc.aweme.lite/files/plugins/m.l.plugin.veffect_engine/version-25909295/lib/libiesapplogger.so" dev="dm-21" ino=336049 scontext=u:r:untrusted_app_29:s0:c113,c256,c512,c768 tcontext=u:object_r:app_data_file:s0:c113,c256,c512,c768 tclass=file app=com.ss.android.ugc.aweme.lite
06-28 10:20:50.385 7721 7721 I auditd : type=1400 audit(0.0:12256): avc: granted { execute } for comm="#tp-io-331" path="/data/user/0/com.ss.android.ugc.aweme.lite/files/plugins/m.l.plugin.veffect_engine/version-25909295/lib/libc++_shared.so" dev="dm-21" ino=336042 scontext=u:r:untrusted_app_29:s0:c113,c256,c512,c768 tcontext=u:object_r:app_data_file:s0:c113,c256,c512,c768 tclass=file app=com.ss.android.ugc.aweme.lite
06-28 10:20:50.393 7721 7721 I auditd : type=1400 audit(0.0:12257): avc: granted { execute } for comm="#tp-io-331" path="/data/user/0/com.ss.android.ugc.aweme.lite/files/plugins/m.l.plugin.veffect_engine/version-25909295/lib/libbytennwrapper.so" dev="dm-21" ino=336053 scontext=u:r:untrusted_app_29:s0:c113,c256,c512,c768 tcontext=u:object_r:app_data_file:s0:c113,c256,c512,c768 tclass=file app=com.ss.android.ugc.aweme.lite
06-28 10:20:51.606 3180 3180 I sqlite_mem_released: 2393640
06-28 10:20:51.607 3180 3180 I force_gc: mem
06-28 10:20:53.820 534 534 I auditd : avc: denied { find } for pid=9273 uid=10104 name=window scontext=u:r:untrusted_app_29:s0:c104,c256,c512,c768 tcontext=u:object_r:window_service:s0 tclass=service_manager permissive=0
06-28 10:20:53.909 6455 6455 I auditd : type=1400 audit(0.0:12258): avc: granted { nlmsg_readpriv } for comm="Thread-439" scontext=u:r:untrusted_app_29:s0:c104,c256,c512,c768 tcontext=u:r:untrusted_app_29:s0:c104,c256,c512,c768 tclass=netlink_route_socket app=com.ss.android.ugc.aweme
06-28 10:20:53.913 6455 6455 I auditd : type=1400 audit(0.0:12259): avc: granted { nlmsg_readpriv } for comm="Thread-439" scontext=u:r:untrusted_app_29:s0:c104,c256,c512,c768 tcontext=u:r:untrusted_app_29:s0:c104,c256,c512,c768 tclass=netlink_route_socket app=com.ss.android.ugc.aweme
06-28 10:20:53.960 534 534 I auditd : avc: denied { find } for pid=9285 uid=10104 name=window scontext=u:r:untrusted_app_29:s0:c104,c256,c512,c768 tcontext=u:object_r:window_service:s0 tclass=service_manager permissive=0
06-28 10:20:53.997 9289 9289 I auditd : type=1400 audit(0.0:12260): avc: denied { read } for comm="ps" name="pid_max" dev="proc" ino=569593 scontext=u:r:untrusted_app_29:s0:c104,c256,c512,c768 tcontext=u:object_r:proc_pid_max:s0 tclass=file permissive=0 app=com.ss.android.ugc.aweme
06-28 10:20:54.029 9292 9292 I auditd : type=1400 audit(0.0:12261): avc: denied { read } for comm="ps" name="pid_max" dev="proc" ino=569593 scontext=u:r:untrusted_app_29:s0:c104,c256,c512,c768 tcontext=u:object_r:proc_pid_max:s0 tclass=file permissive=0 app=com.ss.android.ugc.aweme
06-28 10:20:54.041 6455 6455 I auditd : type=1400 audit(0.0:12262): avc: denied { read } for comm="Thread-439" name="u:object_r:oem_unlock_prop:s0" dev="tmpfs" ino=12593 scontext=u:r:untrusted_app_29:s0:c104,c256,c512,c768 tcontext=u:object_r:oem_unlock_prop:s0 tclass=file permissive=0 app=com.ss.android.ugc.aweme
06-28 10:20:56.185 6455 6455 I auditd : type=1400 audit(0.0:12263): avc: denied { search } for comm="Thread-439" name="input" dev="tmpfs" ino=13367 scontext=u:r:untrusted_app_29:s0:c104,c256,c512,c768 tcontext=u:object_r:input_device:s0 tclass=dir permissive=0 app=com.ss.android.ugc.aweme
06-28 10:20:56.349 9299 9299 I auditd : type=1400 audit(0.0:12264): avc: granted { bind } for comm="ip" scontext=u:r:untrusted_app_29:s0:c104,c256,c512,c768 tcontext=u:r:untrusted_app_29:s0:c104,c256,c512,c768 tclass=netlink_route_socket app=com.ss.android.ugc.aweme
06-28 10:20:56.369 9300 9300 I auditd : type=1400 audit(0.0:12265): avc: granted { bind } for comm="ip" scontext=u:r:untrusted_app_29:s0:c104,c256,c512,c768 tcontext=u:r:untrusted_app_29:s0:c104,c256,c512,c768 tclass=netlink_route_socket app=com.ss.android.ugc.aweme
06-28 10:20:56.369 9300 9300 I auditd : type=1400 audit(0.0:12266): avc: granted { nlmsg_readpriv } for comm="ip" scontext=u:r:untrusted_app_29:s0:c104,c256,c512,c768 tcontext=u:r:untrusted_app_29:s0:c104,c256,c512,c768 tclass=netlink_route_socket app=com.ss.android.ugc.aweme
06-28 10:20:56.561 6455 6455 I auditd : type=1400 audit(0.0:12267): avc: denied { getattr } for comm="Thread-440" path="/data/data/com.android.inputmethod.latin" dev="dm-21" ino=2041 scontext=u:r:untrusted_app_29:s0:c104,c256,c512,c768 tcontext=u:object_r:app_data_file:s0:c68,c256,c512,c768 tclass=dir permissive=0 app=com.ss.android.ugc.aweme
06-28 10:20:56.561 6455 6455 I auditd : type=1400 audit(0.0:12268): avc: denied { getattr } for comm="Thread-440" path="/data/data/com.github.uiautomator" dev="dm-21" ino=55021 scontext=u:r:untrusted_app_29:s0:c104,c256,c512,c768 tcontext=u:object_r:app_data_file:s0:c129,c256,c512,c768 tclass=dir permissive=0 app=com.ss.android.ugc.aweme
06-28 10:20:57.111 1603 11911 I am_uid_running: 99005
06-28 10:20:57.131 1603 1722 I am_proc_start: [0,9325,99005,com.android.webview:sandboxed_process0:org.chromium.content.app.SandboxedProcessService0:0,,{com.ss.android.ugc.aweme.lite/org.chromium.content.app.SandboxedProcessService0:0}]
06-28 10:20:57.151 1603 11911 I am_proc_bound: [0,9325,com.android.webview:sandboxed_process0:org.chromium.content.app.SandboxedProcessService0:0]
06-28 10:20:57.201 534 534 I auditd : avc: denied { find } for pid=9325 uid=99005 name=content_capture scontext=u:r:isolated_app:s0:c512,c768 tcontext=u:object_r:content_capture_service:s0 tclass=service_manager permissive=0
06-28 10:20:57.207 1603 11911 I am_kill : [0,7721,com.ss.android.ugc.aweme.lite,925,empty #2]
06-28 10:20:57.214 1603 11911 I am_kill : [0,27573,com.tencent.ilink.ServiceProcess,905,empty #2]
06-28 10:20:57.217 1603 11911 I am_kill : [0,22941,com.tencent.android.qqdownloader:cloud,915,empty #3]
06-28 10:20:57.261 1603 3085 I am_proc_died: [0,22941,com.tencent.android.qqdownloader:cloud,915,19]
06-28 10:20:57.263 1603 3085 I am_schedule_service_restart: [0,com.tencent.android.qqdownloader/com.live.watermelon.service.SentryAlphaService,1000]
06-28 10:20:57.278 1603 3085 I am_kill : [0,23816,com.tencent.android.qqdownloader:live,500,stop com.tencent.android.qqdownloader due to start instr]
06-28 10:20:57.280 1603 3085 I am_kill : [0,22896,com.tencent.android.qqdownloader,0,stop com.tencent.android.qqdownloader due to start instr]
06-28 10:20:57.297 1603 3085 I am_uid_stopped: 10101
06-28 10:20:57.297 1603 3085 I am_kill : [0,22845,com.tencent.android.qqdownloader:daemon,0,stop com.tencent.android.qqdownloader due to start instr]
06-28 10:20:57.303 1603 3085 I am_kill : [0,23967,com.android.webview:sandboxed_process0:org.chromium.content.app.SandboxedProcessService0:0,0,isolated not needed]
06-28 10:20:57.307 1603 3085 I am_uid_running: 10101
06-28 10:20:57.310 1603 1709 I am_kill : [0,9325,com.android.webview:sandboxed_process0:org.chromium.content.app.SandboxedProcessService0:0,915,empty #2]
06-28 10:20:57.323 1603 1722 I am_proc_start: [0,9357,10101,com.tencent.android.qqdownloader:daemon,added application,com.tencent.android.qqdownloader:daemon]
06-28 10:20:57.338 1603 7168 I am_proc_died: [0,23967,com.android.webview:sandboxed_process0:org.chromium.content.app.SandboxedProcessService0:0,0,10]
06-28 10:20:57.339 1603 7168 I am_uid_stopped: 99004
06-28 10:20:57.345 1603 7168 I am_proc_bound: [0,9357,com.tencent.android.qqdownloader:daemon]
06-28 10:20:57.348 1603 7168 I am_uid_active: 10101
06-28 10:20:57.348 1603 3085 I am_proc_died: [0,9325,com.android.webview:sandboxed_process0:org.chromium.content.app.SandboxedProcessService0:0,915,19]
06-28 10:20:57.349 1603 3085 I am_schedule_service_restart: [0,com.ss.android.ugc.aweme.lite/org.chromium.content.app.SandboxedProcessService0:0,1000]
06-28 10:20:57.349 1603 3085 I am_uid_stopped: 99005
06-28 10:20:57.415 1603 1720 I am_pss : [7721,10113,com.ss.android.ugc.aweme.lite,535710720,514121728,6213632,661716992,0,19,182]
06-28 10:20:57.423 1603 2092 I am_proc_died: [0,7721,com.ss.android.ugc.aweme.lite,925,19]
06-28 10:20:57.426 1603 2092 I am_uid_stopped: 10113
06-28 10:20:57.509 9357 9357 I auditd : type=1400 audit(0.0:12281): avc: granted { execute } for comm="wnloader:daemon" path="/data/user/0/com.tencent.android.qqdownloader/files/shell/8_8454130_1346/oat/arm64/base.odex" dev="dm-21" ino=12170 scontext=u:r:untrusted_app_27:s0:c512,c768 tcontext=u:object_r:app_data_file:s0:c512,c768 tclass=file app=com.tencent.android.qqdownloader
06-28 10:20:57.613 9357 9357 I auditd : type=1400 audit(0.0:12282): avc: granted { execute } for comm="wnloader:daemon" path="/data/user/0/com.tencent.android.qqdownloader/files/shell/8_8454130_1346/lib/arm64-v8a/libmmkv.so" dev="dm-21" ino=39389 scontext=u:r:untrusted_app_27:s0:c512,c768 tcontext=u:object_r:app_data_file:s0:c512,c768 tclass=file app=com.tencent.android.qqdownloader
06-28 10:20:57.641 9357 9357 I auditd : type=1400 audit(0.0:12283): avc: granted { execute } for comm="temporary-6" path="/data/user/0/com.tencent.android.qqdownloader/files/shell/8_8454130_1346/lib/arm64-v8a/librdefense.so" dev="dm-21" ino=39392 scontext=u:r:untrusted_app_27:s0:c512,c768 tcontext=u:object_r:app_data_file:s0:c512,c768 tclass=file app=com.tencent.android.qqdownloader
06-28 10:20:57.641 9357 9357 I auditd : type=1400 audit(0.0:12284): avc: granted { execute } for comm="temporary-6" path="/data/user/0/com.tencent.android.qqdownloader/files/shell/8_8454130_1346/lib/arm64-v8a/libvbhook.so" dev="dm-21" ino=39400 scontext=u:r:untrusted_app_27:s0:c512,c768 tcontext=u:object_r:app_data_file:s0:c512,c768 tclass=file app=com.tencent.android.qqdownloader
06-28 10:20:57.653 1603 1722 I am_proc_start: [0,9392,10101,com.tencent.android.qqdownloader,content provider,{com.tencent.android.qqdownloader/com.tencent.assistant.db.contentprovider.WallpaperProvider}]
06-28 10:20:57.653 9357 9357 I auditd : type=1400 audit(0.0:12285): avc: granted { execute } for comm="temporary-1" path="/data/user/0/com.tencent.android.qqdownloader/files/shell/8_8454130_1346/lib/arm64-v8a/libmarsxlog.so" dev="dm-21" ino=39388 scontext=u:r:untrusted_app_27:s0:c512,c768 tcontext=u:object_r:app_data_file:s0:c512,c768 tclass=file app=com.tencent.android.qqdownloader
06-28 10:20:57.675 1603 1634 I am_proc_bound: [0,9392,com.tencent.android.qqdownloader]
06-28 10:20:57.737 1603 1722 I am_proc_start: [0,9434,10101,com.tencent.android.qqdownloader:cloud,service,{com.tencent.android.qqdownloader/com.live.watermelon.service.SentryAlphaService}]
06-28 10:20:57.759 1603 1634 I am_proc_bound: [0,9434,com.tencent.android.qqdownloader:cloud]
06-28 10:20:58.669 6455 6455 I auditd : type=1400 audit(0.0:12486): avc: denied { read } for comm="Thread-439" name="u:object_r:oem_unlock_prop:s0" dev="tmpfs" ino=12593 scontext=u:r:untrusted_app_29:s0:c104,c256,c512,c768 tcontext=u:object_r:oem_unlock_prop:s0 tclass=file permissive=0 app=com.ss.android.ugc.aweme
06-28 10:20:58.741 6455 6455 I auditd : type=1400 audit(0.0:12487): avc: denied { search } for comm="Thread-439" name="input" dev="tmpfs" ino=13367 scontext=u:r:untrusted_app_29:s0:c104,c256,c512,c768 tcontext=u:object_r:input_device:s0 tclass=dir permissive=0 app=com.ss.android.ugc.aweme
06-28 10:20:58.761 9671 9671 I auditd : type=1400 audit(0.0:12488): avc: granted { bind } for comm="ip" scontext=u:r:untrusted_app_29:s0:c104,c256,c512,c768 tcontext=u:r:untrusted_app_29:s0:c104,c256,c512,c768 tclass=netlink_route_socket app=com.ss.android.ugc.aweme
06-28 10:20:58.785 9672 9672 I auditd : type=1400 audit(0.0:12489): avc: granted { bind } for comm="ip" scontext=u:r:untrusted_app_29:s0:c104,c256,c512,c768 tcontext=u:r:untrusted_app_29:s0:c104,c256,c512,c768 tclass=netlink_route_socket app=com.ss.android.ugc.aweme
06-28 10:20:58.785 9672 9672 I auditd : type=1400 audit(0.0:12490): avc: granted { nlmsg_readpriv } for comm="ip" scontext=u:r:untrusted_app_29:s0:c104,c256,c512,c768 tcontext=u:r:untrusted_app_29:s0:c104,c256,c512,c768 tclass=netlink_route_socket app=com.ss.android.ugc.aweme
06-28 10:20:59.877 9392 9392 I auditd : type=1400 audit(0.0:12502): avc: granted { nlmsg_readpriv } for comm="halley_2800_Tem" scontext=u:r:untrusted_app_27:s0:c512,c768 tcontext=u:r:untrusted_app_27:s0:c512,c768 tclass=netlink_route_socket app=com.tencent.android.qqdownloader
06-28 10:21:00.844 1603 1722 I am_proc_start: [0,9704,10101,com.tencent.android.qqdownloader:live,service,{com.tencent.android.qqdownloader/com.live.sync.YYBLiveAuthService}]
06-28 10:21:00.874 1603 3456 I am_proc_bound: [0,9704,com.tencent.android.qqdownloader:live]
06-28 10:21:00.909 9357 9357 I auditd : type=1400 audit(0.0:12503): avc: granted { execute } for comm="tbs_preinit" path="/data/user/0/com.tencent.android.qqdownloader/app_tbs_64/core_share/libwebp_base.so" dev="dm-21" ino=45754 scontext=u:r:untrusted_app_27:s0:c512,c768 tcontext=u:object_r:app_data_file:s0:c512,c768 tclass=file app=com.tencent.android.qqdownloader
06-28 10:21:00.917 9704 9704 I auditd : type=1400 audit(0.0:12504): avc: granted { execute } for comm="downloader:live" path="/data/user/0/com.tencent.android.qqdownloader/files/shell/8_8454130_1346/oat/arm64/base.odex" dev="dm-21" ino=12170 scontext=u:r:untrusted_app_27:s0:c512,c768 tcontext=u:object_r:app_data_file:s0:c512,c768 tclass=file app=com.tencent.android.qqdownloader
06-28 10:21:00.941 9392 9392 I auditd : type=1400 audit(0.0:12505): avc: denied { read } for comm="Shark-Looper-Ma" name="version" dev="proc" ino=4026532247 scontext=u:r:untrusted_app_27:s0:c512,c768 tcontext=u:object_r:proc_version:s0 tclass=file permissive=0 app=com.tencent.android.qqdownloader
06-28 10:21:00.945 9357 9357 I auditd : type=1400 audit(0.0:12506): avc: granted { execute } for comm="logging-thread" path="/data/user/0/com.tencent.android.qqdownloader/app_tbs_64/core_share/libx5log.so" dev="dm-21" ino=45756 scontext=u:r:untrusted_app_27:s0:c512,c768 tcontext=u:object_r:app_data_file:s0:c512,c768 tclass=file app=com.tencent.android.qqdownloader
06-28 10:21:00.949 9704 9704 I auditd : type=1400 audit(0.0:12507): avc: granted { execute } for comm="downloader:live" path="/data/user/0/com.tencent.android.qqdownloader/files/shell/8_8454130_1346/lib/arm64-v8a/libmmkv.so" dev="dm-21" ino=39389 scontext=u:r:untrusted_app_27:s0:c512,c768 tcontext=u:object_r:app_data_file:s0:c512,c768 tclass=file app=com.tencent.android.qqdownloader
06-28 10:21:00.965 9704 9704 I auditd : type=1400 audit(0.0:12508): avc: granted { execute } for comm="temporary-3" path="/data/user/0/com.tencent.android.qqdownloader/files/shell/8_8454130_1346/lib/arm64-v8a/libvbhook.so" dev="dm-21" ino=39400 scontext=u:r:untrusted_app_27:s0:c512,c768 tcontext=u:object_r:app_data_file:s0:c512,c768 tclass=file app=com.tencent.android.qqdownloader
06-28 10:21:00.965 9704 9704 I auditd : type=1400 audit(0.0:12509): avc: granted { execute } for comm="temporary-3" path="/data/user/0/com.tencent.android.qqdownloader/files/shell/8_8454130_1346/lib/arm64-v8a/librdefense.so" dev="dm-21" ino=39392 scontext=u:r:untrusted_app_27:s0:c512,c768 tcontext=u:object_r:app_data_file:s0:c512,c768 tclass=file app=com.tencent.android.qqdownloader
06-28 10:21:00.965 9392 9392 I auditd : type=1400 audit(0.0:12510): avc: denied { read } for comm="Shark-Looper-Ma" name="version" dev="proc" ino=4026532247 scontext=u:r:untrusted_app_27:s0:c512,c768 tcontext=u:object_r:proc_version:s0 tclass=file permissive=0 app=com.tencent.android.qqdownloader
06-28 10:21:00.965 9704 9704 I auditd : type=1400 audit(0.0:12511): avc: granted { execute } for comm="temporary-1" path="/data/user/0/com.tencent.android.qqdownloader/files/shell/8_8454130_1346/lib/arm64-v8a/libmarsxlog.so" dev="dm-21" ino=39388 scontext=u:r:untrusted_app_27:s0:c512,c768 tcontext=u:object_r:app_data_file:s0:c512,c768 tclass=file app=com.tencent.android.qqdownloader
06-28 10:21:00.987 1603 1720 I am_pss : [9163,10104,com.ss.android.ugc.aweme:sandboxed_process1,106961920,74539008,51200,267812864,0,8,13]
06-28 10:21:01.233 1603 3456 I am_uid_running: 99006
06-28 10:21:01.250 1603 1722 I am_proc_start: [0,9820,99006,com.android.webview:sandboxed_process0:org.chromium.content.app.SandboxedProcessService0:0,,{com.tencent.android.qqdownloader/org.chromium.content.app.SandboxedProcessService0:0}]
06-28 10:21:01.277 1603 5445 I am_proc_bound: [0,9820,com.android.webview:sandboxed_process0:org.chromium.content.app.SandboxedProcessService0:0]
06-28 10:21:01.279 1603 5445 I am_uid_active: 99006
06-28 10:21:01.292 534 534 I auditd : avc: denied { find } for pid=9820 uid=99006 name=content_capture scontext=u:r:isolated_app:s0:c512,c768 tcontext=u:object_r:content_capture_service:s0 tclass=service_manager permissive=0
06-28 10:21:02.697 9357 9357 I auditd : type=1400 audit(0.0:12518): avc: granted { nlmsg_readpriv } for comm="temporary-7" scontext=u:r:untrusted_app_27:s0:c512,c768 tcontext=u:r:untrusted_app_27:s0:c512,c768 tclass=netlink_route_socket app=com.tencent.android.qqdownloader
06-28 10:21:02.709 9357 9357 I auditd : type=1400 audit(0.0:12519): avc: granted { execute } for comm="temporary-7" path="/data/user/0/com.tencent.android.qqdownloader/files/shell/8_8454130_1346/lib/arm64-v8a/libqmp.so" dev="dm-21" ino=39391 scontext=u:r:untrusted_app_27:s0:c512,c768 tcontext=u:object_r:app_data_file:s0:c512,c768 tclass=file app=com.tencent.android.qqdownloader
06-28 10:21:02.733 9357 9357 I auditd : type=1400 audit(0.0:12520): avc: granted { execute } for comm="temporary-7" path="/data/user/0/com.tencent.android.qqdownloader/files/shell/8_8454130_1346/lib/arm64-v8a/libbeaconid.so" dev="dm-21" ino=39379 scontext=u:r:untrusted_app_27:s0:c512,c768 tcontext=u:object_r:app_data_file:s0:c512,c768 tclass=file app=com.tencent.android.qqdownloader
06-28 10:21:02.741 9357 9357 I auditd : type=1400 audit(0.0:12521): avc: granted { execute } for comm="FloatingWindow-" path="/data/user/0/com.tencent.android.qqdownloader/files/shell/8_8454130_1346/lib/arm64-v8a/libps.so" dev="dm-21" ino=39390 scontext=u:r:untrusted_app_27:s0:c512,c768 tcontext=u:object_r:app_data_file:s0:c512,c768 tclass=file app=com.tencent.android.qqdownloader
06-28 10:21:02.749 9357 9357 I auditd : type=1400 audit(0.0:12522): avc: denied { read } for comm="StartThread-50" name="drivers" dev="proc" ino=4026531852 scontext=u:r:untrusted_app_27:s0:c512,c768 tcontext=u:object_r:proc_tty_drivers:s0 tclass=file permissive=0 app=com.tencent.android.qqdownloader
06-28 10:21:02.786 1603 1603 I sysui_multi_action: [757,128,758,5,759,8,793,187010,794,0,795,63565,796,127,806,com.tencent.android.qqdownloader,857,channel_id_default_silent,858,3,946,com.tencent.android.qqdownloader,947,1,1500,63565,1688,1]
06-28 10:21:02.787 1603 1603 I notification_canceled: [0|com.tencent.android.qqdownloader|127|null|10101,8,187010,63565,0,-1,-1,NULL]
06-28 10:21:02.835 1603 1603 I notification_enqueue: [10101,9357,com.tencent.android.qqdownloader,127,NULL,0,Notification(channel=channel_id_default_silent shortcut=null contentView=com.tencent.android.qqdownloader/0x7f0a01c2 vibrate=null sound=null defaults=0x0 flags=0x2a2 color=0x00000000 groupKey=com.tencent.android.qqdownloader vis=PRIVATE),0]
06-28 10:21:02.836 1603 1603 I sysui_multi_action: [757,128,758,5,759,8,793,1,794,0,795,1,796,127,806,com.tencent.android.qqdownloader,857,channel_id_default_silent,858,3,946,com.tencent.android.qqdownloader,947,1,1500,1]
06-28 10:21:02.836 1603 1603 I notification_canceled: [0|com.tencent.android.qqdownloader|127|null|10101,8,1,1,0,-1,-1,NULL]
06-28 10:21:03.280 9357 9562 I snet_event_log: [172655291,-1,]
06-28 10:21:03.284 9357 9562 I snet_event_log: [172655291,-1,]
06-28 10:21:03.545 1603 1931 I netstats_mobile_sample: [0,0,0,0,0,0,0,0,0,0,0,0,1687918863545]
06-28 10:21:03.546 1603 1931 I netstats_wifi_sample: [260206884,217697,21047412,120817,260206884,217697,21047412,120817,272406750,238656,17241866,113042,1687918863545]
06-28 10:21:03.842 1603 1603 I notification_enqueue: [10101,9357,com.tencent.android.qqdownloader,127,NULL,0,Notification(channel=channel_id_default_silent shortcut=null contentView=com.tencent.android.qqdownloader/0x7f0a01c2 vibrate=null sound=null defaults=0x0 flags=0x2a2 color=0x00000000 groupKey=com.tencent.android.qqdownloader vis=PRIVATE),0]
06-28 10:21:04.850 1603 1603 I notification_enqueue: [10101,9357,com.tencent.android.qqdownloader,127,NULL,0,Notification(channel=channel_id_default_silent shortcut=null contentView=com.tencent.android.qqdownloader/0x7f0a01c2 vibrate=null sound=null defaults=0x0 flags=0x2a2 color=0x00000000 groupKey=com.tencent.android.qqdownloader vis=PRIVATE),1]
06-28 10:21:05.861 1603 1603 I notification_enqueue: [10101,9357,com.tencent.android.qqdownloader,127,NULL,0,Notification(channel=channel_id_default_silent shortcut=null contentView=com.tencent.android.qqdownloader/0x7f0a01c2 vibrate=null sound=null defaults=0x0 flags=0x2a2 color=0x00000000 groupKey=com.tencent.android.qqdownloader vis=PRIVATE),1]
06-28 10:21:06.029 9392 9392 I auditd : type=1400 audit(0.0:12716): avc: granted { execute } for comm="temporary-9" path="/data/user/0/com.tencent.android.qqdownloader/files/plugin/com.tencent.assistant.paganimation/arm64-v8a/libpag.so" dev="dm-21" ino=45268 scontext=u:r:untrusted_app_27:s0:c512,c768 tcontext=u:object_r:app_data_file:s0:c512,c768 tclass=file app=com.tencent.android.qqdownloader
06-28 10:21:06.869 1603 1603 I notification_enqueue: [10101,9357,com.tencent.android.qqdownloader,127,NULL,0,Notification(channel=channel_id_default_silent shortcut=null contentView=com.tencent.android.qqdownloader/0x7f0a01c2 vibrate=null sound=null defaults=0x0 flags=0x2a2 color=0x00000000 groupKey=com.tencent.android.qqdownloader vis=PRIVATE),1]
06-28 10:21:06.925 9392 9392 I auditd : type=1400 audit(0.0:12717): avc: denied { read } for comm="qimei-s-thread-" name="u:object_r:wifi_hal_prop:s0" dev="tmpfs" ino=12777 scontext=u:r:untrusted_app_27:s0:c512,c768 tcontext=u:object_r:wifi_hal_prop:s0 tclass=file permissive=0 app=com.tencent.android.qqdownloader
06-28 10:21:06.937 9392 9392 I auditd : type=1400 audit(0.0:12718): avc: denied { read } for comm="qimei-s-thread-" name="ioports" dev="proc" ino=4026532282 scontext=u:r:untrusted_app_27:s0:c512,c768 tcontext=u:object_r:proc:s0 tclass=file permissive=0 app=com.tencent.android.qqdownloader
06-28 10:21:06.977 9392 9392 I auditd : type=1400 audit(0.0:12719): avc: granted { nlmsg_readpriv } for comm="qimei-s-thread-" scontext=u:r:untrusted_app_27:s0:c512,c768 tcontext=u:r:untrusted_app_27:s0:c512,c768 tclass=netlink_route_socket app=com.tencent.android.qqdownloader
06-28 10:21:07.876 1603 1603 I notification_enqueue: [10101,9357,com.tencent.android.qqdownloader,127,NULL,0,Notification(channel=channel_id_default_silent shortcut=null contentView=com.tencent.android.qqdownloader/0x7f0a01c2 vibrate=null sound=null defaults=0x0 flags=0x2a2 color=0x00000000 groupKey=com.tencent.android.qqdownloader vis=PRIVATE),1]
06-28 10:21:07.909 1603 1720 I am_pss : [9357,10101,com.tencent.android.qqdownloader:daemon,185668608,159166464,50176,340701184,0,4,22]
06-28 10:21:08.881 1603 1603 I notification_enqueue: [10101,9357,com.tencent.android.qqdownloader,127,NULL,0,Notification(channel=channel_id_default_silent shortcut=null contentView=com.tencent.android.qqdownloader/0x7f0a01c2 vibrate=null sound=null defaults=0x0 flags=0x2a2 color=0x00000000 groupKey=com.tencent.android.qqdownloader vis=PRIVATE),1]
06-28 10:21:09.888 1603 1603 I notification_enqueue: [10101,9357,com.tencent.android.qqdownloader,127,NULL,0,Notification(channel=channel_id_default_silent shortcut=null contentView=com.tencent.android.qqdownloader/0x7f0a01c2 vibrate=null sound=null defaults=0x0 flags=0x2a2 color=0x00000000 groupKey=com.tencent.android.qqdownloader vis=PRIVATE),1]
06-28 10:21:10.993 9392 9392 I auditd : type=1400 audit(0.0:12720): avc: granted { execute } for comm="gatherer-1-thre" path="/data/user/0/com.tencent.android.qqdownloader/app_e_qq_com_plugin_new_84e5596443427f53efca4e1d48972f33/libturingga.so" dev="dm-21" ino=37972 scontext=u:r:untrusted_app_27:s0:c512,c768 tcontext=u:object_r:app_data_file:s0:c512,c768 tclass=file app=com.tencent.android.qqdownloader
06-28 10:21:12.035 1603 1720 I am_pss : [9392,10101,com.tencent.android.qqdownloader,116253696,96579584,51200,245399552,0,4,26]
06-28 10:21:12.044 1603 1720 I am_pss : [9820,99006,com.android.webview:sandboxed_process0:org.chromium.content.app.SandboxedProcessService0:0,14867456,5357568,344064,71503872,0,4,7]
06-28 10:21:12.056 1603 1720 I am_pss : [9434,10101,com.tencent.android.qqdownloader:cloud,40843264,29749248,51200,151433216,0,4,11]
06-28 10:21:13.005 9357 9357 I auditd : type=1400 audit(0.0:12721): avc: granted { execute } for comm="gatherer-1-thre" path="/data/user/0/com.tencent.android.qqdownloader/app_e_qq_com_plugin_new_b11baa871a179485a20599a8c8554089/libturingga.so" dev="dm-21" ino=38199 scontext=u:r:untrusted_app_27:s0:c512,c768 tcontext=u:object_r:app_data_file:s0:c512,c768 tclass=file app=com.tencent.android.qqdownloader
06-28 10:21:17.878 1603 1722 I am_proc_start: [0,10242,10101,com.tencent.ilink.ServiceProcess,service,{com.tencent.android.qqdownloader/com.tencent.luggage.services.WxaStartUpService}]
06-28 10:21:17.914 1603 11911 I am_proc_bound: [0,10242,com.tencent.ilink.ServiceProcess]
06-28 10:21:17.949 1603 1720 I am_pss : [9357,10101,com.tencent.android.qqdownloader:daemon,186969088,160227328,49152,342876160,0,4,24]
06-28 10:21:17.961 10242 10242 I auditd : type=1400 audit(0.0:12722): avc: granted { execute } for comm=".ServiceProcess" path="/data/user/0/com.tencent.android.qqdownloader/files/shell/8_8454130_1346/oat/arm64/base.odex" dev="dm-21" ino=12170 scontext=u:r:untrusted_app_27:s0:c512,c768 tcontext=u:object_r:app_data_file:s0:c512,c768 tclass=file app=com.tencent.android.qqdownloader
06-28 10:21:17.993 10242 10242 I auditd : type=1400 audit(0.0:12723): avc: granted { execute } for comm=".ServiceProcess" path="/data/user/0/com.tencent.android.qqdownloader/files/shell/8_8454130_1346/lib/arm64-v8a/libmmkv.so" dev="dm-21" ino=39389 scontext=u:r:untrusted_app_27:s0:c512,c768 tcontext=u:object_r:app_data_file:s0:c512,c768 tclass=file app=com.tencent.android.qqdownloader
06-28 10:21:18.002 2605 2605 I sqlite_mem_released: 0
06-28 10:21:18.007 2605 2605 I force_gc: mem
06-28 10:21:18.017 10242 10242 I auditd : type=1400 audit(0.0:12724): avc: granted { execute } for comm=".ServiceProcess" path="/data/user/0/com.tencent.android.qqdownloader/files/res_hub/yyb/online/wx_sdk_so_3_64_20/arm64-v8a/libc++_shared.so" dev="dm-21" ino=50336 scontext=u:r:untrusted_app_27:s0:c512,c768 tcontext=u:object_r:app_data_file:s0:c512,c768 tclass=file app=com.tencent.android.qqdownloader
06-28 10:21:18.017 10242 10242 I auditd : type=1400 audit(0.0:12725): avc: granted { execute } for comm="temporary-2" path="/data/user/0/com.tencent.android.qqdownloader/files/shell/8_8454130_1346/lib/arm64-v8a/libvbhook.so" dev="dm-21" ino=39400 scontext=u:r:untrusted_app_27:s0:c512,c768 tcontext=u:object_r:app_data_file:s0:c512,c768 tclass=file app=com.tencent.android.qqdownloader
06-28 10:21:18.017 10242 10242 I auditd : type=1400 audit(0.0:12726): avc: granted { execute } for comm="temporary-2" path="/data/user/0/com.tencent.android.qqdownloader/files/shell/8_8454130_1346/lib/arm64-v8a/librdefense.so" dev="dm-21" ino=39392 scontext=u:r:untrusted_app_27:s0:c512,c768 tcontext=u:object_r:app_data_file:s0:c512,c768 tclass=file app=com.tencent.android.qqdownloader
06-28 10:21:18.021 10242 10242 I auditd : type=1400 audit(0.0:12727): avc: granted { execute } for comm=".ServiceProcess" path="/data/user/0/com.tencent.android.qqdownloader/files/res_hub/yyb/online/wx_sdk_so_3_64_20/arm64-v8a/libwechatxlog.so" dev="dm-21" ino=50339 scontext=u:r:untrusted_app_27:s0:c512,c768 tcontext=u:object_r:app_data_file:s0:c512,c768 tclass=file app=com.tencent.android.qqdownloader
06-28 10:21:18.025 10242 10242 I auditd : type=1400 audit(0.0:12728): avc: granted { execute } for comm="temporary-1" path="/data/user/0/com.tencent.android.qqdownloader/files/shell/8_8454130_1346/lib/arm64-v8a/libmarsxlog.so" dev="dm-21" ino=39388 scontext=u:r:untrusted_app_27:s0:c512,c768 tcontext=u:object_r:app_data_file:s0:c512,c768 tclass=file app=com.tencent.android.qqdownloader
06-28 10:21:18.493 10242 10242 I auditd : type=1400 audit(0.0:12729): avc: granted { execute } for comm=4173796E635461736B202331 path="/data/user/0/com.tencent.android.qqdownloader/files/res_hub/yyb/online/wx_sdk_so_3_64_20/arm64-v8a/libwxaopenruntimejni.so" dev="dm-21" ino=50341 scontext=u:r:untrusted_app_27:s0:c512,c768 tcontext=u:object_r:app_data_file:s0:c512,c768 tclass=file app=com.tencent.android.qqdownloader
06-28 10:21:18.609 10242 10242 I auditd : type=1400 audit(0.0:12730): avc: granted { execute } for comm="Binder:10242_1" path="/data/user/0/com.tencent.android.qqdownloader/app_wxa_sdk_plugin/587202817/wxa_libs/libmmkv.so" dev="dm-21" ino=50628 scontext=u:r:untrusted_app_27:s0:c512,c768 tcontext=u:object_r:app_data_file:s0:c512,c768 tclass=file app=com.tencent.android.qqdownloader
06-28 10:21:18.779 1603 1722 I am_proc_start: [0,10370,10101,com.tencent.android.qqdownloader:wxa_container0,service,{com.tencent.android.qqdownloader/com.tencent.luggage.services.WxaProxy_WxaIPCContainerService0}]
06-28 10:21:18.805 1603 12364 I am_proc_bound: [0,10370,com.tencent.android.qqdownloader:wxa_container0]
06-28 10:21:19.049 10370 10370 I auditd : type=1400 audit(0.0:12744): avc: granted { execute } for comm=":wxa_container0" path="/data/user/0/com.tencent.android.qqdownloader/app_wxa_sdk_plugin/587202817/wxa_libs/libmmkv.so" dev="dm-21" ino=50628 scontext=u:r:untrusted_app_27:s0:c512,c768 tcontext=u:object_r:app_data_file:s0:c512,c768 tclass=file app=com.tencent.android.qqdownloader
06-28 10:21:19.053 10370 10370 I auditd : type=1400 audit(0.0:12745): avc: granted { execute } for comm=":wxa_container0" path="/data/user/0/com.tencent.android.qqdownloader/app_wxa_sdk_plugin/587202817/wxa_libs/libc++_shared.so" dev="dm-21" ino=50603 scontext=u:r:untrusted_app_27:s0:c512,c768 tcontext=u:object_r:app_data_file:s0:c512,c768 tclass=file app=com.tencent.android.qqdownloader
06-28 10:21:19.053 10370 10370 I auditd : type=1400 audit(0.0:12746): avc: granted { execute } for comm=":wxa_container0" path="/data/user/0/com.tencent.android.qqdownloader/app_wxa_sdk_plugin/587202817/wxa_libs/libwechatxlog.so" dev="dm-21" ino=50674 scontext=u:r:untrusted_app_27:s0:c512,c768 tcontext=u:object_r:app_data_file:s0:c512,c768 tclass=file app=com.tencent.android.qqdownloader
06-28 10:21:19.061 10370 10370 I auditd : type=1400 audit(0.0:12747): avc: granted { execute } for comm=":wxa_container0" path="/data/user/0/com.tencent.android.qqdownloader/app_wxa_sdk_plugin/587202817/wxa_libs/libstlport_shared.so" dev="dm-21" ino=50659 scontext=u:r:untrusted_app_27:s0:c512,c768 tcontext=u:object_r:app_data_file:s0:c512,c768 tclass=file app=com.tencent.android.qqdownloader
06-28 10:21:19.077 10370 10370 I auditd : type=1400 audit(0.0:12748): avc: granted { execute } for comm=":wxa_container0" path="/data/user/0/com.tencent.android.qqdownloader/app_wxa_sdk_plugin/587202817/wxa_libs/libwechatcrash.so" dev="dm-21" ino=50671 scontext=u:r:untrusted_app_27:s0:c512,c768 tcontext=u:object_r:app_data_file:s0:c512,c768 tclass=file app=com.tencent.android.qqdownloader
06-28 10:21:20.057 10370 10370 I auditd : type=1400 audit(0.0:12759): avc: granted { execute } for comm="[GT]ColdPool#0" path="/data/user/0/com.tencent.android.qqdownloader/app_wxa_sdk_plugin/587202817/wxa_libs/libgamelog_delegate.so" dev="dm-21" ino=50607 scontext=u:r:untrusted_app_27:s0:c512,c768 tcontext=u:object_r:app_data_file:s0:c512,c768 tclass=file app=com.tencent.android.qqdownloader
06-28 10:21:20.183 1603 1931 I netstats_mobile_sample: [0,0,0,0,0,0,0,0,0,0,0,0,1687918880183]
06-28 10:21:20.183 1603 1931 I netstats_wifi_sample: [261055448,218984,21761753,122123,261055448,218984,21761753,122123,273375294,240059,17846741,114124,1687918880183]
06-28 10:21:20.417 10370 10370 I auditd : type=1400 audit(0.0:12760): avc: granted { execute } for comm="[GT]ColdPool#0" path="/data/user/0/com.tencent.android.qqdownloader/app_wxa_sdk_plugin/587202817/wxa_libs/libmmj2v8.so" dev="dm-21" ino=50627 scontext=u:r:untrusted_app_27:s0:c512,c768 tcontext=u:object_r:app_data_file:s0:c512,c768 tclass=file app=com.tencent.android.qqdownloader
06-28 10:21:20.480 1603 1706 I sysui_multi_action: [757,222,758,1]
06-28 10:21:20.481 10370 10370 I auditd : type=1400 audit(0.0:12761): avc: granted { execute } for comm="[GT]ColdPool#0" path="/data/user/0/com.tencent.android.qqdownloader/app_wxa_sdk_plugin/587202817/wxa_libs/libmmudp.so" dev="dm-21" ino=50638 scontext=u:r:untrusted_app_27:s0:c512,c768 tcontext=u:object_r:app_data_file:s0:c512,c768 tclass=file app=com.tencent.android.qqdownloader
06-28 10:21:20.489 10370 10370 I auditd : type=1400 audit(0.0:12762): avc: granted { execute } for comm="[GT]ColdPool#0" path="/data/user/0/com.tencent.android.qqdownloader/app_wxa_sdk_plugin/587202817/wxa_libs/libmmtcp.so" dev="dm-21" ino=50637 scontext=u:r:untrusted_app_27:s0:c512,c768 tcontext=u:object_r:app_data_file:s0:c512,c768 tclass=file app=com.tencent.android.qqdownloader
06-28 10:21:20.502 1603 1722 I am_proc_start: [0,10484,1000,com.thundercomm.screensaver,service,{com.thundercomm.screensaver/com.thundercomm.screensaver.service.SystemDream}]
06-28 10:21:20.501 10370 10370 I auditd : type=1400 audit(0.0:12763): avc: granted { execute } for comm="[GT]ColdPool#0" path="/data/user/0/com.tencent.android.qqdownloader/app_wxa_sdk_plugin/587202817/wxa_libs/libmmlockstep.so" dev="dm-21" ino=50629 scontext=u:r:untrusted_app_27:s0:c512,c768 tcontext=u:object_r:app_data_file:s0:c512,c768 tclass=file app=com.tencent.android.qqdownloader
06-28 10:21:20.548 1603 11911 I am_proc_bound: [0,10484,com.thundercomm.screensaver]
06-28 10:21:20.682 1603 11911 I wm_task_created: [24854,-1]
06-28 10:21:20.689 1603 11911 I wm_task_moved: [24854,1,6]
06-28 10:21:20.689 1603 11911 I wm_task_to_front: [0,24854]
06-28 10:21:20.690 1603 11911 I wm_create_task: [0,24854]
06-28 10:21:20.690 1603 11911 I wm_create_activity: [0,169654577,24854,com.thundercomm.screensaver/android.service.dreams.DreamActivity,NULL,NULL,NULL,276824064]
06-28 10:21:20.690 1603 11911 I wm_task_moved: [24854,1,6]
06-28 10:21:20.690 2605 2605 I wm_on_top_resumed_lost_called: [263032627,com.android.launcher3.uioverrides.QuickstepLauncher,topStateChangedWhenResumed]
06-28 10:21:20.691 1603 11911 I wm_pause_activity: [0,263032627,com.android.launcher3/.uioverrides.QuickstepLauncher,userLeaving=true,pauseBackTasks]
06-28 10:21:20.694 2605 2605 I wm_on_paused_called: [263032627,com.android.launcher3.uioverrides.QuickstepLauncher,performPause]
06-28 10:21:20.695 1603 1634 I wm_add_to_stopping: [0,263032627,com.android.launcher3/.uioverrides.QuickstepLauncher,makeInvisible]
06-28 10:21:20.696 1603 1634 I wm_restart_activity: [0,169654577,24854,com.thundercomm.screensaver/android.service.dreams.DreamActivity]
06-28 10:21:20.697 1603 1634 I wm_set_resumed_activity: [0,com.thundercomm.screensaver/android.service.dreams.DreamActivity,minimalResumeActivityLocked]
06-28 10:21:20.699 1603 1709 I sysui_multi_action: [757,803,799,window_time_0,802,107]
06-28 10:21:20.705 1603 1634 I am_uid_running: 10064
06-28 10:21:20.710 10484 10484 I wm_on_create_called: [169654577,android.service.dreams.DreamActivity,performCreate]
06-28 10:21:20.710 10484 10484 I wm_on_start_called: [169654577,android.service.dreams.DreamActivity,handleStartActivity]
06-28 10:21:20.711 10484 10484 I wm_on_resume_called: [169654577,android.service.dreams.DreamActivity,RESUME_ACTIVITY]
06-28 10:21:20.711 1603 1722 I am_proc_start: [0,10507,10064,com.thundercomm.gamemode.provider,content provider,{com.thundercomm.gamemode.provider/com.thundercomm.gamemode.provider.SettingsProvider}]
06-28 10:21:20.718 1603 1889 I input_focus: [Focus leaving 3675f2c com.android.launcher3/com.android.launcher3.uioverrides.QuickstepLauncher (server),reason=NO_WINDOW]
06-28 10:21:20.721 10484 10484 I wm_on_top_resumed_gained_called: [169654577,android.service.dreams.DreamActivity,topStateChangedWhenResumed]
06-28 10:21:20.746 1603 12364 I am_proc_bound: [0,10507,com.thundercomm.gamemode.provider]
06-28 10:21:20.750 1603 12364 I am_uid_active: 10064
06-28 10:21:20.759 1603 1711 I input_focus: [Focus request e64a6ab com.thundercomm.screensaver/android.service.dreams.DreamActivity,reason=UpdateInputWindows]
06-28 10:21:20.783 1603 1706 I sysui_multi_action: [319,55,321,50,322,102,325,755,757,761,758,8,759,1,806,com.thundercomm.screensaver,871,android.service.dreams.DreamActivity,904,com.thundercomm.screensaver,905,0,1320,4,1321,20]
06-28 10:21:20.783 1603 1706 I wm_activity_launch_time: [0,169654577,com.thundercomm.screensaver/android.service.dreams.DreamActivity,102]
06-28 10:21:20.784 1603 1889 I input_focus: [Focus entering e64a6ab com.thundercomm.screensaver/android.service.dreams.DreamActivity (server),reason=setFocusedWindow]
06-28 10:21:21.034 1603 1709 I wm_stop_activity: [0,263032627,com.android.launcher3/.uioverrides.QuickstepLauncher]
06-28 10:21:21.047 1603 1720 I am_pss : [9163,10104,com.ss.android.ugc.aweme:sandboxed_process1,104580096,74518528,47104,259854336,0,8,11]
06-28 10:21:21.068 2605 2605 I wm_on_stop_called: [263032627,com.android.launcher3.uioverrides.QuickstepLauncher,STOP_ACTIVITY_ITEM]
06-28 10:21:21.137 10370 10370 I auditd : type=1400 audit(0.0:12770): avc: granted { execute } for comm="[GT]ColdPool#1" path="/data/user/0/com.tencent.android.qqdownloader/app_wxa_sdk_plugin/587202817/wxa_libs/libNLog.so" dev="dm-21" ino=50588 scontext=u:r:untrusted_app_27:s0:c512,c768 tcontext=u:object_r:app_data_file:s0:c512,c768 tclass=file app=com.tencent.android.qqdownloader
06-28 10:21:21.141 10370 10370 I auditd : type=1400 audit(0.0:12771): avc: granted { execute } for comm="[GT]ColdPool#1" path="/data/user/0/com.tencent.android.qqdownloader/app_wxa_sdk_plugin/587202817/wxa_libs/libaudio_common.so" dev="dm-21" ino=50601 scontext=u:r:untrusted_app_27:s0:c512,c768 tcontext=u:object_r:app_data_file:s0:c512,c768 tclass=file app=com.tencent.android.qqdownloader
06-28 10:21:21.609 1603 1603 I am_uid_running: 10103
06-28 10:21:21.613 1603 1992 I sync : [com.tencent.android.qqdownloader.YYBLiveAccountProvider,0,3,24220937]
06-28 10:21:21.614 1603 1722 I am_proc_start: [0,10546,10103,com.smile.gifmaker,service,{com.smile.gifmaker/androidx.work.impl.background.systemjob.SystemJobService}]
06-28 10:21:21.626 1603 11911 I am_proc_bound: [0,10546,com.smile.gifmaker]
06-28 10:21:21.631 1603 1992 I sync : [com.tencent.android.qqdownloader.YYBLiveAccountProvider,1,3,24220937]
06-28 10:21:21.629 9704 9704 I auditd : type=1400 audit(0.0:12772): avc: granted { execute } for comm="temporary-7" path="/data/user/0/com.tencent.android.qqdownloader/files/shell/8_8454130_1346/lib/arm64-v8a/libqmp.so" dev="dm-21" ino=39391 scontext=u:r:untrusted_app_27:s0:c512,c768 tcontext=u:object_r:app_data_file:s0:c512,c768 tclass=file app=com.tencent.android.qqdownloader
06-28 10:21:21.632 1603 1992 I commit_sys_config_file: [sync-status,695598]
06-28 10:21:21.637 1603 1992 I sync : [com.tencent.android.qqdownloader.YYBLiveAccountProvider,0,3,24220937]
06-28 10:21:21.660 1603 1992 I sync : [com.tencent.android.qqdownloader.YYBLiveAccountProvider,1,3,24220937]
06-28 10:21:21.661 1603 1992 I commit_sys_config_file: [sync-status,695627]
06-28 10:21:21.665 9704 9704 I auditd : type=1400 audit(0.0:12773): avc: granted { execute } for comm="temporary-7" path="/data/user/0/com.tencent.android.qqdownloader/files/shell/8_8454130_1346/lib/arm64-v8a/libbeaconid.so" dev="dm-21" ino=39379 scontext=u:r:untrusted_app_27:s0:c512,c768 tcontext=u:object_r:app_data_file:s0:c512,c768 tclass=file app=com.tencent.android.qqdownloader
06-28 10:21:21.749 9704 9704 I auditd : type=1400 audit(0.0:12774): avc: denied { read } for comm="qimei-thread-1" name="/" dev="dm-16" ino=2 scontext=u:r:untrusted_app_27:s0:c512,c768 tcontext=u:object_r:rootfs:s0 tclass=dir permissive=0 app=com.tencent.android.qqdownloader
06-28 10:21:22.271 1603 12364 I am_kill : [0,10370,com.tencent.android.qqdownloader:wxa_container0,905,empty #2]
06-28 10:21:22.617 10546 10546 I auditd : type=1400 audit(0.0:12777): avc: granted { execute } for comm="ela_global-io" path="/data/user/0/com.smile.gifmaker/app_DvaPlugin/klp_so/1050483220/so/libklp_pull_client_shared.so" dev="dm-21" ino=322141 scontext=u:r:untrusted_app_29:s0:c103,c256,c512,c768 tcontext=u:object_r:app_data_file:s0:c103,c256,c512,c768 tclass=file app=com.smile.gifmaker
06-28 10:21:22.769 10546 10546 I auditd : type=1400 audit(0.0:12778): avc: denied { read } for comm="pool-2-thread-6" name="tcp" dev="proc" ino=4026532265 scontext=u:r:untrusted_app_29:s0:c103,c256,c512,c768 tcontext=u:object_r:proc_net_tcp_udp:s0 tclass=file permissive=0 app=com.smile.gifmaker
06-28 10:21:22.817 10546 10546 I auditd : type=1400 audit(0.0:12779): avc: denied { search } for comm="pool-2-thread-6" name="asound" dev="proc" ino=4026532151 scontext=u:r:untrusted_app_29:s0:c103,c256,c512,c768 tcontext=u:object_r:proc_asound:s0 tclass=dir permissive=0 app=com.smile.gifmaker
06-28 10:21:22.841 10546 10546 I auditd : type=1400 audit(0.0:12780): avc: denied { search } for comm="pool-2-thread-6" name="asound" dev="proc" ino=4026532151 scontext=u:r:untrusted_app_29:s0:c103,c256,c512,c768 tcontext=u:object_r:proc_asound:s0 tclass=dir permissive=0 app=com.smile.gifmaker
06-28 10:21:22.845 10546 10546 I auditd : type=1400 audit(0.0:12781): avc: denied { read } for comm="pool-2-thread-6" name="u:object_r:serialno_prop:s0" dev="tmpfs" ino=12620 scontext=u:r:untrusted_app_29:s0:c103,c256,c512,c768 tcontext=u:object_r:serialno_prop:s0 tclass=file permissive=0 app=com.smile.gifmaker
06-28 10:21:23.201 1603 12364 I am_proc_died: [0,10370,com.tencent.android.qqdownloader:wxa_container0,905,19]
06-28 10:21:23.203 1603 12364 I am_schedule_service_restart: [0,com.tencent.android.qqdownloader/com.tencent.luggage.services.WxaProxy_WxaIPCContainerService0,1000]
06-28 10:21:23.261 1603 1720 I am_pss : [9392,10101,com.tencent.android.qqdownloader,91177984,74137600,47104,225452032,0,4,14]
06-28 10:21:23.271 1603 1720 I am_pss : [9820,99006,com.android.webview:sandboxed_process0:org.chromium.content.app.SandboxedProcessService0:0,13195264,4173824,317440,71499776,0,4,5]
06-28 10:21:23.281 1603 1720 I am_pss : [9434,10101,com.tencent.android.qqdownloader:cloud,39246848,30023680,48128,151531520,0,4,9]
06-28 10:21:23.620 1603 1708 I commit_sys_config_file: [jobs,2]
06-28 10:21:23.893 10546 10546 I auditd : type=1400 audit(0.0:12793): avc: granted { execute } for comm="pool-25-thread-" path="/data/user/0/com.smile.gifmaker/files/sec_kste/official/armeabi-v7a/1.7.3.118/libkste.so" dev="dm-21" ino=75892 scontext=u:r:untrusted_app_29:s0:c103,c256,c512,c768 tcontext=u:object_r:app_data_file:s0:c103,c256,c512,c768 tclass=file app=com.smile.gifmaker
06-28 10:21:24.129 10546 10546 I auditd : type=1400 audit(0.0:12794): avc: denied { write } for comm="pool-25-thread-" name="fd" dev="proc" ino=591111 scontext=u:r:untrusted_app_29:s0:c103,c256,c512,c768 tcontext=u:r:untrusted_app_29:s0:c103,c256,c512,c768 tclass=dir permissive=0 app=com.smile.gifmaker
06-28 10:21:24.129 10546 10546 I auditd : type=1400 audit(0.0:12795): avc: denied { write } for comm="pool-25-thread-" name="fd" dev="proc" ino=591111 scontext=u:r:untrusted_app_29:s0:c103,c256,c512,c768 tcontext=u:r:untrusted_app_29:s0:c103,c256,c512,c768 tclass=dir permissive=0 app=com.smile.gifmaker
06-28 10:21:24.209 10546 10546 I auditd : type=1400 audit(0.0:12796): avc: denied { write } for comm="pool-25-thread-" name="fd" dev="proc" ino=591111 scontext=u:r:untrusted_app_29:s0:c103,c256,c512,c768 tcontext=u:r:untrusted_app_29:s0:c103,c256,c512,c768 tclass=dir permissive=0 app=com.smile.gifmaker
06-28 10:21:24.277 10546 10546 I auditd : type=1400 audit(0.0:12797): avc: denied { write } for comm="pool-25-thread-" name="fd" dev="proc" ino=591111 scontext=u:r:untrusted_app_29:s0:c103,c256,c512,c768 tcontext=u:r:untrusted_app_29:s0:c103,c256,c512,c768 tclass=dir permissive=0 app=com.smile.gifmaker
06-28 10:21:24.913 10546 10597 I service_manager_stats: [200,185,759496]
06-28 10:21:24.997 10546 10546 I auditd : type=1400 audit(0.0:12798): avc: granted { execute } for comm="pool-12-thread-" path="/data/user/0/com.smile.gifmaker/files/.0/lib/7.8.7/-2059731767/armeabi-v7a/libweapon787.so" dev="dm-21" ino=499824 scontext=u:r:untrusted_app_29:s0:c103,c256,c512,c768 tcontext=u:object_r:app_data_file:s0:c103,c256,c512,c768 tclass=file app=com.smile.gifmaker
