06-28 10:21:24.997 10546 10546 I auditd : type=1400 audit(0.0:12799): avc: denied { ioctl } for comm="pool-12-thread-" path="socket:[595263]" dev="sockfs" ino=595263 ioctlcmd=0x8927 scontext=u:r:untrusted_app_29:s0:c103,c256,c512,c768 tcontext=u:r:untrusted_app_29:s0:c103,c256,c512,c768 tclass=tcp_socket permissive=0 app=com.smile.gifmaker
06-28 10:21:24.997 10546 10546 I auditd : type=1400 audit(0.0:12800): avc: granted { nlmsg_readpriv } for comm="pool-12-thread-" scontext=u:r:untrusted_app_29:s0:c103,c256,c512,c768 tcontext=u:r:untrusted_app_29:s0:c103,c256,c512,c768 tclass=netlink_route_socket app=com.smile.gifmaker
06-28 10:21:25.001 10546 10546 I auditd : type=1400 audit(0.0:12801): avc: denied { ioctl } for comm="pool-12-thread-" path="socket:[595265]" dev="sockfs" ino=595265 ioctlcmd=0x8927 scontext=u:r:untrusted_app_29:s0:c103,c256,c512,c768 tcontext=u:r:untrusted_app_29:s0:c103,c256,c512,c768 tclass=tcp_socket permissive=0 app=com.smile.gifmaker
06-28 10:21:25.097 10242 10242 I auditd : type=1400 audit(0.0:12802): avc: granted { execute } for comm="BeaconReportHan" path="/data/user/0/com.tencent.android.qqdownloader/files/shell/8_8454130_1346/lib/arm64-v8a/libqmp.so" dev="dm-21" ino=39391 scontext=u:r:untrusted_app_27:s0:c512,c768 tcontext=u:object_r:app_data_file:s0:c512,c768 tclass=file app=com.tencent.android.qqdownloader
06-28 10:21:25.677 1603 12364 I power_sleep_requested: 1
06-28 10:21:25.683 1603 15774 I wm_finish_activity: [0,169654577,24854,com.thundercomm.screensaver/android.service.dreams.DreamActivity,finish-activity]
06-28 10:21:25.683 1603 15774 I wm_task_moved: [1,1,5]
06-28 10:21:25.684 1603 15774 I wm_task_moved: [24822,1,2147483647]
06-28 10:21:25.684 1603 15774 I wm_task_to_front: [0,24822]
06-28 10:21:25.684 1603 15774 I wm_focused_root_task: [0,0,1,24854,finish-top adjustFocusToNextFocusableTask]
06-28 10:21:25.684 1603 15774 I wm_set_resumed_activity: [0,com.android.launcher3/.uioverrides.QuickstepLauncher,finish-top adjustFocusToNextFocusableTask]
06-28 10:21:25.686 1603 15774 I wm_pause_activity: [0,169654577,com.thundercomm.screensaver/android.service.dreams.DreamActivity,userLeaving=false,finish]
06-28 10:21:25.724 10484 10484 I wm_on_top_resumed_lost_called: [169654577,android.service.dreams.DreamActivity,topStateChangedWhenResumed]
06-28 10:21:25.725 10484 10484 I wm_on_paused_called: [169654577,android.service.dreams.DreamActivity,performPause]
06-28 10:21:25.726 1603 1737 I sysui_multi_action: [757,1696,758,6,759,0]
06-28 10:21:25.733 1603 1709 I sysui_multi_action: [757,803,799,window_time_0,802,5]
06-28 10:21:25.736 1603 1634 I wm_add_to_stopping: [0,169654577,com.thundercomm.screensaver/android.service.dreams.DreamActivity,completeFinishing]
06-28 10:21:25.739 1603 1634 I wm_set_resumed_activity: [0,com.android.launcher3/.uioverrides.QuickstepLauncher,resumeTopActivityInnerLocked]
06-28 10:21:25.739 1603 1889 I input_focus: [Focus leaving e64a6ab com.thundercomm.screensaver/android.service.dreams.DreamActivity (server),reason=NO_WINDOW]
06-28 10:21:25.742 1603 1634 I wm_resume_activity: [0,263032627,24822,com.android.launcher3/.uioverrides.QuickstepLauncher]
06-28 10:21:25.742 2605 2605 I wm_on_restart_called: [263032627,com.android.launcher3.uioverrides.QuickstepLauncher,performRestartActivity]
06-28 10:21:25.742 2605 2605 I wm_on_start_called: [263032627,com.android.launcher3.uioverrides.QuickstepLauncher,handleStartActivity]
06-28 10:21:25.743 2605 2605 I wm_on_resume_called: [263032627,com.android.launcher3.uioverrides.QuickstepLauncher,RESUME_ACTIVITY]
06-28 10:21:25.743 2605 2605 I wm_on_top_resumed_gained_called: [263032627,com.android.launcher3.uioverrides.QuickstepLauncher,topWhenResuming]
06-28 10:21:25.745 1603 1709 I wm_destroy_activity: [0,169654577,24854,com.thundercomm.screensaver/android.service.dreams.DreamActivity,finish-imm:idle]
06-28 10:21:25.750 1603 1709 I sysui_multi_action: [757,803,799,window_time_0,802,0]
06-28 10:21:25.751 1603 1711 I input_focus: [Focus request 3675f2c com.android.launcher3/com.android.launcher3.uioverrides.QuickstepLauncher,reason=UpdateInputWindows]
06-28 10:21:25.754 1603 1709 I am_uid_running: 10127
06-28 10:21:25.762 1603 1709 I am_uid_running: 10113
06-28 10:21:25.765 1603 1722 I am_proc_start: [0,10856,10127,com.zhihu.android,NULL,]
06-28 10:21:25.765 10484 10484 I wm_on_stop_called: [169654577,android.service.dreams.DreamActivity,LIFECYCLER_STOP_ACTIVITY]
06-28 10:21:25.766 10484 10484 I wm_on_destroy_called: [169654577,android.service.dreams.DreamActivity,performDestroy]
06-28 10:21:25.768 1603 1706 I sysui_multi_action: [757,222,758,2]
06-28 10:21:25.768 1603 1706 I sysui_multi_action: [757,804,799,dreaming_minutes,801,0,802,1]
06-28 10:21:25.773 1603 1722 I am_proc_start: [0,10859,10113,com.ss.android.ugc.aweme.lite,NULL,]
06-28 10:21:25.783 1603 14105 I wm_task_removed: [24854,removeChild:removeChild last r=ActivityRecord{a1cb931 u0 com.thundercomm.screensaver/android.service.dreams.DreamActivity taskAffinity=1000:android:com.thundercomm.screensaver/dream t-1 f}} in t=Task{b8df816 #24854 type=dream A=1000:android:com.thundercomm.screensaver/dream U=0 visible=false mode=fullscreen translucent=true sz=0 visible freeform task=true rootAffinity=1000:android:com.thundercomm.screensaver/dream isMini=false}]
06-28 10:21:25.783 1603 14105 I wm_task_removed: [24854,removeChild]
06-28 10:21:25.783 1603 2092 I am_kill : [0,10546,com.smile.gifmaker,905,empty #2]
06-28 10:21:25.790 1603 14105 I am_proc_bound: [0,10856,com.zhihu.android]
06-28 10:21:25.798 1603 1889 I input_focus: [Focus entering 3675f2c com.android.launcher3/com.android.launcher3.uioverrides.QuickstepLauncher (server),reason=Window became focusable. Previous reason: NOT_VISIBLE]
06-28 10:21:25.801 1603 2092 I am_proc_bound: [0,10859,com.ss.android.ugc.aweme.lite]
06-28 10:21:25.805 1603 1709 I am_kill : [0,10856,com.zhihu.android,915,empty #2]
06-28 10:21:25.806 1603 1709 I am_kill : [0,10484,com.thundercomm.screensaver,925,empty #3]
06-28 10:21:25.806 1603 1721 I am_wtf : [0,1603,system_server,-1,DisplayDeviceConfig,requesting nits when no mapping exists.]
06-28 10:21:25.807 1603 1737 I wm_pause_activity: [0,263032627,com.android.launcher3/.uioverrides.QuickstepLauncher,userLeaving=false,sleep]
06-28 10:21:25.807 2605 2605 I wm_on_top_resumed_lost_called: [263032627,com.android.launcher3.uioverrides.QuickstepLauncher,topStateChangedWhenResumed]
06-28 10:21:25.808 2605 2605 I wm_on_paused_called: [263032627,com.android.launcher3.uioverrides.QuickstepLauncher,performPause]
06-28 10:21:25.809 1603 2092 I wm_add_to_stopping: [0,263032627,com.android.launcher3/.uioverrides.QuickstepLauncher,completePauseLocked]
06-28 10:21:25.811 1603 1721 I am_wtf : [0,1603,system_server,-1,DisplayDeviceConfig,requesting nits when no mapping exists.]
06-28 10:21:25.813 1603 1889 I input_focus: [Focus leaving 3675f2c com.android.launcher3/com.android.launcher3.uioverrides.QuickstepLauncher (server),reason=NOT_VISIBLE]
06-28 10:21:25.814 1603 1709 I wm_stop_activity: [0,263032627,com.android.launcher3/.uioverrides.QuickstepLauncher]
06-28 10:21:25.814 1603 1709 I sysui_multi_action: [757,803,799,window_time_0,802,0]
06-28 10:21:25.855 2605 2605 I wm_on_stop_called: [263032627,com.android.launcher3.uioverrides.QuickstepLauncher,STOP_ACTIVITY_ITEM]
06-28 10:21:25.872 1603 14105 I am_proc_died: [0,10856,com.zhihu.android,915,19]
06-28 10:21:25.876 1603 14105 I am_uid_stopped: 10127
06-28 10:21:25.876 1603 1603 I sysui_multi_action: [757,198,758,2,759,2,1359,202,1695,0]
06-28 10:21:25.877 1603 1603 I power_screen_state: [0,2,0,0,202]
06-28 10:21:25.877 1603 1603 I screen_toggled: 0
06-28 10:21:25.877 1603 1603 I sysui_multi_action: [757,804,799,screen_timeout,801,60,802,1]
06-28 10:21:25.877 1603 1603 I sysui_multi_action: [757,1594,758,4,759,-2147483648,1359,249292]
06-28 10:21:25.877 1603 1603 I power_screen_broadcast_send: 1
06-28 10:21:25.902 1603 1634 I am_proc_died: [0,10484,com.thundercomm.screensaver,925,19]
06-28 10:21:25.929 1603 1603 I battery_saving_stats: [0,1,0,249339,0,0,544846,0,0]
06-28 10:21:25.970 1603 1603 I power_screen_broadcast_done: [0,93,1]
06-28 10:21:25.980 1603 1634 I am_proc_died: [0,10546,com.smile.gifmaker,905,19]
06-28 10:21:25.982 1603 1634 I am_uid_stopped: 10103
06-28 10:21:25.987 1603 1709 I am_uid_running: 10127
06-28 10:21:25.998 1603 1722 I am_proc_start: [0,10890,10127,com.zhihu.android,NULL,]
06-28 10:21:26.027 1603 1634 I am_proc_bound: [0,10890,com.zhihu.android]
06-28 10:21:26.461 1603 1603 I sysui_multi_action: [757,128,758,5,759,8,793,22621,794,0,795,16575,796,127,806,com.tencent.android.qqdownloader,857,channel_id_default_silent,858,3,946,com.tencent.android.qqdownloader,947,1,1500,16575,1688,1]
06-28 10:21:26.462 1603 1603 I notification_canceled: [0|com.tencent.android.qqdownloader|127|null|10101,8,22621,16575,0,-1,-1,NULL]
06-28 10:21:26.478 1603 1603 I notification_enqueue: [10101,9357,com.tencent.android.qqdownloader,127,NULL,0,Notification(channel=channel_id_default_silent shortcut=null contentView=com.tencent.android.qqdownloader/0x7f0a01c2 vibrate=null sound=null defaults=0x0 flags=0x2a2 color=0x00000000 groupKey=com.tencent.android.qqdownloader vis=PRIVATE),0]
06-28 10:21:26.807 1603 1720 I am_kill : [0,10859,com.ss.android.ugc.aweme.lite,905,empty #2]
06-28 10:21:27.013 11182 11182 I auditd : type=1400 audit(0.0:12908): avc: denied { bind } for comm="ip" scontext=u:r:untrusted_app:s0:c127,c256,c512,c768 tcontext=u:r:untrusted_app:s0:c127,c256,c512,c768 tclass=netlink_route_socket permissive=0 bug=b/155595000
06-28 10:21:27.061 11200 11200 I auditd : type=1400 audit(0.0:12909): avc: denied { bind } for comm="ip" scontext=u:r:untrusted_app:s0:c127,c256,c512,c768 tcontext=u:r:untrusted_app:s0:c127,c256,c512,c768 tclass=netlink_route_socket permissive=0 bug=b/155595000 app=com.zhihu.android
06-28 10:21:27.117 11211 11211 I auditd : type=1400 audit(0.0:12910): avc: denied { bind } for comm="ip" scontext=u:r:untrusted_app:s0:c127,c256,c512,c768 tcontext=u:r:untrusted_app:s0:c127,c256,c512,c768 tclass=netlink_route_socket permissive=0 bug=b/155595000 app=com.zhihu.android
06-28 10:21:27.169 11223 11223 I auditd : type=1400 audit(0.0:12911): avc: denied { read } for comm="ZIDThreadPoolEx" name="u:object_r:qemu_hw_prop:s0" dev="tmpfs" ino=12608 scontext=u:r:untrusted_app:s0:c127,c256,c512,c768 tcontext=u:object_r:qemu_hw_prop:s0 tclass=file permissive=0 app=com.zhihu.android
06-28 10:21:27.169 11223 11223 I auditd : type=1400 audit(0.0:12912): avc: denied { read } for comm="ZIDThreadPoolEx" name="u:object_r:qemu_sf_lcd_density_prop:s0" dev="tmpfs" ino=12609 scontext=u:r:untrusted_app:s0:c127,c256,c512,c768 tcontext=u:object_r:qemu_sf_lcd_density_prop:s0 tclass=file permissive=0 app=com.zhihu.android
06-28 10:21:27.211 1603 3458 I am_proc_died: [0,10859,com.ss.android.ugc.aweme.lite,905,19]
06-28 10:21:27.211 1603 3458 I am_uid_stopped: 10113
06-28 10:21:27.482 1603 1603 I notification_enqueue: [10101,9357,com.tencent.android.qqdownloader,127,NULL,0,Notification(channel=channel_id_default_silent shortcut=null contentView=com.tencent.android.qqdownloader/0x7f0a01c2 vibrate=null sound=null defaults=0x0 flags=0x2a2 color=0x00000000 groupKey=com.tencent.android.qqdownloader vis=PRIVATE),1]
06-28 10:21:31.998 5678 5678 I force_gc: mem
06-28 10:21:37.329 1603 1722 I am_proc_start: [0,11396,10127,com.zhihu.android:channel,service,{com.zhihu.android/com.taobao.accs.ChannelService}]
06-28 10:21:37.373 1603 14971 I am_proc_bound: [0,11396,com.zhihu.android:channel]
06-28 10:21:40.733 11490 11490 I auditd : type=1400 audit(0.0:12928): avc: denied { bind } for comm="ip" scontext=u:r:untrusted_app:s0:c127,c256,c512,c768 tcontext=u:r:untrusted_app:s0:c127,c256,c512,c768 tclass=netlink_route_socket permissive=0 bug=b/155595000
06-28 10:21:40.753 11491 11491 I auditd : type=1400 audit(0.0:12929): avc: denied { bind } for comm="ip" scontext=u:r:untrusted_app:s0:c127,c256,c512,c768 tcontext=u:r:untrusted_app:s0:c127,c256,c512,c768 tclass=netlink_route_socket permissive=0 bug=b/155595000 app=com.zhihu.android
06-28 10:21:40.769 11492 11492 I auditd : type=1400 audit(0.0:12930): avc: denied { bind } for comm="ip" scontext=u:r:untrusted_app:s0:c127,c256,c512,c768 tcontext=u:r:untrusted_app:s0:c127,c256,c512,c768 tclass=netlink_route_socket permissive=0 bug=b/155595000
06-28 10:21:41.970 1603 1948 I storage_state: [41217664-9172-527a-b3d5-edabb50a7d69,0,0,75070873600,118610538496]
06-28 10:21:43.026 1603 1931 I netstats_mobile_sample: [0,0,0,0,0,0,0,0,0,0,0,0,1687918903026]
06-28 10:21:43.027 1603 1931 I netstats_wifi_sample: [261715027,220412,22323151,124046,261715027,220412,22323151,124046,274569608,242726,18250951,115691,1687918903026]
06-28 10:21:47.155 1603 3458 I am_kill : [0,11396,com.zhihu.android:channel,905,empty #2]
06-28 10:21:47.220 1603 3458 I am_proc_died: [0,11396,com.zhihu.android:channel,905,19]
06-28 10:21:47.224 1603 3458 I am_kill : [0,10507,com.thundercomm.gamemode.provider,915,empty #2]
06-28 10:21:47.247 1603 1720 I am_pss : [10242,10101,com.tencent.ilink.ServiceProcess,73037824,58425344,48128,199835648,0,4,12]
06-28 10:21:47.257 1603 1720 I am_pss : [9704,10101,com.tencent.android.qqdownloader:live,46862336,23601152,13320192,128188416,0,10,9]
06-28 10:21:47.290 1603 3458 I am_proc_died: [0,10507,com.thundercomm.gamemode.provider,915,19]
06-28 10:21:47.290 1603 3458 I am_uid_stopped: 10064
06-28 10:21:51.634 1603 1708 I commit_sys_config_file: [jobs,6]
06-28 10:21:55.132 1603 1890 I intercept_power: [ACTION_DOWN,0,0]
06-28 10:21:55.143 1603 1890 I intercept_power: [ACTION_UP,0,0]
06-28 10:21:55.143 1603 1603 I screen_toggled: 1
06-28 10:21:55.150 1603 1737 I wm_set_resumed_activity: [0,com.android.launcher3/.uioverrides.QuickstepLauncher,resumeTopActivityInnerLocked]
06-28 10:21:55.153 1603 1737 I wm_resume_activity: [0,263032627,24822,com.android.launcher3/.uioverrides.QuickstepLauncher]
06-28 10:21:55.154 1603 1603 I power_screen_broadcast_send: 1
06-28 10:21:55.155 1603 1737 I sysui_multi_action: [757,1696,758,6,759,3]
06-28 10:21:55.169 1603 1709 I am_uid_running: 10113
06-28 10:21:55.182 1603 1722 I am_proc_start: [0,11600,10113,com.ss.android.ugc.aweme.lite,NULL,]
06-28 10:21:55.189 1603 1722 I am_proc_start: [0,11601,10127,com.zhihu.android:channel,service,{com.zhihu.android/com.taobao.accs.ChannelService}]
06-28 10:21:55.199 1603 6020 I am_proc_bound: [0,11600,com.ss.android.ugc.aweme.lite]
06-28 10:21:55.208 1603 13590 I am_proc_bound: [0,11601,com.zhihu.android:channel]
06-28 10:21:55.210 2605 2605 I wm_on_restart_called: [263032627,com.android.launcher3.uioverrides.QuickstepLauncher,performRestartActivity]
06-28 10:21:55.210 2605 2605 I wm_on_start_called: [263032627,com.android.launcher3.uioverrides.QuickstepLauncher,handleStartActivity]
06-28 10:21:55.210 2605 2605 I wm_on_resume_called: [263032627,com.android.launcher3.uioverrides.QuickstepLauncher,RESUME_ACTIVITY]
06-28 10:21:55.210 2605 2605 I wm_on_top_resumed_gained_called: [263032627,com.android.launcher3.uioverrides.QuickstepLauncher,topWhenResuming]
06-28 10:21:55.221 1603 1603 I auditd : type=1400 audit(0.0:12931): avc: denied { getattr } for comm="ActivityManager" path="/data/tlog/fatal/dropbox" dev="dm-21" ino=499138 scontext=u:r:system_server:s0 tcontext=u:object_r:tlog_data_file:s0 tclass=dir permissive=0
06-28 10:21:55.229 1603 1603 I auditd : type=1400 audit(0.0:12932): avc: denied { getattr } for comm="ActivityManager" path="/data/tlog/fatal/dropbox" dev="dm-21" ino=499138 scontext=u:r:system_server:s0 tcontext=u:object_r:tlog_data_file:s0 tclass=dir permissive=0
06-28 10:21:55.224 1603 1721 I am_wtf : [0,1603,system_server,-1,DisplayDeviceConfig,requesting nits when no mapping exists.]
06-28 10:21:55.226 1603 1711 I input_focus: [Focus request 3675f2c com.android.launcher3/com.android.launcher3.uioverrides.QuickstepLauncher,reason=UpdateInputWindows]
06-28 10:21:55.228 1603 1721 I am_wtf : [0,1603,system_server,-1,DisplayDeviceConfig,requesting nits when no mapping exists.]
06-28 10:21:55.235 1603 1709 I am_kill : [0,10890,com.zhihu.android,915,empty #2]
06-28 10:21:55.246 1603 1889 I input_focus: [Focus entering 3675f2c com.android.launcher3/com.android.launcher3.uioverrides.QuickstepLauncher (server),reason=Window became focusable. Previous reason: NOT_VISIBLE]
06-28 10:21:55.281 1603 1603 I sysui_multi_action: [757,198,758,1,759,1,1359,95,1694,1]
06-28 10:21:55.281 1603 1603 I power_screen_state: [1,0,0,0,95]
06-28 10:21:55.290 1603 1603 I battery_saving_stats: [0,0,0,29361,0,0,187642,0,0]
06-28 10:21:55.335 1603 1603 I power_screen_broadcast_done: [1,181,1]
06-28 10:21:55.396 1603 14971 I am_proc_died: [0,10890,com.zhihu.android,915,19]
06-28 10:21:55.512 1603 2536 I am_proc_died: [0,11601,com.zhihu.android:channel,0,10]
06-28 10:21:55.513 1603 2536 I am_uid_stopped: 10127
06-28 10:21:56.075 1603 3427 I sysui_multi_action: [757,1659,758,4,759,1,1660,3]
06-28 10:21:56.081 11600 11600 I auditd : type=1400 audit(0.0:12933): avc: granted { execute } for comm="#GlobalProxyLan" path="/data/user/0/com.ss.android.ugc.aweme.lite/files/plugins/com.ss.android.ugc.aweme.videocache_v2/version-25909062/lib/libavmdlv2.so" dev="dm-21" ino=83754 scontext=u:r:untrusted_app_29:s0:c113,c256,c512,c768 tcontext=u:object_r:app_data_file:s0:c113,c256,c512,c768 tclass=file app=com.ss.android.ugc.aweme.lite
06-28 10:21:56.129 11600 11600 I auditd : type=1400 audit(0.0:12934): avc: granted { nlmsg_readpriv } for comm="TTNet-AN-IO" scontext=u:r:untrusted_app_29:s0:c113,c256,c512,c768 tcontext=u:r:untrusted_app_29:s0:c113,c256,c512,c768 tclass=netlink_route_socket app=com.ss.android.ugc.aweme.lite
06-28 10:21:56.310 1603 6020 I wm_task_created: [24855,-1]
06-28 10:21:56.315 1603 6020 I wm_task_moved: [24855,1,6]
06-28 10:21:56.315 1603 6020 I wm_task_to_front: [0,24855]
06-28 10:21:56.315 1603 6020 I wm_create_task: [0,24855]
06-28 10:21:56.315 1603 6020 I wm_create_activity: [0,34311835,24855,com.tencent.android.qqdownloader/com.tencent.pangu.link.SplashActivity,android.intent.action.MAIN,NULL,NULL,270532608]
06-28 10:21:56.315 1603 6020 I wm_task_moved: [24855,1,6]
06-28 10:21:56.315 2605 2605 I wm_on_top_resumed_lost_called: [263032627,com.android.launcher3.uioverrides.QuickstepLauncher,topStateChangedWhenResumed]
06-28 10:21:56.317 1603 6020 I wm_restart_activity: [0,34311835,24855,com.tencent.android.qqdownloader/com.tencent.pangu.link.SplashActivity]
06-28 10:21:56.317 1603 6020 I wm_set_resumed_activity: [0,com.tencent.android.qqdownloader/com.tencent.pangu.link.SplashActivity,minimalResumeActivityLocked]
06-28 10:21:56.347 1603 1635 I wm_task_created: [24856,-1]
06-28 10:21:56.348 1603 2536 I netstats_mobile_sample: [0,0,0,0,0,0,0,0,0,0,0,0,1687918916347]
06-28 10:21:56.348 1603 2536 I netstats_wifi_sample: [261907679,220893,22565450,124896,261907679,220893,22565450,124896,274958076,243402,18402719,116361,1687918916347]
06-28 10:21:56.349 1603 1635 I wm_task_moved: [24856,1,7]
06-28 10:21:56.349 1603 1635 I wm_task_to_front: [0,24856]
06-28 10:21:56.350 1603 1635 I wm_create_task: [0,24856]
06-28 10:21:56.350 1603 1635 I wm_create_activity: [0,156539482,24856,com.tencent.android.qqdownloader/com.tencent.pangu.module.desktopwin.template.container.PhotonWindowSupportActivity,NULL,NULL,NULL,276955136]
06-28 10:21:56.350 1603 1635 I wm_task_moved: [24856,1,7]
06-28 10:21:56.351 1603 1635 I wm_restart_activity: [0,156539482,24856,com.tencent.android.qqdownloader/com.tencent.pangu.module.desktopwin.template.container.PhotonWindowSupportActivity]
06-28 10:21:56.351 1603 1635 I wm_set_resumed_activity: [0,com.tencent.android.qqdownloader/com.tencent.pangu.module.desktopwin.template.container.PhotonWindowSupportActivity,minimalResumeActivityLocked]
06-28 10:21:56.352 1603 1635 I wm_add_to_stopping: [0,34311835,com.tencent.android.qqdownloader/com.tencent.pangu.link.SplashActivity,makeInvisible]
06-28 10:21:56.353 1603 1635 I wm_finish_activity: [0,34311835,24855,com.tencent.android.qqdownloader/com.tencent.pangu.link.SplashActivity,app-request]
06-28 10:21:56.354 1603 1635 I wm_pause_activity: [0,34311835,com.tencent.android.qqdownloader/com.tencent.pangu.link.SplashActivity,userLeaving=false,finish]
06-28 10:21:56.355 9357 9357 I wm_on_create_called: [34311835,com.tencent.pangu.link.SplashActivity,performCreate]
06-28 10:21:56.365 1603 1709 I wm_destroy_activity: [0,34311835,24855,com.tencent.android.qqdownloader/com.tencent.pangu.link.SplashActivity,finish-imm:idle]
06-28 10:21:56.365 1603 1709 I sysui_multi_action: [757,803,799,window_time_0,802,30]
06-28 10:21:56.366 9357 9357 I wm_on_destroy_called: [34311835,com.tencent.pangu.link.SplashActivity,performDestroy]
06-28 10:21:56.367 1603 1635 I wm_task_removed: [24855,removeChild:removeChild last r=ActivityRecord{20b8e9b u0 com.tencent.android.qqdownloader/com.tencent.pangu.link.SplashActivity taskAffinity=10101:com.tencent.android.qqdownloader t-1 f}} in t=Task{b412238 #24855 type=standard A=10101:com.tencent.android.qqdownloader U=0 visible=false mode=freeform translucent=true sz=0 visible freeform task=false rootAffinity=10101:com.tencent.android.qqdownloader isMini=false}]
06-28 10:21:56.367 1603 1635 I wm_task_removed: [24855,removeChild]
06-28 10:21:56.380 9392 9392 I wm_on_create_called: [156539482,com.tencent.pangu.module.desktopwin.template.container.PhotonWindowSupportActivity,performCreate]
06-28 10:21:56.383 9392 9392 I wm_on_start_called: [156539482,com.tencent.pangu.module.desktopwin.template.container.PhotonWindowSupportActivity,handleStartActivity]
06-28 10:21:56.384 9392 9392 I wm_on_resume_called: [156539482,com.tencent.pangu.module.desktopwin.template.container.PhotonWindowSupportActivity,RESUME_ACTIVITY]
06-28 10:21:56.391 9392 9392 I wm_on_top_resumed_gained_called: [156539482,com.tencent.pangu.module.desktopwin.template.container.PhotonWindowSupportActivity,topStateChangedWhenResumed]
06-28 10:21:56.403 1603 1711 I input_focus: [Focus request 19540d6 com.tencent.android.qqdownloader/com.tencent.pangu.module.desktopwin.template.container.PhotonWindowSupportActivity,reason=UpdateInputWindows]
06-28 10:21:56.410 1603 1889 I input_focus: [Focus leaving 3675f2c com.android.launcher3/com.android.launcher3.uioverrides.QuickstepLauncher (server),reason=Waiting for window because NOT_VISIBLE]
06-28 10:21:56.430 1603 1706 I sysui_multi_action: [319,123,322,123,325,790,757,761,758,8,759,2,806,com.tencent.android.qqdownloader,871,com.tencent.pangu.module.desktopwin.template.container.PhotonWindowSupportActivity,904,com.tencent.android.qqdownloader,905,0,1320,4,1321,5]
06-28 10:21:56.431 1603 1706 I wm_activity_launch_time: [0,156539482,com.tencent.android.qqdownloader/com.tencent.pangu.module.desktopwin.template.container.PhotonWindowSupportActivity,123]
06-28 10:21:56.425 11600 11600 I auditd : type=1400 audit(0.0:12936): avc: granted { execute } for comm="#tp-default-51" path="/data/user/0/com.ss.android.ugc.aweme.lite/files/plugins/com.ss.android.ugc.aweme.vmsdk_plugin/version-258090010/lib/libnapi_v8.so" dev="dm-21" ino=336498 scontext=u:r:untrusted_app_29:s0:c113,c256,c512,c768 tcontext=u:object_r:app_data_file:s0:c113,c256,c512,c768 tclass=file app=com.ss.android.ugc.aweme.lite
06-28 10:21:56.443 1603 1889 I input_focus: [Focus entering 19540d6 com.tencent.android.qqdownloader/com.tencent.pangu.module.desktopwin.template.container.PhotonWindowSupportActivity (server),reason=Window became focusable. Previous reason: NOT_VISIBLE]
06-28 10:21:56.859 1603 1889 I input_interaction: Interaction with: 3675f2c com.android.launcher3/com.android.launcher3.uioverrides.QuickstepLauncher (server), 287fe67 com.android.systemui.ImageWallpaper (server), edge-swipe (server), swipe-up (server), PointerEventDispatcher0 (server),
06-28 10:21:56.958 1603 13590 I wm_task_created: [24857,-1]
06-28 10:21:56.961 1603 13590 I wm_task_moved: [24857,1,7]
06-28 10:21:56.961 1603 13590 I wm_task_to_front: [0,24857]
06-28 10:21:56.961 1603 13590 I wm_create_task: [0,24857]
06-28 10:21:56.961 1603 13590 I wm_create_activity: [0,105731596,24857,com.ss.android.ugc.aweme/.splash.SplashActivity,android.intent.action.MAIN,NULL,NULL,270532608]
06-28 10:21:56.961 1603 13590 I wm_task_moved: [24857,1,7]
06-28 10:21:56.961 9392 9392 I wm_on_top_resumed_lost_called: [156539482,com.tencent.pangu.module.desktopwin.template.container.PhotonWindowSupportActivity,topStateChangedWhenResumed]
06-28 10:21:56.962 1603 13590 I wm_restart_activity: [0,105731596,24857,com.ss.android.ugc.aweme/.splash.SplashActivity]
06-28 10:21:56.964 1603 13590 I wm_set_resumed_activity: [0,com.ss.android.ugc.aweme/.splash.SplashActivity,minimalResumeActivityLocked]
06-28 10:21:56.964 1603 13590 I wm_add_to_stopping: [0,156539482,com.tencent.android.qqdownloader/com.tencent.pangu.module.desktopwin.template.container.PhotonWindowSupportActivity,makeInvisible]
06-28 10:21:56.968 1603 1709 I am_uid_active: 10104
06-28 10:21:56.978 1603 1889 I input_focus: [Focus leaving 19540d6 com.tencent.android.qqdownloader/com.tencent.pangu.module.desktopwin.template.container.PhotonWindowSupportActivity (server),reason=NO_WINDOW]
06-28 10:21:57.109 6455 6455 I wm_on_create_called: [105731596,com.ss.android.ugc.aweme.splash.SplashActivity,performCreate]
06-28 10:21:57.127 6455 6455 I wm_on_start_called: [105731596,com.ss.android.ugc.aweme.splash.SplashActivity,handleStartActivity]
06-28 10:21:57.134 6455 6455 I wm_on_resume_called: [105731596,com.ss.android.ugc.aweme.splash.SplashActivity,RESUME_ACTIVITY]
06-28 10:21:57.138 6455 6455 I wm_on_top_resumed_gained_called: [105731596,com.ss.android.ugc.aweme.splash.SplashActivity,topStateChangedWhenResumed]
06-28 10:21:57.244 1603 1711 I input_focus: [Focus request df014ca com.ss.android.ugc.aweme/com.ss.android.ugc.aweme.splash.SplashActivity,reason=UpdateInputWindows]
06-28 10:21:57.280 1603 1889 I input_focus: [Focus entering df014ca com.ss.android.ugc.aweme/com.ss.android.ugc.aweme.splash.SplashActivity (server),reason=setFocusedWindow]
06-28 10:21:57.281 1603 1706 I sysui_multi_action: [319,314,322,310,325,791,757,761,758,8,759,2,806,com.ss.android.ugc.aweme,871,com.ss.android.ugc.aweme.splash.SplashActivity,904,com.android.launcher3,905,0,1320,8,1321,5]
06-28 10:21:57.281 1603 1706 I wm_activity_launch_time: [0,105731596,com.ss.android.ugc.aweme/.splash.SplashActivity,310]
06-28 10:21:57.489 6455 6455 I auditd : type=1400 audit(0.0:12937): avc: denied { read } for comm="Thread-439" name="u:object_r:oem_unlock_prop:s0" dev="tmpfs" ino=12593 scontext=u:r:untrusted_app_29:s0:c104,c256,c512,c768 tcontext=u:object_r:oem_unlock_prop:s0 tclass=file permissive=0 app=com.ss.android.ugc.aweme
06-28 10:21:57.505 6455 6455 I auditd : type=1400 audit(0.0:12938): avc: denied { search } for comm="Thread-439" name="input" dev="tmpfs" ino=13367 scontext=u:r:untrusted_app_29:s0:c104,c256,c512,c768 tcontext=u:object_r:input_device:s0 tclass=dir permissive=0 app=com.ss.android.ugc.aweme
06-28 10:21:57.513 11945 11945 I auditd : type=1400 audit(0.0:12939): avc: granted { bind } for comm="ip" scontext=u:r:untrusted_app_29:s0:c104,c256,c512,c768 tcontext=u:r:untrusted_app_29:s0:c104,c256,c512,c768 tclass=netlink_route_socket app=com.ss.android.ugc.aweme
06-28 10:21:57.521 11946 11946 I auditd : type=1400 audit(0.0:12940): avc: granted { bind } for comm="ip" scontext=u:r:untrusted_app_29:s0:c104,c256,c512,c768 tcontext=u:r:untrusted_app_29:s0:c104,c256,c512,c768 tclass=netlink_route_socket app=com.ss.android.ugc.aweme
06-28 10:21:57.521 11946 11946 I auditd : type=1400 audit(0.0:12941): avc: granted { nlmsg_readpriv } for comm="ip" scontext=u:r:untrusted_app_29:s0:c104,c256,c512,c768 tcontext=u:r:untrusted_app_29:s0:c104,c256,c512,c768 tclass=netlink_route_socket app=com.ss.android.ugc.aweme
06-28 10:21:57.547 1603 1709 I wm_stop_activity: [0,156539482,com.tencent.android.qqdownloader/com.tencent.pangu.module.desktopwin.template.container.PhotonWindowSupportActivity]
06-28 10:21:57.553 6455 6455 I auditd : type=1400 audit(0.0:12942): avc: denied { search } for comm="Thread-439" name="net" dev="sysfs" ino=46864 scontext=u:r:untrusted_app_29:s0:c104,c256,c512,c768 tcontext=u:object_r:sysfs_net:s0 tclass=dir permissive=0 app=com.ss.android.ugc.aweme
06-28 10:21:57.565 9392 9392 I wm_on_paused_called: [156539482,com.tencent.pangu.module.desktopwin.template.container.PhotonWindowSupportActivity,performPause]
06-28 10:21:57.570 1603 1861 I wm_finish_activity: [0,156539482,24856,com.tencent.android.qqdownloader/com.tencent.pangu.module.desktopwin.template.container.PhotonWindowSupportActivity,app-request]
06-28 10:21:57.570 1603 1861 I wm_destroy_activity: [0,156539482,24856,com.tencent.android.qqdownloader/com.tencent.pangu.module.desktopwin.template.container.PhotonWindowSupportActivity,finish-imm:finishIfPossible]
06-28 10:21:57.571 9392 9392 I wm_on_stop_called: [156539482,com.tencent.pangu.module.desktopwin.template.container.PhotonWindowSupportActivity,STOP_ACTIVITY_ITEM]
06-28 10:21:57.575 9392 9392 I wm_on_destroy_called: [156539482,com.tencent.pangu.module.desktopwin.template.container.PhotonWindowSupportActivity,performDestroy]
06-28 10:21:57.577 1603 1635 I wm_task_removed: [24856,removeChild:removeChild last r=ActivityRecord{9549a5a u0 com.tencent.android.qqdownloader/com.tencent.pangu.module.desktopwin.template.container.PhotonWindowSupportActivity taskAffinity=10101:com.tencent.android.qqdownloader.desktopwin t-1 f}} in t=Task{7b20226 #24856 type=standard A=10101:com.tencent.android.qqdownloader.desktopwin U=0 visible=false mode=freeform translucent=true sz=0 visible freeform task=false rootAffinity=10101:com.tencent.android.qqdownloader.desktopwin isMini=false}]
06-28 10:21:57.577 1603 1635 I wm_task_removed: [24856,removeChild]
06-28 10:21:57.649 2605 2605 I view_enqueue_input_event: [Motion - Cancel,com.android.launcher3/com.android.launcher3.uioverrides.QuickstepLauncher]
06-28 10:21:57.657 1603 1889 I input_interaction: Interaction with: edge-swipe (server), swipe-up (server), PointerEventDispatcher0 (server),
06-28 10:21:57.798 1603 1878 I commit_sys_config_file: [settings-1-0,1]
06-28 10:21:58.058 1603 1889 I input_interaction: Interaction with: 3675f2c com.android.launcher3/com.android.launcher3.uioverrides.QuickstepLauncher (server), 287fe67 com.android.systemui.ImageWallpaper (server), edge-swipe (server), swipe-up (server), PointerEventDispatcher0 (server),
06-28 10:21:58.091 2605 2605 I view_enqueue_input_event: [Motion - Cancel,com.android.launcher3/com.android.launcher3.uioverrides.QuickstepLauncher]
06-28 10:21:58.098 1603 1889 I input_interaction: Interaction with: edge-swipe (server), swipe-up (server), PointerEventDispatcher0 (server),
06-28 10:21:58.280 1603 1878 I commit_sys_config_file: [settings-1-0,2]
06-28 10:21:58.973 1603 1603 I service_manager_slow: [10,phone]
06-28 10:21:59.244 1603 1878 I commit_sys_config_file: [settings-1-0,10]
06-28 10:21:59.458 1603 1889 I input_interaction: Interaction with: 3675f2c com.android.launcher3/com.android.launcher3.uioverrides.QuickstepLauncher (server), 287fe67 com.android.systemui.ImageWallpaper (server), edge-swipe (server), swipe-up (server), PointerEventDispatcher0 (server),
06-28 10:21:59.506 1603 1889 I input_interaction: Interaction with: edge-swipe (server), swipe-up (server), PointerEventDispatcher0 (server),
06-28 10:21:59.508 2605 2605 I view_enqueue_input_event: [Motion - Cancel,com.android.launcher3/com.android.launcher3.uioverrides.QuickstepLauncher]
06-28 10:21:59.685 1603 1878 I commit_sys_config_file: [settings-1-0,3]
06-28 10:21:59.827 1603 6928 I wm_task_moved: [24857,1,6]
06-28 10:21:59.827 1603 6928 I wm_set_resumed_activity: [0,com.ss.android.ugc.aweme/.splash.SplashActivity,positionChildAt]
06-28 10:21:59.827 1603 6928 I wm_create_activity: [0,189941686,24857,com.ss.android.ugc.aweme/.account.business.login.DYLoginActivity,NULL,NULL,NULL,0]
06-28 10:21:59.827 1603 6928 I wm_pause_activity: [0,105731596,com.ss.android.ugc.aweme/.splash.SplashActivity,userLeaving=true,resumeTopActivityInnerLocked]
06-28 10:21:59.830 6455 6455 I wm_on_top_resumed_lost_called: [105731596,com.ss.android.ugc.aweme.splash.SplashActivity,topStateChangedWhenResumed]
06-28 10:21:59.840 6455 6455 I wm_on_paused_called: [105731596,com.ss.android.ugc.aweme.splash.SplashActivity,performPause]
06-28 10:21:59.841 1603 5445 I wm_restart_activity: [0,189941686,24857,com.ss.android.ugc.aweme/.account.business.login.DYLoginActivity]
06-28 10:21:59.843 1603 5445 I wm_set_resumed_activity: [0,com.ss.android.ugc.aweme/.account.business.login.DYLoginActivity,minimalResumeActivityLocked]
06-28 10:21:59.845 1603 1709 I sysui_multi_action: [757,803,799,window_time_2,802,4]
06-28 10:21:59.871 6455 6455 I wm_on_create_called: [189941686,com.ss.android.ugc.aweme.account.business.login.DYLoginActivity,performCreate]
06-28 10:21:59.872 1603 1931 I netstats_mobile_sample: [0,0,0,0,0,0,0,0,0,0,0,0,1687918919872]
06-28 10:21:59.872 1603 1931 I netstats_wifi_sample: [262715781,221829,22783625,125826,262715781,221829,22783625,125826,275794553,244364,18597713,117245,1687918919872]
06-28 10:21:59.888 6455 6455 I wm_on_start_called: [189941686,com.ss.android.ugc.aweme.account.business.login.DYLoginActivity,handleStartActivity]
06-28 10:21:59.891 6455 6455 I wm_on_resume_called: [189941686,com.ss.android.ugc.aweme.account.business.login.DYLoginActivity,RESUME_ACTIVITY]
06-28 10:21:59.895 6455 6455 I wm_on_top_resumed_gained_called: [189941686,com.ss.android.ugc.aweme.account.business.login.DYLoginActivity,topStateChangedWhenResumed]
06-28 10:21:59.906 1603 1711 I input_focus: [Focus request f36cb89 com.ss.android.ugc.aweme/com.ss.android.ugc.aweme.account.business.login.DYLoginActivity,reason=UpdateInputWindows]
06-28 10:21:59.935 1603 1706 I wm_activity_launch_time: [0,189941686,com.ss.android.ugc.aweme/.account.business.login.DYLoginActivity,109]
06-28 10:21:59.936 1603 1889 I input_focus: [Focus leaving df014ca com.ss.android.ugc.aweme/com.ss.android.ugc.aweme.splash.SplashActivity (server),reason=Waiting for window because NOT_VISIBLE]
06-28 10:21:59.952 1603 1889 I input_focus: [Focus entering f36cb89 com.ss.android.ugc.aweme/com.ss.android.ugc.aweme.account.business.login.DYLoginActivity (server),reason=Window became focusable. Previous reason: NOT_VISIBLE]
06-28 10:21:59.998 1603 1878 I commit_sys_config_file: [settings-1-0,2]
06-28 10:22:00.115 1603 9014 I wm_task_created: [24858,-1]
06-28 10:22:00.117 1603 9014 I wm_task_created: [24859,-1]
06-28 10:22:00.117 1603 9014 I wm_task_moved: [24859,0,-2147483648]
06-28 10:22:00.119 1603 9014 I wm_create_task: [0,24859]
06-28 10:22:00.119 1603 9014 I wm_create_activity: [0,124544754,24859,com.android.launcher3/com.android.quickstep.RecentsActivity,NULL,NULL,NULL,276889600]
06-28 10:22:00.119 1603 9014 I wm_task_moved: [24858,0,0]
06-28 10:22:00.119 1603 9014 I wm_task_moved: [24858,0,5]
06-28 10:22:00.121 1603 9014 I wm_restart_activity: [0,124544754,24859,com.android.launcher3/com.android.quickstep.RecentsActivity]
06-28 10:22:00.137 1603 2065 I wm_task_moved: [24858,1,7]
06-28 10:22:00.137 1603 2065 I wm_focused_root_task: [0,0,24858,24857,RecentsAnimation.onAnimationFinished()]
06-28 10:22:00.138 1603 2065 I wm_pause_activity: [0,263032627,com.android.launcher3/.uioverrides.QuickstepLauncher,userLeaving=false,pauseBackTasks]
06-28 10:22:00.139 6455 6455 I wm_on_top_resumed_lost_called: [189941686,com.ss.android.ugc.aweme.account.business.login.DYLoginActivity,topStateChangedWhenResumed]
06-28 10:22:00.139 1603 2065 I wm_set_resumed_activity: [0,com.android.launcher3/com.android.quickstep.RecentsActivity,resumeTopActivityInnerLocked]
06-28 10:22:00.140 1603 2065 I wm_resume_activity: [0,124544754,24859,com.android.launcher3/com.android.quickstep.RecentsActivity]
06-28 10:22:00.140 1603 2065 I wm_add_to_stopping: [0,189941686,com.ss.android.ugc.aweme/.account.business.login.DYLoginActivity,makeInvisible]
06-28 10:22:00.140 1603 2065 I wm_add_to_stopping: [0,105731596,com.ss.android.ugc.aweme/.splash.SplashActivity,makeInvisible]
06-28 10:22:00.143 1603 1709 I sysui_multi_action: [757,803,799,window_time_2,802,0]
06-28 10:22:00.144 1603 3085 I wm_finish_activity: [0,124544754,24859,com.android.launcher3/com.android.quickstep.RecentsActivity,app-request]
06-28 10:22:00.144 1603 3085 I wm_task_moved: [24857,1,7]
06-28 10:22:00.144 1603 3085 I wm_set_resumed_activity: [0,com.ss.android.ugc.aweme/.account.business.login.DYLoginActivity,positionChildAt]
06-28 10:22:00.144 1603 3085 I wm_focused_root_task: [0,0,24857,24858,finish-top adjustFocusToNextFocusableTask]
06-28 10:22:00.144 1603 3085 I wm_set_resumed_activity: [0,com.ss.android.ugc.aweme/.account.business.login.DYLoginActivity,finish-top]
06-28 10:22:00.145 1603 3085 I wm_pause_activity: [0,124544754,com.android.launcher3/com.android.quickstep.RecentsActivity,userLeaving=false,finish]
06-28 10:22:00.146 2605 2605 I wm_on_create_called: [124544754,com.android.quickstep.RecentsActivity,performCreate]
06-28 10:22:00.146 1603 1709 I sysui_multi_action: [757,803,799,window_time_0,802,0]
06-28 10:22:00.148 1603 1709 I sysui_multi_action: [757,1144,758,8,806,com.android.launcher3,871,com.android.quickstep.RecentsActivity]
06-28 10:22:00.149 2605 2605 I wm_on_paused_called: [263032627,com.android.launcher3.uioverrides.QuickstepLauncher,performPause]
06-28 10:22:00.149 6455 6455 I wm_on_top_resumed_gained_called: [189941686,com.ss.android.ugc.aweme.account.business.login.DYLoginActivity,topStateChangedWhenResumed]
06-28 10:22:00.149 1603 3085 I wm_add_to_stopping: [0,124544754,com.android.launcher3/com.android.quickstep.RecentsActivity,completeFinishing]
06-28 10:22:00.151 1603 3085 I wm_resume_activity: [0,263032627,24822,com.android.launcher3/.uioverrides.QuickstepLauncher]
06-28 10:22:00.152 1603 1889 I input_focus: [Focus leaving f36cb89 com.ss.android.ugc.aweme/com.ss.android.ugc.aweme.account.business.login.DYLoginActivity (server),reason=NO_WINDOW]
06-28 10:22:00.157 2605 2605 I wm_on_resume_called: [263032627,com.android.launcher3.uioverrides.QuickstepLauncher,RESUME_ACTIVITY]
06-28 10:22:00.157 1603 1709 I wm_destroy_activity: [0,124544754,24859,com.android.launcher3/com.android.quickstep.RecentsActivity,finish-imm:idle]
06-28 10:22:00.157 1603 1709 I sysui_multi_action: [757,1144,758,8,806,com.android.launcher3,871,com.android.quickstep.RecentsActivity]
06-28 10:22:00.158 2605 2605 I wm_on_destroy_called: [124544754,com.android.quickstep.RecentsActivity,performDestroy]
06-28 10:22:00.158 1603 1709 I sysui_multi_action: [757,803,799,window_time_2,802,0]
06-28 10:22:00.159 1603 1709 I am_uid_running: 10127
06-28 10:22:00.162 1603 3085 I wm_task_removed: [24859,cleanUpResourcesForDestroy]
06-28 10:22:00.162 1603 3085 I wm_task_removed: [24858,removeChild:removeChild last r=Task{1b1c143 #24859 type=recents I=com.android.launcher3/com.android.quickstep.RecentsActivity U=0 visible=false mode=fullscreen translucent=true sz=0 visible freeform task=true rootAffinity=null isMini=false} in t=Task{aefd916 #24858 type=recents ?? U=0 visible=false mode=fullscreen translucent=true sz=0 visible freeform task=true rootAffinity=null isMini=false}]
06-28 10:22:00.162 1603 3085 I wm_task_removed: [24858,removeChild]
06-28 10:22:00.162 1603 3085 I wm_task_removed: [24859,removeChild:removeChild last r=ActivityRecord{76c66f2 u0 com.android.launcher3/com.android.quickstep.RecentsActivity taskAffinity=null t-1 f}} in t=Task{1b1c143 #24859 type=recents I=com.android.launcher3/com.android.quickstep.RecentsActivity U=0 visible=false mode=fullscreen translucent=true sz=0 visible freeform task=true rootAffinity=null isMini=false}]
06-28 10:22:00.162 1603 3085 I wm_task_removed: [24859,removeChild]
06-28 10:22:00.165 1603 1722 I am_proc_start: [0,12140,10127,com.zhihu.android,NULL,]
06-28 10:22:00.178 1603 3427 I am_proc_bound: [0,12140,com.zhihu.android]
06-28 10:22:00.405 1603 1709 I wm_stop_activity: [0,105731596,com.ss.android.ugc.aweme/.splash.SplashActivity]
06-28 10:22:00.406 1603 1709 I wm_stop_activity: [0,189941686,com.ss.android.ugc.aweme/.account.business.login.DYLoginActivity]
06-28 10:22:00.406 1603 1709 I am_kill : [0,11600,com.ss.android.ugc.aweme.lite,945,empty #2]
06-28 10:22:00.430 1603 1720 I sysui_multi_action: [757,1717,758,1,759,0]
06-28 10:22:00.431 1603 1720 I sysui_multi_action: [757,1717,758,2,759,0]
06-28 10:22:00.431 1603 1720 I sysui_multi_action: [757,1717,758,3,759,0]
06-28 10:22:00.439 6455 6455 I wm_on_stop_called: [105731596,com.ss.android.ugc.aweme.splash.SplashActivity,STOP_ACTIVITY_ITEM]
06-28 10:22:00.442 6455 6455 I wm_on_top_resumed_lost_called: [189941686,com.ss.android.ugc.aweme.account.business.login.DYLoginActivity,topStateChangedWhenResumed]
06-28 10:22:00.443 6455 6455 I wm_on_paused_called: [189941686,com.ss.android.ugc.aweme.account.business.login.DYLoginActivity,performPause]
06-28 10:22:00.453 6455 6455 I wm_on_stop_called: [189941686,com.ss.android.ugc.aweme.account.business.login.DYLoginActivity,STOP_ACTIVITY_ITEM]
06-28 10:22:00.592 1603 1889 I input_interaction: Interaction with: 3675f2c com.android.launcher3/com.android.launcher3.uioverrides.QuickstepLauncher (server), 287fe67 com.android.systemui.ImageWallpaper (server), edge-swipe (server), swipe-up (server), PointerEventDispatcher0 (server),
06-28 10:22:00.594 1603 1709 I wm_task_moved: [1,1,6]
06-28 10:22:00.594 1603 1709 I wm_set_resumed_activity: [0,com.android.launcher3/.uioverrides.QuickstepLauncher,positionChildAt]
06-28 10:22:00.594 1603 1709 I wm_task_moved: [24822,1,2147483647]
06-28 10:22:00.595 1603 1709 I wm_task_to_front: [0,24822]
06-28 10:22:00.595 1603 1709 I wm_focused_root_task: [0,0,1,24857,setFocusedTask]
06-28 10:22:00.595 1603 1709 I wm_set_resumed_activity: [0,com.android.launcher3/.uioverrides.QuickstepLauncher,setFocusedTask]
06-28 10:22:00.595 1603 1711 I input_focus: [Focus request 3675f2c com.android.launcher3/com.android.launcher3.uioverrides.QuickstepLauncher,reason=UpdateInputWindows]
06-28 10:22:00.595 2605 2605 I wm_on_top_resumed_gained_called: [263032627,com.android.launcher3.uioverrides.QuickstepLauncher,topStateChangedWhenResumed]
06-28 10:22:00.619 1603 1889 I input_focus: [Focus entering 3675f2c com.android.launcher3/com.android.launcher3.uioverrides.QuickstepLauncher (server),reason=setFocusedWindow]
06-28 10:22:00.793 12298 12298 I auditd : type=1400 audit(0.0:12945): avc: denied { bind } for comm="ip" scontext=u:r:untrusted_app:s0:c127,c256,c512,c768 tcontext=u:r:untrusted_app:s0:c127,c256,c512,c768 tclass=netlink_route_socket permissive=0 bug=b/155595000 app=com.zhihu.android
06-28 10:22:00.825 12307 12307 I auditd : type=1400 audit(0.0:12946): avc: denied { bind } for comm="ip" scontext=u:r:untrusted_app:s0:c127,c256,c512,c768 tcontext=u:r:untrusted_app:s0:c127,c256,c512,c768 tclass=netlink_route_socket permissive=0 bug=b/155595000 app=com.zhihu.android
06-28 10:22:00.857 12315 12315 I auditd : type=1400 audit(0.0:12947): avc: denied { bind } for comm="ip" scontext=u:r:untrusted_app:s0:c127,c256,c512,c768 tcontext=u:r:untrusted_app:s0:c127,c256,c512,c768 tclass=netlink_route_socket permissive=0 bug=b/155595000
06-28 10:22:00.897 12320 12320 I auditd : type=1400 audit(0.0:12948): avc: denied { read } for comm="ZIDThreadPoolEx" name="u:object_r:qemu_hw_prop:s0" dev="tmpfs" ino=12608 scontext=u:r:untrusted_app:s0:c127,c256,c512,c768 tcontext=u:object_r:qemu_hw_prop:s0 tclass=file permissive=0 app=com.zhihu.android
06-28 10:22:00.897 12320 12320 I auditd : type=1400 audit(0.0:12949): avc: denied { read } for comm="ZIDThreadPoolEx" name="u:object_r:qemu_sf_lcd_density_prop:s0" dev="tmpfs" ino=12609 scontext=u:r:untrusted_app:s0:c127,c256,c512,c768 tcontext=u:object_r:qemu_sf_lcd_density_prop:s0 tclass=file permissive=0 app=com.zhihu.android
06-28 10:22:01.000 1603 9021 I am_proc_died: [0,11600,com.ss.android.ugc.aweme.lite,945,19]
06-28 10:22:01.000 1603 9021 I am_uid_stopped: 10113
06-28 10:22:01.521 1603 2646 I wm_finish_activity: [0,105731596,24857,com.ss.android.ugc.aweme/.splash.SplashActivity,remove-task]
06-28 10:22:01.522 1603 2646 I wm_destroy_activity: [0,105731596,24857,com.ss.android.ugc.aweme/.splash.SplashActivity,finish-imm:finishIfPossible]
06-28 10:22:01.522 1603 2646 I wm_finish_activity: [0,189941686,24857,com.ss.android.ugc.aweme/.account.business.login.DYLoginActivity,remove-task]
06-28 10:22:01.522 1603 2646 I wm_destroy_activity: [0,189941686,24857,com.ss.android.ugc.aweme/.account.business.login.DYLoginActivity,finish-imm:finishIfPossible]
06-28 10:22:01.531 1603 1709 I sysui_multi_action: [757,803,799,window_time_2,802,2]
06-28 10:22:01.532 1603 2646 I am_kill : [0,6455,com.ss.android.ugc.aweme,250,remove task]
06-28 10:22:01.533 1603 2646 I am_kill : [0,7499,com.ss.android.ugc.aweme:pushservice,250,remove task]
06-28 10:22:01.534 1603 2646 I am_kill : [0,7467,com.ss.android.ugc.aweme:push,250,remove task]
06-28 10:22:01.534 1603 2646 I am_kill : [0,9163,com.ss.android.ugc.aweme:sandboxed_process1,250,remove task]
06-28 10:22:01.557 1603 2646 I am_proc_died: [0,9163,com.ss.android.ugc.aweme:sandboxed_process1,250,8]
06-28 10:22:01.557 1603 2646 I am_schedule_service_restart: [0,com.ss.android.ugc.aweme/com.bytedance.org.chromium.content.app.SandboxedProcessService0,1000]
06-28 10:22:01.578 1603 2648 I am_proc_died: [0,7467,com.ss.android.ugc.aweme:push,250,8]
06-28 10:22:01.578 1603 2648 I am_schedule_service_restart: [0,com.ss.android.ugc.aweme/com.ss.android.message.NotifyService,10979]
06-28 10:22:01.578 1603 2648 I am_schedule_service_restart: [0,com.ss.android.ugc.aweme/com.ss.android.newmedia.redbadge.RedBadgePushProcessService,20979]
06-28 10:22:01.578 1603 2648 I am_schedule_service_restart: [0,com.ss.android.ugc.aweme/com.bytedance.common.wschannel.server.WsChannelService,30979]
06-28 10:22:01.578 1603 2648 I am_schedule_service_restart: [0,com.ss.android.ugc.aweme/com.bytedance.common.process.service.CrossProcessServiceForPush,40979]
06-28 10:22:01.588 1603 2648 I am_proc_died: [0,7499,com.ss.android.ugc.aweme:pushservice,250,8]
06-28 10:22:01.589 1603 2648 I am_schedule_service_restart: [0,com.ss.android.ugc.aweme/com.xiaomi.push.service.XMPushService,50969]
06-28 10:22:01.589 1603 2648 I am_schedule_service_restart: [0,com.ss.android.ugc.aweme/com.bytedance.common.process.service.CrossProcessServiceForPushService,60969]
06-28 10:22:01.613 1603 2648 I am_proc_died: [0,6455,com.ss.android.ugc.aweme,250,8]
06-28 10:22:01.616 1603 2648 I am_schedule_service_restart: [0,com.ss.android.ugc.aweme/com.umeng.message.UmengMessageCallbackHandlerService,1000]
06-28 10:22:01.616 1603 2648 I am_uid_stopped: 10104
06-28 10:22:01.617 1603 2648 I wm_task_removed: [24857,removeChild:removeChild last r=ActivityRecord{64d560c u0 com.ss.android.ugc.aweme/.splash.SplashActivity taskAffinity=10104:com.ss.android.ugc.aweme t-1 f}} in t=Task{86d7b55 #24857 type=standard A=10104:com.ss.android.ugc.aweme U=0 visible=false mode=freeform translucent=true sz=0 visible freeform task=false rootAffinity=10104:com.ss.android.ugc.aweme isMini=false}]
06-28 10:22:01.617 1603 2648 I wm_task_removed: [24857,removeChild]
06-28 10:22:01.619 1603 1709 I am_uid_running: 10113
06-28 10:22:01.625 1603 1722 I am_proc_start: [0,12381,10113,com.ss.android.ugc.aweme.lite,NULL,]
06-28 10:22:01.635 1603 2648 I am_proc_bound: [0,12381,com.ss.android.ugc.aweme.lite]
06-28 10:22:02.709 12381 12381 I auditd : type=1400 audit(0.0:12952): avc: granted { execute } for comm="#GlobalProxyLan" path="/data/user/0/com.ss.android.ugc.aweme.lite/files/plugins/com.ss.android.ugc.aweme.videocache_v2/version-25909062/lib/libavmdlv2.so" dev="dm-21" ino=83754 scontext=u:r:untrusted_app_29:s0:c113,c256,c512,c768 tcontext=u:object_r:app_data_file:s0:c113,c256,c512,c768 tclass=file app=com.ss.android.ugc.aweme.lite
06-28 10:22:02.717 12381 12381 I auditd : type=1400 audit(0.0:12953): avc: granted { nlmsg_readpriv } for comm="TTNet-AN-IO" scontext=u:r:untrusted_app_29:s0:c113,c256,c512,c768 tcontext=u:r:untrusted_app_29:s0:c113,c256,c512,c768 tclass=netlink_route_socket app=com.ss.android.ugc.aweme.lite
06-28 10:22:02.913 15511 15511 I auditd : type=1400 audit(0.0:12954): avc: denied { read } for comm="pool-10-thread-" name="tcp" dev="proc" ino=4026532265 scontext=u:r:untrusted_app_29:s0:c124,c256,c512,c768 tcontext=u:object_r:proc_net_tcp_udp:s0 tclass=file permissive=0 app=com.kuaishou.nebula
06-28 10:22:02.929 12381 12381 I auditd : type=1400 audit(0.0:12955): avc: granted { execute } for comm="#tp-default-33" path="/data/user/0/com.ss.android.ugc.aweme.lite/files/plugins/com.ss.android.ugc.aweme.v8/version-258090010/lib/libv8_libfull.cr.so" dev="dm-21" ino=336566 scontext=u:r:untrusted_app_29:s0:c113,c256,c512,c768 tcontext=u:object_r:app_data_file:s0:c113,c256,c512,c768 tclass=file app=com.ss.android.ugc.aweme.lite
06-28 10:22:02.945 12381 12381 I auditd : type=1400 audit(0.0:12956): avc: granted { execute } for comm="#tp-default-33" path="/data/user/0/com.ss.android.ugc.aweme.lite/files/plugins/com.ss.android.ugc.aweme.vmsdk_plugin/version-258090010/lib/libnapi_v8.so" dev="dm-21" ino=336498 scontext=u:r:untrusted_app_29:s0:c113,c256,c512,c768 tcontext=u:object_r:app_data_file:s0:c113,c256,c512,c768 tclass=file app=com.ss.android.ugc.aweme.lite
06-28 10:22:03.160 1603 1720 I am_kill : [0,12140,com.zhihu.android,915,empty #2]
06-28 10:22:03.259 1603 2065 I am_proc_died: [0,12140,com.zhihu.android,915,19]
06-28 10:22:03.259 1603 2065 I am_uid_stopped: 10127
06-28 10:22:16.309 1603 1992 I sync : [com.tencent.android.qqdownloader.YYBLiveAccountProvider,0,3,24220937]
06-28 10:22:16.335 1603 1992 I sync : [com.tencent.android.qqdownloader.YYBLiveAccountProvider,1,3,24220937]
06-28 10:22:16.339 1603 1992 I commit_sys_config_file: [sync-status,750304]
06-28 10:22:16.351 1603 1992 I sync : [com.tencent.android.qqdownloader.YYBLiveAccountProvider,0,3,24220937]
