--------- beginning of radio
06-28 01:17:06.025 1603 1603 D TelephonyRegistry: listen oscl: mHasNotifySubscriptionInfoChangedOccurred==false no callback
06-28 01:17:06.694 1603 1932 D TelephonyRegistry: listen oscl: mHasNotifySubscriptionInfoChangedOccurred==false no callback
06-28 01:17:06.698 1603 2092 D TelephonyRegistry: listen oscl: mHasNotifySubscriptionInfoChangedOccurred==false no callback
06-28 01:17:06.699 1603 1931 D TelephonyRegistry: listen oscl: mHasNotifySubscriptionInfoChangedOccurred==false no callback
06-28 01:17:06.732 1603 1603 D TelephonyRegistry: listen oscl: mHasNotifySubscriptionInfoChangedOccurred==false no callback
06-28 01:17:06.770 1603 1603 D TelephonyRegistry: listen oscl: mHasNotifySubscriptionInfoChangedOccurred==false no callback
06-28 01:17:06.806 1603 1706 W CarrierConfigManager: Error getting config for subId -1 ICarrierConfigLoader is null
06-28 01:17:06.845 1603 1603 D TelephonyRegistry: systemRunning register for intents
06-28 01:17:06.970 1603 1720 D TelephonyRegistry: listen oscl: mHasNotifySubscriptionInfoChangedOccurred==false no callback
06-28 01:17:07.221 1998 1998 W CarrierConfigManager: Error getting config for subId -1 ICarrierConfigLoader is null
06-28 01:17:07.257 1603 2091 D TelephonyRegistry: listen oscl: mHasNotifySubscriptionInfoChangedOccurred==false no callback
06-28 01:17:08.000 1603 1603 D TelephonyRegistry: listen oscl: mHasNotifySubscriptionInfoChangedOccurred==false no callback
06-28 01:17:08.005 1603 1603 W CarrierConfigManager: Error getting config for subId -1 ICarrierConfigLoader is null
06-28 01:17:08.499 1603 2092 D TelephonyRegistry: listen oscl: mHasNotifySubscriptionInfoChangedOccurred==false no callback
06-28 01:17:08.645 1603 1603 D TelephonyRegistry: notifyCellLocationForSubscriber: subId=2147483647 cellIdentity=null --------- beginning of events
06-28 01:17:10.886 1603 1722 I am_proc_start: [0,3948,10018,android.process.media,broadcast,{com.android.providers.downloads/com.android.providers.downloads.DownloadReceiver}]
06-28 01:17:10.875 3882 3882 I auditd : type=1400 audit(0.0:109): avc: denied { bind } for comm="ip" scontext=u:r:untrusted_app:s0:c127,c256,c512,c768 tcontext=u:r:untrusted_app:s0:c127,c256,c512,c768 tclass=netlink_route_socket permissive=0 bug=b/155595000
06-28 01:17:10.892 1603 3085 I am_proc_died: [0,3553,com.android.providers.calendar,905,19]
06-28 01:17:10.892 1603 3085 I am_uid_stopped: 10036
06-28 01:17:10.895 1603 3085 I am_proc_died: [0,3579,android.process.acore,905,19]
06-28 01:17:10.895 1603 3085 I am_uid_stopped: 10020
06-28 01:17:10.905 1603 1941 I service_manager_slow: [11,alarm]
06-28 01:17:10.905 1603 1941 I netstats_mobile_sample: [0,0,0,0,0,0,0,0,0,0,0,0,1687886230905]
06-28 01:17:10.905 1603 1941 I netstats_wifi_sample: [0,0,0,0,0,0,0,0,0,0,0,0,1687886230905]
06-28 01:17:10.922 1603 2091 I am_proc_bound: [0,3948,android.process.media]
06-28 01:17:10.955 3620 3620 I auditd : type=1400 audit(0.0:110): avc: granted { execute } for comm="temporary-8" path="/data/user/0/com.tencent.android.qqdownloader/files/shell/8_8454130_1346/lib/arm64-v8a/librdefense.so" dev="dm-21" ino=39392 scontext=u:r:untrusted_app_27:s0:c512,c768 tcontext=u:object_r:app_data_file:s0:c512,c768 tclass=file app=com.tencent.android.qqdownloader
06-28 01:17:10.955 3620 3620 I auditd : type=1400 audit(0.0:111): avc: granted { execute } for comm="temporary-8" path="/data/user/0/com.tencent.android.qqdownloader/files/shell/8_8454130_1346/lib/arm64-v8a/libvbhook.so" dev="dm-21" ino=39400 scontext=u:r:untrusted_app_27:s0:c512,c768 tcontext=u:object_r:app_data_file:s0:c512,c768 tclass=file app=com.tencent.android.qqdownloader
06-28 01:17:11.002 1603 1941 I netstats_mobile_sample: [0,0,0,0,0,0,0,0,0,0,0,0,1687886231002]
06-28 01:17:11.002 1603 1941 I netstats_wifi_sample: [0,0,0,0,0,0,0,0,0,0,0,0,1687886231002]
06-28 01:17:10.983 3944 3944 I auditd : type=1400 audit(0.0:112): avc: denied { bind } for comm="ip" scontext=u:r:untrusted_app:s0:c127,c256,c512,c768 tcontext=u:r:untrusted_app:s0:c127,c256,c512,c768 tclass=netlink_route_socket permissive=0 bug=b/155595000
06-28 01:17:10.987 3489 3489 I auditd : type=1400 audit(0.0:113): avc: granted { execute } for comm="temporary-9" path="/data/user/0/com.tencent.android.qqdownloader/files/shell/8_8454130_1346/lib/arm64-v8a/libyyb_csech.so" dev="dm-21" ino=39401 scontext=u:r:untrusted_app_27:s0:c512,c768 tcontext=u:object_r:app_data_file:s0:c512,c768 tclass=file app=com.tencent.android.qqdownloader
06-28 01:17:11.022 1603 1941 I netstats_mobile_sample: [0,0,0,0,0,0,0,0,0,0,0,0,1687886231022]
06-28 01:17:11.022 1603 1941 I netstats_wifi_sample: [0,0,0,0,0,0,0,0,0,0,0,0,1687886231022]
06-28 01:17:11.029 1603 3085 I am_proc_died: [0,3764,com.android.externalstorage,905,19]
06-28 01:17:11.030 1603 3085 I am_uid_stopped: 10026
06-28 01:17:11.038 1603 1932 I service_manager_slow: [13,alarm]
06-28 01:17:11.053 1603 1708 I commit_sys_config_file: [jobs,4]
06-28 01:17:11.066 1603 1941 I netstats_mobile_sample: [0,0,0,0,0,0,0,0,0,0,0,0,1687886231066]
06-28 01:17:11.066 1603 1941 I netstats_wifi_sample: [0,0,0,0,0,0,0,0,0,0,0,0,1687886231066]
06-28 01:17:11.082 1603 1941 I netstats_mobile_sample: [0,0,0,0,0,0,0,0,0,0,0,0,1687886231082]
06-28 01:17:11.082 1603 1941 I netstats_wifi_sample: [0,0,0,0,0,0,0,0,0,0,0,0,1687886231082]
06-28 01:17:11.153 1603 1992 I sync : [com.tencent.android.qqdownloader.YYBLiveAccountProvider1,0,4,24220937]
06-28 01:17:11.161 1603 1992 I sync : [com.tencent.android.qqdownloader.YYBLiveAccountProvider,0,4,24220937]
06-28 01:17:11.181 1603 1992 I sync : [com.tencent.android.qqdownloader.YYBLiveAccountProvider1,1,4,24220937]
06-28 01:17:11.191 1603 1992 I commit_sys_config_file: [sync-status,9]
06-28 01:17:11.196 1603 1992 I sync : [com.tencent.android.qqdownloader.YYBLiveAccountProvider,1,4,24220937]
06-28 01:17:11.200 1603 1992 I commit_sys_config_file: [sync-status,18]
06-28 01:17:11.205 1603 1992 I sync : [com.tencent.android.qqdownloader.YYBLiveAccountProvider,0,3,24220937]
06-28 01:17:11.275 1603 1992 I sync : [com.tencent.android.qqdownloader.YYBLiveAccountProvider,1,3,24220937]
06-28 01:17:11.279 1603 1992 I sync : [com.tencent.android.qqdownloader.YYBLiveAccountProvider,0,3,24220937]
06-28 01:17:11.313 1603 1992 I sync : [com.tencent.android.qqdownloader.YYBLiveAccountProvider,1,3,24220937]
06-28 01:17:11.421 1603 3085 I am_kill : [0,3948,android.process.media,905,empty #2]
06-28 01:17:11.424 1603 3427 I am_uid_running: 10076
06-28 01:17:11.433 1603 1722 I am_proc_start: [0,4119,10076,com.qti.ltebc,broadcast,{com.qti.ltebc/com.qualcomm.ltebc.LTEBroadcastReceiver}]
06-28 01:17:11.457 1603 1992 I commit_sys_config_file: [sync-status,275]
06-28 01:17:11.458 1603 3085 I am_proc_bound: [0,4119,com.qti.ltebc]
06-28 01:17:11.461 1603 3085 I service_manager_stats: [431,354,5329]
06-28 01:17:11.595 1603 3085 I am_proc_died: [0,3948,android.process.media,905,19]
06-28 01:17:11.595 1603 3085 I am_uid_stopped: 10018
06-28 01:17:11.815 1603 3046 I backup_transport_lifecycle: [com.android.localtransport/.LocalTransportService,1]
06-28 01:17:11.820 1603 1722 I am_proc_start: [0,4197,1000,com.android.localtransport,service,{com.android.localtransport/com.android.localtransport.LocalTransportService}]
06-28 01:17:11.835 1603 3427 I am_proc_bound: [0,4197,com.android.localtransport]
06-28 01:17:11.869 1603 1722 I am_proc_start: [0,4217,10101,com.tencent.android.qqdownloader:cloud,service,{com.tencent.android.qqdownloader/com.live.watermelon.service.SentryAlphaService}]
06-28 01:17:11.875 1603 1603 I backup_transport_connection: [com.android.localtransport/.LocalTransportService,1]
06-28 01:17:11.879 1603 3046 I backup_transport_lifecycle: [com.android.localtransport/.LocalTransportService,0]
06-28 01:17:11.879 1603 3046 I backup_transport_connection: [com.android.localtransport/.LocalTransportService,0]
06-28 01:17:11.893 1603 3085 I am_proc_bound: [0,4217,com.tencent.android.qqdownloader:cloud]
06-28 01:17:11.912 1603 3427 I am_kill : [0,3321,com.zhihu.android,905,empty #2]
06-28 01:17:11.943 4240 4240 I auditd : type=1400 audit(0.0:128): avc: granted { execute } for comm="Thread-7" name="daemon2_64_v2.2.2" dev="dm-21" ino=36566 scontext=u:r:untrusted_app_27:s0:c512,c768 tcontext=u:object_r:app_data_file:s0:c512,c768 tclass=file app=com.tencent.android.qqdownloader
06-28 01:17:11.943 4240 4240 I auditd : type=1400 audit(0.0:129): avc: granted { execute_no_trans } for comm="Thread-7" path="/data/user/0/com.tencent.android.qqdownloader/app_bin/daemon2_64_v2.2.2" dev="dm-21" ino=36566 scontext=u:r:untrusted_app_27:s0:c512,c768 tcontext=u:object_r:app_data_file:s0:c512,c768 tclass=file app=com.tencent.android.qqdownloader
06-28 01:17:11.956 1603 3427 I am_uid_running: 10069
06-28 01:17:11.960 1603 1722 I am_proc_start: [0,4242,10069,com.android.webview:webview_service,service,{com.android.webview/org.chromium.android_webview.services.VariationsSeedServer}]
06-28 01:17:11.978 1603 2536 I am_proc_bound: [0,4242,com.android.webview:webview_service]
06-28 01:17:11.982 1603 2536 I am_uid_active: 10069
06-28 01:17:11.987 4240 4240 I auditd : type=1400 audit(0.0:130): avc: granted { execute } for comm="daemon2_64_v2.2" path="/data/user/0/com.tencent.android.qqdownloader/app_bin/daemon2_64_v2.2.2" dev="dm-21" ino=36566 scontext=u:r:untrusted_app_27:s0:c512,c768 tcontext=u:object_r:app_data_file:s0:c512,c768 tclass=file app=com.tencent.android.qqdownloader
06-28 01:17:11.995 4241 4241 I auditd : type=1400 audit(0.0:131): avc: denied { search } for comm="mount" name="vendor" dev="tmpfs" ino=11325 scontext=u:r:untrusted_app_27:s0:c512,c768 tcontext=u:object_r:mnt_vendor_file:s0 tclass=dir permissive=0 app=com.tencent.android.qqdownloader
06-28 01:17:11.995 4241 4241 I auditd : type=1400 audit(0.0:132): avc: denied { search } for comm="mount" name="vendor" dev="tmpfs" ino=11325 scontext=u:r:untrusted_app_27:s0:c512,c768 tcontext=u:object_r:mnt_vendor_file:s0 tclass=dir permissive=0 app=com.tencent.android.qqdownloader
06-28 01:17:12.406 1603 3456 I am_proc_died: [0,3321,com.zhihu.android,905,19]
06-28 01:17:12.407 1603 3456 I am_uid_stopped: 10127
06-28 01:17:12.565 1603 3456 I am_kill : [0,3839,com.tencent.wework:wemeet,915,empty #2]
06-28 01:17:12.566 1603 3456 I am_kill : [0,4197,com.android.localtransport,925,empty #3]
06-28 01:17:12.607 1603 3427 I am_proc_died: [0,3839,com.tencent.wework:wemeet,915,19]
06-28 01:17:12.609 1603 3427 I am_schedule_service_restart: [0,com.tencent.wework/com.tencent.wemeet.tmsdk.ipc.WeMeetService,1000]
06-28 01:17:12.640 1603 2536 I am_proc_died: [0,4197,com.android.localtransport,925,19]
06-28 01:17:12.665 1603 2536 I am_proc_died: [0,4119,com.qti.ltebc,0,11]
06-28 01:17:12.666 1603 2536 I am_broadcast_discard_app: [0,85657242,android.intent.action.MEDIA_MOUNTED,2,ResolveInfo{72a65a5 com.qti.ltebc/com.qualcomm.ltebc.LTEBroadcastReceiver m=0x208000}]
06-28 01:17:12.667 1603 2536 I am_uid_stopped: 10076
06-28 01:17:12.668 1603 2536 I am_low_memory: 40
06-28 01:17:12.669 1603 1721 I am_uid_running: 10095
06-28 01:17:12.677 1603 1722 I am_proc_start: [0,4377,10095,com.tencent.mobileqq:MSF,broadcast,{com.tencent.mobileqq/com.tencent.mobileqq.msf.core.NetConnInfoCenter}]
06-28 01:17:12.707 1603 3456 I am_proc_bound: [0,4377,com.tencent.mobileqq:MSF]
06-28 01:17:13.117 1603 1708 I commit_sys_config_file: [jobs,9]
06-28 01:17:13.144 1603 1722 I am_proc_start: [0,4432,1000,com.android.keychain,service,{com.android.keychain/com.android.keychain.KeyChainService}]
06-28 01:17:13.172 1603 3456 I am_proc_bound: [0,4432,com.android.keychain]
06-28 01:17:13.185 1603 1722 I am_proc_start: [0,4449,10098,com.tencent.wework:wemeet,service,{com.tencent.wework/com.tencent.wemeet.tmsdk.ipc.WeMeetService}]
06-28 01:17:13.197 1603 3456 I am_proc_bound: [0,4449,com.tencent.wework:wemeet]
06-28 01:17:13.313 1603 3456 I am_kill : [0,3324,com.tencent.wework,905,empty #2]
06-28 01:17:13.381 1603 3427 I am_proc_died: [0,3324,com.tencent.wework,905,19]
06-28 01:17:13.403 1603 1722 I am_proc_start: [0,4472,10095,com.tencent.mobileqq,content provider,{com.tencent.mobileqq/com.tencent.mqq.shared_file_accessor.ContentProviderImpl}]
06-28 01:17:13.421 1603 3456 I am_proc_bound: [0,4472,com.tencent.mobileqq]
06-28 01:17:13.519 3489 3489 I auditd : type=1400 audit(0.0:315): avc: denied { read } for comm="TuringFdCore_68" name="tcp" dev="proc" ino=4026532265 scontext=u:r:untrusted_app_27:s0:c512,c768 tcontext=u:object_r:proc_net_tcp_udp:s0 tclass=file permissive=0 app=com.tencent.android.qqdownloader
06-28 01:17:13.519 3489 3489 I auditd : type=1400 audit(0.0:316): avc: denied { read } for comm="TuringFdCore_68" name="tcp6" dev="proc" ino=4026533150 scontext=u:r:untrusted_app_27:s0:c512,c768 tcontext=u:object_r:proc_net_tcp_udp:s0 tclass=file permissive=0 app=com.tencent.android.qqdownloader
06-28 01:17:13.603 3489 3489 I auditd : type=1400 audit(0.0:317): avc: granted { nlmsg_readpriv } for comm="TuringFdCore_68" scontext=u:r:untrusted_app_27:s0:c512,c768 tcontext=u:r:untrusted_app_27:s0:c512,c768 tclass=netlink_route_socket app=com.tencent.android.qqdownloader
06-28 01:17:13.611 3489 3489 I auditd : type=1400 audit(0.0:318): avc: denied { read } for comm="TuringFdCore_68" name="version" dev="proc" ino=4026532247 scontext=u:r:untrusted_app_27:s0:c512,c768 tcontext=u:object_r:proc_version:s0 tclass=file permissive=0 app=com.tencent.android.qqdownloader
06-28 01:17:13.643 4505 4505 I auditd : type=1400 audit(0.0:319): avc: denied { search } for comm="df" name="vendor" dev="tmpfs" ino=11325 scontext=u:r:untrusted_app_27:s0:c512,c768 tcontext=u:object_r:mnt_vendor_file:s0 tclass=dir permissive=0 app=com.tencent.android.qqdownloader
06-28 01:17:13.844 1603 1720 I sysui_multi_action: [757,1717,758,1,759,0]
06-28 01:17:13.845 1603 1720 I sysui_multi_action: [757,1717,758,2,759,0]
06-28 01:17:13.845 1603 1720 I sysui_multi_action: [757,1717,758,3,759,0]
06-28 01:17:13.845 1603 1722 I am_proc_start: [0,4524,10098,com.tencent.wework,service,{com.tencent.wework/com.tencent.wework.launch.lifecycle.ipc.LifecycleIPCServiceInMainProc}]
06-28 01:17:13.863 1603 3456 I am_proc_bound: [0,4524,com.tencent.wework]
06-28 01:17:14.032 1603 2092 I am_kill : [0,4449,com.tencent.wework:wemeet,905,empty #2]
06-28 01:17:14.033 1603 2092 I am_kill : [0,4432,com.android.keychain,905,empty #3]
06-28 01:17:14.140 1603 1861 I am_proc_died: [0,4432,com.android.keychain,905,19]
06-28 01:17:14.214 1603 3295 I am_kill : [0,3489,com.tencent.android.qqdownloader:daemon,905,empty #2]
06-28 01:17:14.215 1603 3295 I am_kill : [0,3620,com.tencent.android.qqdownloader,905,empty #3]
06-28 01:17:14.216 1603 3295 I am_kill : [0,4242,com.android.webview:webview_service,905,empty #4]
06-28 01:17:14.217 1603 3295 I am_kill : [0,4217,com.tencent.android.qqdownloader:cloud,905,empty #5]
06-28 01:17:14.260 1603 3295 I am_kill : [0,3300,com.tencent.android.qqdownloader:live,905,stop com.tencent.android.qqdownloader due to start instr]
06-28 01:17:14.262 1603 3295 I am_uid_stopped: 10101
06-28 01:17:14.264 1603 3295 I am_uid_running: 10101
06-28 01:17:14.274 1603 1722 I am_proc_start: [0,4589,10101,com.tencent.android.qqdownloader:daemon,added application,com.tencent.android.qqdownloader:daemon]
06-28 01:17:14.284 1603 4568 I am_proc_bound: [0,4589,com.tencent.android.qqdownloader:daemon]
06-28 01:17:14.287 1603 4568 I am_uid_active: 10101
06-28 01:17:14.291 1603 3295 I am_proc_died: [0,4449,com.tencent.wework:wemeet,905,19]
06-28 01:17:14.335 1603 3295 I am_proc_died: [0,4242,com.android.webview:webview_service,905,19]
06-28 01:17:14.335 1603 3295 I am_uid_stopped: 10069
06-28 01:17:14.346 1603 1722 I am_proc_start: [0,4618,10098,com.tencent.wework:wemeet,service,{com.tencent.wework/com.tencent.wemeet.tmsdk.ipc.WeMeetService}]
06-28 01:17:14.357 1603 3427 I am_proc_bound: [0,4618,com.tencent.wework:wemeet]
06-28 01:17:14.529 1603 1722 I am_proc_start: [0,4727,10101,com.tencent.android.qqdownloader,content provider,{com.tencent.android.qqdownloader/com.tencent.assistant.db.contentprovider.WallpaperProvider}]
06-28 01:17:14.535 1603 1722 I am_proc_start: [0,4728,10101,com.tencent.android.qqdownloader:cloud,service,{com.tencent.android.qqdownloader/com.live.watermelon.service.SentryAlphaService}]
06-28 01:17:14.547 1603 2648 I am_proc_bound: [0,4728,com.tencent.android.qqdownloader:cloud]
06-28 01:17:14.557 1603 3085 I am_proc_bound: [0,4727,com.tencent.android.qqdownloader]
06-28 01:17:14.599 4728 4728 I auditd : type=1400 audit(0.0:372): avc: granted { execute } for comm="ownloader:cloud" path="/data/user/0/com.tencent.android.qqdownloader/files/shell/8_8454130_1346/oat/arm64/base.odex" dev="dm-21" ino=12170 scontext=u:r:untrusted_app_27:s0:c512,c768 tcontext=u:object_r:app_data_file:s0:c512,c768 tclass=file app=com.tencent.android.qqdownloader
06-28 01:17:14.599 4727 4727 I auditd : type=1400 audit(0.0:373): avc: granted { execute } for comm="id.qqdownloader" path="/data/user/0/com.tencent.android.qqdownloader/files/shell/8_8454130_1346/oat/arm64/base.odex" dev="dm-21" ino=12170 scontext=u:r:untrusted_app_27:s0:c512,c768 tcontext=u:object_r:app_data_file:s0:c512,c768 tclass=file app=com.tencent.android.qqdownloader
06-28 01:17:14.631 4727 4727 I auditd : type=1400 audit(0.0:374): avc: granted { execute } for comm="id.qqdownloader" path="/data/user/0/com.tencent.android.qqdownloader/files/shell/8_8454130_1346/lib/arm64-v8a/libmmkv.so" dev="dm-21" ino=39389 scontext=u:r:untrusted_app_27:s0:c512,c768 tcontext=u:object_r:app_data_file:s0:c512,c768 tclass=file app=com.tencent.android.qqdownloader
06-28 01:17:14.631 4728 4728 I auditd : type=1400 audit(0.0:375): avc: granted { execute } for comm="ownloader:cloud" path="/data/user/0/com.tencent.android.qqdownloader/files/shell/8_8454130_1346/lib/arm64-v8a/libmmkv.so" dev="dm-21" ino=39389 scontext=u:r:untrusted_app_27:s0:c512,c768 tcontext=u:object_r:app_data_file:s0:c512,c768 tclass=file app=com.tencent.android.qqdownloader
06-28 01:17:14.647 4727 4727 I auditd : type=1400 audit(0.0:376): avc: granted { execute } for comm="temporary-1" path="/data/user/0/com.tencent.android.qqdownloader/files/shell/8_8454130_1346/lib/arm64-v8a/libmarsxlog.so" dev="dm-21" ino=39388 scontext=u:r:untrusted_app_27:s0:c512,c768 tcontext=u:object_r:app_data_file:s0:c512,c768 tclass=file app=com.tencent.android.qqdownloader
06-28 01:17:14.679 1603 3085 I am_kill : [0,4618,com.tencent.wework:wemeet,905,empty #2]
06-28 01:17:14.716 1603 2646 I am_proc_died: [0,4618,com.tencent.wework:wemeet,905,19]
06-28 01:17:14.718 1603 2646 I am_schedule_service_restart: [0,com.tencent.wework/com.tencent.wemeet.tmsdk.ipc.WeMeetService,1000]
06-28 01:17:14.799 1603 4568 I am_uid_running: 10133
06-28 01:17:14.800 1603 4568 I am_kill : [0,4472,com.tencent.mobileqq,905,empty #2]
06-28 01:17:14.800 1603 4568 I am_kill : [0,4377,com.tencent.mobileqq:MSF,915,empty #3]
06-28 01:17:14.805 1603 1722 I am_proc_start: [0,4906,10133,com.wandoujia.phoenix2,broadcast,{com.wandoujia.phoenix2/com.pp.assistant.modules.cleaner.cleaner.core.JunkScannerReceiver}]
06-28 01:17:14.822 1603 1635 I am_proc_bound: [0,4906,com.wandoujia.phoenix2]
06-28 01:17:14.873 1603 4568 I am_proc_died: [0,4377,com.tencent.mobileqq:MSF,915,19]
06-28 01:17:14.920 1603 1635 I am_proc_died: [0,4472,com.tencent.mobileqq,905,19]
06-28 01:17:14.920 1603 1635 I am_uid_stopped: 10095
06-28 01:17:15.123 1998 1998 I sysui_heads_up_status: [-1|android|26|null|1000,0]
06-28 01:17:15.161 1603 1722 I am_proc_start: [0,4982,10133,com.wandoujia.phoenix2:aid,content provider,{com.wandoujia.phoenix2/com.lib.common.sharedata.PPShareDataContentProvider}]
06-28 01:17:15.182 1603 2648 I am_proc_bound: [0,4982,com.wandoujia.phoenix2:aid]
06-28 01:17:15.555 1603 1635 I sysui_multi_action: [757,128,758,1,793,6737,794,0,795,4989,796,13,797,PreBootBroadcaster,798,1,806,android,857,UPDATES,858,2,947,0,1395,3,1500,4989,1688,1]
06-28 01:17:15.556 1603 1635 I sysui_multi_action: [757,804,799,note_freshness,801,4989,802,1]
06-28 01:17:15.556 1603 1635 I notification_visibility: [0|android|13|PreBootBroadcaster|1000,1,6737,4989,0,1]
06-28 01:17:15.556 1603 1635 I sysui_multi_action: [757,128,758,1,793,8496,794,0,795,8496,796,32,798,2,806,android,857,USB,858,1,947,0,1395,3,1500,6900,1688,1]
06-28 01:17:15.556 1603 1635 I sysui_multi_action: [757,804,799,note_freshness,801,8496,802,1]
06-28 01:17:15.556 1603 1635 I notification_visibility: [-1|android|32|null|1000,1,8496,8496,0,2]
06-28 01:17:15.557 1603 4568 I sysui_multi_action: [757,128,758,2,793,8498,794,5560,795,8498,796,26,798,0,806,android,857,DEVELOPER_IMPORTANT,858,4,947,0,1395,3,1500,6907,1688,1]
06-28 01:17:15.557 1603 4568 I notification_visibility: [-1|android|26|null|1000,0,8498,8498,0,0]
06-28 01:17:15.557 1603 4568 I sysui_multi_action: [757,128,758,2,793,6739,794,2,795,4991,796,13,797,PreBootBroadcaster,798,1,806,android,857,UPDATES,858,2,947,0,1395,3,1500,4991,1688,1]
06-28 01:17:15.557 1603 4568 I notification_visibility: [0|android|13|PreBootBroadcaster|1000,0,6739,4991,0,1]
06-28 01:17:15.557 1603 4568 I sysui_multi_action: [757,128,758,2,793,8497,794,1,795,8497,796,32,798,2,806,android,857,USB,858,1,947,0,1395,3,1500,6901,1688,1]
06-28 01:17:15.557 1603 4568 I notification_visibility: [-1|android|32|null|1000,0,8497,8497,0,2]
06-28 01:17:15.557 1603 2648 I sysui_multi_action: [757,127,758,2]
06-28 01:17:15.557 1603 2648 I notification_panel_hidden:
06-28 01:17:15.644 1603 1635 I am_uid_running: 10026
06-28 01:17:15.645 1603 1635 I am_kill : [0,4906,com.wandoujia.phoenix2,915,empty #2]
06-28 01:17:15.646 1603 1635 I am_kill : [0,4524,com.tencent.wework,905,empty #3]
06-28 01:17:15.652 1603 1722 I am_proc_start: [0,5105,10026,com.android.externalstorage,broadcast,{com.android.externalstorage/com.android.externalstorage.MountReceiver}]
06-28 01:17:15.663 1603 1635 I am_proc_bound: [0,5105,com.android.externalstorage]
06-28 01:17:15.717 1603 3085 I am_uid_running: 10018
06-28 01:17:15.718 1603 3085 I am_kill : [0,4982,com.wandoujia.phoenix2:aid,905,empty #2]
06-28 01:17:15.725 1603 1722 I am_proc_start: [0,5137,10018,android.process.media,broadcast,{com.android.providers.downloads/com.android.providers.downloads.DownloadReceiver}]
06-28 01:17:15.754 1603 3085 I am_proc_bound: [0,5137,android.process.media]
06-28 01:17:15.763 1603 2646 I am_proc_died: [0,4982,com.wandoujia.phoenix2:aid,905,19]
06-28 01:17:15.766 1603 2648 I am_proc_died: [0,4906,com.wandoujia.phoenix2,915,19]
06-28 01:17:15.766 1603 2648 I am_uid_stopped: 10133
06-28 01:17:15.772 1603 2646 I am_proc_died: [0,4524,com.tencent.wework,905,19]
06-28 01:17:15.772 1603 2646 I am_uid_stopped: 10098
06-28 01:17:15.835 1603 3085 I am_kill : [0,5105,com.android.externalstorage,905,empty #2]
06-28 01:17:15.839 1603 3085 I am_uid_running: 10076
06-28 01:17:15.851 1603 1722 I am_proc_start: [0,5153,10076,com.qti.ltebc,broadcast,{com.qti.ltebc/com.qualcomm.ltebc.LTEBroadcastReceiver}]
06-28 01:17:15.854 1603 3085 I am_proc_died: [0,5105,com.android.externalstorage,905,19]
06-28 01:17:15.855 1603 3085 I am_uid_stopped: 10026
06-28 01:17:15.883 1603 2648 I am_proc_bound: [0,5153,com.qti.ltebc]
06-28 01:17:15.943 4727 4727 I auditd : type=1400 audit(0.0:568): avc: denied { read } for comm="pool-9-thread-1" name="version" dev="proc" ino=4026532247 scontext=u:r:untrusted_app_27:s0:c512,c768 tcontext=u:object_r:proc_version:s0 tclass=file permissive=0 app=com.tencent.android.qqdownloader
06-28 01:17:15.971 4727 4727 I auditd : type=1400 audit(0.0:569): avc: denied { read } for comm="pool-9-thread-1" name="version" dev="proc" ino=4026532247 scontext=u:r:untrusted_app_27:s0:c512,c768 tcontext=u:object_r:proc_version:s0 tclass=file permissive=0 app=com.tencent.android.qqdownloader
06-28 01:17:16.195 1603 2172 I ntp_failure: [time.android.com/216.239.35.8,java.net.SocketTimeoutException: Poll timed out]
06-28 01:17:16.198 1603 3085 I am_proc_died: [0,5153,com.qti.ltebc,0,11]
06-28 01:17:16.198 1603 3085 I am_broadcast_discard_app: [0,71265485,android.intent.action.MEDIA_MOUNTED,2,ResolveInfo{2c2b639 com.qti.ltebc/com.qualcomm.ltebc.LTEBroadcastReceiver m=0x208000}]
06-28 01:17:16.199 1603 3085 I am_uid_stopped: 10076
06-28 01:17:16.200 1603 1721 I am_uid_running: 10095
06-28 01:17:16.213 1603 1722 I am_proc_start: [0,5173,10095,com.tencent.mobileqq:MSF,broadcast,{com.tencent.mobileqq/com.tencent.mobileqq.msf.core.NetConnInfoCenter}]
06-28 01:17:16.241 1603 2648 I am_proc_bound: [0,5173,com.tencent.mobileqq:MSF]
06-28 01:17:16.427 1603 1722 I am_proc_start: [0,5190,10095,com.tencent.mobileqq,content provider,{com.tencent.mobileqq/com.tencent.mqq.shared_file_accessor.ContentProviderImpl}]
06-28 01:17:16.458 1603 3085 I am_proc_bound: [0,5190,com.tencent.mobileqq]
06-28 01:17:16.528 1603 2097 I commit_sys_config_file: [appops,25]
06-28 01:17:16.682 1603 1708 I commit_sys_config_file: [jobs,3]
06-28 01:17:16.847 4727 4727 I auditd : type=1400 audit(0.0:570): avc: granted { nlmsg_readpriv } for comm="halley_2800_Tem" scontext=u:r:untrusted_app_27:s0:c512,c768 tcontext=u:r:untrusted_app_27:s0:c512,c768 tclass=netlink_route_socket app=com.tencent.android.qqdownloader
06-28 01:17:16.890 1603 3085 I am_kill : [0,5137,android.process.media,915,empty #2]
06-28 01:17:16.912 1603 2092 I am_proc_died: [0,5137,android.process.media,915,19]
06-28 01:17:16.913 1603 2092 I am_uid_stopped: 10018
06-28 01:17:17.104 1603 3085 I am_uid_running: 10133
06-28 01:17:17.105 1603 3085 I am_kill : [0,5190,com.tencent.mobileqq,905,empty #2]
06-28 01:17:17.107 1603 3085 I am_kill : [0,5173,com.tencent.mobileqq:MSF,915,empty #3]
06-28 01:17:17.115 1603 1722 I am_proc_start: [0,5258,10133,com.wandoujia.phoenix2,broadcast,{com.wandoujia.phoenix2/com.pp.assistant.modules.cleaner.cleaner.core.JunkScannerReceiver}]
06-28 01:17:17.145 1603 3085 I am_proc_bound: [0,5258,com.wandoujia.phoenix2]
06-28 01:17:17.155 1603 3085 I am_proc_died: [0,5173,com.tencent.mobileqq:MSF,915,19]
06-28 01:17:17.158 1603 2092 I am_proc_died: [0,5190,com.tencent.mobileqq,905,19]
06-28 01:17:17.159 1603 2092 I am_uid_stopped: 10095
06-28 01:17:17.316 1603 1722 I am_proc_start: [0,5280,10133,com.wandoujia.phoenix2:aid,content provider,{com.wandoujia.phoenix2/com.lib.common.sharedata.PPShareDataContentProvider}]
06-28 01:17:17.340 1603 3085 I am_proc_bound: [0,5280,com.wandoujia.phoenix2:aid]
06-28 01:17:17.507 5320 5320 I auditd : type=1400 audit(0.0:571): avc: denied { setattr } for comm="chmod" name="tmp" dev="dm-21" ino=93 scontext=u:r:untrusted_app_27:s0:c512,c768 tcontext=u:object_r:shell_data_file:s0 tclass=dir permissive=0 app=com.wandoujia.phoenix2
06-28 01:17:17.523 5338 5338 I auditd : type=1400 audit(0.0:572): avc: denied { setattr } for comm="chmod" name="tmp" dev="dm-21" ino=93 scontext=u:r:untrusted_app_27:s0:c512,c768 tcontext=u:object_r:shell_data_file:s0 tclass=dir permissive=0 app=com.wandoujia.phoenix2
06-28 01:17:17.591 5258 5258 I auditd : type=1400 audit(0.0:573): avc: denied { read } for comm=4173796E635461736B202334 name="version" dev="proc" ino=4026532247 scontext=u:r:untrusted_app_27:s0:c512,c768 tcontext=u:object_r:proc_version:s0 tclass=file permissive=0 app=com.wandoujia.phoenix2
06-28 01:17:17.615 5258 5258 I auditd : type=1400 audit(0.0:574): avc: denied { read } for comm="WaBackgroundHan" name="u:object_r:serialno_prop:s0" dev="tmpfs" ino=12620 scontext=u:r:untrusted_app_27:s0:c512,c768 tcontext=u:object_r:serialno_prop:s0 tclass=file permissive=0 app=com.wandoujia.phoenix2
06-28 01:17:17.664 1603 3085 I am_kill : [0,5258,com.wandoujia.phoenix2,915,empty #2]
06-28 01:17:17.664 1603 3085 I am_kill : [0,2002,com.android.permissioncontroller,905,empty #3]
06-28 01:17:17.667 1603 3085 I am_pre_boot: [0,com.android.settings]
06-28 01:17:17.668 1603 1603 I notification_enqueue: [1000,1603,android,13,PreBootBroadcaster,0,Notification(channel=UPDATES shortcut=null contentView=null vibrate=null sound=null tick defaults=0x0 flags=0x2 color=0x00000000 vis=PUBLIC),1]
06-28 01:17:17.677 1603 1722 I am_proc_start: [0,5428,1000,com.android.settings,broadcast,{com.android.settings/com.android.settings.SettingsInitialize}]
06-28 01:17:17.689 1603 3085 I am_proc_bound: [0,5428,com.android.settings]
06-28 01:17:17.732 1603 4568 I am_proc_died: [0,2002,com.android.permissioncontroller,905,19]
06-28 01:17:17.733 1603 4568 I am_uid_stopped: 10092
06-28 01:17:17.779 5280 5280 I auditd : type=1400 audit(0.0:575): avc: denied { read } for comm="WaBackgroundHan" name="u:object_r:serialno_prop:s0" dev="tmpfs" ino=12620 scontext=u:r:untrusted_app_27:s0:c512,c768 tcontext=u:object_r:serialno_prop:s0 tclass=file permissive=0 app=com.wandoujia.phoenix2
06-28 01:17:17.783 1603 1722 I am_proc_start: [0,5450,10101,com.tencent.android.qqdownloader:live,service,{com.tencent.android.qqdownloader/com.live.sync.YYBLiveAuthService}]
06-28 01:17:17.803 1603 5445 I am_proc_bound: [0,5450,com.tencent.android.qqdownloader:live]
06-28 01:17:17.815 1603 5445 I uc_finish_user_unlocked_completed: 0
06-28 01:17:17.815 1603 1721 I ssm_user_unlocked: 0
06-28 01:17:17.815 1603 5445 I am_kill : [0,5280,com.wandoujia.phoenix2:aid,905,empty #2]
06-28 01:17:17.815 1603 1603 I sysui_multi_action: [757,128,758,5,759,8,793,8997,794,2260,795,7249,796,13,797,PreBootBroadcaster,806,android,857,UPDATES,858,2,947,0,1500,7249,1688,1]
06-28 01:17:17.816 1603 1603 I notification_canceled: [0|android|13|PreBootBroadcaster|1000,8,8997,7249,2260,-1,-1,NULL]
06-28 01:17:17.819 1603 1706 I uc_send_user_broadcast: [0,android.intent.action.BOOT_COMPLETED]
06-28 01:17:17.827 1603 4568 I am_proc_died: [0,5258,com.wandoujia.phoenix2,915,19]
06-28 01:17:17.829 1603 1721 I am_uid_running: 10021
06-28 01:17:17.837 1603 1722 I am_proc_start: [0,5473,10021,com.android.traceur,broadcast,{com.android.traceur/com.android.traceur.Receiver}]
06-28 01:17:17.835 5450 5450 I auditd : type=1400 audit(0.0:576): avc: granted { execute } for comm="downloader:live" path="/data/user/0/com.tencent.android.qqdownloader/files/shell/8_8454130_1346/oat/arm64/base.odex" dev="dm-21" ino=12170 scontext=u:r:untrusted_app_27:s0:c512,c768 tcontext=u:object_r:app_data_file:s0:c512,c768 tclass=file app=com.tencent.android.qqdownloader
06-28 01:17:17.863 1603 4568 I am_proc_bound: [0,5473,com.android.traceur]
06-28 01:17:17.872 1603 4568 I am_uid_active: 10021
06-28 01:17:17.871 5450 5450 I auditd : type=1400 audit(0.0:577): avc: granted { execute } for comm="downloader:live" path="/data/user/0/com.tencent.android.qqdownloader/files/shell/8_8454130_1346/lib/arm64-v8a/libmmkv.so" dev="dm-21" ino=39389 scontext=u:r:untrusted_app_27:s0:c512,c768 tcontext=u:object_r:app_data_file:s0:c512,c768 tclass=file app=com.tencent.android.qqdownloader
06-28 01:17:17.892 1603 2065 I am_proc_died: [0,5280,com.wandoujia.phoenix2:aid,905,19]
06-28 01:17:17.893 1603 2065 I am_uid_stopped: 10133
06-28 01:17:18.007 1603 1635 I am_uid_running: 10095
06-28 01:17:18.009 1603 1635 I am_kill : [0,5428,com.android.settings,905,empty #2]
06-28 01:17:18.017 1603 1722 I am_proc_start: [0,5517,10095,com.tencent.mobileqq:MSF,broadcast,{com.tencent.mobileqq/com.tencent.mobileqq.msf.core.NetConnInfoCenter}]
06-28 01:17:18.028 1603 1635 I am_proc_died: [0,5428,com.android.settings,905,19]
06-28 01:17:18.029 1603 1635 I am_uid_active: 10095
06-28 01:17:18.041 1603 1635 I am_proc_bound: [0,5517,com.tencent.mobileqq:MSF]
06-28 01:17:18.218 1603 1722 I am_proc_start: [0,5534,10095,com.tencent.mobileqq,content provider,{com.tencent.mobileqq/com.tencent.mqq.shared_file_accessor.ContentProviderImpl}]
06-28 01:17:18.241 1603 1635 I am_proc_bound: [0,5534,com.tencent.mobileqq]
06-28 01:17:18.786 1603 1931 I netstats_mobile_sample: [0,0,0,0,0,0,0,0,0,0,0,0,1687886238786]
06-28 01:17:18.786 1603 1931 I netstats_wifi_sample: [2044895,1680,109311,651,2044895,1680,109311,651,2111765,1777,105371,638,1687886238786]
06-28 01:17:18.837 1603 2065 I am_kill : [0,5517,com.tencent.mobileqq:MSF,915,empty #2]
06-28 01:17:18.838 1603 2065 I am_kill : [0,5473,com.android.traceur,925,empty #3]
06-28 01:17:18.849 1603 1635 I am_crash: [2489,0,com.qualcomm.qti.devicestatisticsservice,814235213,java.lang.ClassNotFoundException,android.hidl.manager.V1_0.IServiceNotification$Stub,DeviceStatisticsService.java,83]
06-28 01:17:18.853 1603 1635 I sysui_multi_action: [757,316,758,4,759,-1]
06-28 01:17:18.853 1603 1721 I am_wtf : [0,1603,system_server,-1,BootReceiver,open failed: ENOENT (No such file or directory)]
06-28 01:17:18.847 1603 1603 I auditd : type=1400 audit(0.0:583): avc: denied { getattr } for comm=4572726F722064756D703A20737973 path="/data/tlog/fatal/dropbox" dev="dm-21" ino=499138 scontext=u:r:system_server:s0 tcontext=u:object_r:tlog_data_file:s0 tclass=dir permissive=0
06-28 01:17:18.847 1603 1603 I auditd : type=1400 audit(0.0:584): avc: denied { getattr } for comm="ActivityManager" path="/data/tlog/fatal/dropbox" dev="dm-21" ino=499138 scontext=u:r:system_server:s0 tcontext=u:object_r:tlog_data_file:s0 tclass=dir permissive=0
06-28 01:17:18.874 1603 1635 I am_proc_died: [0,2489,com.qualcomm.qti.devicestatisticsservice,-800,0]
06-28 01:17:18.874 1603 1635 I am_schedule_service_restart: [0,com.qualcomm.qti.devicestatisticsservice/.DeviceStatisticsService,0]
06-28 01:17:18.875 1603 1635 I am_uid_stopped: 10067
06-28 01:17:18.875 1603 1635 I am_uid_running: 10067
06-28 01:17:18.878 1603 1635 I am_uid_active: 10067
06-28 01:17:18.879 1603 1603 I auditd : type=1400 audit(0.0:585): avc: denied { getattr } for comm="Thread-30" path="/data/tlog/fatal/dropbox" dev="dm-21" ino=499138 scontext=u:r:system_server:s0 tcontext=u:object_r:tlog_data_file:s0 tclass=dir permissive=0
06-28 01:17:18.890 1603 5602 I sysui_multi_action: [757,804,799,shutdown_activity_manager,801,801,802,1]
06-28 01:17:18.890 1603 5602 I sysui_multi_action: [757,804,799,shutdown_radios,801,1,802,1]
06-28 01:17:18.891 1603 5602 I sysui_multi_action: [757,804,799,shutdown_send_shutdown_broadcast,801,212,802,1]
06-28 01:17:18.891 1603 5602 I sysui_multi_action: [757,804,799,shutdown_system_server,801,1026,802,1]
06-28 01:17:18.891 1603 5602 I sysui_multi_action: [757,804,799,shutdown_package_manager,801,7,802,1]
06-28 01:17:18.893 1603 5602 I commit_sys_config_file: [log-files,1]
06-28 01:17:18.894 1603 1722 I am_proc_start: [0,5603,10067,com.qualcomm.qti.devicestatisticsservice,restart,com.qualcomm.qti.devicestatisticsservice]
06-28 01:17:18.897 1603 5602 I am_uid_running: 10018
06-28 01:17:18.927 1603 2065 D TelephonyRegistry: listen oscl: mHasNotifySubscriptionInfoChangedOccurred==false no callback
06-28 01:17:18.927 1603 2648 I am_proc_bound: [0,5603,com.qualcomm.qti.devicestatisticsservice]
06-28 01:17:18.932 1603 1635 I am_proc_died: [0,5473,com.android.traceur,925,19]
06-28 01:17:18.933 1603 1635 I am_uid_stopped: 10021
06-28 01:17:18.938 1603 1722 I am_proc_start: [0,5620,10018,android.process.media,content provider,{com.android.providers.downloads/com.android.providers.downloads.DownloadProvider}]
06-28 01:17:18.947 1603 1635 I am_uid_running: 10134
06-28 01:17:18.955 1603 1722 I am_proc_start: [0,5627,10134,com.kugou.android.auto,broadcast,{com.kugou.android.auto/com.kugou.android.auto.receiver.AutoStartReceiver}]
06-28 01:17:18.968 1603 1635 I am_proc_bound: [0,5620,android.process.media]
06-28 01:17:18.974 1603 1720 I am_pss : [2605,10075,com.android.launcher3,163919872,150605824,0,285319168,0,2,12]
06-28 01:17:18.982 1603 1635 I am_uid_active: 10018
06-28 01:17:18.983 1603 2091 I am_proc_bound: [0,5627,com.kugou.android.auto]
06-28 01:17:18.986 1603 2091 I am_uid_active: 10134
06-28 01:17:19.015 1603 1635 I am_proc_died: [0,5517,com.tencent.mobileqq:MSF,915,19]
06-28 01:17:19.167 5627 5627 I auditd : type=1400 audit(0.0:586): avc: granted { nlmsg_readpriv } for comm="Thread-4" scontext=u:r:untrusted_app_27:s0:c134,c256,c512,c768 tcontext=u:r:untrusted_app_27:s0:c134,c256,c512,c768 tclass=netlink_route_socket app=com.kugou.android.auto
06-28 01:17:19.173 1603 2091 I sysui_multi_action: [757,1513,758,4,805,1687886239173,1514,10134,1515,com.kugou.android.auto,1516,1010,1517,0,1518,10134,1519,1010,1520,0,1526,com.kugou.android.auto/com.kugou.android.app.splash.SplashPureActivity,1527,0,1529,com.kugou.android.auto,1530,1010,1531,0,1532,0,1533,0,1534,0,1535,0,1536,0]
06-28 01:17:19.186 1603 2091 I am_kill : [0,5534,com.tencent.mobileqq,905,empty #2]
06-28 01:17:19.191 1603 1722 I am_proc_start: [0,5678,1000,com.qti.diagservices,broadcast,{com.qti.diagservices/com.qti.diagservices.Diag_OnBoot}]
06-28 01:17:19.201 1603 2091 I am_proc_bound: [0,5678,com.qti.diagservices]
06-28 01:17:19.217 1603 2091 I am_proc_died: [0,5534,com.tencent.mobileqq,905,19]
06-28 01:17:19.218 1603 2091 I am_uid_stopped: 10095
06-28 01:17:19.243 1603 5695 I am_uid_running: 10020
06-28 01:17:19.248 1603 1722 I am_proc_start: [0,5696,1000,com.android.dynsystem,broadcast,{com.android.dynsystem/com.android.dynsystem.BootCompletedReceiver}]
06-28 01:17:19.254 1603 1722 I am_proc_start: [0,5700,10020,android.process.acore,content provider,{com.android.providers.contacts/com.android.providers.contacts.CallLogProvider}]
06-28 01:17:19.258 1603 2091 I am_proc_bound: [0,5696,com.android.dynsystem]
06-28 01:17:19.263 1603 2091 I am_proc_bound: [0,5700,android.process.acore]
06-28 01:17:19.265 1603 2091 I am_uid_active: 10020
06-28 01:17:19.296 1603 1635 I am_uid_running: 10038
06-28 01:17:19.297 1603 1635 I am_kill : [0,5627,com.kugou.android.auto,905,empty #2]
06-28 01:17:19.302 1603 1722 I am_proc_start: [0,5738,1000,com.android.dynsystem:dynsystem,service,{com.android.dynsystem/com.android.dynsystem.DynamicSystemInstallationService}]
06-28 01:17:19.308 1603 1722 I am_proc_start: [0,5739,10038,com.android.managedprovisioning,broadcast,{com.android.managedprovisioning/com.android.managedprovisioning.BootReminder}]
06-28 01:17:19.318 1603 1635 I am_proc_died: [0,5627,com.kugou.android.auto,905,19]
06-28 01:17:19.318 1603 1635 I am_uid_stopped: 10134
06-28 01:17:19.319 1603 1635 I am_uid_active: 10038
06-28 01:17:19.319 1603 2091 I am_proc_bound: [0,5738,com.android.dynsystem:dynsystem]
06-28 01:17:19.321 1603 2648 I am_proc_bound: [0,5739,com.android.managedprovisioning]
06-28 01:17:19.359 1603 2091 I am_kill : [0,5739,com.android.managedprovisioning,915,empty #2]
06-28 01:17:19.359 1603 2091 I am_kill : [0,5696,com.android.dynsystem,925,empty #3]
06-28 01:17:19.361 1603 1635 I am_uid_running: 10088
06-28 01:17:19.367 1603 1722 I am_proc_start: [0,5772,10088,com.android.music,broadcast,{com.android.music/com.android.music.MediaPlaybackReceiver}]
06-28 01:17:19.374 1603 1635 I am_proc_died: [0,5696,com.android.dynsystem,925,19]
06-28 01:17:19.375 1603 1635 I am_uid_active: 10088
06-28 01:17:19.376 1603 2648 I am_proc_died: [0,5739,com.android.managedprovisioning,915,19]
06-28 01:17:19.376 1603 2648 I am_uid_stopped: 10038
06-28 01:17:19.377 1603 2648 I am_proc_bound: [0,5772,com.android.music]
06-28 01:17:19.419 4589 4589 I auditd : type=1400 audit(0.0:587): avc: granted { nlmsg_readpriv } for comm="temporary-9" scontext=u:r:untrusted_app_27:s0:c512,c768 tcontext=u:r:untrusted_app_27:s0:c512,c768 tclass=netlink_route_socket app=com.tencent.android.qqdownloader
06-28 01:17:19.434 1603 2648 I am_uid_running: 10061
06-28 01:17:19.435 1603 2648 I am_kill : [0,5738,com.android.dynsystem:dynsystem,905,empty #2]
06-28 01:17:19.441 1603 1722 I am_proc_start: [0,5795,10061,com.android.onetimeinitializer,broadcast,{com.android.onetimeinitializer/com.android.onetimeinitializer.OneTimeInitializerReceiver}]
06-28 01:17:19.453 1603 1635 I am_proc_died: [0,5738,com.android.dynsystem:dynsystem,905,19]
06-28 01:17:19.454 1603 1635 I am_uid_active: 10061
06-28 01:17:19.458 1603 1635 I am_proc_bound: [0,5795,com.android.onetimeinitializer]
06-28 01:17:19.498 1603 2091 I am_uid_running: 10033
06-28 01:17:19.499 1603 2091 I am_kill : [0,5772,com.android.music,905,empty #2]
06-28 01:17:19.506 1603 1722 I am_proc_start: [0,5845,10033,com.android.packageinstaller,broadcast,{com.android.packageinstaller/com.android.packageinstaller.TemporaryFileManager}]
06-28 01:17:19.524 1603 1635 I am_proc_died: [0,5772,com.android.music,905,19]
06-28 01:17:19.524 1603 1635 I am_uid_stopped: 10088
06-28 01:17:19.525 1603 1635 I am_uid_active: 10033
06-28 01:17:19.531 1603 1635 I am_proc_bound: [0,5845,com.android.packageinstaller]
06-28 01:17:19.580 1603 1635 I am_uid_running: 10092
06-28 01:17:19.581 1603 1635 I am_kill : [0,5795,com.android.onetimeinitializer,905,empty #2]
06-28 01:17:19.589 1603 1603 I notification_enqueue: [10101,4589,com.tencent.android.qqdownloader,127,NULL,0,Notification(channel=channel_id_default_silent shortcut=null contentView=com.tencent.android.qqdownloader/0x7f0a01c2 vibrate=null sound=null defaults=0x0 flags=0x2a2 color=0x00000000 groupKey=com.tencent.android.qqdownloader vis=PRIVATE),0]
06-28 01:17:19.594 1603 1722 I am_proc_start: [0,5907,10092,com.android.permissioncontroller,broadcast,{com.android.permissioncontroller/com.android.permissioncontroller.permission.service.LocationAccessCheck$SetupPeriodicBackgroundLocationAccessCheck}]
06-28 01:17:19.594 1603 1603 I sysui_multi_action: [757,128,758,5,759,8,793,7,794,0,795,7,796,127,806,com.tencent.android.qqdownloader,857,channel_id_default_silent,858,3,946,com.tencent.android.qqdownloader,947,1,1500,7]
06-28 01:17:19.594 1603 1603 I notification_canceled: [0|com.tencent.android.qqdownloader|127|null|10101,8,7,7,0,-1,-1,NULL]
06-28 01:17:19.605 1603 2065 I am_proc_died: [0,5795,com.android.onetimeinitializer,905,19]
06-28 01:17:19.605 1603 2065 I am_uid_stopped: 10061
06-28 01:17:19.606 1603 2065 I am_uid_active: 10092
06-28 01:17:19.609 1603 5445 I sysui_multi_action: [757,1513,758,4,805,1687886239609,1514,10101,1515,com.tencent.android.qqdownloader,1516,1003,1517,0,1518,10101,1519,1003,1520,0,1526,com.tencent.android.qqdownloader/com.tencent.qqdownloader.backgroundstart.BackgroundSupportActivity,1527,0,1529,com.tencent.android.qqdownloader:daemon,1530,1003,1531,0,1532,0,1533,0,1534,0,1535,0,1536,0,1538,5323]
06-28 01:17:19.618 1603 5445 I am_proc_bound: [0,5907,com.android.permissioncontroller]
06-28 01:17:19.708 1603 2648 I am_uid_running: 10036
06-28 01:17:19.708 1603 2648 I am_kill : [0,5845,com.android.packageinstaller,905,empty #2]
06-28 01:17:19.714 1603 1722 I am_proc_start: [0,5944,10036,com.android.providers.calendar,broadcast,{com.android.providers.calendar/com.android.providers.calendar.CalendarReceiver}]
06-28 01:17:19.733 1603 2065 I am_proc_died: [0,5845,com.android.packageinstaller,905,19]
06-28 01:17:19.734 1603 2065 I am_uid_stopped: 10033
06-28 01:17:19.734 1603 2065 I am_uid_active: 10036
06-28 01:17:19.736 1603 1635 I am_proc_bound: [0,5944,com.android.providers.calendar]
06-28 01:17:19.796 1603 1635 I am_kill : [0,5907,com.android.permissioncontroller,905,empty #2]
06-28 01:17:19.879 1603 1722 I am_proc_start: [0,5997,1000,com.android.settings,broadcast,{com.android.settings/com.android.settings.fuelgauge.batterytip.AnomalyConfigReceiver}]
06-28 01:17:19.880 1603 5445 I am_proc_died: [0,5907,com.android.permissioncontroller,905,19]
06-28 01:17:19.880 1603 5445 I am_uid_stopped: 10092
06-28 01:17:19.883 1603 2091 I am_proc_bound: [0,5997,com.android.settings]
06-28 01:17:19.955 4727 4727 I auditd : type=1400 audit(0.0:822): avc: denied { read } for comm="beacon-thread-1" name="ioports" dev="proc" ino=4026532282 scontext=u:r:untrusted_app_27:s0:c512,c768 tcontext=u:object_r:proc:s0 tclass=file permissive=0 app=com.tencent.android.qqdownloader
06-28 01:17:19.999 4727 4727 I auditd : type=1400 audit(0.0:823): avc: denied { read } for comm="beacon-thread-1" name="u:object_r:wifi_hal_prop:s0" dev="tmpfs" ino=12777 scontext=u:r:untrusted_app_27:s0:c512,c768 tcontext=u:object_r:wifi_hal_prop:s0 tclass=file permissive=0 app=com.tencent.android.qqdownloader
06-28 01:17:19.999 4727 4727 I auditd : type=1400 audit(0.0:824): avc: denied { ioctl } for comm="beacon-thread-1" path="socket:[77090]" dev="sockfs" ino=77090 ioctlcmd=0x8927 scontext=u:r:untrusted_app_27:s0:c512,c768 tcontext=u:r:untrusted_app_27:s0:c512,c768 tclass=udp_socket permissive=0 app=com.tencent.android.qqdownloader
06-28 01:17:19.999 4727 4727 I auditd : type=1400 audit(0.0:825): avc: denied { read } for comm="beacon-thread-1" name="arp" dev="proc" ino=4026532254 scontext=u:r:untrusted_app_27:s0:c512,c768 tcontext=u:object_r:proc_net:s0 tclass=file permissive=0 app=com.tencent.android.qqdownloader
06-28 01:17:20.013 1603 4568 I am_uid_running: 2000
06-28 01:17:20.013 1603 4568 I am_kill : [0,5944,com.android.providers.calendar,905,empty #2]
06-28 01:17:20.018 1603 1722 I am_proc_start: [0,6039,2000,com.android.shell,broadcast,{com.android.shell/com.android.shell.HeapDumpReceiver}]
06-28 01:17:20.035 1603 6020 I am_proc_died: [0,5944,com.android.providers.calendar,905,19]
06-28 01:17:20.035 1603 6020 I am_uid_stopped: 10036
06-28 01:17:20.036 1603 6020 I am_uid_active: 2000
06-28 01:17:20.041 1603 2065 I am_proc_bound: [0,6039,com.android.shell]
06-28 01:17:20.075 4589 4589 I auditd : type=1400 audit(0.0:826): avc: denied { read } for comm="TuringFdCore_68" name="/" dev="dm-16" ino=2 scontext=u:r:untrusted_app_27:s0:c512,c768 tcontext=u:object_r:rootfs:s0 tclass=dir permissive=0 app=com.tencent.android.qqdownloader
06-28 01:17:20.105 1603 2065 I am_kill : [0,5997,com.android.settings,905,empty #2]
06-28 01:17:20.119 1603 1635 I am_uid_running: 10076
06-28 01:17:20.123 1603 1635 I am_proc_died: [0,5997,com.android.settings,905,19]
06-28 01:17:20.123 1603 1635 I am_uid_active: 10076
06-28 01:17:20.128 1603 1722 I am_proc_start: [0,6068,10076,com.qti.ltebc,broadcast,{com.qti.ltebc/com.qualcomm.ltebc.LTEBroadcastBootReceiver}]
06-28 01:17:20.141 1603 2065 I am_proc_bound: [0,6068,com.qti.ltebc]
06-28 01:17:20.429 1603 3427 I am_kill : [0,6039,com.android.shell,915,empty #2]
06-28 01:17:20.441 1603 2065 I am_uid_running: 10058
06-28 01:17:20.445 1603 1722 I am_proc_start: [0,6169,10058,com.qualcomm.qti.qms.service.connectionsecurity,broadcast,{com.qualcomm.qti.qms.service.connectionsecurity/com.qualcomm.qti.qms.service.connectionsecurity.ConnSecBroadcastReceiver}]
06-28 01:17:20.446 1603 2065 I am_proc_died: [0,6039,com.android.shell,915,19]
06-28 01:17:20.446 1603 2065 I am_uid_stopped: 2000
06-28 01:17:20.446 1603 2065 I am_uid_active: 10058
06-28 01:17:20.449 1603 2065 I am_proc_died: [0,6068,com.qti.ltebc,905,19]
06-28 01:17:20.449 1603 2065 I am_uid_stopped: 10076
06-28 01:17:20.450 1603 2065 I am_low_memory: 40
06-28 01:17:20.455 1603 2065 I am_proc_bound: [0,6169,com.qualcomm.qti.qms.service.connectionsecurity]
06-28 01:17:20.516 1603 2065 I am_uid_running: 10084
06-28 01:17:20.521 1603 1722 I am_proc_start: [0,6197,10084,com.qualcomm.qtil.aptxui,broadcast,{com.qualcomm.qtil.aptxui/com.qualcomm.qtil.aptxui.aptxuiBootReceiver}]
06-28 01:17:20.531 1603 3427 I am_proc_bound: [0,6197,com.qualcomm.qtil.aptxui]
06-28 01:17:20.533 1603 3427 I am_uid_active: 10084
06-28 01:17:20.594 1603 1603 I notification_enqueue: [10101,4589,com.tencent.android.qqdownloader,127,NULL,0,Notification(channel=channel_id_default_silent shortcut=null contentView=com.tencent.android.qqdownloader/0x7f0a01c2 vibrate=null sound=null defaults=0x0 flags=0x2a2 color=0x00000000 groupKey=com.tencent.android.qqdownloader vis=PRIVATE),0]
06-28 01:17:20.606 1603 1635 I am_kill : [0,6169,com.qualcomm.qti.qms.service.connectionsecurity,905,empty #2]
06-28 01:17:20.612 1603 2065 I am_uid_running: 10124
06-28 01:17:20.618 1603 1722 I am_proc_start: [0,6222,10124,com.kuaishou.nebula,broadcast,{com.kuaishou.nebula/androidx.work.impl.background.systemalarm.RescheduleReceiver}]
06-28 01:17:20.621 1603 2065 I am_proc_died: [0,6169,com.qualcomm.qti.qms.service.connectionsecurity,905,19]
06-28 01:17:20.621 1603 2065 I am_uid_stopped: 10058
06-28 01:17:20.621 1603 2065 I am_uid_active: 10124
06-28 01:17:20.633 1603 1635 I am_proc_bound: [0,6222,com.kuaishou.nebula]
06-28 01:17:20.871 1603 1720 I sysui_multi_action: [757,1717,758,1,759,0]
06-28 01:17:20.871 1603 1720 I sysui_multi_action: [757,1717,758,2,759,0]
06-28 01:17:20.871 1603 1720 I sysui_multi_action: [757,1717,758,3,759,0]
06-28 01:17:21.139 6222 6222 I auditd : type=1400 audit(0.0:850): avc: granted { execute } for comm="ela_global-io" path="/data/user/0/com.kuaishou.nebula/app_lib/libruntime-optimize.so.5777" dev="dm-21" ino=496705 scontext=u:r:untrusted_app_29:s0:c124,c256,c512,c768 tcontext=u:object_r:app_data_file:s0:c124,c256,c512,c768 tclass=file app=com.kuaishou.nebula
06-28 01:17:21.199 1603 2172 I ntp_failure: [time.android.com/216.239.35.12,java.net.SocketTimeoutException: Poll timed out]
06-28 01:17:21.427 6222 6222 I auditd : type=1400 audit(0.0:851): avc: granted { nlmsg_readpriv } for comm="dfp-1-thread-7" scontext=u:r:untrusted_app_29:s0:c124,c256,c512,c768 tcontext=u:r:untrusted_app_29:s0:c124,c256,c512,c768 tclass=netlink_route_socket app=com.kuaishou.nebula
06-28 01:17:21.427 6222 6222 I auditd : type=1400 audit(0.0:852): avc: granted { nlmsg_readpriv } for comm="dfp-1-thread-7" scontext=u:r:untrusted_app_29:s0:c124,c256,c512,c768 tcontext=u:r:untrusted_app_29:s0:c124,c256,c512,c768 tclass=netlink_route_socket app=com.kuaishou.nebula
06-28 01:17:21.435 6222 6222 I auditd : type=1400 audit(0.0:853): avc: denied { getattr } for comm="dfp-1-thread-7" path="/proc/ioports" dev="proc" ino=4026532282 scontext=u:r:untrusted_app_29:s0:c124,c256,c512,c768 tcontext=u:object_r:proc:s0 tclass=file permissive=0 app=com.kuaishou.nebula
06-28 01:17:21.439 6222 6222 I auditd : type=1400 audit(0.0:854): avc: denied { getattr } for comm="dfp-1-thread-7" path="/proc/misc" dev="proc" ino=4026531991 scontext=u:r:untrusted_app_29:s0:c124,c256,c512,c768 tcontext=u:object_r:proc_misc:s0 tclass=file permissive=0 app=com.kuaishou.nebula
