06-28 10:27:01.709 24965 25201 E Campaign_Flower-Prefetch: org.json.JSONException: Value null of type org.json.JSONObject$1 cannot be converted to JSONObject
06-28 10:27:01.709 24965 25201 E Campaign_Flower-Prefetch: at org.json.JSON.typeMismatch(JSON.java:112)
06-28 10:27:01.709 24965 25201 E Campaign_Flower-Prefetch: at org.json.JSONObject.(JSONObject.java:172)
06-28 10:27:01.709 24965 25201 E Campaign_Flower-Prefetch: at org.json.JSONObject.(JSONObject.java:185)
06-28 10:27:01.709 24965 25201 E Campaign_Flower-Prefetch: at X.29k.LIZ(SourceFile:17236033)
06-28 10:27:01.709 24965 25201 E Campaign_Flower-Prefetch: at X.29l.run(Unknown Source:25)
06-28 10:27:01.709 24965 25201 E Campaign_Flower-Prefetch: at com.ss.android.ugc.nimbleworker.task.RunnableTrickTaskWrapper.doWork(SourceFile:262173)
06-28 10:27:01.709 24965 25201 E Campaign_Flower-Prefetch: at com.ss.android.ugc.nimbleworker.scheduler.helper.TraceHelper.doWork(SourceFile:33816629)
06-28 10:27:01.709 24965 25201 E Campaign_Flower-Prefetch: at com.ss.android.ugc.nimbleworker.core.ScheduleManager.lambda$execute$0$ScheduleManager(SourceFile:33816620)
06-28 10:27:01.709 24965 25201 E Campaign_Flower-Prefetch: at X.QjI.run(Unknown Source:6)
06-28 10:27:01.709 24965 25201 E Campaign_Flower-Prefetch: at com.ss.android.ugc.nimbleworker.core.DefaultExecutors$1.execute(SourceFile:16973849)
06-28 10:27:01.709 24965 25201 E Campaign_Flower-Prefetch: at com.ss.android.ugc.nimbleworker.core.ScheduleManager.execute(SourceFile:17104965)
06-28 10:27:01.709 24965 25201 E Campaign_Flower-Prefetch: at com.ss.android.ugc.nimbleworker.NimbleWorker.execute(SourceFile:17039389)
06-28 10:27:01.709 24965 25201 E Campaign_Flower-Prefetch: at X.29k.run(Unknown Source:33)
06-28 10:27:01.709 24965 25201 E Campaign_Flower-Prefetch: at java.util.concurrent.ThreadPoolExecutor.runWorker(ThreadPoolExecutor.java:1167)
06-28 10:27:01.709 24965 25201 E Campaign_Flower-Prefetch: at java.util.concurrent.ThreadPoolExecutor$Worker.run(ThreadPoolExecutor.java:641)
06-28 10:27:01.709 24965 25201 E Campaign_Flower-Prefetch: at java.lang.Thread.run(Thread.java:920)
06-28 10:27:01.709 24965 25201 E Campaign_Flower-Prefetch: at com.ss.android.ugc.bytex.pthread.base.convergence.ThreadProxy$start$1.run(Unknown Source:160)
06-28 10:27:01.709 24965 25201 E Campaign_Flower-Prefetch: at java.util.concurrent.ThreadPoolExecutor.runWorker(ThreadPoolExecutor.java:1167)
06-28 10:27:01.709 24965 25201 E Campaign_Flower-Prefetch: at java.util.concurrent.ThreadPoolExecutor$Worker.run(ThreadPoolExecutor.java:641)
06-28 10:27:01.709 24965 25201 E Campaign_Flower-Prefetch: at java.lang.Thread.run(Thread.java:920)
06-28 10:27:01.709 24965 25201 W System.err: org.json.JSONException: Value null of type org.json.JSONObject$1 cannot be converted to JSONObject
06-28 10:27:01.709 24965 25201 W System.err: at org.json.JSON.typeMismatch(JSON.java:112)
06-28 10:27:01.709 24965 25201 W System.err: at org.json.JSONObject.(JSONObject.java:172)
06-28 10:27:01.709 24965 25201 W System.err: at org.json.JSONObject.(JSONObject.java:185)
06-28 10:27:01.709 24965 25201 W System.err: at X.29k.LIZ(SourceFile:17236033)
06-28 10:27:01.709 24965 25201 W System.err: at X.29l.run(Unknown Source:25)
06-28 10:27:01.709 24965 25201 W System.err: at com.ss.android.ugc.nimbleworker.task.RunnableTrickTaskWrapper.doWork(SourceFile:262173)
06-28 10:27:01.709 24965 25201 W System.err: at com.ss.android.ugc.nimbleworker.scheduler.helper.TraceHelper.doWork(SourceFile:33816629)
06-28 10:27:01.709 24965 25201 W System.err: at com.ss.android.ugc.nimbleworker.core.ScheduleManager.lambda$execute$0$ScheduleManager(SourceFile:33816620)
06-28 10:27:01.709 24965 25201 W System.err: at X.QjI.run(Unknown Source:6)
06-28 10:27:01.709 24965 25201 W System.err: at com.ss.android.ugc.nimbleworker.core.DefaultExecutors$1.execute(SourceFile:16973849)
06-28 10:27:01.709 24965 25201 W System.err: at com.ss.android.ugc.nimbleworker.core.ScheduleManager.execute(SourceFile:17104965)
06-28 10:27:01.709 24965 25201 W System.err: at com.ss.android.ugc.nimbleworker.NimbleWorker.execute(SourceFile:17039389)
06-28 10:27:01.709 24965 25201 W System.err: at X.29k.run(Unknown Source:33)
06-28 10:27:01.709 24965 25201 W System.err: at java.util.concurrent.ThreadPoolExecutor.runWorker(ThreadPoolExecutor.java:1167)
06-28 10:27:01.709 24965 25201 W System.err: at java.util.concurrent.ThreadPoolExecutor$Worker.run(ThreadPoolExecutor.java:641)
06-28 10:27:01.709 24965 25201 W System.err: at java.lang.Thread.run(Thread.java:920)
06-28 10:27:01.709 24965 25201 W System.err: at com.ss.android.ugc.bytex.pthread.base.convergence.ThreadProxy$start$1.run(Unknown Source:160)
06-28 10:27:01.709 24965 25201 W System.err: at java.util.concurrent.ThreadPoolExecutor.runWorker(ThreadPoolExecutor.java:1167)
06-28 10:27:01.709 24965 25201 W System.err: at java.util.concurrent.ThreadPoolExecutor$Worker.run(ThreadPoolExecutor.java:641)
06-28 10:27:01.709 24965 25201 W System.err: at java.lang.Thread.run(Thread.java:920)
06-28 10:27:01.709 24965 25089 I Campaign_CampaignServiceManager: init receivers successfully!
06-28 10:27:01.709 24965 25089 I Campaign_CampaignServiceManager: syncInit success
06-28 10:27:01.713 24965 24965 I auditd : type=1400 audit(0.0:13450): avc: granted { execute } for comm="startliveio" path="/data/user/0/com.ss.android.ugc.aweme/files/plugins/com.ss.android.live.pullstreamso/version-254109705/lib/libavio.so" dev="dm-21" ino=315174 scontext=u:r:untrusted_app_29:s0:c104,c256,c512,c768 tcontext=u:object_r:app_data_file:s0:c104,c256,c512,c768 tclass=file app=com.ss.android.ugc.aweme
06-28 10:27:01.713 24965 24965 W startliveio: type=1400 audit(0.0:13450): avc: granted { execute } for path="/data/user/0/com.ss.android.ugc.aweme/files/plugins/com.ss.android.live.pullstreamso/version-254109705/lib/libavio.so" dev="dm-21" ino=315174 scontext=u:r:untrusted_app_29:s0:c104,c256,c512,c768 tcontext=u:object_r:app_data_file:s0:c104,c256,c512,c768 tclass=file app=com.ss.android.ugc.aweme
06-28 10:27:01.721 24965 24965 I auditd : type=1400 audit(0.0:13451): avc: granted { execute } for comm="startliveio" path="/data/user/0/com.ss.android.ugc.aweme/files/plugins/com.ss.android.live.pullstreamso/version-254109705/lib/libttquic.so" dev="dm-21" ino=314200 scontext=u:r:untrusted_app_29:s0:c104,c256,c512,c768 tcontext=u:object_r:app_data_file:s0:c104,c256,c512,c768 tclass=file app=com.ss.android.ugc.aweme
06-28 10:27:01.721 24965 24965 W startliveio: type=1400 audit(0.0:13451): avc: granted { execute } for path="/data/user/0/com.ss.android.ugc.aweme/files/plugins/com.ss.android.live.pullstreamso/version-254109705/lib/libttquic.so" dev="dm-21" ino=314200 scontext=u:r:untrusted_app_29:s0:c104,c256,c512,c768 tcontext=u:object_r:app_data_file:s0:c104,c256,c512,c768 tclass=file app=com.ss.android.ugc.aweme
06-28 10:27:01.729 24965 25089 W droid.ugc.awem: Unable to resolve Lcom/ss/android/ugc/aweme/flowersdk/feature/schema_manager/b/x31_a; annotation class 2578
06-28 10:27:01.733 24965 25199 E liveio : <0x0,JNIFns.cpp,JNI_OnLoad,72>[LiveIO_JNI] LiveIO JNI_OnLoad begin
06-28 10:27:01.734 24965 25199 E liveio : <0x0,JNIFns.cpp,JNI_OnLoad,95>[LiveIO_JNI] LiveIO JNI_OnLoad end:0
06-28 10:27:01.737 24965 25199 E liveio : <0x7ab78dc750,LiveIOManager.cpp,start,40>start native LiveIO, version:1.0.97.4
06-28 10:27:01.737 1603 6021 D CompatibilityInfo: mCompatibilityFlags - 4
06-28 10:27:01.737 1603 6021 D CompatibilityInfo: applicationDensity - 240
06-28 10:27:01.737 1603 6021 D CompatibilityInfo: applicationScale - 1.0
06-28 10:27:01.739 24965 25067 E SurfaceViewHacker: init hook for AlphaVideoSurfaceView
06-28 10:27:01.740 1603 6021 D CompatibilityInfo: mCompatibilityFlags - 4
06-28 10:27:01.740 1603 6021 D CompatibilityInfo: applicationDensity - 240
06-28 10:27:01.740 1603 6021 D CompatibilityInfo: applicationScale - 1.0
06-28 10:27:01.744 1603 13590 D CompatibilityInfo: mCompatibilityFlags - 4
06-28 10:27:01.744 1603 13590 D CompatibilityInfo: applicationDensity - 240
06-28 10:27:01.744 1603 13590 D CompatibilityInfo: applicationScale - 1.0
06-28 10:27:01.774 24965 25017 W System.err: java.lang.IllegalArgumentException: Illegal host shortcut
06-28 10:27:01.774 24965 25017 W System.err: at com.ss.android.ugc.campaign.router.MaydayCampaignUri.LIZ(SourceFile:17236449)
06-28 10:27:01.774 24965 25017 W System.err: at com.ss.android.ugc.campaign.router.MaydayCampaignUri.(SourceFile:17104989)
06-28 10:27:01.774 24965 25017 W System.err: at com.ss.android.ugc.aweme.campaign_impl.FlowerRouterOpenHelper.LIZJ(SourceFile:17039396)
06-28 10:27:01.774 24965 25017 W System.err: at X.XAb.matchInterceptRules(SourceFile:17236161)
06-28 10:27:01.774 24965 25017 W System.err: at com.bytedance.router.InterceptManager.processRouteIntent(SourceFile:33882189)
06-28 10:27:01.774 24965 25017 W System.err: at com.bytedance.router.RouteManager.buildIntent(SourceFile:34013312)
06-28 10:27:01.774 24965 25017 W System.err: at com.bytedance.router.SmartRoute.buildIntent(SourceFile:327760)
06-28 10:27:01.774 24965 25017 W System.err: at X.hnK.LIZ(SourceFile:33816612)
06-28 10:27:01.774 24965 25017 W System.err: at com.ss.android.ugc.aweme.familiar.service.FamiliarServiceImpl.LJJLIIIJLLLLLLLZ(SourceFile:525166)
06-28 10:27:01.774 24965 25017 W System.err: at com.ss.android.ugc.aweme.share.component.MAShareComponent$onCreate$1$1.call(SourceFile:262173)
06-28 10:27:01.774 24965 25017 W System.err: at Y.ARunnableS34S0300000_20.run(SourceFile:17104947)
06-28 10:27:01.774 24965 25017 W System.err: at Y.ARunnableS34S0300000_20.run(Unknown Source:6)
06-28 10:27:01.774 24965 25017 W System.err: at java.util.concurrent.ThreadPoolExecutor.runWorker(ThreadPoolExecutor.java:1167)
06-28 10:27:01.774 24965 25017 W System.err: at java.util.concurrent.ThreadPoolExecutor$Worker.run(ThreadPoolExecutor.java:641)
06-28 10:27:01.774 24965 25017 W System.err: at Y.ARunnableS87S0200000_30.run$82(SourceFile:17104961)
06-28 10:27:01.774 24965 25017 W System.err: at Y.ARunnableS87S0200000_30.run(Unknown Source:334)
06-28 10:27:01.774 24965 25017 W System.err: at java.lang.Thread.run(Thread.java:920)
06-28 10:27:01.774 24965 25017 W System.err: at com.ss.android.ugc.bytex.pthread.base.convergence.ThreadProxy$start$1.run(Unknown Source:160)
06-28 10:27:01.774 24965 25017 W System.err: at java.util.concurrent.ThreadPoolExecutor.runWorker(ThreadPoolExecutor.java:1167)
06-28 10:27:01.774 24965 25017 W System.err: at java.util.concurrent.ThreadPoolExecutor$Worker.run(ThreadPoolExecutor.java:641)
06-28 10:27:01.774 24965 25017 W System.err: at java.lang.Thread.run(Thread.java:920)
06-28 10:27:01.777 24965 25017 W System.err: java.lang.IllegalArgumentException: Illegal host shortcut
06-28 10:27:01.777 24965 25017 W System.err: at com.ss.android.ugc.campaign.router.MaydayCampaignUri.LIZ(SourceFile:17236449)
06-28 10:27:01.777 24965 25017 W System.err: at com.ss.android.ugc.campaign.router.MaydayCampaignUri.(SourceFile:17104989)
06-28 10:27:01.777 24965 25017 W System.err: at com.ss.android.ugc.aweme.campaign_impl.FlowerRouterOpenHelper.LIZJ(SourceFile:17039396)
06-28 10:27:01.777 24965 25017 W System.err: at X.XAb.matchInterceptRules(SourceFile:17236161)
06-28 10:27:01.777 24965 25017 W System.err: at com.bytedance.router.InterceptManager.processRouteIntent(SourceFile:33882189)
06-28 10:27:01.777 24965 25017 W System.err: at com.bytedance.router.RouteManager.buildIntent(SourceFile:34013312)
06-28 10:27:01.777 24965 25017 W System.err: at com.bytedance.router.SmartRoute.buildIntent(SourceFile:327760)
06-28 10:27:01.777 24965 25017 W System.err: at X.hnK.LIZ(SourceFile:33816612)
06-28 10:27:01.777 24965 25017 W System.err: at com.ss.android.ugc.aweme.familiar.service.FamiliarServiceImpl.LJJLIIIJLLLLLLLZ(SourceFile:525103)
06-28 10:27:01.777 24965 25017 W System.err: at com.ss.android.ugc.aweme.share.component.MAShareComponent$onCreate$1$1.call(SourceFile:262173)
06-28 10:27:01.777 24965 25017 W System.err: at Y.ARunnableS34S0300000_20.run(SourceFile:17104947)
06-28 10:27:01.777 24965 25017 W System.err: at Y.ARunnableS34S0300000_20.run(Unknown Source:6)
06-28 10:27:01.777 24965 25017 W System.err: at java.util.concurrent.ThreadPoolExecutor.runWorker(ThreadPoolExecutor.java:1167)
06-28 10:27:01.777 24965 25017 W System.err: at java.util.concurrent.ThreadPoolExecutor$Worker.run(ThreadPoolExecutor.java:641)
06-28 10:27:01.777 24965 25017 W System.err: at Y.ARunnableS87S0200000_30.run$82(SourceFile:17104961)
06-28 10:27:01.777 24965 25017 W System.err: at Y.ARunnableS87S0200000_30.run(Unknown Source:334)
06-28 10:27:01.777 24965 25017 W System.err: at java.lang.Thread.run(Thread.java:920)
06-28 10:27:01.777 24965 25017 W System.err: at com.ss.android.ugc.bytex.pthread.base.convergence.ThreadProxy$start$1.run(Unknown Source:160)
06-28 10:27:01.777 24965 25017 W System.err: at java.util.concurrent.ThreadPoolExecutor.runWorker(ThreadPoolExecutor.java:1167)
06-28 10:27:01.777 24965 25017 W System.err: at java.util.concurrent.ThreadPoolExecutor$Worker.run(ThreadPoolExecutor.java:641)
06-28 10:27:01.777 24965 25017 W System.err: at java.lang.Thread.run(Thread.java:920)
06-28 10:27:01.781 2605 2605 D BaseModelUpdateTask: BaseModelUpdateTask constructor
06-28 10:27:01.781 2605 2605 D BaseModelUpdateTask: java.lang.Exception
06-28 10:27:01.781 2605 2605 D BaseModelUpdateTask: at com.android.launcher3.model.BaseModelUpdateTask.(BaseModelUpdateTask.java:57)
06-28 10:27:01.781 2605 2605 D BaseModelUpdateTask: at com.android.launcher3.model.ShortcutsChangedTask.(ShortcutsChangedTask.java:47)
06-28 10:27:01.781 2605 2605 D BaseModelUpdateTask: at com.android.launcher3.LauncherModel.onShortcutsChanged(LauncherModel.java:216)
06-28 10:27:01.781 2605 2605 D BaseModelUpdateTask: at android.content.pm.LauncherApps$CallbackMessageHandler.handleMessage(LauncherApps.java:1821)
06-28 10:27:01.781 2605 2605 D BaseModelUpdateTask: at android.os.Handler.dispatchMessage(Handler.java:106)
06-28 10:27:01.781 2605 2605 D BaseModelUpdateTask: at android.os.Looper.loopOnce(Looper.java:201)
06-28 10:27:01.781 2605 2605 D BaseModelUpdateTask: at android.os.Looper.loop(Looper.java:288)
06-28 10:27:01.781 2605 2605 D BaseModelUpdateTask: at android.app.ActivityThread.main(ActivityThread.java:7880)
06-28 10:27:01.781 2605 2605 D BaseModelUpdateTask: at java.lang.reflect.Method.invoke(Native Method)
06-28 10:27:01.781 2605 2605 D BaseModelUpdateTask: at com.android.internal.os.RuntimeInit$MethodAndArgsCaller.run(RuntimeInit.java:548)
06-28 10:27:01.781 2605 2605 D BaseModelUpdateTask: at com.android.internal.os.ZygoteInit.main(ZygoteInit.java:1009)
06-28 10:27:01.833 0 0 E [ 1096.416445] link_delay_work_func: DTC_ETH: SQI=0, link=0
06-28 10:27:01.854 3167 8615 E hpplay-base-dlna: ssdp_device.c:323::buf_ntop:192.168.124.2 sourceIp:192.168.0.16 is not same network dest_addr:41724096 replyAddr:268478656.
06-28 10:27:01.854 3167 8615 E hpplay-base-dlna: ssdp_device.c:323::buf_ntop:192.168.124.2 sourceIp:192.168.8.16 is not same network dest_addr:41724096 replyAddr:269002944.
06-28 10:27:01.854 3167 8615 E hpplay-base-dlna: ssdp_device.c:323::buf_ntop:192.168.124.2 sourceIp:192.168.11.16 is not same network dest_addr:41724096 replyAddr:269199552.
06-28 10:27:01.867 24965 25051 W droid.ugc.awem: Unsupported class loader
06-28 10:27:01.870 24965 24965 D NetworkSecurityConfig: No Network Security Config specified, using platform default
06-28 10:27:01.870 24965 24965 W nsconfig: com.ss.android.ugc.aweme: New config does not match the previously set config.
06-28 10:27:01.957 24677 24677 I .ugc.aweme.lit: Waiting for a blocking GC ClassLinker
06-28 10:27:01.980 24965 25052 E LSNetworkProbeEngine: [NetworkProber]SetProbeInterval: -1
06-28 10:27:01.981 24965 25052 E LSNetworkProbeEngine: [NetworkProber]SetProbeInterval: -1
06-28 10:27:02.000 3167 31635 E hpplay-base-dlna: ssdp_device.c:323::buf_ntop:192.168.124.2 sourceIp:192.168.1.16 is not same network dest_addr:41724096 replyAddr:268544192.
06-28 10:27:02.000 3167 11034 E hpplay-base-dlna: ssdp_device.c:323::buf_ntop:192.168.124.2 sourceIp:192.168.2.16 is not same network dest_addr:41724096 replyAddr:268609728.
06-28 10:27:02.007 680 694 I mpu_uart: [MSG-P:RECV]:No message received in 1000 ms
06-28 10:27:02.025 24965 25238 E LSNetworkProbeEngine: [NetworkProber] no probe task and sleep for 30s
06-28 10:27:02.027 24965 25067 W droid.ugc.awem: Unable to resolve Lcom/bytedance/ug/sdk/lucky/container/offline/x31_g; annotation class 2578
06-28 10:27:02.101 3167 6458 E hpplay-base-dlna: ssdp_device.c:323::buf_ntop:192.168.124.2 sourceIp:192.168.11.16 is not same network dest_addr:41724096 replyAddr:269199552.
06-28 10:27:02.123 24965 25065 E SensorManager: sensor or listener is null
06-28 10:27:02.133 25247 25247 D ProcessState: Binder ioctl to enable oneway spam detection failed: Invalid argument
06-28 10:27:02.133 534 534 E SELinux : avc: denied { find } for pid=25247 uid=10104 name=window scontext=u:r:untrusted_app_29:s0:c104,c256,c512,c768 tcontext=u:object_r:window_service:s0 tclass=service_manager permissive=0
06-28 10:27:02.133 0 0 I [ 1096.716536] binder: 25247:25247 ioctl 40046210 7ff125af64 returned -22
06-28 10:27:02.133 534 534 I auditd : avc: denied { find } for pid=25247 uid=10104 name=window scontext=u:r:untrusted_app_29:s0:c104,c256,c512,c768 tcontext=u:object_r:window_service:s0 tclass=service_manager permissive=0
06-28 10:27:02.133 25247 25247 W cmd : Can't find service window
06-28 10:27:02.145 25253 25253 D ProcessState: Binder ioctl to enable oneway spam detection failed: Invalid argument
06-28 10:27:02.145 0 0 I [ 1096.729122] binder: 25253:25253 ioctl 40046210 7fd1249ff4 returned -22
06-28 10:27:02.156 25257 25257 D ProcessState: Binder ioctl to enable oneway spam detection failed: Invalid argument
06-28 10:27:02.158 0 0 I [ 1096.740034] binder: 25257:25257 ioctl 40046210 7fffb928c4 returned -22
06-28 10:27:02.169 25261 25261 D ProcessState: Binder ioctl to enable oneway spam detection failed: Invalid argument
06-28 10:27:02.170 534 534 E SELinux : avc: denied { find } for pid=25261 uid=10104 name=window scontext=u:r:untrusted_app_29:s0:c104,c256,c512,c768 tcontext=u:object_r:window_service:s0 tclass=service_manager permissive=0
06-28 10:27:02.170 534 534 I auditd : avc: denied { find } for pid=25261 uid=10104 name=window scontext=u:r:untrusted_app_29:s0:c104,c256,c512,c768 tcontext=u:object_r:window_service:s0 tclass=service_manager permissive=0
06-28 10:27:02.170 25261 25261 W cmd : Can't find service window
06-28 10:27:02.171 0 0 I [ 1096.753237] binder: 25261:25261 ioctl 40046210 7ff5e9b9f4 returned -22
06-28 10:27:02.193 24965 25063 W libc : Access denied finding property "ro.oem_unlock_supported"
06-28 10:27:02.205 25273 25273 D ProcessState: Binder ioctl to enable oneway spam detection failed: Invalid argument
06-28 10:27:02.205 0 0 I [ 1096.788634] binder: 25273:25273 ioctl 40046210 7fec500394 returned -22
06-28 10:27:02.568 1603 1889 D PowerManagerService: userActivityNoUpdateLocked: groupId=0, eventTime=1097151, event=2, flags=0x0, uid=1000
06-28 10:27:02.568 2605 2605 D ViewTouchDebug: mView : DecorView@20168d1[QuickstepLauncher]Receive event : MotionEvent { action=ACTION_DOWN, actionButton=0, id[0]=0, x[0]=1361.0, y[0]=1078.0, toolType[0]=TOOL_TYPE_FINGER, buttonState=0, classification=NONE, metaState=0, flags=0x2, edgeFlags=0x0, pointerCount=1, historySize=0, eventTime=1097151, downTime=1097151, deviceId=4, source=0x5002, displayId=0, eventId=630819890 }
06-28 10:27:02.568 1603 1889 D PowerManagerNotifier: onUserActivity: event=2, uid=1000
06-28 10:27:02.568 1998 1998 D ViewTouchDebug: mView : com.android.systemui.navigationbar.NavigationBarFrame{ea90e25 V.E...... ........ 0,0-2560,46 #7f0b03f3 app:id/navigation_bar_frame}Receive event : MotionEvent { action=ACTION_OUTSIDE, actionButton=0, id[0]=0, x[0]=0.0, y[0]=-1034.0, toolType[0]=TOOL_TYPE_FINGER, buttonState=0, classification=NONE, metaState=0, flags=0x0, edgeFlags=0x0, pointerCount=1, historySize=0, eventTime=1097151, downTime=1097151, deviceId=4, source=0x5002, displayId=0, eventId=1908903603 }
06-28 10:27:02.568 1603 1889 D PowerManagerService: updateUserActivitySummaryLocked: groupId=0, mWakefulness=Awake, mUserActivitySummary=0x1, nextTimeout=1157151 (in 59999 ms)
06-28 10:27:02.568 1603 1889 D PowerManagerNotifier: onScreenPolicyUpdate: newPolicy=3
06-28 10:27:02.568 1603 1889 D PowerManagerService: updateDisplayPowerStateLocked: displayReady=true, groupId=0, policy=BRIGHT, mWakefulness=Awake, mWakeLockSummary=0x23, mUserActivitySummary=0x1, mBootCompleted=true, screenBrightnessOverride=NaN, useAutoBrightness=false, mScreenBrightnessBoostInProgress=false, mIsVrModeEnabled= false, sQuiescent=false
06-28 10:27:02.570 2605 2605 D TouchInteractionService: onInputEvent: ACTION_DOWN: OverviewInputConsumer
06-28 10:27:02.639 2605 2605 D EditModeHelper: setHotseatVisibility: 8
06-28 10:27:02.641 1603 13590 D ActivityTaskManager: Skipping, freeform mode : Task{6cfb152 #24866 type=standard A=10104:com.ss.android.ugc.aweme U=0 visible=true mode=freeform translucent=false sz=1 visible freeform task=true rootAffinity=10104:com.ss.android.ugc.aweme isMini=false}
06-28 10:27:02.641 2605 2605 D FreeWindowContainer: reloadTask: TaskInfo{userId=0 taskId=24866 displayId=0 isRunning=true baseIntent=Intent { act=android.intent.action.MAIN cat=[android.intent.category.LAUNCHER] flg=0x10200000 cmp=com.ss.android.ugc.aweme/.splash.SplashActivity } baseActivity=ComponentInfo{com.ss.android.ugc.aweme/com.ss.android.ugc.aweme.splash.SplashActivity} topActivity=ComponentInfo{com.ss.android.ugc.aweme/com.ss.android.ugc.aweme.main.MainActivity} origActivity=ComponentInfo{com.ss.android.ugc.aweme/com.ss.android.ugc.aweme.splash.SplashActivity} realActivity=ComponentInfo{com.ss.android.ugc.aweme/com.ss.android.ugc.aweme.main.MainActivity} numActivities=1 lastActiveTime=1097201 supportsSplitScreenMultiWindow=true supportsMultiWindow=true resizeMode=2 isResizeable=true token=WCT{android.window.IWindowContainerToken$Stub$Proxy@ecbde9} topActivityType=1 pictureInPictureParams=PictureInPictureParams( aspectRatio=null sourceRectHint=null hasSetActions=false isAutoPipEnabled=false isSeamlessResizeEnabled=true) displayCutoutSafeInsets=null topActivityInfo=ActivityInfo{1e00a6e com.ss.android.ugc.aweme.splash.SplashActivity} launchCookies=[] positionInParent=Point(20, 72) parentTaskId=-1 isFocused=true isVisible=true topActivityInSizeCompat=false locusId= null}
06-28 10:27:02.645 2605 2605 V GameTypeUtils: judge isGame:com.microsoft.emmx
06-28 10:27:02.646 2605 2605 V GameTypeUtils: judge isGame:com.kuaishou.nebula
06-28 10:27:02.646 2605 2605 V GameTypeUtils: judge isGame:com.smile.gifmaker
06-28 10:27:02.646 2605 2605 V GameTypeUtils: judge isGame:com.ss.android.lark
06-28 10:27:02.646 2605 2605 V GameTypeUtils: judge isGame:com.tencent.android.qqdownloader
06-28 10:27:02.646 2605 2605 V GameTypeUtils: judge isGame:com.android.documentsui
06-28 10:27:02.646 2605 2605 V GameTypeUtils: judge isGame:air.tv.douyu.android
06-28 10:27:02.646 2605 2605 V GameTypeUtils: judge isGame:com.baidu.appsearch
06-28 10:27:02.646 2605 2605 V GameTypeUtils: judge isGame:com.baidu.searchbox
06-28 10:27:02.646 2605 2605 V GameTypeUtils: judge isGame:com.github.uiautomator
06-28 10:27:02.646 2605 2605 V GameTypeUtils: judge isGame:com.hunantv.imgo.activity
06-28 10:27:02.647 2605 2605 V GameTypeUtils: judge isGame:com.kugou.android
06-28 10:27:02.647 2605 2605 V GameTypeUtils: judge isGame:com.kugou.android.auto
06-28 10:27:02.647 2605 2605 V GameTypeUtils: judge isGame:com.miHoYo.Yuanshen
06-28 10:27:02.647 2605 2605 V GameTypeUtils: judge isGame:com.netease.cloudmusic
06-28 10:27:02.647 2605 2605 V GameTypeUtils: judge isGame:com.netease.newsreader.activity
06-28 10:27:02.647 2605 2605 V GameTypeUtils: judge isGame:com.sohu.sohuvideo
06-28 10:27:02.647 2605 2605 V GameTypeUtils: judge isGame:com.ss.android.article.news
06-28 10:27:02.647 2605 2605 V GameTypeUtils: judge isGame:com.ss.android.ugc.aweme
06-28 10:27:02.647 2605 2605 V GameTypeUtils: judge isGame:com.ss.android.ugc.aweme.lite
06-28 10:27:02.647 2605 2605 V GameTypeUtils: judge isGame:com.taobao.taobao
06-28 10:27:02.648 2605 2605 V GameTypeUtils: judge isGame:com.tencent.KiHan
06-28 10:27:02.648 2605 2605 V GameTypeUtils: judge isGame:com.tencent.mm
06-28 10:27:02.648 2605 2605 V GameTypeUtils: judge isGame:com.tencent.mobileqq
06-28 10:27:02.648 2605 2605 V GameTypeUtils: judge isGame:com.tencent.mtt
06-28 10:27:02.648 2605 2605 V GameTypeUtils: judge isGame:com.tencent.qqlive
06-28 10:27:02.649 2605 2605 V GameTypeUtils: judge isGame:com.tencent.qqmusic
06-28 10:27:02.649 2605 2605 V GameTypeUtils: judge isGame:com.tencent.qqmusicpad
06-28 10:27:02.649 2605 2605 V GameTypeUtils: judge isGame:com.tencent.tmgp.sgame
06-28 10:27:02.649 2605 2605 V GameTypeUtils: judge isGame:com.tencent.tmgp.yqqskp
06-28 10:27:02.649 2605 2605 V GameTypeUtils: judge isGame:com.tencent.wemeet.app
06-28 10:27:02.649 2605 2605 V GameTypeUtils: judge isGame:com.tencent.wework
06-28 10:27:02.649 2605 2605 V GameTypeUtils: judge isGame:com.wandoujia.phoenix2
06-28 10:27:02.649 2605 2605 V GameTypeUtils: judge isGame:com.wuba
06-28 10:27:02.649 2605 2605 V GameTypeUtils: judge isGame:com.xingin.xhs
06-28 10:27:02.649 2605 2605 V GameTypeUtils: judge isGame:com.youku.phone
06-28 10:27:02.649 2605 2605 V GameTypeUtils: judge isGame:com.zhihu.android
06-28 10:27:02.652 1603 13590 I InputDispatcher: Monitor swipe-up (server) is stealing touch from [3675f2c com.android.launcher3/com.android.launcher3.uioverrides.QuickstepLauncher (server), 287fe67 com.android.systemui.ImageWallpaper (server), ]
06-28 10:27:02.654 1998 1998 V ShadeControllerImpl: NotificationShadeWindow: com.android.systemui.statusbar.phone.NotificationShadeWindowView{2e496cc I.E...... ......ID 0,0-2560,1080} canPanelBeCollapsed(): false
06-28 10:27:02.655 2605 2605 D ViewTouchDebug: mView : DecorView@20168d1[QuickstepLauncher]Receive event : MotionEvent { action=ACTION_CANCEL, actionButton=0, id[0]=0, x[0]=1337.0, y[0]=1044.0, toolType[0]=TOOL_TYPE_FINGER, buttonState=0, classification=NONE, metaState=0, flags=0x2, edgeFlags=0x0, pointerCount=1, historySize=0, eventTime=1097236, downTime=1097151, deviceId=4, source=0x5002, displayId=0, eventId=2123400199 }
06-28 10:27:02.656 2605 2605 I view_enqueue_input_event: [Motion - Cancel,com.android.launcher3/com.android.launcher3.uioverrides.QuickstepLauncher]
06-28 10:27:02.659 1603 13590 W ActivityTaskManager: getTaskSnapshot: taskId=-671 not found
06-28 10:27:02.659 1603 1889 I input_interaction: Interaction with: edge-swipe (server), swipe-up (server), PointerEventDispatcher0 (server),
06-28 10:27:02.661 2605 10176 D BaseIconFactory: normalizeAndWrapToAdaptiveIcon: scale=0.8095241
06-28 10:27:02.662 1603 11911 W ActivityTaskManager: getTaskSnapshot: taskId=-670 not found
06-28 10:27:02.663 2605 10176 D BaseIconFactory: normalizeAndWrapToAdaptiveIcon: scale=0.8095241
06-28 10:27:02.664 1603 11911 W ActivityTaskManager: getTaskSnapshot: taskId=-670 not found
06-28 10:27:02.664 1603 11911 W ActivityTaskManager: getTaskSnapshot: taskId=-670 not found
06-28 10:27:02.668 1603 1889 D PowerManagerService: userActivityNoUpdateLocked: groupId=0, eventTime=1097251, event=2, flags=0x0, uid=1000
06-28 10:27:02.668 1603 1889 D PowerManagerNotifier: onUserActivity: event=2, uid=1000
06-28 10:27:02.668 1603 1889 D PowerManagerService: updateUserActivitySummaryLocked: groupId=0, mWakefulness=Awake, mUserActivitySummary=0x1, nextTimeout=1157251 (in 59999 ms)
06-28 10:27:02.668 1603 1889 D PowerManagerNotifier: onScreenPolicyUpdate: newPolicy=3
06-28 10:27:02.668 1603 1889 D PowerManagerService: updateDisplayPowerStateLocked: displayReady=true, groupId=0, policy=BRIGHT, mWakefulness=Awake, mWakeLockSummary=0x23, mUserActivitySummary=0x1, mBootCompleted=true, screenBrightnessOverride=NaN, useAutoBrightness=false, mScreenBrightnessBoostInProgress=false, mIsVrModeEnabled= false, sQuiescent=false
06-28 10:27:02.678 3167 3167 I hpplay-java: [main]:IM_PublicCastClient:disconnect
06-28 10:27:02.678 3167 3167 I hpplay-java: [main]:IM_IMEntrance:disconnect
06-28 10:27:02.678 3167 3167 I hpplay-java: [main]:IM_AbstractBlockingClient:stopHeartBeat com.hpplay.common.asyncmanager.AsyncManager$2@2b78e14
06-28 10:27:02.678 3167 21209 W hpplay-java: [AsyncTask #167]:IM_AbstractBlockingClient:HeartbeatTask Exception java.lang.InterruptedException
06-28 10:27:02.678 3167 21209 W hpplay-java: [AsyncTask #167]:IM_AbstractBlockingClient:heartBeatWrite end
06-28 10:27:02.679 3167 3167 I hpplay-java: [main]:IM_PublicCastClient:reconnect null
06-28 10:27:02.679 3167 3167 I hpplay-java: [main]:IM_PublicCastClient:cs 1
06-28 10:27:02.679 3167 21201 W hpplay-java: [AsyncTask #166]:IM_AbstractBlockingClient:Client failure java.net.SocketException: Socket closed
06-28 10:27:02.679 3167 21201 W hpplay-java: [AsyncTask #166]:IM_AbstractBlockingClient:restart sRetryCount 2
06-28 10:27:02.679 3167 21201 W hpplay-java: [AsyncTask #166]:IM_AbstractBlockingClient:restart sleep interrupt
06-28 10:27:02.679 3167 21201 I hpplay-java: [AsyncTask #166]:IM_AbstractBlockingClient:restart
06-28 10:27:02.679 3167 21201 I hpplay-java: [AsyncTask #166]:IM_AbstractBlockingClient:stopHeartBeat null
06-28 10:27:02.679 3167 3167 W hpplay-java: [main]:IM_PublicCastClient:connect BSSID:02%3A00%3A00%3A00%3A00%3A00 / 02:00:00:00:00:00
06-28 10:27:02.680 3167 3167 I hpplay-java: [main]:IPManager:getActiveNets type: WIFI
06-28 10:27:02.680 3167 3167 I hpplay-java: [main]:IPManager:getActiveNets eth0:false wifi:true mobile:false ap:false
06-28 10:27:02.680 3167 3167 I hpplay-java: [main]:IPManager:getIPAddress IP_WLAN0
06-28 10:27:02.680 3167 3167 I hpplay-java: [main]:Feature:isPlayListEnable :true
06-28 10:27:02.680 3167 3167 I hpplay-java: [main]:IM_PublicCastClient:connect capbilityBean.fe:11011100
06-28 10:27:02.680 3167 3167 I hpplay-java: [main]:IM_PublicCastClient:++++++++upload cloud mirror support
06-28 10:27:02.680 3167 3167 W hpplay-java: [main]:Feature:isSupportWr wr is delete when build
06-28 10:27:02.680 3167 3167 I hpplay-java: [main]:IM_IMEntrance:connect imUrl: http://120.78.222.48 uid: 10000222996011
06-28 10:27:02.680 3167 3167 I hpplay-java: [main]:AuthSDK:checkAuthToken lastAuthTime:468866,authValidateHour:12,currentTime:468866,interval:0
06-28 10:27:02.727 3167 20318 I hpplay-java: [AsyncTask #153]:IM_AbstractBlockingClient:run socket:Socket[address=/120.78.222.48,port=8080,localPort=46012]
06-28 10:27:02.728 3167 20318 I hpplay-java: [AsyncTask #153]:IM_PublicCastClient:onConnectSuccess
06-28 10:27:02.768 1603 1889 D PowerManagerService: userActivityNoUpdateLocked: groupId=0, eventTime=1097351, event=2, flags=0x0, uid=1000
06-28 10:27:02.768 1603 1889 D PowerManagerNotifier: onUserActivity: event=2, uid=1000
06-28 10:27:02.769 1603 1889 D PowerManagerService: updateUserActivitySummaryLocked: groupId=0, mWakefulness=Awake, mUserActivitySummary=0x1, nextTimeout=1157351 (in 59999 ms)
06-28 10:27:02.769 1603 1889 D PowerManagerNotifier: onScreenPolicyUpdate: newPolicy=3
06-28 10:27:02.769 1603 1889 D PowerManagerService: updateDisplayPowerStateLocked: displayReady=true, groupId=0, policy=BRIGHT, mWakefulness=Awake, mWakeLockSummary=0x23, mUserActivitySummary=0x1, mBootCompleted=true, screenBrightnessOverride=NaN, useAutoBrightness=false, mScreenBrightnessBoostInProgress=false, mIsVrModeEnabled= false, sQuiescent=false
06-28 10:27:02.778 3167 20318 I hpplay-java: [AsyncTask #153]:IM_PublicCastClient:onAuthCallback
06-28 10:27:02.778 3167 20318 I hpplay-java: [AsyncTask #153]:IM_PublicCastClient:authResult,code: 0
06-28 10:27:02.778 3167 20318 I hpplay-java: [AsyncTask #153]:IM_AbstractBlockingClient:stopHeartBeat null
06-28 10:27:02.778 3167 20318 I hpplay-java: [AsyncTask #153]:IM_AbstractBlockingClient:heartBeat after 50000
06-28 10:27:02.842 1603 1878 I commit_sys_config_file: [settings-1-0,1]
06-28 10:27:02.860 1603 1931 D PowerManagerService: acquireWakeLockInternal: lock=226248492, flags=0x1, tag="NetworkStats", ws=null, uid=1000, pid=1603
06-28 10:27:02.860 1603 1931 D PowerManagerService: updateWakeLockSummaryLocked: mWakefulness=Awake, mWakeLockSummary=0x23
06-28 10:27:02.860 1603 1931 D PowerManagerService: updateUserActivitySummaryLocked: groupId=0, mWakefulness=Awake, mUserActivitySummary=0x1, nextTimeout=1157351 (in 59908 ms)
06-28 10:27:02.860 1603 1931 D PowerManagerNotifier: onScreenPolicyUpdate: newPolicy=3
06-28 10:27:02.860 1603 1931 D PowerManagerService: updateDisplayPowerStateLocked: displayReady=true, groupId=0, policy=BRIGHT, mWakefulness=Awake, mWakeLockSummary=0x23, mUserActivitySummary=0x1, mBootCompleted=true, screenBrightnessOverride=NaN, useAutoBrightness=false, mScreenBrightnessBoostInProgress=false, mIsVrModeEnabled= false, sQuiescent=false
06-28 10:27:02.860 1603 1931 D PowerManagerNotifier: onWakeLockAcquired: flags=1, tag="NetworkStats", packageName=android, ownerUid=1000, ownerPid=1603, workSource=null
06-28 10:27:02.861 1603 1931 W BestClock: java.time.DateTimeException: Missing NTP fix
06-28 10:27:02.863 1603 1931 W BestClock: java.time.DateTimeException: Missing NTP fix
06-28 10:27:02.863 1603 1931 I netstats_mobile_sample: [0,0,0,0,0,0,0,0,0,0,0,0,1687919222863]
06-28 10:27:02.863 1603 1931 I netstats_wifi_sample: [272348194,244897,30283991,152507,272348194,244897,30283991,152507,293466922,282548,24017139,139611,1687919222863]
06-28 10:27:02.863 1603 1931 D PowerManagerService: releaseWakeLockInternal: lock=226248492 [NetworkStats], flags=0x0
06-28 10:27:02.863 1603 1931 D PowerManagerNotifier: onWakeLockReleased: flags=1, tag="NetworkStats", packageName=android, ownerUid=1000, ownerPid=1603, workSource=null
06-28 10:27:02.863 1603 1931 D PowerManagerService: updateWakeLockSummaryLocked: mWakefulness=Awake, mWakeLockSummary=0x23
06-28 10:27:02.863 1603 1931 D PowerManagerService: updateUserActivitySummaryLocked: groupId=0, mWakefulness=Awake, mUserActivitySummary=0x1, nextTimeout=1157351 (in 59904 ms)
06-28 10:27:02.863 1603 1931 D PowerManagerNotifier: onScreenPolicyUpdate: newPolicy=3
06-28 10:27:02.863 1603 1931 D PowerManagerService: updateDisplayPowerStateLocked: displayReady=true, groupId=0, policy=BRIGHT, mWakefulness=Awake, mWakeLockSummary=0x23, mUserActivitySummary=0x1, mBootCompleted=true, screenBrightnessOverride=NaN, useAutoBrightness=false, mScreenBrightnessBoostInProgress=false, mIsVrModeEnabled= false, sQuiescent=false
06-28 10:27:02.864 1603 1932 W BestClock: java.time.DateTimeException: Missing NTP fix
06-28 10:27:02.864 1603 1932 W BestClock: java.time.DateTimeException: Missing NTP fix
06-28 10:27:02.868 1603 1889 D PowerManagerService: userActivityNoUpdateLocked: groupId=0, eventTime=1097452, event=2, flags=0x0, uid=1000
06-28 10:27:02.869 1603 1889 D PowerManagerNotifier: onUserActivity: event=2, uid=1000
06-28 10:27:02.869 1603 1889 D PowerManagerService: updateUserActivitySummaryLocked: groupId=0, mWakefulness=Awake, mUserActivitySummary=0x1, nextTimeout=1157452 (in 60000 ms)
06-28 10:27:02.869 1603 1889 D PowerManagerNotifier: onScreenPolicyUpdate: newPolicy=3
06-28 10:27:02.869 1603 1889 D PowerManagerService: updateDisplayPowerStateLocked: displayReady=true, groupId=0, policy=BRIGHT, mWakefulness=Awake, mWakeLockSummary=0x23, mUserActivitySummary=0x1, mBootCompleted=true, screenBrightnessOverride=NaN, useAutoBrightness=false, mScreenBrightnessBoostInProgress=false, mIsVrModeEnabled= false, sQuiescent=false
06-28 10:27:02.865 24965 24965 I auditd : type=1400 audit(0.0:13458): avc: denied { search } for comm="Thread-585" name="input" dev="tmpfs" ino=13367 scontext=u:r:untrusted_app_29:s0:c104,c256,c512,c768 tcontext=u:object_r:input_device:s0 tclass=dir permissive=0 app=com.ss.android.ugc.aweme
06-28 10:27:02.865 24965 24965 W Thread-585: type=1400 audit(0.0:13458): avc: denied { search } for name="input" dev="tmpfs" ino=13367 scontext=u:r:untrusted_app_29:s0:c104,c256,c512,c768 tcontext=u:object_r:input_device:s0 tclass=dir permissive=0 app=com.ss.android.ugc.aweme
06-28 10:27:02.877 24965 24965 I auditd : type=1400 audit(0.0:13459): avc: granted { execute } for comm="#tp-default-471" path="/data/user/0/com.ss.android.ugc.aweme/files/plugins/m.l.c.p/version-254090120/lib/libcommand-patterns.so" dev="dm-21" ino=315274 scontext=u:r:untrusted_app_29:s0:c104,c256,c512,c768 tcontext=u:object_r:app_data_file:s0:c104,c256,c512,c768 tclass=file app=com.ss.android.ugc.aweme
06-28 10:27:02.877 24965 24965 W #tp-default-471: type=1400 audit(0.0:13459): avc: granted { execute } for path="/data/user/0/com.ss.android.ugc.aweme/files/plugins/m.l.c.p/version-254090120/lib/libcommand-patterns.so" dev="dm-21" ino=315274 scontext=u:r:untrusted_app_29:s0:c104,c256,c512,c768 tcontext=u:object_r:app_data_file:s0:c104,c256,c512,c768 tclass=file app=com.ss.android.ugc.aweme
06-28 10:27:02.894 24677 24844 W .ugc.aweme.lit: Unable to resolve Lcom/bytedance/android/livesdk/config/LiveFeatureConfig; annotation class 15046
06-28 10:27:02.897 24677 24843 W .ugc.aweme.lit: Unable to resolve Lcom/bytedance/android/livesdk/config/x32_cnv; annotation class 15046
06-28 10:27:02.905 25293 25293 I auditd : type=1400 audit(0.0:13460): avc: granted { bind } for comm="ip" scontext=u:r:untrusted_app_29:s0:c104,c256,c512,c768 tcontext=u:r:untrusted_app_29:s0:c104,c256,c512,c768 tclass=netlink_route_socket app=com.ss.android.ugc.aweme
06-28 10:27:02.905 25293 25293 W ip : type=1400 audit(0.0:13460): avc: granted { bind } for scontext=u:r:untrusted_app_29:s0:c104,c256,c512,c768 tcontext=u:r:untrusted_app_29:s0:c104,c256,c512,c768 tclass=netlink_route_socket app=com.ss.android.ugc.aweme
06-28 10:27:02.913 25296 25296 I auditd : type=1400 audit(0.0:13461): avc: granted { bind } for comm="ip" scontext=u:r:untrusted_app_29:s0:c104,c256,c512,c768 tcontext=u:r:untrusted_app_29:s0:c104,c256,c512,c768 tclass=netlink_route_socket
06-28 10:27:02.913 25296 25296 W ip : type=1400 audit(0.0:13461): avc: granted { bind } for scontext=u:r:untrusted_app_29:s0:c104,c256,c512,c768 tcontext=u:r:untrusted_app_29:s0:c104,c256,c512,c768 tclass=netlink_route_socket
06-28 10:27:02.913 25296 25296 I auditd : type=1400 audit(0.0:13462): avc: granted { nlmsg_readpriv } for comm="ip" scontext=u:r:untrusted_app_29:s0:c104,c256,c512,c768 tcontext=u:r:untrusted_app_29:s0:c104,c256,c512,c768 tclass=netlink_route_socket
06-28 10:27:02.913 25296 25296 W ip : type=1400 audit(0.0:13462): avc: granted { nlmsg_readpriv } for scontext=u:r:untrusted_app_29:s0:c104,c256,c512,c768 tcontext=u:r:untrusted_app_29:s0:c104,c256,c512,c768 tclass=netlink_route_socket
06-28 10:27:02.922 24677 24844 W .ugc.aweme.lit: Unable to resolve Lcom/bytedance/android/livesdk/config/ai/LivePostClientSequenceConfig; annotation class 15046
06-28 10:27:02.927 24677 24853 W .ugc.aweme.lit: Unable to resolve Lcom/bytedance/android/live/impl/utils/json/JsonItemHelper$WatchLiveDateItem; annotation class 13151
06-28 10:27:02.928 24677 24844 W .ugc.aweme.lit: Unable to resolve Lcom/bytedance/android/livesdk/config/ai/x32_a; annotation class 15046
06-28 10:27:02.938 24677 24844 W .ugc.aweme.lit: Unable to resolve Lcom/bytedance/android/livesdk/config/ai/x32_h; annotation class 15046
06-28 10:27:02.953 24677 24844 W .ugc.aweme.lit: Unable to resolve Lcom/bytedance/android/livesdk/config/ai/LiveAiAsrConfig; annotation class 15046
06-28 10:27:02.960 24965 24973 E gcblocker: gc block end, 1097543,0
06-28 10:27:02.966 24677 24844 W .ugc.aweme.lit: Unable to resolve Lcom/bytedance/android/livesdk/config/ai/x32_c; annotation class 15046
06-28 10:27:02.970 1603 1889 D PowerManagerService: userActivityNoUpdateLocked: groupId=0, eventTime=1097552, event=2, flags=0x0, uid=1000
06-28 10:27:02.971 1603 1889 D PowerManagerNotifier: onUserActivity: event=2, uid=1000
06-28 10:27:02.971 1603 1889 D PowerManagerService: updateUserActivitySummaryLocked: groupId=0, mWakefulness=Awake, mUserActivitySummary=0x1, nextTimeout=1157552 (in 59998 ms)
06-28 10:27:02.971 1603 1889 D PowerManagerNotifier: onScreenPolicyUpdate: newPolicy=3
06-28 10:27:02.971 1603 1889 D PowerManagerService: updateDisplayPowerStateLocked: displayReady=true, groupId=0, policy=BRIGHT, mWakefulness=Awake, mWakeLockSummary=0x23, mUserActivitySummary=0x1, mBootCompleted=true, screenBrightnessOverride=NaN, useAutoBrightness=false, mScreenBrightnessBoostInProgress=false, mIsVrModeEnabled= false, sQuiescent=false
06-28 10:27:02.977 25301 25301 D ProcessState: Binder ioctl to enable oneway spam detection failed: Invalid argument
06-28 10:27:02.980 0 0 I [ 1097.560579] binder: 25301:25301 ioctl 40046210 7fc6791454 returned -22
06-28 10:27:03.007 680 694 I mpu_uart: [MSG-P:RECV]:No message received in 1000 ms
06-28 10:27:03.023 2605 2605 D NoButtonQuickSwitchTouchController: onMotionPauseDetected:
06-28 10:27:03.025 1603 25307 D PowerManagerService: acquireWakeLockInternal: lock=64655247, flags=0x1, tag="*vibrator*", ws=WorkSource{10075}, uid=1000, pid=1603
06-28 10:27:03.025 1603 25307 D PowerManagerService: updateWakeLockSummaryLocked: mWakefulness=Awake, mWakeLockSummary=0x23
06-28 10:27:03.025 1603 25307 D PowerManagerService: updateUserActivitySummaryLocked: groupId=0, mWakefulness=Awake, mUserActivitySummary=0x1, nextTimeout=1157552 (in 59943 ms)
06-28 10:27:03.025 1603 25307 D PowerManagerNotifier: onScreenPolicyUpdate: newPolicy=3
06-28 10:27:03.025 1603 25307 D PowerManagerService: updateDisplayPowerStateLocked: displayReady=true, groupId=0, policy=BRIGHT, mWakefulness=Awake, mWakeLockSummary=0x23, mUserActivitySummary=0x1, mBootCompleted=true, screenBrightnessOverride=NaN, useAutoBrightness=false, mScreenBrightnessBoostInProgress=false, mIsVrModeEnabled= false, sQuiescent=false
06-28 10:27:03.025 1603 25307 D PowerManagerNotifier: onWakeLockAcquired: flags=1, tag="*vibrator*", packageName=android, ownerUid=1000, ownerPid=1603, workSource=WorkSource{10075}
06-28 10:27:03.025 899 899 D vendor.qti.vibrator: Vibrator perform effect 0
06-28 10:27:03.026 899 899 D vendor.qti.vibrator: Vibrator on for timeoutMs: 10
06-28 10:27:03.026 899 25308 D vendor.qti.vibrator: Starting on on another thread
06-28 10:27:03.036 899 25308 D vendor.qti.vibrator: Notifying on complete
06-28 10:27:03.036 899 899 D vendor.qti.vibrator: QTI Vibrator off
06-28 10:27:03.047 24965 25063 W Settings: Setting development_settings_enabled has moved from android.provider.Settings.Secure to android.provider.Settings.Global.
06-28 10:27:03.048 24965 25063 W Settings: Setting adb_enabled has moved from android.provider.Settings.Secure to android.provider.Settings.Global.
06-28 10:27:03.055 899 899 D vendor.qti.vibrator: Vibrator on for timeoutMs: 30
06-28 10:27:03.056 899 25311 D vendor.qti.vibrator: Starting on on another thread
06-28 10:27:03.063 25312 25312 D ProcessState: Binder ioctl to enable oneway spam detection failed: Invalid argument
06-28 10:27:03.065 0 0 I [ 1097.647015] binder: 25312:25312 ioctl 40046210 7fddcf80f4 returned -22
06-28 10:27:03.074 0 0 W [ 1097.657797] audit: audit_lost=12409 audit_rate_limit=5 audit_backlog_limit=64
06-28 10:27:03.074 0 0 E [ 1097.657799] audit: rate limit exceeded
06-28 10:27:03.079 1603 1889 D PowerManagerService: userActivityNoUpdateLocked: groupId=0, eventTime=1097662, event=2, flags=0x0, uid=1000
06-28 10:27:03.079 1603 1889 D PowerManagerNotifier: onUserActivity: event=2, uid=1000
06-28 10:27:03.079 1603 1889 D PowerManagerService: updateUserActivitySummaryLocked: groupId=0, mWakefulness=Awake, mUserActivitySummary=0x1, nextTimeout=1157662 (in 59999 ms)
06-28 10:27:03.079 1603 1889 D PowerManagerNotifier: onScreenPolicyUpdate: newPolicy=3
06-28 10:27:03.080 1603 1889 D PowerManagerService: updateDisplayPowerStateLocked: displayReady=true, groupId=0, policy=BRIGHT, mWakefulness=Awake, mWakeLockSummary=0x23, mUserActivitySummary=0x1, mBootCompleted=true, screenBrightnessOverride=NaN, useAutoBrightness=false, mScreenBrightnessBoostInProgress=false, mIsVrModeEnabled= false, sQuiescent=false
06-28 10:27:03.086 899 25311 D vendor.qti.vibrator: Notifying on complete
06-28 10:27:03.090 899 899 D vendor.qti.vibrator: QTI Vibrator off
06-28 10:27:03.090 1603 25307 D PowerManagerService: releaseWakeLockInternal: lock=64655247 [*vibrator*], flags=0x0
06-28 10:27:03.090 1603 25307 D PowerManagerNotifier: onWakeLockReleased: flags=1, tag="*vibrator*", packageName=android, ownerUid=1000, ownerPid=1603, workSource=WorkSource{10075}
06-28 10:27:03.090 1603 25307 D PowerManagerService: updateWakeLockSummaryLocked: mWakefulness=Awake, mWakeLockSummary=0x23
06-28 10:27:03.090 1603 25307 D PowerManagerService: updateUserActivitySummaryLocked: groupId=0, mWakefulness=Awake, mUserActivitySummary=0x1, nextTimeout=1157662 (in 59989 ms)
06-28 10:27:03.090 1603 25307 D PowerManagerNotifier: onScreenPolicyUpdate: newPolicy=3
06-28 10:27:03.090 1603 25307 D PowerManagerService: updateDisplayPowerStateLocked: displayReady=true, groupId=0, policy=BRIGHT, mWakefulness=Awake, mWakeLockSummary=0x23, mUserActivitySummary=0x1, mBootCompleted=true, screenBrightnessOverride=NaN, useAutoBrightness=false, mScreenBrightnessBoostInProgress=false, mIsVrModeEnabled= false, sQuiescent=false
06-28 10:27:03.091 24965 25039 I KEVA.NATIVE: byte array do not exist
06-28 10:27:03.117 24965 24973 E jato : free another 6152192
06-28 10:27:03.128 24965 24973 I droid.ugc.awem: Background young concurrent copying GC freed 2033467(99MB) AllocSpace objects, 483(6008KB) LOS objects, 58% free, 34MB/82MB, paused 118us,105us total 168.280ms
06-28 10:27:03.142 24965 24975 W System : A resource failed to call close.
06-28 10:27:03.144 24965 24975 W System : A resource failed to call close.
06-28 10:27:03.144 24965 24975 W System : A resource failed to call close.
06-28 10:27:03.144 24965 24975 W System : A resource failed to call close.
06-28 10:27:03.145 24965 24975 W System : A resource failed to call close.
06-28 10:27:03.145 24965 24975 W System : A resource failed to call close.
06-28 10:27:03.145 24965 25320 W AudioManager: Use of stream types is deprecated for operations other than volume control
06-28 10:27:03.145 24965 25320 W AudioManager: See the documentation of requestAudioFocus() for what to use instead with android.media.AudioAttributes to qualify your playback use case
06-28 10:27:03.149 1603 14105 I MediaFocusControl: requestAudioFocus() from uid/pid 10104/24965 AA=USAGE_MEDIA/CONTENT_TYPE_MUSIC clientId=android.media.AudioManager@c450e08X.A5s@5dd99a1 callingPack=com.ss.android.ugc.aweme req=1 flags=0x0 sdk=29
06-28 10:27:03.149 1603 14105 I AudioService.FadeOutManager: unfadeOutUid() uid:10104
06-28 10:27:03.154 24965 25146 D ttmverify: <0x0,custom_verify.c,JNI_OnLoad,55>-----compiled native library Apr 24 2023 09:14:28-----
06-28 10:27:03.154 24965 25146 D ttmverify: <0x0,custom_verify.c,JNI_OnLoad,63>register verify call start
06-28 10:27:03.154 24965 25146 D ttmverify: <0x0,custom_verify.c,JNI_OnLoad,67>register verify call end
06-28 10:27:03.154 24965 25146 D ttmverify: <0x0,custom_verify.c,JNI_OnLoad,70> JNI_OnLoad (result=65540)
06-28 10:27:03.159 24965 25146 W ttmn : <789f9c9060,tt_global_config.cpp,setIntValue,136>playerConfig sGlobalMute:0
06-28 10:27:03.160 24965 25322 W ttmn : <7ad791eb10,av_base_thread.cpp,run,437>Looper-V0:thread to stop.mState:1431655768
06-28 10:27:03.160 24965 25146 W ttmp : set_logger_level:1
06-28 10:27:03.161 24965 25146 W ttmn : <7ab78ddef0,av_player_holder.cpp,setMediaId,361>media id : 7244102189327682871, player: 0x7b77964a00
06-28 10:27:03.162 24965 25146 D VCStrategy: [center][event] on event, id = 952630164855037T1687919223159T7674, key = 3007, value = 1, info = , jsonLog = null
06-28 10:27:03.162 24965 25146 D VCStrategy: [center][event] on event, id = 952630164855037T1687919223159T7674, key = 3009, value = 0, info = , jsonLog = null
06-28 10:27:03.162 24965 25146 D VCStrategy: [center][event] on event, id = 952630164855037T1687919223159T7674, key = 3010, value = 0, info = , jsonLog = null
06-28 10:27:03.162 24965 25160 D VCStrategy: [center][event] on event, mediaId = , key = 2019, value = 1, info =
06-28 10:27:03.164 24965 25146 W ttmn : <7ab78ddef0,av_player_holder.cpp,sendEvent,413>event is: 1
06-28 10:27:03.165 24965 25146 D VCStrategy: [center][event] on event, id = 952630164855037T1687919223159T7674, key = 3005, value = 102, info = , jsonLog = null
06-28 10:27:03.165 24965 25160 D VCStrategy: [center][event] on event, mediaId = 7244102189327682871, key = 2000, value = 100, info = -1
06-28 10:27:03.165 24965 25322 W ttmn : <7b77964a00,tt_player.cpp,prepare,335>global codec recycle enable: 2
06-28 10:27:03.165 24965 25322 W ttmn : <7aa78f3190,av_sort_queue.h,enableFixSort,17>AVSortQueue::enableFixSort:0
06-28 10:27:03.166 24965 25323 W ttmn : <7ad7920710,av_base_thread.cpp,run,437>Reader-V0:thread to stop.mState:1431655768
06-28 10:27:03.166 24965 25324 W ttmn : <7ad7920e10,av_base_thread.cpp,run,437>Player-V0:thread to stop.mState:1431655768
06-28 10:27:03.177 24965 25323 W ttmn : <7ab78ddef0,av_player_holder.cpp,setFormat,380>format name : mp4
06-28 10:27:03.177 24965 25323 W ttmn : <7ab78ddef0,av_player_holder.cpp,sendEvent,413>event is: 1001
06-28 10:27:03.177 24965 25327 W ttmn : <7ad78e2a50,av_base_thread.cpp,run,437>VDecode-V0:thread to stop.mState:1431655768
06-28 10:27:03.178 24965 25328 W ttmn : <7ad78df410,av_base_thread.cpp,run,437>ADecode-V0:thread to stop.mState:1431655768
06-28 10:27:03.178 24965 25327 W ttmn : <7ab78ddef0,av_player_holder.cpp,sendEvent,413>event is: 14
06-28 10:27:03.178 24965 25328 W ttmn : <7b07a2b310,ff_acodecer.cpp,open,81>support xheaac: 0, decodec all AAC through FDKAAC: 0
06-28 10:27:03.178 24965 25329 W ttmn : <7ad78e1390,av_base_thread.cpp,run,437>AGraph-V0:thread to stop.mState:1431655768
06-28 10:27:03.178 24965 25330 W ttmn : <7ad78da550,av_base_thread.cpp,run,437>VOutlet-V0:thread to stop.mState:1431655768
