06-28 10:19:22.401 4423 4423 I auditd : type=1400 audit(0.0:12065): avc: granted { execute } for comm="#tp-default-46" path="/data/user/0/com.ss.android.ugc.aweme.lite/files/plugins/com.ss.android.ugc.aweme.vmsdk_plugin/version-258090010/lib/libnapi_v8.so" dev="dm-21" ino=336498 scontext=u:r:untrusted_app_29:s0:c113,c256,c512,c768 tcontext=u:object_r:app_data_file:s0:c113,c256,c512,c768 tclass=file app=com.ss.android.ugc.aweme.lite
06-28 10:19:22.456 1603 11911 I am_kill : [0,4423,com.ss.android.ugc.aweme.lite,905,empty #2]
06-28 10:19:22.460 1603 11911 I am_kill : [0,4124,com.ss.android.ugc.aweme:push,905,empty #3]
06-28 10:19:22.462 1603 11911 I am_kill : [0,4167,com.ss.android.ugc.aweme:pushservice,905,empty #4]
06-28 10:19:22.737 1603 11911 I am_proc_died: [0,4124,com.ss.android.ugc.aweme:push,905,19]
06-28 10:19:22.740 1603 11911 I am_schedule_service_restart: [0,com.ss.android.ugc.aweme/com.bytedance.common.process.service.CrossProcessServiceForPush,1000]
06-28 10:19:22.775 1603 12364 I am_proc_died: [0,4423,com.ss.android.ugc.aweme.lite,905,19]
06-28 10:19:22.776 1603 12364 I am_uid_stopped: 10113
06-28 10:19:22.847 1603 3427 I am_proc_died: [0,4167,com.ss.android.ugc.aweme:pushservice,905,19]
06-28 10:19:23.766 1603 1722 I am_proc_start: [0,4990,10104,com.ss.android.ugc.aweme:push,service,{com.ss.android.ugc.aweme/com.bytedance.common.process.service.CrossProcessServiceForPush}]
06-28 10:19:23.803 1603 3427 I am_proc_bound: [0,4990,com.ss.android.ugc.aweme:push]
06-28 10:19:24.416 1603 3427 I am_kill : [0,4990,com.ss.android.ugc.aweme:push,905,empty #2]
06-28 10:19:24.484 1603 3427 I am_proc_died: [0,4990,com.ss.android.ugc.aweme:push,905,19]
06-28 10:19:24.488 1603 3427 I am_schedule_service_restart: [0,com.ss.android.ugc.aweme/com.bytedance.common.process.service.CrossProcessServiceForPush,4000]
06-28 10:19:27.309 1603 3427 I wm_task_created: [24851,-1]
06-28 10:19:27.314 1603 3427 I wm_task_moved: [24851,1,6]
06-28 10:19:27.314 1603 3427 I wm_task_to_front: [0,24851]
06-28 10:19:27.314 1603 3427 I wm_create_task: [0,24851]
06-28 10:19:27.314 1603 3427 I wm_create_activity: [0,188845085,24851,com.ss.android.ugc.aweme/.splash.SplashActivity,android.intent.action.MAIN,NULL,NULL,270532608]
06-28 10:19:27.314 1603 3427 I wm_task_moved: [24851,1,6]
06-28 10:19:27.317 1603 3427 I wm_restart_activity: [0,188845085,24851,com.ss.android.ugc.aweme/.splash.SplashActivity]
06-28 10:19:27.317 1603 3427 I wm_set_resumed_activity: [0,com.ss.android.ugc.aweme/.splash.SplashActivity,minimalResumeActivityLocked]
06-28 10:19:27.328 1603 1709 I am_uid_active: 10104
06-28 10:19:27.329 2605 2605 I wm_on_top_resumed_lost_called: [263032627,com.android.launcher3.uioverrides.QuickstepLauncher,topStateChangedWhenResumed]
06-28 10:19:27.393 4415 4415 I wm_on_create_called: [188845085,com.ss.android.ugc.aweme.splash.SplashActivity,performCreate]
06-28 10:19:27.411 4415 4415 I wm_on_start_called: [188845085,com.ss.android.ugc.aweme.splash.SplashActivity,handleStartActivity]
06-28 10:19:27.423 4415 4415 I wm_on_resume_called: [188845085,com.ss.android.ugc.aweme.splash.SplashActivity,RESUME_ACTIVITY]
06-28 10:19:27.556 1603 1711 I input_focus: [Focus request eb49554 com.ss.android.ugc.aweme/com.ss.android.ugc.aweme.splash.SplashActivity,reason=UpdateInputWindows]
06-28 10:19:27.579 1603 1889 I input_focus: [Focus leaving 3675f2c com.android.launcher3/com.android.launcher3.uioverrides.QuickstepLauncher (server),reason=Waiting for window because NOT_VISIBLE]
06-28 10:19:27.587 4415 4415 I wm_on_top_resumed_gained_called: [188845085,com.ss.android.ugc.aweme.splash.SplashActivity,topStateChangedWhenResumed]
06-28 10:19:27.593 1603 1706 I sysui_multi_action: [319,284,322,283,325,641,757,761,758,8,759,2,806,com.ss.android.ugc.aweme,871,com.ss.android.ugc.aweme.splash.SplashActivity,904,com.android.launcher3,905,0,1320,8,1321,5]
06-28 10:19:27.593 1603 1706 I wm_activity_launch_time: [0,188845085,com.ss.android.ugc.aweme/.splash.SplashActivity,283]
06-28 10:19:27.596 1603 1889 I input_focus: [Focus entering eb49554 com.ss.android.ugc.aweme/com.ss.android.ugc.aweme.splash.SplashActivity (server),reason=Window became focusable. Previous reason: NOT_VISIBLE]
06-28 10:19:28.208 534 534 I auditd : avc: denied { find } for pid=5385 uid=10104 name=window scontext=u:r:untrusted_app_29:s0:c104,c256,c512,c768 tcontext=u:object_r:window_service:s0 tclass=service_manager permissive=0
06-28 10:19:28.229 4415 4415 I auditd : type=1400 audit(0.0:12071): avc: granted { nlmsg_readpriv } for comm="Thread-708" scontext=u:r:untrusted_app_29:s0:c104,c256,c512,c768 tcontext=u:r:untrusted_app_29:s0:c104,c256,c512,c768 tclass=netlink_route_socket app=com.ss.android.ugc.aweme
06-28 10:19:28.229 4415 4415 I auditd : type=1400 audit(0.0:12072): avc: granted { nlmsg_readpriv } for comm="Thread-708" scontext=u:r:untrusted_app_29:s0:c104,c256,c512,c768 tcontext=u:r:untrusted_app_29:s0:c104,c256,c512,c768 tclass=netlink_route_socket app=com.ss.android.ugc.aweme
06-28 10:19:28.244 534 534 I auditd : avc: denied { find } for pid=5397 uid=10104 name=window scontext=u:r:untrusted_app_29:s0:c104,c256,c512,c768 tcontext=u:object_r:window_service:s0 tclass=service_manager permissive=0
06-28 10:19:28.249 5401 5401 I auditd : type=1400 audit(0.0:12073): avc: denied { read } for comm="ps" name="pid_max" dev="proc" ino=467008 scontext=u:r:untrusted_app_29:s0:c104,c256,c512,c768 tcontext=u:object_r:proc_pid_max:s0 tclass=file permissive=0 app=com.ss.android.ugc.aweme
06-28 10:19:28.257 5406 5406 I auditd : type=1400 audit(0.0:12074): avc: denied { read } for comm="ps" name="pid_max" dev="proc" ino=467008 scontext=u:r:untrusted_app_29:s0:c104,c256,c512,c768 tcontext=u:object_r:proc_pid_max:s0 tclass=file permissive=0 app=com.ss.android.ugc.aweme
06-28 10:19:28.261 4415 4415 I auditd : type=1400 audit(0.0:12075): avc: denied { read } for comm="Thread-708" name="u:object_r:oem_unlock_prop:s0" dev="tmpfs" ino=12593 scontext=u:r:untrusted_app_29:s0:c104,c256,c512,c768 tcontext=u:object_r:oem_unlock_prop:s0 tclass=file permissive=0 app=com.ss.android.ugc.aweme
06-28 10:19:28.493 1603 1722 I am_proc_start: [0,5422,10104,com.ss.android.ugc.aweme:push,service,{com.ss.android.ugc.aweme/com.bytedance.common.process.service.CrossProcessServiceForPush}]
06-28 10:19:28.501 1603 2536 I am_proc_bound: [0,5422,com.ss.android.ugc.aweme:push]
06-28 10:19:29.542 1603 1711 I input_focus: [Focus request 40edbb3 com.ss.android.ugc.aweme/com.ss.android.ugc.aweme.splash.SplashActivity,reason=UpdateInputWindows]
06-28 10:19:29.553 1603 1889 I input_focus: [Focus leaving eb49554 com.ss.android.ugc.aweme/com.ss.android.ugc.aweme.splash.SplashActivity (server),reason=Waiting for window because NOT_VISIBLE]
06-28 10:19:29.557 4415 4415 I auditd : type=1400 audit(0.0:12083): avc: denied { read } for comm="Thread-708" name="u:object_r:oem_unlock_prop:s0" dev="tmpfs" ino=12593 scontext=u:r:untrusted_app_29:s0:c104,c256,c512,c768 tcontext=u:object_r:oem_unlock_prop:s0 tclass=file permissive=0 app=com.ss.android.ugc.aweme
06-28 10:19:29.570 1603 1889 I input_focus: [Focus entering 40edbb3 com.ss.android.ugc.aweme/com.ss.android.ugc.aweme.splash.SplashActivity (server),reason=Window became focusable. Previous reason: NOT_VISIBLE]
06-28 10:19:29.573 4415 4415 I auditd : type=1400 audit(0.0:12084): avc: denied { search } for comm="Thread-708" name="input" dev="tmpfs" ino=13367 scontext=u:r:untrusted_app_29:s0:c104,c256,c512,c768 tcontext=u:object_r:input_device:s0 tclass=dir permissive=0 app=com.ss.android.ugc.aweme
06-28 10:19:29.581 5725 5725 I auditd : type=1400 audit(0.0:12085): avc: granted { bind } for comm="ip" scontext=u:r:untrusted_app_29:s0:c104,c256,c512,c768 tcontext=u:r:untrusted_app_29:s0:c104,c256,c512,c768 tclass=netlink_route_socket
06-28 10:19:29.589 5726 5726 I auditd : type=1400 audit(0.0:12086): avc: granted { bind } for comm="ip" scontext=u:r:untrusted_app_29:s0:c104,c256,c512,c768 tcontext=u:r:untrusted_app_29:s0:c104,c256,c512,c768 tclass=netlink_route_socket app=com.ss.android.ugc.aweme
06-28 10:19:29.589 5726 5726 I auditd : type=1400 audit(0.0:12087): avc: granted { nlmsg_readpriv } for comm="ip" scontext=u:r:untrusted_app_29:s0:c104,c256,c512,c768 tcontext=u:r:untrusted_app_29:s0:c104,c256,c512,c768 tclass=netlink_route_socket app=com.ss.android.ugc.aweme
06-28 10:19:29.626 4415 4647 I liblog : 638
06-28 10:19:29.626 4415 4647 I liblog : 1
06-28 10:19:29.966 2605 2605 I view_enqueue_input_event: [Motion - Cancel,com.android.launcher3/com.android.launcher3.uioverrides.QuickstepLauncher]
06-28 10:19:29.969 1603 1889 I input_interaction: Interaction with: edge-swipe (server), swipe-up (server), PointerEventDispatcher0 (server),
06-28 10:19:30.092 1603 1931 I netstats_mobile_sample: [0,0,0,0,0,0,0,0,0,0,0,0,1687918770092]
06-28 10:19:30.092 1603 1931 I netstats_wifi_sample: [254566467,208022,18567869,109855,254566467,208022,18567869,109855,266190415,227711,15369790,103314,1687918770092]
06-28 10:19:30.145 1603 1878 I commit_sys_config_file: [settings-1-0,10]
06-28 10:19:30.587 1603 1878 I commit_sys_config_file: [settings-1-0,4]
06-28 10:19:30.868 1603 1720 I sysui_multi_action: [757,1717,758,1,759,0]
06-28 10:19:30.869 1603 1720 I sysui_multi_action: [757,1717,758,2,759,0]
06-28 10:19:30.870 1603 1720 I sysui_multi_action: [757,1717,758,3,759,0]
06-28 10:19:31.396 1603 1889 I input_interaction: Interaction with: 3675f2c com.android.launcher3/com.android.launcher3.uioverrides.QuickstepLauncher (server), 287fe67 com.android.systemui.ImageWallpaper (server), edge-swipe (server), swipe-up (server), PointerEventDispatcher0 (server),
06-28 10:19:31.464 1603 1889 I input_interaction: Interaction with: edge-swipe (server), swipe-up (server), PointerEventDispatcher0 (server),
06-28 10:19:31.465 2605 2605 I view_enqueue_input_event: [Motion - Cancel,com.android.launcher3/com.android.launcher3.uioverrides.QuickstepLauncher]
06-28 10:19:31.645 1603 1878 I commit_sys_config_file: [settings-1-0,6]
06-28 10:19:32.048 1603 1878 I commit_sys_config_file: [settings-1-0,4]
06-28 10:19:32.178 1603 15774 I wm_task_created: [24852,-1]
06-28 10:19:32.179 1603 15774 I wm_task_created: [24853,-1]
06-28 10:19:32.180 1603 15774 I wm_task_moved: [24853,0,-2147483648]
06-28 10:19:32.181 1603 15774 I wm_create_task: [0,24853]
06-28 10:19:32.181 1603 15774 I wm_create_activity: [0,123794291,24853,com.android.launcher3/com.android.quickstep.RecentsActivity,NULL,NULL,NULL,276889600]
06-28 10:19:32.181 1603 15774 I wm_task_moved: [24852,0,0]
06-28 10:19:32.181 1603 15774 I wm_task_moved: [24852,0,5]
06-28 10:19:32.183 1603 15774 I wm_restart_activity: [0,123794291,24853,com.android.launcher3/com.android.quickstep.RecentsActivity]
06-28 10:19:32.191 1603 13590 I wm_task_moved: [24852,1,7]
06-28 10:19:32.191 1603 13590 I wm_focused_root_task: [0,0,24852,24851,RecentsAnimation.onAnimationFinished()]
06-28 10:19:32.191 4415 4415 I wm_on_top_resumed_lost_called: [188845085,com.ss.android.ugc.aweme.splash.SplashActivity,topStateChangedWhenResumed]
06-28 10:19:32.191 1603 13590 I wm_pause_activity: [0,263032627,com.android.launcher3/.uioverrides.QuickstepLauncher,userLeaving=false,pauseBackTasks]
06-28 10:19:32.193 1603 13590 I wm_set_resumed_activity: [0,com.android.launcher3/com.android.quickstep.RecentsActivity,resumeTopActivityInnerLocked]
06-28 10:19:32.193 1603 13590 I wm_resume_activity: [0,123794291,24853,com.android.launcher3/com.android.quickstep.RecentsActivity]
06-28 10:19:32.194 1603 13590 I wm_add_to_stopping: [0,188845085,com.ss.android.ugc.aweme/.splash.SplashActivity,makeInvisible]
06-28 10:19:32.198 1603 1709 I sysui_multi_action: [757,803,799,window_time_0,802,26]
06-28 10:19:32.198 1603 1709 I sysui_multi_action: [757,803,799,window_time_0,802,0]
06-28 10:19:32.207 1603 1889 I input_focus: [Focus leaving 40edbb3 com.ss.android.ugc.aweme/com.ss.android.ugc.aweme.splash.SplashActivity (server),reason=NO_WINDOW]
06-28 10:19:32.226 1603 10991 I wm_finish_activity: [0,123794291,24853,com.android.launcher3/com.android.quickstep.RecentsActivity,app-request]
06-28 10:19:32.226 1603 10991 I wm_task_moved: [24851,1,7]
06-28 10:19:32.226 1603 10991 I wm_set_resumed_activity: [0,com.ss.android.ugc.aweme/.splash.SplashActivity,positionChildAt]
06-28 10:19:32.226 1603 10991 I wm_focused_root_task: [0,0,24851,24852,finish-top adjustFocusToNextFocusableTask]
06-28 10:19:32.226 1603 10991 I wm_set_resumed_activity: [0,com.ss.android.ugc.aweme/.splash.SplashActivity,finish-top]
06-28 10:19:32.226 1603 10991 I wm_pause_activity: [0,123794291,com.android.launcher3/com.android.quickstep.RecentsActivity,userLeaving=false,finish]
06-28 10:19:32.227 2605 2605 I wm_on_create_called: [123794291,com.android.quickstep.RecentsActivity,performCreate]
06-28 10:19:32.228 1603 1709 I sysui_multi_action: [757,1144,758,8,806,com.android.launcher3,871,com.android.quickstep.RecentsActivity]
06-28 10:19:32.229 2605 2605 I wm_on_paused_called: [263032627,com.android.launcher3.uioverrides.QuickstepLauncher,performPause]
06-28 10:19:32.229 1603 14971 I wm_add_to_stopping: [0,123794291,com.android.launcher3/com.android.quickstep.RecentsActivity,completeFinishing]
06-28 10:19:32.231 1603 14971 I wm_resume_activity: [0,263032627,24822,com.android.launcher3/.uioverrides.QuickstepLauncher]
06-28 10:19:32.235 1603 1709 I wm_destroy_activity: [0,123794291,24853,com.android.launcher3/com.android.quickstep.RecentsActivity,finish-imm:idle]
06-28 10:19:32.235 1603 1709 I sysui_multi_action: [757,1144,758,8,806,com.android.launcher3,871,com.android.quickstep.RecentsActivity]
06-28 10:19:32.236 1603 1709 I sysui_multi_action: [757,803,799,window_time_0,802,0]
06-28 10:19:32.236 1603 1709 I am_uid_running: 10127
06-28 10:19:32.237 1603 1709 I am_uid_running: 10113
06-28 10:19:32.239 2605 2605 I wm_on_resume_called: [263032627,com.android.launcher3.uioverrides.QuickstepLauncher,RESUME_ACTIVITY]
06-28 10:19:32.240 2605 2605 I wm_on_destroy_called: [123794291,com.android.quickstep.RecentsActivity,performDestroy]
06-28 10:19:32.240 4415 4415 I wm_on_top_resumed_gained_called: [188845085,com.ss.android.ugc.aweme.splash.SplashActivity,topStateChangedWhenResumed]
06-28 10:19:32.242 1603 10991 I wm_task_removed: [24853,cleanUpResourcesForDestroy]
06-28 10:19:32.242 1603 10991 I wm_task_removed: [24852,removeChild:removeChild last r=Task{c66e230 #24853 type=recents I=com.android.launcher3/com.android.quickstep.RecentsActivity U=0 visible=false mode=fullscreen translucent=true sz=0 visible freeform task=true rootAffinity=null isMini=false} in t=Task{8c9edc7 #24852 type=recents ?? U=0 visible=false mode=fullscreen translucent=true sz=0 visible freeform task=true rootAffinity=null isMini=false}]
06-28 10:19:32.242 1603 10991 I wm_task_removed: [24852,removeChild]
06-28 10:19:32.242 1603 10991 I wm_task_removed: [24853,removeChild:removeChild last r=ActivityRecord{760f373 u0 com.android.launcher3/com.android.quickstep.RecentsActivity taskAffinity=null t-1 f}} in t=Task{c66e230 #24853 type=recents I=com.android.launcher3/com.android.quickstep.RecentsActivity U=0 visible=false mode=fullscreen translucent=true sz=0 visible freeform task=true rootAffinity=null isMini=false}]
06-28 10:19:32.242 1603 10991 I wm_task_removed: [24853,removeChild]
06-28 10:19:32.243 1603 1722 I am_proc_start: [0,5868,10127,com.zhihu.android,NULL,]
06-28 10:19:32.249 1603 1722 I am_proc_start: [0,5869,10113,com.ss.android.ugc.aweme.lite,NULL,]
06-28 10:19:32.257 1603 10991 I am_proc_bound: [0,5868,com.zhihu.android]
06-28 10:19:32.263 1603 10991 I am_proc_bound: [0,5869,com.ss.android.ugc.aweme.lite]
06-28 10:19:32.493 1603 1709 I wm_stop_activity: [0,188845085,com.ss.android.ugc.aweme/.splash.SplashActivity]
06-28 10:19:32.493 1603 1709 I am_kill : [0,5868,com.zhihu.android,915,empty #2]
06-28 10:19:32.516 4415 4415 I wm_on_top_resumed_lost_called: [188845085,com.ss.android.ugc.aweme.splash.SplashActivity,topStateChangedWhenResumed]
06-28 10:19:32.519 1603 14971 I am_proc_died: [0,5868,com.zhihu.android,915,19]
06-28 10:19:32.520 1603 14971 I am_uid_stopped: 10127
06-28 10:19:32.522 4415 4415 I wm_on_paused_called: [188845085,com.ss.android.ugc.aweme.splash.SplashActivity,performPause]
06-28 10:19:32.535 4415 4415 I wm_on_stop_called: [188845085,com.ss.android.ugc.aweme.splash.SplashActivity,STOP_ACTIVITY_ITEM]
06-28 10:19:32.859 1603 1889 I input_interaction: Interaction with: 3675f2c com.android.launcher3/com.android.launcher3.uioverrides.QuickstepLauncher (server), 287fe67 com.android.systemui.ImageWallpaper (server), edge-swipe (server), swipe-up (server), PointerEventDispatcher0 (server),
06-28 10:19:32.861 1603 1709 I wm_task_moved: [1,1,6]
06-28 10:19:32.862 1603 1709 I wm_set_resumed_activity: [0,com.android.launcher3/.uioverrides.QuickstepLauncher,positionChildAt]
06-28 10:19:32.862 1603 1709 I wm_task_moved: [24822,1,2147483647]
06-28 10:19:32.862 1603 1709 I wm_task_to_front: [0,24822]
06-28 10:19:32.862 1603 1709 I wm_focused_root_task: [0,0,1,24851,setFocusedTask]
06-28 10:19:32.862 1603 1709 I wm_set_resumed_activity: [0,com.android.launcher3/.uioverrides.QuickstepLauncher,setFocusedTask]
06-28 10:19:32.862 1603 1711 I input_focus: [Focus request 3675f2c com.android.launcher3/com.android.launcher3.uioverrides.QuickstepLauncher,reason=UpdateInputWindows]
06-28 10:19:32.862 2605 2605 I wm_on_top_resumed_gained_called: [263032627,com.android.launcher3.uioverrides.QuickstepLauncher,topStateChangedWhenResumed]
06-28 10:19:32.891 1603 1889 I input_focus: [Focus entering 3675f2c com.android.launcher3/com.android.launcher3.uioverrides.QuickstepLauncher (server),reason=setFocusedWindow]
06-28 10:19:32.985 5869 5869 I auditd : type=1400 audit(0.0:12090): avc: granted { nlmsg_readpriv } for comm="TTNet-AN-IO" scontext=u:r:untrusted_app_29:s0:c113,c256,c512,c768 tcontext=u:r:untrusted_app_29:s0:c113,c256,c512,c768 tclass=netlink_route_socket app=com.ss.android.ugc.aweme.lite
06-28 10:19:33.201 5869 5869 I auditd : type=1400 audit(0.0:12091): avc: granted { execute } for comm="#GlobalProxyLan" path="/data/user/0/com.ss.android.ugc.aweme.lite/files/plugins/com.ss.android.ugc.aweme.videocache_v2/version-25909062/lib/libavmdlv2.so" dev="dm-21" ino=83754 scontext=u:r:untrusted_app_29:s0:c113,c256,c512,c768 tcontext=u:object_r:app_data_file:s0:c113,c256,c512,c768 tclass=file app=com.ss.android.ugc.aweme.lite
06-28 10:19:33.353 5869 5869 I auditd : type=1400 audit(0.0:12092): avc: granted { execute } for comm="#tp-default-49" path="/data/user/0/com.ss.android.ugc.aweme.lite/files/plugins/com.ss.android.ugc.aweme.v8/version-258090010/lib/libv8_libfull.cr.so" dev="dm-21" ino=336566 scontext=u:r:untrusted_app_29:s0:c113,c256,c512,c768 tcontext=u:object_r:app_data_file:s0:c113,c256,c512,c768 tclass=file app=com.ss.android.ugc.aweme.lite
06-28 10:19:33.381 5869 5869 I auditd : type=1400 audit(0.0:12093): avc: granted { execute } for comm="#tp-default-49" path="/data/user/0/com.ss.android.ugc.aweme.lite/files/plugins/com.ss.android.ugc.aweme.vmsdk_plugin/version-258090010/lib/libnapi_v8.so" dev="dm-21" ino=336498 scontext=u:r:untrusted_app_29:s0:c113,c256,c512,c768 tcontext=u:object_r:app_data_file:s0:c113,c256,c512,c768 tclass=file app=com.ss.android.ugc.aweme.lite
06-28 10:19:33.626 1603 13590 I wm_finish_activity: [0,188845085,24851,com.ss.android.ugc.aweme/.splash.SplashActivity,remove-task]
06-28 10:19:33.627 1603 13590 I wm_destroy_activity: [0,188845085,24851,com.ss.android.ugc.aweme/.splash.SplashActivity,finish-imm:finishIfPossible]
06-28 10:19:33.632 1603 1709 I am_kill : [0,4415,com.ss.android.ugc.aweme,915,empty #2]
06-28 10:19:33.634 1603 1709 I am_kill : [0,5869,com.ss.android.ugc.aweme.lite,905,empty #3]
06-28 10:19:33.635 1603 1709 I am_kill : [0,5422,com.ss.android.ugc.aweme:push,905,remove task]
06-28 10:19:33.636 1603 1709 I sysui_multi_action: [757,803,799,window_time_2,802,2]
06-28 10:19:33.715 1603 15774 I am_proc_died: [0,5422,com.ss.android.ugc.aweme:push,905,19]
06-28 10:19:33.716 1603 15774 I am_schedule_service_restart: [0,com.ss.android.ugc.aweme/com.bytedance.common.process.service.CrossProcessServiceForPush,16000]
06-28 10:19:33.754 1603 15774 I am_proc_died: [0,5869,com.ss.android.ugc.aweme.lite,905,19]
06-28 10:19:33.755 1603 15774 I am_uid_stopped: 10113
06-28 10:19:33.799 1603 15774 I am_proc_died: [0,4415,com.ss.android.ugc.aweme,915,19]
06-28 10:19:33.804 1603 15774 I am_uid_stopped: 10104
06-28 10:19:33.805 1603 15774 I wm_task_removed: [24851,removeChild:removeChild last r=ActivityRecord{b418c1d u0 com.ss.android.ugc.aweme/.splash.SplashActivity taskAffinity=10104:com.ss.android.ugc.aweme t-1 f}} in t=Task{96a8460 #24851 type=standard A=10104:com.ss.android.ugc.aweme U=0 visible=false mode=freeform translucent=true sz=0 visible freeform task=false rootAffinity=10104:com.ss.android.ugc.aweme isMini=false}]
06-28 10:19:33.805 1603 15774 I wm_task_removed: [24851,removeChild]
06-28 10:19:33.806 1603 1603 I am_uid_running: 10117
06-28 10:19:33.807 1603 1709 I am_uid_running: 10127
06-28 10:19:33.807 1603 1709 I am_uid_running: 10113
06-28 10:19:33.810 1603 1722 I am_proc_start: [0,6125,10117,com.taobao.taobao:channel,service,{com.taobao.taobao/com.taobao.accs.internal.AccsJobService}]
06-28 10:19:33.815 1603 1722 I am_proc_start: [0,6127,10127,com.zhihu.android,NULL,]
06-28 10:19:33.821 1603 1722 I am_proc_start: [0,6147,10113,com.ss.android.ugc.aweme.lite,NULL,]
06-28 10:19:33.822 1603 15774 I am_proc_bound: [0,6125,com.taobao.taobao:channel]
06-28 10:19:33.826 1603 15774 I am_proc_bound: [0,6127,com.zhihu.android]
06-28 10:19:33.834 1603 15774 I am_proc_bound: [0,6147,com.ss.android.ugc.aweme.lite]
06-28 10:19:33.937 6125 6125 I auditd : type=1400 audit(0.0:12094): avc: denied { read } for comm=".taobao:channel" name="version" dev="proc" ino=4026532247 scontext=u:r:untrusted_app_27:s0:c117,c256,c512,c768 tcontext=u:object_r:proc_version:s0 tclass=file permissive=0 app=com.taobao.taobao
06-28 10:19:34.082 1603 14971 I am_kill : [0,6127,com.zhihu.android,905,empty #2]
06-28 10:19:34.111 1603 14971 I am_kill : [0,6147,com.ss.android.ugc.aweme.lite,905,empty #2]
06-28 10:19:34.115 1603 15774 I am_proc_died: [0,6127,com.zhihu.android,905,19]
06-28 10:19:34.115 1603 15774 I am_uid_stopped: 10127
06-28 10:19:34.149 1603 15774 I am_proc_died: [0,6147,com.ss.android.ugc.aweme.lite,905,19]
06-28 10:19:34.149 1603 15774 I am_uid_stopped: 10113
06-28 10:19:39.291 3479 3479 I sqlite_mem_released: 52320
06-28 10:19:39.292 3479 3479 I force_gc: mem
06-28 10:19:44.110 1603 9014 D TelephonyRegistry: listen oscl: mHasNotifySubscriptionInfoChangedOccurred==false no callback
06-28 10:19:49.293 2577 2577 I sqlite_mem_released: 0
06-28 10:19:49.294 2577 2577 I force_gc: mem
06-28 10:19:54.294 3273 3273 I sqlite_mem_released: 0
06-28 10:19:54.295 3273 3273 I force_gc: mem
06-28 10:19:57.064 1603 1931 I netstats_mobile_sample: [0,0,0,0,0,0,0,0,0,0,0,0,1687918797063]
06-28 10:19:57.064 1603 1931 I netstats_wifi_sample: [255234404,210275,19081715,112644,255234404,210275,19081715,112644,267097305,230614,15708591,105747,1687918797063]
06-28 10:19:59.168 1603 1603 I am_uid_running: 10104
06-28 10:19:59.173 1603 1603 I am_uid_running: 10103
06-28 10:19:59.184 1603 1992 I sync : [com.tencent.android.qqdownloader.YYBLiveAccountProvider,0,3,24220937]
06-28 10:19:59.191 1603 1722 I am_proc_start: [0,6455,10104,com.ss.android.ugc.aweme,service,{com.ss.android.ugc.aweme/com.umeng.message.UmengMessageCallbackHandlerService}]
06-28 10:19:59.211 1603 1722 I am_proc_start: [0,6472,10103,com.smile.gifmaker,service,{com.smile.gifmaker/androidx.work.impl.background.systemjob.SystemJobService}]
06-28 10:19:59.222 1603 1603 I notification_enqueue: [10101,22845,com.tencent.android.qqdownloader,127,NULL,0,Notification(channel=channel_id_default_silent shortcut=null contentView=com.tencent.android.qqdownloader/0x7f0a01c2 vibrate=null sound=null defaults=0x0 flags=0x2a2 color=0x00000000 groupKey=com.tencent.android.qqdownloader vis=PRIVATE),1]
06-28 10:19:59.222 1603 1720 I am_pss : [27573,10101,com.tencent.ilink.ServiceProcess,75233280,61779968,44032,202006528,0,4,11]
06-28 10:19:59.233 1603 2092 I am_proc_bound: [0,6455,com.ss.android.ugc.aweme]
06-28 10:19:59.233 1603 1992 I sync : [com.tencent.android.qqdownloader.YYBLiveAccountProvider,1,3,24220937]
06-28 10:19:59.237 1603 1992 I commit_sys_config_file: [sync-status,613202]
06-28 10:19:59.243 1603 9014 I am_proc_bound: [0,6472,com.smile.gifmaker]
06-28 10:19:59.254 1603 1992 I sync : [com.tencent.android.qqdownloader.YYBLiveAccountProvider,0,3,24220937]
06-28 10:19:59.289 1603 1992 I sync : [com.tencent.android.qqdownloader.YYBLiveAccountProvider,1,3,24220937]
06-28 10:19:59.292 1603 1992 I commit_sys_config_file: [sync-status,613257]
06-28 10:19:59.553 6455 6455 I auditd : type=1400 audit(0.0:12097): avc: granted { execute } for comm="#tp-io-34" path="/data/user/0/com.ss.android.ugc.aweme/files/webview_bytedance/e098d2c121417799e1cfdecc90f33767_md5/libwebviewbytedance.so" dev="dm-21" ino=371299 scontext=u:r:untrusted_app_29:s0:c104,c256,c512,c768 tcontext=u:object_r:app_data_file:s0:c104,c256,c512,c768 tclass=file app=com.ss.android.ugc.aweme
06-28 10:19:59.605 6472 6472 I auditd : type=1400 audit(0.0:12098): avc: granted { execute } for comm="ela_global-io" path="/data/user/0/com.smile.gifmaker/app_lib/libruntime-optimize.so.28545" dev="dm-21" ino=501534 scontext=u:r:untrusted_app_29:s0:c103,c256,c512,c768 tcontext=u:object_r:app_data_file:s0:c103,c256,c512,c768 tclass=file app=com.smile.gifmaker
06-28 10:19:59.657 6455 6455 I auditd : type=1400 audit(0.0:12099): avc: granted { nlmsg_readpriv } for comm="TTNet-AN-IO" scontext=u:r:untrusted_app_29:s0:c104,c256,c512,c768 tcontext=u:r:untrusted_app_29:s0:c104,c256,c512,c768 tclass=netlink_route_socket app=com.ss.android.ugc.aweme
06-28 10:20:00.094 1603 14971 I netstats_mobile_sample: [0,0,0,0,0,0,0,0,0,0,0,0,1687918800094]
06-28 10:20:00.094 1603 14971 I netstats_wifi_sample: [255292129,210398,19125117,112749,255292129,210398,19125117,112749,267146527,230739,15735379,105816,1687918800094]
06-28 10:20:00.121 6455 6455 I auditd : type=1400 audit(0.0:12100): avc: granted { execute } for comm="VideoPreloadHan" path="/data/user/0/com.ss.android.ugc.aweme/files/plugins/com.ss.android.ugc.aweme.videocache_v2/version-2300/lib/libavmdlv2.so" dev="dm-21" ino=310178 scontext=u:r:untrusted_app_29:s0:c104,c256,c512,c768 tcontext=u:object_r:app_data_file:s0:c104,c256,c512,c768 tclass=file app=com.ss.android.ugc.aweme
06-28 10:20:00.181 1603 14971 I am_kill : [0,6125,com.taobao.taobao:channel,905,empty #2]
06-28 10:20:00.282 1603 14971 I am_proc_died: [0,6125,com.taobao.taobao:channel,905,19]
06-28 10:20:00.283 1603 14971 I am_uid_stopped: 10117
06-28 10:20:00.353 1603 1720 I am_pss : [5603,10067,com.qualcomm.qti.devicestatisticsservice,5710848,3543040,47104,85061632,0,0,5]
06-28 10:20:00.385 6472 6472 I auditd : type=1400 audit(0.0:12101): avc: denied { read } for comm="pool-2-thread-6" name="tcp" dev="proc" ino=4026532265 scontext=u:r:untrusted_app_29:s0:c103,c256,c512,c768 tcontext=u:object_r:proc_net_tcp_udp:s0 tclass=file permissive=0 app=com.smile.gifmaker
06-28 10:20:00.693 6472 6472 I auditd : type=1400 audit(0.0:12107): avc: granted { execute } for comm="ela_global-io" path="/data/user/0/com.smile.gifmaker/app_DvaPlugin/klp_so/1050483220/so/libklp_pull_client_shared.so" dev="dm-21" ino=322141 scontext=u:r:untrusted_app_29:s0:c103,c256,c512,c768 tcontext=u:object_r:app_data_file:s0:c103,c256,c512,c768 tclass=file app=com.smile.gifmaker
06-28 10:20:00.793 6455 6455 I auditd : type=1400 audit(0.0:12108): avc: granted { execute } for comm="startliveio" path="/data/user/0/com.ss.android.ugc.aweme/files/plugins/com.ss.android.live.pullstreamso/version-254109705/lib/libavio.so" dev="dm-21" ino=315174 scontext=u:r:untrusted_app_29:s0:c104,c256,c512,c768 tcontext=u:object_r:app_data_file:s0:c104,c256,c512,c768 tclass=file app=com.ss.android.ugc.aweme
06-28 10:20:00.805 6455 6455 I auditd : type=1400 audit(0.0:12109): avc: granted { execute } for comm="startliveio" path="/data/user/0/com.ss.android.ugc.aweme/files/plugins/com.ss.android.live.pullstreamso/version-254109705/lib/libttquic.so" dev="dm-21" ino=314200 scontext=u:r:untrusted_app_29:s0:c104,c256,c512,c768 tcontext=u:object_r:app_data_file:s0:c104,c256,c512,c768 tclass=file app=com.ss.android.ugc.aweme
06-28 10:20:00.825 6455 6455 I auditd : type=1400 audit(0.0:12110): avc: granted { execute } for comm="startliveio" path="/data/user/0/com.ss.android.ugc.aweme/files/plugins/com.ss.android.live.pullstreamso/version-254109705/lib/libliveio.so" dev="dm-21" ino=315177 scontext=u:r:untrusted_app_29:s0:c104,c256,c512,c768 tcontext=u:object_r:app_data_file:s0:c104,c256,c512,c768 tclass=file app=com.ss.android.ugc.aweme
06-28 10:20:00.897 6455 6455 I auditd : type=1400 audit(0.0:12111): avc: granted { execute } for comm="#tp-io-83" path="/data/user/0/com.ss.android.ugc.aweme/files/plugins/com.ss.android.ugc.aweme.v8/version-24509001/lib/libv8_libfull.cr.so" dev="dm-21" ino=314874 scontext=u:r:untrusted_app_29:s0:c104,c256,c512,c768 tcontext=u:object_r:app_data_file:s0:c104,c256,c512,c768 tclass=file app=com.ss.android.ugc.aweme
06-28 10:20:01.198 1603 1708 I commit_sys_config_file: [jobs,1]
06-28 10:20:02.001 6472 6472 I auditd : type=1400 audit(0.0:12121): avc: denied { write } for comm="pool-24-thread-" name="fd" dev="proc" ino=527935 scontext=u:r:untrusted_app_29:s0:c103,c256,c512,c768 tcontext=u:r:untrusted_app_29:s0:c103,c256,c512,c768 tclass=dir permissive=0 app=com.smile.gifmaker
06-28 10:20:02.001 6472 6472 I auditd : type=1400 audit(0.0:12122): avc: denied { write } for comm="pool-24-thread-" name="fd" dev="proc" ino=527935 scontext=u:r:untrusted_app_29:s0:c103,c256,c512,c768 tcontext=u:r:untrusted_app_29:s0:c103,c256,c512,c768 tclass=dir permissive=0 app=com.smile.gifmaker
06-28 10:20:02.353 6472 6472 I auditd : type=1400 audit(0.0:12123): avc: granted { nlmsg_readpriv } for comm="ThreadPoolForeg" scontext=u:r:untrusted_app_29:s0:c103,c256,c512,c768 tcontext=u:r:untrusted_app_29:s0:c103,c256,c512,c768 tclass=netlink_route_socket app=com.smile.gifmaker
06-28 10:20:02.520 6472 6532 I service_manager_stats: [200,351,677103]
06-28 10:20:02.533 6472 6472 I auditd : type=1400 audit(0.0:12124): avc: granted { execute } for comm="ela_global-io" path="/data/user/0/com.smile.gifmaker/app_DvaPlugin/raven/-1197529215/so/libraven.so" dev="dm-21" ino=501944 scontext=u:r:untrusted_app_29:s0:c103,c256,c512,c768 tcontext=u:object_r:app_data_file:s0:c103,c256,c512,c768 tclass=file app=com.smile.gifmaker
06-28 10:20:02.833 15511 15511 I auditd : type=1400 audit(0.0:12125): avc: denied { read } for comm="pool-10-thread-" name="tcp" dev="proc" ino=4026532265 scontext=u:r:untrusted_app_29:s0:c124,c256,c512,c768 tcontext=u:object_r:proc_net_tcp_udp:s0 tclass=file permissive=0 app=com.kuaishou.nebula
06-28 10:20:03.005 6472 6472 I auditd : type=1400 audit(0.0:12127): avc: denied { ioctl } for comm="pool-12-thread-" path="socket:[527996]" dev="sockfs" ino=527996 ioctlcmd=0x8927 scontext=u:r:untrusted_app_29:s0:c103,c256,c512,c768 tcontext=u:r:untrusted_app_29:s0:c103,c256,c512,c768 tclass=tcp_socket permissive=0 app=com.smile.gifmaker
06-28 10:20:03.005 6472 6472 I auditd : type=1400 audit(0.0:12128): avc: granted { nlmsg_readpriv } for comm="pool-12-thread-" scontext=u:r:untrusted_app_29:s0:c103,c256,c512,c768 tcontext=u:r:untrusted_app_29:s0:c103,c256,c512,c768 tclass=netlink_route_socket app=com.smile.gifmaker
06-28 10:20:03.005 6472 6472 I auditd : type=1400 audit(0.0:12129): avc: denied { ioctl } for comm="pool-12-thread-" path="socket:[527998]" dev="sockfs" ino=527998 ioctlcmd=0x8927 scontext=u:r:untrusted_app_29:s0:c103,c256,c512,c768 tcontext=u:r:untrusted_app_29:s0:c103,c256,c512,c768 tclass=tcp_socket permissive=0 app=com.smile.gifmaker
06-28 10:20:03.233 6972 6972 I auditd : type=1400 audit(0.0:12130): avc: denied { getattr } for comm="netstat" path="/proc/fb" dev="proc" ino=4026531990 scontext=u:r:untrusted_app_29:s0:c103,c256,c512,c768 tcontext=u:object_r:proc:s0 tclass=file permissive=0 app=com.smile.gifmaker
06-28 10:20:03.233 6972 6972 I auditd : type=1400 audit(0.0:12131): avc: denied { getattr } for comm="netstat" path="/proc/keys" dev="proc" ino=4026532299 scontext=u:r:untrusted_app_29:s0:c103,c256,c512,c768 tcontext=u:object_r:proc_keys:s0 tclass=file permissive=0 app=com.smile.gifmaker
06-28 10:20:05.908 7603 7603 I sqlite_mem_released: 42560
06-28 10:20:05.909 7603 7603 I force_gc: mem
06-28 10:20:07.867 6455 6590 I liblog : 157
06-28 10:20:07.896 6455 6590 I liblog : 506
06-28 10:20:09.004 1603 1931 I netstats_mobile_sample: [0,0,0,0,0,0,0,0,0,0,0,0,1687918809004]
06-28 10:20:09.004 1603 1931 I netstats_wifi_sample: [256437272,212993,19662629,115886,256437272,212993,19662629,115886,268394820,233526,16211415,108830,1687918809004]
06-28 10:20:09.185 6472 6532 I service_manager_stats: [239,135,6666]
06-28 10:20:09.189 6472 6472 I auditd : type=1400 audit(0.0:12235): avc: granted { execute } for comm="ela_global-io" path="/data/user/0/com.smile.gifmaker/files/ks_webview/1.8.90.575/lib/armeabi-v7a/libkswebview.so" dev="dm-21" ino=417070 scontext=u:r:untrusted_app_29:s0:c103,c256,c512,c768 tcontext=u:object_r:app_data_file:s0:c103,c256,c512,c768 tclass=file app=com.smile.gifmaker
06-28 10:20:09.205 6472 6472 I auditd : type=1400 audit(0.0:12236): avc: granted { execute } for comm="ela_global-io" path="/data/user/0/com.smile.gifmaker/files/ks_webview/1.8.90.575/lib/armeabi-v7a/libkswebview_plat_support.so" dev="dm-21" ino=417705 scontext=u:r:untrusted_app_29:s0:c103,c256,c512,c768 tcontext=u:object_r:app_data_file:s0:c103,c256,c512,c768 tclass=file app=com.smile.gifmaker
06-28 10:20:09.428 1603 1720 I am_pss : [2577,10094,android.ext.services,11792384,9093120,48128,96768000,0,5,6]
06-28 10:20:09.989 1603 1722 I am_proc_start: [0,7303,10103,com.smile.gifmaker:kwv_sandboxed_p0,service,{com.smile.gifmaker/com.kuaishou.webkit.process.SandboxedProcessService0}]
06-28 10:20:09.997 1603 1722 I am_proc_start: [0,7306,10103,com.smile.gifmaker:kwv_privileged_p0,service,{com.smile.gifmaker/com.kuaishou.webkit.process.PrivilegedProcessService0}]
06-28 10:20:10.011 1603 11911 I am_proc_bound: [0,7303,com.smile.gifmaker:kwv_sandboxed_p0]
06-28 10:20:10.019 1603 14971 I am_proc_bound: [0,7306,com.smile.gifmaker:kwv_privileged_p0]
06-28 10:20:11.321 7306 7306 I auditd : type=1400 audit(0.0:12237): avc: denied { read } for comm="pool-2-thread-6" name="tcp" dev="proc" ino=4026532265 scontext=u:r:untrusted_app_29:s0:c103,c256,c512,c768 tcontext=u:object_r:proc_net_tcp_udp:s0 tclass=file permissive=0 app=com.smile.gifmaker
06-28 10:20:11.337 7306 7306 I auditd : type=1400 audit(0.0:12238): avc: denied { search } for comm="pool-2-thread-6" name="asound" dev="proc" ino=4026532151 scontext=u:r:untrusted_app_29:s0:c103,c256,c512,c768 tcontext=u:object_r:proc_asound:s0 tclass=dir permissive=0 app=com.smile.gifmaker
06-28 10:20:11.337 7303 7303 I auditd : type=1400 audit(0.0:12239): avc: denied { read } for comm="pool-2-thread-6" name="tcp" dev="proc" ino=4026532265 scontext=u:r:untrusted_app_29:s0:c103,c256,c512,c768 tcontext=u:object_r:proc_net_tcp_udp:s0 tclass=file permissive=0 app=com.smile.gifmaker
06-28 10:20:11.341 7306 7306 I auditd : type=1400 audit(0.0:12240): avc: denied { search } for comm="pool-2-thread-6" name="asound" dev="proc" ino=4026532151 scontext=u:r:untrusted_app_29:s0:c103,c256,c512,c768 tcontext=u:object_r:proc_asound:s0 tclass=dir permissive=0 app=com.smile.gifmaker
06-28 10:20:11.345 7306 7306 I auditd : type=1400 audit(0.0:12241): avc: denied { read } for comm="pool-2-thread-6" name="u:object_r:serialno_prop:s0" dev="tmpfs" ino=12620 scontext=u:r:untrusted_app_29:s0:c103,c256,c512,c768 tcontext=u:object_r:serialno_prop:s0 tclass=file permissive=0 app=com.smile.gifmaker
06-28 10:20:11.349 7306 7306 I auditd : type=1400 audit(0.0:12242): avc: denied { search } for comm="pool-2-thread-6" name="asound" dev="proc" ino=4026532151 scontext=u:r:untrusted_app_29:s0:c103,c256,c512,c768 tcontext=u:object_r:proc_asound:s0 tclass=dir permissive=0 app=com.smile.gifmaker
06-28 10:20:11.349 7306 7306 I auditd : type=1400 audit(0.0:12243): avc: denied { search } for comm="pool-2-thread-6" name="asound" dev="proc" ino=4026532151 scontext=u:r:untrusted_app_29:s0:c103,c256,c512,c768 tcontext=u:object_r:proc_asound:s0 tclass=dir permissive=0 app=com.smile.gifmaker
06-28 10:20:11.357 7303 7303 I auditd : type=1400 audit(0.0:12244): avc: denied { search } for comm="pool-2-thread-6" name="asound" dev="proc" ino=4026532151 scontext=u:r:untrusted_app_29:s0:c103,c256,c512,c768 tcontext=u:object_r:proc_asound:s0 tclass=dir permissive=0 app=com.smile.gifmaker
06-28 10:20:11.864 1603 1722 I am_proc_start: [0,7467,10104,com.ss.android.ugc.aweme:push,service,{com.ss.android.ugc.aweme/com.ss.android.message.log.LogService}]
06-28 10:20:11.883 1603 14971 I am_proc_bound: [0,7467,com.ss.android.ugc.aweme:push]
06-28 10:20:12.214 1603 1722 I am_proc_start: [0,7499,10104,com.ss.android.ugc.aweme:pushservice,service,{com.ss.android.ugc.aweme/com.xiaomi.push.service.XMPushService}]
06-28 10:20:12.216 7490 7490 I liblog : 496
06-28 10:20:12.227 1603 3456 I am_proc_bound: [0,7499,com.ss.android.ugc.aweme:pushservice]
06-28 10:20:12.235 1603 1634 I am_kill : [0,7303,com.smile.gifmaker:kwv_sandboxed_p0,905,empty #2]
06-28 10:20:12.235 1603 1634 I am_kill : [0,6472,com.smile.gifmaker,905,empty #3]
06-28 10:20:12.498 1603 6928 I am_proc_died: [0,7303,com.smile.gifmaker:kwv_sandboxed_p0,905,19]
06-28 10:20:12.498 1603 6928 I am_schedule_service_restart: [0,com.smile.gifmaker/com.kuaishou.webkit.process.SandboxedProcessService0,1000]
06-28 10:20:12.786 1603 6928 I am_proc_died: [0,6472,com.smile.gifmaker,905,19]
06-28 10:20:12.793 1603 1709 I am_uid_running: 10127
06-28 10:20:12.794 1603 1709 I am_uid_running: 10113
06-28 10:20:12.800 1603 1722 I am_proc_start: [0,7719,10127,com.zhihu.android,NULL,]
06-28 10:20:12.809 1603 1722 I am_proc_start: [0,7721,10113,com.ss.android.ugc.aweme.lite,NULL,]
06-28 10:20:12.824 1603 6928 I am_proc_bound: [0,7719,com.zhihu.android]
06-28 10:20:12.831 1603 3456 I am_proc_bound: [0,7721,com.ss.android.ugc.aweme.lite]
06-28 10:20:12.861 1603 3456 I am_kill : [0,7719,com.zhihu.android,905,empty #2]
06-28 10:20:12.898 1603 3456 I am_proc_died: [0,7719,com.zhihu.android,905,19]
06-28 10:20:12.898 1603 3456 I am_uid_stopped: 10127
06-28 10:20:13.038 2605 2605 I view_enqueue_input_event: [Motion - Cancel,com.android.launcher3/com.android.launcher3.uioverrides.QuickstepLauncher]
06-28 10:20:13.043 1603 1889 I input_interaction: Interaction with: edge-swipe (server), swipe-up (server), PointerEventDispatcher0 (server),
06-28 10:20:13.266 1603 1720 I sysui_multi_action: [757,1717,758,1,759,0]
06-28 10:20:13.266 1603 1720 I sysui_multi_action: [757,1717,758,2,759,0]
06-28 10:20:13.266 1603 1720 I sysui_multi_action: [757,1717,758,3,759,0]
06-28 10:20:13.319 1603 3295 I am_proc_died: [0,7306,com.smile.gifmaker:kwv_privileged_p0,0,10]
06-28 10:20:13.319 1603 3295 I am_uid_stopped: 10103
06-28 10:20:13.320 1603 3295 I am_mem_factor: [1,0]
06-28 10:20:13.410 7856 7856 I liblog : 292
06-28 10:20:13.527 1603 1889 I input_interaction: Interaction with: 3675f2c com.android.launcher3/com.android.launcher3.uioverrides.QuickstepLauncher (server), 287fe67 com.android.systemui.ImageWallpaper (server), edge-swipe (server), swipe-up (server), PointerEventDispatcher0 (server),
06-28 10:20:13.576 2605 2605 I view_enqueue_input_event: [Motion - Cancel,com.android.launcher3/com.android.launcher3.uioverrides.QuickstepLauncher]
06-28 10:20:13.580 1603 1889 I input_interaction: Interaction with: edge-swipe (server), swipe-up (server), PointerEventDispatcher0 (server),
06-28 10:20:13.756 1603 1603 I service_manager_slow: [16,phone]
06-28 10:20:13.760 1603 1878 I commit_sys_config_file: [settings-1-0,2]
06-28 10:20:13.832 1603 1720 I am_pss : [2371,1073,com.android.networkstack.process,12326912,9916416,43008,99147776,0,0,6]
06-28 10:20:13.847 1603 1720 I am_pss : [2299,1001,.dataservices,7402496,5382144,43008,88711168,0,0,6]
06-28 10:20:13.896 1603 1720 I am_pss : [1998,10080,com.android.systemui,163438592,154103808,40960,280854528,0,0,11]
06-28 10:20:14.135 1603 1878 I commit_sys_config_file: [settings-1-0,4]
06-28 10:20:14.327 1603 1720 I am_pss : [1603,1000,system,202762240,126042112,40960,472002560,0,0,21]
06-28 10:20:14.385 7721 7721 I auditd : type=1400 audit(0.0:12249): avc: granted { nlmsg_readpriv } for comm="TTNet-AN-IO" scontext=u:r:untrusted_app_29:s0:c113,c256,c512,c768 tcontext=u:r:untrusted_app_29:s0:c113,c256,c512,c768 tclass=netlink_route_socket app=com.ss.android.ugc.aweme.lite
06-28 10:20:14.525 7721 7721 I auditd : type=1400 audit(0.0:12250): avc: granted { execute } for comm="#GlobalProxyLan" path="/data/user/0/com.ss.android.ugc.aweme.lite/files/plugins/com.ss.android.ugc.aweme.videocache_v2/version-25909062/lib/libavmdlv2.so" dev="dm-21" ino=83754 scontext=u:r:untrusted_app_29:s0:c113,c256,c512,c768 tcontext=u:object_r:app_data_file:s0:c113,c256,c512,c768 tclass=file app=com.ss.android.ugc.aweme.lite
06-28 10:20:14.615 1603 12364 I am_mem_factor: [0,1]
06-28 10:20:14.757 7721 7721 I auditd : type=1400 audit(0.0:12251): avc: granted { execute } for comm="#tp-default-48" path="/data/user/0/com.ss.android.ugc.aweme.lite/files/plugins/com.ss.android.ugc.aweme.v8/version-258090010/lib/libv8_libfull.cr.so" dev="dm-21" ino=336566 scontext=u:r:untrusted_app_29:s0:c113,c256,c512,c768 tcontext=u:object_r:app_data_file:s0:c113,c256,c512,c768 tclass=file app=com.ss.android.ugc.aweme.lite
06-28 10:20:14.789 7721 7721 I auditd : type=1400 audit(0.0:12252): avc: granted { execute } for comm="#tp-default-48" path="/data/user/0/com.ss.android.ugc.aweme.lite/files/plugins/com.ss.android.ugc.aweme.vmsdk_plugin/version-258090010/lib/libnapi_v8.so" dev="dm-21" ino=336498 scontext=u:r:untrusted_app_29:s0:c113,c256,c512,c768 tcontext=u:object_r:app_data_file:s0:c113,c256,c512,c768 tclass=file app=com.ss.android.ugc.aweme.lite
06-28 10:20:15.060 1603 1720 I am_meminfo: [3210469376,1121517568,11546624,415297536,390392832]
06-28 10:20:15.076 1603 1720 I am_pss : [2605,10075,com.android.launcher3,140600320,130867200,48128,254287872,1,2,10]
06-28 10:20:15.119 1603 1720 I am_pss : [6455,10104,com.ss.android.ugc.aweme,331797504,261902336,48128,556052480,1,8,28]
06-28 10:20:15.146 1603 1720 I am_pss : [7499,10104,com.ss.android.ugc.aweme:pushservice,139104256,49340416,49152,386465792,1,8,20]
06-28 10:20:15.177 1603 1720 I am_pss : [7467,10104,com.ss.android.ugc.aweme:push,155380736,88653824,49152,379752448,1,8,20]
06-28 10:20:15.212 1603 1720 I am_pss : [7721,10113,com.ss.android.ugc.aweme.lite,329635840,316669952,48128,460832768,1,19,27]
06-28 10:20:15.225 1603 1720 I am_pss : [23816,10101,com.tencent.android.qqdownloader:live,41657344,24047616,10067968,123117568,1,10,9]
06-28 10:20:15.250 1603 1720 I am_pss : [22845,10101,com.tencent.android.qqdownloader:daemon,178651136,161099776,48128,328794112,1,4,20]
06-28 10:20:15.262 1603 1720 I am_pss : [27573,10101,com.tencent.ilink.ServiceProcess,69154816,57552896,49152,186785792,1,4,10]
06-28 10:20:15.275 1603 1720 I am_pss : [22896,10101,com.tencent.android.qqdownloader,84377600,73019392,48128,206127104,1,4,13]
06-28 10:20:15.281 1603 1720 I am_pss : [24003,10069,com.android.webview:webview_service,13674496,4743168,340992,75100160,1,4,6]
06-28 10:20:15.291 1603 1720 I am_pss : [22941,10101,com.tencent.android.qqdownloader:cloud,38519808,31281152,49152,143450112,1,4,8]
06-28 10:20:15.297 1603 1720 I am_pss : [23967,99004,com.android.webview:sandboxed_process0:org.chromium.content.app.SandboxedProcessService0:0,12215296,3219456,344064,69033984,1,4,5]
06-28 10:20:15.321 1603 1720 I am_pss : [15511,10124,com.kuaishou.nebula,278110208,272891904,48128,382390272,1,8,23]
06-28 10:20:15.329 1603 1720 I am_pss : [3180,10093,com.android.providers.media.module,23776256,21143552,49152,112910336,1,0,7]
06-28 10:20:15.335 1603 1720 I am_pss : [7511,10096,com.tencent.qqmusicpad,23097344,12587008,339968,89825280,1,4,6]
06-28 10:20:15.342 1603 1720 I am_pss : [7603,10096,com.tencent.qqmusicpad:wns,20594688,10072064,339968,86421504,1,4,6]
06-28 10:20:15.348 1603 1720 I am_pss : [3273,10078,com.qualcomm.location.XT,6184960,4141056,49152,87343104,1,6,5]
06-28 10:20:15.354 1603 1720 I am_pss : [5678,1000,com.qti.diagservices,32101376,507904,30507008,47153152,1,10,5]
06-28 10:20:15.360 1603 1720 I am_pss : [2577,10094,android.ext.services,11566080,9080832,49152,95539200,1,5,5]
06-28 10:20:15.371 1603 1720 I am_pss : [3479,10131,com.baidu.input_hryt,43852800,35885056,48128,161165312,1,7,9]
06-28 10:20:15.378 1603 1720 I am_pss : [3164,10083,com.qualcomm.qti.workloadclassifier,21035008,18698240,49152,105172992,1,0,6]
06-28 10:20:15.385 1603 1720 I am_pss : [3167,10082,com.hryt.lebotp,26179584,17108992,339968,90898432,1,0,6]
06-28 10:20:15.391 1603 1720 I am_pss : [3135,10087,com.qualcomm.qti.qccnetstat,5836800,3870720,49152,85516288,1,0,5]
06-28 10:20:15.397 1603 1720 I am_pss : [3131,10070,com.qualcomm.qti.services.systemhelper:systemhelper_service,6023168,4042752,49152,86175744,1,0,5]
06-28 10:20:15.403 1603 1720 I am_pss : [3103,10060,.pasr,5488640,3543040,49152,84156416,1,0,5]
06-28 10:20:15.409 1603 1720 I am_pss : [3059,1000,com.hryt.hiphishowfsecontrol,6955008,4571136,49152,93138944,1,0,5]
06-28 10:20:15.414 1603 1720 I am_pss : [3056,10056,ts.car.uart,5606400,3661824,49152,84623360,1,0,5]
06-28 10:20:15.420 1603 1720 I am_pss : [2835,10073,com.qualcomm.location,8338432,5648384,49152,95121408,1,0,5]
06-28 10:20:15.427 1603 1720 I am_pss : [2535,1000,com.qualcomm.qti.qdma,10071040,7225344,49152,102002688,1,0,6]
06-28 10:20:15.433 1603 1720 I am_pss : [5603,10067,com.qualcomm.qti.devicestatisticsservice,5514240,3547136,49152,83795968,1,0,5]
06-28 10:20:15.438 1603 1720 I am_pss : [2462,1000,com.thundercomm.remotecontrolservice,6284288,4194304,49152,87736320,1,0,5]
06-28 10:20:15.444 1603 1720 I am_pss : [2483,1000,com.thundercomm.tcservice,6770688,4702208,49152,88539136,1,0,4]
06-28 10:20:15.449 1603 1720 I am_pss : [2458,1068,com.android.se,5813248,3833856,49152,85475328,1,0,4]
06-28 10:20:15.455 1603 1720 I am_pss : [2397,10081,com.qti.qualcomm.mstatssystemservice,5607424,3694592,49152,83955712,1,0,4]
06-28 10:20:15.460 1603 1720 I am_pss : [2389,1000,vendor.qti.qesdk.sysservice,5665792,3715072,49152,84934656,1,0,5]
06-28 10:20:15.465 1603 1720 I am_pss : [2383,1000,com.thundercomm.tcsetupwizard,5789696,3837952,49152,83886080,1,0,5]
06-28 10:20:15.471 1603 1720 I am_pss : [2355,1000,com.tc.logclient,6418432,4276224,49152,89636864,1,0,5]
06-28 10:20:15.477 1603 1720 I am_pss : [2371,1073,com.android.networkstack.process,12337152,9924608,50176,98021376,1,0,6]
06-28 10:20:15.483 1603 1720 I am_pss : [2299,1001,.dataservices,7429120,5378048,50176,87760896,1,0,5]
06-28 10:20:15.489 1603 1720 I am_pss : [2313,1000,com.thundercomm.tchttpserver,6089728,4042752,50176,86470656,1,0,5]
06-28 10:20:15.495 1603 1720 I am_pss : [2283,1000,com.thundercomm.microsettings,10345472,5844992,50176,106086400,1,0,6]
06-28 10:20:15.501 1603 1720 I am_pss : [2308,10055,.qtidataservices,5791744,3805184,50176,85450752,1,0,5]
06-28 10:20:15.507 1603 1720 I am_pss : [2270,1000,com.thundercomm.microservice,6302720,4272128,50176,86634496,1,0,5]
06-28 10:20:15.514 1603 1720 I am_pss : [2198,1000,com.thundercomm.gamemode,19359744,16175104,49152,111661056,1,0,6]
06-28 10:20:15.527 1603 1720 I am_pss : [1998,10080,com.android.systemui,162897920,153997312,48128,278216704,1,0,12]
06-28 10:20:15.548 1603 1720 I am_pss : [1603,1000,system,207121408,130908160,47104,473681920,1,0,20]
06-28 10:20:28.623 1603 1931 I netstats_mobile_sample: [0,0,0,0,0,0,0,0,0,0,0,0,1687918828623]
06-28 10:20:28.623 1603 1931 I netstats_wifi_sample: [257532385,214753,20164022,117595,257532385,214753,20164022,117595,269587544,235537,16582690,110272,1687918828623]
06-28 10:20:28.627 1603 1932 I service_manager_stats: [100,93,71180]
06-28 10:20:31.911 1603 1992 I sync : [com.tencent.android.qqdownloader.YYBLiveAccountProvider,0,3,24220937]
06-28 10:20:31.935 1603 1992 I sync : [com.tencent.android.qqdownloader.YYBLiveAccountProvider,1,3,24220937]
06-28 10:20:31.938 1603 1992 I commit_sys_config_file: [sync-status,645903]
06-28 10:20:31.946 1603 1992 I sync : [com.tencent.android.qqdownloader.YYBLiveAccountProvider,0,3,24220937]
06-28 10:20:31.966 1603 1992 I sync : [com.tencent.android.qqdownloader.YYBLiveAccountProvider,1,3,24220937]
06-28 10:20:31.969 1603 1992 I commit_sys_config_file: [sync-status,645934]
06-28 10:20:33.637 7511 7511 I sqlite_mem_released: 55328
06-28 10:20:33.638 7511 7511 I force_gc: mem
06-28 10:20:33.932 1603 1708 I commit_sys_config_file: [jobs,6]
06-28 10:20:36.443 1603 1720 I am_pss : [7467,10104,com.ss.android.ugc.aweme:push,162516992,94609408,50176,387911680,0,8,23]
06-28 10:20:36.467 1603 1720 I am_pss : [7499,10104,com.ss.android.ugc.aweme:pushservice,164188160,94711808,50176,393449472,0,8,22]
06-28 10:20:36.510 1603 1720 I am_pss : [6455,10104,com.ss.android.ugc.aweme,430974976,357179392,49152,665833472,0,8,38]
06-28 10:20:39.970 1603 1722 I am_proc_start: [0,9163,10104,com.ss.android.ugc.aweme:sandboxed_process1,service,{com.ss.android.ugc.aweme/com.bytedance.org.chromium.content.app.SandboxedProcessService0}]
06-28 10:20:40.002 1603 11911 I am_proc_bound: [0,9163,com.ss.android.ugc.aweme:sandboxed_process1]
06-28 10:20:40.461 9163 9163 I auditd : type=1400 audit(0.0:12253): avc: granted { execute } for comm="dboxed_process1" path="/data/user/0/com.ss.android.ugc.aweme/files/webview_bytedance/e098d2c121417799e1cfdecc90f33767_md5/libwebviewbytedance.so" dev="dm-21" ino=371299 scontext=u:r:untrusted_app_29:s0:c104,c256,c512,c768 tcontext=u:object_r:app_data_file:s0:c104,c256,c512,c768 tclass=file app=com.ss.android.ugc.aweme
