06-28 10:26:59.842 24678 24678 I NAccs.BaseService: onBind bind service
06-28 10:26:59.843 24678 24728 I NAccs.ElectionServiceImpl: onCreate, sdkVersion:221
06-28 10:26:59.843 24678 24728 D NAccs.ServiceImpl: init start
06-28 10:26:59.844 1603 6928 D CompatibilityInfo: mCompatibilityFlags - 4
06-28 10:26:59.844 1603 6928 D CompatibilityInfo: applicationDensity - 240
06-28 10:26:59.844 1603 6928 D CompatibilityInfo: applicationScale - 1.0
06-28 10:26:59.844 24678 24728 I NAccs.ServiceImpl: init sdkVersion:221 procStart:0
06-28 10:26:59.844 24678 24728 D NAccs.UtilityImpl: getProxy:null:-1
06-28 10:26:59.847 24678 24728 D NAccs.ServiceImpl: getServiceAliveTime aliveTime:-1687919197367
06-28 10:26:59.847 24678 24728 D NAccs.UtilityImpl: setServiceTime:1687919219847
06-28 10:26:59.847 1603 6928 D CompatibilityInfo: mCompatibilityFlags - 4
06-28 10:26:59.847 1603 6928 D CompatibilityInfo: applicationDensity - 240
06-28 10:26:59.847 1603 6928 D CompatibilityInfo: applicationScale - 1.0
06-28 10:26:59.854 24678 24728 E NAccs.ElectionServiceImpl: Service onDestroy
06-28 10:26:59.854 24678 24728 E NAccs.ServiceImpl: Service onDestroy
06-28 10:26:59.854 24678 24728 D NAccs.UtilityImpl: setServiceTime:1687919219854
06-28 10:26:59.854 24678 24728 I Process : Sending signal. PID: 24678 SIG: 9
06-28 10:26:59.854 24678 24678 D NAccs.BaseService: onBind intent:Intent { cmp=com.zhihu.android/com.taobao.accs.ChannelService }
06-28 10:26:59.863 24677 24677 I Perf : Connecting to perf service.
06-28 10:26:59.868 24677 24677 V GraphicsEnvironment: ANGLE Developer option for 'com.ss.android.ugc.aweme.lite' set to: 'default'
06-28 10:26:59.869 24677 24677 V GraphicsEnvironment: ANGLE GameManagerService for com.ss.android.ugc.aweme.lite: false
06-28 10:26:59.869 24677 24677 V GraphicsEnvironment: Updatable production driver is not supported on the device.
06-28 10:26:59.869 24677 24677 D NetworkSecurityConfig: Using Network Security Config from resource _ debugBuild: false
06-28 10:26:59.871 24677 24677 D NetworkSecurityConfig: Using Network Security Config from resource _ debugBuild: false
06-28 10:26:59.891 1603 6928 I ActivityManager: Process com.zhihu.android:channel (pid 24678) has died: fg SVC
06-28 10:26:59.892 1603 1723 I libprocessgroup: Successfully killed process cgroup uid 10127 pid 24678 in 0ms
06-28 10:26:59.892 701 701 I Zygote : Process 24678 exited due to signal 9 (Killed)
06-28 10:26:59.892 1603 6928 I am_proc_died: [0,24678,com.zhihu.android:channel,0,10]
06-28 10:26:59.893 1603 6928 I am_uid_stopped: 10127
06-28 10:26:59.898 24677 24677 I KEVA.NATIVE: alog init successed
06-28 10:26:59.937 24677 24677 W .ugc.aweme.lit: Class X.4RG failed lock verification and will run slower.
06-28 10:26:59.937 24677 24677 W .ugc.aweme.lit: Common causes for lock verification issues are non-optimized dex code
06-28 10:26:59.937 24677 24677 W .ugc.aweme.lit: and incorrect proguard optimizations.
06-28 10:26:59.948 24677 24769 I Reparo/hotfix: Init libart.so handle: 0x7a4788d530
06-28 10:27:00.001 1603 1880 D PowerManagerService: acquireWakeLockInternal: lock=157505321, flags=0x1, tag="*alarm*", ws=WorkSource{1000}, uid=1000, pid=1603
06-28 10:27:00.001 1603 1880 D PowerManagerService: updateWakeLockSummaryLocked: mWakefulness=Awake, mWakeLockSummary=0x1
06-28 10:27:00.001 1603 1880 D PowerManagerService: updateUserActivitySummaryLocked: groupId=0, mWakefulness=Awake, mUserActivitySummary=0x1, nextTimeout=1154101 (in 59516 ms)
06-28 10:27:00.001 1603 1880 D PowerManagerNotifier: onScreenPolicyUpdate: newPolicy=3
06-28 10:27:00.001 1603 1880 D PowerManagerService: updateDisplayPowerStateLocked: displayReady=true, groupId=0, policy=BRIGHT, mWakefulness=Awake, mWakeLockSummary=0x1, mUserActivitySummary=0x1, mBootCompleted=true, screenBrightnessOverride=NaN, useAutoBrightness=false, mScreenBrightnessBoostInProgress=false, mIsVrModeEnabled= false, sQuiescent=false
06-28 10:27:00.001 1603 1880 D PowerManagerNotifier: onWakeLockAcquired: flags=1, tag="*alarm*", packageName=android, ownerUid=1000, ownerPid=1603, workSource=WorkSource{1000}
06-28 10:27:00.002 1998 1998 D KeyguardUpdateMonitor: received broadcast android.intent.action.TIME_TICK
06-28 10:27:00.002 1998 1998 D KeyguardUpdateMonitor: handleTimeUpdate
06-28 10:27:00.002 1603 1603 D PowerManagerService: releaseWakeLockInternal: lock=157505321 [*alarm*], flags=0x0
06-28 10:27:00.002 1603 1603 D PowerManagerNotifier: onWakeLockReleased: flags=1, tag="*alarm*", packageName=android, ownerUid=1000, ownerPid=1603, workSource=WorkSource{1000}
06-28 10:27:00.002 1603 1603 D PowerManagerService: updateWakeLockSummaryLocked: mWakefulness=Awake, mWakeLockSummary=0x1
06-28 10:27:00.002 1603 1603 D PowerManagerService: updateUserActivitySummaryLocked: groupId=0, mWakefulness=Awake, mUserActivitySummary=0x1, nextTimeout=1154101 (in 59515 ms)
06-28 10:27:00.002 1603 1603 D PowerManagerNotifier: onScreenPolicyUpdate: newPolicy=3
06-28 10:27:00.002 1603 1603 D PowerManagerService: updateDisplayPowerStateLocked: displayReady=true, groupId=0, policy=BRIGHT, mWakefulness=Awake, mWakeLockSummary=0x1, mUserActivitySummary=0x1, mBootCompleted=true, screenBrightnessOverride=NaN, useAutoBrightness=false, mScreenBrightnessBoostInProgress=false, mIsVrModeEnabled= false, sQuiescent=false
06-28 10:27:00.082 1603 11911 D PowerManagerService: releaseWakeLockInternal: lock=82158172 [i], flags=0x0
06-28 10:27:00.082 1603 11911 D PowerManagerNotifier: onWakeLockReleased: flags=1, tag="i", packageName=com.tencent.android.qqdownloader, ownerUid=10101, ownerPid=9357, workSource=null
06-28 10:27:00.083 1603 11911 D PowerManagerService: updateWakeLockSummaryLocked: mWakefulness=Awake, mWakeLockSummary=0x1
06-28 10:27:00.083 1603 11911 D PowerManagerService: updateUserActivitySummaryLocked: groupId=0, mWakefulness=Awake, mUserActivitySummary=0x1, nextTimeout=1154101 (in 59435 ms)
06-28 10:27:00.083 1603 11911 D PowerManagerNotifier: onScreenPolicyUpdate: newPolicy=3
06-28 10:27:00.083 1603 11911 D PowerManagerService: updateDisplayPowerStateLocked: displayReady=true, groupId=0, policy=BRIGHT, mWakefulness=Awake, mWakeLockSummary=0x1, mUserActivitySummary=0x1, mBootCompleted=true, screenBrightnessOverride=NaN, useAutoBrightness=false, mScreenBrightnessBoostInProgress=false, mIsVrModeEnabled= false, sQuiescent=false
06-28 10:27:00.084 24677 24750 E .ugc.aweme.lit: No package ID 7f found for ID 0x7f0c0146.
06-28 10:27:00.085 24677 24750 E .ugc.aweme.lit: No package ID 7f found for ID 0x7f0c01e4.
06-28 10:27:00.121 24677 24774 E METASEC : init fail
06-28 10:27:00.133 535 535 I hwservicemanager: getTransport: Cannot find entry android.hardware.graphics.mapper@4.0::IMapper/default in either framework or device VINTF manifest.
06-28 10:27:00.191 24677 24750 E .ugc.aweme.lit: No package ID 7f found for ID 0x7f0c005e.
06-28 10:27:00.191 24677 24750 E .ugc.aweme.lit: No package ID 7f found for ID 0x7f0c005e.
06-28 10:27:00.191 24677 24750 E .ugc.aweme.lit: No package ID 7f found for ID 0x7f0c0055.
06-28 10:27:00.192 24677 24750 E .ugc.aweme.lit: No package ID 7f found for ID 0x7f0c005e.
06-28 10:27:00.192 24677 24750 E .ugc.aweme.lit: No package ID 7f found for ID 0x7f0c004e.
06-28 10:27:00.192 24677 24750 E .ugc.aweme.lit: No package ID 7f found for ID 0x7f0c0146.
06-28 10:27:00.192 24677 24750 E .ugc.aweme.lit: No package ID 7f found for ID 0x7f0c0146.
06-28 10:27:00.192 24677 24750 E .ugc.aweme.lit: No package ID 7f found for ID 0x7f0c0146.
06-28 10:27:00.192 24677 24750 E .ugc.aweme.lit: No package ID 7f found for ID 0x7f0c0146.
06-28 10:27:00.192 24677 24750 E .ugc.aweme.lit: No package ID 7f found for ID 0x7f0c0146.
06-28 10:27:00.193 24677 24750 E .ugc.aweme.lit: No package ID 7f found for ID 0x7f0c01e4.
06-28 10:27:00.193 24677 24750 E .ugc.aweme.lit: No package ID 7f found for ID 0x7f0c01e4.
06-28 10:27:00.195 24677 24750 E .ugc.aweme.lit: No package ID 7f found for ID 0x7f0c0056.
06-28 10:27:00.196 24677 24750 E .ugc.aweme.lit: No package ID 7f found for ID 0x7f0c0056.
06-28 10:27:00.196 24677 24750 E .ugc.aweme.lit: No package ID 7f found for ID 0x7f0c0056.
06-28 10:27:00.196 24677 24750 E .ugc.aweme.lit: No package ID 7f found for ID 0x7f0c0056.
06-28 10:27:00.196 24677 24750 E .ugc.aweme.lit: No package ID 7f found for ID 0x7f0c0056.
06-28 10:27:00.196 24677 24750 E .ugc.aweme.lit: No package ID 7f found for ID 0x7f0c0056.
06-28 10:27:00.196 24677 24750 E .ugc.aweme.lit: No package ID 7f found for ID 0x7f0c0053.
06-28 10:27:00.196 24677 24750 E .ugc.aweme.lit: No package ID 7f found for ID 0x7f0c0053.
06-28 10:27:00.196 24677 24750 E .ugc.aweme.lit: No package ID 7f found for ID 0x7f0c0056.
06-28 10:27:00.196 24677 24750 E .ugc.aweme.lit: No package ID 7f found for ID 0x7f0c0056.
06-28 10:27:00.199 24677 24750 E .ugc.aweme.lit: No package ID 7f found for ID 0x7f0c0055.
06-28 10:27:00.199 24677 24750 E .ugc.aweme.lit: No package ID 7f found for ID 0x7f0c005e.
06-28 10:27:00.199 24677 24750 E .ugc.aweme.lit: No package ID 7f found for ID 0x7f0c005e.
06-28 10:27:00.199 24677 24750 E .ugc.aweme.lit: No package ID 7f found for ID 0x7f0c005e.
06-28 10:27:00.199 24677 24750 E .ugc.aweme.lit: No package ID 7f found for ID 0x7f0c005e.
06-28 10:27:00.199 24677 24750 E .ugc.aweme.lit: No package ID 7f found for ID 0x7f0c005e.
06-28 10:27:00.199 24677 24750 E .ugc.aweme.lit: No package ID 7f found for ID 0x7f0c004d.
06-28 10:27:00.200 24677 24750 E .ugc.aweme.lit: No package ID 7f found for ID 0x7f0c0055.
06-28 10:27:00.200 24677 24750 E .ugc.aweme.lit: No package ID 7f found for ID 0x7f0c0052.
06-28 10:27:00.200 24677 24750 E .ugc.aweme.lit: No package ID 7f found for ID 0x7f0c0055.
06-28 10:27:00.201 24677 24750 E .ugc.aweme.lit: No package ID 7f found for ID 0x7f0c0055.
06-28 10:27:00.201 24677 24750 E .ugc.aweme.lit: No package ID 7f found for ID 0x7f0c0146.
06-28 10:27:00.201 24677 24750 E .ugc.aweme.lit: No package ID 7f found for ID 0x7f0c0055.
06-28 10:27:00.201 24677 24750 E .ugc.aweme.lit: No package ID 7f found for ID 0x7f0c0055.
06-28 10:27:00.201 24677 24750 E .ugc.aweme.lit: No package ID 7f found for ID 0x7f0c0056.
06-28 10:27:00.201 24677 24750 E .ugc.aweme.lit: No package ID 7f found for ID 0x7f0c0056.
06-28 10:27:00.201 24677 24750 E .ugc.aweme.lit: No package ID 7f found for ID 0x7f0c0056.
06-28 10:27:00.201 24677 24750 E .ugc.aweme.lit: No package ID 7f found for ID 0x7f0c005e.
06-28 10:27:00.201 24677 24750 E .ugc.aweme.lit: No package ID 7f found for ID 0x7f0c005e.
06-28 10:27:00.201 24677 24750 E .ugc.aweme.lit: No package ID 7f found for ID 0x7f0c004d.
06-28 10:27:00.202 24677 24750 E .ugc.aweme.lit: No package ID 7f found for ID 0x7f0c0146.
06-28 10:27:00.202 24677 24750 E .ugc.aweme.lit: No package ID 7f found for ID 0x7f0c0146.
06-28 10:27:00.202 24677 24750 E .ugc.aweme.lit: No package ID 7f found for ID 0x7f0c0146.
06-28 10:27:00.202 24677 24750 E .ugc.aweme.lit: No package ID 7f found for ID 0x7f0c0146.
06-28 10:27:00.207 24677 24677 W .ugc.aweme.lit: Unsupported class loader
06-28 10:27:00.224 1603 2646 D ConnectivityService: requestNetwork for uid/pid:10113/24677 activeRequest: null callbackRequest: 566 [NetworkRequest [ REQUEST id=567, [ Capabilities: INTERNET&NOT_RESTRICTED&TRUSTED&NOT_VCN_MANAGED Uid: 10113 RequestorUid: 10113 RequestorPkg: com.ss.android.ugc.aweme.lite] ]] callback flags: 0 priority: 2147483647
06-28 10:27:00.224 1603 1941 D ConnectivityService: NetReassign [567 : null → 100]
06-28 10:27:00.225 1603 1980 D Ethernet: got request NetworkRequest [ REQUEST id=567, [ Capabilities: INTERNET&NOT_RESTRICTED&TRUSTED&NOT_VCN_MANAGED Uid: 10113 RequestorUid: 10113 RequestorPkg: com.ss.android.ugc.aweme.lite] ]
06-28 10:27:00.225 1603 1980 D EthernetNetworkFactory: acceptRequest, request: NetworkRequest [ REQUEST id=567, [ Capabilities: INTERNET&NOT_RESTRICTED&TRUSTED&NOT_VCN_MANAGED Uid: 10113 RequestorUid: 10113 RequestorPkg: com.ss.android.ugc.aweme.lite] ]
06-28 10:27:00.225 1603 1980 I EthernetNetworkFactory: networkForRequest, request: NetworkRequest [ REQUEST id=567, [ Capabilities: INTERNET&NOT_RESTRICTED&TRUSTED&NOT_VCN_MANAGED Uid: 10113 RequestorUid: 10113 RequestorPkg: com.ss.android.ugc.aweme.lite] ], network: null
06-28 10:27:00.226 1603 1934 D WifiNetworkFactory: got request NetworkRequest [ REQUEST id=567, [ Capabilities: INTERNET&NOT_RESTRICTED&TRUSTED&NOT_VCN_MANAGED Uid: 10113 RequestorUid: 10113 RequestorPkg: com.ss.android.ugc.aweme.lite] ]
06-28 10:27:00.226 1603 1934 D UntrustedWifiNetworkFactory: got request NetworkRequest [ REQUEST id=567, [ Capabilities: INTERNET&NOT_RESTRICTED&TRUSTED&NOT_VCN_MANAGED Uid: 10113 RequestorUid: 10113 RequestorPkg: com.ss.android.ugc.aweme.lite] ]
06-28 10:27:00.226 1603 1934 D OemPaidWifiNetworkFactory: got request NetworkRequest [ REQUEST id=567, [ Capabilities: INTERNET&NOT_RESTRICTED&TRUSTED&NOT_VCN_MANAGED Uid: 10113 RequestorUid: 10113 RequestorPkg: com.ss.android.ugc.aweme.lite] ]
06-28 10:27:00.238 1603 1941 D ConnectivityService: NetReassign [no changes]
06-28 10:27:00.254 1603 1946 I GameModeConfig: isGameModeOn = true
06-28 10:27:00.255 1603 1946 I GameModeConfig: isGaming = false
06-28 10:27:00.255 1603 1946 I GameModeConfig: isGameModeOn = true
06-28 10:27:00.255 1603 1946 I GameModeConfig: isGaming = false
06-28 10:27:00.255 1603 1946 I GameModeConfig: isGameModeOn = true
06-28 10:27:00.255 1603 1946 I GameModeConfig: isGaming = false
06-28 10:27:00.255 1603 1946 I GameModeConfig: isGameModeOn = true
06-28 10:27:00.255 1603 1946 I GameModeConfig: isGaming = false
06-28 10:27:00.255 1603 1946 I GameModeConfig: isGameModeOn = true
06-28 10:27:00.255 1603 1946 I GameModeConfig: isGaming = false
06-28 10:27:00.255 1603 1946 I GameModeConfig: isGameModeOn = true
06-28 10:27:00.255 1603 1946 I GameModeConfig: isGaming = false
06-28 10:27:00.262 24677 24750 E .ugc.aweme.lit: No package ID 7f found for ID 0x7f0c01e4.
06-28 10:27:00.263 24677 24750 E .ugc.aweme.lit: No package ID 7f found for ID 0x7f0c01e4.
06-28 10:27:00.263 24677 24750 E .ugc.aweme.lit: No package ID 7f found for ID 0x7f0c01e4.
06-28 10:27:00.263 24677 24750 E .ugc.aweme.lit: No package ID 7f found for ID 0x7f0c01e4.
06-28 10:27:00.263 24677 24750 E .ugc.aweme.lit: No package ID 7f found for ID 0x7f0c01e4.
06-28 10:27:00.263 24677 24750 E .ugc.aweme.lit: No package ID 7f found for ID 0x7f0c01e4.
06-28 10:27:00.263 24677 24750 E .ugc.aweme.lit: No package ID 7f found for ID 0x7f0c0146.
06-28 10:27:00.263 24677 24750 E .ugc.aweme.lit: No package ID 7f found for ID 0x7f0c01e4.
06-28 10:27:00.263 24677 24750 E .ugc.aweme.lit: No package ID 7f found for ID 0x7f0c01e4.
06-28 10:27:00.264 24677 24750 E .ugc.aweme.lit: No package ID 7f found for ID 0x7f0c0146.
06-28 10:27:00.264 24677 24750 E .ugc.aweme.lit: No package ID 7f found for ID 0x7f0c01e4.
06-28 10:27:00.264 24677 24750 E .ugc.aweme.lit: No package ID 7f found for ID 0x7f0c01e4.
06-28 10:27:00.265 24677 24750 E .ugc.aweme.lit: No package ID 7f found for ID 0x7f0c01e4.
06-28 10:27:00.268 24677 24750 E .ugc.aweme.lit: No package ID 7f found for ID 0x7f0c01e4.
06-28 10:27:00.269 24677 24750 E .ugc.aweme.lit: No package ID 7f found for ID 0x7f0c01e4.
06-28 10:27:00.269 24677 24750 E .ugc.aweme.lit: No package ID 7f found for ID 0x7f0c01e4.
06-28 10:27:00.269 24677 24750 E .ugc.aweme.lit: No package ID 7f found for ID 0x7f0c01e4.
06-28 10:27:00.269 24677 24750 E .ugc.aweme.lit: No package ID 7f found for ID 0x7f0c01e4.
06-28 10:27:00.269 24677 24750 E .ugc.aweme.lit: No package ID 7f found for ID 0x7f0c01e4.
06-28 10:27:00.269 24677 24750 E .ugc.aweme.lit: No package ID 7f found for ID 0x7f0c0146.
06-28 10:27:00.304 24677 24750 E .ugc.aweme.lit: No package ID 7f found for ID 0x7f0c0146.
06-28 10:27:00.357 24677 24677 I auditd : type=1400 audit(0.0:13441): avc: granted { nlmsg_readpriv } for comm="TTNet-AN-IO" scontext=u:r:untrusted_app_29:s0:c113,c256,c512,c768 tcontext=u:r:untrusted_app_29:s0:c113,c256,c512,c768 tclass=netlink_route_socket app=com.ss.android.ugc.aweme.lite
06-28 10:27:00.357 24677 24677 W TTNet-AN-IO: type=1400 audit(0.0:13441): avc: granted { nlmsg_readpriv } for scontext=u:r:untrusted_app_29:s0:c113,c256,c512,c768 tcontext=u:r:untrusted_app_29:s0:c113,c256,c512,c768 tclass=netlink_route_socket app=com.ss.android.ugc.aweme.lite
06-28 10:27:00.388 24677 24750 E .ugc.aweme.lit: No package ID 7f found for ID 0x7f0c0146.
06-28 10:27:00.410 24677 24870 I WCDB : Initialize JNI module (1/11) SQLiteDebug...
06-28 10:27:00.410 24677 24870 V WCDB.JNIHelp: Registering com/tencent/wcdb/database/SQLiteDebug natives
06-28 10:27:00.410 24677 24870 I WCDB : Initialize JNI module (2/11) Log...
06-28 10:27:00.410 24677 24870 V WCDB.JNIHelp: Registering com/tencent/wcdb/support/Log natives
06-28 10:27:00.411 24677 24870 I WCDB : Initialize JNI module (3/11) FileUtils...
06-28 10:27:00.411 24677 24870 V WCDB.JNIHelp: Registering com/tencent/wcdb/FileUtils natives
06-28 10:27:00.411 24677 24870 I WCDB : Initialize JNI module (4/11) SQLiteGlobal...
06-28 10:27:00.411 24677 24870 V WCDB.JNIHelp: Registering com/tencent/wcdb/database/SQLiteGlobal natives
06-28 10:27:00.411 24677 24870 I WCDB : Initialize JNI module (5/11) DBBackup...
06-28 10:27:00.411 24677 24870 V WCDB.JNIHelp: Registering com/tencent/wcdb/repair/BackupKit natives
06-28 10:27:00.411 24677 24870 V WCDB.JNIHelp: Registering com/tencent/wcdb/repair/RecoverKit natives
06-28 10:27:00.411 24677 24870 I WCDB : Initialize JNI module (6/11) ChunkedCursorWindow...
06-28 10:27:00.411 24677 24870 V WCDB.JNIHelp: Registering com/tencent/wcdb/database/ChunkedCursorWindow natives
06-28 10:27:00.411 24677 24870 V WCDB.JNIHelp: Registering com/tencent/wcdb/database/SQLiteAsyncQuery natives
06-28 10:27:00.411 24677 24870 I WCDB : Initialize JNI module (7/11) DBDumpUtil...
06-28 10:27:00.411 24677 24870 V WCDB.JNIHelp: Registering com/tencent/wcdb/repair/DBDumpUtil natives
06-28 10:27:00.411 24677 24870 I WCDB : Initialize JNI module (8/11) DBRepair...
06-28 10:27:00.411 24677 24870 V WCDB.JNIHelp: Registering com/tencent/wcdb/repair/RepairKit$RepairCursor natives
06-28 10:27:00.411 24677 24870 I WCDB : Initialize JNI module (9/11) CursorWindow...
06-28 10:27:00.411 24677 24870 V WCDB.JNIHelp: Registering com/tencent/wcdb/CursorWindow natives
06-28 10:27:00.411 24677 24870 I WCDB : Initialize JNI module (10/11) SQLiteDirectCursor...
06-28 10:27:00.411 24677 24870 V WCDB.JNIHelp: Registering com/tencent/wcdb/database/SQLiteDirectQuery natives
06-28 10:27:00.411 24677 24870 I WCDB : Initialize JNI module (11/11) SQLiteConnection...
06-28 10:27:00.421 24677 24868 E .ugc.aweme.lit: No package ID 7f found for ID 0x7f0c01cf.
06-28 10:27:00.423 24677 24868 E .ugc.aweme.lit: No package ID 7f found for ID 0x7f0c0146.
06-28 10:27:00.477 24677 24866 E .ugc.aweme.lit: No package ID 7f found for ID 0x7f0c000f.
06-28 10:27:00.496 1603 3456 W ServiceManager: Permission failure: android.permission.HIGH_SAMPLING_RATE_SENSORS from uid=10113 pid=24677
06-28 10:27:00.516 1603 3456 W ActivityManager: Unable to start service Intent { act=com.bun.msa.action.start.service cmp=com.mdid.msa/.service.MsaKlService (has extras) } U=0: not found
06-28 10:27:00.529 1603 3456 W ActivityManager: Unable to start service Intent { act=com.bun.msa.action.bindto.service cmp=com.mdid.msa/.service.MsaIdService (has extras) } U=0: not found
06-28 10:27:00.557 0 0 I : [ 1095.136086] atmel_mxt_ts 0-004a: Report KEY_POWER to wakeup system
06-28 10:27:00.577 24677 24677 I auditd : type=1400 audit(0.0:13442): avc: granted { execute } for comm="#GlobalProxyLan" path="/data/user/0/com.ss.android.ugc.aweme.lite/files/plugins/com.ss.android.ugc.aweme.videocache_v2/version-25909062/lib/libavmdlv2.so" dev="dm-21" ino=83754 scontext=u:r:untrusted_app_29:s0:c113,c256,c512,c768 tcontext=u:object_r:app_data_file:s0:c113,c256,c512,c768 tclass=file app=com.ss.android.ugc.aweme.lite
06-28 10:27:00.577 24677 24677 W #GlobalProxyLan: type=1400 audit(0.0:13442): avc: granted { execute } for path="/data/user/0/com.ss.android.ugc.aweme.lite/files/plugins/com.ss.android.ugc.aweme.videocache_v2/version-25909062/lib/libavmdlv2.so" dev="dm-21" ino=83754 scontext=u:r:untrusted_app_29:s0:c113,c256,c512,c768 tcontext=u:object_r:app_data_file:s0:c113,c256,c512,c768 tclass=file app=com.ss.android.ugc.aweme.lite
06-28 10:27:00.623 24677 24845 W .ugc.aweme.lit: Unsupported class loader
06-28 10:27:00.623 680 694 I mpu_uart: [MSG-P:RECV]:No message received in 1000 ms
06-28 10:27:00.651 24677 24869 E .ugc.aweme.lit: No implementation found for void com.bytedance.vmsdk.log.VLog.nativeSetNativeMinLogLevel(int) (tried Java_com_bytedance_vmsdk_log_VLog_nativeSetNativeMinLogLevel and Java_com_bytedance_vmsdk_log_VLog_nativeSetNativeMinLogLevel__I)
06-28 10:27:00.688 24677 24866 I LynxEnv : Native Lynx Library load success
06-28 10:27:00.688 24677 24866 I LynxEnv : parseSettingsForDisableQuickJsCache success: false
06-28 10:27:00.713 24677 24866 I vmsdk : start to load ALog dependency
06-28 10:27:00.714 24677 24866 I lynx : start to load ALog dependency
06-28 10:27:00.713 24677 24677 I auditd : type=1400 audit(0.0:13443): avc: granted { execute } for comm="#tp-default-46" path="/data/user/0/com.ss.android.ugc.aweme.lite/files/plugins/com.ss.android.ugc.aweme.v8/version-258090010/lib/libv8_libfull.cr.so" dev="dm-21" ino=336566 scontext=u:r:untrusted_app_29:s0:c113,c256,c512,c768 tcontext=u:object_r:app_data_file:s0:c113,c256,c512,c768 tclass=file app=com.ss.android.ugc.aweme.lite
06-28 10:27:00.713 24677 24677 W #tp-default-46: type=1400 audit(0.0:13443): avc: granted { execute } for path="/data/user/0/com.ss.android.ugc.aweme.lite/files/plugins/com.ss.android.ugc.aweme.v8/version-258090010/lib/libv8_libfull.cr.so" dev="dm-21" ino=336566 scontext=u:r:untrusted_app_29:s0:c113,c256,c512,c768 tcontext=u:object_r:app_data_file:s0:c113,c256,c512,c768 tclass=file app=com.ss.android.ugc.aweme.lite
06-28 10:27:00.733 24677 24677 I auditd : type=1400 audit(0.0:13444): avc: granted { execute } for comm="#tp-default-46" path="/data/user/0/com.ss.android.ugc.aweme.lite/files/plugins/com.ss.android.ugc.aweme.vmsdk_plugin/version-258090010/lib/libnapi_v8.so" dev="dm-21" ino=336498 scontext=u:r:untrusted_app_29:s0:c113,c256,c512,c768 tcontext=u:object_r:app_data_file:s0:c113,c256,c512,c768 tclass=file app=com.ss.android.ugc.aweme.lite
06-28 10:27:00.733 24677 24677 W #tp-default-46: type=1400 audit(0.0:13444): avc: granted { execute } for path="/data/user/0/com.ss.android.ugc.aweme.lite/files/plugins/com.ss.android.ugc.aweme.vmsdk_plugin/version-258090010/lib/libnapi_v8.so" dev="dm-21" ino=336498 scontext=u:r:untrusted_app_29:s0:c113,c256,c512,c768 tcontext=u:object_r:app_data_file:s0:c113,c256,c512,c768 tclass=file app=com.ss.android.ugc.aweme.lite
06-28 10:27:00.741 1603 11911 D PowerManagerService: acquireWakeLockInternal: lock=226248492, flags=0x1, tag="NetworkStats", ws=null, uid=1000, pid=1603
06-28 10:27:00.741 1603 11911 D PowerManagerService: updateWakeLockSummaryLocked: mWakefulness=Awake, mWakeLockSummary=0x1
06-28 10:27:00.741 1603 11911 D PowerManagerService: updateUserActivitySummaryLocked: groupId=0, mWakefulness=Awake, mUserActivitySummary=0x1, nextTimeout=1154101 (in 58776 ms)
06-28 10:27:00.741 1603 11911 D PowerManagerNotifier: onScreenPolicyUpdate: newPolicy=3
06-28 10:27:00.742 1603 11911 D PowerManagerService: updateDisplayPowerStateLocked: displayReady=true, groupId=0, policy=BRIGHT, mWakefulness=Awake, mWakeLockSummary=0x1, mUserActivitySummary=0x1, mBootCompleted=true, screenBrightnessOverride=NaN, useAutoBrightness=false, mScreenBrightnessBoostInProgress=false, mIsVrModeEnabled= false, sQuiescent=false
06-28 10:27:00.742 1603 11911 D PowerManagerNotifier: onWakeLockAcquired: flags=1, tag="NetworkStats", packageName=android, ownerUid=1000, ownerPid=1603, workSource=null
06-28 10:27:00.744 1603 11911 W BestClock: java.time.DateTimeException: Missing NTP fix
06-28 10:27:00.768 1603 11911 W BestClock: java.time.DateTimeException: Missing NTP fix
06-28 10:27:00.769 1603 11911 I netstats_mobile_sample: [0,0,0,0,0,0,0,0,0,0,0,0,1687919220768]
06-28 10:27:00.769 1603 11911 I netstats_wifi_sample: [271663121,244099,30123335,151896,271663121,244099,30123335,151896,292746874,281717,23866253,139019,1687919220768]
06-28 10:27:00.769 1603 11911 D PowerManagerService: releaseWakeLockInternal: lock=226248492 [NetworkStats], flags=0x0
06-28 10:27:00.769 1603 11911 D PowerManagerNotifier: onWakeLockReleased: flags=1, tag="NetworkStats", packageName=android, ownerUid=1000, ownerPid=1603, workSource=null
06-28 10:27:00.769 1603 11911 D PowerManagerService: updateWakeLockSummaryLocked: mWakefulness=Awake, mWakeLockSummary=0x1
06-28 10:27:00.769 1603 11911 D PowerManagerService: updateUserActivitySummaryLocked: groupId=0, mWakefulness=Awake, mUserActivitySummary=0x1, nextTimeout=1154101 (in 58748 ms)
06-28 10:27:00.769 1603 11911 D PowerManagerNotifier: onScreenPolicyUpdate: newPolicy=3
06-28 10:27:00.770 1603 11911 D PowerManagerService: updateDisplayPowerStateLocked: displayReady=true, groupId=0, policy=BRIGHT, mWakefulness=Awake, mWakeLockSummary=0x1, mUserActivitySummary=0x1, mBootCompleted=true, screenBrightnessOverride=NaN, useAutoBrightness=false, mScreenBrightnessBoostInProgress=false, mIsVrModeEnabled= false, sQuiescent=false
06-28 10:27:00.771 1603 1932 W BestClock: java.time.DateTimeException: Missing NTP fix
06-28 10:27:00.771 1603 1932 W BestClock: java.time.DateTimeException: Missing NTP fix
06-28 10:27:00.801 1603 1889 I input_interaction: Interaction with: 3675f2c com.android.launcher3/com.android.launcher3.uioverrides.QuickstepLauncher (server), 287fe67 com.android.systemui.ImageWallpaper (server), edge-swipe (server), swipe-up (server), PointerEventDispatcher0 (server),
06-28 10:27:00.801 1603 1889 D PowerManagerService: userActivityNoUpdateLocked: groupId=0, eventTime=1095383, event=2, flags=0x0, uid=1000
06-28 10:27:00.801 1603 1889 D PowerManagerNotifier: onUserActivity: event=2, uid=1000
06-28 10:27:00.802 1998 1998 D ViewTouchDebug: mView : com.android.systemui.navigationbar.NavigationBarFrame{ea90e25 V.E...... ........ 0,0-2560,46 #7f0b03f3 app:id/navigation_bar_frame}Receive event : MotionEvent { action=ACTION_OUTSIDE, actionButton=0, id[0]=0, x[0]=0.0, y[0]=-1034.0, toolType[0]=TOOL_TYPE_FINGER, buttonState=0, classification=NONE, metaState=0, flags=0x0, edgeFlags=0x0, pointerCount=1, historySize=0, eventTime=1095383, downTime=1095383, deviceId=4, source=0x5002, displayId=0, eventId=1444401289 }
06-28 10:27:00.802 1603 1889 D PowerManagerService: updateUserActivitySummaryLocked: groupId=0, mWakefulness=Awake, mUserActivitySummary=0x1, nextTimeout=1155383 (in 59998 ms)
06-28 10:27:00.802 1603 1889 D PowerManagerNotifier: onScreenPolicyUpdate: newPolicy=3
06-28 10:27:00.802 1603 1889 D PowerManagerService: updateDisplayPowerStateLocked: displayReady=true, groupId=0, policy=BRIGHT, mWakefulness=Awake, mWakeLockSummary=0x1, mUserActivitySummary=0x1, mBootCompleted=true, screenBrightnessOverride=NaN, useAutoBrightness=false, mScreenBrightnessBoostInProgress=false, mIsVrModeEnabled= false, sQuiescent=false
06-28 10:27:00.803 2605 2605 D ViewTouchDebug: mView : DecorView@20168d1[QuickstepLauncher]Receive event : MotionEvent { action=ACTION_DOWN, actionButton=0, id[0]=0, x[0]=1478.0, y[0]=540.0, toolType[0]=TOOL_TYPE_FINGER, buttonState=0, classification=NONE, metaState=0, flags=0x0, edgeFlags=0x0, pointerCount=1, historySize=0, eventTime=1095383, downTime=1095383, deviceId=4, source=0x5002, displayId=0, eventId=550481140 }
06-28 10:27:00.810 24677 24844 W .ugc.aweme.lit: Unsupported class loader
06-28 10:27:00.901 2605 2605 D ViewTouchDebug: mView : DecorView@20168d1[QuickstepLauncher]Receive event : MotionEvent { action=ACTION_UP, actionButton=0, id[0]=0, x[0]=1478.0, y[0]=540.0, toolType[0]=TOOL_TYPE_FINGER, buttonState=0, classification=NONE, metaState=0, flags=0x0, edgeFlags=0x0, pointerCount=1, historySize=0, eventTime=1095483, downTime=1095383, deviceId=4, source=0x5002, displayId=0, eventId=622426335 }
06-28 10:27:00.912 2605 2605 D FreeWindowHelper: setExitFlag: old=0,new=1
06-28 10:27:00.913 1603 3456 I thunderperf: Maybe need boostperf for current app!
06-28 10:27:00.913 2198 30944 D FgBoostPerfService: [FgBoostPerfService.perfBoostAcq]start: stat=true pkgName=com.ss.android.ugc.aweme
06-28 10:27:00.914 2198 30944 I FgBoostPerfService: [FgBoostPerfService.perfBoostAcq] not game-mode or game app!
06-28 10:27:00.914 1603 3456 I ThunderPerfManager: PerfAcq error : state=true pkgName=com.ss.android.ugc.aweme
06-28 10:27:00.914 2198 11858 I FgBoostPerfService: [GetGpuMode] isMode=1 isGame=false mGpuMode=0
06-28 10:27:00.915 2198 30944 I FgBoostPerfService: [GetGpuDpiType] isMode=1 isGame=false mGpuDpiType=0
06-28 10:27:00.915 2198 30944 I FgBoostPerfService: [GetGpuDpiType] isMode=1 isGame=false mGpuStandardValue=0
06-28 10:27:00.915 1603 3456 I thunderperf: Current app pkgName=com.ss.android.ugc.aweme bm:com.thundercomm.perf.BoostPerfManager@48b8a7f gpuMode=-1 gpuType=-1 gpuStandardVal=-1
06-28 10:27:00.915 1603 3456 I ThunderBoostPerfService: Resolution: Uid=10075 Pid=2605 gMode=-1 dType=-1 gpuStandardVal=-1
06-28 10:27:00.916 1603 3456 I thunderperf: PlatormCompat.setOverrides: Uid1=10075 Pid1=2605 Uid2=10075 Pid2=2605
06-28 10:27:00.916 1603 3456 I thunderperf: PlatormCompat.setOverrides: needCheck:false
06-28 10:27:00.917 1603 3456 I thunderperf: CompatConfig.addOverrideUnsafe: bef-state=1
06-28 10:27:00.917 1603 3456 I thunderperf: CompatConfig.addOverrideUnsafe: aft-state=0
06-28 10:27:00.918 1603 3456 I thunderperf: CompatConfig.addOverrideUnsafe: bef-state=1
06-28 10:27:00.919 1603 3456 I thunderperf: CompatConfig.addOverrideUnsafe: aft-state=0
06-28 10:27:00.919 1603 3456 I thunderperf: CompatConfig.addOverrideUnsafe: bef-state=1
06-28 10:27:00.920 1603 3456 I thunderperf: CompatConfig.addOverrideUnsafe: aft-state=0
06-28 10:27:00.923 1603 3456 I thunderperf: CompatConfig.addOverrideUnsafe: bef-state=1
06-28 10:27:00.923 1603 3456 I thunderperf: CompatConfig.addOverrideUnsafe: aft-state=0
06-28 10:27:00.924 1603 3456 I thunderperf: CompatConfig.addOverrideUnsafe: bef-state=1
06-28 10:27:00.924 1603 3456 I thunderperf: CompatConfig.addOverrideUnsafe: aft-state=0
06-28 10:27:00.925 1603 3456 I thunderperf: CompatConfig.addOverrideUnsafe: bef-state=1
06-28 10:27:00.925 1603 3456 I thunderperf: CompatConfig.addOverrideUnsafe: aft-state=0
06-28 10:27:00.925 1603 3456 I thunderperf: CompatConfig.addOverrideUnsafe: bef-state=1
06-28 10:27:00.925 1603 3456 I thunderperf: CompatConfig.addOverrideUnsafe: aft-state=0
06-28 10:27:00.926 1603 3456 I thunderperf: CompatConfig.addOverrideUnsafe: bef-state=1
06-28 10:27:00.926 1603 3456 I thunderperf: CompatConfig.addOverrideUnsafe: aft-state=0
06-28 10:27:00.926 1603 3456 I thunderperf: CompatConfig.addOverrideUnsafe: bef-state=1
06-28 10:27:00.926 1603 3456 I thunderperf: CompatConfig.addOverrideUnsafe: aft-state=0
06-28 10:27:00.926 1603 3456 I thunderperf: CompatConfig.addOverrideUnsafe: bef-state=1
06-28 10:27:00.926 1603 3456 I thunderperf: CompatConfig.addOverrideUnsafe: aft-state=0
06-28 10:27:00.927 1603 3456 I thunderperf: CompatConfig.addOverrideUnsafe: bef-state=1
06-28 10:27:00.927 1603 3456 I thunderperf: CompatConfig.addOverrideUnsafe: aft-state=0
06-28 10:27:00.927 1603 3456 I thunderperf: CompatConfig.addOverrideUnsafe: bef-state=1
06-28 10:27:00.928 1603 3456 I thunderperf: CompatConfig.addOverrideUnsafe: aft-state=0
06-28 10:27:00.928 1603 3456 I thunderperf: CompatConfig.addOverrideUnsafe: bef-state=1
06-28 10:27:00.928 1603 3456 I thunderperf: CompatConfig.addOverrideUnsafe: aft-state=0
06-28 10:27:00.928 1603 3456 I thunderperf: CompatConfig.addOverrideUnsafe: bef-state=1
06-28 10:27:00.929 1603 3456 I thunderperf: CompatConfig.addOverrideUnsafe: aft-state=0
06-28 10:27:00.936 1603 3456 I ThunderBoostPerfService: Disable downscaling com.ss.android.ugc.aweme to 2380x1020
06-28 10:27:00.937 1603 3456 I ActivityTaskManager: START u0 {act=android.intent.action.MAIN cat=[android.intent.category.LAUNCHER] flg=0x10200000 cmp=com.ss.android.ugc.aweme/.splash.SplashActivity} from uid 10075
06-28 10:27:00.938 1603 3456 D ActivityTaskManager: TaskLaunchParamsModifier:task=null activity=ActivityRecord{892ae87 u0 com.ss.android.ugc.aweme/.splash.SplashActivity taskAffinity=10104:com.ss.android.ugc.aweme display-area-from-source=DefaultTaskDisplayArea@157481511 display-id=0 display-windowing-mode=1 suggested-display-area=DefaultTaskDisplayArea@157481511
06-28 10:27:00.938 1603 1709 I EventSequenceValidator: inc AccIntentStartedEvents to 2
06-28 10:27:00.939 1603 3456 E ANDR-PERF-JNI: com_qualcomm_qtiperformance_native_perf_io_prefetch_start
06-28 10:27:00.939 1603 3456 D ActivityTaskManager: TaskLaunchParamsModifier:task=null activity=ActivityRecord{892ae87 u0 com.ss.android.ugc.aweme/.splash.SplashActivity taskAffinity=10104:com.ss.android.ugc.aweme t-1} display-area-from-source=DefaultTaskDisplayArea@157481511 display-id=0 display-windowing-mode=1 suggested-display-area=DefaultTaskDisplayArea@157481511 activity-options-bounds=Rect(12, 12 - 652, 986) non-freeform-display display-area=DefaultTaskDisplayArea@157481511
06-28 10:27:00.939 1603 3456 I wm_task_created: [24866,-1]
06-28 10:27:00.939 1603 3456 W ActivityTaskManager: Can't find TaskDisplayArea to determine support for multi window. Task id=24866 attached=false
06-28 10:27:00.941 1603 3456 D ActivityTaskManager: TaskLaunchParamsModifier:task=Task{6cfb152 #24866 type=standard A=10104:com.ss.android.ugc.aweme U=0 visible=false mode=freeform translucent=true sz=0 visible freeform task=true rootAffinity=10104:com.ss.android.ugc.aweme isMini=false} activity=ActivityRecord{892ae87 u0 com.ss.android.ugc.aweme/.splash.SplashActivity taskAffinity=10104:com.ss.android.ugc.aweme t-1} display-area-from-source=DefaultTaskDisplayArea@157481511 display-id=0 display-windowing-mode=1 suggested-display-area=DefaultTaskDisplayArea@157481511 activity-options-bounds=Rect(12, 12 - 652, 986) non-freeform-display display-area=DefaultTaskDisplayArea@157481511
06-28 10:27:00.941 871 3209 E ANDR-IOP: io prefetch is disabled
06-28 10:27:00.944 1603 3456 I wm_task_moved: [24866,1,6]
06-28 10:27:00.944 1603 3456 I wm_task_to_front: [0,24866]
06-28 10:27:00.945 1603 3456 I wm_create_task: [0,24866]
06-28 10:27:00.945 1603 3456 I wm_create_activity: [0,143830663,24866,com.ss.android.ugc.aweme/.splash.SplashActivity,android.intent.action.MAIN,NULL,NULL,270532608]
06-28 10:27:00.945 1603 3456 I wm_task_moved: [24866,1,6]
06-28 10:27:00.945 1603 3456 D CompatibilityInfo: mCompatibilityFlags - 4
06-28 10:27:00.945 1603 3456 D CompatibilityInfo: applicationDensity - 240
06-28 10:27:00.945 1603 3456 D CompatibilityInfo: applicationScale - 1.0
06-28 10:27:00.946 1603 3456 I ActivityTaskManager: FOREGROUND_APPLICATION_CHANGED to com.ss.android.ugc.aweme.main.MainActivity
06-28 10:27:00.946 1603 3456 D RecentTaskTest: checkUnusedTasks : 3
06-28 10:27:00.946 1603 3456 D RecentTaskTest: skip to check because task is less : 3
06-28 10:27:00.946 1603 3456 D RecentTaskTest:
06-28 10:27:00.947 2605 2605 D StateManager: goToState: Normal
06-28 10:27:00.948 2605 2605 I wm_on_top_resumed_lost_called: [263032627,com.android.launcher3.uioverrides.QuickstepLauncher,topStateChangedWhenResumed]
06-28 10:27:00.948 1603 1709 I am_uid_running: 10104
06-28 10:27:00.948 1603 1709 D CompatibilityChangeReporter: Compat change id reported: 135634846; UID 10104; state: DISABLED
06-28 10:27:00.948 1603 1709 D CompatibilityChangeReporter: Compat change id reported: 177438394; UID 10104; state: DISABLED
06-28 10:27:00.948 1603 1709 D CompatibilityChangeReporter: Compat change id reported: 135772972; UID 10104; state: DISABLED
06-28 10:27:00.949 1603 1722 D CompatibilityChangeReporter: Compat change id reported: 143937733; UID 10104; state: DISABLED
06-28 10:27:00.953 701 701 D Zygote : Forked child process 24965
06-28 10:27:00.953 1603 1722 I am_proc_start: [0,24965,10104,com.ss.android.ugc.aweme,top-activity,{com.ss.android.ugc.aweme/com.ss.android.ugc.aweme.splash.SplashActivity}]
06-28 10:27:00.954 1603 1722 I ActivityManager: Start proc 24965:com.ss.android.ugc.aweme/u0a104 for top-activity {com.ss.android.ugc.aweme/com.ss.android.ugc.aweme.splash.SplashActivity}
06-28 10:27:00.957 24965 24965 I libc : SetHeapTaggingLevel: tag level set to 0
06-28 10:27:00.962 24965 24965 E droid.ugc.awem: Not starting debugger since process cannot load the jdwp agent.
06-28 10:27:00.962 24965 24965 D ProcessState: Binder ioctl to enable oneway spam detection failed: Invalid argument
06-28 10:27:00.964 0 0 I [ 1095.546431] binder: 24965:24965 ioctl 40046210 7fe865dad4 returned -22
06-28 10:27:00.964 1603 3456 I am_proc_bound: [0,24965,com.ss.android.ugc.aweme]
06-28 10:27:00.966 1603 3456 D CompatibilityInfo: mCompatibilityFlags - 4
06-28 10:27:00.966 1603 3456 D CompatibilityInfo: applicationDensity - 240
06-28 10:27:00.966 1603 3456 D CompatibilityInfo: applicationScale - 1.0
06-28 10:27:00.967 1603 3456 I ActivityTaskManager: clear resize flag in freeform mode
06-28 10:27:00.967 1603 3456 I ActivityTaskManager: The Process com.ss.android.ugc.aweme Already Exists in BG. So sending its PID: 24965
06-28 10:27:00.968 1603 3456 I wm_restart_activity: [0,143830663,24866,com.ss.android.ugc.aweme/.splash.SplashActivity]
06-28 10:27:00.968 1603 3456 D CompatibilityInfo: mCompatibilityFlags - 4
06-28 10:27:00.968 1603 3456 D CompatibilityInfo: applicationDensity - 240
06-28 10:27:00.968 1603 3456 D CompatibilityInfo: applicationScale - 1.0
06-28 10:27:00.969 1603 3456 I wm_set_resumed_activity: [0,com.ss.android.ugc.aweme/.splash.SplashActivity,minimalResumeActivityLocked]
06-28 10:27:00.970 1603 3456 I am_uid_active: 10104
06-28 10:27:00.970 1603 1711 W DisplayManagerService: Display DisplayDeviceInfo{"virtual_display_ls": uniqueId="virtual:com.tencent.android.qqdownloader,10101,virtual_display_ls,0", 5 x 5, modeId 5, defaultModeId 5, supportedModes [{id=5, width=5, height=5, fps=60.0, alternativeRefreshRates=[]}], colorMode 0, supportedColorModes [0], hdrCapabilities null, allmSupported false, gameContentTypeSupported false, density 240, 240.0 x 240.0 dpi, appVsyncOff 0, presDeadline 16666666, touch NONE, rotation 0, type VIRTUAL, deviceProductInfo null, state OFF, owner com.tencent.android.qqdownloader (uid 10101), frameRateOverride , brightnessMinimum 0.0, brightnessMaximum 0.0, brightnessDefault 0.0, FLAG_PRIVATE, FLAG_NEVER_BLANK, FLAG_OWN_CONTENT_ONLY} does not support input device matching.
06-28 10:27:00.970 24965 24965 D CompatibilityChangeReporter: Compat change id reported: 171979766; UID 10104; state: DISABLED
06-28 10:27:00.974 24965 24965 D ApplicationLoaders: Returning zygote-cached class loader: /system/framework/android.test.base.jar
06-28 10:27:00.975 24677 24844 E .ugc.aweme.lit: No package ID 7f found for ID 0x7f0c01cf.
06-28 10:27:00.978 24677 24844 E .ugc.aweme.lit: No package ID 7f found for ID 0x7f0c0146.
06-28 10:27:00.980 24677 24844 W .ugc.aweme.lit: Unsupported class loader
06-28 10:27:01.007 680 693 D mpu_uart: [MSG-P:R-M]:recved H:38, L:0
06-28 10:27:01.007 680 693 V mpu_uart: recv data buf:[0x3c, 0x26, 0x0, 0x2, 0xd, 0x2, 0x1, 0x1c, 0xd, 0xa, 0x20, 0x42, 0x2d, 0x6d, 0x61, 0x69, 0x6e, 0x5f, 0x6c, 0x6f, 0x6f, 0x70, 0x20, 0x69, 0x73, 0x20, 0x72, 0x75, 0x6e, 0x6e, 0x69, 0x6e, 0x67, 0xd, 0xa, 0x0, 0x0, 0x70, ]
06-28 10:27:01.007 680 694 D mpu_uart: [SESSION-Distribute]:Message en queue:d
06-28 10:27:01.033 9392 9612 I KcSdk : [KcState] auto_check_msg: NET_RETRY
06-28 10:27:01.033 9392 9612 I KcSdk : [KcState] [checkChange]: errorCode:-10001subErrorCode:0, isKingCard:false, apn:null, requestParamType:0, requestParamValue:null, unicomRet:0, Product:0
06-28 10:27:01.033 9392 9612 I KcSdk : [KcState] [notifyNetworkChange] - (true) OrderCheckResult{kingcard=0, errorCode=-10001, subErrorCode=0, product=0, phoneNum='null', operator=-2, activationUrl='https://personalkingcard.3g.qq.com/activity/personal/index.html#/?logintype=2&j=1&src=76_1_u&sdi_from=20', stateTag='null', extra='null'}
06-28 10:27:01.034 9392 9612 I KcSdk : [KcState] [notifyNetworkChange] - (false) OrderCheckResult{kingcard=0, errorCode=-10001, subErrorCode=0, product=0, phoneNum='null', operator=-2, activationUrl='https://personalkingcard.3g.qq.com/activity/personal/index.html#/?logintype=2&j=1&src=76_1_u&sdi_from=20', stateTag='null', extra='null'}
06-28 10:27:01.053 24965 24965 I Perf : Connecting to perf service.
06-28 10:27:01.055 24965 24965 V GraphicsEnvironment: ANGLE Developer option for 'com.ss.android.ugc.aweme' set to: 'default'
06-28 10:27:01.055 24965 24965 V GraphicsEnvironment: ANGLE GameManagerService for com.ss.android.ugc.aweme: false
06-28 10:27:01.055 24965 24965 V GraphicsEnvironment: Updatable production driver is not supported on the device.
06-28 10:27:01.056 24965 24965 D NetworkSecurityConfig: Using Network Security Config from resource _ debugBuild: false
06-28 10:27:01.056 24965 24965 D NetworkSecurityConfig: Using Network Security Config from resource _ debugBuild: false
06-28 10:27:01.064 24965 24965 I KEVA.NATIVE: alog init successed
06-28 10:27:01.079 24965 24965 W droid.ugc.awem: Class X.n8V failed lock verification and will run slower.
06-28 10:27:01.079 24965 24965 W droid.ugc.awem: Common causes for lock verification issues are non-optimized dex code
06-28 10:27:01.079 24965 24965 W droid.ugc.awem: and incorrect proguard optimizations.
06-28 10:27:01.083 24965 25017 I Reparo/hotfix: Init libart.so handle: 0x7a47897a30
06-28 10:27:01.109 24965 25050 W droid.ugc.awem: Entry not found
06-28 10:27:01.109 24965 25025 W bytehook_tag: bytehook init, mode 0, debug 0, return 0
06-28 10:27:01.109 24965 25035 I KEVA.NATIVE: byte array is empty
06-28 10:27:01.109 24965 25035 I KEVA.NATIVE: byte array is empty
06-28 10:27:01.110 24965 25035 E jato : beforeAlloc confirmed saved 6152192, index 6
06-28 10:27:01.114 24965 25066 I cpuctl : full:ff, urgent:f0, normal:f7, less:7f, least:f
06-28 10:27:01.114 24965 25066 E stune : create pipe succeed.
06-28 10:27:01.116 24965 25058 E NPTH-TERM: wait_inner:tools_monitor_wait_inner in !!!
06-28 10:27:01.116 24965 25058 E NPTH-TERM: tools_monitor_wait_inner=/data/user/0/com.ss.android.ugc.aweme/files/npth/killHistory/pid_tid
06-28 10:27:01.116 24965 25058 E NPTH-TERM: wait_inner:read alive_processes count=1
06-28 10:27:01.116 24965 25058 E NPTH-TERM: wait_inner:step1 new process start request_attach
06-28 10:27:01.116 24965 25058 E NPTH-TERM: do_attach_request:request attach target pid is died 20528
06-28 10:27:01.116 24965 25058 E NPTH-TERM: wait_inner:find no process to attach me, i am first
06-28 10:27:01.116 24965 25058 E NPTH-TERM: -----------------------------------------------------------
06-28 10:27:01.116 24965 25058 E NPTH-TERM: tools_monitor_wait_inner=/data/user/0/com.ss.android.ugc.aweme/files/npth/killHistory/pid_tid
06-28 10:27:01.116 24965 25058 E NPTH-TERM: wait_inner:read alive_processes count=0
06-28 10:27:01.116 24965 25058 E NPTH-TERM: wait_inner:first be worker!!!!!!!!!!
06-28 10:27:01.116 24965 25058 E NPTH-TERM: -----------------------------------------------------------
06-28 10:27:01.122 24965 25066 I stune : init succeed:fffffffe
06-28 10:27:01.123 24965 25066 I AdrenoGLES-0: QUALCOMM build : 47421dbee6, I139f36ad46
06-28 10:27:01.123 24965 25066 I AdrenoGLES-0: Build Date : 02/18/22
06-28 10:27:01.123 24965 25066 I AdrenoGLES-0: OpenGL ES Shader Compiler Version: EV031.32.02.17
06-28 10:27:01.123 24965 25066 I AdrenoGLES-0: Local Branch :
06-28 10:27:01.123 24965 25066 I AdrenoGLES-0: Remote Branch :
06-28 10:27:01.123 24965 25066 I AdrenoGLES-0: Remote Branch :
06-28 10:27:01.123 24965 25066 I AdrenoGLES-0: Reconstruct Branch :
06-28 10:27:01.123 24965 25066 I AdrenoGLES-0: Build Config : S P 10.0.7 AArch64
06-28 10:27:01.123 24965 25066 I AdrenoGLES-0: Driver Path : /vendor/lib64/egl/libGLESv2_adreno.so
06-28 10:27:01.124 535 535 I hwservicemanager: getTransport: Cannot find entry android.hardware.graphics.mapper@4.0::IMapper/default in either framework or device VINTF manifest.
06-28 10:27:01.128 24965 25066 I AdrenoGLES-0: PFP: 0x016dd093, ME: 0x00000000
06-28 10:27:01.130 24965 25050 I TT_WEBVIEW: Initializing the com.bytedance.webview.chromium.glue.sdk113.ISdkToGlueSdk113$RequestDiskCacheCallback nameToMethod map takes 0 milliseconds
06-28 10:27:01.139 867 1077 W SDM : HWCDisplay::GetHWCLayer: [0] GetLayer(212) failed: no such layer
06-28 10:27:01.140 24965 25050 I TT_WEBVIEW: com.bytedance.lynx.webview.glue.GlueToSdkImpl NoSuchMethodException: getHostAdblockEnable
06-28 10:27:01.140 24965 25050 I TT_WEBVIEW: com.bytedance.lynx.webview.glue.GlueToSdkImpl NoSuchMethodException: glueSendCategoryEvent
06-28 10:27:01.140 24965 25050 I TT_WEBVIEW: com.bytedance.lynx.webview.glue.GlueToSdkImpl NoSuchMethodException: onSccEvent
06-28 10:27:01.141 24965 25050 E TT_WEBVIEW: 暂不支持重载: com.bytedance.webview.chromium.GlueToSdkWrapper::wait
06-28 10:27:01.141 24965 25050 E TT_WEBVIEW: 暂不支持重载: com.bytedance.webview.chromium.GlueToSdkWrapper::wait
06-28 10:27:01.141 24965 25050 I TT_WEBVIEW: Initializing the com.bytedance.webview.chromium.GlueToSdkWrapper nameToMethod map takes 1 milliseconds
06-28 10:27:01.141 24965 25072 I NPTH : anr_monitor_loop enter!
06-28 10:27:01.141 24965 25072 I NPTH : anr_monitor_loop reporter = 0x9f94cc88
06-28 10:27:01.141 24965 25072 I NPTH : anr_monitor_loop s_sig_catcher_tid = 24970
06-28 10:27:01.144 981 981 W HwcComposer: command 0x3000000 generated error 3
06-28 10:27:01.145 24965 24965 W System.err: java.lang.NoSuchFieldException: No field mInstance in class Landroid/app/ActivityTaskManager$2; (declaration of 'android.app.ActivityTaskManager$2' appears in /system/framework/framework.jar)
06-28 10:27:01.145 24965 24965 W System.err: at java.lang.Class.getDeclaredField(Native Method)
06-28 10:27:01.145 24965 24965 W System.err: at com.bytedance.common.utility.reflect.Reflect.field0(SourceFile:33947765)
06-28 10:27:01.145 24965 24965 W System.err: at com.bytedance.common.utility.reflect.Reflect.field(SourceFile:33816607)
06-28 10:27:01.145 24965 24965 W System.err: at X.VOt.LIZIZ(SourceFile:393300)
06-28 10:27:01.145 24965 24965 W System.err: at X.kPo.LJFF(SourceFile:196636)
06-28 10:27:01.145 24965 24965 W System.err: at com.ss.android.ugc.aweme.routemonitor.RouteMonitor.LJFF(Unknown Source:26)
06-28 10:27:01.145 24965 24965 W System.err: at com.ss.android.ugc.aweme.legoImp.task.HookActivityManagerTask.run(SourceFile:17104968)
06-28 10:27:01.145 24965 24965 W System.err: at com.ss.android.ugc.aweme.lego.processor.TaskProcessor.runTask(SourceFile:17170555)
06-28 10:27:01.145 24965 24965 W System.err: at com.ss.android.ugc.aweme.lego.LegoTask$-CC.$default$doWork(SourceFile:16908290)
06-28 10:27:01.145 24965 24965 W System.err: at com.ss.android.ugc.aweme.legoImp.task.HookActivityManagerTask.doWork(Unknown Source:0)
06-28 10:27:01.145 24965 24965 W System.err: at com.ss.android.ugc.nimbleworker.scheduler.helper.TraceHelper.doWork(SourceFile:33816629)
06-28 10:27:01.145 24965 24965 W System.err: at com.ss.android.ugc.nimbleworker.core.ScheduleManager.lambda$execute$0$ScheduleManager(SourceFile:33816620)
06-28 10:27:01.145 24965 24965 W System.err: at X.QjI.run(Unknown Source:6)
06-28 10:27:01.145 24965 24965 W System.err: at com.ss.android.ugc.nimbleworker.core.DefaultExecutors$MainExecutor.execute(SourceFile:17039393)
06-28 10:27:01.145 24965 24965 W System.err: at com.ss.android.ugc.nimbleworker.core.ScheduleManager.execute(SourceFile:17104965)
06-28 10:27:01.145 24965 24965 W System.err: at com.ss.android.ugc.nimbleworker.NimbleWorker.execute(SourceFile:17039389)
06-28 10:27:01.145 24965 24965 W System.err: at com.ss.android.ugc.aweme.lego.Lego$Transaction.commit(SourceFile:327767)
06-28 10:27:01.145 24965 24965 W System.err: at X.kKA.LIZ(SourceFile:17104957)
06-28 10:27:01.145 24965 24965 W System.err: at X.kKA.LIZ(SourceFile:590097)
06-28 10:27:01.145 24965 24965 W System.err: at com.ss.android.ugc.aweme.app.host.AwemeHostApplication.onCreate(SourceFile:393332)
06-28 10:27:01.145 24965 24965 W System.err: at android.app.Instrumentation.callApplicationOnCreate(Instrumentation.java:1212)
06-28 10:27:01.145 24965 24965 W System.err: at android.app.ActivityThread.handleBindApplication(ActivityThread.java:6744)
06-28 10:27:01.145 24965 24965 W System.err: at android.app.ActivityThread.access$1500(ActivityThread.java:248)
06-28 10:27:01.145 24965 24965 W System.err: at android.app.ActivityThread$H.handleMessage(ActivityThread.java:2054)
06-28 10:27:01.145 24965 24965 W System.err: at android.os.Handler.dispatchMessage(Handler.java:106)
06-28 10:27:01.145 24965 24965 W System.err: at android.os.Looper.loopOnce(Looper.java:201)
06-28 10:27:01.145 24965 24965 W System.err: at android.os.Looper.loop(Looper.java:288)
06-28 10:27:01.145 24965 24965 W System.err: at android.app.ActivityThread.main(ActivityThread.java:7880)
06-28 10:27:01.145 24965 24965 W System.err: at java.lang.reflect.Method.invoke(Native Method)
06-28 10:27:01.145 24965 24965 W System.err: at com.android.internal.os.RuntimeInit$MethodAndArgsCaller.run(RuntimeInit.java:548)
06-28 10:27:01.145 24965 24965 W System.err: at com.android.internal.os.ZygoteInit.main(ZygoteInit.java:1009)
06-28 10:27:01.146 24965 24965 W System.err: java.lang.NoSuchFieldException: No field mInstance in class Landroid/app/ActivityTaskManager$2; (declaration of 'android.app.ActivityTaskManager$2' appears in /system/framework/framework.jar)
06-28 10:27:01.147 24965 24965 W System.err: at java.lang.Class.getDeclaredField(Native Method)
06-28 10:27:01.147 24965 24965 W System.err: at com.bytedance.common.utility.reflect.Reflect.field0(SourceFile:33947765)
06-28 10:27:01.147 24965 24965 W System.err: at com.bytedance.common.utility.reflect.Reflect.set(SourceFile:33816609)
06-28 10:27:01.147 24965 24965 W System.err: at X.VOt.LIZIZ(SourceFile:393397)
