06-28 10:27:03.178 24965 25331 W ttmn : <7ad78d9750,av_base_thread.cpp,run,437>AOutlet-V0:thread to stop.mState:1431655768
06-28 10:27:03.179 24965 25322 W ttmn : <7ab78ddef0,av_player_holder.cpp,sendEvent,413>event is: 12
06-28 10:27:03.179 24965 25327 F ByteVC2_dec: vc2dec [info]: ByteDance byteVC2 decoder (V0.5.2.2) is created.
06-28 10:27:03.179 24965 25327 F ByteVC2_dec:
06-28 10:27:03.179 24965 25322 W ttmn : <7ab78ddef0,av_player_holder.cpp,sendEvent,413>event is: 2
06-28 10:27:03.180 24965 25322 D VCStrategy: [center][event] on event, id = 952630164855037T1687919223159T7674, key = 3009, value = 0, info = , jsonLog = null
06-28 10:27:03.180 24965 25322 D VCStrategy: [center][event] on event, id = 952630164855037T1687919223159T7674, key = 3010, value = 0, info = , jsonLog = null
06-28 10:27:03.180 24965 25324 W ttmn : <7ab78ddef0,av_player_holder.cpp,sendEvent,413>event is: 6
06-28 10:27:03.183 2605 2605 D TouchInteractionService: onInputEvent: ACTION_UP/ACTION_CANCEL: OverviewInputConsumer
06-28 10:27:03.183 1603 1889 D PowerManagerService: userActivityNoUpdateLocked: groupId=0, eventTime=1097766, event=2, flags=0x0, uid=1000
06-28 10:27:03.184 1603 1889 D PowerManagerNotifier: onUserActivity: event=2, uid=1000
06-28 10:27:03.184 2605 2605 D NoButtonQuickSwitchTouchController: onDragEnd: noFling=true,isPaused=true,velocity=PointF(0.024706967, 0.034037083)
06-28 10:27:03.184 1603 1889 D PowerManagerService: updateUserActivitySummaryLocked: groupId=0, mWakefulness=Awake, mUserActivitySummary=0x1, nextTimeout=1157766 (in 59999 ms)
06-28 10:27:03.184 2605 2605 D EditModeHelper: setHotseatVisibility: 0
06-28 10:27:03.184 1603 1889 D PowerManagerNotifier: onScreenPolicyUpdate: newPolicy=3
06-28 10:27:03.184 1603 1889 D PowerManagerService: updateDisplayPowerStateLocked: displayReady=true, groupId=0, policy=BRIGHT, mWakefulness=Awake, mWakeLockSummary=0x23, mUserActivitySummary=0x1, mBootCompleted=true, screenBrightnessOverride=NaN, useAutoBrightness=false, mScreenBrightnessBoostInProgress=false, mIsVrModeEnabled= false, sQuiescent=false
06-28 10:27:03.185 2605 2605 D RecentsViewStateController: setStateWithAnimationInternal: Overview
06-28 10:27:03.188 2605 2605 D BaseRecentsViewStateController: setStateWithAnimationInternal: scaleAndOffset: 1.0 : 0.0
06-28 10:27:03.210 2605 2605 W View : requestLayout() improperly called by com.android.launcher3.views.NoInsetView{3adbbff V.ED..... ......ID 2218,0-2560,1080 #7f09007c app:id/bg_hotseat} during layout: running second layout pass
06-28 10:27:03.216 24965 25324 W ttmn : <7ab78ddef0,av_player_holder.cpp,sendEvent,413>event is: 7
06-28 10:27:03.216 24965 25329 W ttmn : <7ac79c3850,av_ae_climiter.cpp,setCommonParameters,91>AE Config parse fail!!! config:
06-28 10:27:03.217 24965 25329 W [mammon]android-13.3.1-alpha.0-player[Warning!UnredirectedLogger!!]: [mammon]android-13.3.1-alpha.0-player[mammon_business_ttplayer_open] effect name is climiter
06-28 10:27:03.217 24965 25329 W [mammon]android-13.3.1-alpha.0-player[Warning!UnredirectedLogger!!]: [mammon]android-13.3.1-alpha.0-playerclimiter_type has no matching parameters
06-28 10:27:03.217 24965 25329 W [mammon]android-13.3.1-alpha.0-player[Warning!UnredirectedLogger!!]: [mammon]android-13.3.1-alpha.0-playerCLimiter/SetGate 0.995
06-28 10:27:03.217 24965 25329 W [mammon]android-13.3.1-alpha.0-player[Warning!UnredirectedLogger!!]: [mammon]android-13.3.1-alpha.0-playerCLimiter/SetPreGaindB -4, 0.630957
06-28 10:27:03.217 24965 25329 W [mammon]android-13.3.1-alpha.0-player[Warning!UnredirectedLogger!!]: [mammon]android-13.3.1-alpha.0-playersource_lufs has no matching parameters
06-28 10:27:03.217 24965 25329 W [mammon]android-13.3.1-alpha.0-player[Warning!UnredirectedLogger!!]: [mammon]android-13.3.1-alpha.0-playersource_peak has no matching parameters
06-28 10:27:03.217 24965 25329 W [mammon]android-13.3.1-alpha.0-player[Warning!UnredirectedLogger!!]: [mammon]android-13.3.1-alpha.0-playertarget_lufs has no matching parameters
06-28 10:27:03.217 24965 25329 W [mammon]android-13.3.1-alpha.0-player[Warning!UnredirectedLogger!!]: [mammon]android-13.3.1-alpha.0-player [mammon_business_ttplayer][process] context open param, samplerate: 44100, channels: 2, duration: 0
06-28 10:27:03.218 973 1773 D AudioFlinger: ThreadBase::updateWakeLockUids_l() st
06-28 10:27:03.218 973 1773 D AudioFlinger: updateWakeLockUids_l() AudioOut_D status 0
06-28 10:27:03.218 973 1773 D AudioFlinger: ThreadBase::updateWakeLockUids_l() ed
06-28 10:27:03.218 973 1775 D AudioFlinger: ThreadBase::updateWakeLockUids_l() st
06-28 10:27:03.218 973 1775 D AudioFlinger: updateWakeLockUids_l() AudioOut_15 status 0
06-28 10:27:03.218 973 1775 D AudioFlinger: ThreadBase::updateWakeLockUids_l() ed
06-28 10:27:03.218 1603 13590 D PowerManagerService: acquireWakeLockInternal: lock=89531049, flags=0x1, tag="AudioMix", ws=null, uid=1041, pid=0
06-28 10:27:03.219 1603 13590 D PowerManagerService: updateWakeLockSummaryLocked: mWakefulness=Awake, mWakeLockSummary=0x23
06-28 10:27:03.219 1603 13590 D PowerManagerService: updateUserActivitySummaryLocked: groupId=0, mWakefulness=Awake, mUserActivitySummary=0x1, nextTimeout=1157766 (in 59964 ms)
06-28 10:27:03.219 1603 13590 D PowerManagerNotifier: onScreenPolicyUpdate: newPolicy=3
06-28 10:27:03.219 1603 13590 D PowerManagerService: updateDisplayPowerStateLocked: displayReady=true, groupId=0, policy=BRIGHT, mWakefulness=Awake, mWakeLockSummary=0x23, mUserActivitySummary=0x1, mBootCompleted=true, screenBrightnessOverride=NaN, useAutoBrightness=false, mScreenBrightnessBoostInProgress=false, mIsVrModeEnabled= false, sQuiescent=false
06-28 10:27:03.219 1603 13590 D PowerManagerNotifier: onWakeLockAcquired: flags=1, tag="AudioMix", packageName=audioserver, ownerUid=1041, ownerPid=0, workSource=null
06-28 10:27:03.219 973 1776 D AudioFlinger: ThreadBase::updateWakeLockUids_l() st
06-28 10:27:03.219 973 1776 D AudioFlinger: updateWakeLockUids_l() AudioOut_1D status 0
06-28 10:27:03.219 973 1776 D AudioFlinger: ThreadBase::updateWakeLockUids_l() ed
06-28 10:27:03.219 1603 13590 D PowerManagerService: acquireWakeLockInternal: lock=200437806, flags=0x1, tag="AudioMix", ws=null, uid=1041, pid=0
06-28 10:27:03.219 1603 13590 D PowerManagerService: updateWakeLockSummaryLocked: mWakefulness=Awake, mWakeLockSummary=0x23
06-28 10:27:03.219 1603 13590 D PowerManagerService: updateUserActivitySummaryLocked: groupId=0, mWakefulness=Awake, mUserActivitySummary=0x1, nextTimeout=1157766 (in 59963 ms)
06-28 10:27:03.219 1603 13590 D PowerManagerNotifier: onScreenPolicyUpdate: newPolicy=3
06-28 10:27:03.219 1603 13590 D PowerManagerService: updateDisplayPowerStateLocked: displayReady=true, groupId=0, policy=BRIGHT, mWakefulness=Awake, mWakeLockSummary=0x23, mUserActivitySummary=0x1, mBootCompleted=true, screenBrightnessOverride=NaN, useAutoBrightness=false, mScreenBrightnessBoostInProgress=false, mIsVrModeEnabled= false, sQuiescent=false
06-28 10:27:03.219 1603 13590 D PowerManagerNotifier: onWakeLockAcquired: flags=1, tag="AudioMix", packageName=audioserver, ownerUid=1041, ownerPid=0, workSource=null
06-28 10:27:03.219 1603 13590 D PowerManagerService: updateWakeLockWorkSourceInternal: lock=89531049 [AudioMix], ws=null
06-28 10:27:03.219 1603 13590 D PowerManagerService: updateWakeLockWorkSourceInternal: lock=200437806 [AudioMix], ws=null
06-28 10:27:03.220 1603 13590 D PowerManagerService: acquireWakeLockInternal: lock=100399055, flags=0x1, tag="AudioMix", ws=null, uid=1041, pid=0
06-28 10:27:03.220 1603 13590 D PowerManagerService: updateWakeLockSummaryLocked: mWakefulness=Awake, mWakeLockSummary=0x23
06-28 10:27:03.220 1603 13590 D PowerManagerService: updateUserActivitySummaryLocked: groupId=0, mWakefulness=Awake, mUserActivitySummary=0x1, nextTimeout=1157766 (in 59963 ms)
06-28 10:27:03.220 1603 13590 D PowerManagerNotifier: onScreenPolicyUpdate: newPolicy=3
06-28 10:27:03.220 1603 13590 D PowerManagerService: updateDisplayPowerStateLocked: displayReady=true, groupId=0, policy=BRIGHT, mWakefulness=Awake, mWakeLockSummary=0x23, mUserActivitySummary=0x1, mBootCompleted=true, screenBrightnessOverride=NaN, useAutoBrightness=false, mScreenBrightnessBoostInProgress=false, mIsVrModeEnabled= false, sQuiescent=false
06-28 10:27:03.220 1603 13590 D PowerManagerNotifier: onWakeLockAcquired: flags=1, tag="AudioMix", packageName=audioserver, ownerUid=1041, ownerPid=0, workSource=null
06-28 10:27:03.220 3167 11121 E hpplay-base-dlna: ssdp_device.c:323::buf_ntop:192.168.124.2 sourceIp:192.168.4.16 is not same network dest_addr:41724096 replyAddr:268740800.
06-28 10:27:03.220 1603 13590 D PowerManagerService: updateWakeLockWorkSourceInternal: lock=100399055 [AudioMix], ws=null
06-28 10:27:03.221 973 1787 D AudioFlinger: ThreadBase::updateWakeLockUids_l() st
06-28 10:27:03.221 973 1787 D AudioFlinger: updateWakeLockUids_l() AudioOut_3D status 0
06-28 10:27:03.221 973 1787 D AudioFlinger: ThreadBase::updateWakeLockUids_l() ed
06-28 10:27:03.221 1603 15774 D PowerManagerService: acquireWakeLockInternal: lock=182699356, flags=0x1, tag="AudioMix", ws=null, uid=1041, pid=0
06-28 10:27:03.221 1603 15774 D PowerManagerService: updateWakeLockSummaryLocked: mWakefulness=Awake, mWakeLockSummary=0x23
06-28 10:27:03.221 1603 15774 D PowerManagerService: updateUserActivitySummaryLocked: groupId=0, mWakefulness=Awake, mUserActivitySummary=0x1, nextTimeout=1157766 (in 59961 ms)
06-28 10:27:03.221 1603 15774 D PowerManagerNotifier: onScreenPolicyUpdate: newPolicy=3
06-28 10:27:03.221 1603 15774 D PowerManagerService: updateDisplayPowerStateLocked: displayReady=true, groupId=0, policy=BRIGHT, mWakefulness=Awake, mWakeLockSummary=0x23, mUserActivitySummary=0x1, mBootCompleted=true, screenBrightnessOverride=NaN, useAutoBrightness=false, mScreenBrightnessBoostInProgress=false, mIsVrModeEnabled= false, sQuiescent=false
06-28 10:27:03.221 1603 15774 D PowerManagerNotifier: onWakeLockAcquired: flags=1, tag="AudioMix", packageName=audioserver, ownerUid=1041, ownerPid=0, workSource=null
06-28 10:27:03.221 1603 15774 D PowerManagerService: updateWakeLockWorkSourceInternal: lock=182699356 [AudioMix], ws=null
06-28 10:27:03.222 973 1791 D AudioFlinger: ThreadBase::updateWakeLockUids_l() st
06-28 10:27:03.222 973 1791 D AudioFlinger: updateWakeLockUids_l() AudioOut_4D status 0
06-28 10:27:03.222 973 1791 D AudioFlinger: ThreadBase::updateWakeLockUids_l() ed
06-28 10:27:03.222 1603 14105 D PowerManagerService: acquireWakeLockInternal: lock=172310629, flags=0x1, tag="AudioMix", ws=null, uid=1041, pid=0
06-28 10:27:03.222 1603 14105 D PowerManagerService: updateWakeLockSummaryLocked: mWakefulness=Awake, mWakeLockSummary=0x23
06-28 10:27:03.222 1603 14105 D PowerManagerService: updateUserActivitySummaryLocked: groupId=0, mWakefulness=Awake, mUserActivitySummary=0x1, nextTimeout=1157766 (in 59960 ms)
06-28 10:27:03.222 1603 14105 D PowerManagerNotifier: onScreenPolicyUpdate: newPolicy=3
06-28 10:27:03.222 1603 14105 D PowerManagerService: updateDisplayPowerStateLocked: displayReady=true, groupId=0, policy=BRIGHT, mWakefulness=Awake, mWakeLockSummary=0x23, mUserActivitySummary=0x1, mBootCompleted=true, screenBrightnessOverride=NaN, useAutoBrightness=false, mScreenBrightnessBoostInProgress=false, mIsVrModeEnabled= false, sQuiescent=false
06-28 10:27:03.222 1603 14105 D PowerManagerNotifier: onWakeLockAcquired: flags=1, tag="AudioMix", packageName=audioserver, ownerUid=1041, ownerPid=0, workSource=null
06-28 10:27:03.223 1603 14105 D PowerManagerService: updateWakeLockWorkSourceInternal: lock=172310629 [AudioMix], ws=null
06-28 10:27:03.223 24965 25322 W ttmn : <7ab78ddef0,av_player_holder.cpp,sendEvent,413>event is: 13
06-28 10:27:03.225 828 828 D audio_hw_primary: adev_get_parameters:vr_audio_mode_on
06-28 10:27:03.226 828 828 I audio_hw_primary: getting vr mode to 0
06-28 10:27:03.226 828 828 D audio_hw_primary: adev_get_parameters: exit: returns - vr_audio_mode_on=false
06-28 10:27:03.226 973 12380 I hash_map_utils: system/bt/osi/src/hash_map_utils.cc:81 hash_map_utils_dump_string_keys_string_values: key: 'vr_audio_mode_on' value: ''
06-28 10:27:03.227 973 12380 D AudioFlinger: Client defaulted notificationFrames to 1768 for frameCount 3536
06-28 10:27:03.231 973 12380 D AF::TrackHandle: OpPlayAudio: track:61 usage:1 not muted
06-28 10:27:03.239 24965 25331 W AudioTrack: Use of stream types is deprecated for operations other than volume control
06-28 10:27:03.239 24965 25331 W AudioTrack: See the documentation of AudioTrack() for what to use instead with android.media.AudioAttributes to qualify your playback use case
06-28 10:27:03.240 1603 15774 D AudioService.PlaybackActivityMonitor: idcm_af:requestAudioFocusToIDCM: event=2(PLAYER_STATE_STARTED)apc =AudioPlaybackConfiguration piid:303 deviceId:0 type:android.media.AudioTrack u/pid:10104/24965 state:idle attr:AudioAttributes: usage=USAGE_MEDIA content=CONTENT_TYPE_MUSIC flags=0x800 tags= bundle=null sessionId:225
06-28 10:27:03.243 1603 15774 I AudioService.PlaybackActivityMonitor: call: muting piid:303 uid:10104
06-28 10:27:03.243 1603 15774 D AudioIDCMicroNegotiator: idcm_af:requestIDCMicroAudioFocus, streamtype = 3
06-28 10:27:03.243 1603 15774 D AudioIDCMicroNegotiator: idcm_af:requestIDCMicroAudioFocus: AudioFocus_Media
06-28 10:27:03.243 1603 15774 D AudioIDCMicroNegotiator: idcm_common:requestResult method = requestAudioFocus parameters = {"functionInfo":{"IDCM_AudioFocus":"AudioFocus_Media"}}
06-28 10:27:03.243 1603 15774 I MicroServiceManager: requestResult(requestAudioFocus) parameters is{"functionInfo":{"IDCM_AudioFocus":"AudioFocus_Media"}}.
06-28 10:27:03.243 1603 15774 D AudioIDCMicroNegotiator: idcm_af:updateAudioInfo
06-28 10:27:03.243 1603 15774 D AudioIDCMicroNegotiator: idcm_af:obtainFocusState
06-28 10:27:03.243 2270 15033 E MicroService: Client is not connected.
06-28 10:27:03.244 2270 15033 E MicroService: Client is not connected.
06-28 10:27:03.249 828 892 I EffectsFactory: EffectCreate() create_effect
06-28 10:27:03.250 973 1259 D APM_AudioPolicyManager: startOutput() output 29, stream 3, session 225
06-28 10:27:03.250 973 1259 W AudioFlinger: moveEffectChain_l() effect chain for session 0 not on source thread 0xb400007255a0d010
06-28 10:27:03.251 973 1776 D AudioFlinger: ThreadBase::updateWakeLockUids_l() st
06-28 10:27:03.251 973 1776 D AudioFlinger: updateWakeLockUids_l() AudioOut_1D status 0
06-28 10:27:03.251 973 1776 D AudioFlinger: ThreadBase::updateWakeLockUids_l() ed
06-28 10:27:03.252 828 891 E volume_listener: check_and_set_gain_dep_cal: Failed to set gain dep cal level
06-28 10:27:03.252 828 24947 D audio_hw_primary: start_output_stream: enter: stream(0xe7f8a7e0)usecase(0: deep-buffer-playback) devices(0x2) is_haptic_usecase(0)
06-28 10:27:03.252 828 24947 D audio_hw_primary: select_devices for use case (deep-buffer-playback)
06-28 10:27:03.252 828 24947 I msm8974_platform: platform_check_and_set_codec_backend_cfg:becf: afe: bitwidth 16, samplerate 48000 channels 2, backend_idx 0 usecase = 0 device (speaker)
06-28 10:27:03.252 828 24947 D msm8974_platform: platform_split_snd_device: snd_device(2) num devices(1) new_snd_devices(0)
06-28 10:27:03.252 828 24947 I msm8974_platform: platform_check_and_set_codec_backend_cfg: new_snd_devices[0] is 2
06-28 10:27:03.252 828 24947 I msm8974_platform: platform_check_codec_backend_cfg:becf: afe: bitwidth 16, samplerate 48000 channels 2, backend_idx 0 usecase = 0 device (speaker)
06-28 10:27:03.252 24965 25049 D espresso: espresso version: 2.12.92.0419
06-28 10:27:03.252 828 24947 D audio_hw_extn: audio_extn_enable_hifi_filter: mixer_value set 0
06-28 10:27:03.252 828 24947 D msm8974_platform: platform_check_codec_backend_cfg:becf: updated afe: bitwidth 16, samplerate 48000 channels 2,backend_idx 0 usecase = 0 device (speaker)
06-28 10:27:03.252 828 24947 D msm8974_platform: platform_check_codec_backend_cfg:becf: afe: playback on codec device not supporting native playback set default Sample Rate(48k)
06-28 10:27:03.252 828 24947 I msm8974_platform: platform_check_codec_backend_cfg:becf: afe: Codec selected backend: 0 updated bit width: 16 and sample rate: 48000
06-28 10:27:03.252 828 24947 D audio_hw_primary: check_usecases_codec_backend:becf: force routing 0
06-28 10:27:03.252 828 24947 E msm8974_platform: platform_check_backends_match: Invalid snd_device =
06-28 10:27:03.252 828 24947 D audio_hw_primary: check_usecases_codec_backend:becf: (78) check_usecases curr device: speaker, usecase device: backends match 0
06-28 10:27:03.253 828 24947 D audio_hw_primary: check_usecases_codec_backend:becf: check_usecases num.of Usecases to switch 0
06-28 10:27:03.253 828 24947 D hardware_info: hw_info_append_hw_type : device_name = speaker
06-28 10:27:03.253 828 24947 D msm8974_platform: platform_split_snd_device: snd_device(2) num devices(0) new_snd_devices(0)
06-28 10:27:03.253 828 24947 D audio_hw_primary: enable_snd_device: snd_device(2: speaker)
06-28 10:27:03.253 828 24947 D msm8974_platform: platform_get_island_cfg_on_device:island cfg status on snd_device = (speaker 0)
06-28 10:27:03.253 828 24947 I soundtrigger: audio_extn_sound_trigger_update_device_status: device 0x2 of type 0 for Event 1, with Raise=0
06-28 10:27:03.253 828 24947 D audio_route: Apply path: speaker
06-28 10:27:03.253 828 24947 I audio_hw_utils: audio_extn_utils_update_stream_output_app_type_cfg Allowing 24 and above bits playback on speaker ONLY at default sampling rate
06-28 10:27:03.253 828 24947 E soundtrigger: audio_extn_sound_trigger_update_stream_status: invalid input device 0x0, for event 3
06-28 10:27:03.253 828 24947 D soundtrigger: audio_extn_sound_trigger_update_stream_status: uc_info->id 0 of type 0 for Event 3, with Raise=1
06-28 10:27:03.253 828 24947 I sound_trigger_platform: platform_stdev_check_and_update_concurrency: Received STREAM event, event type 3, usecase type 0
06-28 10:27:03.253 828 24947 D sound_trigger_platform: platform_stdev_get_capture_device: Device = 0x80000004
06-28 10:27:03.253 828 24947 D sound_trigger_platform: platform_stdev_get_capture_device: Available device = 0x80000004
06-28 10:27:03.253 828 24947 D sound_trigger_platform: platform_stdev_check_and_update_concurrency: dedicated path 1, reset backend 1, tx 0, rx 1, concurrency session allowed
06-28 10:27:03.253 828 24947 D audio_hw_utils: audio_extn_utils_send_app_type_cfg: usecase->out_snd_device speaker
06-28 10:27:03.253 828 24947 D msm8974_platform: platform_split_snd_device: snd_device(2) num devices(0) new_snd_devices(0)
06-28 10:27:03.253 828 24947 D audio_hw_utils: audio_extn_btsco_get_sample_rate:Not a BT SCO device, need not update sampling rate
06-28 10:27:03.253 1603 12364 D PowerManagerService: updateWakeLockWorkSourceInternal: lock=100399055 [AudioMix], ws=WorkSource{10104}
06-28 10:27:03.253 828 24947 I audio_hw_utils: send_app_type_cfg_for_device PLAYBACK app_type 69936, acdb_dev_id 15, sample_rate 48000, snd_device_be_idx 55
06-28 10:27:03.253 1603 12364 D PowerManagerNotifier: onWakeLockReleased: flags=1, tag="AudioMix", packageName=audioserver, ownerUid=1041, ownerPid=0, workSource=null
06-28 10:27:03.253 828 24947 D msm8974_platform: platform_split_snd_device: snd_device(2) num devices(1) new_snd_devices(0)
06-28 10:27:03.253 828 24947 D audio_hw_utils: audio_extn_btsco_get_sample_rate:Not a BT SCO device, need not update sampling rate
06-28 10:27:03.253 828 24947 D ACDB-LOADER: ACDB -> send_audio_cal, acdb_id = 15, path = 0, app id = 0x11130, sample rate = 48000, afe_sample_rate = 48000
06-28 10:27:03.253 828 24947 D ACDB-LOADER: ACDB -> send_asm_topology
06-28 10:27:03.253 828 24947 D ACDB-LOADER: ACDB -> ACDB_CMD_GET_AUDPROC_STREAM_TOPOLOGY_ID
06-28 10:27:03.253 828 24947 D ACDB-LOADER: ACDB -> send_adm_topology
06-28 10:27:03.253 828 24947 D ACDB-LOADER: ACDB -> ACDB_CMD_GET_AUDPROC_COMMON_TOPOLOGY_ID
06-28 10:27:03.253 828 24947 D ACDB-LOADER: ACDB -> send_audtable
06-28 10:27:03.253 828 24947 D ACDB-LOADER: ACDB -> ACDB_CMD_GET_AUDPROC_INSTANCE_COMMON_TABLE_SIZE
06-28 10:27:03.253 828 24947 D ACDB-LOADER: ACDB -> ACDB_CMD_GET_AUDPROC_INSTANCE_COMMON_TABLE
06-28 10:27:03.253 828 24947 D ACDB-LOADER: ACDB -> AUDIO_SET_AUDPROC_CAL cal_type[11] acdb_id[15] app_type[69936]
06-28 10:27:03.253 828 24947 D ACDB-LOADER: ACDB -> send_audvoltable
06-28 10:27:03.253 828 24947 D ACDB-LOADER: ACDB -> ACDB_CMD_GET_AUDPROC_INSTANCE_GAIN_DEP_STEP_TABLE_SIZE
06-28 10:27:03.253 828 24947 D ACDB-LOADER: ACDB -> ACDB_CMD_GET_AUDPROC_INSTANCE_GAIN_DEP_STEP_TABLE, vol index 0
06-28 10:27:03.253 828 24947 D ACDB-LOADER: ACDB -> AUDIO_SET_VOL_CAL cal type = 12
06-28 10:27:03.253 828 24947 D ACDB-LOADER: ACDB -> ACDB_CMD_GET_AUDPROC_INSTANCE_STREAM_TABLE_SIZE
06-28 10:27:03.253 828 24947 D ACDB-LOADER: ACDB -> send_audstrmtable
06-28 10:27:03.253 828 24947 D ACDB-LOADER: ACDB -> ACDB_CMD_GET_AUDPROC_INSTANCE_STREAM_TABLE
06-28 10:27:03.253 828 24947 D ACDB-LOADER: ACDB -> audstrm_cal->cal_type.cal_data.cal_size = 536
06-28 10:27:03.253 828 24947 D ACDB-LOADER: ACDB -> send_afe_topology
06-28 10:27:03.253 828 24947 D ACDB-LOADER: ACDB -> ACDB_CMD_GET_AFE_TOPOLOGY_ID
06-28 10:27:03.253 828 24947 D ACDB-LOADER: ACDB -> GET_AFE_TOPOLOGY_ID for adcd_id 15, Topology Id 112fc
06-28 10:27:03.253 828 24947 D ACDB-LOADER: ACDB -> send_afe_cal
06-28 10:27:03.253 828 24947 D ACDB-LOADER: ACDB -> ACDB_CMD_GET_AFE_INSTANCE_COMMON_TABLE_SIZE
06-28 10:27:03.253 828 24947 D android.hardware.audio.service: Failed to fetch the lookup information of the device 0000000F
06-28 10:27:03.253 828 24947 D ACDB-LOADER: Error: ACDB_CMD_GET_AFE_INSTANCE_COMMON_TABLE_SIZE Returned = -19
06-28 10:27:03.253 828 24947 D ACDB-LOADER: ACDB -> ACDB_CMD_GET_AFE_INSTANCE_COMMON_TABLE
06-28 10:27:03.253 1603 12364 D PowerManagerNotifier: onWakeLockAcquired: flags=1, tag="AudioMix", packageName=audioserver, ownerUid=1041, ownerPid=0, workSource=WorkSource{10104}
06-28 10:27:03.253 828 24947 D android.hardware.audio.service: Failed to fetch the lookup information of the device 0000000F
06-28 10:27:03.253 828 24947 D ACDB-LOADER: Error: ACDB AFE returned = -19
06-28 10:27:03.253 828 24947 D ACDB-LOADER: ACDB -> AUDIO_SET_AFE_CAL cal_type[16] acdb_id[15]
06-28 10:27:03.253 828 24947 D ACDB-LOADER: ACDB -> send_hw_delay : acdb_id = 15 path = 0
06-28 10:27:03.253 828 24947 D ACDB-LOADER: ACDB -> ACDB_AVSYNC_INFO: ACDB_CMD_GET_DEVICE_PROPERTY
06-28 10:27:03.253 828 24947 D msm8974_platform: platform_split_snd_device: snd_device(2) num devices(0) new_snd_devices(0)
06-28 10:27:03.253 828 24947 I msm8974_platform: platform_get_custom_mtmx_params: no matching param with id 0 ip_ch 2 op_ch 2 uc_id 0 snd_dev 2
06-28 10:27:03.253 828 24947 D audio_hw_primary: enable_audio_route: apply mixer and update path: deep-buffer-playback
06-28 10:27:03.253 828 24947 D audio_route: Apply path: deep-buffer-playback
06-28 10:27:03.253 828 24947 D audio_hw_primary: select_devices: done
06-28 10:27:03.257 2605 24710 I OpenGLRenderer: Davey! duration=9223370939047ms; Flags=0, FrameTimelineVsyncId=23391, IntendedVsync=1097806718056, Vsync=1097806718056, InputEventId=0, HandleInputStart=1097807268643, AnimationStart=1097807269893, PerformTraversalsStart=1097812301455, DrawStart=1097812646716, FrameDeadline=1097828051388, FrameInterval=1097807263799, FrameStartTime=16666666, SyncQueued=1097816390986, SyncStart=1097816451559, IssueDrawCommandsStart=1097816696768, SwapBuffers=1097826636507, FrameCompleted=9223372036854775807, DequeueBufferDuration=13021, QueueBufferDuration=551511, GpuCompleted=9223372036854775807, SwapBuffersCompleted=1097827813018, DisplayPresentTime=64,
06-28 10:27:03.259 0 0 I [ 1097.841283] afe_find_cal_topo_id_by_port: port id: 0x9000, dev_acdb_id: 15
06-28 10:27:03.259 0 0 I [ 1097.841286] afe_find_cal_topo_id_by_port: top_id:112fc acdb_id:15 afe_port_id:0x9000
06-28 10:27:03.259 0 0 I [ 1097.841288] afe_get_cal_topology_id: port_id = 0x9000 acdb_id = 15 topology_id = 0x112fc cal_type_index=8 ret=0
06-28 10:27:03.259 0 0 I [ 1097.841608] afe_send_port_topology_id: AFE set topology id 0x112fc enable for port 0x9000 ret 0
06-28 10:27:03.259 0 0 I [ 1097.841613] send_afe_cal_type: cal_index is 0
06-28 10:27:03.259 0 0 I [ 1097.841616] send_afe_cal_type: dev_acdb_id[55] is 15
06-28 10:27:03.259 0 0 I [ 1097.841618] afe_find_cal: cal_index 0 port_id 0x9000 port_index 55
06-28 10:27:03.259 0 0 I [ 1097.841621] afe_find_cal: acdb_id 15 dev_acdb_id 15 sample_rate 48000 afe_sample_rates 48000
06-28 10:27:03.259 0 0 I [ 1097.841622] afe_find_cal: cal block is a match, size is 0
06-28 10:27:03.259 0 0 I [ 1097.841623] send_afe_cal_type: Sending cal_index cal 0
06-28 10:27:03.259 0 0 E [ 1097.841624] send_afe_cal_type: No cal sent for cal_index 0, port_id = 0x9000! ret -22
06-28 10:27:03.259 0 0 I [ 1097.841887] afe_send_hw_delay: port_id 0x9000 rate 48000 delay_usec 474 status 0
06-28 10:27:03.261 24965 25049 D BYTENNJNI: config.numThread=1
06-28 10:27:03.261 24965 25049 D ByteNN : ByteNN version: 3.4.38.
06-28 10:27:03.262 24965 25049 W libc : Access denied finding property "ro.hardware.chipname"
06-28 10:27:03.262 24965 25049 D ByteNN: : ABConfigInfo size 2
06-28 10:27:03.262 24965 25049 D ByteNN: : AB k:v = [ test_ab: false]
06-28 10:27:03.262 24965 25049 D ByteNN: : AB k:v = [ audio: true]
06-28 10:27:03.268 24965 25031 I ttheif_dec: heif_info : data_size:5751 is_grid:0 has_clap:0 is_seqence;0 cols:0 rows:0 width:360 height:640 angle:0.
06-28 10:27:03.268 24965 25020 I ttheif_dec: heif_info : data_size:498 is_grid:0 has_clap:0 is_seqence;0 cols:0 rows:0 width:96 height:96 angle:0.
06-28 10:27:03.271 24965 25067 W BitmapFactory: bitmap marked for reuse (43218 bytes) can't fit new bitmap (86436 bytes)
06-28 10:27:03.273 24965 25082 W BitmapFactory: bitmap marked for reuse (4608 bytes) can't fit new bitmap (9216 bytes)
06-28 10:27:03.279 828 24947 D msm8974_platform: platform_set_channel_map mixer_ctl_name:Playback Channel Map0
06-28 10:27:03.279 828 24947 D msm8974_platform: platform_set_channel_map: set mapping(1 2 0 0 0 0 0 0) for channel:2
06-28 10:27:03.279 828 24947 D audio_hw_primary: start_output_stream: exit
06-28 10:27:03.279 828 24947 D audio_hw_primary: out_write: retry previous failed cal level set
06-28 10:27:03.279 828 24947 D msm8974_platform: platform_split_snd_device: snd_device(2) num devices(1) new_snd_devices(0)
06-28 10:27:03.279 828 24947 D ACDB-LOADER: ACDB -> send_audvoltable
06-28 10:27:03.279 828 24947 D ACDB-LOADER: ACDB -> ACDB_CMD_GET_AUDPROC_INSTANCE_GAIN_DEP_STEP_TABLE_SIZE
06-28 10:27:03.279 828 24947 D ACDB-LOADER: ACDB -> ACDB_CMD_GET_AUDPROC_INSTANCE_GAIN_DEP_STEP_TABLE, vol index 5
06-28 10:27:03.279 828 24947 D ACDB-LOADER: ACDB -> AUDIO_SET_VOL_CAL cal type = 40
06-28 10:27:03.280 828 828 D msm8974_platform: platform_split_snd_device: snd_device(2) num devices(1) new_snd_devices(0)
06-28 10:27:03.300 24965 25060 I ttheif_dec: heif_info : data_size:1388 is_grid:0 has_clap:0 is_seqence;0 cols:0 rows:0 width:96 height:96 angle:0.
06-28 10:27:03.318 24965 25011 I AudioManager: In isBluetoothScoOn(), calling application: com.ss.android.ugc.aweme
06-28 10:27:03.321 24965 25079 I AudioManager: In isBluetoothScoOn(), calling application: com.ss.android.ugc.aweme
06-28 10:27:03.322 24965 25025 D BYTENNJNI: config.numThread=1
06-28 10:27:03.322 24965 25025 D ByteNN : ByteNN version: 3.4.38.
06-28 10:27:03.324 24965 25025 W libc : Access denied finding property "ro.hardware.chipname"
06-28 10:27:03.324 24965 25025 D ByteNN: : AB k:v = [ test_ab: false]
06-28 10:27:03.324 24965 25025 D ByteNN: : AB k:v = [ audio: true]
06-28 10:27:03.325 24965 24980 I OpenGLRenderer: Davey! duration=9223370939064ms; Flags=0, FrameTimelineVsyncId=23388, IntendedVsync=1097790024454, Vsync=1097856691118, InputEventId=0, HandleInputStart=1097857718226, AnimationStart=1097857718955, PerformTraversalsStart=1097858088903, DrawStart=1097869188695, FrameDeadline=1097811357786, FrameInterval=1097857713434, FrameStartTime=16666666, SyncQueued=1097878485361, SyncStart=1097878525882, IssueDrawCommandsStart=1097879461872, SwapBuffers=1097894320882, FrameCompleted=9223372036854775807, DequeueBufferDuration=13750, QueueBufferDuration=1159218, GpuCompleted=9223372036854775807, SwapBuffersCompleted=1097895784788, DisplayPresentTime=-72057589759737856,
06-28 10:27:03.332 24965 25060 I ttheif_dec: heif_info : data_size:241 is_grid:0 has_clap:0 is_seqence;0 cols:0 rows:0 width:360 height:640 angle:0.
06-28 10:27:03.372 24965 25082 I ttheif_dec: heif_info : data_size:338 is_grid:0 has_clap:0 is_seqence;0 cols:0 rows:0 width:96 height:96 angle:0.
06-28 10:27:03.388 1603 1878 I commit_sys_config_file: [settings-1-0,2]
06-28 10:27:03.397 867 1077 W SDM : HWCDisplay::GetHWCLayer: [0] GetLayer(216) failed: no such layer
06-28 10:27:03.398 981 981 W HwcComposer: command 0x3000000 generated error 3
06-28 10:27:03.460 24965 25063 W libc : Access denied finding property "ro.oem_unlock_supported"
06-28 10:27:03.483 24965 25082 I ttheif_dec: heif_info : data_size:1456 is_grid:0 has_clap:0 is_seqence;0 cols:0 rows:0 width:96 height:96 angle:0.
06-28 10:27:03.494 2605 2605 D StateManager: goToState: Overview
06-28 10:27:03.494 2605 2605 D FreeWindowHelper: enterOrExitRecentTasks: isEnterRecentTasks=true,mExitFlag=1
06-28 10:27:03.498 2605 2605 D FreeWindowContainer: reloadTask: TaskInfo{userId=0 taskId=24866 displayId=0 isRunning=true baseIntent=Intent { act=android.intent.action.MAIN cat=[android.intent.category.LAUNCHER] flg=0x10200000 cmp=com.ss.android.ugc.aweme/.splash.SplashActivity } baseActivity=ComponentInfo{com.ss.android.ugc.aweme/com.ss.android.ugc.aweme.splash.SplashActivity} topActivity=ComponentInfo{com.ss.android.ugc.aweme/com.ss.android.ugc.aweme.main.MainActivity} origActivity=ComponentInfo{com.ss.android.ugc.aweme/com.ss.android.ugc.aweme.splash.SplashActivity} realActivity=ComponentInfo{com.ss.android.ugc.aweme/com.ss.android.ugc.aweme.main.MainActivity} numActivities=1 lastActiveTime=1097767 supportsSplitScreenMultiWindow=true supportsMultiWindow=true resizeMode=2 isResizeable=true token=WCT{android.window.IWindowContainerToken$Stub$Proxy@9323883} topActivityType=1 pictureInPictureParams=PictureInPictureParams( aspectRatio=null sourceRectHint=null hasSetActions=false isAutoPipEnabled=false isSeamlessResizeEnabled=true) displayCutoutSafeInsets=null topActivityInfo=ActivityInfo{fec2a00 com.ss.android.ugc.aweme.splash.SplashActivity} launchCookies=[] positionInParent=Point(20, 72) parentTaskId=-1 isFocused=true isVisible=true topActivityInSizeCompat=false locusId= null}
06-28 10:27:03.499 1603 7198 I ActivityTaskManager: START u0 {flg=0x10010000 cmp=com.android.launcher3/com.android.quickstep.RecentsActivity} from uid 10075
06-28 10:27:03.499 1603 1709 I EventSequenceValidator: inc AccIntentStartedEvents to 2
06-28 10:27:03.500 1603 1709 I EventSequenceValidator: inc AccIntentStartedEvents to 3
06-28 10:27:03.500 1603 7198 D ActivityTaskManager: TaskLaunchParamsModifier:task=null activity=ActivityRecord{554171d u0 com.android.launcher3/com.android.quickstep.RecentsActivity taskAffinity=null display-id=0 display-windowing-mode=1 suggested-display-area=DefaultTaskDisplayArea@157481511
06-28 10:27:03.503 1603 7198 E ANDR-PERF-JNI: com_qualcomm_qtiperformance_native_perf_io_prefetch_start
06-28 10:27:03.503 1603 7198 D ActivityTaskManager: TaskLaunchParamsModifier:task=null activity=ActivityRecord{554171d u0 com.android.launcher3/com.android.quickstep.RecentsActivity taskAffinity=null t-1} display-id=0 display-windowing-mode=1 suggested-display-area=DefaultTaskDisplayArea@157481511 non-freeform-display display-area=DefaultTaskDisplayArea@157481511
06-28 10:27:03.504 1603 7198 I wm_task_created: [24867,-1]
06-28 10:27:03.504 1603 7198 W ActivityTaskManager: Can't find TaskDisplayArea to determine support for multi window. Task id=24867 attached=false
06-28 10:27:03.504 2605 2605 V GameTypeUtils: judge isGame:com.microsoft.emmx
06-28 10:27:03.505 2605 2605 V GameTypeUtils: judge isGame:com.kuaishou.nebula
06-28 10:27:03.505 2605 2605 V GameTypeUtils: judge isGame:com.smile.gifmaker
06-28 10:27:03.505 2605 2605 V GameTypeUtils: judge isGame:com.ss.android.lark
06-28 10:27:03.505 2605 2605 V GameTypeUtils: judge isGame:com.tencent.android.qqdownloader
06-28 10:27:03.505 2605 2605 V GameTypeUtils: judge isGame:com.android.documentsui
06-28 10:27:03.505 2605 2605 V GameTypeUtils: judge isGame:air.tv.douyu.android
06-28 10:27:03.505 2605 2605 V GameTypeUtils: judge isGame:com.baidu.appsearch
06-28 10:27:03.506 2605 2605 V GameTypeUtils: judge isGame:com.baidu.searchbox
06-28 10:27:03.506 2605 2605 V GameTypeUtils: judge isGame:com.github.uiautomator
06-28 10:27:03.506 2605 2605 V GameTypeUtils: judge isGame:com.hunantv.imgo.activity
06-28 10:27:03.506 2605 2605 V GameTypeUtils: judge isGame:com.kugou.android
06-28 10:27:03.506 2605 2605 V GameTypeUtils: judge isGame:com.kugou.android.auto
06-28 10:27:03.506 2605 2605 V GameTypeUtils: judge isGame:com.miHoYo.Yuanshen
06-28 10:27:03.506 2605 2605 V GameTypeUtils: judge isGame:com.netease.cloudmusic
06-28 10:27:03.507 2605 2605 V GameTypeUtils: judge isGame:com.netease.newsreader.activity
06-28 10:27:03.507 1603 7198 I wm_task_created: [24868,-1]
06-28 10:27:03.508 1603 7198 I wm_task_moved: [24868,0,-2147483648]
06-28 10:27:03.509 1603 7198 D ActivityTaskManager: TaskLaunchParamsModifier:task=Task{59acb60 #24868 type=recents I=com.android.launcher3/com.android.quickstep.RecentsActivity U=0 rootTaskId=24867 visible=false mode=fullscreen translucent=true sz=0 visible freeform task=true rootAffinity=null isMini=false} activity=ActivityRecord{554171d u0 com.android.launcher3/com.android.quickstep.RecentsActivity taskAffinity=null t-1} display-from-task=0 display-id=0 display-windowing-mode=1 suggested-display-area=DefaultTaskDisplayArea@157481511 non-freeform-display display-area=DefaultTaskDisplayArea@157481511
06-28 10:27:03.510 1603 7198 I wm_create_task: [0,24868]
06-28 10:27:03.510 1603 7198 I wm_create_activity: [0,89397021,24868,com.android.launcher3/com.android.quickstep.RecentsActivity,NULL,NULL,NULL,276889600]
06-28 10:27:03.510 1603 7198 D RecentTaskTest: checkUnusedTasks : 4
06-28 10:27:03.510 1603 7198 D RecentTaskTest: packageName : com.ss.android.ugc.aweme
06-28 10:27:03.510 1603 7198 D RecentTaskTest: nonSystemAppTasks size : 1
06-28 10:27:03.510 1603 7198 D RecentTaskTest: nonSystemAppTasks task : Task{6cfb152 #24866 type=standard A=10104:com.ss.android.ugc.aweme U=0 visible=true mode=freeform translucent=false sz=1 visible freeform task=true rootAffinity=10104:com.ss.android.ugc.aweme isMini=false}
06-28 10:27:03.510 1603 7198 D RecentTaskTest: Inactive Time : 0s
06-28 10:27:03.510 1603 7198 D RecentTaskTest:
06-28 10:27:03.510 871 3209 E ANDR-IOP: io prefetch is disabled
06-28 10:27:03.510 1603 7198 I wm_task_moved: [24867,0,0]
06-28 10:27:03.510 1603 7198 I wm_task_moved: [24867,0,5]
06-28 10:27:03.511 1603 7198 I ActivityTaskManager: The Process com.android.launcher3 Already Exists in BG. So sending its PID: 2605
06-28 10:27:03.512 2605 2605 V GameTypeUtils: judge isGame:com.sohu.sohuvideo
06-28 10:27:03.512 1603 7198 W ActivityTaskManager: Tried to set launchTime (0) < mLastActivityLaunchTime (973170)
06-28 10:27:03.512 2605 2605 V GameTypeUtils: judge isGame:com.ss.android.article.news
06-28 10:27:03.512 2605 2605 V GameTypeUtils: judge isGame:com.ss.android.ugc.aweme
06-28 10:27:03.512 1603 7198 I wm_restart_activity: [0,89397021,24868,com.android.launcher3/com.android.quickstep.RecentsActivity]
06-28 10:27:03.512 2605 2605 V GameTypeUtils: judge isGame:com.ss.android.ugc.aweme.lite
06-28 10:27:03.513 2605 2605 V GameTypeUtils: judge isGame:com.taobao.taobao
06-28 10:27:03.513 1603 7198 D CompatibilityInfo: mCompatibilityFlags - 4
06-28 10:27:03.513 1603 7198 D CompatibilityInfo: applicationDensity - 240
06-28 10:27:03.513 1603 7198 D CompatibilityInfo: applicationScale - 1.0
06-28 10:27:03.513 2605 2605 V GameTypeUtils: judge isGame:com.tencent.KiHan
06-28 10:27:03.513 2605 2605 V GameTypeUtils: judge isGame:com.tencent.mm
06-28 10:27:03.513 2605 2605 V GameTypeUtils: judge isGame:com.tencent.mobileqq
06-28 10:27:03.513 2605 2605 V GameTypeUtils: judge isGame:com.tencent.mtt
06-28 10:27:03.513 2605 2605 V GameTypeUtils: judge isGame:com.tencent.qqlive
06-28 10:27:03.514 2605 2605 V GameTypeUtils: judge isGame:com.tencent.qqmusic
06-28 10:27:03.514 2605 2605 V GameTypeUtils: judge isGame:com.tencent.qqmusicpad
06-28 10:27:03.514 2605 2605 V GameTypeUtils: judge isGame:com.tencent.tmgp.sgame
06-28 10:27:03.514 2605 2605 V GameTypeUtils: judge isGame:com.tencent.tmgp.yqqskp
06-28 10:27:03.514 2605 2605 V GameTypeUtils: judge isGame:com.tencent.wemeet.app
06-28 10:27:03.514 2605 2605 V GameTypeUtils: judge isGame:com.tencent.wework
06-28 10:27:03.515 2605 2605 V GameTypeUtils: judge isGame:com.wandoujia.phoenix2
06-28 10:27:03.515 2605 2605 V GameTypeUtils: judge isGame:com.wuba
06-28 10:27:03.515 2605 2605 V GameTypeUtils: judge isGame:com.xingin.xhs
06-28 10:27:03.515 2605 2605 V GameTypeUtils: judge isGame:com.youku.phone
06-28 10:27:03.515 2605 2605 V GameTypeUtils: judge isGame:com.zhihu.android
06-28 10:27:03.518 2605 2605 D EditModeHelper: setHotseatVisibility: 0
06-28 10:27:03.519 1603 1709 I EventSequenceValidator: dec AccIntentStartedEvents to 2
06-28 10:27:03.519 1603 1709 I EventSequenceValidator: dec AccIntentStartedEvents to 1
06-28 10:27:03.520 2605 2605 D RecentsViewStateController: setState: Overview OverviewFullscreenProgress: 0.0
06-28 10:27:03.526 24965 25063 W Settings: Setting development_settings_enabled has moved from android.provider.Settings.Secure to android.provider.Settings.Global.
06-28 10:27:03.526 24965 25063 W Settings: Setting adb_enabled has moved from android.provider.Settings.Secure to android.provider.Settings.Global.
06-28 10:27:03.528 2605 24710 D FreeWindowHelper: makeFreeScreenshot : onAnimationStart : success
06-28 10:27:03.529 1603 7168 I wm_task_moved: [24867,1,7]
06-28 10:27:03.529 1603 7168 I wm_focused_root_task: [0,0,24867,24866,RecentsAnimation.onAnimationFinished()]
06-28 10:27:03.530 24965 24965 I wm_on_top_resumed_lost_called: [143830663,com.ss.android.ugc.aweme.splash.SplashActivity,topStateChangedWhenResumed]
06-28 10:27:03.530 1603 7168 D ActivityTrigger: ActivityTrigger activityPauseTrigger
06-28 10:27:03.530 1603 7168 I wm_pause_activity: [0,263032627,com.android.launcher3/.uioverrides.QuickstepLauncher,userLeaving=false,pauseBackTasks]
06-28 10:27:03.530 1603 7168 D PowerManagerService: acquireWakeLockInternal: lock=74546600, flags=0x1, tag="*launch*", ws=WorkSource{10075}, uid=1000, pid=1603
06-28 10:27:03.530 1603 7168 D PowerManagerService: updateWakeLockSummaryLocked: mWakefulness=Awake, mWakeLockSummary=0x23
06-28 10:27:03.530 1603 7168 D PowerManagerService: updateUserActivitySummaryLocked: groupId=0, mWakefulness=Awake, mUserActivitySummary=0x1, nextTimeout=1157766 (in 59652 ms)
06-28 10:27:03.530 1603 7168 D PowerManagerNotifier: onScreenPolicyUpdate: newPolicy=3
06-28 10:27:03.530 1603 7168 D PowerManagerService: updateDisplayPowerStateLocked: displayReady=true, groupId=0, policy=BRIGHT, mWakefulness=Awake, mWakeLockSummary=0x23, mUserActivitySummary=0x1, mBootCompleted=true, screenBrightnessOverride=NaN, useAutoBrightness=false, mScreenBrightnessBoostInProgress=false, mIsVrModeEnabled= false, sQuiescent=false
06-28 10:27:03.530 1603 7168 D PowerManagerNotifier: onWakeLockAcquired: flags=1, tag="*launch*", packageName=android, ownerUid=1000, ownerPid=1603, workSource=WorkSource{10075}
06-28 10:27:03.531 1603 7168 I ActivityTaskManager: FOREGROUND_APPLICATION_CHANGED to com.android.quickstep.RecentsActivity
06-28 10:27:03.532 1603 7168 I wm_set_resumed_activity: [0,com.android.launcher3/com.android.quickstep.RecentsActivity,resumeTopActivityInnerLocked]
06-28 10:27:03.532 1603 7168 I wm_resume_activity: [0,89397021,24868,com.android.launcher3/com.android.quickstep.RecentsActivity]
06-28 10:27:03.533 1603 7168 I wm_add_to_stopping: [0,143830663,com.ss.android.ugc.aweme/.splash.SplashActivity,makeInvisible]
06-28 10:27:03.535 1603 1709 I sysui_multi_action: [757,803,799,window_time_0,802,39]
06-28 10:27:03.537 1603 1709 I sysui_multi_action: [757,803,799,window_time_0,802,0]
06-28 10:27:03.537 1603 1634 I wm_finish_activity: [0,89397021,24868,com.android.launcher3/com.android.quickstep.RecentsActivity,app-request]
06-28 10:27:03.537 1603 1634 I wm_task_moved: [24866,1,7]
06-28 10:27:03.538 1603 1634 I wm_set_resumed_activity: [0,com.ss.android.ugc.aweme/.splash.SplashActivity,positionChildAt]
06-28 10:27:03.538 1603 1634 I wm_focused_root_task: [0,0,24866,24867,finish-top adjustFocusToNextFocusableTask]
06-28 10:27:03.538 1603 1634 I wm_set_resumed_activity: [0,com.ss.android.ugc.aweme/.splash.SplashActivity,finish-top]
06-28 10:27:03.538 1603 1634 D ActivityTrigger: ActivityTrigger activityPauseTrigger
06-28 10:27:03.538 1603 1634 I wm_pause_activity: [0,89397021,com.android.launcher3/com.android.quickstep.RecentsActivity,userLeaving=false,finish]
06-28 10:27:03.538 1603 1634 D PowerManagerService: acquireWakeLockInternal: lock=74546600, flags=0x1, tag="*launch*", ws=WorkSource{10075}, uid=1000, pid=1603
06-28 10:27:03.538 1603 1634 D PowerManagerService: updateWakeLockSummaryLocked: mWakefulness=Awake, mWakeLockSummary=0x23
06-28 10:27:03.538 1603 1634 D PowerManagerService: updateUserActivitySummaryLocked: groupId=0, mWakefulness=Awake, mUserActivitySummary=0x1, nextTimeout=1157766 (in 59644 ms)
06-28 10:27:03.538 1603 1634 D PowerManagerNotifier: onScreenPolicyUpdate: newPolicy=3
06-28 10:27:03.538 1603 1634 D PowerManagerService: updateDisplayPowerStateLocked: displayReady=true, groupId=0, policy=BRIGHT, mWakefulness=Awake, mWakeLockSummary=0x23, mUserActivitySummary=0x1, mBootCompleted=true, screenBrightnessOverride=NaN, useAutoBrightness=false, mScreenBrightnessBoostInProgress=false, mIsVrModeEnabled= false, sQuiescent=false
06-28 10:27:03.540 2605 2605 I wm_on_create_called: [89397021,com.android.quickstep.RecentsActivity,performCreate]
06-28 10:27:03.542 2605 2605 I wm_on_paused_called: [263032627,com.android.launcher3.uioverrides.QuickstepLauncher,performPause]
06-28 10:27:03.545 1603 1889 I input_focus: [Focus leaving 32d3955 com.ss.android.ugc.aweme/com.ss.android.ugc.aweme.splash.SplashActivity (server),reason=NO_WINDOW]
06-28 10:27:03.545 24965 24965 I wm_on_top_resumed_gained_called: [143830663,com.ss.android.ugc.aweme.splash.SplashActivity,topStateChangedWhenResumed]
06-28 10:27:03.545 1603 1634 I wm_add_to_stopping: [0,89397021,com.android.launcher3/com.android.quickstep.RecentsActivity,completeFinishing]
06-28 10:27:03.546 1603 1634 I ActivityTaskManager: FOREGROUND_APPLICATION_CHANGED to com.ss.android.ugc.aweme.main.MainActivity
06-28 10:27:03.546 1603 1634 I ActivityTaskManager: FOREGROUND_APPLICATION_CHANGED to com.android.launcher3.uioverrides.QuickstepLauncher
06-28 10:27:03.546 25395 25395 D ProcessState: Binder ioctl to enable oneway spam detection failed: Invalid argument
06-28 10:27:03.546 0 0 I [ 1098.129969] binder: 25395:25395 ioctl 40046210 7fe1715a54 returned -22
06-28 10:27:03.547 1603 1634 I wm_resume_activity: [0,263032627,24822,com.android.launcher3/.uioverrides.QuickstepLauncher]
06-28 10:27:03.554 2605 2605 D ActivityChangeReceiver: onReceive
06-28 10:27:03.554 2605 2605 D Launcher: onResume start
06-28 10:27:03.554 2605 2605 D Launcher: onResume finish
06-28 10:27:03.554 2605 2605 I wm_on_resume_called: [263032627,com.android.launcher3.uioverrides.QuickstepLauncher,RESUME_ACTIVITY]
06-28 10:27:03.554 2605 3423 D MCUUtil : saveLastActivity activityName=com.android.quickstep.RecentsActivity packageName=com.android.launcher3
06-28 10:27:03.554 1603 1709 I sysui_multi_action: [757,1144,758,8,806,com.android.launcher3,871,com.android.quickstep.RecentsActivity]
06-28 10:27:03.555 1603 1709 D PowerManagerService: releaseWakeLockInternal: lock=74546600 [*launch*], flags=0x0
06-28 10:27:03.555 1603 1709 D PowerManagerNotifier: onWakeLockReleased: flags=1, tag="*launch*", packageName=android, ownerUid=1000, ownerPid=1603, workSource=WorkSource{10075}
06-28 10:27:03.555 1603 1709 D PowerManagerService: updateWakeLockSummaryLocked: mWakefulness=Awake, mWakeLockSummary=0x23
06-28 10:27:03.555 1603 1709 D PowerManagerService: updateUserActivitySummaryLocked: groupId=0, mWakefulness=Awake, mUserActivitySummary=0x1, nextTimeout=1157766 (in 59627 ms)
06-28 10:27:03.555 1603 1709 D PowerManagerNotifier: onScreenPolicyUpdate: newPolicy=3
06-28 10:27:03.555 1603 1709 D PowerManagerService: updateDisplayPowerStateLocked: displayReady=true, groupId=0, policy=BRIGHT, mWakefulness=Awake, mWakeLockSummary=0x23, mUserActivitySummary=0x1, mBootCompleted=true, screenBrightnessOverride=NaN, useAutoBrightness=false, mScreenBrightnessBoostInProgress=false, mIsVrModeEnabled= false, sQuiescent=false
06-28 10:27:03.556 1603 1709 I wm_destroy_activity: [0,89397021,24868,com.android.launcher3/com.android.quickstep.RecentsActivity,finish-imm:idle]
06-28 10:27:03.556 1603 1709 I sysui_multi_action: [757,1144,758,8,806,com.android.launcher3,871,com.android.quickstep.RecentsActivity]
06-28 10:27:03.557 2605 2605 I wm_on_destroy_called: [89397021,com.android.quickstep.RecentsActivity,performDestroy]
06-28 10:27:03.558 1603 1635 I wm_task_removed: [24868,cleanUpResourcesForDestroy]
06-28 10:27:03.558 1603 1635 I wm_task_removed: [24867,removeChild:removeChild last r=Task{59acb60 #24868 type=recents I=com.android.launcher3/com.android.quickstep.RecentsActivity U=0 visible=false mode=fullscreen translucent=true sz=0 visible freeform task=true rootAffinity=null isMini=false} in t=Task{fb3fab7 #24867 type=recents ?? U=0 visible=false mode=fullscreen translucent=true sz=0 visible freeform task=true rootAffinity=null isMini=false}]
06-28 10:27:03.558 1603 1635 I wm_task_removed: [24867,removeChild]
06-28 10:27:03.558 1603 1635 I wm_task_removed: [24868,removeChild:removeChild last r=ActivityRecord{554171d u0 com.android.launcher3/com.android.quickstep.RecentsActivity taskAffinity=null t-1 f}} in t=Task{59acb60 #24868 type=recents I=com.android.launcher3/com.android.quickstep.RecentsActivity U=0 visible=false mode=fullscreen translucent=true sz=0 visible freeform task=true rootAffinity=null isMini=false}]
06-28 10:27:03.559 1603 1635 I wm_task_removed: [24868,removeChild]
06-28 10:27:03.559 1603 1635 I ActivityTaskManager: FOREGROUND_APPLICATION_CHANGED to com.ss.android.ugc.aweme.main.MainActivity
06-28 10:27:03.559 1603 1709 I sysui_multi_action: [757,803,799,window_time_0,802,0]
06-28 10:27:03.560 2605 2605 D ActivityChangeReceiver: onReceive
06-28 10:27:03.560 1603 1709 I am_uid_running: 10127
06-28 10:27:03.560 2605 10145 D MCUUtil : saveLastActivity activityName=com.android.launcher3.uioverrides.QuickstepLauncher packageName=com.android.launcher3
06-28 10:27:03.560 1603 1709 D CompatibilityChangeReporter: Compat change id reported: 135634846; UID 10127; state: DISABLED
06-28 10:27:03.561 1603 1709 D CompatibilityChangeReporter: Compat change id reported: 177438394; UID 10127; state: DISABLED
06-28 10:27:03.561 1603 1709 D CompatibilityChangeReporter: Compat change id reported: 135772972; UID 10127; state: DISABLED
06-28 10:27:03.561 1603 1722 D CompatibilityChangeReporter: Compat change id reported: 143937733; UID 10127; state: ENABLED
06-28 10:27:03.561 1603 1709 I EventSequenceValidator: dec AccIntentStartedEvents to 0
06-28 10:27:03.562 1603 1709 I EventSequenceValidator: inc AccIntentStartedEvents to 1
06-28 10:27:03.570 701 701 D Zygote : Forked child process 25399
06-28 10:27:03.570 1603 1722 I am_proc_start: [0,25399,10127,com.zhihu.android,NULL,]
06-28 10:27:03.570 1603 1722 I ActivityManager: Start proc 25399:com.zhihu.android/u0a127 for null
06-28 10:27:03.574 25399 25399 I libc : SetHeapTaggingLevel: tag level set to 0
06-28 10:27:03.580 25399 25399 E m.zhihu.androi: Not starting debugger since process cannot load the jdwp agent.
06-28 10:27:03.581 2605 2634 W System : A resource failed to call release.
06-28 10:27:03.581 2605 2634 W System : A resource failed to call release.
06-28 10:27:03.581 2605 2634 W System : A resource failed to call release.
06-28 10:27:03.582 2605 2634 W System : A resource failed to call release.
06-28 10:27:03.582 2605 2634 W System : A resource failed to call release.
06-28 10:27:03.582 2605 2634 W System : A resource failed to call release.
06-28 10:27:03.582 25399 25399 D ProcessState: Binder ioctl to enable oneway spam detection failed: Invalid argument
06-28 10:27:03.582 2605 2634 W System : A resource failed to call release.
06-28 10:27:03.585 1603 7198 I am_proc_bound: [0,25399,com.zhihu.android]
06-28 10:27:03.587 1603 7198 D CompatibilityChangeReporter: Compat change id reported: 168419799; UID 10127; state: DISABLED
06-28 10:27:03.587 1603 7198 D CompatibilityInfo: mCompatibilityFlags - 4
06-28 10:27:03.587 1603 7198 D CompatibilityInfo: applicationDensity - 240
06-28 10:27:03.587 1603 7198 D CompatibilityInfo: applicationScale - 1.0
06-28 10:27:03.589 0 0 I [ 1098.165908] binder: 25399:25399 ioctl 40046210 7fe865dad4 returned -22
06-28 10:27:03.590 25399 25399 D CompatibilityChangeReporter: Compat change id reported: 171979766; UID 10127; state: ENABLED
06-28 10:27:03.593 1603 7198 D CompatibilityInfo: mCompatibilityFlags - 4
06-28 10:27:03.593 1603 7198 D CompatibilityInfo: applicationDensity - 240
06-28 10:27:03.593 1603 7198 D CompatibilityInfo: applicationScale - 1.0
06-28 10:27:03.603 25399 25399 D ApplicationLoaders: Returning zygote-cached class loader: /system/framework/android.test.base.jar
06-28 10:27:03.608 25399 25399 D ApplicationLoaders: Returning zygote-cached class loader: /system/framework/android.test.base.jar
06-28 10:27:03.610 25399 25399 W m.zhihu.androi: ClassLoaderContext shared library size mismatch. Expected=0, found=2 (PCL[] | PCL[]{PCL[/system/framework/android.test.base.jar*3790657674]#PCL[/system/framework/android.test.mock.jar*2323405585]})
