06-28 10:27:05.050 1603 1944 D NsdService: Native daemon message SERVICE_FOUND: 603 207 "3906c0a2bf80@高合娱乐副屏(2)" _raop._tcp. local.
06-28 10:27:05.053 1603 1889 D PowerManagerService: userActivityNoUpdateLocked: groupId=0, eventTime=1099636, event=2, flags=0x0, uid=1000
06-28 10:27:05.053 2605 2605 D ViewTouchDebug: mView : DecorView@20168d1[QuickstepLauncher]Receive event : MotionEvent { action=ACTION_UP, actionButton=0, id[0]=0, x[0]=748.0, y[0]=650.0, toolType[0]=TOOL_TYPE_FINGER, buttonState=0, classification=NONE, metaState=0, flags=0x0, edgeFlags=0x0, pointerCount=1, historySize=0, eventTime=1099636, downTime=1099296, deviceId=4, source=0x5002, displayId=0, eventId=69252254 }
06-28 10:27:05.053 1603 1889 D PowerManagerNotifier: onUserActivity: event=2, uid=1000
06-28 10:27:05.053 1603 1889 D PowerManagerService: updateUserActivitySummaryLocked: groupId=0, mWakefulness=Awake, mUserActivitySummary=0x1, nextTimeout=1159636 (in 59999 ms)
06-28 10:27:05.053 1603 1889 D PowerManagerNotifier: onScreenPolicyUpdate: newPolicy=3
06-28 10:27:05.053 1603 1889 D PowerManagerService: updateDisplayPowerStateLocked: displayReady=true, groupId=0, policy=BRIGHT, mWakefulness=Awake, mWakeLockSummary=0x1, mUserActivitySummary=0x1, mBootCompleted=true, screenBrightnessOverride=NaN, useAutoBrightness=false, mScreenBrightnessBoostInProgress=false, mIsVrModeEnabled= false, sQuiescent=false
06-28 10:27:05.054 2605 2605 D StateManager: goToState: Normal
06-28 10:27:05.054 2605 2605 D EditModeHelper: setHotseatVisibility: 0
06-28 10:27:05.055 2605 2605 D RecentsViewStateController: setStateWithAnimationInternal: Normal
06-28 10:27:05.055 2605 2605 D BaseRecentsViewStateController: setStateWithAnimationInternal: scaleAndOffset: 1.0 : 1.0
06-28 10:27:05.064 2605 2605 D FreeWindowHelper: enterOrExitRecentTasks: isEnterRecentTasks=false,mExitFlag=0
06-28 10:27:05.065 1603 1635 I wm_task_moved: [1,1,6]
06-28 10:27:05.066 1603 1635 I wm_set_resumed_activity: [0,com.android.launcher3/.uioverrides.QuickstepLauncher,positionChildAt]
06-28 10:27:05.066 1603 1635 I wm_task_moved: [24866,1,6]
06-28 10:27:05.066 1603 1635 I wm_task_to_front: [0,24866]
06-28 10:27:05.066 1603 1709 I EventSequenceValidator: inc AccIntentStartedEvents to 2
06-28 10:27:05.066 1603 1635 I wm_focused_root_task: [0,0,24866,1,moveTaskToFront findTaskToMoveToFront]
06-28 10:27:05.066 1603 1635 I wm_set_resumed_activity: [0,com.ss.android.ugc.aweme/.splash.SplashActivity,moveTaskToFront findTaskToMoveToFront]
06-28 10:27:05.066 1603 1635 I ActivityTaskManager: FOREGROUND_APPLICATION_CHANGED to com.ss.android.ugc.aweme.main.MainActivity
06-28 10:27:05.067 1603 1635 I wm_set_resumed_activity: [0,com.ss.android.ugc.aweme/.splash.SplashActivity,resumeTopActivityInnerLocked]
06-28 10:27:05.067 1603 1635 I wm_add_to_stopping: [0,143830663,com.ss.android.ugc.aweme/.splash.SplashActivity,makeInvisible]
06-28 10:27:05.067 1603 1635 I wm_resume_activity: [0,143830663,24866,com.ss.android.ugc.aweme/.splash.SplashActivity]
06-28 10:27:05.067 1603 1635 D CompatibilityInfo: mCompatibilityFlags - 4
06-28 10:27:05.067 1603 1635 D CompatibilityInfo: applicationDensity - 240
06-28 10:27:05.067 1603 1635 D CompatibilityInfo: applicationScale - 1.0
06-28 10:27:05.081 2605 2605 I wm_on_top_resumed_lost_called: [263032627,com.android.launcher3.uioverrides.QuickstepLauncher,topStateChangedWhenResumed]
06-28 10:27:05.086 24965 24965 I wm_on_restart_called: [143830663,com.ss.android.ugc.aweme.splash.SplashActivity,performRestartActivity]
06-28 10:27:05.095 24965 24965 I wm_on_start_called: [143830663,com.ss.android.ugc.aweme.splash.SplashActivity,handleStartActivity]
06-28 10:27:05.102 24965 24965 I AudioManager: In isBluetoothScoOn(), calling application: com.ss.android.ugc.aweme
06-28 10:27:05.106 24965 24965 I wm_on_resume_called: [143830663,com.ss.android.ugc.aweme.splash.SplashActivity,RESUME_ACTIVITY]
06-28 10:27:05.111 2605 2605 D ActivityChangeReceiver: onReceive
06-28 10:27:05.111 2605 3423 D MCUUtil : saveLastActivity activityName=com.ss.android.ugc.aweme.main.MainActivity packageName=com.ss.android.ugc.aweme
06-28 10:27:05.121 1603 1711 I input_focus: [Focus request 32d3955 com.ss.android.ugc.aweme/com.ss.android.ugc.aweme.splash.SplashActivity,reason=UpdateInputWindows]
06-28 10:27:05.129 24965 25320 W AudioManager: Use of stream types is deprecated for operations other than volume control
06-28 10:27:05.129 24965 25320 W AudioManager: See the documentation of requestAudioFocus() for what to use instead with android.media.AudioAttributes to qualify your playback use case
06-28 10:27:05.130 1603 2648 I MediaFocusControl: requestAudioFocus() from uid/pid 10104/24965 AA=USAGE_MEDIA/CONTENT_TYPE_MUSIC clientId=android.media.AudioManager@c450e08X.A5s@5dd99a1 callingPack=com.ss.android.ugc.aweme req=1 flags=0x0 sdk=29
06-28 10:27:05.130 24965 25322 W ttmn : <7ab78ddef0,av_player_holder.cpp,sendEvent,413>event is: 2
06-28 10:27:05.130 24965 25322 D VCStrategy: [center][event] on event, id = 952630164855037T1687919223159T7674, key = 3009, value = 0, info = , jsonLog = null
06-28 10:27:05.130 24965 25322 D VCStrategy: [center][event] on event, id = 952630164855037T1687919223159T7674, key = 3010, value = 0, info = , jsonLog = null
06-28 10:27:05.131 24965 25322 W ttmn : <7a678bebf0,normal_clock.cpp,resume,115>aclock test: resume, update time: 601
06-28 10:27:05.131 24965 25322 W ttmn : <7a678e1b10,normal_clock.cpp,resume,115>aclock test: resume, update time: -1
06-28 10:27:05.140 1603 1711 D PowerManagerService: acquireWakeLockInternal: lock=253711344, flags=0x2000000a, tag="WindowManager", ws=WorkSource{10104}, uid=1000, pid=1603
06-28 10:27:05.140 1603 1711 D PowerManagerService: updateWakeLockSummaryLocked: mWakefulness=Awake, mWakeLockSummary=0x23
06-28 10:27:05.140 1603 1711 D PowerManagerService: updateUserActivitySummaryLocked: groupId=0, mWakefulness=Awake, mUserActivitySummary=0x1, nextTimeout=1159636 (in 59912 ms)
06-28 10:27:05.141 1603 1711 D PowerManagerNotifier: onScreenPolicyUpdate: newPolicy=3
06-28 10:27:05.141 1603 1711 D PowerManagerService: updateDisplayPowerStateLocked: displayReady=true, groupId=0, policy=BRIGHT, mWakefulness=Awake, mWakeLockSummary=0x23, mUserActivitySummary=0x1, mBootCompleted=true, screenBrightnessOverride=NaN, useAutoBrightness=false, mScreenBrightnessBoostInProgress=false, mIsVrModeEnabled= false, sQuiescent=false
06-28 10:27:05.141 1603 1711 D PowerManagerNotifier: onWakeLockAcquired: flags=536870922, tag="WindowManager", packageName=android, ownerUid=1000, ownerPid=1603, workSource=WorkSource{10104}
06-28 10:27:05.142 1603 1706 I sysui_multi_action: [319,69,322,69,325,1099,757,761,758,9,759,2,806,com.ss.android.ugc.aweme,871,com.ss.android.ugc.aweme.splash.SplashActivity,904,com.android.launcher3,905,0,1320,8,1321,5]
06-28 10:27:05.145 1603 1709 I EventSequenceValidator: dec AccIntentStartedEvents to 1
06-28 10:27:05.146 24965 24965 I wm_on_top_resumed_gained_called: [143830663,com.ss.android.ugc.aweme.splash.SplashActivity,topStateChangedWhenResumed]
06-28 10:27:05.147 1603 1721 D CompatibilityInfo: mCompatibilityFlags - 4
06-28 10:27:05.147 1603 1721 D CompatibilityInfo: applicationDensity - 240
06-28 10:27:05.147 1603 1721 D CompatibilityInfo: applicationScale - 1.0
06-28 10:27:05.149 1603 1889 I input_focus: [Focus leaving 3675f2c com.android.launcher3/com.android.launcher3.uioverrides.QuickstepLauncher (server),reason=setFocusedWindow]
06-28 10:27:05.149 1603 1889 I input_focus: [Focus entering 32d3955 com.ss.android.ugc.aweme/com.ss.android.ugc.aweme.splash.SplashActivity (server),reason=setFocusedWindow]
06-28 10:27:05.206 1603 7168 D CompatibilityInfo: mCompatibilityFlags - 4
06-28 10:27:05.206 1603 7168 D CompatibilityInfo: applicationDensity - 240
06-28 10:27:05.206 1603 7168 D CompatibilityInfo: applicationScale - 1.0
06-28 10:27:05.282 867 1077 W SDM : HWCDisplay::GetHWCLayer: [0] GetLayer(219) failed: no such layer
06-28 10:27:05.283 981 981 W HwcComposer: command 0x3000000 generated error 3
06-28 10:27:05.378 1603 1944 D NsdService: Stop service discovery
06-28 10:27:05.378 1603 1944 D NsdService: mdnssd [stop-discover, 207]
06-28 10:27:05.378 700 771 W netd : dnssd_clientstub DNSServiceProcessResult called with NULL DNSServiceRef
06-28 10:27:05.378 1603 1944 D NsdService: Discover services
06-28 10:27:05.378 1603 1944 D NsdService: mdnssd [discover, 208, _airplay._tcp.]
06-28 10:27:05.379 1603 1944 D NsdService: Discover 4 208_airplay._tcp.
06-28 10:27:05.418 24965 25049 I WCDB.SQLiteConnectionPool: Max connection pool size is 1.
06-28 10:27:05.418 24965 25049 I WCDB : Initialize SQLite connection module 'MMFTS'...
06-28 10:27:05.419 24965 25049 I WCDB.SQLiteConnection: Opened connection 0x7af7909b38 with label '/data/user/0/com.ss.android.ugc.aweme/databases/encrypted_im_biz_0.db'
06-28 10:27:05.419 24965 25049 I WCDB.SQLiteConnection: sqlite3_key verification passed.
06-28 10:27:05.450 1603 1944 D NsdService: Native daemon message SERVICE_FOUND: 603 208 "高合娱乐副屏(3)" _airplay._tcp. local.
06-28 10:27:05.543 1603 1944 D NsdService: Native daemon message SERVICE_FOUND: 603 208 "高合娱乐副屏(2)" _airplay._tcp. local.
06-28 10:27:05.543 1603 1944 D NsdService: Native daemon message SERVICE_FOUND: 603 208 "高合娱乐副屏(2)" _airplay._tcp. local.
06-28 10:27:05.544 1603 1944 D NsdService: Native daemon message SERVICE_FOUND: 603 208 "高合娱乐副屏(2)" _airplay._tcp. local.
06-28 10:27:05.544 1603 1944 D NsdService: Native daemon message SERVICE_FOUND: 603 208 "高合娱乐副屏(2)" _airplay._tcp. local.
06-28 10:27:05.544 1603 1944 D NsdService: Native daemon message SERVICE_FOUND: 603 208 "高合娱乐副屏(2)" _airplay._tcp. local.
06-28 10:27:05.544 1603 1944 D NsdService: Native daemon message SERVICE_FOUND: 603 208 "高合娱乐副屏(2)" _airplay._tcp. local.
06-28 10:27:05.544 1603 1944 D NsdService: Native daemon message SERVICE_FOUND: 603 208 "高合娱乐副屏(2)" _airplay._tcp. local.
06-28 10:27:05.660 24965 24965 I Choreographer: Skipped 31 frames! The application may be doing too much work on its main thread.
06-28 10:27:05.672 3479 3479 I ImeService: ImeService(com.baidu.input_hryt.ImeService@be0deda) life called >>> onUnbindInput
06-28 10:27:05.675 3479 3479 D ImeService: onUnbindInput
06-28 10:27:05.675 3479 3479 I ImeService: ImeService(com.baidu.input_hryt.ImeService@be0deda) life called >>> onUnbindInput false
06-28 10:27:05.675 1603 1634 D CompatibilityInfo: mCompatibilityFlags - 4
06-28 10:27:05.676 1603 1634 D CompatibilityInfo: applicationDensity - 240
06-28 10:27:05.676 1603 1634 D CompatibilityInfo: applicationScale - 1.0
06-28 10:27:05.677 24965 24980 I OpenGLRenderer: Davey! duration=9223370937141ms; Flags=0, FrameTimelineVsyncId=23548, IntendedVsync=1099713340798, Vsync=1100230007444, InputEventId=0, HandleInputStart=1100243769371, AnimationStart=1100243770725, PerformTraversalsStart=1100243857704, DrawStart=1100244936871, FrameDeadline=1099746674130, FrameInterval=1100243707704, FrameStartTime=16666666, SyncQueued=1100245352860, SyncStart=1100245435100, IssueDrawCommandsStart=1100245932444, SwapBuffers=1100248359319, FrameCompleted=9223372036854775807, DequeueBufferDuration=483646, QueueBufferDuration=486406, GpuCompleted=9223372036854775807, SwapBuffersCompleted=1100249044475, DisplayPresentTime=-72057589759737856,
06-28 10:27:05.678 3479 3479 I ImeService: ImeService(com.baidu.input_hryt.ImeService@be0deda) life called >>> onBindInput
06-28 10:27:05.678 3479 3479 D ImeService: onBindInput
06-28 10:27:05.678 3479 3479 I ImeService: ImeService(com.baidu.input_hryt.ImeService@be0deda) life called >>> onFinishInput
06-28 10:27:05.678 3479 3479 D ImeService: onFinishInput
06-28 10:27:05.678 3479 3479 I ImeService: ImeService(com.baidu.input_hryt.ImeService@be0deda) life called >>> onStartInput false 10.6.1003.19
06-28 10:27:05.678 3479 3479 D ImeService: current version:10.6.1003.19
06-28 10:27:05.678 3479 3479 D ImeService: onStartInput:packageName:com.ss.android.ugc.aweme inputType:0 restarting:false,fieldId:-1,imeOptions:0
06-28 10:27:05.680 3479 10181 E CarAuth : check ok
06-28 10:27:05.682 3479 3479 I ColorPicker: invalidatePickedColors: oldFloatColor=fff5f7fa
06-28 10:27:05.699 1603 7168 D CompatibilityInfo: mCompatibilityFlags - 4
06-28 10:27:05.699 1603 7168 D CompatibilityInfo: applicationDensity - 240
06-28 10:27:05.699 1603 7168 D CompatibilityInfo: applicationScale - 1.0
06-28 10:27:05.711 1603 1634 D CompatibilityInfo: mCompatibilityFlags - 4
06-28 10:27:05.711 1603 1634 D CompatibilityInfo: applicationDensity - 240
06-28 10:27:05.711 1603 1634 D CompatibilityInfo: applicationScale - 1.0
06-28 10:27:05.771 2605 2605 D ViewTouchDebug: mView : DecorView@20168d1[QuickstepLauncher]Receive event : MotionEvent { action=ACTION_DOWN, actionButton=0, id[0]=0, x[0]=1215.0, y[0]=1078.0, toolType[0]=TOOL_TYPE_FINGER, buttonState=0, classification=NONE, metaState=0, flags=0x2, edgeFlags=0x0, pointerCount=1, historySize=0, eventTime=1100354, downTime=1100354, deviceId=4, source=0x5002, displayId=0, eventId=628949970 }
06-28 10:27:05.772 1603 1889 D PowerManagerService: userActivityNoUpdateLocked: groupId=0, eventTime=1100354, event=2, flags=0x0, uid=1000
06-28 10:27:05.772 1603 1889 D PowerManagerNotifier: onUserActivity: event=2, uid=1000
06-28 10:27:05.772 1603 1889 D PowerManagerService: updateUserActivitySummaryLocked: groupId=0, mWakefulness=Awake, mUserActivitySummary=0x1, nextTimeout=1160354 (in 59999 ms)
06-28 10:27:05.772 1603 1889 D PowerManagerNotifier: onScreenPolicyUpdate: newPolicy=3
06-28 10:27:05.772 1603 1889 D PowerManagerService: updateDisplayPowerStateLocked: displayReady=true, groupId=0, policy=BRIGHT, mWakefulness=Awake, mWakeLockSummary=0x23, mUserActivitySummary=0x1, mBootCompleted=true, screenBrightnessOverride=NaN, useAutoBrightness=false, mScreenBrightnessBoostInProgress=false, mIsVrModeEnabled= false, sQuiescent=false
06-28 10:27:05.774 2605 2605 D TouchInteractionService: onInputEvent: ACTION_DOWN: OverviewInputConsumer
06-28 10:27:05.777 1998 1998 D ViewTouchDebug: mView : com.android.systemui.navigationbar.NavigationBarFrame{ea90e25 V.E...... ........ 0,0-2560,46 #7f0b03f3 app:id/navigation_bar_frame}Receive event : MotionEvent { action=ACTION_OUTSIDE, actionButton=0, id[0]=0, x[0]=0.0, y[0]=-1034.0, toolType[0]=TOOL_TYPE_FINGER, buttonState=0, classification=NONE, metaState=0, flags=0x0, edgeFlags=0x0, pointerCount=1, historySize=0, eventTime=1100354, downTime=1100354, deviceId=4, source=0x5002, displayId=0, eventId=1864347575 }
06-28 10:27:05.797 2605 2605 D EditModeHelper: setHotseatVisibility: 8
06-28 10:27:05.799 1603 1635 D ActivityTaskManager: Skipping, freeform mode : Task{6cfb152 #24866 type=standard A=10104:com.ss.android.ugc.aweme U=0 visible=true mode=freeform translucent=false sz=1 visible freeform task=true rootAffinity=10104:com.ss.android.ugc.aweme isMini=false}
06-28 10:27:05.800 2605 2605 D FreeWindowContainer: reloadTask: TaskInfo{userId=0 taskId=24866 displayId=0 isRunning=true baseIntent=Intent { act=android.intent.action.MAIN cat=[android.intent.category.LAUNCHER] flg=0x10200000 cmp=com.ss.android.ugc.aweme/.splash.SplashActivity } baseActivity=ComponentInfo{com.ss.android.ugc.aweme/com.ss.android.ugc.aweme.splash.SplashActivity} topActivity=ComponentInfo{com.ss.android.ugc.aweme/com.ss.android.ugc.aweme.main.MainActivity} origActivity=ComponentInfo{com.ss.android.ugc.aweme/com.ss.android.ugc.aweme.splash.SplashActivity} realActivity=ComponentInfo{com.ss.android.ugc.aweme/com.ss.android.ugc.aweme.main.MainActivity} numActivities=1 lastActiveTime=1100377 supportsSplitScreenMultiWindow=true supportsMultiWindow=true resizeMode=2 isResizeable=true token=WCT{android.window.IWindowContainerToken$Stub$Proxy@eb32378} topActivityType=1 pictureInPictureParams=PictureInPictureParams( aspectRatio=null sourceRectHint=null hasSetActions=false isAutoPipEnabled=false isSeamlessResizeEnabled=true) displayCutoutSafeInsets=null topActivityInfo=ActivityInfo{de4da51 com.ss.android.ugc.aweme.splash.SplashActivity} launchCookies=[] positionInParent=Point(20, 72) parentTaskId=-1 isFocused=true isVisible=true topActivityInSizeCompat=false locusId= null}
06-28 10:27:05.802 25399 25409 W System : A resource failed to call close.
06-28 10:27:05.808 2605 2605 V GameTypeUtils: judge isGame:com.microsoft.emmx
06-28 10:27:05.809 2605 2605 V GameTypeUtils: judge isGame:com.kuaishou.nebula
06-28 10:27:05.809 2605 2605 V GameTypeUtils: judge isGame:com.smile.gifmaker
06-28 10:27:05.809 2605 2605 V GameTypeUtils: judge isGame:com.ss.android.lark
06-28 10:27:05.809 2605 2605 V GameTypeUtils: judge isGame:com.tencent.android.qqdownloader
06-28 10:27:05.810 2605 2605 V GameTypeUtils: judge isGame:com.android.documentsui
06-28 10:27:05.810 2605 2605 V GameTypeUtils: judge isGame:air.tv.douyu.android
06-28 10:27:05.810 2605 2605 V GameTypeUtils: judge isGame:com.baidu.appsearch
06-28 10:27:05.810 2605 2605 V GameTypeUtils: judge isGame:com.baidu.searchbox
06-28 10:27:05.810 2605 2605 V GameTypeUtils: judge isGame:com.github.uiautomator
06-28 10:27:05.811 2605 2605 V GameTypeUtils: judge isGame:com.hunantv.imgo.activity
06-28 10:27:05.811 2605 2605 V GameTypeUtils: judge isGame:com.kugou.android
06-28 10:27:05.811 2605 2605 V GameTypeUtils: judge isGame:com.kugou.android.auto
06-28 10:27:05.811 2605 2605 V GameTypeUtils: judge isGame:com.miHoYo.Yuanshen
06-28 10:27:05.812 2605 2605 V GameTypeUtils: judge isGame:com.netease.cloudmusic
06-28 10:27:05.812 2605 2605 V GameTypeUtils: judge isGame:com.netease.newsreader.activity
06-28 10:27:05.812 2605 2605 V GameTypeUtils: judge isGame:com.sohu.sohuvideo
06-28 10:27:05.812 2605 2605 V GameTypeUtils: judge isGame:com.ss.android.article.news
06-28 10:27:05.812 2605 2605 V GameTypeUtils: judge isGame:com.ss.android.ugc.aweme
06-28 10:27:05.813 2605 2605 V GameTypeUtils: judge isGame:com.ss.android.ugc.aweme.lite
06-28 10:27:05.813 2605 2605 V GameTypeUtils: judge isGame:com.taobao.taobao
06-28 10:27:05.813 2605 2605 V GameTypeUtils: judge isGame:com.tencent.KiHan
06-28 10:27:05.813 2605 2605 V GameTypeUtils: judge isGame:com.tencent.mm
06-28 10:27:05.813 2605 2605 V GameTypeUtils: judge isGame:com.tencent.mobileqq
06-28 10:27:05.814 2605 2605 V GameTypeUtils: judge isGame:com.tencent.mtt
06-28 10:27:05.814 2605 2605 V GameTypeUtils: judge isGame:com.tencent.qqlive
06-28 10:27:05.814 2605 2605 V GameTypeUtils: judge isGame:com.tencent.qqmusic
06-28 10:27:05.814 2605 2605 V GameTypeUtils: judge isGame:com.tencent.qqmusicpad
06-28 10:27:05.815 2605 2605 V GameTypeUtils: judge isGame:com.tencent.tmgp.sgame
06-28 10:27:05.815 2605 2605 V GameTypeUtils: judge isGame:com.tencent.tmgp.yqqskp
06-28 10:27:05.815 2605 2605 V GameTypeUtils: judge isGame:com.tencent.wemeet.app
06-28 10:27:05.815 2605 2605 V GameTypeUtils: judge isGame:com.tencent.wework
06-28 10:27:05.815 2605 2605 V GameTypeUtils: judge isGame:com.wandoujia.phoenix2
06-28 10:27:05.816 2605 2605 V GameTypeUtils: judge isGame:com.wuba
06-28 10:27:05.816 2605 2605 V GameTypeUtils: judge isGame:com.xingin.xhs
06-28 10:27:05.816 2605 2605 V GameTypeUtils: judge isGame:com.youku.phone
06-28 10:27:05.816 2605 2605 V GameTypeUtils: judge isGame:com.zhihu.android
06-28 10:27:05.859 1603 1634 I InputDispatcher: Monitor swipe-up (server) is stealing touch from [3675f2c com.android.launcher3/com.android.launcher3.uioverrides.QuickstepLauncher (server), 287fe67 com.android.systemui.ImageWallpaper (server), ]
06-28 10:27:05.861 1998 1998 V ShadeControllerImpl: NotificationShadeWindow: com.android.systemui.statusbar.phone.NotificationShadeWindowView{2e496cc I.E...... ......ID 0,0-2560,1080} canPanelBeCollapsed(): false
06-28 10:27:05.861 2605 2605 D ViewTouchDebug: mView : DecorView@20168d1[QuickstepLauncher]Receive event : MotionEvent { action=ACTION_CANCEL, actionButton=0, id[0]=0, x[0]=1228.0, y[0]=977.0, toolType[0]=TOOL_TYPE_FINGER, buttonState=0, classification=NONE, metaState=0, flags=0x2, edgeFlags=0x0, pointerCount=1, historySize=0, eventTime=1100442, downTime=1100354, deviceId=4, source=0x5002, displayId=0, eventId=1597445813 }
06-28 10:27:05.861 2605 2605 I view_enqueue_input_event: [Motion - Cancel,com.android.launcher3/com.android.launcher3.uioverrides.QuickstepLauncher]
06-28 10:27:05.865 1603 1635 W ActivityTaskManager: getTaskSnapshot: taskId=-465 not found
06-28 10:27:05.869 1603 1889 I input_interaction: Interaction with: edge-swipe (server), swipe-up (server), PointerEventDispatcher0 (server),
06-28 10:27:05.880 1603 1889 D PowerManagerService: userActivityNoUpdateLocked: groupId=0, eventTime=1100462, event=2, flags=0x0, uid=1000
06-28 10:27:05.880 1603 1889 D PowerManagerNotifier: onUserActivity: event=2, uid=1000
06-28 10:27:05.880 1603 1889 D PowerManagerService: updateUserActivitySummaryLocked: groupId=0, mWakefulness=Awake, mUserActivitySummary=0x1, nextTimeout=1160462 (in 59999 ms)
06-28 10:27:05.880 1603 1889 D PowerManagerNotifier: onScreenPolicyUpdate: newPolicy=3
06-28 10:27:05.880 1603 1889 D PowerManagerService: updateDisplayPowerStateLocked: displayReady=true, groupId=0, policy=BRIGHT, mWakefulness=Awake, mWakeLockSummary=0x23, mUserActivitySummary=0x1, mBootCompleted=true, screenBrightnessOverride=NaN, useAutoBrightness=false, mScreenBrightnessBoostInProgress=false, mIsVrModeEnabled= false, sQuiescent=false
06-28 10:27:05.907 2605 10176 D BaseIconFactory: normalizeAndWrapToAdaptiveIcon: scale=0.8095241
06-28 10:27:05.907 1603 1635 W ActivityTaskManager: getTaskSnapshot: taskId=-465 not found
06-28 10:27:05.908 1603 7168 W ActivityTaskManager: getTaskSnapshot: taskId=-464 not found
06-28 10:27:05.908 2605 10176 D BaseIconFactory: normalizeAndWrapToAdaptiveIcon: scale=0.8095241
06-28 10:27:05.909 1603 1635 W ActivityTaskManager: getTaskSnapshot: taskId=-464 not found
06-28 10:27:05.917 1603 1944 D NsdService: Stop service discovery
06-28 10:27:05.917 1603 1944 D NsdService: mdnssd [stop-discover, 208]
06-28 10:27:05.918 700 771 W netd : dnssd_clientstub DNSServiceProcessResult called with NULL DNSServiceRef
06-28 10:27:05.919 1603 1944 D NsdService: Discover services
06-28 10:27:05.919 1603 1944 D NsdService: mdnssd [discover, 209, _leboremote._tcp.]
06-28 10:27:05.920 1603 1944 D NsdService: Discover 5 209_leboremote._tcp.
06-28 10:27:05.920 1603 1944 D NsdService: Native daemon message SERVICE_FOUND: 603 209 "高合娱乐副屏(3)" _leboremote._tcp. local.
06-28 10:27:05.991 1603 1889 D PowerManagerService: userActivityNoUpdateLocked: groupId=0, eventTime=1100574, event=2, flags=0x0, uid=1000
06-28 10:27:05.991 1603 1889 D PowerManagerNotifier: onUserActivity: event=2, uid=1000
06-28 10:27:05.992 1603 1889 D PowerManagerService: updateUserActivitySummaryLocked: groupId=0, mWakefulness=Awake, mUserActivitySummary=0x1, nextTimeout=1160574 (in 59999 ms)
06-28 10:27:05.992 1603 1889 D PowerManagerNotifier: onScreenPolicyUpdate: newPolicy=3
06-28 10:27:05.992 1603 1889 D PowerManagerService: updateDisplayPowerStateLocked: displayReady=true, groupId=0, policy=BRIGHT, mWakefulness=Awake, mWakeLockSummary=0x23, mUserActivitySummary=0x1, mBootCompleted=true, screenBrightnessOverride=NaN, useAutoBrightness=false, mScreenBrightnessBoostInProgress=false, mIsVrModeEnabled= false, sQuiescent=false
06-28 10:27:05.997 2605 2605 D NoButtonQuickSwitchTouchController: onMotionPauseDetected:
06-28 10:27:05.998 1603 25736 D PowerManagerService: acquireWakeLockInternal: lock=64655247, flags=0x1, tag="*vibrator*", ws=WorkSource{10075}, uid=1000, pid=1603
06-28 10:27:05.998 1603 25736 D PowerManagerService: updateWakeLockSummaryLocked: mWakefulness=Awake, mWakeLockSummary=0x23
06-28 10:27:05.998 1603 25736 D PowerManagerService: updateUserActivitySummaryLocked: groupId=0, mWakefulness=Awake, mUserActivitySummary=0x1, nextTimeout=1160574 (in 59992 ms)
06-28 10:27:05.998 1603 25736 D PowerManagerNotifier: onScreenPolicyUpdate: newPolicy=3
06-28 10:27:05.998 1603 25736 D PowerManagerService: updateDisplayPowerStateLocked: displayReady=true, groupId=0, policy=BRIGHT, mWakefulness=Awake, mWakeLockSummary=0x23, mUserActivitySummary=0x1, mBootCompleted=true, screenBrightnessOverride=NaN, useAutoBrightness=false, mScreenBrightnessBoostInProgress=false, mIsVrModeEnabled= false, sQuiescent=false
06-28 10:27:05.998 1603 25736 D PowerManagerNotifier: onWakeLockAcquired: flags=1, tag="*vibrator*", packageName=android, ownerUid=1000, ownerPid=1603, workSource=WorkSource{10075}
06-28 10:27:05.999 899 899 D vendor.qti.vibrator: Vibrator perform effect 0
06-28 10:27:05.999 899 899 D vendor.qti.vibrator: Vibrator on for timeoutMs: 10
06-28 10:27:05.999 899 25737 D vendor.qti.vibrator: Starting on on another thread
06-28 10:27:06.005 1603 1878 I commit_sys_config_file: [settings-1-0,7]
06-28 10:27:06.007 680 694 I mpu_uart: [MSG-P:RECV]:No message received in 1000 ms
06-28 10:27:06.008 899 899 D vendor.qti.vibrator: QTI Vibrator off
06-28 10:27:06.009 899 25737 D vendor.qti.vibrator: Notifying on complete
06-28 10:27:06.029 899 899 D vendor.qti.vibrator: Vibrator on for timeoutMs: 30
06-28 10:27:06.029 899 25741 D vendor.qti.vibrator: Starting on on another thread
06-28 10:27:06.059 899 25741 D vendor.qti.vibrator: Notifying on complete
06-28 10:27:06.060 899 899 D vendor.qti.vibrator: QTI Vibrator off
06-28 10:27:06.060 1603 25736 D PowerManagerService: releaseWakeLockInternal: lock=64655247 [*vibrator*], flags=0x0
06-28 10:27:06.060 1603 25736 D PowerManagerNotifier: onWakeLockReleased: flags=1, tag="*vibrator*", packageName=android, ownerUid=1000, ownerPid=1603, workSource=WorkSource{10075}
06-28 10:27:06.060 1603 25736 D PowerManagerService: updateWakeLockSummaryLocked: mWakefulness=Awake, mWakeLockSummary=0x23
06-28 10:27:06.060 1603 25736 D PowerManagerService: updateUserActivitySummaryLocked: groupId=0, mWakefulness=Awake, mUserActivitySummary=0x1, nextTimeout=1160574 (in 59930 ms)
06-28 10:27:06.060 1603 25736 D PowerManagerNotifier: onScreenPolicyUpdate: newPolicy=3
06-28 10:27:06.060 1603 25736 D PowerManagerService: updateDisplayPowerStateLocked: displayReady=true, groupId=0, policy=BRIGHT, mWakefulness=Awake, mWakeLockSummary=0x23, mUserActivitySummary=0x1, mBootCompleted=true, screenBrightnessOverride=NaN, useAutoBrightness=false, mScreenBrightnessBoostInProgress=false, mIsVrModeEnabled= false, sQuiescent=false
06-28 10:27:06.111 1603 1944 D NsdService: Native daemon message SERVICE_FOUND: 603 209 "高合娱乐副屏(2)" _leboremote._tcp. local.
06-28 10:27:06.111 1603 1944 D NsdService: Native daemon message SERVICE_FOUND: 603 209 "高合娱乐副屏(2)" _leboremote._tcp. local.
06-28 10:27:06.112 1603 1944 D NsdService: Native daemon message SERVICE_FOUND: 603 209 "高合娱乐副屏(2)" _leboremote._tcp. local.
06-28 10:27:06.112 1603 1944 D NsdService: Native daemon message SERVICE_FOUND: 603 209 "高合娱乐副屏(2)" _leboremote._tcp. local.
06-28 10:27:06.112 1603 1944 D NsdService: Native daemon message SERVICE_FOUND: 603 209 "高合娱乐副屏(2)" _leboremote._tcp. local.
06-28 10:27:06.112 1603 1944 D NsdService: Native daemon message SERVICE_FOUND: 603 209 "高合娱乐副屏(2)" _leboremote._tcp. local.
06-28 10:27:06.113 1603 1944 D NsdService: Native daemon message SERVICE_FOUND: 603 209 "高合娱乐副屏(2)" _leboremote._tcp. local.
06-28 10:27:06.132 1603 1889 D PowerManagerService: userActivityNoUpdateLocked: groupId=0, eventTime=1100714, event=2, flags=0x0, uid=1000
06-28 10:27:06.132 2605 2605 D TouchInteractionService: onInputEvent: ACTION_UP/ACTION_CANCEL: OverviewInputConsumer
06-28 10:27:06.132 1603 1889 D PowerManagerNotifier: onUserActivity: event=2, uid=1000
06-28 10:27:06.132 2605 2605 D NoButtonQuickSwitchTouchController: onDragEnd: noFling=true,isPaused=true,velocity=PointF(-0.0305303, -0.02671455)
06-28 10:27:06.132 1603 1889 D PowerManagerService: updateUserActivitySummaryLocked: groupId=0, mWakefulness=Awake, mUserActivitySummary=0x1, nextTimeout=1160714 (in 59999 ms)
06-28 10:27:06.132 1603 1889 D PowerManagerNotifier: onScreenPolicyUpdate: newPolicy=3
06-28 10:27:06.132 1603 1889 D PowerManagerService: updateDisplayPowerStateLocked: displayReady=true, groupId=0, policy=BRIGHT, mWakefulness=Awake, mWakeLockSummary=0x23, mUserActivitySummary=0x1, mBootCompleted=true, screenBrightnessOverride=NaN, useAutoBrightness=false, mScreenBrightnessBoostInProgress=false, mIsVrModeEnabled= false, sQuiescent=false
06-28 10:27:06.132 2605 2605 D EditModeHelper: setHotseatVisibility: 0
06-28 10:27:06.134 2605 2605 D RecentsViewStateController: setStateWithAnimationInternal: Overview
06-28 10:27:06.136 2605 2605 D BaseRecentsViewStateController: setStateWithAnimationInternal: scaleAndOffset: 1.0 : 0.0
06-28 10:27:06.150 2605 2605 W View : requestLayout() improperly called by com.android.launcher3.views.NoInsetView{3adbbff V.ED..... ......ID 2218,0-2560,1080 #7f09007c app:id/bg_hotseat} during layout: running second layout pass
06-28 10:27:06.190 25399 25576 D T_TemplateEngineInit: onRun:
06-28 10:27:06.191 25399 25576 D ZHTraceManager: setTraceEnable:true
06-28 10:27:06.192 25399 25576 D +--> : initWithConfigs: traceId:cec17e99-9ed1-4655-b71a-61b43fc32155
06-28 10:27:06.194 25399 25576 E +--> : ---reportLog---LogBean{tag='+-->', msg='---initPath---cost:2', throwable=null}
06-28 10:27:06.194 25399 25576 E +--> : ---reportLog---LogBean{tag='+-->', msg='---init---1687919226194', throwable=null}
06-28 10:27:06.197 25399 25576 E +--> : ---reportLog---LogBean{tag='+-->', msg='---setTemplateTarsConfig---{"isRealTimeUpdateTemplateCache":1,"enableExpressionReuse":1,"enableFixInitPathCrash":1,"enableFileLock":0,"fileLockForTemplateId":"gx_hotrank_everyseeing_card"}', throwable=null}
06-28 10:27:06.197 25399 25576 E +--> : ---reportLog---LogBean{tag='+-->', msg='---isRealTimeUpdateTemplateCache---true', throwable=null}
06-28 10:27:06.198 25399 25576 E +--> : ---reportLog---LogBean{tag='+-->', msg='---enableFixInitPathCrash---true', throwable=null}
06-28 10:27:06.198 25399 25576 E +--> : ---reportLog---LogBean{tag='+-->', msg='---enableFileLock---false', throwable=null}
06-28 10:27:06.198 25399 25576 E +--> : ---reportLog---LogBean{tag='+-->', msg='---fileLockForTemplateId---gx_hotrank_everyseeing_card', throwable=null}
06-28 10:27:06.203 25399 25748 W System.err: java.io.FileNotFoundException: ZH-template.zip
06-28 10:27:06.211 25399 25748 W System.err: at android.content.res.AssetManager.nativeOpenAsset(Native Method)
06-28 10:27:06.211 25399 25748 W System.err: at android.content.res.AssetManager.open(AssetManager.java:881)
06-28 10:27:06.211 25399 25748 W System.err: at android.content.res.AssetManager.open(AssetManager.java:858)
06-28 10:27:06.211 25399 25748 W System.err: at com.zhihu.android.gaiax.n.b.b(IOUtils.java:1)
06-28 10:27:06.211 25399 25748 W System.err: at com.zhihu.android.gaiax.m.a.k(GXSDCardTemplate.java:2)
06-28 10:27:06.211 25399 25748 W System.err: at com.zhihu.android.gaiax.m.a.d(GXSDCardTemplate.java:1)
06-28 10:27:06.211 25399 25748 W System.err: at com.zhihu.android.gaiax.m.a$a.run(GXSDCardTemplate.java:3)
06-28 10:27:06.211 25399 25748 W System.err: at java.util.concurrent.ThreadPoolExecutor.runWorker(ThreadPoolExecutor.java:1167)
06-28 10:27:06.211 25399 25748 W System.err: at java.util.concurrent.ThreadPoolExecutor$Worker.run(ThreadPoolExecutor.java:641)
06-28 10:27:06.211 25399 25748 W System.err: at java.lang.Thread.run(Thread.java:920)
06-28 10:27:06.211 25399 25748 W System.err: at com.zhihu.android.r3.h.d.run(RulerThread.java:3)
06-28 10:27:06.219 1603 10991 D PowerManagerService: releaseWakeLockInternal: lock=89531049 [AudioMix], flags=0x0
06-28 10:27:06.219 1603 10991 D PowerManagerNotifier: onWakeLockReleased: flags=1, tag="AudioMix", packageName=audioserver, ownerUid=1041, ownerPid=0, workSource=null
06-28 10:27:06.221 1603 10991 D PowerManagerService: updateWakeLockSummaryLocked: mWakefulness=Awake, mWakeLockSummary=0x23
06-28 10:27:06.221 1603 10991 D PowerManagerService: updateUserActivitySummaryLocked: groupId=0, mWakefulness=Awake, mUserActivitySummary=0x1, nextTimeout=1160714 (in 59909 ms)
06-28 10:27:06.221 1603 10991 D PowerManagerNotifier: onScreenPolicyUpdate: newPolicy=3
06-28 10:27:06.221 1603 10991 D PowerManagerService: updateDisplayPowerStateLocked: displayReady=true, groupId=0, policy=BRIGHT, mWakefulness=Awake, mWakeLockSummary=0x23, mUserActivitySummary=0x1, mBootCompleted=true, screenBrightnessOverride=NaN, useAutoBrightness=false, mScreenBrightnessBoostInProgress=false, mIsVrModeEnabled= false, sQuiescent=false
06-28 10:27:06.225 1603 10991 D PowerManagerService: releaseWakeLockInternal: lock=200437806 [AudioMix], flags=0x0
06-28 10:27:06.225 1603 10991 D PowerManagerNotifier: onWakeLockReleased: flags=1, tag="AudioMix", packageName=audioserver, ownerUid=1041, ownerPid=0, workSource=null
06-28 10:27:06.225 1603 10991 D PowerManagerService: updateWakeLockSummaryLocked: mWakefulness=Awake, mWakeLockSummary=0x23
06-28 10:27:06.225 1603 10991 D PowerManagerService: updateUserActivitySummaryLocked: groupId=0, mWakefulness=Awake, mUserActivitySummary=0x1, nextTimeout=1160714 (in 59905 ms)
06-28 10:27:06.225 1603 10991 D PowerManagerNotifier: onScreenPolicyUpdate: newPolicy=3
06-28 10:27:06.225 1603 10991 D PowerManagerService: updateDisplayPowerStateLocked: displayReady=true, groupId=0, policy=BRIGHT, mWakefulness=Awake, mWakeLockSummary=0x23, mUserActivitySummary=0x1, mBootCompleted=true, screenBrightnessOverride=NaN, useAutoBrightness=false, mScreenBrightnessBoostInProgress=false, mIsVrModeEnabled= false, sQuiescent=false
06-28 10:27:06.226 1603 11911 D PowerManagerService: releaseWakeLockInternal: lock=182699356 [AudioMix], flags=0x0
06-28 10:27:06.226 1603 11911 D PowerManagerNotifier: onWakeLockReleased: flags=1, tag="AudioMix", packageName=audioserver, ownerUid=1041, ownerPid=0, workSource=null
06-28 10:27:06.226 1603 11911 D PowerManagerService: updateWakeLockSummaryLocked: mWakefulness=Awake, mWakeLockSummary=0x23
06-28 10:27:06.226 1603 11911 D PowerManagerService: updateUserActivitySummaryLocked: groupId=0, mWakefulness=Awake, mUserActivitySummary=0x1, nextTimeout=1160714 (in 59905 ms)
06-28 10:27:06.226 1603 11911 D PowerManagerNotifier: onScreenPolicyUpdate: newPolicy=3
06-28 10:27:06.226 1603 11911 D PowerManagerService: updateDisplayPowerStateLocked: displayReady=true, groupId=0, policy=BRIGHT, mWakefulness=Awake, mWakeLockSummary=0x23, mUserActivitySummary=0x1, mBootCompleted=true, screenBrightnessOverride=NaN, useAutoBrightness=false, mScreenBrightnessBoostInProgress=false, mIsVrModeEnabled= false, sQuiescent=false
06-28 10:27:06.228 1603 10991 D PowerManagerService: releaseWakeLockInternal: lock=172310629 [AudioMix], flags=0x0
06-28 10:27:06.229 1603 10991 D PowerManagerNotifier: onWakeLockReleased: flags=1, tag="AudioMix", packageName=audioserver, ownerUid=1041, ownerPid=0, workSource=null
06-28 10:27:06.229 1603 10991 D PowerManagerService: updateWakeLockSummaryLocked: mWakefulness=Awake, mWakeLockSummary=0x23
06-28 10:27:06.229 1603 10991 D PowerManagerService: updateUserActivitySummaryLocked: groupId=0, mWakefulness=Awake, mUserActivitySummary=0x1, nextTimeout=1160714 (in 59902 ms)
06-28 10:27:06.229 1603 10991 D PowerManagerNotifier: onScreenPolicyUpdate: newPolicy=3
06-28 10:27:06.229 1603 10991 D PowerManagerService: updateDisplayPowerStateLocked: displayReady=true, groupId=0, policy=BRIGHT, mWakefulness=Awake, mWakeLockSummary=0x23, mUserActivitySummary=0x1, mBootCompleted=true, screenBrightnessOverride=NaN, useAutoBrightness=false, mScreenBrightnessBoostInProgress=false, mIsVrModeEnabled= false, sQuiescent=false
06-28 10:27:06.253 25399 25748 E +--> : ---reportLog---LogBean{tag='+-->', msg='---initEnd---{trace_id=b0794c22-60c1-4e94-86e4-5a49728ad261, time_init_sdk=5, status_code=0, error_msg=, template_version=, time_init_templates=40, time_storage_template=, time_load_template=, is_remote=, time_create_nodetree=, modular_extra=, is_init_sava=, time_create_view=, time_pre_analyze=, log_type=init, template_id=, target_experiment_value=, scene_code=, time_render_view=, time_bind_data=}', throwable=null}
06-28 10:27:06.254 25399 25748 E +--> : ---reportLog---LogBean{tag='+-->', msg='---templateCache---1-42', throwable=null}
06-28 10:27:06.258 25399 25747 D ZHTraceManager: traceEnd:|-->[TemplateEngine Init]-->[ZHGaiaX InitWithConfigs]-->[ZHGaiaX CreateTemplatePath](cost:2)-->[ZHGaiaX InitEngine]-->[ZHGaiaX GXRegisterCenterInit]-->[ZHGaiaX GXTemplateEngineInit]-->[ZHGaiaX InitEngineEnd](cost:5)-->[ZHGaiaX LoadAllTemplatesBegin]-->[ZHGaiaX CopyAssetsFolder](cost:11)-->[ZHGaiaX ReadTemplate](gx_topic_unanswer_card,1)-->[ZHGaiaX ReadTemplate](gx_question_publish_tool_bar,2)-->[ZHGaiaX ReadTemplate](gx_answer_publish_tool_bar,1)-->[ZHGaiaX ReadTemplate](gx_hotrank_everyseeing_card,6)-->[ZHGaiaX ReadTemplate](gx_pin_publish_tool_bar,1)-->[ZHGaiaX ReadTemplate](mixshort_container_common_001,4)-->[ZHGaiaX ReadTemplate](gx_explore_pin_publish_tool_bar_v1,1)-->[ZHGaiaX ReadTemplate](gx_explore_pin_publish_tool_bar,1)-->[ZHGaiaX ReadTemplate](km_my_indep_vip_card,10)-->[ZHGaiaX ReadTemplate](km_my_vip_card,3)-->[ZHGaiaX ReadTemplate](gx_hot_list_whole_total_card,2)-->[ZHGaiaX ReadTemplate](gx_hot_list_billboard_total_card,1)-->[ZHGaiaX ReadTemplate](invite_list_timeline,1)-->[ZHGaiaX ReadTemplate](invite_list_content,3)-->[ZHGaiaX ReadTemplate](gx_question_feed_answer_short_container,7)-->[ZHGaiaX ReadTemplate](gx_question_feed_article_short_container,7)-->[ZHGaiaX ReadTemplate](gx_question_related_article_short_container,7)-->[ZHGaiaX ReadTemplate](gx_question_related_answer_short_container,5)-->[ZHGaiaX ReadTemplate](pin_tab_image_002,9)-->[ZHGaiaX ReadTemplate](pin_tab_video_002,7)-->[ZHGaiaX ReadTemplate](pin_tab_text_002,4)-->[ZHGaiaX ReadTemplate](gx_next_answer_short_container_big_single_image,12)-->[ZHGaiaX ReadTemplate](gx_next_article_short_container_big_single_image,12)-->[ZHGaiaX ReadTemplate](gx_next_article_short_container,11)-->[ZHGaiaX ReadTemplate](gx_next_relevant_search,1)-->[ZHGaiaX ReadTemplate](gx_next_relevant_search_transparent,1)-->[ZHGaiaX ReadTemplate](gx_next_answer_short_container,12)-->[ZHGaiaX LoadAllTemplatesEnd](cost:42)-->[TemplateEngine InitEnd]
06-28 10:27:06.275 25399 25749 I tcpipx : p f c suc
06-28 10:27:06.296 25399 25752 D zx-DebugMode: --- ZXID LID校验通过! ---
06-28 10:27:06.306 1603 14971 W ActivityManager: Background start not allowed: service Intent { cmp=com.zhihu.android/.push.getui.GetuiPushService (has extras) } to com.zhihu.android/.push.getui.GetuiPushService from pid=25399 uid=10127 pkg=com.zhihu.android startFg?=false
06-28 10:27:06.343 1603 1878 I commit_sys_config_file: [settings-1-0,8]
06-28 10:27:06.354 867 1077 W SDM : HWCDisplay::GetHWCLayer: [0] GetLayer(222) failed: no such layer
06-28 10:27:06.355 981 981 W HwcComposer: command 0x3000000 generated error 3
06-28 10:27:06.413 24965 24973 E gcblocker: gc block end, 1098994,2002
06-28 10:27:06.437 1603 1944 D NsdService: Stop service discovery
06-28 10:27:06.437 1603 1944 D NsdService: mdnssd [stop-discover, 209]
06-28 10:27:06.437 700 771 W netd : dnssd_clientstub DNSServiceProcessResult called with NULL DNSServiceRef
06-28 10:27:06.438 1603 1944 D NsdService: Discover services
06-28 10:27:06.438 1603 1944 D NsdService: mdnssd [discover, 210, _adb._tcp.]
06-28 10:27:06.438 1603 1944 D NsdService: Discover 6 210_adb._tcp.
06-28 10:27:06.452 2605 2605 D StateManager: goToState: Overview
06-28 10:27:06.452 2605 2605 D FreeWindowHelper: enterOrExitRecentTasks: isEnterRecentTasks=true,mExitFlag=0
06-28 10:27:06.455 2605 2605 D FreeWindowContainer: reloadTask: TaskInfo{userId=0 taskId=24866 displayId=0 isRunning=true baseIntent=Intent { act=android.intent.action.MAIN cat=[android.intent.category.LAUNCHER] flg=0x10200000 cmp=com.ss.android.ugc.aweme/.splash.SplashActivity } baseActivity=ComponentInfo{com.ss.android.ugc.aweme/com.ss.android.ugc.aweme.splash.SplashActivity} topActivity=ComponentInfo{com.ss.android.ugc.aweme/com.ss.android.ugc.aweme.main.MainActivity} origActivity=ComponentInfo{com.ss.android.ugc.aweme/com.ss.android.ugc.aweme.splash.SplashActivity} realActivity=ComponentInfo{com.ss.android.ugc.aweme/com.ss.android.ugc.aweme.main.MainActivity} numActivities=1 lastActiveTime=1100717 supportsSplitScreenMultiWindow=true supportsMultiWindow=true resizeMode=2 isResizeable=true token=WCT{android.window.IWindowContainerToken$Stub$Proxy@fa06d4e} topActivityType=1 pictureInPictureParams=PictureInPictureParams( aspectRatio=null sourceRectHint=null hasSetActions=false isAutoPipEnabled=false isSeamlessResizeEnabled=true) displayCutoutSafeInsets=null topActivityInfo=ActivityInfo{f07e6f com.ss.android.ugc.aweme.splash.SplashActivity} launchCookies=[] positionInParent=Point(20, 72) parentTaskId=-1 isFocused=true isVisible=true topActivityInSizeCompat=false locusId= null}
06-28 10:27:06.456 1603 1709 I EventSequenceValidator: inc AccIntentStartedEvents to 2
06-28 10:27:06.457 1603 11911 I ActivityTaskManager: START u0 {flg=0x10010000 cmp=com.android.launcher3/com.android.quickstep.RecentsActivity} from uid 10075
06-28 10:27:06.458 1603 11911 D ActivityTaskManager: TaskLaunchParamsModifier:task=null activity=ActivityRecord{afa2d35 u0 com.android.launcher3/com.android.quickstep.RecentsActivity taskAffinity=null display-id=0 display-windowing-mode=1 suggested-display-area=DefaultTaskDisplayArea@157481511
06-28 10:27:06.458 1603 1709 I EventSequenceValidator: inc AccIntentStartedEvents to 3
06-28 10:27:06.461 1603 11911 E ANDR-PERF-JNI: com_qualcomm_qtiperformance_native_perf_io_prefetch_start
06-28 10:27:06.461 1603 11911 D ActivityTaskManager: TaskLaunchParamsModifier:task=null activity=ActivityRecord{afa2d35 u0 com.android.launcher3/com.android.quickstep.RecentsActivity taskAffinity=null t-1} display-id=0 display-windowing-mode=1 suggested-display-area=DefaultTaskDisplayArea@157481511 non-freeform-display display-area=DefaultTaskDisplayArea@157481511
06-28 10:27:06.461 1603 11911 I wm_task_created: [24869,-1]
06-28 10:27:06.461 1603 11911 W ActivityTaskManager: Can't find TaskDisplayArea to determine support for multi window. Task id=24869 attached=false
06-28 10:27:06.462 1603 11911 I wm_task_created: [24870,-1]
06-28 10:27:06.463 1603 11911 I wm_task_moved: [24870,0,-2147483648]
06-28 10:27:06.463 1603 11911 D ActivityTaskManager: TaskLaunchParamsModifier:task=Task{24995ca #24870 type=recents I=com.android.launcher3/com.android.quickstep.RecentsActivity U=0 rootTaskId=24869 visible=false mode=fullscreen translucent=true sz=0 visible freeform task=true rootAffinity=null isMini=false} activity=ActivityRecord{afa2d35 u0 com.android.launcher3/com.android.quickstep.RecentsActivity taskAffinity=null t-1} display-from-task=0 display-id=0 display-windowing-mode=1 suggested-display-area=DefaultTaskDisplayArea@157481511 non-freeform-display display-area=DefaultTaskDisplayArea@157481511
06-28 10:27:06.463 2605 2605 V GameTypeUtils: judge isGame:com.microsoft.emmx
06-28 10:27:06.464 2605 2605 V GameTypeUtils: judge isGame:com.kuaishou.nebula
06-28 10:27:06.464 1603 11911 I wm_create_task: [0,24870]
06-28 10:27:06.464 1603 11911 I wm_create_activity: [0,184167733,24870,com.android.launcher3/com.android.quickstep.RecentsActivity,NULL,NULL,NULL,276889600]
06-28 10:27:06.464 1603 11911 D RecentTaskTest: checkUnusedTasks : 4
06-28 10:27:06.464 1603 11911 D RecentTaskTest: packageName : com.ss.android.ugc.aweme
06-28 10:27:06.465 1603 11911 D RecentTaskTest: nonSystemAppTasks size : 1
06-28 10:27:06.465 1603 11911 D RecentTaskTest: nonSystemAppTasks task : Task{6cfb152 #24866 type=standard A=10104:com.ss.android.ugc.aweme U=0 visible=true mode=freeform translucent=false sz=1 visible freeform task=true rootAffinity=10104:com.ss.android.ugc.aweme isMini=false}
06-28 10:27:06.465 1603 11911 D RecentTaskTest: Inactive Time : 0s
06-28 10:27:06.465 1603 11911 D RecentTaskTest:
06-28 10:27:06.465 1603 11911 I wm_task_moved: [24869,0,0]
06-28 10:27:06.465 1603 11911 I wm_task_moved: [24869,0,5]
06-28 10:27:06.466 1603 11911 I ActivityTaskManager: The Process com.android.launcher3 Already Exists in BG. So sending its PID: 2605
06-28 10:27:06.466 1603 11911 W ActivityTaskManager: Tried to set launchTime (0) < mLastActivityLaunchTime (1098096)
06-28 10:27:06.466 871 3209 E ANDR-IOP: io prefetch is disabled
06-28 10:27:06.467 1603 11911 I wm_restart_activity: [0,184167733,24870,com.android.launcher3/com.android.quickstep.RecentsActivity]
06-28 10:27:06.467 1603 11911 D CompatibilityInfo: mCompatibilityFlags - 4
06-28 10:27:06.467 1603 11911 D CompatibilityInfo: applicationDensity - 240
06-28 10:27:06.467 1603 11911 D CompatibilityInfo: applicationScale - 1.0
06-28 10:27:06.467 2605 2605 V GameTypeUtils: judge isGame:com.smile.gifmaker
06-28 10:27:06.468 2605 2605 V GameTypeUtils: judge isGame:com.ss.android.lark
06-28 10:27:06.468 2605 2605 V GameTypeUtils: judge isGame:com.tencent.android.qqdownloader
06-28 10:27:06.469 2605 2605 V GameTypeUtils: judge isGame:com.android.documentsui
06-28 10:27:06.469 2605 2605 V GameTypeUtils: judge isGame:air.tv.douyu.android
06-28 10:27:06.469 2605 2605 V GameTypeUtils: judge isGame:com.baidu.appsearch
06-28 10:27:06.471 1603 1709 I EventSequenceValidator: dec AccIntentStartedEvents to 2
06-28 10:27:06.471 1603 1709 I EventSequenceValidator: dec AccIntentStartedEvents to 1
06-28 10:27:06.473 2605 2605 V GameTypeUtils: judge isGame:com.baidu.searchbox
06-28 10:27:06.474 2605 2605 V GameTypeUtils: judge isGame:com.github.uiautomator
06-28 10:27:06.474 2605 2605 V GameTypeUtils: judge isGame:com.hunantv.imgo.activity
06-28 10:27:06.474 2605 2605 V GameTypeUtils: judge isGame:com.kugou.android
06-28 10:27:06.474 2605 2605 V GameTypeUtils: judge isGame:com.kugou.android.auto
06-28 10:27:06.474 2605 2605 V GameTypeUtils: judge isGame:com.miHoYo.Yuanshen
06-28 10:27:06.474 2605 2605 V GameTypeUtils: judge isGame:com.netease.cloudmusic
06-28 10:27:06.474 2605 2605 V GameTypeUtils: judge isGame:com.netease.newsreader.activity
06-28 10:27:06.474 2605 2605 V GameTypeUtils: judge isGame:com.sohu.sohuvideo
06-28 10:27:06.475 2605 2605 V GameTypeUtils: judge isGame:com.ss.android.article.news
06-28 10:27:06.475 2605 2605 V GameTypeUtils: judge isGame:com.ss.android.ugc.aweme
06-28 10:27:06.475 2605 2605 V GameTypeUtils: judge isGame:com.ss.android.ugc.aweme.lite
06-28 10:27:06.475 2605 2605 V GameTypeUtils: judge isGame:com.taobao.taobao
06-28 10:27:06.475 2605 2605 V GameTypeUtils: judge isGame:com.tencent.KiHan
06-28 10:27:06.475 2605 2605 V GameTypeUtils: judge isGame:com.tencent.mm
06-28 10:27:06.475 2605 2605 V GameTypeUtils: judge isGame:com.tencent.mobileqq
06-28 10:27:06.475 2605 2605 V GameTypeUtils: judge isGame:com.tencent.mtt
06-28 10:27:06.476 2605 2605 V GameTypeUtils: judge isGame:com.tencent.qqlive
06-28 10:27:06.476 2605 2605 V GameTypeUtils: judge isGame:com.tencent.qqmusic
06-28 10:27:06.476 2605 2605 V GameTypeUtils: judge isGame:com.tencent.qqmusicpad
06-28 10:27:06.476 2605 2605 V GameTypeUtils: judge isGame:com.tencent.tmgp.sgame
06-28 10:27:06.476 2605 2605 V GameTypeUtils: judge isGame:com.tencent.tmgp.yqqskp
06-28 10:27:06.476 2605 2605 V GameTypeUtils: judge isGame:com.tencent.wemeet.app
06-28 10:27:06.476 2605 2605 V GameTypeUtils: judge isGame:com.tencent.wework
06-28 10:27:06.477 2605 2605 V GameTypeUtils: judge isGame:com.wandoujia.phoenix2
06-28 10:27:06.477 2605 2605 V GameTypeUtils: judge isGame:com.wuba
06-28 10:27:06.477 2605 2605 V GameTypeUtils: judge isGame:com.xingin.xhs
06-28 10:27:06.477 2605 2605 V GameTypeUtils: judge isGame:com.youku.phone
06-28 10:27:06.477 2605 2605 V GameTypeUtils: judge isGame:com.zhihu.android
06-28 10:27:06.478 2605 12878 D FreeWindowHelper: makeFreeScreenshot : onAnimationStart : success
06-28 10:27:06.479 2605 2605 D EditModeHelper: setHotseatVisibility: 0
06-28 10:27:06.480 2605 2605 D RecentsViewStateController: setState: Overview OverviewFullscreenProgress: 0.0
06-28 10:27:06.481 1603 10991 I wm_task_moved: [24869,1,7]
06-28 10:27:06.481 1603 10991 I wm_focused_root_task: [0,0,24869,24866,RecentsAnimation.onAnimationFinished()]
06-28 10:27:06.481 1603 10991 D ActivityTrigger: ActivityTrigger activityPauseTrigger
06-28 10:27:06.481 24965 24965 I wm_on_top_resumed_lost_called: [143830663,com.ss.android.ugc.aweme.splash.SplashActivity,topStateChangedWhenResumed]
06-28 10:27:06.482 1603 10991 I wm_pause_activity: [0,263032627,com.android.launcher3/.uioverrides.QuickstepLauncher,userLeaving=false,pauseBackTasks]
06-28 10:27:06.482 1603 10991 D PowerManagerService: acquireWakeLockInternal: lock=74546600, flags=0x1, tag="*launch*", ws=WorkSource{10075}, uid=1000, pid=1603
06-28 10:27:06.482 1603 10991 D PowerManagerService: updateWakeLockSummaryLocked: mWakefulness=Awake, mWakeLockSummary=0x23
06-28 10:27:06.482 1603 10991 D PowerManagerService: updateUserActivitySummaryLocked: groupId=0, mWakefulness=Awake, mUserActivitySummary=0x1, nextTimeout=1160714 (in 59649 ms)
06-28 10:27:06.482 1603 10991 D PowerManagerNotifier: onScreenPolicyUpdate: newPolicy=3
06-28 10:27:06.482 1603 10991 D PowerManagerService: updateDisplayPowerStateLocked: displayReady=true, groupId=0, policy=BRIGHT, mWakefulness=Awake, mWakeLockSummary=0x23, mUserActivitySummary=0x1, mBootCompleted=true, screenBrightnessOverride=NaN, useAutoBrightness=false, mScreenBrightnessBoostInProgress=false, mIsVrModeEnabled= false, sQuiescent=false
06-28 10:27:06.482 1603 10991 D PowerManagerNotifier: onWakeLockAcquired: flags=1, tag="*launch*", packageName=android, ownerUid=1000, ownerPid=1603, workSource=WorkSource{10075}
06-28 10:27:06.482 1603 10991 I ActivityTaskManager: FOREGROUND_APPLICATION_CHANGED to com.android.quickstep.RecentsActivity
06-28 10:27:06.485 1603 10991 I wm_set_resumed_activity: [0,com.android.launcher3/com.android.quickstep.RecentsActivity,resumeTopActivityInnerLocked]
06-28 10:27:06.485 1603 10991 I wm_resume_activity: [0,184167733,24870,com.android.launcher3/com.android.quickstep.RecentsActivity]
06-28 10:27:06.486 1603 10991 I wm_add_to_stopping: [0,143830663,com.ss.android.ugc.aweme/.splash.SplashActivity,makeInvisible]
