06-28 10:27:13.484 26826 26915 E .ugc.aweme.lit: No package ID 7f found for ID 0x7f0c0146.
06-28 10:27:13.485 26826 26915 E .ugc.aweme.lit: No package ID 7f found for ID 0x7f0c0146.
06-28 10:27:13.485 26826 26915 E .ugc.aweme.lit: No package ID 7f found for ID 0x7f0c0146.
06-28 10:27:13.485 26826 26915 E .ugc.aweme.lit: No package ID 7f found for ID 0x7f0c01e4.
06-28 10:27:13.485 26826 26915 E .ugc.aweme.lit: No package ID 7f found for ID 0x7f0c01e4.
06-28 10:27:13.486 26826 26915 E .ugc.aweme.lit: No package ID 7f found for ID 0x7f0c0056.
06-28 10:27:13.486 26826 26915 E .ugc.aweme.lit: No package ID 7f found for ID 0x7f0c0056.
06-28 10:27:13.486 26826 26915 E .ugc.aweme.lit: No package ID 7f found for ID 0x7f0c0056.
06-28 10:27:13.486 26826 26915 E .ugc.aweme.lit: No package ID 7f found for ID 0x7f0c0056.
06-28 10:27:13.486 26826 26915 E .ugc.aweme.lit: No package ID 7f found for ID 0x7f0c0056.
06-28 10:27:13.487 26826 26915 E .ugc.aweme.lit: No package ID 7f found for ID 0x7f0c0056.
06-28 10:27:13.487 26826 26915 E .ugc.aweme.lit: No package ID 7f found for ID 0x7f0c0053.
06-28 10:27:13.487 26826 26915 E .ugc.aweme.lit: No package ID 7f found for ID 0x7f0c0053.
06-28 10:27:13.487 26826 26915 E .ugc.aweme.lit: No package ID 7f found for ID 0x7f0c0056.
06-28 10:27:13.488 26826 26915 E .ugc.aweme.lit: No package ID 7f found for ID 0x7f0c0056.
06-28 10:27:13.488 26826 26915 E .ugc.aweme.lit: No package ID 7f found for ID 0x7f0c0055.
06-28 10:27:13.488 26826 26915 E .ugc.aweme.lit: No package ID 7f found for ID 0x7f0c005e.
06-28 10:27:13.488 26826 26915 E .ugc.aweme.lit: No package ID 7f found for ID 0x7f0c005e.
06-28 10:27:13.488 26826 26915 E .ugc.aweme.lit: No package ID 7f found for ID 0x7f0c005e.
06-28 10:27:13.489 26826 26915 E .ugc.aweme.lit: No package ID 7f found for ID 0x7f0c005e.
06-28 10:27:13.489 26826 26915 E .ugc.aweme.lit: No package ID 7f found for ID 0x7f0c005e.
06-28 10:27:13.489 26826 26915 E .ugc.aweme.lit: No package ID 7f found for ID 0x7f0c004d.
06-28 10:27:13.489 26826 26915 E .ugc.aweme.lit: No package ID 7f found for ID 0x7f0c0055.
06-28 10:27:13.489 26826 26915 E .ugc.aweme.lit: No package ID 7f found for ID 0x7f0c0052.
06-28 10:27:13.489 26826 26915 E .ugc.aweme.lit: No package ID 7f found for ID 0x7f0c0055.
06-28 10:27:13.489 26826 26915 E .ugc.aweme.lit: No package ID 7f found for ID 0x7f0c0055.
06-28 10:27:13.489 26826 26915 E .ugc.aweme.lit: No package ID 7f found for ID 0x7f0c0146.
06-28 10:27:13.489 26826 26915 E .ugc.aweme.lit: No package ID 7f found for ID 0x7f0c0055.
06-28 10:27:13.489 26826 26915 E .ugc.aweme.lit: No package ID 7f found for ID 0x7f0c0055.
06-28 10:27:13.489 26826 26915 E .ugc.aweme.lit: No package ID 7f found for ID 0x7f0c0056.
06-28 10:27:13.489 26826 26915 E .ugc.aweme.lit: No package ID 7f found for ID 0x7f0c0056.
06-28 10:27:13.489 26826 26915 E .ugc.aweme.lit: No package ID 7f found for ID 0x7f0c0056.
06-28 10:27:13.490 26826 26915 E .ugc.aweme.lit: No package ID 7f found for ID 0x7f0c005e.
06-28 10:27:13.490 26826 26915 E .ugc.aweme.lit: No package ID 7f found for ID 0x7f0c005e.
06-28 10:27:13.491 26826 26915 E .ugc.aweme.lit: No package ID 7f found for ID 0x7f0c004d.
06-28 10:27:13.491 26826 26915 E .ugc.aweme.lit: No package ID 7f found for ID 0x7f0c0146.
06-28 10:27:13.491 26826 26915 E .ugc.aweme.lit: No package ID 7f found for ID 0x7f0c0146.
06-28 10:27:13.491 26826 26915 E .ugc.aweme.lit: No package ID 7f found for ID 0x7f0c0146.
06-28 10:27:13.492 26826 26915 E .ugc.aweme.lit: No package ID 7f found for ID 0x7f0c0146.
06-28 10:27:13.504 26826 26915 E .ugc.aweme.lit: No package ID 7f found for ID 0x7f0c01e4.
06-28 10:27:13.505 26826 26915 E .ugc.aweme.lit: No package ID 7f found for ID 0x7f0c01e4.
06-28 10:27:13.505 26826 26915 E .ugc.aweme.lit: No package ID 7f found for ID 0x7f0c01e4.
06-28 10:27:13.505 26826 26915 E .ugc.aweme.lit: No package ID 7f found for ID 0x7f0c01e4.
06-28 10:27:13.505 26826 26915 E .ugc.aweme.lit: No package ID 7f found for ID 0x7f0c01e4.
06-28 10:27:13.505 26826 26915 E .ugc.aweme.lit: No package ID 7f found for ID 0x7f0c01e4.
06-28 10:27:13.505 26826 26915 E .ugc.aweme.lit: No package ID 7f found for ID 0x7f0c0146.
06-28 10:27:13.505 26826 26915 E .ugc.aweme.lit: No package ID 7f found for ID 0x7f0c01e4.
06-28 10:27:13.505 26826 26915 E .ugc.aweme.lit: No package ID 7f found for ID 0x7f0c01e4.
06-28 10:27:13.505 26826 26915 E .ugc.aweme.lit: No package ID 7f found for ID 0x7f0c0146.
06-28 10:27:13.508 26826 26915 E .ugc.aweme.lit: No package ID 7f found for ID 0x7f0c01e4.
06-28 10:27:13.509 26826 26915 E .ugc.aweme.lit: No package ID 7f found for ID 0x7f0c01e4.
06-28 10:27:13.509 26826 26915 E .ugc.aweme.lit: No package ID 7f found for ID 0x7f0c01e4.
06-28 10:27:13.509 26826 26915 E .ugc.aweme.lit: No package ID 7f found for ID 0x7f0c01e4.
06-28 10:27:13.509 26826 26915 E .ugc.aweme.lit: No package ID 7f found for ID 0x7f0c01e4.
06-28 10:27:13.509 26826 26915 E .ugc.aweme.lit: No package ID 7f found for ID 0x7f0c01e4.
06-28 10:27:13.509 26826 26915 E .ugc.aweme.lit: No package ID 7f found for ID 0x7f0c01e4.
06-28 10:27:13.509 26826 26915 E .ugc.aweme.lit: No package ID 7f found for ID 0x7f0c01e4.
06-28 10:27:13.510 26826 26915 E .ugc.aweme.lit: No package ID 7f found for ID 0x7f0c01e4.
06-28 10:27:13.510 26826 26915 E .ugc.aweme.lit: No package ID 7f found for ID 0x7f0c0146.
06-28 10:27:13.523 1603 1946 I GameModeConfig: isGameModeOn = true
06-28 10:27:13.523 1603 1946 I GameModeConfig: isGaming = false
06-28 10:27:13.524 1603 1946 I GameModeConfig: isGameModeOn = true
06-28 10:27:13.524 1603 1946 I GameModeConfig: isGaming = false
06-28 10:27:13.524 1603 1946 I GameModeConfig: isGameModeOn = true
06-28 10:27:13.524 1603 1946 I GameModeConfig: isGaming = false
06-28 10:27:13.524 1603 1946 I GameModeConfig: isGameModeOn = true
06-28 10:27:13.524 1603 1946 I GameModeConfig: isGaming = false
06-28 10:27:13.525 1603 1946 I GameModeConfig: isGameModeOn = true
06-28 10:27:13.525 1603 1946 I GameModeConfig: isGaming = false
06-28 10:27:13.525 1603 1946 I GameModeConfig: isGameModeOn = true
06-28 10:27:13.525 1603 1946 I GameModeConfig: isGaming = false
06-28 10:27:13.528 26823 26823 I AGC_Instance: AGC SDK initialize end, default route:CN
06-28 10:27:13.532 26826 26915 E .ugc.aweme.lit: No package ID 7f found for ID 0x7f0c0146.
06-28 10:27:13.547 26823 26823 D attachBaseContext: attachBaseContext: InnerContextProvider
06-28 10:27:13.578 26826 26915 E .ugc.aweme.lit: No package ID 7f found for ID 0x7f0c0146.
06-28 10:27:13.626 547 583 D DrmLibTime: got the req here! ret=0
06-28 10:27:13.626 547 583 D DrmLibTime: command id, time_cmd_id = 770
06-28 10:27:13.626 547 583 D DrmLibTime: time_getutcsec starts!
06-28 10:27:13.626 547 583 D DrmLibTime: QSEE Time Listener: time_getutcsec
06-28 10:27:13.626 547 583 D DrmLibTime: QSEE Time Listener: get_utc_seconds
06-28 10:27:13.626 547 583 D DrmLibTime: QSEE Time Listener: time_get_modem_time
06-28 10:27:13.626 547 583 D DrmLibTime: QSEE Time Listener: Checking if ATS_MODEM is set or not.
06-28 10:27:13.626 547 583 D QC-time-services: Lib:time_genoff_operation: pargs->base = 13
06-28 10:27:13.626 547 583 D QC-time-services: Lib:time_genoff_operation: pargs->operation = 2
06-28 10:27:13.626 547 583 D QC-time-services: Lib:time_genoff_operation: pargs->ts_val = 0
06-28 10:27:13.626 547 583 D QC-time-services: Lib:time_genoff_operation: Send to server passed!!
06-28 10:27:13.627 678 1035 D QC-time-services: Daemon: Connection accepted:time_genoff
06-28 10:27:13.627 678 27042 D QC-time-services: Daemon:Received base = 13, unit = 1, operation = 2,value = 0
06-28 10:27:13.627 678 27042 D QC-time-services: Daemon:genoff_opr: Base = 13, val = 0, operation = 2
06-28 10:27:13.627 678 27042 D QC-time-services: offset is: 0 for base: 13
06-28 10:27:13.627 547 583 E QC-time-services: Receive Passed == base = 13, unit = 1, operation = 2, result = 0
06-28 10:27:13.627 547 583 D DrmLibTime: QSEE Time Listener: ATS_MODEM is not set. Fallback to Android system time.
06-28 10:27:13.627 547 583 D DrmLibTime: QSEE Time Listener: Retrieved Android system time: 1687919233
06-28 10:27:13.627 547 583 D DrmLibTime: time_getutcsec returns 0, sec = 1687919233; nsec = 0
06-28 10:27:13.627 547 583 D DrmLibTime: time_getutcsec finished!
06-28 10:27:13.627 547 583 D DrmLibTime: iotcl_continue_command finished! and return 0
06-28 10:27:13.627 547 583 D DrmLibTime: before calling ioctl to read the next time_cmd
06-28 10:27:13.627 678 1035 E QC-time-services: Daemon: Time-services: Waiting to acceptconnection
06-28 10:27:13.654 26823 26823 D new_user_launch: GrowthAppLaunchLifecycle register success
06-28 10:27:13.665 26823 26823 D CrashLogger: init: true
06-28 10:27:13.665 26823 26823 I CrashLoggerPicker: pick ok
06-28 10:27:13.666 26823 26823 D CrashLogger: create Sentry
06-28 10:27:13.666 26823 26823 D Sentry : will init in background
06-28 10:27:13.666 26823 26877 D Sentry : init finished
06-28 10:27:13.672 26823 26880 D QueuedWorkHack: hackQueuedWork_S_To_T: success
06-28 10:27:13.674 26823 27072 D Net : initialize: using lazy converter
06-28 10:27:13.676 26823 26891 I ImageInitializer: ImageX 总开关true
06-28 10:27:13.676 26823 26891 I ImageInitializer: ImageX 接入开关true
06-28 10:27:13.679 26823 26891 I ImageInitializer: enableMemoryOptimization: bitmapConfig=RGB_565
06-28 10:27:13.680 26823 26891 I ImageInitializer: ImageX 总开关true
06-28 10:27:13.680 26823 26891 I ImageInitializer: ImageX 接入开关true
06-28 10:27:13.680 26823 26891 I ImageInitializer: 系统大于8.0,开关命中,配置统计、heif解码功能---->结束
06-28 10:27:13.681 26823 26891 I ImageInitializer: ImagePipelineConfig.getBitmapConfig=RGB_565
06-28 10:27:13.681 26823 26891 D SoLoader: init start
06-28 10:27:13.681 26823 26891 D SoLoader: adding system library source: /vendor/lib
06-28 10:27:13.681 26823 26891 D SoLoader: adding system library source: /system/lib
06-28 10:27:13.681 26823 26891 D SoLoader: adding application source: com.facebook.soloader.c[root = /data/app/~~XCHUKqLOIblzDRqsqpGVCA==/com.zhihu.android-Tf6a0968CG86JXVh5w94bw==/lib/arm64 flags = 0]
06-28 10:27:13.681 26823 26891 D SoLoader: adding backup source from : com.facebook.soloader.a[root = /data/data/com.zhihu.android/lib-main flags = 1]
06-28 10:27:13.681 26823 26891 D SoLoader: Preparing SO source: com.facebook.soloader.c[root = /system/lib flags = 2]
06-28 10:27:13.682 26823 26891 D SoLoader: Preparing SO source: com.facebook.soloader.c[root = /vendor/lib flags = 2]
06-28 10:27:13.682 26823 26891 D SoLoader: Preparing SO source: com.facebook.soloader.c[root = /data/app/~~XCHUKqLOIblzDRqsqpGVCA==/com.zhihu.android-Tf6a0968CG86JXVh5w94bw==/lib/arm64 flags = 0]
06-28 10:27:13.682 26823 26891 D SoLoader: Preparing SO source: com.facebook.soloader.a[root = /data/data/com.zhihu.android/lib-main flags = 1]
06-28 10:27:13.682 26823 26891 V fb-UnpackingSoSource: locked dso store /data/user/0/com.zhihu.android/lib-main
06-28 10:27:13.682 26823 26891 I fb-UnpackingSoSource: dso store is up-to-date: /data/user/0/com.zhihu.android/lib-main
06-28 10:27:13.682 26823 26891 V fb-UnpackingSoSource: releasing dso store lock for /data/user/0/com.zhihu.android/lib-main
06-28 10:27:13.682 26823 26891 D SoLoader: init finish: 4 SO sources prepared
06-28 10:27:13.682 26823 26891 D SoLoader: init exiting
06-28 10:27:13.691 26823 27064 E CrossLifecycleManager: 找不到 CrossLifecycle 的实现类:Cross_LivePlusLifecycle
06-28 10:27:13.691 26823 27064 I CrossLifecycleManager: 已生效的 Cross: com.zhihu.android.app.crossActivityLifecycle.Cross_LaunchInfoRecorderInitialization
06-28 10:27:13.691 26823 27064 I CrossLifecycleManager: 已生效的 Cross: com.zhihu.android.app.crossActivityLifecycle.Cross_ABMiscInitialization
06-28 10:27:13.691 26823 27064 I CrossLifecycleManager: 已生效的 Cross: com.zhihu.android.app.crossActivityLifecycle.Cross_SystemUtilInitialization
06-28 10:27:13.691 26823 27064 I CrossLifecycleManager: 已生效的 Cross: com.zhihu.android.app.crossActivityLifecycle.Cross_AccountEventListenerInitialization
06-28 10:27:13.691 26823 27064 I CrossLifecycleManager: 已生效的 Cross: com.zhihu.android.app.crossActivityLifecycle.Cross_SystemEventListenerInitialization
06-28 10:27:13.691 26823 27064 I CrossLifecycleManager: 已生效的 Cross: com.zhihu.android.app.crossActivityLifecycle.Cross_FeedLifecycle
06-28 10:27:13.691 26823 27064 I CrossLifecycleManager: 已生效的 Cross: com.zhihu.android.app.mercury.resource.Cross_MercuryCrossActivityLifecycle
06-28 10:27:13.691 26823 27064 I CrossLifecycleManager: 已生效的 Cross: com.zhihu.android.app.crossActivityLifecycle.Cross_LaunchAdEventListenerInitialization
06-28 10:27:13.691 26823 27064 I CrossLifecycleManager: 已生效的 Cross: com.zhihu.android.app.crossActivityLifecycle.Cross_UserInfoInitialization
06-28 10:27:13.691 26823 27064 I CrossLifecycleManager: 已生效的 Cross: com.zhihu.android.app.crossActivityLifecycle.Cross_GrowthInitialization
06-28 10:27:13.692 26823 27064 I CrossLifecycleManager: 已生效的 Cross: com.zhihu.android.app.crossActivityLifecycle.Cross_MonitorLifecycle
06-28 10:27:13.692 26823 27064 I CrossLifecycleManager: 已生效的 Cross: com.zhihu.android.app.crossActivityLifecycle.Cross_UnicomFreeHelper
06-28 10:27:13.692 26823 27064 I CrossLifecycleManager: 已生效的 Cross: com.zhihu.android.app.crossActivityLifecycle.Cross_MorphLifecycle
06-28 10:27:13.692 26823 27064 I CrossLifecycleManager: 已生效的 Cross: com.zhihu.android.app.crossActivityLifecycle.Cross_SMSInitialization
06-28 10:27:13.692 26823 27064 I CrossLifecycleManager: 已生效的 Cross: com.zhihu.android.app.crossActivityLifecycle.Cross_AdThirdSDKCacheLifecycle
06-28 10:27:13.692 26823 27064 I CrossLifecycleManager: 已生效的 Cross: com.zhihu.android.app.crossActivityLifecycle.Cross_GuidePushLifecycle
06-28 10:27:13.692 26823 27064 I CrossLifecycleManager: 已生效的 Cross: com.zhihu.android.app.crossActivityLifecycle.Cross_CommentActivityLifecycle
06-28 10:27:13.692 26823 27064 I CrossLifecycleManager: 已生效的 Cross: com.zhihu.android.app.crossActivityLifecycle.Cross_VideoPlayerLifecycle
06-28 10:27:13.692 26823 27064 I CrossLifecycleManager: 已生效的 Cross: com.zhihu.android.app.crossActivityLifecycle.Cross_TopicLifecycle
06-28 10:27:13.692 26823 27064 I CrossLifecycleManager: 已生效的 Cross: com.zhihu.android.panel.ui.attach.Cross_PanelLifeCircle
06-28 10:27:13.692 26823 27064 I CrossLifecycleManager: 已生效的 Cross: com.zhihu.android.app.event.Cross_AccountLifecycle
06-28 10:27:13.692 26823 27064 I CrossLifecycleManager: 已生效的 Cross: com.zhihu.android.push.invoke.Cross_PushInvokeLifecycle
06-28 10:27:13.692 26823 27064 I CrossLifecycleManager: 已生效的 Cross: com.zhihu.android.app.lifecycle.Cross_ScreenshotLifecycle
06-28 10:27:13.692 26823 27064 I CrossLifecycleManager: 已生效的 Cross: com.zhihu.android.app.crossActivityLifecycle.Cross_SenceGuideLifecycle
06-28 10:27:13.692 26823 27064 I CrossLifecycleManager: 已生效的 Cross: com.zhihu.android.videox.app.Cross_VideoXLifecycle
06-28 10:27:13.692 26823 27064 I CrossLifecycleManager: 已生效的 Cross: com.zhihu.android.zhihumqttconfig.Cross_MqttLifecycle
06-28 10:27:13.692 26823 27064 I CrossLifecycleManager: 已生效的 Cross: com.zhihu.android.be.Cross_BeLifecycle
06-28 10:27:13.692 26823 27064 I CrossLifecycleManager: 已生效的 Cross: com.zhihu.android.library.netprobe.internal.Cross_NetProbe
06-28 10:27:13.692 26823 27064 I CrossLifecycleManager: 已生效的 Cross: com.zhihu.android.net.cross.Cross_Net
06-28 10:27:13.699 26826 27007 I WCDB : Initialize JNI module (1/11) SQLiteDebug...
06-28 10:27:13.699 26826 27007 V WCDB.JNIHelp: Registering com/tencent/wcdb/database/SQLiteDebug natives
06-28 10:27:13.699 26826 27007 I WCDB : Initialize JNI module (2/11) Log...
06-28 10:27:13.699 26826 27007 V WCDB.JNIHelp: Registering com/tencent/wcdb/support/Log natives
06-28 10:27:13.699 26826 27007 I WCDB : Initialize JNI module (3/11) FileUtils...
06-28 10:27:13.699 26826 27007 V WCDB.JNIHelp: Registering com/tencent/wcdb/FileUtils natives
06-28 10:27:13.699 26826 27007 I WCDB : Initialize JNI module (4/11) SQLiteGlobal...
06-28 10:27:13.699 26826 27007 V WCDB.JNIHelp: Registering com/tencent/wcdb/database/SQLiteGlobal natives
06-28 10:27:13.699 26826 27007 I WCDB : Initialize JNI module (5/11) DBBackup...
06-28 10:27:13.699 26826 27007 V WCDB.JNIHelp: Registering com/tencent/wcdb/repair/BackupKit natives
06-28 10:27:13.699 26826 27007 V WCDB.JNIHelp: Registering com/tencent/wcdb/repair/RecoverKit natives
06-28 10:27:13.699 26826 27007 I WCDB : Initialize JNI module (6/11) ChunkedCursorWindow...
06-28 10:27:13.699 26826 27007 V WCDB.JNIHelp: Registering com/tencent/wcdb/database/ChunkedCursorWindow natives
06-28 10:27:13.699 26826 27007 V WCDB.JNIHelp: Registering com/tencent/wcdb/database/SQLiteAsyncQuery natives
06-28 10:27:13.699 26826 27007 I WCDB : Initialize JNI module (7/11) DBDumpUtil...
06-28 10:27:13.699 26826 27007 V WCDB.JNIHelp: Registering com/tencent/wcdb/repair/DBDumpUtil natives
06-28 10:27:13.699 26826 27007 I WCDB : Initialize JNI module (8/11) DBRepair...
06-28 10:27:13.699 26826 27007 V WCDB.JNIHelp: Registering com/tencent/wcdb/repair/RepairKit$RepairCursor natives
06-28 10:27:13.699 26826 27007 I WCDB : Initialize JNI module (9/11) CursorWindow...
06-28 10:27:13.699 26826 27007 V WCDB.JNIHelp: Registering com/tencent/wcdb/CursorWindow natives
06-28 10:27:13.700 26826 27007 I WCDB : Initialize JNI module (10/11) SQLiteDirectCursor...
06-28 10:27:13.700 26826 27007 V WCDB.JNIHelp: Registering com/tencent/wcdb/database/SQLiteDirectQuery natives
06-28 10:27:13.700 26826 27007 I WCDB : Initialize JNI module (11/11) SQLiteConnection...
06-28 10:27:13.747 1603 3456 W ActivityManager: Unable to start service Intent { act=com.bun.msa.action.start.service cmp=com.mdid.msa/.service.MsaKlService (has extras) } U=0: not found
06-28 10:27:13.749 1603 3456 W ActivityManager: Unable to start service Intent { act=com.bun.msa.action.bindto.service cmp=com.mdid.msa/.service.MsaIdService (has extras) } U=0: not found
06-28 10:27:13.757 26823 27064 I CrossLifecycleManager: 已生效的 Cross: com.zhihu.android.readlater.floatview.Cross_ReadLaterLifecycle
06-28 10:27:13.758 26823 27064 I CrossLifecycleManager: 已生效的 Cross: com.zhihu.android.mediauploader.Cross_MediauploaderLifecycle
06-28 10:27:13.758 26823 27064 I CrossLifecycleManager: 已生效的 Cross: com.zhihu.android.app.crossActivityLifecycle.Cross_PageRecoveryLifecycle
06-28 10:27:13.758 26823 27064 I CrossLifecycleManager: 已生效的 Cross: com.zhihu.android.video_entity.video_tab.helper.Cross_VideoEntityGlobalLifecycle
06-28 10:27:13.758 26823 27064 I CrossLifecycleManager: 已生效的 Cross: com.zhihu.android.app.util.Cross_SearchLifecycle
06-28 10:27:13.758 26823 27064 I CrossLifecycleManager: 已生效的 Cross: com.zhihu.zhcppkit.MonitorConfig.Cross_MonitorConfigLifecycle
06-28 10:27:13.758 26823 27064 I CrossLifecycleManager: 已生效的 Cross: com.zhihu.android.app.crossActivityLifecycle.Cross_GreyModeLifecycleCallback
06-28 10:27:13.758 26823 27064 I CrossLifecycleManager: 已生效的 Cross: com.zhihu.android.apm.lifecycle_provider.Cross_APMLifecycle
06-28 10:27:13.758 26823 27064 I CrossLifecycleManager: 已生效的 Cross: com.zhihu.android.unify_interactive.Cross_UnifyStatus
06-28 10:27:13.758 26823 27064 I CrossLifecycleManager: 已生效的 Cross: com.zhihu.android.unify_interactive.Cross_ImageLikeAffectLike
06-28 10:27:13.758 26823 27064 I CrossLifecycleManager: 已生效的 Cross: com.zhihu.android.app.ui.fragment.more.guide.fragment.Cross_MineGuideHelper
06-28 10:27:13.759 1603 3456 D ConnectivityService: requestNetwork for uid/pid:10113/26826 activeRequest: null callbackRequest: 588 [NetworkRequest [ REQUEST id=589, [ Capabilities: INTERNET&NOT_RESTRICTED&TRUSTED&NOT_VCN_MANAGED Uid: 10113 RequestorUid: 10113 RequestorPkg: com.ss.android.ugc.aweme.lite] ]] callback flags: 0 priority: 2147483647
06-28 10:27:13.760 1603 1941 D ConnectivityService: NetReassign [589 : null → 100]
06-28 10:27:13.761 1603 1980 D Ethernet: got request NetworkRequest [ REQUEST id=589, [ Capabilities: INTERNET&NOT_RESTRICTED&TRUSTED&NOT_VCN_MANAGED Uid: 10113 RequestorUid: 10113 RequestorPkg: com.ss.android.ugc.aweme.lite] ]
06-28 10:27:13.761 1603 1980 D EthernetNetworkFactory: acceptRequest, request: NetworkRequest [ REQUEST id=589, [ Capabilities: INTERNET&NOT_RESTRICTED&TRUSTED&NOT_VCN_MANAGED Uid: 10113 RequestorUid: 10113 RequestorPkg: com.ss.android.ugc.aweme.lite] ]
06-28 10:27:13.761 26823 27086 D Sentry : SU isn't found on this Device.
06-28 10:27:13.761 1603 1980 I EthernetNetworkFactory: networkForRequest, request: NetworkRequest [ REQUEST id=589, [ Capabilities: INTERNET&NOT_RESTRICTED&TRUSTED&NOT_VCN_MANAGED Uid: 10113 RequestorUid: 10113 RequestorPkg: com.ss.android.ugc.aweme.lite] ], network: null
06-28 10:27:13.762 1603 1934 D WifiNetworkFactory: got request NetworkRequest [ REQUEST id=589, [ Capabilities: INTERNET&NOT_RESTRICTED&TRUSTED&NOT_VCN_MANAGED Uid: 10113 RequestorUid: 10113 RequestorPkg: com.ss.android.ugc.aweme.lite] ]
06-28 10:27:13.762 1603 1934 D UntrustedWifiNetworkFactory: got request NetworkRequest [ REQUEST id=589, [ Capabilities: INTERNET&NOT_RESTRICTED&TRUSTED&NOT_VCN_MANAGED Uid: 10113 RequestorUid: 10113 RequestorPkg: com.ss.android.ugc.aweme.lite] ]
06-28 10:27:13.762 1603 1934 D OemPaidWifiNetworkFactory: got request NetworkRequest [ REQUEST id=589, [ Capabilities: INTERNET&NOT_RESTRICTED&TRUSTED&NOT_VCN_MANAGED Uid: 10113 RequestorUid: 10113 RequestorPkg: com.ss.android.ugc.aweme.lite] ]
06-28 10:27:13.765 26823 26867 D easyZa : not record in browser
06-28 10:27:13.774 1603 1941 D ConnectivityService: NetReassign [no changes]
06-28 10:27:13.786 27098 27098 W libc : Access denied finding property "qemu.hw.mainkeys"
06-28 10:27:13.786 27098 27098 W libc : Access denied finding property "qemu.sf.lcd_density"
06-28 10:27:13.786 27098 27098 W libc : Access denied finding property "ro.serialno"
06-28 10:27:13.796 26826 26915 E .ugc.aweme.lit: No package ID 7f found for ID 0x7f0c01cf.
06-28 10:27:13.798 26823 27083 D new_user_launch: GrowthPrivacyManager get modeVal = 3
06-28 10:27:13.798 26826 26915 E .ugc.aweme.lit: No package ID 7f found for ID 0x7f0c0146.
06-28 10:27:13.805 26823 26900 E easyZa : not init yet.
06-28 10:27:13.814 26823 26900 E easyZa : not init yet.
06-28 10:27:13.829 26823 27066 D ABCenter: T_AbCenter--task--run
06-28 10:27:13.860 26823 26876 W System.err: java.lang.ClassNotFoundException: miui.os.MiuiInit
06-28 10:27:13.860 26823 26876 W System.err: at java.lang.Class.classForName(Native Method)
06-28 10:27:13.860 26823 26876 W System.err: at java.lang.Class.forName(Class.java:454)
06-28 10:27:13.860 26823 26876 W System.err: at java.lang.Class.forName(Class.java:379)
06-28 10:27:13.860 26823 26876 W System.err: at com.zhihu.android.preinstall.inter.e.b.f(PreinstallHandlerUtil.java:1)
06-28 10:27:13.860 26823 26876 W System.err: at com.zhihu.android.preinstall.inter.e.c.g.c(XiaomiPreinstallHandler.java:1)
06-28 10:27:13.860 26823 26876 W System.err: at com.zhihu.android.preinstall.inter.e.a.a(AbstractPreinstallHandler.java:1)
06-28 10:27:13.860 26823 26876 W System.err: at com.zhihu.android.preinstall.inter.e.a.a(AbstractPreinstallHandler.java:4)
06-28 10:27:13.860 26823 26876 W System.err: at com.zhihu.android.preinstall.inter.e.a.a(AbstractPreinstallHandler.java:4)
06-28 10:27:13.860 26823 26876 W System.err: at com.zhihu.android.preinstall.inter.e.a.b(AbstractPreinstallHandler.java:1)
06-28 10:27:13.860 26823 26876 W System.err: at com.zhihu.android.preinstall.inter.c.e(PreinstallExtraHelper.java:1)
06-28 10:27:13.860 26823 26876 W System.err: at com.zhihu.android.app.f0.c(ZhihuAnalyticsInitializer.java:1)
06-28 10:27:13.860 26823 26876 W System.err: at com.zhihu.android.app.f0.d(ZhihuAnalyticsInitializer.java:12)
06-28 10:27:13.860 26823 26876 W System.err: at com.zhihu.android.module.task.T_ZAInit.c(T_ZAInit.java:2)
06-28 10:27:13.860 26823 26876 W System.err: at com.zhihu.android.module.task.T_ZAInit.b(T_ZAInit.java:1)
06-28 10:27:13.860 26823 26876 W System.err: at com.zhihu.android.module.task.T_ZAInit$a.execute(T_ZAInit.java:1)
06-28 10:27:13.860 26823 26876 W System.err: at com.zhihu.android.r3.c.run(NamedRunnable.kt:7)
06-28 10:27:13.860 26823 26876 W System.err: at java.util.concurrent.Executors$RunnableAdapter.call(Executors.java:462)
06-28 10:27:13.860 26823 26876 W System.err: at java.util.concurrent.FutureTask.run(FutureTask.java:266)
06-28 10:27:13.860 26823 26876 W System.err: at java.util.concurrent.ScheduledThreadPoolExecutor$ScheduledFutureTask.run(ScheduledThreadPoolExecutor.java:301)
06-28 10:27:13.860 26823 26876 W System.err: at java.util.concurrent.ThreadPoolExecutor.runWorker(ThreadPoolExecutor.java:1167)
06-28 10:27:13.860 26823 26876 W System.err: at java.util.concurrent.ThreadPoolExecutor$Worker.run(ThreadPoolExecutor.java:641)
06-28 10:27:13.860 26823 26876 W System.err: at java.lang.Thread.run(Thread.java:920)
06-28 10:27:13.860 26823 26876 W System.err: at com.zhihu.android.r3.h.d.run(RulerThread.java:3)
06-28 10:27:13.860 26823 26876 W System.err: Caused by: java.lang.ClassNotFoundException: miui.os.MiuiInit
06-28 10:27:13.860 26823 26876 W System.err: ... 23 more
06-28 10:27:13.864 26823 27123 D ZA1 : not init yet.
06-28 10:27:13.866 0 0 E [ 1108.448079] msm_pcm_playback_close: CMD_EOS failed, cmd_pending 0x8
06-28 10:27:13.872 0 0 I [ 1108.454954] afe_close: port_id = 0x9000
06-28 10:27:13.867 1603 14105 W ServiceManager: Permission failure: android.permission.HIGH_SAMPLING_RATE_SENSORS from uid=10127 pid=26823
06-28 10:27:13.868 26823 26876 D ZA1 : runLater with 0 todo
06-28 10:27:13.875 26823 26877 D Zentry : sentry inited
06-28 10:27:13.877 828 24947 D audio_hw_primary: disable_audio_route: reset and update mixer path: deep-buffer-playback
06-28 10:27:13.877 26516 26856 W .smile.gifmake: Verification of void com.kuaishou.weapon.p0.cg.(android.content.Context) took 291.815ms (58.26 bytecodes/s) (1016B approximate peak alloc)
06-28 10:27:13.878 828 24947 E soundtrigger: audio_extn_sound_trigger_update_stream_status: invalid input device 0x0, for event 2
06-28 10:27:13.878 828 24947 D soundtrigger: audio_extn_sound_trigger_update_stream_status: uc_info->id 0 of type 0 for Event 2, with Raise=1
06-28 10:27:13.878 828 24947 I sound_trigger_platform: platform_stdev_check_and_update_concurrency: Received STREAM event, event type 2, usecase type 0
06-28 10:27:13.878 828 24947 D sound_trigger_platform: platform_stdev_get_capture_device: Device = 0x80000004
06-28 10:27:13.878 828 24947 D sound_trigger_platform: platform_stdev_get_capture_device: Available device = 0x80000004
06-28 10:27:13.878 828 24947 D sound_trigger_platform: platform_stdev_check_and_update_concurrency: dedicated path 1, reset backend 1, tx 0, rx 0, concurrency session allowed
06-28 10:27:13.878 828 24947 D msm8974_platform: platform_split_snd_device: snd_device(2) num devices(0) new_snd_devices(0)
06-28 10:27:13.878 828 24947 I msm8974_platform: platform_get_custom_mtmx_params: no matching param with id 0 ip_ch 2 op_ch 2 uc_id 0 snd_dev 2
06-28 10:27:13.878 828 24947 D hardware_info: hw_info_append_hw_type : device_name = speaker
06-28 10:27:13.878 828 24947 D audio_hw_primary: disable_snd_device: snd_device(2: speaker)
06-28 10:27:13.878 828 24947 D msm8974_platform: platform_split_snd_device: snd_device(2) num devices(0) new_snd_devices(0)
06-28 10:27:13.878 828 24947 I soundtrigger: audio_extn_sound_trigger_update_device_status: device 0x2 of type 0 for Event 0, with Raise=0
06-28 10:27:13.878 828 24947 D audio_hw_primary: out_standby: exit
06-28 10:27:13.879 26823 26876 I TrueTime: will request ntp time
06-28 10:27:13.881 26823 26877 D Zentry : will init xcrash later
06-28 10:27:13.883 26516 26858 W .smile.gifmake: Verification of void com.kuaishou.weapon.p0.dy.c() took 298.243ms (251.47 bytecodes/s) (1792B approximate peak alloc)
06-28 10:27:13.889 26823 26877 D Zentry : earlier_panic handler stopped
06-28 10:27:13.896 1603 1941 D ConnectivityService: NetReassign [no changes]
06-28 10:27:13.897 26823 27146 D Zentry : BlockWatchDog: BlockWatchDog start
06-28 10:27:13.899 26823 27123 W m.zhihu.androi: Accessing hidden method Lcom/android/org/conscrypt/ConscryptEngineSocket;->setUseSessionTickets(Z)V (max-target-q,core-platform-api, reflection, denied)
06-28 10:27:13.899 26823 27123 W m.zhihu.androi: Accessing hidden method Lcom/android/org/conscrypt/OpenSSLSocketImpl;->setUseSessionTickets(Z)V (max-target-q,core-platform-api, reflection, denied)
06-28 10:27:13.900 26823 27123 W m.zhihu.androi: Accessing hidden method Lcom/android/org/conscrypt/AbstractConscryptSocket;->setUseSessionTickets(Z)V (max-target-q, reflection, denied)
06-28 10:27:13.902 26823 27099 W m.zhihu.androi: Accessing hidden method Lcom/android/org/conscrypt/ConscryptEngineSocket;->setUseSessionTickets(Z)V (max-target-q,core-platform-api, reflection, denied)
06-28 10:27:13.902 26823 27099 W m.zhihu.androi: Accessing hidden method Lcom/android/org/conscrypt/OpenSSLSocketImpl;->setUseSessionTickets(Z)V (max-target-q,core-platform-api, reflection, denied)
06-28 10:27:13.902 26823 27099 W m.zhihu.androi: Accessing hidden method Lcom/android/org/conscrypt/AbstractConscryptSocket;->setUseSessionTickets(Z)V (max-target-q, reflection, denied)
06-28 10:27:13.908 26823 26877 D Sentry : runLater with 85 todo
06-28 10:27:13.911 26823 27123 W m.zhihu.androi: Accessing hidden method Lcom/android/org/conscrypt/ConscryptEngineSocket;->setHostname(Ljava/lang/String;)V (max-target-q,core-platform-api, reflection, denied)
06-28 10:27:13.911 26823 27123 W m.zhihu.androi: Accessing hidden method Lcom/android/org/conscrypt/OpenSSLSocketImpl;->setHostname(Ljava/lang/String;)V (max-target-q,core-platform-api, reflection, denied)
06-28 10:27:13.911 26823 27123 W m.zhihu.androi: Accessing hidden method Lcom/android/org/conscrypt/AbstractConscryptSocket;->setHostname(Ljava/lang/String;)V (max-target-q, reflection, denied)
06-28 10:27:13.912 26823 27123 W m.zhihu.androi: Accessing hidden method Lcom/android/org/conscrypt/OpenSSLSocketImpl;->setAlpnProtocols([B)V (max-target-q,core-platform-api, reflection, denied)
06-28 10:27:13.912 26823 27123 W m.zhihu.androi: Accessing hidden method Lcom/android/org/conscrypt/AbstractConscryptSocket;->setAlpnProtocols([B)V (max-target-q, reflection, denied)
06-28 10:27:13.919 973 1776 W AudioFlinger: write blocked for 10616 msecs, 6 delayed writes, thread 29
06-28 10:27:13.919 973 1776 D AudioFlinger: mixer(0xb400007255b8d050) throttle end: throttle time(20)
06-28 10:27:13.926 26823 27099 W m.zhihu.androi: Accessing hidden method Lcom/android/org/conscrypt/ConscryptEngineSocket;->setHostname(Ljava/lang/String;)V (max-target-q,core-platform-api, reflection, denied)
06-28 10:27:13.927 26823 27099 W m.zhihu.androi: Accessing hidden method Lcom/android/org/conscrypt/OpenSSLSocketImpl;->setHostname(Ljava/lang/String;)V (max-target-q,core-platform-api, reflection, denied)
06-28 10:27:13.927 26823 27099 W m.zhihu.androi: Accessing hidden method Lcom/android/org/conscrypt/AbstractConscryptSocket;->setHostname(Ljava/lang/String;)V (max-target-q, reflection, denied)
06-28 10:27:13.927 26823 27099 W m.zhihu.androi: Accessing hidden method Lcom/android/org/conscrypt/OpenSSLSocketImpl;->setAlpnProtocols([B)V (max-target-q,core-platform-api, reflection, denied)
06-28 10:27:13.927 26823 27099 W m.zhihu.androi: Accessing hidden method Lcom/android/org/conscrypt/AbstractConscryptSocket;->setAlpnProtocols([B)V (max-target-q, reflection, denied)
06-28 10:27:13.939 828 24947 D audio_hw_primary: start_output_stream: enter: stream(0xe7f8a7e0)usecase(0: deep-buffer-playback) devices(0x2) is_haptic_usecase(0)
06-28 10:27:13.940 828 24947 D audio_hw_primary: select_devices for use case (deep-buffer-playback)
06-28 10:27:13.940 828 24947 I msm8974_platform: platform_check_and_set_codec_backend_cfg:becf: afe: bitwidth 16, samplerate 48000 channels 2, backend_idx 0 usecase = 0 device (speaker)
06-28 10:27:13.940 828 24947 D msm8974_platform: platform_split_snd_device: snd_device(2) num devices(1) new_snd_devices(0)
06-28 10:27:13.940 828 24947 I msm8974_platform: platform_check_and_set_codec_backend_cfg: new_snd_devices[0] is 2
06-28 10:27:13.940 828 24947 I msm8974_platform: platform_check_codec_backend_cfg:becf: afe: bitwidth 16, samplerate 48000 channels 2, backend_idx 0 usecase = 0 device (speaker)
06-28 10:27:13.941 828 24947 D audio_hw_extn: audio_extn_enable_hifi_filter: mixer_value set 0
06-28 10:27:13.941 828 24947 D msm8974_platform: platform_check_codec_backend_cfg:becf: updated afe: bitwidth 16, samplerate 48000 channels 2,backend_idx 0 usecase = 0 device (speaker)
06-28 10:27:13.941 828 24947 D msm8974_platform: platform_check_codec_backend_cfg:becf: afe: playback on codec device not supporting native playback set default Sample Rate(48k)
06-28 10:27:13.941 828 24947 I msm8974_platform: platform_check_codec_backend_cfg:becf: afe: Codec selected backend: 0 updated bit width: 16 and sample rate: 48000
06-28 10:27:13.941 828 24947 D audio_hw_primary: check_usecases_codec_backend:becf: force routing 0
06-28 10:27:13.941 828 24947 E msm8974_platform: platform_check_backends_match: Invalid snd_device =
06-28 10:27:13.941 828 24947 D audio_hw_primary: check_usecases_codec_backend:becf: (78) check_usecases curr device: speaker, usecase device: backends match 0
06-28 10:27:13.941 828 24947 D audio_hw_primary: check_usecases_codec_backend:becf: check_usecases num.of Usecases to switch 0
06-28 10:27:13.941 828 24947 D hardware_info: hw_info_append_hw_type : device_name = speaker
06-28 10:27:13.941 828 24947 D msm8974_platform: platform_split_snd_device: snd_device(2) num devices(0) new_snd_devices(0)
06-28 10:27:13.941 828 24947 D audio_hw_primary: enable_snd_device: snd_device(2: speaker)
06-28 10:27:13.941 828 24947 D msm8974_platform: platform_get_island_cfg_on_device:island cfg status on snd_device = (speaker 0)
06-28 10:27:13.941 828 24947 I soundtrigger: audio_extn_sound_trigger_update_device_status: device 0x2 of type 0 for Event 1, with Raise=0
06-28 10:27:13.941 828 24947 D audio_route: Apply path: speaker
06-28 10:27:13.941 828 24947 I audio_hw_utils: audio_extn_utils_update_stream_output_app_type_cfg Allowing 24 and above bits playback on speaker ONLY at default sampling rate
06-28 10:27:13.941 828 24947 E soundtrigger: audio_extn_sound_trigger_update_stream_status: invalid input device 0x0, for event 3
06-28 10:27:13.941 828 24947 D soundtrigger: audio_extn_sound_trigger_update_stream_status: uc_info->id 0 of type 0 for Event 3, with Raise=1
06-28 10:27:13.942 828 24947 I sound_trigger_platform: platform_stdev_check_and_update_concurrency: Received STREAM event, event type 3, usecase type 0
06-28 10:27:13.942 828 24947 D sound_trigger_platform: platform_stdev_get_capture_device: Device = 0x80000004
06-28 10:27:13.942 828 24947 D sound_trigger_platform: platform_stdev_get_capture_device: Available device = 0x80000004
06-28 10:27:13.942 828 24947 D sound_trigger_platform: platform_stdev_check_and_update_concurrency: dedicated path 1, reset backend 1, tx 0, rx 1, concurrency session allowed
06-28 10:27:13.942 828 24947 D audio_hw_utils: audio_extn_utils_send_app_type_cfg: usecase->out_snd_device speaker
06-28 10:27:13.942 828 24947 D msm8974_platform: platform_split_snd_device: snd_device(2) num devices(0) new_snd_devices(0)
06-28 10:27:13.942 828 24947 D audio_hw_utils: audio_extn_btsco_get_sample_rate:Not a BT SCO device, need not update sampling rate
06-28 10:27:13.942 828 24947 I audio_hw_utils: send_app_type_cfg_for_device PLAYBACK app_type 69936, acdb_dev_id 15, sample_rate 48000, snd_device_be_idx 55
06-28 10:27:13.942 828 24947 D msm8974_platform: platform_split_snd_device: snd_device(2) num devices(1) new_snd_devices(0)
06-28 10:27:13.942 828 24947 D audio_hw_utils: audio_extn_btsco_get_sample_rate:Not a BT SCO device, need not update sampling rate
06-28 10:27:13.942 828 24947 D ACDB-LOADER: ACDB -> send_audio_cal, acdb_id = 15, path = 0, app id = 0x11130, sample rate = 48000, afe_sample_rate = 48000
06-28 10:27:13.942 828 24947 D ACDB-LOADER: ACDB -> send_asm_topology
06-28 10:27:13.942 828 24947 D ACDB-LOADER: ACDB -> ACDB_CMD_GET_AUDPROC_STREAM_TOPOLOGY_ID
06-28 10:27:13.942 828 24947 D ACDB-LOADER: ACDB -> send_adm_topology
06-28 10:27:13.942 828 24947 D ACDB-LOADER: ACDB -> ACDB_CMD_GET_AUDPROC_COMMON_TOPOLOGY_ID
06-28 10:27:13.942 828 24947 D ACDB-LOADER: ACDB -> send_audtable
06-28 10:27:13.942 828 24947 D ACDB-LOADER: ACDB -> ACDB_CMD_GET_AUDPROC_INSTANCE_COMMON_TABLE_SIZE
06-28 10:27:13.942 828 24947 D ACDB-LOADER: ACDB -> ACDB_CMD_GET_AUDPROC_INSTANCE_COMMON_TABLE
06-28 10:27:13.942 828 24947 D ACDB-LOADER: ACDB -> AUDIO_SET_AUDPROC_CAL cal_type[11] acdb_id[15] app_type[69936]
06-28 10:27:13.942 828 24947 D ACDB-LOADER: ACDB -> send_audvoltable
06-28 10:27:13.942 828 24947 D ACDB-LOADER: ACDB -> ACDB_CMD_GET_AUDPROC_INSTANCE_GAIN_DEP_STEP_TABLE_SIZE
06-28 10:27:13.942 828 24947 D ACDB-LOADER: ACDB -> ACDB_CMD_GET_AUDPROC_INSTANCE_GAIN_DEP_STEP_TABLE, vol index 5
06-28 10:27:13.942 828 24947 D ACDB-LOADER: ACDB -> AUDIO_SET_VOL_CAL cal type = 12
06-28 10:27:13.942 828 24947 D ACDB-LOADER: ACDB -> ACDB_CMD_GET_AUDPROC_INSTANCE_STREAM_TABLE_SIZE
06-28 10:27:13.942 828 24947 D ACDB-LOADER: ACDB -> send_audstrmtable
06-28 10:27:13.942 828 24947 D ACDB-LOADER: ACDB -> ACDB_CMD_GET_AUDPROC_INSTANCE_STREAM_TABLE
06-28 10:27:13.942 828 24947 D ACDB-LOADER: ACDB -> audstrm_cal->cal_type.cal_data.cal_size = 536
06-28 10:27:13.942 828 24947 D ACDB-LOADER: ACDB -> send_afe_topology
06-28 10:27:13.942 828 24947 D ACDB-LOADER: ACDB -> ACDB_CMD_GET_AFE_TOPOLOGY_ID
06-28 10:27:13.942 828 24947 D ACDB-LOADER: ACDB -> GET_AFE_TOPOLOGY_ID for adcd_id 15, Topology Id 112fc
06-28 10:27:13.942 828 24947 D ACDB-LOADER: ACDB -> send_afe_cal
06-28 10:27:13.942 828 24947 D ACDB-LOADER: ACDB -> ACDB_CMD_GET_AFE_INSTANCE_COMMON_TABLE_SIZE
06-28 10:27:13.942 828 24947 D android.hardware.audio.service: Failed to fetch the lookup information of the device 0000000F
06-28 10:27:13.942 828 24947 D ACDB-LOADER: Error: ACDB_CMD_GET_AFE_INSTANCE_COMMON_TABLE_SIZE Returned = -19
06-28 10:27:13.942 828 24947 D ACDB-LOADER: ACDB -> ACDB_CMD_GET_AFE_INSTANCE_COMMON_TABLE
06-28 10:27:13.942 828 24947 D android.hardware.audio.service: Failed to fetch the lookup information of the device 0000000F
06-28 10:27:13.942 828 24947 D ACDB-LOADER: Error: ACDB AFE returned = -19
06-28 10:27:13.942 828 24947 D ACDB-LOADER: ACDB -> AUDIO_SET_AFE_CAL cal_type[16] acdb_id[15]
06-28 10:27:13.942 828 24947 D ACDB-LOADER: ACDB -> send_hw_delay : acdb_id = 15 path = 0
06-28 10:27:13.942 828 24947 D ACDB-LOADER: ACDB -> ACDB_AVSYNC_INFO: ACDB_CMD_GET_DEVICE_PROPERTY
06-28 10:27:13.942 828 24947 D msm8974_platform: platform_split_snd_device: snd_device(2) num devices(0) new_snd_devices(0)
06-28 10:27:13.942 828 24947 I msm8974_platform: platform_get_custom_mtmx_params: no matching param with id 0 ip_ch 2 op_ch 2 uc_id 0 snd_dev 2
06-28 10:27:13.942 828 24947 D audio_hw_primary: enable_audio_route: apply mixer and update path: deep-buffer-playback
06-28 10:27:13.942 828 24947 D audio_route: Apply path: deep-buffer-playback
06-28 10:27:13.943 828 24947 D audio_hw_primary: select_devices: done
06-28 10:27:13.948 0 0 I [ 1108.530385] afe_find_cal_topo_id_by_port: port id: 0x9000, dev_acdb_id: 15
06-28 10:27:13.948 0 0 I [ 1108.530390] afe_find_cal_topo_id_by_port: top_id:112fc acdb_id:15 afe_port_id:0x9000
06-28 10:27:13.948 0 0 I [ 1108.530394] afe_get_cal_topology_id: port_id = 0x9000 acdb_id = 15 topology_id = 0x112fc cal_type_index=8 ret=0
06-28 10:27:13.948 0 0 I [ 1108.530607] afe_send_port_topology_id: AFE set topology id 0x112fc enable for port 0x9000 ret 0
06-28 10:27:13.948 0 0 I [ 1108.530609] send_afe_cal_type: cal_index is 0
06-28 10:27:13.948 0 0 I [ 1108.530612] send_afe_cal_type: dev_acdb_id[55] is 15
06-28 10:27:13.948 0 0 I [ 1108.530614] afe_find_cal: cal_index 0 port_id 0x9000 port_index 55
06-28 10:27:13.948 0 0 I [ 1108.530618] afe_find_cal: acdb_id 15 dev_acdb_id 15 sample_rate 48000 afe_sample_rates 48000
06-28 10:27:13.948 0 0 I [ 1108.530620] afe_find_cal: cal block is a match, size is 0
06-28 10:27:13.948 0 0 I [ 1108.530622] send_afe_cal_type: Sending cal_index cal 0
06-28 10:27:13.948 0 0 E [ 1108.530624] send_afe_cal_type: No cal sent for cal_index 0, port_id = 0x9000! ret -22
06-28 10:27:13.948 0 0 I [ 1108.530833] afe_send_hw_delay: port_id 0x9000 rate 48000 delay_usec 474 status 0
06-28 10:27:13.961 26516 26516 I auditd : type=1400 audit(0.0:13571): avc: denied { read } for comm="pool-29-thread-" name="drivers" dev="proc" ino=4026531852 scontext=u:r:untrusted_app_29:s0:c103,c256,c512,c768 tcontext=u:object_r:proc_tty_drivers:s0 tclass=file permissive=0 app=com.smile.gifmaker
06-28 10:27:13.961 26516 26516 W pool-29-thread-: type=1400 audit(0.0:13571): avc: denied { read } for name="drivers" dev="proc" ino=4026531852 scontext=u:r:untrusted_app_29:s0:c103,c256,c512,c768 tcontext=u:object_r:proc_tty_drivers:s0 tclass=file permissive=0 app=com.smile.gifmaker
06-28 10:27:14.041 26826 26826 I auditd : type=1400 audit(0.0:13572): avc: granted { execute } for comm="#GlobalProxyLan" path="/data/user/0/com.ss.android.ugc.aweme.lite/files/plugins/com.ss.android.ugc.aweme.videocache_v2/version-25909062/lib/libavmdlv2.so" dev="dm-21" ino=83754 scontext=u:r:untrusted_app_29:s0:c113,c256,c512,c768 tcontext=u:object_r:app_data_file:s0:c113,c256,c512,c768 tclass=file app=com.ss.android.ugc.aweme.lite
06-28 10:27:14.041 26826 26826 W #GlobalProxyLan: type=1400 audit(0.0:13572): avc: granted { execute } for path="/data/user/0/com.ss.android.ugc.aweme.lite/files/plugins/com.ss.android.ugc.aweme.videocache_v2/version-25909062/lib/libavmdlv2.so" dev="dm-21" ino=83754 scontext=u:r:untrusted_app_29:s0:c113,c256,c512,c768 tcontext=u:object_r:app_data_file:s0:c113,c256,c512,c768 tclass=file app=com.ss.android.ugc.aweme.lite
06-28 10:27:13.958 1603 14105 W ServiceManager: Permission failure: android.permission.HIGH_SAMPLING_RATE_SENSORS from uid=10113 pid=26826
06-28 10:27:13.968 828 24947 D msm8974_platform: platform_set_channel_map mixer_ctl_name:Playback Channel Map0
06-28 10:27:13.968 828 24947 D msm8974_platform: platform_set_channel_map: set mapping(1 2 0 0 0 0 0 0) for channel:2
06-28 10:27:13.969 828 24947 D audio_hw_primary: start_output_stream: exit
06-28 10:27:13.969 828 24947 D audio_hw_primary: out_write: retry previous failed cal level set
06-28 10:27:13.969 828 24947 D msm8974_platform: platform_split_snd_device: snd_device(2) num devices(1) new_snd_devices(0)
06-28 10:27:13.982 26826 26915 E .ugc.aweme.lit: No package ID 7f found for ID 0x7f0c000f.
06-28 10:27:13.993 973 1776 D AudioFlinger: ThreadBase::updateWakeLockUids_l() st
06-28 10:27:13.993 973 1776 D AudioFlinger: updateWakeLockUids_l() AudioOut_1D status 0
06-28 10:27:13.993 973 1776 D AudioFlinger: ThreadBase::updateWakeLockUids_l() ed
06-28 10:27:13.993 1603 14105 D PowerManagerService: updateWakeLockWorkSourceInternal: lock=100399055 [AudioMix], ws=null
06-28 10:27:13.993 1603 14105 D PowerManagerNotifier: onWakeLockReleased: flags=1, tag="AudioMix", packageName=audioserver, ownerUid=1041, ownerPid=0, workSource=WorkSource{10104}
06-28 10:27:13.994 1603 14105 D PowerManagerNotifier: onWakeLockAcquired: flags=1, tag="AudioMix", packageName=audioserver, ownerUid=1041, ownerPid=0, workSource=null
06-28 10:27:13.994 828 828 D msm8974_platform: platform_split_snd_device: snd_device(2) num devices(1) new_snd_devices(0)
06-28 10:27:13.994 828 828 D ACDB-LOADER: ACDB -> send_audvoltable
06-28 10:27:13.994 828 828 D ACDB-LOADER: ACDB -> ACDB_CMD_GET_AUDPROC_INSTANCE_GAIN_DEP_STEP_TABLE_SIZE
06-28 10:27:13.994 828 828 D ACDB-LOADER: ACDB -> ACDB_CMD_GET_AUDPROC_INSTANCE_GAIN_DEP_STEP_TABLE, vol index 0
06-28 10:27:13.994 828 828 D ACDB-LOADER: ACDB -> AUDIO_SET_VOL_CAL cal type = 40
06-28 10:27:13.995 828 891 D msm8974_platform: platform_split_snd_device: snd_device(2) num devices(1) new_snd_devices(0)
06-28 10:27:13.995 973 1259 D APM_AudioPolicyManager: stopOutput portId 37
06-28 10:27:13.995 973 1259 D APM_AudioPolicyManager: stopOutput() output 29, stream 3, session 225
06-28 10:27:13.997 973 1259 W AudioFlinger: moveEffectChain_l() effect chain for session 0 not on source thread 0xb400007255b8d050
06-28 10:27:14.002 26823 27109 W m.zhihu.androi: Accessing hidden method Lcom/android/org/conscrypt/ConscryptEngineSocket;->setUseSessionTickets(Z)V (max-target-q,core-platform-api, reflection, denied)
06-28 10:27:14.002 26823 27109 W m.zhihu.androi: Accessing hidden method Lcom/android/org/conscrypt/OpenSSLSocketImpl;->setUseSessionTickets(Z)V (max-target-q,core-platform-api, reflection, denied)
06-28 10:27:14.002 26823 27109 W m.zhihu.androi: Accessing hidden method Lcom/android/org/conscrypt/AbstractConscryptSocket;->setUseSessionTickets(Z)V (max-target-q, reflection, denied)
06-28 10:27:14.003 26823 27109 W m.zhihu.androi: Accessing hidden method Lcom/android/org/conscrypt/ConscryptEngineSocket;->setHostname(Ljava/lang/String;)V (max-target-q,core-platform-api, reflection, denied)
06-28 10:27:14.003 26823 27109 W m.zhihu.androi: Accessing hidden method Lcom/android/org/conscrypt/OpenSSLSocketImpl;->setHostname(Ljava/lang/String;)V (max-target-q,core-platform-api, reflection, denied)
06-28 10:27:14.003 26823 27109 W m.zhihu.androi: Accessing hidden method Lcom/android/org/conscrypt/AbstractConscryptSocket;->setHostname(Ljava/lang/String;)V (max-target-q, reflection, denied)
06-28 10:27:14.003 26823 27109 W m.zhihu.androi: Accessing hidden method Lcom/android/org/conscrypt/OpenSSLSocketImpl;->setAlpnProtocols([B)V (max-target-q,core-platform-api, reflection, denied)
06-28 10:27:14.003 26823 27109 W m.zhihu.androi: Accessing hidden method Lcom/android/org/conscrypt/AbstractConscryptSocket;->setAlpnProtocols([B)V (max-target-q, reflection, denied)
06-28 10:27:14.005 26823 26903 D ZLabABTestApiRequestHelper:: requestExperimentsAndUpdateCache
06-28 10:27:14.006 26823 27083 W m.zhihu.androi: Accessing hidden method Lcom/android/org/conscrypt/ConscryptEngineSocket;->setUseSessionTickets(Z)V (max-target-q,core-platform-api, reflection, denied)
06-28 10:27:14.006 26823 27083 W m.zhihu.androi: Accessing hidden method Lcom/android/org/conscrypt/OpenSSLSocketImpl;->setUseSessionTickets(Z)V (max-target-q,core-platform-api, reflection, denied)
06-28 10:27:14.006 26823 27083 W m.zhihu.androi: Accessing hidden method Lcom/android/org/conscrypt/AbstractConscryptSocket;->setUseSessionTickets(Z)V (max-target-q, reflection, denied)
06-28 10:27:14.006 26823 27083 W m.zhihu.androi: Accessing hidden method Lcom/android/org/conscrypt/ConscryptEngineSocket;->setHostname(Ljava/lang/String;)V (max-target-q,core-platform-api, reflection, denied)
06-28 10:27:14.007 26823 27083 W m.zhihu.androi: Accessing hidden method Lcom/android/org/conscrypt/OpenSSLSocketImpl;->setHostname(Ljava/lang/String;)V (max-target-q,core-platform-api, reflection, denied)
06-28 10:27:14.007 26823 27083 W m.zhihu.androi: Accessing hidden method Lcom/android/org/conscrypt/AbstractConscryptSocket;->setHostname(Ljava/lang/String;)V (max-target-q, reflection, denied)
06-28 10:27:14.007 26823 27083 W m.zhihu.androi: Accessing hidden method Lcom/android/org/conscrypt/OpenSSLSocketImpl;->setAlpnProtocols([B)V (max-target-q,core-platform-api, reflection, denied)
06-28 10:27:14.007 26823 27083 W m.zhihu.androi: Accessing hidden method Lcom/android/org/conscrypt/AbstractConscryptSocket;->setAlpnProtocols([B)V (max-target-q, reflection, denied)
06-28 10:27:14.008 26823 27068 D ZLabABTestApiRequestHelper:: requestExperimentsAndUpdateCache client_id 存在 开始请求实验数据
06-28 10:27:14.009 26823 27068 D ZLabABTestApiRequestHelper:: requestExperimentsAndUpdateCache UserContext:UserContext{id_info=IDInfo{client_id=AHCXgMnY_RZLBaJLOlt5gxtaY5mwBLbXU0I=, member_hash_id=9d215d14a3f4bb6178333cbe4fef1732}, client=ClientInfo{platform=Android, version_name=9.8.0, version_code=16314}, network=NetworkInfo{client_ip=0.0.0.0}}
06-28 10:27:14.009 680 694 I mpu_uart: [MSG-P:RECV]:No message received in 1000 ms
06-28 10:27:14.015 828 828 D audio_hw_primary: out_standby: enter: stream (0xe7f8a7e0) usecase(0: deep-buffer-playback)
06-28 10:27:14.018 26823 27127 W m.zhihu.androi: Accessing hidden method Lcom/android/org/conscrypt/ConscryptEngineSocket;->setUseSessionTickets(Z)V (max-target-q,core-platform-api, reflection, denied)
06-28 10:27:14.019 26823 27127 W m.zhihu.androi: Accessing hidden method Lcom/android/org/conscrypt/OpenSSLSocketImpl;->setUseSessionTickets(Z)V (max-target-q,core-platform-api, reflection, denied)
06-28 10:27:14.019 26823 27127 W m.zhihu.androi: Accessing hidden method Lcom/android/org/conscrypt/AbstractConscryptSocket;->setUseSessionTickets(Z)V (max-target-q, reflection, denied)
06-28 10:27:14.019 26823 27127 W m.zhihu.androi: Accessing hidden method Lcom/android/org/conscrypt/ConscryptEngineSocket;->setHostname(Ljava/lang/String;)V (max-target-q,core-platform-api, reflection, denied)
06-28 10:27:14.019 26823 27127 W m.zhihu.androi: Accessing hidden method Lcom/android/org/conscrypt/OpenSSLSocketImpl;->setHostname(Ljava/lang/String;)V (max-target-q,core-platform-api, reflection, denied)
06-28 10:27:14.019 26823 27127 W m.zhihu.androi: Accessing hidden method Lcom/android/org/conscrypt/AbstractConscryptSocket;->setHostname(Ljava/lang/String;)V (max-target-q, reflection, denied)
06-28 10:27:14.020 26823 27127 W m.zhihu.androi: Accessing hidden method Lcom/android/org/conscrypt/OpenSSLSocketImpl;->setAlpnProtocols([B)V (max-target-q,core-platform-api, reflection, denied)
06-28 10:27:14.020 26823 27127 W m.zhihu.androi: Accessing hidden method Lcom/android/org/conscrypt/AbstractConscryptSocket;->setAlpnProtocols([B)V (max-target-q, reflection, denied)
06-28 10:27:14.045 26823 26823 D ZPatch.DebugPatch: debugPatchEnable:false officeNet:false
06-28 10:27:14.049 26823 26823 D AppConfig: create 1479
06-28 10:27:14.051 26823 26823 D WorldSavior: hack ActivityThread ok
06-28 10:27:14.091 26826 26929 W .ugc.aweme.lit: Unsupported class loader
