06-28 10:18:13.764 1603 3295 I am_kill : [0,28095,com.ss.android.ugc.aweme.lite,905,empty #2]
06-28 10:18:14.145 28390 28390 I auditd : type=1400 audit(0.0:11839): avc: granted { execute } for comm="#tp-io-51" path="/data/user/0/com.ss.android.ugc.aweme/files/webview_bytedance/e098d2c121417799e1cfdecc90f33767_md5/libwebviewbytedance.so" dev="dm-21" ino=371299 scontext=u:r:untrusted_app_29:s0:c104,c256,c512,c768 tcontext=u:object_r:app_data_file:s0:c104,c256,c512,c768 tclass=file app=com.ss.android.ugc.aweme
06-28 10:18:14.134 1603 2646 I am_kill : [0,28392,com.zhihu.android,905,empty #2]
06-28 10:18:14.301 1603 2646 I am_proc_died: [0,28392,com.zhihu.android,905,19]
06-28 10:18:14.302 1603 2646 I am_uid_stopped: 10127
06-28 10:18:14.397 1603 1720 I am_pss : [22896,10101,com.tencent.android.qqdownloader,90192896,74690560,40960,224083968,0,4,14]
06-28 10:18:14.412 1603 2646 I am_proc_died: [0,28095,com.ss.android.ugc.aweme.lite,905,19]
06-28 10:18:14.412 1603 2646 I am_uid_stopped: 10113
06-28 10:18:14.416 1603 1720 I am_pss : [24003,10069,com.android.webview:webview_service,19320832,8187904,318464,83947520,0,4,6]
06-28 10:18:14.419 1603 1709 I am_uid_running: 10127
06-28 10:18:14.421 1603 1709 I am_uid_running: 10113
06-28 10:18:14.430 1603 1722 I am_proc_start: [0,28763,10127,com.zhihu.android,NULL,]
06-28 10:18:14.441 1603 1722 I am_proc_start: [0,28764,10113,com.ss.android.ugc.aweme.lite,NULL,]
06-28 10:18:14.452 1603 2091 I am_proc_bound: [0,28763,com.zhihu.android]
06-28 10:18:14.457 1603 2091 I am_proc_bound: [0,28764,com.ss.android.ugc.aweme.lite]
06-28 10:18:14.461 28390 28390 I auditd : type=1400 audit(0.0:11840): avc: granted { nlmsg_readpriv } for comm="TTNet-AN-IO" scontext=u:r:untrusted_app_29:s0:c104,c256,c512,c768 tcontext=u:r:untrusted_app_29:s0:c104,c256,c512,c768 tclass=netlink_route_socket app=com.ss.android.ugc.aweme
06-28 10:18:14.465 1603 1720 I am_pss : [22941,10101,com.tencent.android.qqdownloader:cloud,39755776,30347264,39936,153272320,0,4,8]
06-28 10:18:14.501 1603 1720 I am_pss : [23967,99004,com.android.webview:sandboxed_process0:org.chromium.content.app.SandboxedProcessService0:0,14611456,3551232,321536,74338304,0,4,5]
06-28 10:18:14.799 1603 1720 I am_kill : [0,28763,com.zhihu.android,915,empty #2]
06-28 10:18:14.800 1603 1720 I am_kill : [0,28390,com.ss.android.ugc.aweme,925,empty #3]
06-28 10:18:14.845 1603 2646 I am_kill : [0,28140,com.tencent.wework,905,empty #2]
06-28 10:18:14.847 1603 2646 I am_kill : [0,28425,com.tencent.wework:wemeet,905,empty #3]
06-28 10:18:14.861 1603 2646 I am_proc_died: [0,28763,com.zhihu.android,915,19]
06-28 10:18:14.862 1603 2646 I am_uid_stopped: 10127
06-28 10:18:14.906 1603 6928 I am_proc_died: [0,28425,com.tencent.wework:wemeet,905,19]
06-28 10:18:14.908 1603 6928 I am_schedule_service_restart: [0,com.tencent.wework/com.tencent.wemeet.tmsdk.ipc.WeMeetService,1000]
06-28 10:18:14.924 1603 6928 I am_proc_died: [0,28140,com.tencent.wework,905,19]
06-28 10:18:14.925 1603 6928 I am_uid_stopped: 10098
06-28 10:18:14.930 1603 1709 I am_uid_running: 10127
06-28 10:18:14.943 1603 1722 I am_proc_start: [0,28822,10127,com.zhihu.android,NULL,]
06-28 10:18:14.967 1603 2648 I am_proc_died: [0,28390,com.ss.android.ugc.aweme,925,19]
06-28 10:18:14.968 1603 2648 I am_uid_stopped: 10104
06-28 10:18:14.978 1603 2648 I am_proc_bound: [0,28822,com.zhihu.android]
06-28 10:18:15.143 1603 1720 I am_kill : [0,28764,com.ss.android.ugc.aweme.lite,915,empty #2]
06-28 10:18:15.196 1603 2648 I am_proc_died: [0,28764,com.ss.android.ugc.aweme.lite,915,19]
06-28 10:18:15.197 1603 2648 I am_uid_stopped: 10113
06-28 10:18:15.202 1603 1709 I am_uid_running: 10113
06-28 10:18:15.217 1603 1722 I am_proc_start: [0,28920,10113,com.ss.android.ugc.aweme.lite,NULL,]
06-28 10:18:15.251 1603 2646 I am_proc_bound: [0,28920,com.ss.android.ugc.aweme.lite]
06-28 10:18:15.573 29017 29017 I auditd : type=1400 audit(0.0:11841): avc: denied { bind } for comm="ip" scontext=u:r:untrusted_app:s0:c127,c256,c512,c768 tcontext=u:r:untrusted_app:s0:c127,c256,c512,c768 tclass=netlink_route_socket permissive=0 bug=b/155595000 app=com.zhihu.android
06-28 10:18:15.589 29025 29025 I auditd : type=1400 audit(0.0:11842): avc: denied { bind } for comm="ip" scontext=u:r:untrusted_app:s0:c127,c256,c512,c768 tcontext=u:r:untrusted_app:s0:c127,c256,c512,c768 tclass=netlink_route_socket permissive=0 bug=b/155595000 app=com.zhihu.android
06-28 10:18:15.609 29033 29033 I auditd : type=1400 audit(0.0:11843): avc: denied { bind } for comm="ip" scontext=u:r:untrusted_app:s0:c127,c256,c512,c768 tcontext=u:r:untrusted_app:s0:c127,c256,c512,c768 tclass=netlink_route_socket permissive=0 bug=b/155595000 app=com.zhihu.android
06-28 10:18:15.657 29071 29071 I auditd : type=1400 audit(0.0:11844): avc: denied { read } for comm="ZIDThreadPoolEx" name="u:object_r:qemu_hw_prop:s0" dev="tmpfs" ino=12608 scontext=u:r:untrusted_app:s0:c127,c256,c512,c768 tcontext=u:object_r:qemu_hw_prop:s0 tclass=file permissive=0 app=com.zhihu.android
06-28 10:18:15.657 29071 29071 I auditd : type=1400 audit(0.0:11845): avc: denied { read } for comm="ZIDThreadPoolEx" name="u:object_r:qemu_sf_lcd_density_prop:s0" dev="tmpfs" ino=12609 scontext=u:r:untrusted_app:s0:c127,c256,c512,c768 tcontext=u:object_r:qemu_sf_lcd_density_prop:s0 tclass=file permissive=0 app=com.zhihu.android
06-28 10:18:15.657 29071 29071 I auditd : type=1400 audit(0.0:11846): avc: denied { read } for comm="ZIDThreadPoolEx" name="u:object_r:serialno_prop:s0" dev="tmpfs" ino=12620 scontext=u:r:untrusted_app:s0:c127,c256,c512,c768 tcontext=u:object_r:serialno_prop:s0 tclass=file permissive=0 app=com.zhihu.android
06-28 10:18:15.665 28822 28822 I auditd : type=1400 audit(0.0:11847): avc: denied { read } for comm="io/sentry/andro" name="version" dev="proc" ino=4026532247 scontext=u:r:untrusted_app:s0:c127,c256,c512,c768 tcontext=u:object_r:proc_version:s0 tclass=file permissive=0 app=com.zhihu.android
06-28 10:18:15.725 28822 28822 I auditd : type=1400 audit(0.0:11848): avc: denied { getattr } for comm="Thread-4" path="/sys/devices/platform/soc/1c00000.qcom,pcie/pci0000:00/0000:00:00.0/0000:01:00.0/net/wlan0/address" dev="sysfs" ino=82035 scontext=u:r:untrusted_app:s0:c127,c256,c512,c768 tcontext=u:object_r:sysfs_net:s0 tclass=file permissive=0 app=com.zhihu.android
06-28 10:18:15.777 29102 29102 I auditd : type=1400 audit(0.0:11849): avc: denied { bind } for comm="ip" scontext=u:r:untrusted_app:s0:c127,c256,c512,c768 tcontext=u:r:untrusted_app:s0:c127,c256,c512,c768 tclass=netlink_route_socket permissive=0 bug=b/155595000 app=com.zhihu.android
06-28 10:18:15.884 1603 3456 I am_kill : [0,28920,com.ss.android.ugc.aweme.lite,905,empty #2]
06-28 10:18:15.955 1603 1720 I am_pss : [23816,10101,com.tencent.android.qqdownloader:live,44402688,24166400,10195968,135028736,0,10,8]
06-28 10:18:16.078 1603 3085 I am_proc_died: [0,28920,com.ss.android.ugc.aweme.lite,905,19]
06-28 10:18:16.079 1603 3085 I am_uid_stopped: 10113
06-28 10:18:16.092 1603 1709 I am_uid_running: 10113
06-28 10:18:16.107 1603 1722 I am_proc_start: [0,29225,10113,com.ss.android.ugc.aweme.lite,NULL,]
06-28 10:18:16.130 1603 3456 I am_proc_bound: [0,29225,com.ss.android.ugc.aweme.lite]
06-28 10:18:16.985 29225 29225 I auditd : type=1400 audit(0.0:11855): avc: granted { nlmsg_readpriv } for comm="TTNet-AN-IO" scontext=u:r:untrusted_app_29:s0:c113,c256,c512,c768 tcontext=u:r:untrusted_app_29:s0:c113,c256,c512,c768 tclass=netlink_route_socket app=com.ss.android.ugc.aweme.lite
06-28 10:18:16.985 27573 27573 I auditd : type=1400 audit(0.0:11856): avc: granted { execute } for comm="BeaconReportHan" path="/data/user/0/com.tencent.android.qqdownloader/files/shell/8_8454130_1346/lib/arm64-v8a/libqmp.so" dev="dm-21" ino=39391 scontext=u:r:untrusted_app_27:s0:c512,c768 tcontext=u:object_r:app_data_file:s0:c512,c768 tclass=file app=com.tencent.android.qqdownloader
06-28 10:18:16.997 27573 27573 I auditd : type=1400 audit(0.0:11857): avc: granted { execute } for comm="BeaconReportHan" path="/data/user/0/com.tencent.android.qqdownloader/files/shell/8_8454130_1346/lib/arm64-v8a/libbeaconid.so" dev="dm-21" ino=39379 scontext=u:r:untrusted_app_27:s0:c512,c768 tcontext=u:object_r:app_data_file:s0:c512,c768 tclass=file app=com.tencent.android.qqdownloader
06-28 10:18:17.045 27573 27573 I auditd : type=1400 audit(0.0:11858): avc: denied { read } for comm="qimei-thread-1" name="/" dev="dm-16" ino=2 scontext=u:r:untrusted_app_27:s0:c512,c768 tcontext=u:object_r:rootfs:s0 tclass=dir permissive=0 app=com.tencent.android.qqdownloader
06-28 10:18:17.353 29225 29225 I auditd : type=1400 audit(0.0:11859): avc: granted { execute } for comm="#GlobalProxyLan" path="/data/user/0/com.ss.android.ugc.aweme.lite/files/plugins/com.ss.android.ugc.aweme.videocache_v2/version-25909062/lib/libavmdlv2.so" dev="dm-21" ino=83754 scontext=u:r:untrusted_app_29:s0:c113,c256,c512,c768 tcontext=u:object_r:app_data_file:s0:c113,c256,c512,c768 tclass=file app=com.ss.android.ugc.aweme.lite
06-28 10:18:17.495 1603 3085 I service_manager_stats: [100,96,17851]
06-28 10:18:24.898 3103 3103 I sqlite_mem_released: 0
06-28 10:18:24.898 3103 3103 I force_gc: mem
06-28 10:18:25.839 1603 1722 I am_proc_start: [0,30177,10127,com.zhihu.android:channel,service,{com.zhihu.android/com.taobao.accs.ChannelService}]
06-28 10:18:25.874 1603 3085 I am_proc_bound: [0,30177,com.zhihu.android:channel]
06-28 10:18:26.116 1603 3085 I am_kill : [0,28822,com.zhihu.android,905,empty #2]
06-28 10:18:26.183 1603 3427 I am_proc_died: [0,28822,com.zhihu.android,905,19]
06-28 10:18:26.202 1603 1720 I am_pss : [27573,10101,com.tencent.ilink.ServiceProcess,73946112,60522496,43008,201084928,0,4,11]
06-28 10:18:26.593 1603 1603 I am_uid_running: 10104
06-28 10:18:26.612 1603 1722 I am_proc_start: [0,30217,10104,com.ss.android.ugc.aweme,service,{com.ss.android.ugc.aweme/com.umeng.message.UmengMessageCallbackHandlerService}]
06-28 10:18:26.649 1603 3427 I am_proc_bound: [0,30217,com.ss.android.ugc.aweme]
06-28 10:18:26.657 1603 3427 I am_stop_idle_service: [10104,com.ss.android.ugc.aweme/com.ss.android.newmedia.redbadge.RedBadgePushProcessService]
06-28 10:18:27.093 30217 30217 I auditd : type=1400 audit(0.0:11862): avc: granted { execute } for comm="#tp-io-35" path="/data/user/0/com.ss.android.ugc.aweme/files/webview_bytedance/e098d2c121417799e1cfdecc90f33767_md5/libwebviewbytedance.so" dev="dm-21" ino=371299 scontext=u:r:untrusted_app_29:s0:c104,c256,c512,c768 tcontext=u:object_r:app_data_file:s0:c104,c256,c512,c768 tclass=file app=com.ss.android.ugc.aweme
06-28 10:18:27.153 30217 30217 I auditd : type=1400 audit(0.0:11863): avc: granted { nlmsg_readpriv } for comm="TTNet-AN-IO" scontext=u:r:untrusted_app_29:s0:c104,c256,c512,c768 tcontext=u:r:untrusted_app_29:s0:c104,c256,c512,c768 tclass=netlink_route_socket app=com.ss.android.ugc.aweme
06-28 10:18:27.389 30217 30217 I auditd : type=1400 audit(0.0:11864): avc: granted { execute } for comm="VideoPreloadHan" path="/data/user/0/com.ss.android.ugc.aweme/files/plugins/com.ss.android.ugc.aweme.videocache_v2/version-2300/lib/libavmdlv2.so" dev="dm-21" ino=310178 scontext=u:r:untrusted_app_29:s0:c104,c256,c512,c768 tcontext=u:object_r:app_data_file:s0:c104,c256,c512,c768 tclass=file app=com.ss.android.ugc.aweme
06-28 10:18:27.709 30217 30217 I auditd : type=1400 audit(0.0:11865): avc: granted { execute } for comm="startliveio" path="/data/user/0/com.ss.android.ugc.aweme/files/plugins/com.ss.android.live.pullstreamso/version-254109705/lib/libavio.so" dev="dm-21" ino=315174 scontext=u:r:untrusted_app_29:s0:c104,c256,c512,c768 tcontext=u:object_r:app_data_file:s0:c104,c256,c512,c768 tclass=file app=com.ss.android.ugc.aweme
06-28 10:18:27.717 30217 30217 I auditd : type=1400 audit(0.0:11866): avc: granted { execute } for comm="startliveio" path="/data/user/0/com.ss.android.ugc.aweme/files/plugins/com.ss.android.live.pullstreamso/version-254109705/lib/libttquic.so" dev="dm-21" ino=314200 scontext=u:r:untrusted_app_29:s0:c104,c256,c512,c768 tcontext=u:object_r:app_data_file:s0:c104,c256,c512,c768 tclass=file app=com.ss.android.ugc.aweme
06-28 10:18:28.374 1603 1931 I netstats_mobile_sample: [0,0,0,0,0,0,0,0,0,0,0,0,1687918708374]
06-28 10:18:28.375 1603 1931 I netstats_wifi_sample: [236358506,191059,16138562,97714,236358506,191059,16138562,97714,246437975,206811,13376850,92107,1687918708374]
06-28 10:18:29.261 30625 30625 I auditd : type=1400 audit(0.0:11870): avc: denied { bind } for comm="ip" scontext=u:r:untrusted_app:s0:c127,c256,c512,c768 tcontext=u:r:untrusted_app:s0:c127,c256,c512,c768 tclass=netlink_route_socket permissive=0 bug=b/155595000
06-28 10:18:29.281 30626 30626 I auditd : type=1400 audit(0.0:11871): avc: denied { bind } for comm="ip" scontext=u:r:untrusted_app:s0:c127,c256,c512,c768 tcontext=u:r:untrusted_app:s0:c127,c256,c512,c768 tclass=netlink_route_socket permissive=0 bug=b/155595000
06-28 10:18:29.301 30627 30627 I auditd : type=1400 audit(0.0:11872): avc: denied { bind } for comm="ip" scontext=u:r:untrusted_app:s0:c127,c256,c512,c768 tcontext=u:r:untrusted_app:s0:c127,c256,c512,c768 tclass=netlink_route_socket permissive=0 bug=b/155595000 app=com.zhihu.android
06-28 10:18:29.417 30217 30291 I liblog : 138
06-28 10:18:29.429 30217 30291 I liblog : 146
06-28 10:18:30.207 2605 2605 I view_enqueue_input_event: [Motion - Cancel,com.android.launcher3/com.android.launcher3.uioverrides.QuickstepLauncher]
06-28 10:18:30.219 1603 1889 I input_interaction: Interaction with: edge-swipe (server), swipe-up (server), PointerEventDispatcher0 (server),
06-28 10:18:30.350 1603 1878 I commit_sys_config_file: [settings-1-0,6]
06-28 10:18:30.902 1603 1878 I commit_sys_config_file: [settings-1-0,5]
06-28 10:18:31.183 1603 1889 I input_interaction: Interaction with: 3675f2c com.android.launcher3/com.android.launcher3.uioverrides.QuickstepLauncher (server), 287fe67 com.android.systemui.ImageWallpaper (server), edge-swipe (server), swipe-up (server), PointerEventDispatcher0 (server),
06-28 10:18:32.661 1603 7198 I wm_task_created: [24841,-1]
06-28 10:18:32.665 1603 7198 I wm_task_moved: [24841,1,6]
06-28 10:18:32.665 1603 7198 I wm_task_to_front: [0,24841]
06-28 10:18:32.665 1603 7198 I wm_create_task: [0,24841]
06-28 10:18:32.665 1603 7198 I wm_create_activity: [0,81770798,24841,com.ss.android.ugc.aweme/.splash.SplashActivity,android.intent.action.MAIN,NULL,NULL,270532608]
06-28 10:18:32.665 1603 7198 I wm_task_moved: [24841,1,6]
06-28 10:18:32.666 1603 7198 I wm_restart_activity: [0,81770798,24841,com.ss.android.ugc.aweme/.splash.SplashActivity]
06-28 10:18:32.667 1603 7198 I wm_set_resumed_activity: [0,com.ss.android.ugc.aweme/.splash.SplashActivity,minimalResumeActivityLocked]
06-28 10:18:32.669 1603 1709 I am_uid_active: 10104
06-28 10:18:32.670 1603 1709 I am_kill : [0,29225,com.ss.android.ugc.aweme.lite,905,empty #2]
06-28 10:18:32.670 2605 2605 I wm_on_top_resumed_lost_called: [263032627,com.android.launcher3.uioverrides.QuickstepLauncher,topStateChangedWhenResumed]
06-28 10:18:32.729 30217 30217 I wm_on_create_called: [81770798,com.ss.android.ugc.aweme.splash.SplashActivity,performCreate]
06-28 10:18:32.740 30217 30217 I wm_on_start_called: [81770798,com.ss.android.ugc.aweme.splash.SplashActivity,handleStartActivity]
06-28 10:18:32.744 30217 30217 I wm_on_resume_called: [81770798,com.ss.android.ugc.aweme.splash.SplashActivity,RESUME_ACTIVITY]
06-28 10:18:32.833 1603 1711 I input_focus: [Focus request f6e92bc com.ss.android.ugc.aweme/com.ss.android.ugc.aweme.splash.SplashActivity,reason=UpdateInputWindows]
06-28 10:18:32.857 30217 30217 I wm_on_top_resumed_gained_called: [81770798,com.ss.android.ugc.aweme.splash.SplashActivity,topStateChangedWhenResumed]
06-28 10:18:32.864 1603 1706 I sysui_multi_action: [319,202,322,201,325,587,757,761,758,8,759,2,806,com.ss.android.ugc.aweme,871,com.ss.android.ugc.aweme.splash.SplashActivity,904,com.android.launcher3,905,0,1320,8,1321,5]
06-28 10:18:32.865 1603 1889 I input_focus: [Focus leaving 3675f2c com.android.launcher3/com.android.launcher3.uioverrides.QuickstepLauncher (server),reason=setFocusedWindow]
06-28 10:18:32.865 1603 1889 I input_focus: [Focus entering f6e92bc com.ss.android.ugc.aweme/com.ss.android.ugc.aweme.splash.SplashActivity (server),reason=setFocusedWindow]
06-28 10:18:32.866 1603 1706 I wm_activity_launch_time: [0,81770798,com.ss.android.ugc.aweme/.splash.SplashActivity,201]
06-28 10:18:32.882 1603 7198 I am_proc_died: [0,29225,com.ss.android.ugc.aweme.lite,905,19]
06-28 10:18:32.882 1603 7198 I am_uid_stopped: 10113
06-28 10:18:32.883 1603 7198 I am_kill : [0,25853,com.thundercomm.gamemode.provider,925,empty #2]
06-28 10:18:32.945 1603 1861 I am_proc_died: [0,25853,com.thundercomm.gamemode.provider,925,19]
06-28 10:18:32.945 1603 1861 I am_uid_stopped: 10064
06-28 10:18:33.340 534 534 I auditd : avc: denied { find } for pid=31033 uid=10104 name=window scontext=u:r:untrusted_app_29:s0:c104,c256,c512,c768 tcontext=u:object_r:window_service:s0 tclass=service_manager permissive=0
06-28 10:18:33.345 2605 2605 I view_enqueue_input_event: [Motion - Cancel,com.android.launcher3/com.android.launcher3.uioverrides.QuickstepLauncher]
06-28 10:18:33.365 30217 30217 I auditd : type=1400 audit(0.0:11873): avc: granted { nlmsg_readpriv } for comm="Thread-767" scontext=u:r:untrusted_app_29:s0:c104,c256,c512,c768 tcontext=u:r:untrusted_app_29:s0:c104,c256,c512,c768 tclass=netlink_route_socket app=com.ss.android.ugc.aweme
06-28 10:18:33.365 30217 30217 I auditd : type=1400 audit(0.0:11874): avc: granted { nlmsg_readpriv } for comm="Thread-767" scontext=u:r:untrusted_app_29:s0:c104,c256,c512,c768 tcontext=u:r:untrusted_app_29:s0:c104,c256,c512,c768 tclass=netlink_route_socket app=com.ss.android.ugc.aweme
06-28 10:18:33.371 1603 1889 I input_interaction: Interaction with: edge-swipe (server), swipe-up (server), PointerEventDispatcher0 (server),
06-28 10:18:33.380 534 534 I auditd : avc: denied { find } for pid=31046 uid=10104 name=window scontext=u:r:untrusted_app_29:s0:c104,c256,c512,c768 tcontext=u:object_r:window_service:s0 tclass=service_manager permissive=0
06-28 10:18:33.385 31050 31050 I auditd : type=1400 audit(0.0:11875): avc: denied { read } for comm="ps" name="pid_max" dev="proc" ino=434840 scontext=u:r:untrusted_app_29:s0:c104,c256,c512,c768 tcontext=u:object_r:proc_pid_max:s0 tclass=file permissive=0 app=com.ss.android.ugc.aweme
06-28 10:18:33.393 31053 31053 I auditd : type=1400 audit(0.0:11876): avc: denied { read } for comm="ps" name="pid_max" dev="proc" ino=434840 scontext=u:r:untrusted_app_29:s0:c104,c256,c512,c768 tcontext=u:object_r:proc_pid_max:s0 tclass=file permissive=0 app=com.ss.android.ugc.aweme
06-28 10:18:33.397 30217 30217 I auditd : type=1400 audit(0.0:11877): avc: denied { read } for comm="Thread-767" name="u:object_r:oem_unlock_prop:s0" dev="tmpfs" ino=12593 scontext=u:r:untrusted_app_29:s0:c104,c256,c512,c768 tcontext=u:object_r:oem_unlock_prop:s0 tclass=file permissive=0 app=com.ss.android.ugc.aweme
06-28 10:18:33.532 1603 1878 I commit_sys_config_file: [settings-1-0,1]
06-28 10:18:33.982 1603 1878 I commit_sys_config_file: [settings-1-0,3]
06-28 10:18:34.053 30217 30217 I auditd : type=1400 audit(0.0:11878): avc: granted { execute } for comm="#tp-default-704" path="/data/user/0/com.ss.android.ugc.aweme/files/plugins/m.l.c.p/version-254090120/lib/libcommand-patterns.so" dev="dm-21" ino=315274 scontext=u:r:untrusted_app_29:s0:c104,c256,c512,c768 tcontext=u:object_r:app_data_file:s0:c104,c256,c512,c768 tclass=file app=com.ss.android.ugc.aweme
06-28 10:18:34.081 30217 30217 I auditd : type=1400 audit(0.0:11879): avc: denied { search } for comm="Thread-767" name="input" dev="tmpfs" ino=13367 scontext=u:r:untrusted_app_29:s0:c104,c256,c512,c768 tcontext=u:object_r:input_device:s0 tclass=dir permissive=0 app=com.ss.android.ugc.aweme
06-28 10:18:34.097 1603 15774 I wm_task_created: [24842,-1]
06-28 10:18:34.099 1603 15774 I wm_task_created: [24843,-1]
06-28 10:18:34.099 1603 15774 I wm_task_moved: [24843,0,-2147483648]
06-28 10:18:34.100 1603 15774 I wm_create_task: [0,24843]
06-28 10:18:34.100 1603 15774 I wm_create_activity: [0,101528666,24843,com.android.launcher3/com.android.quickstep.RecentsActivity,NULL,NULL,NULL,276889600]
06-28 10:18:34.101 1603 15774 I wm_task_moved: [24842,0,0]
06-28 10:18:34.101 1603 15774 I wm_task_moved: [24842,0,5]
06-28 10:18:34.103 1603 15774 I wm_restart_activity: [0,101528666,24843,com.android.launcher3/com.android.quickstep.RecentsActivity]
06-28 10:18:34.128 1603 5445 I wm_task_moved: [24842,1,7]
06-28 10:18:34.128 1603 5445 I wm_focused_root_task: [0,0,24842,24841,RecentsAnimation.onAnimationFinished()]
06-28 10:18:34.129 1603 5445 I wm_pause_activity: [0,263032627,com.android.launcher3/.uioverrides.QuickstepLauncher,userLeaving=false,pauseBackTasks]
06-28 10:18:34.131 1603 5445 I wm_set_resumed_activity: [0,com.android.launcher3/com.android.quickstep.RecentsActivity,resumeTopActivityInnerLocked]
06-28 10:18:34.131 1603 5445 I wm_resume_activity: [0,101528666,24843,com.android.launcher3/com.android.quickstep.RecentsActivity]
06-28 10:18:34.132 1603 5445 I wm_add_to_stopping: [0,81770798,com.ss.android.ugc.aweme/.splash.SplashActivity,makeInvisible]
06-28 10:18:34.135 1603 14105 I wm_finish_activity: [0,101528666,24843,com.android.launcher3/com.android.quickstep.RecentsActivity,app-request]
06-28 10:18:34.135 1603 14105 I wm_task_moved: [24841,1,7]
06-28 10:18:34.136 1603 14105 I wm_set_resumed_activity: [0,com.ss.android.ugc.aweme/.splash.SplashActivity,positionChildAt]
06-28 10:18:34.136 1603 14105 I wm_focused_root_task: [0,0,24841,24842,finish-top adjustFocusToNextFocusableTask]
06-28 10:18:34.136 1603 14105 I wm_set_resumed_activity: [0,com.ss.android.ugc.aweme/.splash.SplashActivity,finish-top]
06-28 10:18:34.136 1603 14105 I wm_pause_activity: [0,101528666,com.android.launcher3/com.android.quickstep.RecentsActivity,userLeaving=false,finish]
06-28 10:18:34.139 2605 2605 I wm_on_create_called: [101528666,com.android.quickstep.RecentsActivity,performCreate]
06-28 10:18:34.139 1603 1709 I sysui_multi_action: [757,803,799,window_time_0,802,22]
06-28 10:18:34.142 2605 2605 I wm_on_paused_called: [263032627,com.android.launcher3.uioverrides.QuickstepLauncher,performPause]
06-28 10:18:34.145 1603 5445 I wm_add_to_stopping: [0,101528666,com.android.launcher3/com.android.quickstep.RecentsActivity,completeFinishing]
06-28 10:18:34.151 1603 1889 I input_focus: [Focus leaving f6e92bc com.ss.android.ugc.aweme/com.ss.android.ugc.aweme.splash.SplashActivity (server),reason=NO_WINDOW]
06-28 10:18:34.153 1603 5445 I wm_resume_activity: [0,263032627,24822,com.android.launcher3/.uioverrides.QuickstepLauncher]
06-28 10:18:34.164 1603 1709 I sysui_multi_action: [757,803,799,window_time_2,802,0]
06-28 10:18:34.165 2605 2605 I wm_on_resume_called: [263032627,com.android.launcher3.uioverrides.QuickstepLauncher,RESUME_ACTIVITY]
06-28 10:18:34.167 1603 1709 I sysui_multi_action: [757,1144,758,8,806,com.android.launcher3,871,com.android.quickstep.RecentsActivity]
06-28 10:18:34.169 1603 1709 I wm_destroy_activity: [0,101528666,24843,com.android.launcher3/com.android.quickstep.RecentsActivity,finish-imm:idle]
06-28 10:18:34.170 1603 1709 I sysui_multi_action: [757,1144,758,8,806,com.android.launcher3,871,com.android.quickstep.RecentsActivity]
06-28 10:18:34.170 1603 1709 I sysui_multi_action: [757,803,799,window_time_2,802,0]
06-28 10:18:34.171 1603 1709 I am_uid_running: 10113
06-28 10:18:34.172 2605 2605 I wm_on_destroy_called: [101528666,com.android.quickstep.RecentsActivity,performDestroy]
06-28 10:18:34.174 1603 5445 I wm_task_removed: [24843,cleanUpResourcesForDestroy]
06-28 10:18:34.174 1603 5445 I wm_task_removed: [24842,removeChild:removeChild last r=Task{12ee68b #24843 type=recents I=com.android.launcher3/com.android.quickstep.RecentsActivity U=0 visible=false mode=fullscreen translucent=true sz=0 visible freeform task=true rootAffinity=null isMini=false} in t=Task{7cee1b9 #24842 type=recents ?? U=0 visible=false mode=fullscreen translucent=true sz=0 visible freeform task=true rootAffinity=null isMini=false}]
06-28 10:18:34.174 1603 5445 I wm_task_removed: [24842,removeChild]
06-28 10:18:34.174 1603 5445 I wm_task_removed: [24843,removeChild:removeChild last r=ActivityRecord{60d345a u0 com.android.launcher3/com.android.quickstep.RecentsActivity taskAffinity=null t-1 f}} in t=Task{12ee68b #24843 type=recents I=com.android.launcher3/com.android.quickstep.RecentsActivity U=0 visible=false mode=fullscreen translucent=true sz=0 visible freeform task=true rootAffinity=null isMini=false}]
06-28 10:18:34.174 1603 5445 I wm_task_removed: [24843,removeChild]
06-28 10:18:34.176 30217 30217 I wm_on_top_resumed_lost_called: [81770798,com.ss.android.ugc.aweme.splash.SplashActivity,topStateChangedWhenResumed]
06-28 10:18:34.185 30217 30217 I wm_on_top_resumed_gained_called: [81770798,com.ss.android.ugc.aweme.splash.SplashActivity,topStateChangedWhenResumed]
06-28 10:18:34.185 1603 1722 I am_proc_start: [0,31100,10127,com.zhihu.android,NULL,]
06-28 10:18:34.191 1603 1722 I am_proc_start: [0,31101,10113,com.ss.android.ugc.aweme.lite,NULL,]
06-28 10:18:34.212 1603 12364 I am_proc_bound: [0,31100,com.zhihu.android]
06-28 10:18:34.223 1603 14971 I am_proc_bound: [0,31101,com.ss.android.ugc.aweme.lite]
06-28 10:18:34.401 1603 1709 I wm_stop_activity: [0,81770798,com.ss.android.ugc.aweme/.splash.SplashActivity]
06-28 10:18:34.402 1603 1709 I am_kill : [0,31100,com.zhihu.android,915,empty #2]
06-28 10:18:34.402 1603 1709 I am_kill : [0,30177,com.zhihu.android:channel,925,empty #3]
06-28 10:18:34.425 30217 30217 I wm_on_top_resumed_lost_called: [81770798,com.ss.android.ugc.aweme.splash.SplashActivity,topStateChangedWhenResumed]
06-28 10:18:34.432 30217 30217 I wm_on_paused_called: [81770798,com.ss.android.ugc.aweme.splash.SplashActivity,performPause]
06-28 10:18:34.448 30217 30217 I wm_on_stop_called: [81770798,com.ss.android.ugc.aweme.splash.SplashActivity,STOP_ACTIVITY_ITEM]
06-28 10:18:34.494 1603 4568 I am_proc_died: [0,31100,com.zhihu.android,915,19]
06-28 10:18:34.510 1603 14105 I am_proc_died: [0,30177,com.zhihu.android:channel,925,19]
06-28 10:18:34.510 1603 14105 I am_uid_stopped: 10127
06-28 10:18:34.641 30217 30217 I auditd : type=1400 audit(0.0:11885): avc: denied { read } for comm="Thread-767" name="u:object_r:oem_unlock_prop:s0" dev="tmpfs" ino=12593 scontext=u:r:untrusted_app_29:s0:c104,c256,c512,c768 tcontext=u:object_r:oem_unlock_prop:s0 tclass=file permissive=0 app=com.ss.android.ugc.aweme
06-28 10:18:34.657 30217 30217 I auditd : type=1400 audit(0.0:11886): avc: denied { search } for comm="Thread-767" name="input" dev="tmpfs" ino=13367 scontext=u:r:untrusted_app_29:s0:c104,c256,c512,c768 tcontext=u:object_r:input_device:s0 tclass=dir permissive=0 app=com.ss.android.ugc.aweme
06-28 10:18:34.665 31237 31237 I auditd : type=1400 audit(0.0:11887): avc: granted { bind } for comm="ip" scontext=u:r:untrusted_app_29:s0:c104,c256,c512,c768 tcontext=u:r:untrusted_app_29:s0:c104,c256,c512,c768 tclass=netlink_route_socket app=com.ss.android.ugc.aweme
06-28 10:18:34.673 1603 1889 I input_interaction: Interaction with: 3675f2c com.android.launcher3/com.android.launcher3.uioverrides.QuickstepLauncher (server), 287fe67 com.android.systemui.ImageWallpaper (server), edge-swipe (server), swipe-up (server), PointerEventDispatcher0 (server),
06-28 10:18:34.675 1603 1709 I wm_task_moved: [1,1,6]
06-28 10:18:34.669 31238 31238 I auditd : type=1400 audit(0.0:11888): avc: granted { bind } for comm="ip" scontext=u:r:untrusted_app_29:s0:c104,c256,c512,c768 tcontext=u:r:untrusted_app_29:s0:c104,c256,c512,c768 tclass=netlink_route_socket app=com.ss.android.ugc.aweme
06-28 10:18:34.669 31238 31238 I auditd : type=1400 audit(0.0:11889): avc: granted { nlmsg_readpriv } for comm="ip" scontext=u:r:untrusted_app_29:s0:c104,c256,c512,c768 tcontext=u:r:untrusted_app_29:s0:c104,c256,c512,c768 tclass=netlink_route_socket app=com.ss.android.ugc.aweme
06-28 10:18:34.676 1603 1709 I wm_set_resumed_activity: [0,com.android.launcher3/.uioverrides.QuickstepLauncher,positionChildAt]
06-28 10:18:34.676 1603 1709 I wm_task_moved: [24822,1,2147483647]
06-28 10:18:34.676 1603 1709 I wm_task_to_front: [0,24822]
06-28 10:18:34.676 1603 1709 I wm_focused_root_task: [0,0,1,24841,setFocusedTask]
06-28 10:18:34.676 1603 1709 I wm_set_resumed_activity: [0,com.android.launcher3/.uioverrides.QuickstepLauncher,setFocusedTask]
06-28 10:18:34.676 1603 1711 I input_focus: [Focus request 3675f2c com.android.launcher3/com.android.launcher3.uioverrides.QuickstepLauncher,reason=UpdateInputWindows]
06-28 10:18:34.676 2605 2605 I wm_on_top_resumed_gained_called: [263032627,com.android.launcher3.uioverrides.QuickstepLauncher,topStateChangedWhenResumed]
06-28 10:18:34.702 1603 1889 I input_focus: [Focus entering 3675f2c com.android.launcher3/com.android.launcher3.uioverrides.QuickstepLauncher (server),reason=setFocusedWindow]
06-28 10:18:35.448 1603 1931 I netstats_mobile_sample: [0,0,0,0,0,0,0,0,0,0,0,0,1687918715448]
06-28 10:18:35.449 1603 1931 I netstats_wifi_sample: [241241547,194903,16441139,99595,241241547,194903,16441139,99595,251557853,211251,13628365,93873,1687918715448]
06-28 10:18:35.453 1603 9021 I wm_finish_activity: [0,81770798,24841,com.ss.android.ugc.aweme/.splash.SplashActivity,remove-task]
06-28 10:18:35.453 1603 9021 I wm_destroy_activity: [0,81770798,24841,com.ss.android.ugc.aweme/.splash.SplashActivity,finish-imm:finishIfPossible]
06-28 10:18:35.456 1603 1709 I am_kill : [0,30217,com.ss.android.ugc.aweme,250,remove task]
06-28 10:18:35.457 1603 1709 I sysui_multi_action: [757,803,799,window_time_2,802,2]
06-28 10:18:35.616 1603 12364 I am_proc_died: [0,30217,com.ss.android.ugc.aweme,250,8]
06-28 10:18:35.617 1603 12364 I am_schedule_service_restart: [0,com.ss.android.ugc.aweme/com.umeng.message.UmengMessageCallbackHandlerService,1000]
06-28 10:18:35.617 1603 12364 I am_uid_stopped: 10104
06-28 10:18:35.618 1603 12364 I wm_task_removed: [24841,removeChild:removeChild last r=ActivityRecord{4dfb92e u0 com.ss.android.ugc.aweme/.splash.SplashActivity taskAffinity=10104:com.ss.android.ugc.aweme t-1 f}} in t=Task{5420ccf #24841 type=standard A=10104:com.ss.android.ugc.aweme U=0 visible=false mode=freeform translucent=true sz=0 visible freeform task=false rootAffinity=10104:com.ss.android.ugc.aweme isMini=false}]
06-28 10:18:35.618 1603 12364 I wm_task_removed: [24841,removeChild]
06-28 10:18:35.621 1603 1709 I am_uid_running: 10127
06-28 10:18:35.622 1603 1992 I sync : [com.tencent.android.qqdownloader.YYBLiveAccountProvider,0,3,24220937]
06-28 10:18:35.626 1603 1722 I am_proc_start: [0,31372,10127,com.zhihu.android,NULL,]
06-28 10:18:35.632 1603 1992 I sync : [com.tencent.android.qqdownloader.YYBLiveAccountProvider,1,3,24220937]
06-28 10:18:35.634 1603 1992 I commit_sys_config_file: [sync-status,529600]
06-28 10:18:35.638 1603 12364 I am_proc_bound: [0,31372,com.zhihu.android]
06-28 10:18:35.638 1603 1992 I sync : [com.tencent.android.qqdownloader.YYBLiveAccountProvider,0,3,24220937]
06-28 10:18:35.642 1603 1992 I am_kill : [0,31101,com.ss.android.ugc.aweme.lite,905,empty #2]
06-28 10:18:35.650 1603 1992 I sync : [com.tencent.android.qqdownloader.YYBLiveAccountProvider,1,3,24220937]
06-28 10:18:35.651 1603 1992 I commit_sys_config_file: [sync-status,529616]
06-28 10:18:35.767 1603 12364 I am_proc_died: [0,31101,com.ss.android.ugc.aweme.lite,905,19]
06-28 10:18:35.767 1603 12364 I am_uid_stopped: 10113
06-28 10:18:35.958 1603 1720 I sysui_multi_action: [757,1717,758,1,759,0]
06-28 10:18:35.958 1603 1720 I sysui_multi_action: [757,1717,758,2,759,0]
06-28 10:18:35.958 1603 1720 I sysui_multi_action: [757,1717,758,3,759,0]
06-28 10:18:36.129 31512 31512 I auditd : type=1400 audit(0.0:11896): avc: denied { bind } for comm="ip" scontext=u:r:untrusted_app:s0:c127,c256,c512,c768 tcontext=u:r:untrusted_app:s0:c127,c256,c512,c768 tclass=netlink_route_socket permissive=0 bug=b/155595000 app=com.zhihu.android
06-28 10:18:36.189 31521 31521 I auditd : type=1400 audit(0.0:11897): avc: denied { bind } for comm="ip" scontext=u:r:untrusted_app:s0:c127,c256,c512,c768 tcontext=u:r:untrusted_app:s0:c127,c256,c512,c768 tclass=netlink_route_socket permissive=0 bug=b/155595000 app=com.zhihu.android
06-28 10:18:36.245 31531 31531 I auditd : type=1400 audit(0.0:11898): avc: denied { bind } for comm="ip" scontext=u:r:untrusted_app:s0:c127,c256,c512,c768 tcontext=u:r:untrusted_app:s0:c127,c256,c512,c768 tclass=netlink_route_socket permissive=0 bug=b/155595000 app=com.zhihu.android
06-28 10:18:36.273 31536 31536 I auditd : type=1400 audit(0.0:11899): avc: denied { read } for comm="ZIDThreadPoolEx" name="u:object_r:qemu_hw_prop:s0" dev="tmpfs" ino=12608 scontext=u:r:untrusted_app:s0:c127,c256,c512,c768 tcontext=u:object_r:qemu_hw_prop:s0 tclass=file permissive=0 app=com.zhihu.android
06-28 10:18:36.273 31536 31536 I auditd : type=1400 audit(0.0:11900): avc: denied { read } for comm="ZIDThreadPoolEx" name="u:object_r:qemu_sf_lcd_density_prop:s0" dev="tmpfs" ino=12609 scontext=u:r:untrusted_app:s0:c127,c256,c512,c768 tcontext=u:object_r:qemu_sf_lcd_density_prop:s0 tclass=file permissive=0 app=com.zhihu.android
06-28 10:18:37.641 1603 1708 I commit_sys_config_file: [jobs,5]
06-28 10:18:41.083 3131 3131 I sqlite_mem_released: 0
06-28 10:18:41.083 3131 3131 I force_gc: mem
06-28 10:18:46.086 3135 3135 I sqlite_mem_released: 0
06-28 10:18:46.087 3135 3135 I force_gc: mem
06-28 10:18:46.463 1603 1722 I am_proc_start: [0,31669,10127,com.zhihu.android:channel,service,{com.zhihu.android/com.taobao.accs.ChannelService}]
06-28 10:18:46.497 1603 2092 I am_proc_bound: [0,31669,com.zhihu.android:channel]
06-28 10:18:49.809 31750 31750 I auditd : type=1400 audit(0.0:11903): avc: denied { bind } for comm="ip" scontext=u:r:untrusted_app:s0:c127,c256,c512,c768 tcontext=u:r:untrusted_app:s0:c127,c256,c512,c768 tclass=netlink_route_socket permissive=0 bug=b/155595000 app=com.zhihu.android
06-28 10:18:49.829 31751 31751 I auditd : type=1400 audit(0.0:11904): avc: denied { bind } for comm="ip" scontext=u:r:untrusted_app:s0:c127,c256,c512,c768 tcontext=u:r:untrusted_app:s0:c127,c256,c512,c768 tclass=netlink_route_socket permissive=0 bug=b/155595000 app=com.zhihu.android
06-28 10:18:49.845 31752 31752 I auditd : type=1400 audit(0.0:11905): avc: denied { bind } for comm="ip" scontext=u:r:untrusted_app:s0:c127,c256,c512,c768 tcontext=u:r:untrusted_app:s0:c127,c256,c512,c768 tclass=netlink_route_socket permissive=0 bug=b/155595000 app=com.zhihu.android
06-28 10:18:51.748 3167 3167 I sqlite_mem_released: 0
06-28 10:18:51.749 3167 3167 I force_gc: mem
06-28 10:18:53.482 1603 6928 I wm_task_created: [24844,-1]
06-28 10:18:53.486 1603 6928 I wm_task_moved: [24844,1,6]
06-28 10:18:53.486 1603 6928 I wm_task_to_front: [0,24844]
06-28 10:18:53.486 1603 6928 I wm_create_task: [0,24844]
06-28 10:18:53.486 1603 6928 I wm_create_activity: [0,108430952,24844,com.smile.gifmaker/com.yxcorp.gifshow.HomeActivity,android.intent.action.MAIN,NULL,NULL,270532608]
06-28 10:18:53.486 1603 6928 I wm_task_moved: [24844,1,6]
06-28 10:18:53.488 1603 6928 I wm_pause_activity: [0,263032627,com.android.launcher3/.uioverrides.QuickstepLauncher,userLeaving=true,pauseBackTasks]
06-28 10:18:53.494 2605 2605 I wm_on_top_resumed_lost_called: [263032627,com.android.launcher3.uioverrides.QuickstepLauncher,topStateChangedWhenResumed]
06-28 10:18:53.494 1603 1709 I am_uid_running: 10103
06-28 10:18:53.494 2605 2605 I wm_on_paused_called: [263032627,com.android.launcher3.uioverrides.QuickstepLauncher,performPause]
06-28 10:18:53.496 1603 2092 I wm_add_to_stopping: [0,263032627,com.android.launcher3/.uioverrides.QuickstepLauncher,makeInvisible]
06-28 10:18:53.498 1603 1709 I sysui_multi_action: [757,803,799,window_time_0,802,18]
06-28 10:18:53.499 1603 1709 I am_kill : [0,31372,com.zhihu.android,915,empty #2]
06-28 10:18:53.500 1603 1722 I am_proc_start: [0,31776,10103,com.smile.gifmaker,pre-top-activity,{com.smile.gifmaker/com.yxcorp.gifshow.HomeActivity}]
06-28 10:18:53.512 1603 1720 I am_pss : [2605,10075,com.android.launcher3,134330368,124682240,43008,250712064,0,2,11]
06-28 10:18:53.514 1603 1889 I input_focus: [Focus leaving 3675f2c com.android.launcher3/com.android.launcher3.uioverrides.QuickstepLauncher (server),reason=NO_WINDOW]
06-28 10:18:53.514 1603 6928 I am_proc_bound: [0,31776,com.smile.gifmaker]
06-28 10:18:53.518 1603 6928 I wm_restart_activity: [0,108430952,24844,com.smile.gifmaker/com.yxcorp.gifshow.HomeActivity]
06-28 10:18:53.519 1603 6928 I wm_set_resumed_activity: [0,com.smile.gifmaker/com.yxcorp.gifshow.HomeActivity,minimalResumeActivityLocked]
06-28 10:18:53.522 1603 1709 I am_uid_active: 10103
06-28 10:18:53.524 1603 1720 I am_pss : [27573,10101,com.tencent.ilink.ServiceProcess,74654720,61284352,44032,201555968,0,4,10]
06-28 10:18:53.529 1603 1861 I am_uid_running: 10064
06-28 10:18:53.539 1603 1722 I am_proc_start: [0,31793,10064,com.thundercomm.gamemode.provider,content provider,{com.thundercomm.gamemode.provider/com.thundercomm.gamemode.provider.SettingsProvider}]
06-28 10:18:53.567 1603 2092 I am_proc_bound: [0,31793,com.thundercomm.gamemode.provider]
06-28 10:18:53.572 1603 2092 I am_uid_active: 10064
06-28 10:18:53.574 1603 6928 I am_proc_died: [0,31372,com.zhihu.android,915,19]
06-28 10:18:53.817 31776 31776 I wm_on_create_called: [108430952,com.yxcorp.gifshow.HomeActivity,performCreate]
06-28 10:18:53.859 31776 31776 I wm_on_start_called: [108430952,com.yxcorp.gifshow.HomeActivity,handleStartActivity]
06-28 10:18:53.877 31776 31776 I auditd : type=1400 audit(0.0:11906): avc: granted { execute } for comm="TKExecutor-->tk" path="/data/user/0/com.smile.gifmaker/app_DvaPlugin/mini_j2v8_group/-405878062/so/libkwai-v8.so" dev="dm-21" ino=502299 scontext=u:r:untrusted_app_29:s0:c103,c256,c512,c768 tcontext=u:object_r:app_data_file:s0:c103,c256,c512,c768 tclass=file app=com.smile.gifmaker
06-28 10:18:53.886 31776 31776 I wm_on_resume_called: [108430952,com.yxcorp.gifshow.HomeActivity,RESUME_ACTIVITY]
06-28 10:18:53.885 31938 31938 I auditd : type=1400 audit(0.0:11907): avc: granted { bind } for comm="ip" scontext=u:r:untrusted_app_29:s0:c103,c256,c512,c768 tcontext=u:r:untrusted_app_29:s0:c103,c256,c512,c768 tclass=netlink_route_socket app=com.smile.gifmaker
06-28 10:18:53.885 31938 31938 I auditd : type=1400 audit(0.0:11908): avc: granted { nlmsg_readpriv } for comm="ip" scontext=u:r:untrusted_app_29:s0:c103,c256,c512,c768 tcontext=u:r:untrusted_app_29:s0:c103,c256,c512,c768 tclass=netlink_route_socket app=com.smile.gifmaker
06-28 10:18:53.889 31776 31776 I auditd : type=1400 audit(0.0:11909): avc: granted { execute } for comm="TKExecutor-->tk" path="/data/user/0/com.smile.gifmaker/app_DvaPlugin/mini_j2v8_group/-405878062/so/libtk_runtime_v0_0_59.so" dev="dm-21" ino=501869 scontext=u:r:untrusted_app_29:s0:c103,c256,c512,c768 tcontext=u:object_r:app_data_file:s0:c103,c256,c512,c768 tclass=file app=com.smile.gifmaker
06-28 10:18:53.899 31776 31776 I wm_on_top_resumed_gained_called: [108430952,com.yxcorp.gifshow.HomeActivity,topStateChangedWhenResumed]
06-28 10:18:53.953 31776 31776 I auditd : type=1400 audit(0.0:11910): avc: denied { getattr } for comm="init-bg-pool-1-" path="/proc/fb" dev="proc" ino=4026531990 scontext=u:r:untrusted_app_29:s0:c103,c256,c512,c768 tcontext=u:object_r:proc:s0 tclass=file permissive=0 app=com.smile.gifmaker
06-28 10:18:53.953 31776 31776 I auditd : type=1400 audit(0.0:11911): avc: denied { getattr } for comm="init-bg-pool-1-" path="/proc/keys" dev="proc" ino=4026532299 scontext=u:r:untrusted_app_29:s0:c103,c256,c512,c768 tcontext=u:object_r:proc_keys:s0 tclass=file permissive=0 app=com.smile.gifmaker
06-28 10:18:53.953 31776 31776 I auditd : type=1400 audit(0.0:11912): avc: denied { getattr } for comm="init-bg-pool-1-" path="/proc/kmsg" dev="proc" ino=4026532249 scontext=u:r:untrusted_app_29:s0:c103,c256,c512,c768 tcontext=u:object_r:proc_kmsg:s0 tclass=file permissive=0 app=com.smile.gifmaker
06-28 10:18:54.046 1603 1711 I input_focus: [Focus request 3546fbe com.smile.gifmaker/com.yxcorp.gifshow.HomeActivity,reason=UpdateInputWindows]
06-28 10:18:54.183 1603 1889 I input_focus: [Focus entering 3546fbe com.smile.gifmaker/com.yxcorp.gifshow.HomeActivity (server),reason=Window became focusable. Previous reason: NOT_VISIBLE]
06-28 10:18:54.194 1603 1706 I sysui_multi_action: [319,103,321,100,322,725,325,608,757,761,758,7,759,1,806,com.smile.gifmaker,871,com.yxcorp.gifshow.HomeActivity,904,com.android.launcher3,905,0,945,63,1320,21,1321,5]
06-28 10:18:54.195 1603 1706 I wm_activity_launch_time: [0,108430952,com.smile.gifmaker/com.yxcorp.gifshow.HomeActivity,725]
06-28 10:18:54.241 1603 2536 I wm_stop_activity: [0,263032627,com.android.launcher3/.uioverrides.QuickstepLauncher]
06-28 10:18:54.244 2605 2605 I wm_on_stop_called: [263032627,com.android.launcher3.uioverrides.QuickstepLauncher,STOP_ACTIVITY_ITEM]
06-28 10:18:54.287 1603 1889 I input_interaction: Interaction with: 3546fbe com.smile.gifmaker/com.yxcorp.gifshow.HomeActivity (server), edge-swipe (server), swipe-up (server), PointerEventDispatcher0 (server),
06-28 10:18:54.291 1603 2536 I wm_task_moved: [1,0,0]
06-28 10:18:54.291 1603 2536 I wm_task_moved: [1,0,5]
06-28 10:18:54.301 2605 2605 I wm_on_restart_called: [263032627,com.android.launcher3.uioverrides.QuickstepLauncher,performRestartActivity]
06-28 10:18:54.330 2605 2605 I wm_on_start_called: [263032627,com.android.launcher3.uioverrides.QuickstepLauncher,handleStartActivity]
06-28 10:18:54.345 1603 1706 I sysui_multi_action: [319,2,322,47,325,608,757,761,758,9,759,5,806,com.android.launcher3,871,com.android.launcher3.uioverrides.QuickstepLauncher,905,0,1320,4,1321,1]
06-28 10:18:54.530 1603 1878 I commit_sys_config_file: [settings-1-0,1]
06-28 10:18:54.558 31776 31776 I view_enqueue_input_event: [Motion - Cancel,com.smile.gifmaker/com.yxcorp.gifshow.HomeActivity]
06-28 10:18:54.559 2605 2605 I sysui_latency: [1,48]
06-28 10:18:54.559 1603 1711 I input_focus: [Focus request recents_animation_input_consumer,reason=UpdateInputWindows]
06-28 10:18:54.567 1603 1889 I input_interaction: Interaction with: edge-swipe (server), swipe-up (server), PointerEventDispatcher0 (server),
06-28 10:18:54.583 1603 1889 I input_focus: [Focus leaving 3546fbe com.smile.gifmaker/com.yxcorp.gifshow.HomeActivity (server),reason=NOT_FOCUSABLE]
06-28 10:18:54.583 1603 1889 I input_focus: [Focus entering recents_animation_input_consumer (server),reason=setFocusedWindow]
06-28 10:18:54.640 1603 1720 I sysui_latency: [8,49]
06-28 10:18:55.097 1603 1931 I netstats_mobile_sample: [0,0,0,0,0,0,0,0,0,0,0,0,1687918735097]
06-28 10:18:55.097 1603 1931 I netstats_wifi_sample: [243886301,197766,17006277,102157,243886301,197766,17006277,102157,254757801,215521,14058217,96135,1687918735097]
06-28 10:18:55.538 1603 14582 I wm_task_moved: [1,1,6]
06-28 10:18:55.539 1603 14582 I wm_focused_root_task: [0,0,1,24844,RecentsAnimation.onAnimationFinished()]
06-28 10:18:55.542 1603 14582 I wm_pause_activity: [0,108430952,com.smile.gifmaker/com.yxcorp.gifshow.HomeActivity,userLeaving=false,pauseBackTasks]
06-28 10:18:55.544 1603 14582 I wm_set_resumed_activity: [0,com.android.launcher3/.uioverrides.QuickstepLauncher,resumeTopActivityInnerLocked]
06-28 10:18:55.546 1603 14582 I wm_resume_activity: [0,263032627,24822,com.android.launcher3/.uioverrides.QuickstepLauncher]
06-28 10:18:55.547 1603 14582 I wm_add_to_stopping: [0,108430952,com.smile.gifmaker/com.yxcorp.gifshow.HomeActivity,makeInvisible]
06-28 10:18:55.554 2605 2605 I wm_on_resume_called: [263032627,com.android.launcher3.uioverrides.QuickstepLauncher,RESUME_ACTIVITY]
06-28 10:18:55.564 1603 1711 I input_focus: [Focus request 3675f2c com.android.launcher3/com.android.launcher3.uioverrides.QuickstepLauncher,reason=UpdateInputWindows]
06-28 10:18:55.568 1603 1709 I sysui_multi_action: [757,803,799,window_time_0,802,2]
06-28 10:18:55.572 1603 1889 I input_focus: [Focus leaving recents_animation_input_consumer (server),reason=NOT_VISIBLE]
06-28 10:18:55.572 1603 1889 I input_focus: [Focus entering 3675f2c com.android.launcher3/com.android.launcher3.uioverrides.QuickstepLauncher (server),reason=setFocusedWindow]
06-28 10:18:55.576 1603 14105 I wm_stop_activity: [0,108430952,com.smile.gifmaker/com.yxcorp.gifshow.HomeActivity]
06-28 10:18:55.579 1603 1709 I am_uid_running: 10113
06-28 10:18:55.585 1603 1709 I sysui_multi_action: [757,803,799,window_time_0,802,0]
06-28 10:18:55.593 1603 1722 I am_proc_start: [0,32000,10127,com.zhihu.android,NULL,]
06-28 10:18:55.600 1603 1722 I am_proc_start: [0,32001,10113,com.ss.android.ugc.aweme.lite,NULL,]
06-28 10:18:55.617 1603 14105 I am_proc_bound: [0,32000,com.zhihu.android]
06-28 10:18:55.626 1603 14105 I am_proc_bound: [0,32001,com.ss.android.ugc.aweme.lite]
06-28 10:18:55.795 1603 1878 I commit_sys_config_file: [settings-1-0,3]
06-28 10:18:56.040 2605 2605 I wm_on_top_resumed_gained_called: [263032627,com.android.launcher3.uioverrides.QuickstepLauncher,topStateChangedWhenResumed]
06-28 10:18:56.302 1603 1889 I input_interaction: Interaction with: 3675f2c com.android.launcher3/com.android.launcher3.uioverrides.QuickstepLauncher (server), 287fe67 com.android.systemui.ImageWallpaper (server), edge-swipe (server), swipe-up (server), PointerEventDispatcher0 (server),
06-28 10:18:56.721 32254 32254 I auditd : type=1400 audit(0.0:11959): avc: denied { bind } for comm="ip" scontext=u:r:untrusted_app:s0:c127,c256,c512,c768 tcontext=u:r:untrusted_app:s0:c127,c256,c512,c768 tclass=netlink_route_socket permissive=0 bug=b/155595000 app=com.zhihu.android
06-28 10:18:56.775 1603 14105 I am_kill : [0,32000,com.zhihu.android,905,empty #2]
06-28 10:18:56.777 1603 14105 I am_kill : [0,31669,com.zhihu.android:channel,905,empty #3]
06-28 10:18:56.938 1603 14582 I wm_finish_activity: [0,108430952,24844,com.smile.gifmaker/com.yxcorp.gifshow.HomeActivity,recent-task-trimmed]
06-28 10:18:56.939 1603 14582 I wm_destroy_activity: [0,108430952,24844,com.smile.gifmaker/com.yxcorp.gifshow.HomeActivity,finish-imm:finishIfPossible]
06-28 10:18:56.943 1603 1709 I am_kill : [0,31776,com.smile.gifmaker,900,remove task]
06-28 10:18:56.945 1603 1709 I sysui_multi_action: [757,803,799,window_time_0,802,1]
06-28 10:18:56.997 1603 1931 I netstats_mobile_sample: [0,0,0,0,0,0,0,0,0,0,0,0,1687918736997]
06-28 10:18:56.997 1603 1931 I netstats_wifi_sample: [245944935,199253,17107095,103095,245944935,199253,17107095,103095,256862443,217080,14144161,97045,1687918736997]
06-28 10:18:57.124 1603 1603 I service_manager_stats: [100,56,39630]
06-28 10:18:57.157 32001 32001 I auditd : type=1400 audit(0.0:11960): avc: granted { nlmsg_readpriv } for comm="TTNet-AN-IO" scontext=u:r:untrusted_app_29:s0:c113,c256,c512,c768 tcontext=u:r:untrusted_app_29:s0:c113,c256,c512,c768 tclass=netlink_route_socket app=com.ss.android.ugc.aweme.lite
06-28 10:18:57.178 1603 14105 I am_proc_died: [0,32000,com.zhihu.android,905,19]
06-28 10:18:57.184 1603 1634 I am_proc_died: [0,31669,com.zhihu.android:channel,905,19]
06-28 10:18:57.185 1603 1634 I am_uid_stopped: 10127
06-28 10:18:57.189 32001 32001 I auditd : type=1400 audit(0.0:11961): avc: granted { execute } for comm="#GlobalProxyLan" path="/data/user/0/com.ss.android.ugc.aweme.lite/files/plugins/com.ss.android.ugc.aweme.videocache_v2/version-25909062/lib/libavmdlv2.so" dev="dm-21" ino=83754 scontext=u:r:untrusted_app_29:s0:c113,c256,c512,c768 tcontext=u:object_r:app_data_file:s0:c113,c256,c512,c768 tclass=file app=com.ss.android.ugc.aweme.lite
06-28 10:18:57.301 32001 32001 I auditd : type=1400 audit(0.0:11962): avc: granted { execute } for comm="#tp-default-44" path="/data/user/0/com.ss.android.ugc.aweme.lite/files/plugins/com.ss.android.ugc.aweme.v8/version-258090010/lib/libv8_libfull.cr.so" dev="dm-21" ino=336566 scontext=u:r:untrusted_app_29:s0:c113,c256,c512,c768 tcontext=u:object_r:app_data_file:s0:c113,c256,c512,c768 tclass=file app=com.ss.android.ugc.aweme.lite
06-28 10:18:57.317 32001 32001 I auditd : type=1400 audit(0.0:11963): avc: granted { execute } for comm="#tp-default-44" path="/data/user/0/com.ss.android.ugc.aweme.lite/files/plugins/com.ss.android.ugc.aweme.vmsdk_plugin/version-258090010/lib/libnapi_v8.so" dev="dm-21" ino=336498 scontext=u:r:untrusted_app_29:s0:c113,c256,c512,c768 tcontext=u:object_r:app_data_file:s0:c113,c256,c512,c768 tclass=file app=com.ss.android.ugc.aweme.lite
06-28 10:18:57.344 1603 11911 I netstats_mobile_sample: [0,0,0,0,0,0,0,0,0,0,0,0,1687918737344]
06-28 10:18:57.347 1603 11911 I netstats_wifi_sample: [245954447,199274,17113486,103112,245954447,199274,17113486,103112,256871955,217101,14147783,97056,1687918737344]
06-28 10:18:57.434 1603 1634 I am_proc_died: [0,31776,com.smile.gifmaker,900,18]
06-28 10:18:57.438 1603 1634 I am_uid_stopped: 10103
06-28 10:18:57.443 1603 1634 I wm_task_removed: [24844,removeChild:removeChild last r=ActivityRecord{6768668 u0 com.smile.gifmaker/com.yxcorp.gifshow.HomeActivity taskAffinity=10103:com.smile.gifmaker t-1 f}} in t=Task{44d8f67 #24844 type=standard A=10103:com.smile.gifmaker U=0 visible=false mode=fullscreen translucent=true sz=0 visible freeform task=true rootAffinity=10103:com.smile.gifmaker isMini=false}]
06-28 10:18:57.443 1603 1634 I wm_task_removed: [24844,removeChild]
06-28 10:18:57.447 1603 1603 I am_uid_running: 10103
06-28 10:18:57.449 1603 1603 I am_uid_running: 10104
06-28 10:18:57.451 1603 1709 I am_uid_running: 10127
06-28 10:18:57.452 1603 1722 I am_proc_start: [0,32364,10103,com.smile.gifmaker,service,{com.smile.gifmaker/androidx.work.impl.background.systemjob.SystemJobService}]
06-28 10:18:57.459 1603 1722 I am_proc_start: [0,32365,10104,com.ss.android.ugc.aweme,service,{com.ss.android.ugc.aweme/com.ss.android.ugc.aweme.tools.policysecurity.OriginalSoundUploadService}]
06-28 10:18:57.466 1603 1722 I am_proc_start: [0,32372,10127,com.zhihu.android,NULL,]
06-28 10:18:57.472 1603 1634 I am_proc_bound: [0,32364,com.smile.gifmaker]
