06-28 01:18:08.854 1603 1722 I am_proc_start: [0,10120,1000,com.thundercomm.screensaver,service,{com.thundercomm.screensaver/com.thundercomm.screensaver.service.SystemDream}]
06-28 01:18:08.887 1603 6928 I am_proc_bound: [0,10120,com.thundercomm.screensaver]
06-28 01:18:08.969 1603 6020 I wm_task_created: [24823,-1]
06-28 01:18:08.974 1603 6020 I wm_task_moved: [24823,1,6]
06-28 01:18:08.974 1603 6020 I wm_task_to_front: [0,24823]
06-28 01:18:08.974 1603 6020 I wm_create_task: [0,24823]
06-28 01:18:08.974 1603 6020 I wm_create_activity: [0,8860953,24823,com.thundercomm.screensaver/android.service.dreams.DreamActivity,NULL,NULL,NULL,276824064]
06-28 01:18:08.974 1603 6020 I wm_task_moved: [24823,1,6]
06-28 01:18:08.974 2605 2605 I wm_on_top_resumed_lost_called: [263032627,com.android.launcher3.uioverrides.QuickstepLauncher,topStateChangedWhenResumed]
06-28 01:18:08.976 1603 6020 I wm_pause_activity: [0,263032627,com.android.launcher3/.uioverrides.QuickstepLauncher,userLeaving=true,pauseBackTasks]
06-28 01:18:08.977 2605 2605 I wm_on_paused_called: [263032627,com.android.launcher3.uioverrides.QuickstepLauncher,performPause]
06-28 01:18:08.979 1603 6928 I wm_add_to_stopping: [0,263032627,com.android.launcher3/.uioverrides.QuickstepLauncher,makeInvisible]
06-28 01:18:08.980 1603 6928 I wm_restart_activity: [0,8860953,24823,com.thundercomm.screensaver/android.service.dreams.DreamActivity]
06-28 01:18:08.980 1603 6928 I wm_set_resumed_activity: [0,com.thundercomm.screensaver/android.service.dreams.DreamActivity,minimalResumeActivityLocked]
06-28 01:18:08.982 1603 1709 I sysui_multi_action: [757,803,799,window_time_0,802,60]
06-28 01:18:08.987 1603 3085 I am_uid_running: 10064
06-28 01:18:08.989 10120 10120 I wm_on_create_called: [8860953,android.service.dreams.DreamActivity,performCreate]
06-28 01:18:08.989 10120 10120 I wm_on_start_called: [8860953,android.service.dreams.DreamActivity,handleStartActivity]
06-28 01:18:08.989 1603 1720 I am_pss : [3056,10056,ts.car.uart,6556672,4497408,0,89604096,0,0,6]
06-28 01:18:08.990 10120 10120 I wm_on_resume_called: [8860953,android.service.dreams.DreamActivity,RESUME_ACTIVITY]
06-28 01:18:08.994 1603 1722 I am_proc_start: [0,10144,10064,com.thundercomm.gamemode.provider,content provider,{com.thundercomm.gamemode.provider/com.thundercomm.gamemode.provider.SettingsProvider}]
06-28 01:18:08.996 1603 1720 I am_pss : [2835,10073,com.qualcomm.location,10736640,7843840,0,102322176,0,0,6]
06-28 01:18:08.998 10120 10120 I wm_on_top_resumed_gained_called: [8860953,android.service.dreams.DreamActivity,topStateChangedWhenResumed]
06-28 01:18:09.000 1603 1889 I input_focus: [Focus leaving 3675f2c com.android.launcher3/com.android.launcher3.uioverrides.QuickstepLauncher (server),reason=NO_WINDOW]
06-28 01:18:09.010 1603 3085 I am_proc_bound: [0,10144,com.thundercomm.gamemode.provider]
06-28 01:18:09.019 1603 3085 I am_uid_active: 10064
06-28 01:18:09.032 1603 1711 I input_focus: [Focus request 81dcd90 com.thundercomm.screensaver/android.service.dreams.DreamActivity,reason=UpdateInputWindows]
06-28 01:18:09.033 1603 3085 I am_wtf : [0,1998,com.android.systemui,818462221,KeyguardBouncer,onFullyShown when view was null]
06-28 01:18:09.036 1998 1998 I sysui_multi_action: [757,196,758,2,759,0]
06-28 01:18:09.036 1998 1998 I sysui_status_bar_state: [0,0,1,0,0,1]
06-28 01:18:09.059 1603 1706 I sysui_multi_action: [319,45,321,41,322,89,325,118,757,761,758,8,759,1,806,com.thundercomm.screensaver,871,android.service.dreams.DreamActivity,904,com.thundercomm.screensaver,905,0,1320,4,1321,20]
06-28 01:18:09.060 1603 1706 I wm_activity_launch_time: [0,8860953,com.thundercomm.screensaver/android.service.dreams.DreamActivity,89]
06-28 01:18:09.067 1603 1889 I input_focus: [Focus entering 81dcd90 com.thundercomm.screensaver/android.service.dreams.DreamActivity (server),reason=Window became focusable. Previous reason: NOT_VISIBLE]
06-28 01:18:09.301 1603 1709 I wm_stop_activity: [0,263032627,com.android.launcher3/.uioverrides.QuickstepLauncher]
06-28 01:18:09.319 2605 2605 I wm_on_stop_called: [263032627,com.android.launcher3.uioverrides.QuickstepLauncher,STOP_ACTIVITY_ITEM]
06-28 01:18:09.547 10005 10005 I auditd : type=1400 audit(0.0:5428): avc: granted { execute } for comm="JSRuntimeLooper" path="/data/user/0/com.tencent.android.qqdownloader/app_wxa_sdk_plugin/587202817/wxa_libs/libmmj2v8.so" dev="dm-21" ino=50627 scontext=u:r:untrusted_app_27:s0:c512,c768 tcontext=u:object_r:app_data_file:s0:c512,c768 tclass=file app=com.tencent.android.qqdownloader
06-28 01:18:09.735 10005 10005 I auditd : type=1400 audit(0.0:5429): avc: granted { execute } for comm="[GT]ColdPool#0" path="/data/user/0/com.tencent.android.qqdownloader/app_wxa_sdk_plugin/587202817/wxa_libs/libmmudp.so" dev="dm-21" ino=50638 scontext=u:r:untrusted_app_27:s0:c512,c768 tcontext=u:object_r:app_data_file:s0:c512,c768 tclass=file app=com.tencent.android.qqdownloader
06-28 01:18:09.743 10005 10005 I auditd : type=1400 audit(0.0:5430): avc: granted { execute } for comm="[GT]ColdPool#0" path="/data/user/0/com.tencent.android.qqdownloader/app_wxa_sdk_plugin/587202817/wxa_libs/libmmtcp.so" dev="dm-21" ino=50637 scontext=u:r:untrusted_app_27:s0:c512,c768 tcontext=u:object_r:app_data_file:s0:c512,c768 tclass=file app=com.tencent.android.qqdownloader
06-28 01:18:09.751 10005 10005 I auditd : type=1400 audit(0.0:5431): avc: granted { execute } for comm="[GT]ColdPool#0" path="/data/user/0/com.tencent.android.qqdownloader/app_wxa_sdk_plugin/587202817/wxa_libs/libmmlockstep.so" dev="dm-21" ino=50629 scontext=u:r:untrusted_app_27:s0:c512,c768 tcontext=u:object_r:app_data_file:s0:c512,c768 tclass=file app=com.tencent.android.qqdownloader
06-28 01:18:09.763 10005 10005 I auditd : type=1400 audit(0.0:5432): avc: granted { execute } for comm="[GT]ColdPool#0" path="/data/user/0/com.tencent.android.qqdownloader/app_wxa_sdk_plugin/587202817/wxa_libs/libowl.so" dev="dm-21" ino=50649 scontext=u:r:untrusted_app_27:s0:c512,c768 tcontext=u:object_r:app_data_file:s0:c512,c768 tclass=file app=com.tencent.android.qqdownloader
06-28 01:18:12.120 1603 1889 I input_interaction: Interaction with: 81dcd90 com.thundercomm.screensaver/android.service.dreams.DreamActivity (server), edge-swipe (server), swipe-up (server), PointerEventDispatcher0 (server),
06-28 01:18:12.124 1603 3085 I wm_finish_activity: [0,8860953,24823,com.thundercomm.screensaver/android.service.dreams.DreamActivity,finish-activity]
06-28 01:18:12.124 1603 3085 I wm_task_moved: [1,1,5]
06-28 01:18:12.125 1603 3085 I wm_task_moved: [24822,1,2147483647]
06-28 01:18:12.125 1603 3085 I wm_task_to_front: [0,24822]
06-28 01:18:12.125 1603 3085 I wm_focused_root_task: [0,0,1,24823,finish-top adjustFocusToNextFocusableTask]
06-28 01:18:12.126 1603 3085 I wm_set_resumed_activity: [0,com.android.launcher3/.uioverrides.QuickstepLauncher,finish-top adjustFocusToNextFocusableTask]
06-28 01:18:12.127 1603 3085 I wm_pause_activity: [0,8860953,com.thundercomm.screensaver/android.service.dreams.DreamActivity,userLeaving=false,finish]
06-28 01:18:12.132 10120 10120 I wm_on_top_resumed_lost_called: [8860953,android.service.dreams.DreamActivity,topStateChangedWhenResumed]
06-28 01:18:12.134 1603 1709 I sysui_multi_action: [757,803,799,window_time_0,802,3]
06-28 01:18:12.135 10120 10120 I wm_on_paused_called: [8860953,android.service.dreams.DreamActivity,performPause]
06-28 01:18:12.136 1603 6928 I wm_add_to_stopping: [0,8860953,com.thundercomm.screensaver/android.service.dreams.DreamActivity,completeFinishing]
06-28 01:18:12.139 1603 6928 I wm_set_resumed_activity: [0,com.android.launcher3/.uioverrides.QuickstepLauncher,resumeTopActivityInnerLocked]
06-28 01:18:12.141 1603 6928 I wm_resume_activity: [0,263032627,24822,com.android.launcher3/.uioverrides.QuickstepLauncher]
06-28 01:18:12.146 1603 1709 I sysui_multi_action: [757,803,799,window_time_0,802,0]
06-28 01:18:12.152 1603 1709 I am_uid_running: 10127
06-28 01:18:12.152 1603 1889 I input_focus: [Focus leaving 81dcd90 com.thundercomm.screensaver/android.service.dreams.DreamActivity (server),reason=NO_WINDOW]
06-28 01:18:12.152 10120 10120 I view_enqueue_input_event: [Motion - Cancel,com.thundercomm.screensaver/android.service.dreams.DreamActivity]
06-28 01:18:12.152 1603 1709 I am_uid_running: 10116
06-28 01:18:12.153 2605 2605 I wm_on_restart_called: [263032627,com.android.launcher3.uioverrides.QuickstepLauncher,performRestartActivity]
06-28 01:18:12.153 2605 2605 I wm_on_start_called: [263032627,com.android.launcher3.uioverrides.QuickstepLauncher,handleStartActivity]
06-28 01:18:12.153 2605 2605 I wm_on_resume_called: [263032627,com.android.launcher3.uioverrides.QuickstepLauncher,RESUME_ACTIVITY]
06-28 01:18:12.153 2605 2605 I wm_on_top_resumed_gained_called: [263032627,com.android.launcher3.uioverrides.QuickstepLauncher,topWhenResuming]
06-28 01:18:12.157 1603 1720 I am_pss : [3180,10093,com.android.providers.media.module,22178816,18632704,0,121884672,0,0,6]
06-28 01:18:12.158 1603 1722 I am_proc_start: [0,10227,10127,com.zhihu.android,NULL,]
06-28 01:18:12.164 1603 1720 I am_pss : [3164,10083,com.qualcomm.qti.workloadclassifier,25665536,23187456,0,114810880,0,0,6]
06-28 01:18:12.165 1603 1722 I am_proc_start: [0,10228,10116,com.xingin.xhs,NULL,]
06-28 01:18:12.169 1603 1889 I input_interaction: Interaction with: edge-swipe (server), swipe-up (server), PointerEventDispatcher0 (server),
06-28 01:18:12.174 1603 1711 I input_focus: [Focus request 3675f2c com.android.launcher3/com.android.launcher3.uioverrides.QuickstepLauncher,reason=UpdateInputWindows]
06-28 01:18:12.175 1603 6928 I am_proc_bound: [0,10227,com.zhihu.android]
06-28 01:18:12.175 1603 1720 I am_pss : [3167,10082,com.hryt.lebotp,73208832,53002240,0,166440960,0,0,9]
06-28 01:18:12.181 1603 1720 I am_pss : [3135,10087,com.qualcomm.qti.qccnetstat,6319104,4337664,0,89702400,0,0,6]
06-28 01:18:12.187 1603 6020 I am_proc_bound: [0,10228,com.xingin.xhs]
06-28 01:18:12.188 1603 1720 I am_pss : [3131,10070,com.qualcomm.qti.services.systemhelper:systemhelper_service,6596608,4542464,0,91803648,0,0,5]
06-28 01:18:12.194 1603 1720 I am_pss : [3103,10060,.pasr,5579776,3678208,0,87764992,0,0,5]
06-28 01:18:12.198 1603 1603 I am_kill : [0,10227,com.zhihu.android,915,empty #2]
06-28 01:18:12.199 1603 1603 I am_kill : [0,10005,com.tencent.android.qqdownloader:wxa_container0,925,empty #3]
06-28 01:18:12.200 1603 1889 I input_focus: [Focus entering 3675f2c com.android.launcher3/com.android.launcher3.uioverrides.QuickstepLauncher (server),reason=Window became focusable. Previous reason: NOT_VISIBLE]
06-28 01:18:12.202 1603 1720 I am_pss : [3059,1000,com.hryt.hiphishowfsecontrol,14104576,11251712,0,105299968,0,0,6]
06-28 01:18:12.267 1603 3427 I am_proc_died: [0,10227,com.zhihu.android,915,19]
06-28 01:18:12.268 1603 3427 I am_uid_stopped: 10127
06-28 01:18:12.339 1603 6928 I am_proc_died: [0,10005,com.tencent.android.qqdownloader:wxa_container0,925,19]
06-28 01:18:12.340 1603 6928 I am_schedule_service_restart: [0,com.tencent.android.qqdownloader/com.tencent.luggage.services.WxaProxy_WxaIPCContainerService0,1000]
06-28 01:18:12.435 1603 1709 I wm_destroy_activity: [0,8860953,24823,com.thundercomm.screensaver/android.service.dreams.DreamActivity,finish-imm:idle]
06-28 01:18:12.454 10120 10120 I wm_on_stop_called: [8860953,android.service.dreams.DreamActivity,LIFECYCLER_STOP_ACTIVITY]
06-28 01:18:12.456 10120 10120 I wm_on_destroy_called: [8860953,android.service.dreams.DreamActivity,performDestroy]
06-28 01:18:12.457 1603 1706 I sysui_multi_action: [757,222,758,2]
06-28 01:18:12.457 1603 1706 I sysui_multi_action: [757,804,799,dreaming_minutes,801,0,802,1]
06-28 01:18:12.461 1603 1915 I wm_task_removed: [24823,removeChild:removeChild last r=ActivityRecord{873519 u0 com.thundercomm.screensaver/android.service.dreams.DreamActivity taskAffinity=1000:android:com.thundercomm.screensaver/dream t-1 f}} in t=Task{61569de #24823 type=dream A=1000:android:com.thundercomm.screensaver/dream U=0 visible=false mode=fullscreen translucent=true sz=0 visible freeform task=true rootAffinity=1000:android:com.thundercomm.screensaver/dream isMini=false}]
06-28 01:18:12.461 1603 1915 I wm_task_removed: [24823,removeChild]
06-28 01:18:12.462 1603 1861 I am_kill : [0,10228,com.xingin.xhs,905,empty #2]
06-28 01:18:12.497 1603 1861 I am_proc_died: [0,10228,com.xingin.xhs,905,19]
06-28 01:18:12.498 1603 1861 I am_uid_stopped: 10116
06-28 01:18:13.381 1603 1720 I am_pss : [9801,99001,com.android.webview:sandboxed_process0:org.chromium.content.app.SandboxedProcessService0:0,12625920,3186688,0,74788864,0,4,10]
06-28 01:18:13.389 1603 1720 I am_pss : [9613,10069,com.android.webview:webview_service,14408704,4894720,0,81707008,0,4,7]
06-28 01:18:13.402 1603 1720 I am_pss : [8998,10101,com.tencent.android.qqdownloader:live,46708736,24129536,12288000,132849664,0,10,12]
06-28 01:18:14.055 1603 1931 I netstats_mobile_sample: [0,0,0,0,0,0,0,0,0,0,0,0,1687886294055]
06-28 01:18:14.055 1603 1931 I netstats_wifi_sample: [19959949,17853,2713218,9116,19959949,17853,2713218,9116,20623144,18912,2534776,8774,1687886294055]
06-28 01:18:14.443 9896 9896 I auditd : type=1400 audit(0.0:5440): avc: granted { execute } for comm="BeaconReportHan" path="/data/user/0/com.tencent.android.qqdownloader/files/shell/8_8454130_1346/lib/arm64-v8a/libqmp.so" dev="dm-21" ino=39391 scontext=u:r:untrusted_app_27:s0:c512,c768 tcontext=u:object_r:app_data_file:s0:c512,c768 tclass=file app=com.tencent.android.qqdownloader
06-28 01:18:14.459 9896 9896 I auditd : type=1400 audit(0.0:5441): avc: granted { execute } for comm="BeaconReportHan" path="/data/user/0/com.tencent.android.qqdownloader/files/shell/8_8454130_1346/lib/arm64-v8a/libbeaconid.so" dev="dm-21" ino=39379 scontext=u:r:untrusted_app_27:s0:c512,c768 tcontext=u:object_r:app_data_file:s0:c512,c768 tclass=file app=com.tencent.android.qqdownloader
06-28 01:18:14.543 9896 9896 I auditd : type=1400 audit(0.0:5442): avc: denied { read } for comm="qimei-thread-1" name="/" dev="dm-16" ino=2 scontext=u:r:untrusted_app_27:s0:c512,c768 tcontext=u:object_r:rootfs:s0 tclass=dir permissive=0 app=com.tencent.android.qqdownloader
06-28 01:18:16.908 1603 1721 I am_kill : [0,10120,com.thundercomm.screensaver,905,empty #2]
06-28 01:18:16.948 1603 6928 I am_proc_died: [0,10120,com.thundercomm.screensaver,905,19]
06-28 01:18:21.919 1603 1603 I force_gc: mem
06-28 01:18:24.344 1603 1889 I input_interaction: Interaction with: 3675f2c com.android.launcher3/com.android.launcher3.uioverrides.QuickstepLauncher (server), 287fe67 com.android.systemui.ImageWallpaper (server), edge-swipe (server), swipe-up (server), PointerEventDispatcher0 (server),
06-28 01:18:27.163 1603 6021 I wm_task_created: [24824,-1]
06-28 01:18:27.164 1603 6021 I wm_task_moved: [24824,1,6]
06-28 01:18:27.164 1603 6021 I wm_task_to_front: [0,24824]
06-28 01:18:27.165 1603 6021 I wm_create_task: [0,24824]
06-28 01:18:27.165 1603 6021 I wm_create_activity: [0,127141648,24824,com.android.settings/.Settings,android.intent.action.MAIN,NULL,NULL,270532608]
06-28 01:18:27.165 1603 6021 I wm_task_moved: [24824,1,6]
06-28 01:18:27.166 1603 6021 I wm_pause_activity: [0,263032627,com.android.launcher3/.uioverrides.QuickstepLauncher,userLeaving=true,pauseBackTasks]
06-28 01:18:27.170 2605 2605 I wm_on_top_resumed_lost_called: [263032627,com.android.launcher3.uioverrides.QuickstepLauncher,topStateChangedWhenResumed]
06-28 01:18:27.174 2605 2605 I wm_on_paused_called: [263032627,com.android.launcher3.uioverrides.QuickstepLauncher,performPause]
06-28 01:18:27.175 1603 6928 I wm_add_to_stopping: [0,263032627,com.android.launcher3/.uioverrides.QuickstepLauncher,makeInvisible]
06-28 01:18:27.176 1603 1722 I am_proc_start: [0,10379,1000,com.android.settings,pre-top-activity,{com.android.settings/com.android.settings.Settings}]
06-28 01:18:27.176 1603 1709 I sysui_multi_action: [757,803,799,window_time_0,802,15]
06-28 01:18:27.186 1603 6021 I am_proc_bound: [0,10379,com.android.settings]
06-28 01:18:27.187 1603 1720 I am_pss : [9896,10101,com.tencent.ilink.ServiceProcess,74216448,60182528,0,210214912,0,4,10]
06-28 01:18:27.189 1603 6021 I wm_restart_activity: [0,127141648,24824,com.android.settings/.Settings]
06-28 01:18:27.190 1603 6021 I wm_set_resumed_activity: [0,com.android.settings/.Settings,minimalResumeActivityLocked]
06-28 01:18:27.202 1603 1720 I am_pss : [7565,10102,com.tencent.mm,134406144,81375232,15657984,235175936,0,10,14]
06-28 01:18:27.203 1603 1889 I input_focus: [Focus leaving 3675f2c com.android.launcher3/com.android.launcher3.uioverrides.QuickstepLauncher (server),reason=NO_WINDOW]
06-28 01:18:27.208 1603 1720 I am_pss : [9801,99001,com.android.webview:sandboxed_process0:org.chromium.content.app.SandboxedProcessService0:0,12626944,3186688,0,74788864,0,4,5]
06-28 01:18:27.213 1603 1720 I am_pss : [9613,10069,com.android.webview:webview_service,14410752,4894720,0,81707008,0,4,5]
06-28 01:18:27.224 1603 1720 I am_pss : [7123,10102,com.tencent.mm:push,96459776,44417024,15022080,195325952,0,10,11]
06-28 01:18:27.361 1603 6928 I am_uid_running: 10086
06-28 01:18:27.367 1603 1722 I am_proc_start: [0,10405,10086,com.qualcomm.qti.qccauthmgr,content provider,{com.qualcomm.qti.qccauthmgr/com.qualcomm.qti.qccauthmgr.providers.SMQContentProvider}]
06-28 01:18:27.370 10379 10379 I wm_on_create_called: [127141648,com.android.settings.Settings,performCreate]
06-28 01:18:27.378 1603 6928 I am_proc_bound: [0,10405,com.qualcomm.qti.qccauthmgr]
06-28 01:18:27.380 1603 6928 I am_uid_active: 10086
06-28 01:18:27.410 10379 10379 I wm_on_start_called: [127141648,com.android.settings.Settings,handleStartActivity]
06-28 01:18:27.410 10379 10379 I snet_event_log: [120484087,-1,]
06-28 01:18:27.411 10379 10379 I wm_on_resume_called: [127141648,com.android.settings.Settings,RESUME_ACTIVITY]
06-28 01:18:27.413 10379 10379 I sysui_multi_action: [757,35,758,1,833,0,1089,41]
06-28 01:18:27.421 10379 10379 I sysui_multi_action: [757,1729,758,4,854,isParalleledControllers:false,1089,49]
06-28 01:18:27.426 10379 10379 I wm_on_top_resumed_gained_called: [127141648,com.android.settings.Settings,topStateChangedWhenResumed]
06-28 01:18:27.487 1603 1711 I input_focus: [Focus request 789001b com.android.settings/com.android.settings.Settings,reason=UpdateInputWindows]
06-28 01:18:27.544 1603 1711 I sysui_multi_action: [324,0,757,1090,758,12,806,com.android.settings,871,com.android.settings.Settings,1091,398]
06-28 01:18:27.559 10379 10379 W CarrierConfigManager: Error getting config for subId -1 ICarrierConfigLoader is null
06-28 01:18:27.559 1603 1706 I sysui_multi_action: [319,47,321,45,322,398,325,136,757,761,758,7,759,1,806,com.android.settings,871,com.android.settings.Settings,904,com.android.launcher3,905,0,945,42,1320,17,1321,1]
06-28 01:18:27.560 1603 1706 I wm_activity_launch_time: [0,127141648,com.android.settings/.Settings,398]
06-28 01:18:27.567 1603 1889 I input_focus: [Focus entering 789001b com.android.settings/com.android.settings.Settings (server),reason=Window became focusable. Previous reason: NOT_VISIBLE]
06-28 01:18:27.589 10379 10379 I sysui_multi_action: [757,746,758,1,833,0,1089,40]
06-28 01:18:27.590 1603 1634 D TelephonyRegistry: listen oscl: mHasNotifySubscriptionInfoChangedOccurred==false no callback
06-28 01:18:27.594 1603 2646 D TelephonyRegistry: listen oscl: mHasNotifySubscriptionInfoChangedOccurred==false no callback
06-28 01:18:27.599 10379 10379 I sysui_multi_action: [757,1729,758,4,854,isParalleledControllers:false,1089,51]
06-28 01:18:27.720 1603 1709 I wm_stop_activity: [0,263032627,com.android.launcher3/.uioverrides.QuickstepLauncher]
06-28 01:18:27.736 2605 2605 I wm_on_stop_called: [263032627,com.android.launcher3.uioverrides.QuickstepLauncher,STOP_ACTIVITY_ITEM]
06-28 01:18:27.819 1603 1889 I input_interaction: Interaction with: 789001b com.android.settings/com.android.settings.Settings (server), edge-swipe (server), swipe-up (server), PointerEventDispatcher0 (server),
06-28 01:18:29.684 10379 10379 I sysui_multi_action: [757,830,758,4,833,0,854,top_level_system,1089,0]
06-28 01:18:29.794 10379 10379 I sysui_multi_action: [757,746,758,2,1089,2205]
06-28 01:18:29.819 10379 10379 I sysui_multi_action: [757,744,758,1,833,0,1089,16]
06-28 01:18:29.830 10379 10379 I sysui_multi_action: [757,1729,758,4,854,isParalleledControllers:false,1089,27]
06-28 01:18:30.232 1603 1634 I netstats_mobile_sample: [0,0,0,0,0,0,0,0,0,0,0,0,1687886310232]
06-28 01:18:30.233 1603 1634 I netstats_wifi_sample: [20041613,18054,2819372,9329,20041613,18054,2819372,9329,21032744,19508,2597270,8909,1687886310232]
06-28 01:18:30.241 1603 1932 I service_manager_stats: [100,65,62856]
06-28 01:18:30.622 10379 10379 I sysui_multi_action: [757,830,758,4,833,0,854,date_time_settings,1089,0]
06-28 01:18:30.731 10379 10379 I sysui_multi_action: [757,744,758,2,1089,910]
06-28 01:18:30.771 10379 10379 I sysui_multi_action: [757,38,758,1,833,0,1089,35]
06-28 01:18:30.774 10379 10379 I sysui_multi_action: [757,1729,758,4,854,isParalleledControllers:false,1089,39]
06-28 01:18:33.326 10379 10379 I sysui_multi_action: [757,830,758,4,833,0,854,time,1089,0]
06-28 01:18:33.415 10379 10379 I sysui_multi_action: [757,608,758,1,833,0,1089,78]
06-28 01:18:33.422 1603 1711 I input_focus: [Focus request 221edc0 com.android.settings/com.android.settings.Settings,reason=UpdateInputWindows]
06-28 01:18:33.451 1603 1889 I input_focus: [Focus leaving 789001b com.android.settings/com.android.settings.Settings (server),reason=Waiting for window because NOT_VISIBLE]
06-28 01:18:33.470 1603 1889 I input_focus: [Focus entering 221edc0 com.android.settings/com.android.settings.Settings (server),reason=Window became focusable. Previous reason: NOT_VISIBLE]
06-28 01:18:34.621 1603 1889 I input_interaction: Interaction with: 221edc0 com.android.settings/com.android.settings.Settings (server), edge-swipe (server), swipe-up (server), PointerEventDispatcher0 (server),
06-28 01:18:41.851 1603 1603 I am_uid_running: 10124
06-28 01:18:41.856 1603 1603 I am_uid_running: 10103
06-28 01:18:41.867 1603 1992 I sync : [com.tencent.android.qqdownloader.YYBLiveAccountProvider,0,3,24220937]
06-28 01:18:41.875 1603 1722 I am_proc_start: [0,10531,10124,com.kuaishou.nebula,service,{com.kuaishou.nebula/androidx.work.impl.background.systemjob.SystemJobService}]
06-28 01:18:41.889 1603 1722 I am_proc_start: [0,10532,10103,com.smile.gifmaker,service,{com.smile.gifmaker/androidx.work.impl.background.systemjob.SystemJobService}]
06-28 01:18:41.896 1603 1992 I sync : [com.tencent.android.qqdownloader.YYBLiveAccountProvider,1,3,24220937]
06-28 01:18:41.899 1603 2091 I am_proc_bound: [0,10531,com.kuaishou.nebula]
06-28 01:18:41.902 1603 1992 I commit_sys_config_file: [sync-status,90721]
06-28 01:18:41.903 1603 1720 I am_pss : [9896,10101,com.tencent.ilink.ServiceProcess,74198016,60346368,0,210288640,0,4,11]
06-28 01:18:41.909 1603 1634 I am_proc_bound: [0,10532,com.smile.gifmaker]
06-28 01:18:41.921 1603 1992 I sync : [com.tencent.android.qqdownloader.YYBLiveAccountProvider,0,3,24220937]
06-28 01:18:41.965 1603 1992 I sync : [com.tencent.android.qqdownloader.YYBLiveAccountProvider,1,3,24220937]
06-28 01:18:41.967 1603 1992 I commit_sys_config_file: [sync-status,90785]
06-28 01:18:42.015 10531 10531 I auditd : type=1400 audit(0.0:5443): avc: granted { execute } for comm="ela_global-io" path="/data/user/0/com.kuaishou.nebula/app_lib/libruntime-optimize.so.5777" dev="dm-21" ino=216893 scontext=u:r:untrusted_app_29:s0:c124,c256,c512,c768 tcontext=u:object_r:app_data_file:s0:c124,c256,c512,c768 tclass=file app=com.kuaishou.nebula
06-28 01:18:42.144 10532 10626 I liblog : 50
06-28 01:18:42.175 10532 10532 I auditd : type=1400 audit(0.0:5444): avc: granted { execute } for comm="ela_global-io" path="/data/user/0/com.smile.gifmaker/app_lib/libruntime-optimize.so.28545" dev="dm-21" ino=320529 scontext=u:r:untrusted_app_29:s0:c103,c256,c512,c768 tcontext=u:object_r:app_data_file:s0:c103,c256,c512,c768 tclass=file app=com.smile.gifmaker
06-28 01:18:42.496 1603 4568 I am_kill : [0,9868,com.android.permissioncontroller,905,empty #2]
06-28 01:18:42.543 10531 10531 I auditd : type=1400 audit(0.0:5445): avc: granted { execute } for comm="pool-12-thread-" path="/data/user/0/com.kuaishou.nebula/files/.0/lib/7.8.7/898341049/arm64-v8a/libweapon787.so" dev="dm-21" ino=497573 scontext=u:r:untrusted_app_29:s0:c124,c256,c512,c768 tcontext=u:object_r:app_data_file:s0:c124,c256,c512,c768 tclass=file app=com.kuaishou.nebula
06-28 01:18:42.559 10531 10531 I auditd : type=1400 audit(0.0:5446): avc: denied { ioctl } for comm="pool-12-thread-" path="socket:[145790]" dev="sockfs" ino=145790 ioctlcmd=0x8927 scontext=u:r:untrusted_app_29:s0:c124,c256,c512,c768 tcontext=u:r:untrusted_app_29:s0:c124,c256,c512,c768 tclass=tcp_socket permissive=0 app=com.kuaishou.nebula
06-28 01:18:42.559 10531 10531 I auditd : type=1400 audit(0.0:5447): avc: granted { nlmsg_readpriv } for comm="pool-12-thread-" scontext=u:r:untrusted_app_29:s0:c124,c256,c512,c768 tcontext=u:r:untrusted_app_29:s0:c124,c256,c512,c768 tclass=netlink_route_socket app=com.kuaishou.nebula
06-28 01:18:42.563 10531 10531 I auditd : type=1400 audit(0.0:5448): avc: denied { ioctl } for comm="pool-12-thread-" path="socket:[145792]" dev="sockfs" ino=145792 ioctlcmd=0x8927 scontext=u:r:untrusted_app_29:s0:c124,c256,c512,c768 tcontext=u:r:untrusted_app_29:s0:c124,c256,c512,c768 tclass=tcp_socket permissive=0 app=com.kuaishou.nebula
06-28 01:18:42.591 1603 4568 I am_proc_died: [0,9868,com.android.permissioncontroller,905,19]
06-28 01:18:42.591 1603 4568 I am_uid_stopped: 10092
06-28 01:18:42.607 10531 10531 I auditd : type=1400 audit(0.0:5449): avc: granted { execute } for comm="pool-12-thread-" path="/data/user/0/com.kuaishou.nebula/files/.2/lib/6.4.0/-1844367946/arm64-v8a/libw640.so" dev="dm-21" ino=497691 scontext=u:r:untrusted_app_29:s0:c124,c256,c512,c768 tcontext=u:object_r:app_data_file:s0:c124,c256,c512,c768 tclass=file app=com.kuaishou.nebula
06-28 01:18:42.636 1603 1720 I am_pss : [10379,1000,com.android.settings,178699264,168734720,0,304685056,0,2,12]
06-28 01:18:42.890 1603 4568 I am_kill : [0,10532,com.smile.gifmaker,905,empty #2]
06-28 01:18:43.225 1603 2646 I am_proc_died: [0,10532,com.smile.gifmaker,905,19]
06-28 01:18:43.225 1603 2646 I am_uid_stopped: 10103
06-28 01:18:43.504 10531 10605 I service_manager_slow: [76,isub]
06-28 01:18:43.573 10531 10605 I service_manager_stats: [200,245,153009]
06-28 01:18:43.563 10907 10907 I auditd : type=1400 audit(0.0:5552): avc: denied { read } for comm="ps" name="pid_max" dev="proc" ino=147581 scontext=u:r:untrusted_app_29:s0:c124,c256,c512,c768 tcontext=u:object_r:proc_pid_max:s0 tclass=file permissive=0
06-28 01:18:43.571 10531 10531 I auditd : type=1400 audit(0.0:5553): avc: denied { read } for comm="pool-20-thread-" name="tcp" dev="proc" ino=4026532265 scontext=u:r:untrusted_app_29:s0:c124,c256,c512,c768 tcontext=u:object_r:proc_net_tcp_udp:s0 tclass=file permissive=0 app=com.kuaishou.nebula
06-28 01:18:43.607 10910 10910 I auditd : type=1400 audit(0.0:5554): avc: denied { read } for comm="lsusb" name="devices" dev="sysfs" ino=43629 scontext=u:r:untrusted_app_29:s0:c124,c256,c512,c768 tcontext=u:object_r:sysfs:s0 tclass=dir permissive=0
06-28 01:18:43.635 10911 10911 I auditd : type=1400 audit(0.0:5555): avc: denied { read } for comm="lspci" name="devices" dev="sysfs" ino=28739 scontext=u:r:untrusted_app_29:s0:c124,c256,c512,c768 tcontext=u:object_r:sysfs:s0 tclass=dir permissive=0
06-28 01:18:43.639 10531 10531 I auditd : type=1400 audit(0.0:5556): avc: denied { write } for comm="kste-global-def" name="fd" dev="proc" ino=142436 scontext=u:r:untrusted_app_29:s0:c124,c256,c512,c768 tcontext=u:r:untrusted_app_29:s0:c124,c256,c512,c768 tclass=dir permissive=0 app=com.kuaishou.nebula
06-28 01:18:43.902 1603 1708 I commit_sys_config_file: [jobs,5]
06-28 01:18:44.491 1603 1931 I netstats_mobile_sample: [0,0,0,0,0,0,0,0,0,0,0,0,1687886324491]
06-28 01:18:44.491 1603 1931 I netstats_wifi_sample: [33150319,27458,3246620,12869,33150319,27458,3246620,12869,34420610,29182,2985312,12373,1687886324491]
06-28 01:18:45.660 1603 1931 I netstats_mobile_sample: [0,0,0,0,0,0,0,0,0,0,0,0,1687886325660]
06-28 01:18:45.660 1603 1931 I netstats_wifi_sample: [49134391,38498,3422961,16412,49134391,38498,3422961,16412,50419394,40231,3161561,15914,1687886325660]
06-28 01:18:46.767 1603 1931 I netstats_mobile_sample: [0,0,0,0,0,0,0,0,0,0,0,0,1687886326767]
06-28 01:18:46.767 1603 1931 I netstats_wifi_sample: [67364191,51159,3582318,19336,67331907,51137,3582278,19335,68649977,52907,3311440,18819,1687886326767]
06-28 01:18:46.984 1603 2172 I ntp_failure: [time.android.com/216.239.35.12,java.net.SocketTimeoutException: Poll timed out]
06-28 01:18:47.910 1603 1931 I netstats_mobile_sample: [0,0,0,0,0,0,0,0,0,0,0,0,1687886327910]
06-28 01:18:47.910 1603 1931 I netstats_wifi_sample: [77510359,58296,3650341,20668,77510359,58296,3650341,20668,78879667,60089,3379699,20156,1687886327910]
06-28 01:18:48.599 10531 10605 I service_manager_stats: [639,566,5027]
06-28 01:18:49.393 1603 1721 I am_uid_idle: 10102
06-28 01:18:49.393 1603 1721 I am_stop_idle_service: [10102,com.tencent.mm/com.tencent.matrix.lifecycle.supervisor.SupervisorService]
06-28 01:18:49.393 1603 1721 I am_stop_idle_service: [10102,com.tencent.mm/.service.ProcessService$MMProcessService]
06-28 01:18:49.395 1603 9014 I am_kill : [0,10531,com.kuaishou.nebula,905,empty #2]
06-28 01:18:49.397 1603 9014 I am_kill : [0,7565,com.tencent.mm,905,empty #3]
06-28 01:18:49.421 1603 1931 I netstats_mobile_sample: [0,0,0,0,0,0,0,0,0,0,0,0,1687886329421]
06-28 01:18:49.422 1603 1931 I netstats_wifi_sample: [85966370,64434,3808577,22602,85966370,64434,3808577,22602,87351159,66222,3532397,22078,1687886329421]
06-28 01:18:49.481 1603 9014 I am_proc_died: [0,7565,com.tencent.mm,905,19]
06-28 01:18:49.484 1603 9014 I am_schedule_service_restart: [0,com.tencent.mm/.service.ProcessService$MMProcessService,1000]
06-28 01:18:49.504 1603 1720 I am_pss : [2605,10075,com.android.launcher3,118408192,105209856,0,245645312,0,5,12]
06-28 01:18:49.552 1603 9014 I am_proc_died: [0,10531,com.kuaishou.nebula,905,19]
06-28 01:18:49.552 1603 9014 I am_uid_stopped: 10124
06-28 01:18:51.999 1603 2172 I ntp_failure: [time.android.com/216.239.35.0,java.net.SocketTimeoutException: Poll timed out]
06-28 01:18:53.598 1603 1603 I service_manager_stats: [100,81,23358]
06-28 01:18:56.573 1603 1603 I notification_enqueue: [10101,8983,com.tencent.android.qqdownloader,127,NULL,0,Notification(channel=channel_id_default_silent shortcut=null contentView=com.tencent.android.qqdownloader/0x7f0a01c2 vibrate=null sound=null defaults=0x0 flags=0x2a2 color=0x00000000 groupKey=com.tencent.android.qqdownloader vis=PRIVATE),1]
06-28 01:18:57.007 1603 2172 I ntp_failure: [time.android.com/216.239.35.4,java.net.SocketTimeoutException: Poll timed out]
06-28 01:19:06.266 1603 1948 I storage_state: [41217664-9172-527a-b3d5-edabb50a7d69,0,0,75466956800,118610538496]
06-28 01:19:23.186 1603 1931 I netstats_mobile_sample: [0,0,0,0,0,0,0,0,0,0,0,0,1687886363186]
06-28 01:19:23.186 1603 1931 I netstats_wifi_sample: [87476355,65894,4040630,23214,87476355,65894,4040630,23214,89632698,68429,3668582,22520,1687886363186]
06-28 01:19:26.927 1603 1992 I sync : [com.tencent.android.qqdownloader.YYBLiveAccountProvider,0,3,24220937]
06-28 01:19:26.940 1603 1720 I am_pss : [2605,10075,com.android.launcher3,118645760,105304064,0,245805056,0,5,14]
06-28 01:19:26.952 1603 1992 I sync : [com.tencent.android.qqdownloader.YYBLiveAccountProvider,1,3,24220937]
06-28 01:19:26.955 1603 1992 I commit_sys_config_file: [sync-status,135773]
06-28 01:19:26.964 1603 1720 I am_pss : [8983,10101,com.tencent.android.qqdownloader:daemon,225341440,196632576,0,389189632,0,4,21]
06-28 01:19:26.964 1603 1992 I sync : [com.tencent.android.qqdownloader.YYBLiveAccountProvider,0,3,24220937]
06-28 01:19:26.978 1603 1720 I am_pss : [9036,10101,com.tencent.android.qqdownloader,96393216,79790080,0,239460352,0,4,13]
06-28 01:19:26.986 1603 1992 I sync : [com.tencent.android.qqdownloader.YYBLiveAccountProvider,1,3,24220937]
06-28 01:19:26.988 1603 1720 I am_pss : [9083,10101,com.tencent.android.qqdownloader:cloud,41125888,31293440,0,158613504,0,4,9]
06-28 01:19:26.989 1603 1992 I commit_sys_config_file: [sync-status,135807]
06-28 01:19:28.961 1603 1708 I commit_sys_config_file: [jobs,7]
06-28 01:19:29.141 1603 1720 I am_pss : [9801,99001,com.android.webview:sandboxed_process0:org.chromium.content.app.SandboxedProcessService0:0,12514304,3186688,0,74231808,0,4,7]
06-28 01:19:29.149 1603 1720 I am_pss : [9613,10069,com.android.webview:webview_service,14214144,4825088,0,81027072,0,4,7]
06-28 01:19:29.856 1603 1603 I notification_enqueue: [10101,8983,com.tencent.android.qqdownloader,127,NULL,0,Notification(channel=channel_id_default_silent shortcut=null contentView=com.tencent.android.qqdownloader/0x7f0a01c2 vibrate=null sound=null defaults=0x0 flags=0x2a2 color=0x00000000 groupKey=com.tencent.android.qqdownloader vis=PRIVATE),1]
06-28 01:19:30.239 1603 4568 I netstats_mobile_sample: [0,0,0,0,0,0,0,0,0,0,0,0,1687886370238]
06-28 01:19:30.239 1603 4568 I netstats_wifi_sample: [87544710,66130,4105873,23375,87544710,66130,4105873,23375,90104338,69754,3710047,22637,1687886370238]
06-28 01:19:30.923 1603 1603 I notification_enqueue: [10101,8983,com.tencent.android.qqdownloader,127,NULL,0,Notification(channel=channel_id_default_silent shortcut=null contentView=com.tencent.android.qqdownloader/0x7f0a01c2 vibrate=null sound=null defaults=0x0 flags=0x2a2 color=0x00000000 groupKey=com.tencent.android.qqdownloader vis=PRIVATE),1]
06-28 01:19:31.931 1603 1603 I notification_enqueue: [10101,8983,com.tencent.android.qqdownloader,127,NULL,0,Notification(channel=channel_id_default_silent shortcut=null contentView=com.tencent.android.qqdownloader/0x7f0a01c2 vibrate=null sound=null defaults=0x0 flags=0x2a2 color=0x00000000 groupKey=com.tencent.android.qqdownloader vis=PRIVATE),1]
06-28 01:19:33.231 1603 1721 I am_uid_idle: 10064
06-28 01:19:33.413 1603 1721 I am_uid_idle: 10086
06-28 01:20:01.923 1603 1603 I am_uid_running: 10103
06-28 01:20:01.926 1603 1603 I am_uid_running: 10124
06-28 01:20:01.936 1603 1992 I sync : [com.tencent.android.qqdownloader.YYBLiveAccountProvider,0,3,24220937]
06-28 01:20:01.942 1603 1722 I am_proc_start: [0,11619,10103,com.smile.gifmaker,service,{com.smile.gifmaker/androidx.work.impl.background.systemjob.SystemJobService}]
06-28 01:20:01.958 1603 1722 I am_proc_start: [0,11621,10124,com.kuaishou.nebula,service,{com.kuaishou.nebula/androidx.work.impl.background.systemjob.SystemJobService}]
06-28 01:20:01.961 1603 1720 I am_pss : [9896,10101,com.tencent.ilink.ServiceProcess,75687936,61353984,0,211345408,0,4,12]
06-28 01:20:01.966 1603 1992 I sync : [com.tencent.android.qqdownloader.YYBLiveAccountProvider,1,3,24220937]
06-28 01:20:01.969 1603 1992 I commit_sys_config_file: [sync-status,170787]
06-28 01:20:01.974 1603 1992 I sync : [com.tencent.android.qqdownloader.YYBLiveAccountProvider,0,3,24220937]
06-28 01:20:01.984 1603 2646 I am_proc_bound: [0,11621,com.kuaishou.nebula]
06-28 01:20:01.988 1603 2092 I am_proc_bound: [0,11619,com.smile.gifmaker]
06-28 01:20:02.014 1603 1992 I sync : [com.tencent.android.qqdownloader.YYBLiveAccountProvider,1,3,24220937]
06-28 01:20:02.016 1603 1992 I commit_sys_config_file: [sync-status,170835]
06-28 01:20:02.111 11621 11621 I auditd : type=1400 audit(0.0:5570): avc: granted { execute } for comm="ela_global-io" path="/data/user/0/com.kuaishou.nebula/app_lib/libruntime-optimize.so.5777" dev="dm-21" ino=321484 scontext=u:r:untrusted_app_29:s0:c124,c256,c512,c768 tcontext=u:object_r:app_data_file:s0:c124,c256,c512,c768 tclass=file app=com.kuaishou.nebula
06-28 01:20:02.291 11619 11619 I auditd : type=1400 audit(0.0:5571): avc: granted { execute } for comm="ela_global-io" path="/data/user/0/com.smile.gifmaker/app_lib/libruntime-optimize.so.28545" dev="dm-21" ino=321481 scontext=u:r:untrusted_app_29:s0:c103,c256,c512,c768 tcontext=u:object_r:app_data_file:s0:c103,c256,c512,c768 tclass=file app=com.smile.gifmaker
06-28 01:20:02.672 1603 2092 I am_kill : [0,7123,com.tencent.mm:push,905,empty #2]
06-28 01:20:02.735 11621 11621 I auditd : type=1400 audit(0.0:5572): avc: granted { execute } for comm="pool-12-thread-" path="/data/user/0/com.kuaishou.nebula/files/.0/lib/7.8.7/898341049/arm64-v8a/libweapon787.so" dev="dm-21" ino=497573 scontext=u:r:untrusted_app_29:s0:c124,c256,c512,c768 tcontext=u:object_r:app_data_file:s0:c124,c256,c512,c768 tclass=file app=com.kuaishou.nebula
06-28 01:20:02.739 11621 11621 I auditd : type=1400 audit(0.0:5573): avc: denied { ioctl } for comm="pool-12-thread-" path="socket:[155227]" dev="sockfs" ino=155227 ioctlcmd=0x8927 scontext=u:r:untrusted_app_29:s0:c124,c256,c512,c768 tcontext=u:r:untrusted_app_29:s0:c124,c256,c512,c768 tclass=tcp_socket permissive=0 app=com.kuaishou.nebula
06-28 01:20:02.739 11621 11621 I auditd : type=1400 audit(0.0:5574): avc: granted { nlmsg_readpriv } for comm="pool-12-thread-" scontext=u:r:untrusted_app_29:s0:c124,c256,c512,c768 tcontext=u:r:untrusted_app_29:s0:c124,c256,c512,c768 tclass=netlink_route_socket app=com.kuaishou.nebula
06-28 01:20:02.930 1603 4568 I am_kill : [0,11619,com.smile.gifmaker,905,empty #2]
06-28 01:20:03.042 1603 10991 I am_proc_died: [0,7123,com.tencent.mm:push,905,19]
06-28 01:20:03.043 1603 10991 I am_uid_stopped: 10102
06-28 01:20:03.045 1603 10991 I am_kill : [0,10405,com.qualcomm.qti.qccauthmgr,915,empty #2]
06-28 01:20:03.046 1603 10991 I am_kill : [0,10144,com.thundercomm.gamemode.provider,935,empty #3]
06-28 01:20:03.083 1603 1720 I am_pss : [10379,1000,com.android.settings,179069952,169017344,0,304734208,0,2,12]
06-28 01:20:03.099 1603 10991 I am_proc_died: [0,10405,com.qualcomm.qti.qccauthmgr,915,19]
06-28 01:20:03.100 1603 10991 I am_uid_stopped: 10086
06-28 01:20:03.105 1603 1720 I am_pss : [7511,10096,com.tencent.qqmusicpad,25476096,13389824,0,102256640,0,4,7]
06-28 01:20:03.115 11621 11621 I auditd : type=1400 audit(0.0:5583): avc: denied { read } for comm="pool-10-thread-" name="tcp" dev="proc" ino=4026532265 scontext=u:r:untrusted_app_29:s0:c124,c256,c512,c768 tcontext=u:object_r:proc_net_tcp_udp:s0 tclass=file permissive=0 app=com.kuaishou.nebula
06-28 01:20:03.117 1603 10991 I am_proc_died: [0,10144,com.thundercomm.gamemode.provider,935,19]
06-28 01:20:03.118 1603 10991 I am_uid_stopped: 10064
06-28 01:20:03.125 1603 1720 I am_pss : [7603,10096,com.tencent.qqmusicpad:wns,23847936,11034624,0,98799616,0,4,6]
06-28 01:20:03.183 11621 11621 I auditd : type=1400 audit(0.0:5584): avc: denied { search } for comm="pool-10-thread-" name="asound" dev="proc" ino=4026532151 scontext=u:r:untrusted_app_29:s0:c124,c256,c512,c768 tcontext=u:object_r:proc_asound:s0 tclass=dir permissive=0 app=com.kuaishou.nebula
06-28 01:20:03.191 11621 11621 I auditd : type=1400 audit(0.0:5585): avc: denied { search } for comm="pool-10-thread-" name="asound" dev="proc" ino=4026532151 scontext=u:r:untrusted_app_29:s0:c124,c256,c512,c768 tcontext=u:object_r:proc_asound:s0 tclass=dir permissive=0 app=com.kuaishou.nebula
06-28 01:20:03.191 11621 11621 I auditd : type=1400 audit(0.0:5586): avc: denied { read } for comm="pool-10-thread-" name="u:object_r:serialno_prop:s0" dev="tmpfs" ino=12620 scontext=u:r:untrusted_app_29:s0:c124,c256,c512,c768 tcontext=u:object_r:serialno_prop:s0 tclass=file permissive=0 app=com.kuaishou.nebula
06-28 01:20:03.207 11621 11621 I auditd : type=1400 audit(0.0:5587): avc: denied { search } for comm="pool-10-thread-" name="asound" dev="proc" ino=4026532151 scontext=u:r:untrusted_app_29:s0:c124,c256,c512,c768 tcontext=u:object_r:proc_asound:s0 tclass=dir permissive=0 app=com.kuaishou.nebula
06-28 01:20:03.218 1603 11911 I am_proc_died: [0,11619,com.smile.gifmaker,905,19]
06-28 01:20:03.218 1603 11911 I am_uid_stopped: 10103
06-28 01:20:03.978 1603 1708 I commit_sys_config_file: [jobs,10]
06-28 01:20:04.123 11974 11974 I auditd : type=1400 audit(0.0:5688): avc: denied { read } for comm="getenforce" name="enforce" dev="selinuxfs" ino=4 scontext=u:r:untrusted_app_29:s0:c124,c256,c512,c768 tcontext=u:object_r:selinuxfs:s0 tclass=file permissive=0
06-28 01:20:04.191 11978 11978 I auditd : type=1400 audit(0.0:5689): avc: denied { read } for comm="ps" name="pid_max" dev="proc" ino=159948 scontext=u:r:untrusted_app_29:s0:c124,c256,c512,c768 tcontext=u:object_r:proc_pid_max:s0 tclass=file permissive=0 app=com.kuaishou.nebula
06-28 01:20:04.267 11621 11621 I auditd : type=1400 audit(0.0:5690): avc: denied { search } for comm="pool-20-thread-" name="asound" dev="proc" ino=4026532151 scontext=u:r:untrusted_app_29:s0:c124,c256,c512,c768 tcontext=u:object_r:proc_asound:s0 tclass=dir permissive=0 app=com.kuaishou.nebula
06-28 01:20:04.267 11621 11621 I auditd : type=1400 audit(0.0:5691): avc: denied { read } for comm="pool-20-thread-" name="enforce" dev="selinuxfs" ino=4 scontext=u:r:untrusted_app_29:s0:c124,c256,c512,c768 tcontext=u:object_r:selinuxfs:s0 tclass=file permissive=0 app=com.kuaishou.nebula
06-28 01:20:04.271 11621 11621 I auditd : type=1400 audit(0.0:5692): avc: denied { read } for comm="pool-20-thread-" name="tcp" dev="proc" ino=4026532265 scontext=u:r:untrusted_app_29:s0:c124,c256,c512,c768 tcontext=u:object_r:proc_net_tcp_udp:s0 tclass=file permissive=0 app=com.kuaishou.nebula
06-28 01:20:04.645 11621 11701 I service_manager_stats: [200,115,234082]
06-28 01:20:06.403 11621 11621 I auditd : type=1400 audit(0.0:5698): avc: granted { execute } for comm="ela_global-io" path="/data/user/0/com.kuaishou.nebula/app_DvaPlugin/klp_so/-55755741/so/libklp_pull_client_shared.so" dev="dm-21" ino=499905 scontext=u:r:untrusted_app_29:s0:c124,c256,c512,c768 tcontext=u:object_r:app_data_file:s0:c124,c256,c512,c768 tclass=file app=com.kuaishou.nebula
06-28 01:20:06.443 1603 1931 I netstats_mobile_sample: [0,0,0,0,0,0,0,0,0,0,0,0,1687886406443]
06-28 01:20:06.443 1603 1931 I netstats_wifi_sample: [90126162,68879,4587957,25201,90126162,68879,4587957,25201,93878434,74559,4082250,24217,1687886406443]
06-28 01:20:06.943 1603 2172 I ntp_failure: [time.android.com/216.239.35.12,java.net.SocketTimeoutException: Poll timed out]
06-28 01:20:09.214 1603 1931 I netstats_mobile_sample: [0,0,0,0,0,0,0,0,0,0,0,0,1687886409214]
06-28 01:20:09.215 1603 1931 I netstats_wifi_sample: [93851071,71959,4720783,27080,93851071,71959,4720783,27080,97699015,78005,4211397,26124,1687886409214]
06-28 01:20:09.798 11621 11701 I service_manager_stats: [599,434,5152]
06-28 01:20:10.387 11621 11621 I auditd : type=1400 audit(0.0:5699): avc: granted { execute } for comm="ela_global-io" path="/data/user/0/com.kuaishou.nebula/app_DvaPlugin/krn_arm64-v8a/-821563073/so/libfb.so" dev="dm-21" ino=496069 scontext=u:r:untrusted_app_29:s0:c124,c256,c512,c768 tcontext=u:object_r:app_data_file:s0:c124,c256,c512,c768 tclass=file app=com.kuaishou.nebula
06-28 01:20:10.403 11621 11621 I auditd : type=1400 audit(0.0:5700): avc: granted { execute } for comm="ela_global-io" path="/data/user/0/com.kuaishou.nebula/app_DvaPlugin/krn_arm64-v8a/-821563073/so/libfbjni.so" dev="dm-21" ino=495876 scontext=u:r:untrusted_app_29:s0:c124,c256,c512,c768 tcontext=u:object_r:app_data_file:s0:c124,c256,c512,c768 tclass=file app=com.kuaishou.nebula
06-28 01:20:10.483 11621 11621 I auditd : type=1400 audit(0.0:5701): avc: granted { execute } for comm="ela_global-io" path="/data/user/0/com.kuaishou.nebula/app_DvaPlugin/krn_arm64-v8a/-821563073/so/libglog.so" dev="dm-21" ino=496338 scontext=u:r:untrusted_app_29:s0:c124,c256,c512,c768 tcontext=u:object_r:app_data_file:s0:c124,c256,c512,c768 tclass=file app=com.kuaishou.nebula
06-28 01:20:10.487 11621 11621 I auditd : type=1400 audit(0.0:5702): avc: granted { execute } for comm="ela_global-io" path="/data/user/0/com.kuaishou.nebula/app_DvaPlugin/krn_arm64-v8a/-821563073/so/libfolly_json.so" dev="dm-21" ino=496067 scontext=u:r:untrusted_app_29:s0:c124,c256,c512,c768 tcontext=u:object_r:app_data_file:s0:c124,c256,c512,c768 tclass=file app=com.kuaishou.nebula
06-28 01:20:10.491 11621 11621 I auditd : type=1400 audit(0.0:5703): avc: granted { execute } for comm="ela_global-io" path="/data/user/0/com.kuaishou.nebula/app_DvaPlugin/krn_arm64-v8a/-821563073/so/libtrace.so" dev="dm-21" ino=496066 scontext=u:r:untrusted_app_29:s0:c124,c256,c512,c768 tcontext=u:object_r:app_data_file:s0:c124,c256,c512,c768 tclass=file app=com.kuaishou.nebula
06-28 01:20:10.503 11621 11621 I auditd : type=1400 audit(0.0:5704): avc: granted { execute } for comm="ela_global-io" path="/data/user/0/com.kuaishou.nebula/app_DvaPlugin/krn_arm64-v8a/-821563073/so/libreactmarker.so" dev="dm-21" ino=357490 scontext=u:r:untrusted_app_29:s0:c124,c256,c512,c768 tcontext=u:object_r:app_data_file:s0:c124,c256,c512,c768 tclass=file app=com.kuaishou.nebula
06-28 01:20:10.511 11621 11621 I auditd : type=1400 audit(0.0:5705): avc: granted { execute } for comm="ela_global-io" path="/data/user/0/com.kuaishou.nebula/app_DvaPlugin/krn_arm64-v8a/-821563073/so/libreactnativejni.so" dev="dm-21" ino=496041 scontext=u:r:untrusted_app_29:s0:c124,c256,c512,c768 tcontext=u:object_r:app_data_file:s0:c124,c256,c512,c768 tclass=file app=com.kuaishou.nebula
06-28 01:20:10.551 11621 11621 I auditd : type=1400 audit(0.0:5706): avc: granted { execute } for comm="ela_global-io" path="/data/user/0/com.kuaishou.nebula/app_DvaPlugin/krn_arm64-v8a/-821563073/so/libbasejni.so" dev="dm-21" ino=496406 scontext=u:r:untrusted_app_29:s0:c124,c256,c512,c768 tcontext=u:object_r:app_data_file:s0:c124,c256,c512,c768 tclass=file app=com.kuaishou.nebula
06-28 01:20:10.559 11621 11621 I auditd : type=1400 audit(0.0:5707): avc: granted { execute } for comm="ela_global-io" path="/data/user/0/com.kuaishou.nebula/app_DvaPlugin/krn_arm64-v8a/-821563073/so/libkwai-v8-lite-executor.so" dev="dm-21" ino=496314 scontext=u:r:untrusted_app_29:s0:c124,c256,c512,c768 tcontext=u:object_r:app_data_file:s0:c124,c256,c512,c768 tclass=file app=com.kuaishou.nebula
06-28 01:20:10.861 1603 1931 I netstats_mobile_sample: [0,0,0,0,0,0,0,0,0,0,0,0,1687886410861]
06-28 01:20:10.861 1603 1931 I netstats_wifi_sample: [96917889,74413,4806231,28390,96917889,74413,4806231,28390,100905008,80683,4287787,27424,1687886410861]
06-28 01:20:11.951 1603 2172 I ntp_failure: [time.android.com/216.239.35.0,java.net.SocketTimeoutException: Poll timed out]
06-28 01:20:12.481 1603 1931 I netstats_mobile_sample: [0,0,0,0,0,0,0,0,0,0,0,0,1687886412481]
06-28 01:20:12.481 1603 1931 I netstats_wifi_sample: [100333317,77139,4955560,30698,100333317,77139,4955560,30698,104296363,83390,4437076,29731,1687886412481]
06-28 01:20:13.991 1603 1931 I netstats_mobile_sample: [0,0,0,0,0,0,0,0,0,0,0,0,1687886413991]
06-28 01:20:13.991 1603 1931 I netstats_wifi_sample: [108106057,82434,5103812,32609,108106057,82434,5103812,32609,112186234,88795,4576034,31627,1687886413991]
06-28 01:20:14.933 11621 11701 I service_manager_stats: [302,147,5136]
06-28 01:20:15.411 11621 11621 I auditd : type=1400 audit(0.0:5708): avc: granted { execute } for comm="create_react_co" path="/data/user/0/com.kuaishou.nebula/app_DvaPlugin/mini_j2v8_group/-2144762961/so/libkwai-v8.so" dev="dm-21" ino=304268 scontext=u:r:untrusted_app_29:s0:c124,c256,c512,c768 tcontext=u:object_r:app_data_file:s0:c124,c256,c512,c768 tclass=file app=com.kuaishou.nebula
06-28 01:20:15.439 11621 11621 I auditd : type=1400 audit(0.0:5709): avc: granted { execute } for comm="create_react_co" path="/data/user/0/com.kuaishou.nebula/app_DvaPlugin/krn_arm64-v8a/-821563073/so/libkwai-v8-executor.so" dev="dm-21" ino=496416 scontext=u:r:untrusted_app_29:s0:c124,c256,c512,c768 tcontext=u:object_r:app_data_file:s0:c124,c256,c512,c768 tclass=file app=com.kuaishou.nebula
06-28 01:20:16.279 11621 11621 I auditd : type=1400 audit(0.0:5710): avc: granted { execute } for comm="ela_global-io" path="/data/user/0/com.kuaishou.nebula/app_DvaPlugin/video_arm64-v8a/-879099695/so/libPNG.so" dev="dm-21" ino=499632 scontext=u:r:untrusted_app_29:s0:c124,c256,c512,c768 tcontext=u:object_r:app_data_file:s0:c124,c256,c512,c768 tclass=file app=com.kuaishou.nebula
06-28 01:20:16.295 11621 11621 I auditd : type=1400 audit(0.0:5711): avc: granted { execute } for comm="ela_global-io" path="/data/user/0/com.kuaishou.nebula/app_DvaPlugin/video_arm64-v8a/-879099695/so/libCGE.so" dev="dm-21" ino=499620 scontext=u:r:untrusted_app_29:s0:c124,c256,c512,c768 tcontext=u:object_r:app_data_file:s0:c124,c256,c512,c768 tclass=file app=com.kuaishou.nebula
06-28 01:20:16.415 11621 11621 I auditd : type=1400 audit(0.0:5712): avc: granted { execute } for comm="ela_global-io" path="/data/user/0/com.kuaishou.nebula/app_DvaPlugin/video_arm64-v8a/-879099695/so/libdaenerys.so" dev="dm-21" ino=499631 scontext=u:r:untrusted_app_29:s0:c124,c256,c512,c768 tcontext=u:object_r:app_data_file:s0:c124,c256,c512,c768 tclass=file app=com.kuaishou.nebula
06-28 01:20:16.443 11621 11621 I auditd : type=1400 audit(0.0:5713): avc: granted { execute } for comm="ela_global-io" path="/data/user/0/com.kuaishou.nebula/app_DvaPlugin/video_arm64-v8a/-879099695/so/libwesteros.so" dev="dm-21" ino=499619 scontext=u:r:untrusted_app_29:s0:c124,c256,c512,c768 tcontext=u:object_r:app_data_file:s0:c124,c256,c512,c768 tclass=file app=com.kuaishou.nebula
06-28 01:20:16.623 11621 11621 I auditd : type=1400 audit(0.0:5714): avc: granted { execute } for comm="ela_global-io" path="/data/user/0/com.kuaishou.nebula/app_DvaPlugin/ykit/-1738002658/so/libykit.so" dev="dm-21" ino=494294 scontext=u:r:untrusted_app_29:s0:c124,c256,c512,c768 tcontext=u:object_r:app_data_file:s0:c124,c256,c512,c768 tclass=file app=com.kuaishou.nebula
