06-28 10:22:16.370 1603 1992 I sync : [com.tencent.android.qqdownloader.YYBLiveAccountProvider,1,3,24220937]
06-28 10:22:16.372 1603 1992 I commit_sys_config_file: [sync-status,750338]
06-28 10:22:18.325 1603 1708 I commit_sys_config_file: [jobs,8]
06-28 10:22:22.233 1603 1931 I service_manager_stats: [100,73,113606]
06-28 10:22:22.246 1603 1931 I netstats_mobile_sample: [0,0,0,0,0,0,0,0,0,0,0,0,1687918942245]
06-28 10:22:22.246 1603 1931 I netstats_wifi_sample: [263500131,223326,23291702,127633,263500131,223326,23291702,127633,276965539,246608,18952872,118728,1687918942245]
06-28 10:22:22.559 1603 1721 I am_uid_running: 10104
06-28 10:22:22.576 1603 1722 I am_proc_start: [0,13338,10104,com.ss.android.ugc.aweme:push,service,{com.ss.android.ugc.aweme/com.ss.android.newmedia.redbadge.RedBadgePushProcessService}]
06-28 10:22:22.611 1603 2092 I am_proc_bound: [0,13338,com.ss.android.ugc.aweme:push]
06-28 10:22:22.619 1603 2092 I am_stop_idle_service: [10104,com.ss.android.ugc.aweme/com.ss.android.newmedia.redbadge.RedBadgePushProcessService]
06-28 10:22:23.083 1603 1722 I am_proc_start: [0,13424,10104,com.ss.android.ugc.aweme,content provider,{com.ss.android.ugc.aweme/com.bytedance.mira.pm.PluginPackageManagerProvider}]
06-28 10:22:23.109 1603 2092 I am_proc_bound: [0,13424,com.ss.android.ugc.aweme]
06-28 10:22:23.801 13424 13424 I auditd : type=1400 audit(0.0:12957): avc: granted { execute } for comm="#tp-io-41" path="/data/user/0/com.ss.android.ugc.aweme/files/webview_bytedance/e098d2c121417799e1cfdecc90f33767_md5/libwebviewbytedance.so" dev="dm-21" ino=371299 scontext=u:r:untrusted_app_29:s0:c104,c256,c512,c768 tcontext=u:object_r:app_data_file:s0:c104,c256,c512,c768 tclass=file app=com.ss.android.ugc.aweme
06-28 10:22:23.961 13424 13424 I auditd : type=1400 audit(0.0:12958): avc: granted { nlmsg_readpriv } for comm="TTNet-AN-IO" scontext=u:r:untrusted_app_29:s0:c104,c256,c512,c768 tcontext=u:r:untrusted_app_29:s0:c104,c256,c512,c768 tclass=netlink_route_socket app=com.ss.android.ugc.aweme
06-28 10:22:24.166 1603 5445 I am_kill : [0,13424,com.ss.android.ugc.aweme,905,empty #2]
06-28 10:22:24.169 13338 13407 I service_manager_slow: [53,batterystats]
06-28 10:22:24.169 1603 5445 I am_kill : [0,12381,com.ss.android.ugc.aweme.lite,905,empty #3]
06-28 10:22:24.169 1603 1603 I auditd : type=1400 audit(0.0:12959): avc: denied { getattr } for comm="ActivityManager" path="/data/tlog/fatal/dropbox" dev="dm-21" ino=499138 scontext=u:r:system_server:s0 tcontext=u:object_r:tlog_data_file:s0 tclass=dir permissive=0
06-28 10:22:24.174 1603 1721 I am_wtf : [0,13338,system_server,-1,ContentProviderHelper,ProcessRecord{caccc8f 13424:com.ss.android.ugc.aweme/u0a104} was killed by AM but isn't really dead]
06-28 10:22:24.317 1603 3295 I am_proc_died: [0,13424,com.ss.android.ugc.aweme,905,19]
06-28 10:22:24.318 1603 3295 I am_kill : [0,13338,com.ss.android.ugc.aweme:push,905,depends on provider com.ss.android.ugc.aweme/com.ss.android.common.util.MultiProcessSharedProvider in dying proc com.ss.android.ugc.aweme (adj -10000)]
06-28 10:22:24.323 1603 3295 I am_schedule_service_restart: [0,com.ss.android.ugc.aweme/com.bytedance.common.process.service.CrossProcessServiceForMain,1000]
06-28 10:22:24.328 1603 1709 I am_uid_running: 10127
06-28 10:22:24.330 1603 1709 I am_uid_stopped: 10113
06-28 10:22:24.330 1603 1709 I am_uid_running: 10113
06-28 10:22:24.341 1603 1722 I am_proc_start: [0,13642,10104,com.ss.android.ugc.aweme,content provider,{com.ss.android.ugc.aweme/com.bytedance.apm.battery.dao.MonitorContentProvider}]
06-28 10:22:24.349 1603 1722 I am_proc_start: [0,13643,10127,com.zhihu.android,NULL,]
06-28 10:22:24.366 1603 6020 I am_proc_bound: [0,13643,com.zhihu.android]
06-28 10:22:24.369 1603 3295 I am_proc_bound: [0,13642,com.ss.android.ugc.aweme]
06-28 10:22:24.466 1603 6020 I am_proc_died: [0,13338,com.ss.android.ugc.aweme:push,905,19]
06-28 10:22:24.519 1603 3295 I am_proc_died: [0,12381,com.ss.android.ugc.aweme.lite,905,19]
06-28 10:22:24.532 1603 1722 I am_proc_start: [0,13677,10113,com.ss.android.ugc.aweme.lite,NULL,]
06-28 10:22:24.557 1603 3295 I am_proc_bound: [0,13677,com.ss.android.ugc.aweme.lite]
06-28 10:22:25.217 13642 13642 I auditd : type=1400 audit(0.0:12960): avc: granted { execute } for comm="#tp-io-32" path="/data/user/0/com.ss.android.ugc.aweme/files/webview_bytedance/e098d2c121417799e1cfdecc90f33767_md5/libwebviewbytedance.so" dev="dm-21" ino=371299 scontext=u:r:untrusted_app_29:s0:c104,c256,c512,c768 tcontext=u:object_r:app_data_file:s0:c104,c256,c512,c768 tclass=file app=com.ss.android.ugc.aweme
06-28 10:22:25.229 13936 13936 I auditd : type=1400 audit(0.0:12961): avc: denied { bind } for comm="ip" scontext=u:r:untrusted_app:s0:c127,c256,c512,c768 tcontext=u:r:untrusted_app:s0:c127,c256,c512,c768 tclass=netlink_route_socket permissive=0 bug=b/155595000
06-28 10:22:25.309 13949 13949 I auditd : type=1400 audit(0.0:12962): avc: denied { bind } for comm="ip" scontext=u:r:untrusted_app:s0:c127,c256,c512,c768 tcontext=u:r:untrusted_app:s0:c127,c256,c512,c768 tclass=netlink_route_socket permissive=0 bug=b/155595000
06-28 10:22:25.604 1603 1722 I am_proc_start: [0,14075,10104,com.ss.android.ugc.aweme:push,service,{com.ss.android.ugc.aweme/com.bytedance.common.process.service.CrossProcessServiceForPush}]
06-28 10:22:25.628 1603 5445 I am_proc_bound: [0,14075,com.ss.android.ugc.aweme:push]
06-28 10:22:25.685 13985 13985 I auditd : type=1400 audit(0.0:12963): avc: denied { bind } for comm="ip" scontext=u:r:untrusted_app:s0:c127,c256,c512,c768 tcontext=u:r:untrusted_app:s0:c127,c256,c512,c768 tclass=netlink_route_socket permissive=0 bug=b/155595000 app=com.zhihu.android
06-28 10:22:25.758 1603 9021 I am_kill : [0,13642,com.ss.android.ugc.aweme,905,empty #2]
06-28 10:22:25.759 1603 9021 I am_kill : [0,13643,com.zhihu.android,905,empty #3]
06-28 10:22:26.217 13677 13677 I auditd : type=1400 audit(0.0:12964): avc: granted { nlmsg_readpriv } for comm="TTNet-AN-IO" scontext=u:r:untrusted_app_29:s0:c113,c256,c512,c768 tcontext=u:r:untrusted_app_29:s0:c113,c256,c512,c768 tclass=netlink_route_socket app=com.ss.android.ugc.aweme.lite
06-28 10:22:26.305 13677 13677 I auditd : type=1400 audit(0.0:12965): avc: granted { execute } for comm="#GlobalProxyLan" path="/data/user/0/com.ss.android.ugc.aweme.lite/files/plugins/com.ss.android.ugc.aweme.videocache_v2/version-25909062/lib/libavmdlv2.so" dev="dm-21" ino=83754 scontext=u:r:untrusted_app_29:s0:c113,c256,c512,c768 tcontext=u:object_r:app_data_file:s0:c113,c256,c512,c768 tclass=file app=com.ss.android.ugc.aweme.lite
06-28 10:22:26.335 1603 5445 I am_proc_died: [0,13643,com.zhihu.android,905,19]
06-28 10:22:26.336 1603 5445 I am_uid_stopped: 10127
06-28 10:22:26.345 13677 13677 I auditd : type=1400 audit(0.0:12966): avc: granted { execute } for comm="#tp-default-33" path="/data/user/0/com.ss.android.ugc.aweme.lite/files/plugins/com.ss.android.ugc.aweme.v8/version-258090010/lib/libv8_libfull.cr.so" dev="dm-21" ino=336566 scontext=u:r:untrusted_app_29:s0:c113,c256,c512,c768 tcontext=u:object_r:app_data_file:s0:c113,c256,c512,c768 tclass=file app=com.ss.android.ugc.aweme.lite
06-28 10:22:26.373 13677 13677 I auditd : type=1400 audit(0.0:12967): avc: granted { execute } for comm="#tp-default-33" path="/data/user/0/com.ss.android.ugc.aweme.lite/files/plugins/com.ss.android.ugc.aweme.vmsdk_plugin/version-258090010/lib/libnapi_v8.so" dev="dm-21" ino=336498 scontext=u:r:untrusted_app_29:s0:c113,c256,c512,c768 tcontext=u:object_r:app_data_file:s0:c113,c256,c512,c768 tclass=file app=com.ss.android.ugc.aweme.lite
06-28 10:22:26.396 1603 5445 I netstats_mobile_sample: [0,0,0,0,0,0,0,0,0,0,0,0,1687918946396]
06-28 10:22:26.396 1603 5445 I netstats_wifi_sample: [263580206,223534,23369006,127916,263580206,223534,23369006,127916,277079398,246867,18998688,118947,1687918946396]
06-28 10:22:26.622 1603 1721 I am_wtf : [0,14075,system_server,-1,ContentProviderHelper,ProcessRecord{95ae0a4 13642:com.ss.android.ugc.aweme/u0a104} was killed by AM but isn't really dead]
06-28 10:22:26.625 1603 1603 I auditd : type=1400 audit(0.0:12968): avc: denied { getattr } for comm="ActivityManager" path="/data/tlog/fatal/dropbox" dev="dm-21" ino=499138 scontext=u:r:system_server:s0 tcontext=u:object_r:tlog_data_file:s0 tclass=dir permissive=0
06-28 10:22:26.625 1603 1603 I auditd : type=1400 audit(0.0:12969): avc: denied { getattr } for comm="ActivityManager" path="/data/tlog/fatal/dropbox" dev="dm-21" ino=499138 scontext=u:r:system_server:s0 tcontext=u:object_r:tlog_data_file:s0 tclass=dir permissive=0
06-28 10:22:26.630 1603 1721 I am_wtf : [0,14075,system_server,-1,ContentProviderHelper,ProcessRecord{95ae0a4 13642:com.ss.android.ugc.aweme/u0a104} was killed by AM but isn't really dead]
06-28 10:22:26.697 1603 2091 I am_proc_died: [0,13642,com.ss.android.ugc.aweme,905,19]
06-28 10:22:26.699 1603 2091 I am_schedule_service_restart: [0,com.ss.android.ugc.aweme/com.bytedance.common.process.service.CrossProcessServiceForMain,1000]
06-28 10:22:26.704 1603 1709 I am_uid_running: 10127
06-28 10:22:26.714 1603 1722 I am_proc_start: [0,14269,10104,com.ss.android.ugc.aweme,content provider,{com.ss.android.ugc.aweme/com.bytedance.push.settings.storage.MainProcessSettingsProvider}]
06-28 10:22:26.728 1603 1722 I am_proc_start: [0,14270,10127,com.zhihu.android,NULL,]
06-28 10:22:26.742 1603 2091 I am_proc_bound: [0,14269,com.ss.android.ugc.aweme]
06-28 10:22:26.748 1603 1603 I notification_enqueue: [10101,9357,com.tencent.android.qqdownloader,127,NULL,0,Notification(channel=channel_id_default_silent shortcut=null contentView=com.tencent.android.qqdownloader/0x7f0a01c2 vibrate=null sound=null defaults=0x0 flags=0x2a2 color=0x00000000 groupKey=com.tencent.android.qqdownloader vis=PRIVATE),1]
06-28 10:22:26.750 1603 2091 I am_proc_bound: [0,14270,com.zhihu.android]
06-28 10:22:27.741 1603 5445 I am_kill : [0,13677,com.ss.android.ugc.aweme.lite,905,empty #2]
06-28 10:22:27.893 14269 14269 I auditd : type=1400 audit(0.0:12970): avc: granted { execute } for comm="#tp-io-38" path="/data/user/0/com.ss.android.ugc.aweme/files/webview_bytedance/e098d2c121417799e1cfdecc90f33767_md5/libwebviewbytedance.so" dev="dm-21" ino=371299 scontext=u:r:untrusted_app_29:s0:c104,c256,c512,c768 tcontext=u:object_r:app_data_file:s0:c104,c256,c512,c768 tclass=file app=com.ss.android.ugc.aweme
06-28 10:22:28.189 14561 14561 I auditd : type=1400 audit(0.0:12971): avc: denied { bind } for comm="ip" scontext=u:r:untrusted_app:s0:c127,c256,c512,c768 tcontext=u:r:untrusted_app:s0:c127,c256,c512,c768 tclass=netlink_route_socket permissive=0 bug=b/155595000 app=com.zhihu.android
06-28 10:22:28.349 14601 14601 I auditd : type=1400 audit(0.0:12972): avc: denied { bind } for comm="ip" scontext=u:r:untrusted_app:s0:c127,c256,c512,c768 tcontext=u:r:untrusted_app:s0:c127,c256,c512,c768 tclass=netlink_route_socket permissive=0 bug=b/155595000
06-28 10:22:28.385 14617 14617 I auditd : type=1400 audit(0.0:12973): avc: denied { bind } for comm="ip" scontext=u:r:untrusted_app:s0:c127,c256,c512,c768 tcontext=u:r:untrusted_app:s0:c127,c256,c512,c768 tclass=netlink_route_socket permissive=0 bug=b/155595000 app=com.zhihu.android
06-28 10:22:28.474 14075 14255 I service_manager_slow: [55,isub]
06-28 10:22:28.569 14269 14269 I auditd : type=1400 audit(0.0:12974): avc: granted { nlmsg_readpriv } for comm="TTNet-AN-IO" scontext=u:r:untrusted_app_29:s0:c104,c256,c512,c768 tcontext=u:r:untrusted_app_29:s0:c104,c256,c512,c768 tclass=netlink_route_socket app=com.ss.android.ugc.aweme
06-28 10:22:28.613 14269 14269 I auditd : type=1400 audit(0.0:12975): avc: granted { execute } for comm="VideoPreloadHan" path="/data/user/0/com.ss.android.ugc.aweme/files/plugins/com.ss.android.ugc.aweme.videocache_v2/version-2300/lib/libavmdlv2.so" dev="dm-21" ino=310178 scontext=u:r:untrusted_app_29:s0:c104,c256,c512,c768 tcontext=u:object_r:app_data_file:s0:c104,c256,c512,c768 tclass=file app=com.ss.android.ugc.aweme
06-28 10:22:28.625 14660 14660 I auditd : type=1400 audit(0.0:12976): avc: denied { read } for comm="ZIDThreadPoolEx" name="u:object_r:qemu_hw_prop:s0" dev="tmpfs" ino=12608 scontext=u:r:untrusted_app:s0:c127,c256,c512,c768 tcontext=u:object_r:qemu_hw_prop:s0 tclass=file permissive=0 app=com.zhihu.android
06-28 10:22:28.649 1603 5445 I am_kill : [0,14075,com.ss.android.ugc.aweme:push,905,empty #2]
06-28 10:22:28.651 1603 5445 I am_kill : [0,14270,com.zhihu.android,905,empty #3]
06-28 10:22:28.721 1603 1861 I am_proc_died: [0,13677,com.ss.android.ugc.aweme.lite,905,19]
06-28 10:22:28.722 1603 1861 I am_uid_stopped: 10113
06-28 10:22:28.954 1603 1861 I am_proc_died: [0,14270,com.zhihu.android,905,19]
06-28 10:22:28.955 1603 1861 I am_uid_stopped: 10127
06-28 10:22:29.066 1603 1861 I am_proc_died: [0,14075,com.ss.android.ugc.aweme:push,905,19]
06-28 10:22:29.068 1603 1861 I am_schedule_service_restart: [0,com.ss.android.ugc.aweme/com.bytedance.common.process.service.CrossProcessServiceForPush,1000]
06-28 10:22:30.086 1603 1722 I am_proc_start: [0,14771,10104,com.ss.android.ugc.aweme:push,service,{com.ss.android.ugc.aweme/com.bytedance.common.process.service.CrossProcessServiceForPush}]
06-28 10:22:30.121 1603 13590 I am_proc_bound: [0,14771,com.ss.android.ugc.aweme:push]
06-28 10:22:30.723 1603 13590 I am_kill : [0,14771,com.ss.android.ugc.aweme:push,905,empty #2]
06-28 10:22:30.801 1603 13590 I am_proc_died: [0,14771,com.ss.android.ugc.aweme:push,905,19]
06-28 10:22:30.803 1603 13590 I am_schedule_service_restart: [0,com.ss.android.ugc.aweme/com.bytedance.common.process.service.CrossProcessServiceForPush,4000]
06-28 10:22:34.829 1603 1722 I am_proc_start: [0,15057,10104,com.ss.android.ugc.aweme:push,service,{com.ss.android.ugc.aweme/com.bytedance.common.process.service.CrossProcessServiceForPush}]
06-28 10:22:34.862 1603 13590 I am_proc_bound: [0,15057,com.ss.android.ugc.aweme:push]
06-28 10:22:35.536 1603 2092 I am_kill : [0,15057,com.ss.android.ugc.aweme:push,905,empty #2]
06-28 10:22:35.626 1603 11911 I am_proc_died: [0,15057,com.ss.android.ugc.aweme:push,905,19]
06-28 10:22:35.628 1603 11911 I am_schedule_service_restart: [0,com.ss.android.ugc.aweme/com.bytedance.common.process.service.CrossProcessServiceForPush,16000]
06-28 10:22:35.708 14269 14530 I liblog : 316
06-28 10:22:35.735 14269 14530 I liblog : 329
06-28 10:22:40.381 1603 1722 I am_proc_start: [0,15469,10104,com.ss.android.ugc.aweme:push,service,{com.ss.android.ugc.aweme/com.ss.android.message.log.LogService}]
06-28 10:22:40.413 1603 2092 I am_proc_bound: [0,15469,com.ss.android.ugc.aweme:push]
06-28 10:22:40.581 1603 1722 I am_proc_start: [0,15513,10104,com.ss.android.ugc.aweme:pushservice,service,{com.ss.android.ugc.aweme/com.xiaomi.push.service.XMPushService}]
06-28 10:22:40.600 1603 6020 I am_proc_bound: [0,15513,com.ss.android.ugc.aweme:pushservice]
06-28 10:22:41.158 1603 6020 I am_kill : [0,14269,com.ss.android.ugc.aweme,0,empty #2]
06-28 10:22:41.169 1603 1603 I auditd : type=1400 audit(0.0:12984): avc: denied { getattr } for comm="ActivityManager" path="/data/tlog/fatal/dropbox" dev="dm-21" ino=499138 scontext=u:r:system_server:s0 tcontext=u:object_r:tlog_data_file:s0 tclass=dir permissive=0
06-28 10:22:41.175 1603 1721 I am_wtf : [0,15469,system_server,-1,ContentProviderHelper,ProcessRecord{ff85313 14269:com.ss.android.ugc.aweme/u0a104} was killed by AM but isn't really dead]
06-28 10:22:41.231 1603 1721 I am_wtf : [0,15513,system_server,-1,ContentProviderHelper,ProcessRecord{ff85313 14269:com.ss.android.ugc.aweme/u0a104} was killed by AM but isn't really dead]
06-28 10:22:41.242 1603 1721 I am_wtf : [0,15513,system_server,-1,ContentProviderHelper,ProcessRecord{ff85313 14269:com.ss.android.ugc.aweme/u0a104} was killed by AM but isn't really dead]
06-28 10:22:41.225 1603 1603 I auditd : type=1400 audit(0.0:12985): avc: denied { getattr } for comm="ActivityManager" path="/data/tlog/fatal/dropbox" dev="dm-21" ino=499138 scontext=u:r:system_server:s0 tcontext=u:object_r:tlog_data_file:s0 tclass=dir permissive=0
06-28 10:22:41.245 1603 1603 I auditd : type=1400 audit(0.0:12986): avc: denied { getattr } for comm="ActivityManager" path="/data/tlog/fatal/dropbox" dev="dm-21" ino=499138 scontext=u:r:system_server:s0 tcontext=u:object_r:tlog_data_file:s0 tclass=dir permissive=0
06-28 10:22:41.371 1603 13590 I am_proc_died: [0,14269,com.ss.android.ugc.aweme,0,19]
06-28 10:22:41.374 1603 13590 I am_schedule_service_restart: [0,com.ss.android.ugc.aweme/com.bytedance.common.process.service.CrossProcessServiceForMain,1000]
06-28 10:22:41.384 1603 1709 I am_uid_running: 10127
06-28 10:22:41.386 1603 1709 I am_uid_running: 10113
06-28 10:22:41.390 1603 1722 I am_proc_start: [0,15841,10104,com.ss.android.ugc.aweme,content provider,{com.ss.android.ugc.aweme/com.bytedance.apm.battery.dao.MonitorContentProvider}]
06-28 10:22:41.402 1603 1722 I am_proc_start: [0,15843,10127,com.zhihu.android,NULL,]
06-28 10:22:41.410 1603 1722 I am_proc_start: [0,15850,10113,com.ss.android.ugc.aweme.lite,NULL,]
06-28 10:22:41.420 1603 13590 I am_proc_bound: [0,15841,com.ss.android.ugc.aweme]
06-28 10:22:41.431 1603 14582 I am_proc_bound: [0,15843,com.zhihu.android]
06-28 10:22:41.436 1603 13590 I am_proc_bound: [0,15850,com.ss.android.ugc.aweme.lite]
06-28 10:22:41.787 1603 1931 I netstats_mobile_sample: [0,0,0,0,0,0,0,0,0,0,0,0,1687918961787]
06-28 10:22:41.787 1603 1931 I netstats_wifi_sample: [264431082,225073,23878561,129626,264431082,225073,23878561,129626,278053305,248530,19409981,120461,1687918961787]
06-28 10:22:42.253 1603 14971 I am_kill : [0,15843,com.zhihu.android,905,empty #2]
06-28 10:22:42.453 1603 14971 I am_proc_died: [0,15843,com.zhihu.android,905,19]
06-28 10:22:42.454 1603 14971 I am_uid_stopped: 10127
06-28 10:22:42.593 15841 15841 I auditd : type=1400 audit(0.0:12987): avc: granted { execute } for comm="#tp-io-39" path="/data/user/0/com.ss.android.ugc.aweme/files/webview_bytedance/e098d2c121417799e1cfdecc90f33767_md5/libwebviewbytedance.so" dev="dm-21" ino=371299 scontext=u:r:untrusted_app_29:s0:c104,c256,c512,c768 tcontext=u:object_r:app_data_file:s0:c104,c256,c512,c768 tclass=file app=com.ss.android.ugc.aweme
06-28 10:22:42.793 15850 15850 I auditd : type=1400 audit(0.0:12988): avc: granted { nlmsg_readpriv } for comm="TTNet-AN-IO" scontext=u:r:untrusted_app_29:s0:c113,c256,c512,c768 tcontext=u:r:untrusted_app_29:s0:c113,c256,c512,c768 tclass=netlink_route_socket app=com.ss.android.ugc.aweme.lite
06-28 10:22:43.080 16294 16294 I liblog : 260
06-28 10:22:43.210 15513 15820 I liblog : 1
06-28 10:22:43.245 15850 15850 I auditd : type=1400 audit(0.0:12989): avc: granted { execute } for comm="#GlobalProxyLan" path="/data/user/0/com.ss.android.ugc.aweme.lite/files/plugins/com.ss.android.ugc.aweme.videocache_v2/version-25909062/lib/libavmdlv2.so" dev="dm-21" ino=83754 scontext=u:r:untrusted_app_29:s0:c113,c256,c512,c768 tcontext=u:object_r:app_data_file:s0:c113,c256,c512,c768 tclass=file app=com.ss.android.ugc.aweme.lite
06-28 10:22:43.449 15850 15850 I auditd : type=1400 audit(0.0:12990): avc: granted { execute } for comm="#tp-default-34" path="/data/user/0/com.ss.android.ugc.aweme.lite/files/plugins/com.ss.android.ugc.aweme.v8/version-258090010/lib/libv8_libfull.cr.so" dev="dm-21" ino=336566 scontext=u:r:untrusted_app_29:s0:c113,c256,c512,c768 tcontext=u:object_r:app_data_file:s0:c113,c256,c512,c768 tclass=file app=com.ss.android.ugc.aweme.lite
06-28 10:22:43.453 15841 16298 I service_manager_slow: [94,phone]
06-28 10:22:43.477 15850 15850 I auditd : type=1400 audit(0.0:12991): avc: granted { execute } for comm="#tp-default-34" path="/data/user/0/com.ss.android.ugc.aweme.lite/files/plugins/com.ss.android.ugc.aweme.vmsdk_plugin/version-258090010/lib/libnapi_v8.so" dev="dm-21" ino=336498 scontext=u:r:untrusted_app_29:s0:c113,c256,c512,c768 tcontext=u:object_r:app_data_file:s0:c113,c256,c512,c768 tclass=file app=com.ss.android.ugc.aweme.lite
06-28 10:22:43.485 15841 15841 I auditd : type=1400 audit(0.0:12992): avc: granted { nlmsg_readpriv } for comm="TTNet-AN-IO" scontext=u:r:untrusted_app_29:s0:c104,c256,c512,c768 tcontext=u:r:untrusted_app_29:s0:c104,c256,c512,c768 tclass=netlink_route_socket app=com.ss.android.ugc.aweme
06-28 10:22:43.777 15841 15841 I auditd : type=1400 audit(0.0:12993): avc: granted { execute } for comm="VideoPreloadHan" path="/data/user/0/com.ss.android.ugc.aweme/files/plugins/com.ss.android.ugc.aweme.videocache_v2/version-2300/lib/libavmdlv2.so" dev="dm-21" ino=310178 scontext=u:r:untrusted_app_29:s0:c104,c256,c512,c768 tcontext=u:object_r:app_data_file:s0:c104,c256,c512,c768 tclass=file app=com.ss.android.ugc.aweme
06-28 10:22:44.093 1603 14582 I am_kill : [0,15850,com.ss.android.ugc.aweme.lite,905,empty #2]
06-28 10:22:44.096 1603 14582 I am_kill : [0,15513,com.ss.android.ugc.aweme:pushservice,905,empty #3]
06-28 10:22:44.097 1603 14582 I am_kill : [0,15469,com.ss.android.ugc.aweme:push,905,empty #4]
06-28 10:22:44.261 15841 15841 I auditd : type=1400 audit(0.0:12997): avc: granted { execute } for comm="#tp-io-86" path="/data/user/0/com.ss.android.ugc.aweme/files/plugins/com.ss.android.ugc.aweme.v8/version-24509001/lib/libv8_libfull.cr.so" dev="dm-21" ino=314874 scontext=u:r:untrusted_app_29:s0:c104,c256,c512,c768 tcontext=u:object_r:app_data_file:s0:c104,c256,c512,c768 tclass=file app=com.ss.android.ugc.aweme
06-28 10:22:44.269 15841 15841 I auditd : type=1400 audit(0.0:12998): avc: granted { execute } for comm="#tp-io-86" path="/data/user/0/com.ss.android.ugc.aweme/files/plugins/com.ss.android.ugc.aweme.vmsdk_plugin/version-248090010/lib/libnapi_v8.so" dev="dm-21" ino=315581 scontext=u:r:untrusted_app_29:s0:c104,c256,c512,c768 tcontext=u:object_r:app_data_file:s0:c104,c256,c512,c768 tclass=file app=com.ss.android.ugc.aweme
06-28 10:22:44.310 1603 6928 I am_proc_died: [0,15469,com.ss.android.ugc.aweme:push,905,19]
06-28 10:22:44.313 1603 6928 I am_schedule_service_restart: [0,com.ss.android.ugc.aweme/com.bytedance.common.process.service.CrossProcessServiceForPush,64000]
06-28 10:22:44.448 1603 6928 I am_proc_died: [0,15513,com.ss.android.ugc.aweme:pushservice,905,19]
06-28 10:22:44.449 1603 6928 I am_schedule_service_restart: [0,com.ss.android.ugc.aweme/com.bytedance.common.process.service.CrossProcessServiceForPushService,1000]
06-28 10:22:44.515 1603 6928 I am_proc_died: [0,15850,com.ss.android.ugc.aweme.lite,905,19]
06-28 10:22:44.516 1603 6928 I am_uid_stopped: 10113
06-28 10:22:45.477 1603 1722 I am_proc_start: [0,16560,10104,com.ss.android.ugc.aweme:pushservice,service,{com.ss.android.ugc.aweme/com.bytedance.common.process.service.CrossProcessServiceForPushService}]
06-28 10:22:45.519 1603 6928 I am_proc_bound: [0,16560,com.ss.android.ugc.aweme:pushservice]
06-28 10:22:46.130 16688 16688 I liblog : 169
06-28 10:22:46.151 16560 16711 I liblog : 2
06-28 10:22:46.207 1603 2092 I am_kill : [0,16560,com.ss.android.ugc.aweme:pushservice,905,empty #2]
06-28 10:22:46.278 1603 2092 I am_proc_died: [0,16560,com.ss.android.ugc.aweme:pushservice,905,19]
06-28 10:22:46.281 1603 2092 I am_schedule_service_restart: [0,com.ss.android.ugc.aweme/com.bytedance.common.process.service.CrossProcessServiceForPushService,4000]
06-28 10:22:50.311 1603 1722 I am_proc_start: [0,17122,10104,com.ss.android.ugc.aweme:pushservice,service,{com.ss.android.ugc.aweme/com.bytedance.common.process.service.CrossProcessServiceForPushService}]
06-28 10:22:50.344 1603 1861 I am_proc_bound: [0,17122,com.ss.android.ugc.aweme:pushservice]
06-28 10:22:50.904 15841 16064 I liblog : 249
06-28 10:22:50.904 15841 16064 I liblog : 2
06-28 10:22:50.915 15841 16064 I liblog : 334
06-28 10:22:51.027 17236 17236 I liblog : 179
06-28 10:22:51.032 17236 17236 I liblog : 171
06-28 10:22:51.032 17236 17236 I liblog : 4
06-28 10:22:51.032 17236 17236 I liblog : 1
06-28 10:22:51.034 17236 17236 I liblog : 112
06-28 10:22:51.034 17236 17236 I liblog : 1
06-28 10:22:51.071 17122 17173 I liblog : 2
06-28 10:22:51.113 1603 5445 I am_kill : [0,17122,com.ss.android.ugc.aweme:pushservice,905,empty #2]
06-28 10:22:51.198 1603 5445 I am_proc_died: [0,17122,com.ss.android.ugc.aweme:pushservice,905,19]
06-28 10:22:51.201 1603 5445 I am_schedule_service_restart: [0,com.ss.android.ugc.aweme/com.bytedance.common.process.service.CrossProcessServiceForPushService,16000]
06-28 10:22:55.509 1603 1722 I am_proc_start: [0,17269,10104,com.ss.android.ugc.aweme:push,service,{com.ss.android.ugc.aweme/com.ss.android.message.log.LogService}]
06-28 10:22:55.539 1603 5445 I am_proc_bound: [0,17269,com.ss.android.ugc.aweme:push]
06-28 10:22:55.724 1603 1722 I am_proc_start: [0,17301,10104,com.ss.android.ugc.aweme:pushservice,service,{com.ss.android.ugc.aweme/com.xiaomi.push.service.XMPushService}]
06-28 10:22:55.727 17293 17293 I liblog : 231
06-28 10:22:55.727 17293 17293 I liblog : 3
06-28 10:22:55.745 1603 5445 I am_proc_bound: [0,17301,com.ss.android.ugc.aweme:pushservice]
06-28 10:22:56.544 17530 17530 I liblog : 410
06-28 10:22:56.547 17530 17530 I liblog : 102
06-28 10:22:56.550 17530 17530 I liblog : 124
06-28 10:22:56.561 17301 17498 I liblog : 1
06-28 10:22:56.635 1603 2091 I am_kill : [0,17269,com.ss.android.ugc.aweme:push,905,empty #2]
06-28 10:22:56.645 1603 2091 I am_kill : [0,17301,com.ss.android.ugc.aweme:pushservice,905,empty #3]
06-28 10:22:56.714 1603 5445 I am_proc_died: [0,17269,com.ss.android.ugc.aweme:push,905,19]
06-28 10:22:56.718 1603 5445 I am_schedule_service_restart: [0,com.ss.android.ugc.aweme/com.bytedance.common.process.service.CrossProcessServiceForPush,256000]
06-28 10:22:56.718 1603 5445 I am_schedule_service_restart: [0,com.ss.android.ugc.aweme/com.ss.android.message.NotifyService,1000]
06-28 10:22:56.756 1603 6020 I am_proc_died: [0,17301,com.ss.android.ugc.aweme:pushservice,905,19]
06-28 10:22:56.759 1603 6020 I am_schedule_service_restart: [0,com.ss.android.ugc.aweme/com.xiaomi.push.service.XMPushService,10958]
06-28 10:22:57.743 1603 1722 I am_proc_start: [0,17568,10104,com.ss.android.ugc.aweme:push,service,{com.ss.android.ugc.aweme/com.ss.android.message.NotifyService}]
06-28 10:22:57.773 1603 6020 I am_proc_bound: [0,17568,com.ss.android.ugc.aweme:push]
06-28 10:22:58.394 1603 6020 I am_kill : [0,17568,com.ss.android.ugc.aweme:push,905,empty #2]
06-28 10:22:58.462 1603 6020 I am_proc_died: [0,17568,com.ss.android.ugc.aweme:push,905,19]
06-28 10:22:58.465 1603 6020 I am_schedule_service_restart: [0,com.ss.android.ugc.aweme/com.bytedance.common.process.service.CrossProcessServiceForPush,1024000]
06-28 10:22:58.465 1603 6020 I am_schedule_service_restart: [0,com.ss.android.ugc.aweme/com.ss.android.message.NotifyService,19252]
06-28 10:22:58.482 1603 1720 I am_pss : [10242,10101,com.tencent.ilink.ServiceProcess,74644480,59248640,54272,200634368,0,4,12]
06-28 10:23:00.815 1603 1706 I sysui_multi_action: [757,222,758,1]
06-28 10:23:00.843 1603 1722 I am_proc_start: [0,17716,1000,com.thundercomm.screensaver,service,{com.thundercomm.screensaver/com.thundercomm.screensaver.service.SystemDream}]
06-28 10:23:00.881 1603 10991 I am_proc_bound: [0,17716,com.thundercomm.screensaver]
06-28 10:23:01.015 1603 7198 I wm_task_created: [24860,-1]
06-28 10:23:01.018 1603 7198 I wm_task_moved: [24860,1,6]
06-28 10:23:01.018 1603 7198 I wm_task_to_front: [0,24860]
06-28 10:23:01.018 1603 7198 I wm_create_task: [0,24860]
06-28 10:23:01.018 1603 7198 I wm_create_activity: [0,252663005,24860,com.thundercomm.screensaver/android.service.dreams.DreamActivity,NULL,NULL,NULL,276824064]
06-28 10:23:01.018 1603 7198 I wm_task_moved: [24860,1,6]
06-28 10:23:01.019 2605 2605 I wm_on_top_resumed_lost_called: [263032627,com.android.launcher3.uioverrides.QuickstepLauncher,topStateChangedWhenResumed]
06-28 10:23:01.019 1603 7198 I wm_pause_activity: [0,263032627,com.android.launcher3/.uioverrides.QuickstepLauncher,userLeaving=true,pauseBackTasks]
06-28 10:23:01.021 2605 2605 I wm_on_paused_called: [263032627,com.android.launcher3.uioverrides.QuickstepLauncher,performPause]
06-28 10:23:01.023 1603 12364 I wm_add_to_stopping: [0,263032627,com.android.launcher3/.uioverrides.QuickstepLauncher,makeInvisible]
06-28 10:23:01.024 1603 12364 I wm_restart_activity: [0,252663005,24860,com.thundercomm.screensaver/android.service.dreams.DreamActivity]
06-28 10:23:01.025 1603 12364 I wm_set_resumed_activity: [0,com.thundercomm.screensaver/android.service.dreams.DreamActivity,minimalResumeActivityLocked]
06-28 10:23:01.028 1603 1709 I sysui_multi_action: [757,803,799,window_time_0,802,59]
06-28 10:23:01.030 1603 7198 I am_uid_running: 10064
06-28 10:23:01.036 1603 1722 I am_proc_start: [0,17739,10064,com.thundercomm.gamemode.provider,content provider,{com.thundercomm.gamemode.provider/com.thundercomm.gamemode.provider.SettingsProvider}]
06-28 10:23:01.040 17716 17716 I wm_on_create_called: [252663005,android.service.dreams.DreamActivity,performCreate]
06-28 10:23:01.041 17716 17716 I wm_on_start_called: [252663005,android.service.dreams.DreamActivity,handleStartActivity]
06-28 10:23:01.041 17716 17716 I wm_on_resume_called: [252663005,android.service.dreams.DreamActivity,RESUME_ACTIVITY]
06-28 10:23:01.047 1603 7198 I am_proc_bound: [0,17739,com.thundercomm.gamemode.provider]
06-28 10:23:01.048 1603 1889 I input_focus: [Focus leaving 3675f2c com.android.launcher3/com.android.launcher3.uioverrides.QuickstepLauncher (server),reason=NO_WINDOW]
06-28 10:23:01.051 17716 17716 I wm_on_top_resumed_gained_called: [252663005,android.service.dreams.DreamActivity,topStateChangedWhenResumed]
06-28 10:23:01.052 1603 7198 I am_uid_active: 10064
06-28 10:23:01.079 1603 1711 I input_focus: [Focus request dd4844e com.thundercomm.screensaver/android.service.dreams.DreamActivity,reason=UpdateInputWindows]
06-28 10:23:01.099 1603 1706 I sysui_multi_action: [319,45,321,43,322,85,325,855,757,761,758,8,759,1,806,com.thundercomm.screensaver,871,android.service.dreams.DreamActivity,904,com.thundercomm.screensaver,905,0,1320,4,1321,20]
06-28 10:23:01.099 1603 1706 I wm_activity_launch_time: [0,252663005,com.thundercomm.screensaver/android.service.dreams.DreamActivity,85]
06-28 10:23:01.115 1603 1889 I input_focus: [Focus entering dd4844e com.thundercomm.screensaver/android.service.dreams.DreamActivity (server),reason=Window became focusable. Previous reason: NOT_VISIBLE]
06-28 10:23:01.227 1603 1931 I netstats_mobile_sample: [0,0,0,0,0,0,0,0,0,0,0,0,1687918981227]
06-28 10:23:01.227 1603 1931 I netstats_wifi_sample: [265270293,226750,24473124,131382,265270293,226750,24473124,131382,279019677,250380,19883846,121971,1687918981227]
06-28 10:23:01.350 1603 1709 I wm_stop_activity: [0,263032627,com.android.launcher3/.uioverrides.QuickstepLauncher]
06-28 10:23:01.374 2605 2605 I wm_on_stop_called: [263032627,com.android.launcher3.uioverrides.QuickstepLauncher,STOP_ACTIVITY_ITEM]
06-28 10:23:02.949 15511 15511 I auditd : type=1400 audit(0.0:12999): avc: denied { read } for comm="pool-10-thread-" name="tcp" dev="proc" ino=4026532265 scontext=u:r:untrusted_app_29:s0:c124,c256,c512,c768 tcontext=u:object_r:proc_net_tcp_udp:s0 tclass=file permissive=0 app=com.kuaishou.nebula
06-28 10:23:05.296 1603 1603 I am_uid_running: 10103
06-28 10:23:05.307 1603 1992 I sync : [com.tencent.android.qqdownloader.YYBLiveAccountProvider,0,4,24220937]
06-28 10:23:05.314 1603 1722 I am_proc_start: [0,17792,10103,com.smile.gifmaker,service,{com.smile.gifmaker/androidx.work.impl.background.systemjob.SystemJobService}]
06-28 10:23:05.329 1603 1992 I sync : [com.tencent.android.qqdownloader.YYBLiveAccountProvider,1,4,24220937]
06-28 10:23:05.332 1603 1992 I commit_sys_config_file: [sync-status,799298]
06-28 10:23:05.339 1603 1992 I sync : [com.tencent.android.qqdownloader.YYBLiveAccountProvider,0,3,24220937]
06-28 10:23:05.343 1603 2091 I am_proc_bound: [0,17792,com.smile.gifmaker]
06-28 10:23:05.362 1603 1992 I sync : [com.tencent.android.qqdownloader.YYBLiveAccountProvider,1,3,24220937]
06-28 10:23:05.369 1603 1992 I sync : [com.tencent.android.qqdownloader.YYBLiveAccountProvider,0,3,24220937]
06-28 10:23:05.402 1603 1992 I sync : [com.tencent.android.qqdownloader.YYBLiveAccountProvider,1,3,24220937]
06-28 10:23:05.404 1603 1992 I commit_sys_config_file: [sync-status,799370]
06-28 10:23:05.661 17792 17792 I auditd : type=1400 audit(0.0:13000): avc: granted { execute } for comm="ela_global-io" path="/data/user/0/com.smile.gifmaker/app_lib/libruntime-optimize.so.28545" dev="dm-21" ino=501291 scontext=u:r:untrusted_app_29:s0:c103,c256,c512,c768 tcontext=u:object_r:app_data_file:s0:c103,c256,c512,c768 tclass=file app=com.smile.gifmaker
06-28 10:23:05.924 1603 1722 I am_proc_start: [0,17914,10104,com.ss.android.ugc.aweme:pushservice,service,{com.ss.android.ugc.aweme/com.taobao.accs.ChannelService}]
06-28 10:23:05.941 1603 10991 I am_kill : [0,15841,com.ss.android.ugc.aweme,905,empty #2]
06-28 10:23:05.951 1603 10991 I am_proc_bound: [0,17914,com.ss.android.ugc.aweme:pushservice]
06-28 10:23:06.012 1603 2091 I power_sleep_requested: 1
06-28 10:23:06.015 1603 6020 I wm_finish_activity: [0,252663005,24860,com.thundercomm.screensaver/android.service.dreams.DreamActivity,finish-activity]
06-28 10:23:06.016 1603 6020 I wm_task_moved: [1,1,5]
06-28 10:23:06.016 1603 6020 I wm_task_moved: [24822,1,2147483647]
06-28 10:23:06.016 1603 6020 I wm_task_to_front: [0,24822]
06-28 10:23:06.016 1603 6020 I wm_focused_root_task: [0,0,1,24860,finish-top adjustFocusToNextFocusableTask]
06-28 10:23:06.017 1603 6020 I wm_set_resumed_activity: [0,com.android.launcher3/.uioverrides.QuickstepLauncher,finish-top adjustFocusToNextFocusableTask]
06-28 10:23:06.018 1603 6020 I wm_pause_activity: [0,252663005,com.thundercomm.screensaver/android.service.dreams.DreamActivity,userLeaving=false,finish]
06-28 10:23:06.038 17716 17716 I wm_on_top_resumed_lost_called: [252663005,android.service.dreams.DreamActivity,topStateChangedWhenResumed]
06-28 10:23:06.043 1603 1737 I sysui_multi_action: [757,1696,758,6,759,0]
06-28 10:23:06.043 17716 17716 I wm_on_paused_called: [252663005,android.service.dreams.DreamActivity,performPause]
06-28 10:23:06.045 1603 1889 I input_focus: [Focus leaving dd4844e com.thundercomm.screensaver/android.service.dreams.DreamActivity (server),reason=NO_WINDOW]
06-28 10:23:06.045 1603 10991 I wm_add_to_stopping: [0,252663005,com.thundercomm.screensaver/android.service.dreams.DreamActivity,completeFinishing]
06-28 10:23:06.047 1603 10991 I wm_set_resumed_activity: [0,com.android.launcher3/.uioverrides.QuickstepLauncher,resumeTopActivityInnerLocked]
06-28 10:23:06.048 1603 10991 I wm_resume_activity: [0,263032627,24822,com.android.launcher3/.uioverrides.QuickstepLauncher]
06-28 10:23:06.050 1603 1709 I sysui_multi_action: [757,803,799,window_time_0,802,5]
06-28 10:23:06.051 1603 1709 I wm_destroy_activity: [0,252663005,24860,com.thundercomm.screensaver/android.service.dreams.DreamActivity,finish-imm:idle]
06-28 10:23:06.053 2605 2605 I wm_on_restart_called: [263032627,com.android.launcher3.uioverrides.QuickstepLauncher,performRestartActivity]
06-28 10:23:06.053 2605 2605 I wm_on_start_called: [263032627,com.android.launcher3.uioverrides.QuickstepLauncher,handleStartActivity]
06-28 10:23:06.053 17716 17716 I wm_on_stop_called: [252663005,android.service.dreams.DreamActivity,LIFECYCLER_STOP_ACTIVITY]
06-28 10:23:06.053 2605 2605 I wm_on_resume_called: [263032627,com.android.launcher3.uioverrides.QuickstepLauncher,RESUME_ACTIVITY]
06-28 10:23:06.053 2605 2605 I wm_on_top_resumed_gained_called: [263032627,com.android.launcher3.uioverrides.QuickstepLauncher,topWhenResuming]
06-28 10:23:06.054 17716 17716 I wm_on_destroy_called: [252663005,android.service.dreams.DreamActivity,performDestroy]
06-28 10:23:06.054 1603 1709 I sysui_multi_action: [757,803,799,window_time_0,802,0]
06-28 10:23:06.055 1603 1706 I sysui_multi_action: [757,222,758,2]
06-28 10:23:06.055 1603 1706 I sysui_multi_action: [757,804,799,dreaming_minutes,801,0,802,1]
06-28 10:23:06.055 1603 1709 I am_uid_running: 10127
06-28 10:23:06.059 1603 1709 I am_uid_running: 10113
06-28 10:23:06.062 1603 2091 I wm_task_removed: [24860,removeChild:removeChild last r=ActivityRecord{f0f54dd u0 com.thundercomm.screensaver/android.service.dreams.DreamActivity taskAffinity=1000:android:com.thundercomm.screensaver/dream t-1 f}} in t=Task{80cd723 #24860 type=dream A=1000:android:com.thundercomm.screensaver/dream U=0 visible=false mode=fullscreen translucent=true sz=0 visible freeform task=true rootAffinity=1000:android:com.thundercomm.screensaver/dream isMini=false}]
06-28 10:23:06.062 1603 2091 I wm_task_removed: [24860,removeChild]
06-28 10:23:06.065 1603 12364 I am_kill : [0,17792,com.smile.gifmaker,905,empty #2]
06-28 10:23:06.068 1603 1711 I input_focus: [Focus request 3675f2c com.android.launcher3/com.android.launcher3.uioverrides.QuickstepLauncher,reason=UpdateInputWindows]
06-28 10:23:06.068 1603 1722 I am_proc_start: [0,17941,10127,com.zhihu.android,NULL,]
06-28 10:23:06.077 1603 1722 I am_proc_start: [0,17943,10113,com.ss.android.ugc.aweme.lite,NULL,]
06-28 10:23:06.091 1603 2091 I am_proc_bound: [0,17941,com.zhihu.android]
06-28 10:23:06.094 1603 1889 I input_focus: [Focus entering 3675f2c com.android.launcher3/com.android.launcher3.uioverrides.QuickstepLauncher (server),reason=setFocusedWindow]
06-28 10:23:06.095 1603 1721 I am_wtf : [0,1603,system_server,-1,DisplayDeviceConfig,requesting nits when no mapping exists.]
06-28 10:23:06.096 1603 6020 I am_proc_bound: [0,17943,com.ss.android.ugc.aweme.lite]
06-28 10:23:06.097 1603 1737 I wm_pause_activity: [0,263032627,com.android.launcher3/.uioverrides.QuickstepLauncher,userLeaving=false,sleep]
06-28 10:23:06.100 2605 2605 I wm_on_top_resumed_lost_called: [263032627,com.android.launcher3.uioverrides.QuickstepLauncher,topStateChangedWhenResumed]
06-28 10:23:06.102 1603 6020 I wm_add_to_stopping: [0,263032627,com.android.launcher3/.uioverrides.QuickstepLauncher,makeInvisible]
06-28 10:23:06.102 2605 2605 I wm_on_paused_called: [263032627,com.android.launcher3.uioverrides.QuickstepLauncher,performPause]
06-28 10:23:06.103 1603 1709 I am_kill : [0,17941,com.zhihu.android,915,empty #2]
06-28 10:23:06.103 1603 1709 I am_kill : [0,17716,com.thundercomm.screensaver,925,empty #3]
06-28 10:23:06.107 1603 1709 I wm_stop_activity: [0,263032627,com.android.launcher3/.uioverrides.QuickstepLauncher]
06-28 10:23:06.107 1603 1709 I sysui_multi_action: [757,803,799,window_time_0,802,0]
06-28 10:23:06.110 1603 1721 I am_wtf : [0,1603,system_server,-1,DisplayDeviceConfig,requesting nits when no mapping exists.]
06-28 10:23:06.097 1603 1603 I auditd : type=1400 audit(0.0:13001): avc: denied { getattr } for comm="ActivityManager" path="/data/tlog/fatal/dropbox" dev="dm-21" ino=499138 scontext=u:r:system_server:s0 tcontext=u:object_r:tlog_data_file:s0 tclass=dir permissive=0
06-28 10:23:06.105 1603 1603 I auditd : type=1400 audit(0.0:13002): avc: denied { getattr } for comm="ActivityManager" path="/data/tlog/fatal/dropbox" dev="dm-21" ino=499138 scontext=u:r:system_server:s0 tcontext=u:object_r:tlog_data_file:s0 tclass=dir permissive=0
06-28 10:23:06.135 2605 2605 I wm_on_stop_called: [263032627,com.android.launcher3.uioverrides.QuickstepLauncher,STOP_ACTIVITY_ITEM]
06-28 10:23:06.165 1603 1603 I sysui_multi_action: [757,198,758,2,759,2,1359,155,1695,0]
06-28 10:23:06.165 1603 1603 I power_screen_state: [0,2,0,0,155]
06-28 10:23:06.165 1603 1603 I screen_toggled: 0
06-28 10:23:06.165 1603 1603 I sysui_multi_action: [757,804,799,screen_timeout,801,60,802,1]
06-28 10:23:06.165 1603 1603 I sysui_multi_action: [757,1594,758,4,759,-2147483648,1359,70884]
06-28 10:23:06.165 1603 1603 I power_screen_broadcast_send: 1
06-28 10:23:06.166 1603 6020 I am_proc_died: [0,17941,com.zhihu.android,915,19]
06-28 10:23:06.167 1603 6020 I am_uid_stopped: 10127
06-28 10:23:06.169 1603 1889 I input_focus: [Focus leaving 3675f2c com.android.launcher3/com.android.launcher3.uioverrides.QuickstepLauncher (server),reason=NO_WINDOW]
06-28 10:23:06.172 1603 1603 I battery_saving_stats: [0,1,0,70882,0,0,615728,0,0]
06-28 10:23:06.188 1603 1603 I power_screen_broadcast_done: [0,23,1]
06-28 10:23:06.195 1603 2091 I am_proc_died: [0,17716,com.thundercomm.screensaver,925,19]
06-28 10:23:06.276 1603 10991 I am_proc_died: [0,17792,com.smile.gifmaker,905,19]
06-28 10:23:06.276 1603 10991 I am_uid_stopped: 10103
06-28 10:23:06.278 1603 1709 I am_uid_running: 10127
06-28 10:23:06.284 1603 1722 I am_proc_start: [0,17972,10127,com.zhihu.android,NULL,]
06-28 10:23:06.302 1603 10991 I am_proc_bound: [0,17972,com.zhihu.android]
06-28 10:23:06.336 1603 10991 I am_proc_died: [0,15841,com.ss.android.ugc.aweme,905,19]
06-28 10:23:06.337 1603 10991 I am_kill : [0,17943,com.ss.android.ugc.aweme.lite,905,empty #2]
06-28 10:23:06.339 1603 1709 I am_uid_stopped: 10113
06-28 10:23:06.339 1603 1709 I am_uid_running: 10113
06-28 10:23:06.403 1603 10991 I am_proc_died: [0,17943,com.ss.android.ugc.aweme.lite,905,19]
06-28 10:23:06.410 1603 1722 I am_proc_start: [0,17996,10113,com.ss.android.ugc.aweme.lite,NULL,]
06-28 10:23:06.425 1603 2091 I am_proc_bound: [0,17996,com.ss.android.ugc.aweme.lite]
06-28 10:23:06.603 1603 1722 I am_proc_start: [0,18092,10104,com.ss.android.ugc.aweme,content provider,{com.ss.android.ugc.aweme/com.bytedance.mira.pm.PluginPackageManagerProvider}]
06-28 10:23:06.623 1603 2091 I am_proc_bound: [0,18092,com.ss.android.ugc.aweme]
06-28 10:23:07.093 1603 1720 I am_kill : [0,17972,com.zhihu.android,905,empty #2]
06-28 10:23:07.325 1603 1708 I commit_sys_config_file: [jobs,8]
06-28 10:23:07.381 18092 18391 I service_manager_slow: [54,isub]
06-28 10:23:07.479 1603 6020 I am_proc_died: [0,17972,com.zhihu.android,905,19]
06-28 10:23:07.480 1603 6020 I am_uid_stopped: 10127
06-28 10:23:07.701 18092 18092 I auditd : type=1400 audit(0.0:13003): avc: granted { execute } for comm="#tp-io-24" path="/data/user/0/com.ss.android.ugc.aweme/files/webview_bytedance/e098d2c121417799e1cfdecc90f33767_md5/libwebviewbytedance.so" dev="dm-21" ino=371299 scontext=u:r:untrusted_app_29:s0:c104,c256,c512,c768 tcontext=u:object_r:app_data_file:s0:c104,c256,c512,c768 tclass=file app=com.ss.android.ugc.aweme
06-28 10:23:07.781 17996 17996 I auditd : type=1400 audit(0.0:13004): avc: granted { execute } for comm="#GlobalProxyLan" path="/data/user/0/com.ss.android.ugc.aweme.lite/files/plugins/com.ss.android.ugc.aweme.videocache_v2/version-25909062/lib/libavmdlv2.so" dev="dm-21" ino=83754 scontext=u:r:untrusted_app_29:s0:c113,c256,c512,c768 tcontext=u:object_r:app_data_file:s0:c113,c256,c512,c768 tclass=file app=com.ss.android.ugc.aweme.lite
06-28 10:23:08.181 17996 17996 I auditd : type=1400 audit(0.0:13005): avc: granted { nlmsg_readpriv } for comm="TTNet-AN-IO" scontext=u:r:untrusted_app_29:s0:c113,c256,c512,c768 tcontext=u:r:untrusted_app_29:s0:c113,c256,c512,c768 tclass=netlink_route_socket app=com.ss.android.ugc.aweme.lite
06-28 10:23:08.285 18092 18092 I auditd : type=1400 audit(0.0:13006): avc: granted { nlmsg_readpriv } for comm="TTNet-AN-IO" scontext=u:r:untrusted_app_29:s0:c104,c256,c512,c768 tcontext=u:r:untrusted_app_29:s0:c104,c256,c512,c768 tclass=netlink_route_socket app=com.ss.android.ugc.aweme
06-28 10:23:08.397 17914 18023 I service_manager_slow: [60,isub]
06-28 10:23:08.424 18509 18509 I liblog : 405
06-28 10:23:08.569 17996 17996 I auditd : type=1400 audit(0.0:13007): avc: granted { execute } for comm="#tp-default-11" path="/data/user/0/com.ss.android.ugc.aweme.lite/files/plugins/com.ss.android.ugc.aweme.v8/version-258090010/lib/libv8_libfull.cr.so" dev="dm-21" ino=336566 scontext=u:r:untrusted_app_29:s0:c113,c256,c512,c768 tcontext=u:object_r:app_data_file:s0:c113,c256,c512,c768 tclass=file app=com.ss.android.ugc.aweme.lite
06-28 10:23:08.593 17996 17996 I auditd : type=1400 audit(0.0:13008): avc: granted { execute } for comm="#tp-default-11" path="/data/user/0/com.ss.android.ugc.aweme.lite/files/plugins/com.ss.android.ugc.aweme.vmsdk_plugin/version-258090010/lib/libnapi_v8.so" dev="dm-21" ino=336498 scontext=u:r:untrusted_app_29:s0:c113,c256,c512,c768 tcontext=u:object_r:app_data_file:s0:c113,c256,c512,c768 tclass=file app=com.ss.android.ugc.aweme.lite
06-28 10:23:08.713 18092 18092 I auditd : type=1400 audit(0.0:13009): avc: granted { execute } for comm="VideoPreloadHan" path="/data/user/0/com.ss.android.ugc.aweme/files/plugins/com.ss.android.ugc.aweme.videocache_v2/version-2300/lib/libavmdlv2.so" dev="dm-21" ino=310178 scontext=u:r:untrusted_app_29:s0:c104,c256,c512,c768 tcontext=u:object_r:app_data_file:s0:c104,c256,c512,c768 tclass=file app=com.ss.android.ugc.aweme
06-28 10:23:09.209 18092 18092 I auditd : type=1400 audit(0.0:13010): avc: granted { execute } for comm="startliveio" path="/data/user/0/com.ss.android.ugc.aweme/files/plugins/com.ss.android.live.pullstreamso/version-254109705/lib/libavio.so" dev="dm-21" ino=315174 scontext=u:r:untrusted_app_29:s0:c104,c256,c512,c768 tcontext=u:object_r:app_data_file:s0:c104,c256,c512,c768 tclass=file app=com.ss.android.ugc.aweme
06-28 10:23:09.217 18092 18092 I auditd : type=1400 audit(0.0:13011): avc: granted { execute } for comm="startliveio" path="/data/user/0/com.ss.android.ugc.aweme/files/plugins/com.ss.android.live.pullstreamso/version-254109705/lib/libttquic.so" dev="dm-21" ino=314200 scontext=u:r:untrusted_app_29:s0:c104,c256,c512,c768 tcontext=u:object_r:app_data_file:s0:c104,c256,c512,c768 tclass=file app=com.ss.android.ugc.aweme
06-28 10:23:10.564 1603 6020 I am_proc_died: [0,17914,com.ss.android.ugc.aweme:pushservice,0,10]
06-28 10:23:10.565 1603 6020 I am_schedule_service_restart: [0,com.ss.android.ugc.aweme/com.bytedance.common.process.service.CrossProcessServiceForPushService,1000]
06-28 10:23:10.568 1603 6020 I am_kill : [0,17996,com.ss.android.ugc.aweme.lite,915,empty #2]
06-28 10:23:10.715 1603 14582 I am_proc_died: [0,17996,com.ss.android.ugc.aweme.lite,915,19]
06-28 10:23:10.716 1603 14582 I am_uid_stopped: 10113
06-28 10:23:11.591 1603 1722 I am_proc_start: [0,18802,10104,com.ss.android.ugc.aweme:pushservice,service,{com.ss.android.ugc.aweme/com.bytedance.common.process.service.CrossProcessServiceForPushService}]
06-28 10:23:11.631 1603 14582 I am_proc_bound: [0,18802,com.ss.android.ugc.aweme:pushservice]
06-28 10:23:12.249 18933 18933 I liblog : 192
06-28 10:23:12.266 18933 18933 I liblog : 19
06-28 10:23:12.266 18933 18933 I liblog : 1
06-28 10:23:12.353 1603 6020 I am_kill : [0,18802,com.ss.android.ugc.aweme:pushservice,905,empty #2]
06-28 10:23:12.439 1603 6020 I am_proc_died: [0,18802,com.ss.android.ugc.aweme:pushservice,905,19]
06-28 10:23:12.441 1603 6020 I am_schedule_service_restart: [0,com.ss.android.ugc.aweme/com.bytedance.common.process.service.CrossProcessServiceForPushService,4000]
06-28 10:23:15.649 18092 18379 I liblog : 108
06-28 10:23:15.649 18092 18379 I liblog : 1
06-28 10:23:16.474 1603 1722 I am_proc_start: [0,19161,10104,com.ss.android.ugc.aweme:pushservice,service,{com.ss.android.ugc.aweme/com.bytedance.common.process.service.CrossProcessServiceForPushService}]
06-28 10:23:16.511 1603 3295 I am_proc_bound: [0,19161,com.ss.android.ugc.aweme:pushservice]
06-28 10:23:17.124 19259 19259 I liblog : 16
06-28 10:23:17.124 19259 19259 I liblog : 7
06-28 10:23:17.124 19259 19259 I liblog : 1
06-28 10:23:17.127 19259 19259 I liblog : 239
06-28 10:23:17.189 1603 6020 I am_kill : [0,19161,com.ss.android.ugc.aweme:pushservice,905,empty #2]
06-28 10:23:17.280 1603 6020 I am_proc_died: [0,19161,com.ss.android.ugc.aweme:pushservice,905,19]
06-28 10:23:17.283 1603 6020 I am_schedule_service_restart: [0,com.ss.android.ugc.aweme/com.bytedance.common.process.service.CrossProcessServiceForPushService,16000]
06-28 10:23:18.767 1603 1931 I netstats_mobile_sample: [0,0,0,0,0,0,0,0,0,0,0,0,1687918998767]
06-28 10:23:18.768 1603 1931 I netstats_wifi_sample: [266220568,228558,25048106,133259,266220568,228558,25048106,133259,280211079,252620,20330850,123596,1687918998767]
06-28 10:23:20.340 1603 1722 I am_proc_start: [0,19481,10104,com.ss.android.ugc.aweme:push,service,{com.ss.android.ugc.aweme/com.ss.android.message.log.LogService}]
06-28 10:23:20.367 1603 4568 I am_proc_bound: [0,19481,com.ss.android.ugc.aweme:push]
06-28 10:23:20.577 19503 19503 I liblog : 66
06-28 10:23:20.578 19503 19503 I liblog : 14
06-28 10:23:20.578 19503 19503 I liblog : 1
06-28 10:23:20.580 1603 1722 I am_proc_start: [0,19515,10104,com.ss.android.ugc.aweme:pushservice,service,{com.ss.android.ugc.aweme/com.xiaomi.push.service.XMPushService}]
06-28 10:23:20.598 1603 2091 I am_proc_bound: [0,19515,com.ss.android.ugc.aweme:pushservice]
06-28 10:23:21.372 19740 19740 I liblog : 160
06-28 10:23:21.372 19740 19740 I liblog : 10
06-28 10:23:21.373 19740 19740 I liblog : 51
06-28 10:23:21.377 19740 19740 I liblog : 155
06-28 10:23:21.520 1603 3456 I am_kill : [0,19481,com.ss.android.ugc.aweme:push,905,empty #2]
06-28 10:23:21.524 1603 3456 I am_kill : [0,19515,com.ss.android.ugc.aweme:pushservice,905,empty #3]
06-28 10:23:21.591 1603 4568 I am_proc_died: [0,19481,com.ss.android.ugc.aweme:push,905,19]
06-28 10:23:21.594 1603 4568 I am_schedule_service_restart: [0,com.ss.android.ugc.aweme/com.bytedance.common.process.service.CrossProcessServiceForPush,1000]
06-28 10:23:21.595 1603 4568 I am_schedule_service_restart: [0,com.ss.android.ugc.aweme/com.ss.android.message.NotifyService,11000]
06-28 10:23:21.642 1603 1634 I am_proc_died: [0,19515,com.ss.android.ugc.aweme:pushservice,905,19]
06-28 10:23:21.645 1603 1634 I am_schedule_service_restart: [0,com.ss.android.ugc.aweme/com.xiaomi.push.service.XMPushService,20950]
06-28 10:23:22.622 1603 1722 I am_proc_start: [0,19786,10104,com.ss.android.ugc.aweme:push,service,{com.ss.android.ugc.aweme/com.bytedance.common.process.service.CrossProcessServiceForPush}]
06-28 10:23:22.655 1603 1634 I am_proc_bound: [0,19786,com.ss.android.ugc.aweme:push]
06-28 10:23:23.294 1603 12364 I am_kill : [0,19786,com.ss.android.ugc.aweme:push,905,empty #2]
06-28 10:23:23.367 1603 1634 I am_proc_died: [0,19786,com.ss.android.ugc.aweme:push,905,19]
