06-28 10:26:41.273 23959 24293 W System.err: at io.reactivex.Scheduler$DisposeTask.run(Scheduler.java:2)
06-28 10:26:41.273 23959 24293 W System.err: at io.reactivex.internal.schedulers.ScheduledRunnable.run(ScheduledRunnable.java:2)
06-28 10:26:41.273 23959 24293 W System.err: at io.reactivex.internal.schedulers.ScheduledRunnable.call(ScheduledRunnable.java:1)
06-28 10:26:41.273 23959 24293 W System.err: at java.util.concurrent.FutureTask.run(FutureTask.java:266)
06-28 10:26:41.273 23959 24293 W System.err: at java.util.concurrent.ScheduledThreadPoolExecutor$ScheduledFutureTask.run(ScheduledThreadPoolExecutor.java:301)
06-28 10:26:41.273 23959 24293 W System.err: at java.util.concurrent.ThreadPoolExecutor.runWorker(ThreadPoolExecutor.java:1167)
06-28 10:26:41.273 23959 24293 W System.err: at java.util.concurrent.ThreadPoolExecutor$Worker.run(ThreadPoolExecutor.java:641)
06-28 10:26:41.273 23959 24293 W System.err: at java.lang.Thread.run(Thread.java:920)
06-28 10:26:41.274 23959 24293 W System.err: Caused by: java.lang.ClassNotFoundException: miui.os.MiuiInit
06-28 10:26:41.274 23959 24293 W System.err: ... 31 more
06-28 10:26:41.330 3167 11033 E hpplay-base-dlna: ssdp_device.c:323::buf_ntop:192.168.124.2 sourceIp:192.168.0.16 is not same network dest_addr:41724096 replyAddr:268478656.
06-28 10:26:41.356 0 0 E [ 1075.936264] link_delay_work_func: DTC_ETH: SQI=0, link=0
06-28 10:26:41.614 680 694 I mpu_uart: [MSG-P:RECV]:No message received in 1000 ms
06-28 10:26:42.107 23959 24064 D Zentry : restoreAndSend
06-28 10:26:42.110 23959 24064 D Zentry : restoreAnr
06-28 10:26:42.111 23959 24064 D Zentry : restoreBlock
06-28 10:26:42.115 23959 24064 D Zentry : earlier_panic: restore
06-28 10:26:42.115 23959 24064 D Zentry : restoreAppExit
06-28 10:26:42.117 23959 24064 D Zentry : BadExit: ignore exit reason: REASON_OTHER of session: 89fc254ff8ab47d0a2349a021b77127b
06-28 10:26:42.118 23959 24064 D Zentry : BadExit: ignore exit reason: REASON_OTHER of session: c53fcb9c899e45abaf9b2223ccd9269b
06-28 10:26:42.118 23959 24064 D Zentry : BadExit: ignore exit reason: REASON_OTHER of session: a6cdfa4c460b4354b6dc13e175277180
06-28 10:26:42.325 3167 6463 E hpplay-base-dlna: ssdp_device.c:323::buf_ntop:192.168.124.2 sourceIp:192.168.8.16 is not same network dest_addr:41724096 replyAddr:269002944.
06-28 10:26:42.472 24464 24506 I tnet-jni: 52 - create new session: umengjmacs.m.taobao.com:443
06-28 10:26:42.522 24464 24499 I tnet-jni: 46 - [SpdySessionCallBack.getSSLMeta] - org.android.spdy.SpdySession@3264495
06-28 10:26:42.522 24464 24499 I tnet-jni: 46 - [spdySessionConnectCB] -
06-28 10:26:42.522 24464 24499 I tnet-jni: 46 - [SpdySessionCallBack.spdySessionConnectCB] - org.android.spdy.SpdySession@3264495
06-28 10:26:42.527 24464 24499 I tnet-jni: 46 - index=1 starttime=1687919202527
06-28 10:26:42.527 24464 24499 I tnet-jni: 46 - index=1 calltime=1687919202527
06-28 10:26:42.588 24464 24499 I tnet-jni: 46 - [SpdySessionCallBack.putSSLMeta] - org.android.spdy.SpdySession@3264495
06-28 10:26:42.589 24464 24499 I tnet-jni: 46 - [spdyStreamResponseRecv] -
06-28 10:26:42.589 24464 24499 I tnet-jni: 46 - [SpdySessionCallBack.spdyOnStreamResponse] - org.android.spdy.SpdySession@3264495
06-28 10:26:42.590 24464 24499 I tnet-jni: 46 - [spdyStreamCloseCallback] -
06-28 10:26:42.590 24464 24499 I tnet-jni: 46 - [SpdySessionCallBack.spdyStreamCloseCallback] - org.android.spdy.SpdySession@3264495
06-28 10:26:42.590 24464 24499 I tnet-jni: 46 - index=1 endtime=1687919202590
06-28 10:26:42.614 680 694 I mpu_uart: [MSG-P:RECV]:No message received in 1000 ms
06-28 10:26:43.172 3167 11121 E hpplay-base-dlna: ssdp_device.c:323::buf_ntop:192.168.124.2 sourceIp:192.168.2.16 is not same network dest_addr:41724096 replyAddr:268609728.
06-28 10:26:43.407 1603 1603 I JobServiceContext: Letting 9a41ec9 #u0a124/11056 com.kuaishou.nebula/androidx.work.impl.background.systemjob.SystemJobService continue to run past min execution time
06-28 10:26:43.615 680 694 I mpu_uart: [MSG-P:RECV]:No message received in 1000 ms
06-28 10:26:43.623 680 693 I mpu_uart: [MSG-P:R]:recv sync frame timeout
06-28 10:26:44.220 3167 11034 E hpplay-base-dlna: ssdp_device.c:323::buf_ntop:192.168.124.2 sourceIp:192.168.4.16 is not same network dest_addr:41724096 replyAddr:268740800.
06-28 10:26:44.615 680 694 I mpu_uart: [MSG-P:RECV]:No message received in 1000 ms
06-28 10:26:45.183 24464 24565 I DpmTcmClient: RegisterTcmMonitor from: $Proxy2
06-28 10:26:45.615 680 694 I mpu_uart: [MSG-P:RECV]:No message received in 1000 ms
06-28 10:26:45.767 3167 6463 E hpplay-base-dlna: ssdp_device.c:319::buf_ntop:192.168.124.2 sourceIp:192.168.124.33 is same network dest_addr:41724096 replyAddr:561817792.
06-28 10:26:45.769 3167 31635 E hpplay-base-dlna: ssdp_device.c:323::buf_ntop:192.168.124.2 sourceIp:192.168.2.16 is not same network dest_addr:41724096 replyAddr:268609728.
06-28 10:26:46.001 3167 6732 E hpplay-base-dlna: ssdp_device.c:323::buf_ntop:192.168.124.2 sourceIp:192.168.1.16 is not same network dest_addr:41724096 replyAddr:268544192.
06-28 10:26:46.001 3167 8615 E hpplay-base-dlna: ssdp_device.c:323::buf_ntop:192.168.124.2 sourceIp:192.168.0.16 is not same network dest_addr:41724096 replyAddr:268478656.
06-28 10:26:46.056 3167 11034 E hpplay-base-dlna: ssdp_device.c:323::buf_ntop:192.168.124.2 sourceIp:192.168.11.16 is not same network dest_addr:41724096 replyAddr:269199552.
06-28 10:26:46.370 23959 24248 D T_LayoutPreInflate: postPreInflate: true
06-28 10:26:46.379 23959 24211 I player_sdk: innerInit
06-28 10:26:46.387 1603 1861 W ActivityManager: Background start not allowed: service Intent { cmp=com.zhihu.android/.push.getui.GetuiPushService (has extras) } to com.zhihu.android/.push.getui.GetuiPushService from pid=23959 uid=10127 pkg=com.zhihu.android startFg?=false
06-28 10:26:46.388 1603 1861 W ActivityManager: Background start not allowed: service Intent { cmp=com.zhihu.android/.push.getui.GetuiPushService (has extras) } to com.zhihu.android/.push.getui.GetuiPushService from pid=23959 uid=10127 pkg=com.zhihu.android startFg?=false
06-28 10:26:46.391 23959 24215 D #Getui : 尝试反射注册
06-28 10:26:46.393 23959 24211 I ZHVideoPlayerInitialize: initDynamicParams: {"1":{"enableNewPreloadQuality":false,"videoCompressConfig":[{"inShortSize":1080,"outBitrate":7000,"outShortSize":1080},{"inShortSize":720,"outBitrate":5000,"outShortSize":720},{"inShortSize":360,"outBitrate":3000,"outShortSize":360}],"reportLogByPlayTrafficThreshold":524288000,"retryIntervalForLiving":1000,"agentCheckQuality":true,"trafficMonitorTimeSpan":1800000,"disableRuntimeJsonLog":true,"minUpdateNodeTimeSpan":0,"agentDefaultPieceSize":81920,"agentPlayerNetTestTimeout":5000,"enableAdaptiveAdjustResolution":false,"retryCountForLiving":3,"newPreloadQualityDeadUnknown":"sd","agentEnableResetCache":true,"enableManifest":true,"agentSocketTimeoutInMsec":0,"agentEnableNetworkRetryDelay":false,"updateCachePlayerProgress":false,"isIgnoreVideoURL":false,"enablePreLoadForCurrentVideo":true,"firstFrameExceptionReportDuration":1800000,"agentVideoRestartTimeInMsec":5000,"reportLogByPreLoadTrafficThreshold":314572800,"playerManufacturer":0,"disableUseHttpReplaceHttps":true,"dACLowWaterMarkInMsecForLiving":2000,"enablePlayerReuse":false,"agentSaveVideoInfoJson":false,"dACHighWaterMarkInMsecForLiving":4000,"disableMultiSeekType":false,"timeOutForLiving":0,"epicHWDecoderEnable":true,"agentEnableCronet":false,"newPreloadQualityMediumBad":"sd","enableOnlyUriPathEquals":true,"zhihuMediaHWDecoderEnable":false,"agentPlayerHighWaterMark":10,"agentReserveNotFullDownloadFile":true,"disablePlaySummaryJson":true,"enableUserCleanCache":false,"enableVideoCompress":false,"agentEnablePlayerNetworkTest":true,"enableProbeOptimizeForLiving":true,"firstFrameBufferTimeInMsecForLiving":100,"enableSkipPageAddZA":false,"agentPlayerLowWaterMark":5,"agentPreloadSectionCount":4,"fixSerialPlayForZa":true,"enableSmartSeekOnStart":true,"disableRedirectResetHttps":true,"enableReportPlayerLog":true},"0":{"enableNewPreloadQuality":false,"videoCompressConfig":[{"inShortSize":1080,"outBitrate":7000,"outShortSize":1080},{"inShortSize":720,"outBitrate":5000,"outShortSize":720},{"inShortSize":360,"outBitrate":3000,"outShortSize":360}],"reportLogByPlayTrafficThreshold":524288000,"retryIntervalForLiving":1000,"agentCheckQuality":true,"trafficMonitorTimeSpan":1800000,"disableRuntimeJsonLog":true,"minUpdateNodeTimeSpan":0,"agentDefaultPieceSize":81920,"enableAdaptiveAdjustResolution":false,"retryCountForLiving":3,"newPreloadQualityDeadUnknown":"sd","agentEnableResetCache":true,"enableManifest":true,"agentErrorToPlayer":true,"agentEnableNetworkRetryDelay":false,"updateCachePlayerProgress":false,"isIgnoreVideoURL":false,"enablePreLoadForCurrentVideo":true,"firstFrameExceptionReportDuration":1800000,"agentVideoRestartTimeInMsec":5000,"agentSocketTimeoutInMsec":0,"playerManufacturer":1,"disableUseHttpReplaceHttps":true,"dACLowWaterMarkInMsecForLiving":2000,"enablePlayerReuse":false,"fixSerialPlayForZa":true,"dACHighWaterMarkInMsecForLiving":4000,"disableMultiSeekType":false,"timeOutForLiving":10000,"epicHWDecoderEnable":true,"reportLogByPreLoadTrafficThreshold":314572800,"newPreloadQualityMediumBad":"sd","enableOnlyUriPathEquals":true,"zhihuMediaHWDecoderEnable":false,"agentPlayerHighWaterMark":10,"agentReserveNotFullDownloadFile":true,"agentEnableCronet":false,"disablePlaySummaryJson":true,"enableUserCleanCache":false,"enableVideoCompress":false,"enableProbeOptimizeForLiving":true,"firstFrameBufferTimeInMsecForLiving":100,"enableSkipPageAddZA":false,"agentPlayerLowWaterMark":5,"agentPreloadSectionCount":4,"agentSaveVideoInfoJson":false,"enableSmartSeekOnStart":true,"disableRedirectResetHttps":true,"enableReportPlayerLog":true},"3":{"enableNewPreloadQuality":false,"videoCompressConfig":[{"inShortSize":1080,"outBitrate":7000,"outShortSize":1080},{"inShortSize":720,"outBitrate":5000,"outShortSize":720},{"inShortSize":360,"outBitrate":3000,"outShortSize":360}],"reportLogByPlayTrafficThreshold":524288000,"retryIntervalForLiving":1000,"agentCheckQuality":true,"trafficMonitorTimeSpan":1800000,"disableRuntimeJsonLog":true,"minUpdateNodeTimeSpan":0,"agentDefaultPieceSize":81920,"agentPlayerNetTestTimeout":5000,"
06-28 10:26:46.395 23959 24211 I ZHVideoPlayerInitialize: initDynamicParams: agentSaveVideoInfoJson=false
06-28 10:26:46.395 23959 24211 I ZHVideoPlayerInitialize: initDynamicParams: agentDefaultPieceSize=81920
06-28 10:26:46.400 23959 24211 I ZHVideoPlayerInitialize: initDynamicParams: agentCheckQuality=true
06-28 10:26:46.400 23959 24211 I ZHVideoPlayerInitialize: initDynamicParams: minUpdateNodeTimeSpan=0
06-28 10:26:46.400 23959 24211 I ZHVideoPlayerInitialize: initDynamicParams: agentSocketTimeoutInMsec=0
06-28 10:26:46.400 23959 24211 I ZHVideoPlayerInitialize: initDynamicParams: enableOnlyUriPathEquals=true
06-28 10:26:46.400 23959 24211 I ZHVideoPlayerInitialize: initDynamicParams: enableNewPreloadQuality=false
06-28 10:26:46.400 23959 24211 I ZHVideoPlayerInitialize: initDynamicParams: newPreloadQualityMediumBad=sd
06-28 10:26:46.402 23959 24211 I ZHVideoPlayerInitialize: initDynamicParams: newPreloadQualityDeadUnknown=sd
06-28 10:26:46.402 23959 24211 I ZHVideoPlayerInitialize: initDynamicParams: agentEnableNetworkRetryDelay=false
06-28 10:26:46.402 23959 24211 I ZHVideoPlayerInitialize: initDynamicParams: enableSkipPageAddZA=false
06-28 10:26:46.402 23959 24211 I ZHVideoPlayerInitialize: initDynamicParams: zhihuMediaHWDecoderEnable=false
06-28 10:26:46.402 23959 24211 I ZHVideoPlayerInitialize: initDynamicParams: epicHWDecoderEnable=true
06-28 10:26:46.404 23959 24211 I ZHVideoPlayerInitialize: initDynamicParams: agentPreloadSectionCount=4
06-28 10:26:46.404 23959 24211 I ZHVideoPlayerInitialize: initDynamicParams: isIgnoreVideoURL=false
06-28 10:26:46.404 23959 24248 D CompatibilityChangeReporter: Compat change id reported: 171228096; UID 10127; state: ENABLED
06-28 10:26:46.405 23959 24211 I ZHVideoPlayerInitialize: initDynamicParams: sEnablePreLoadForCurrentVideo=true
06-28 10:26:46.405 23959 24211 I ZHVideoPlayerInitialize: initDynamicParams: enableUserCleanCache=false
06-28 10:26:46.405 23959 24211 I ZHVideoPlayerInitialize: initDynamicParams: agentVideoRestartTimeInMsec=5000
06-28 10:26:46.406 23959 24211 I ZHVideoPlayerInitialize: initDynamicParams: agentErrorToPlayer=true
06-28 10:26:46.406 23959 24211 I ZHVideoPlayerInitialize: initDynamicParams: disableMultiSeekType=false
06-28 10:26:46.406 23959 24211 I ZHVideoPlayerInitialize: initDynamicParams: enableSmartSeekOnStart=true
06-28 10:26:46.406 23959 24211 I ZHVideoPlayerInitialize: initDynamicParams: fixSerialPlayForZa=true
06-28 10:26:46.406 23959 24211 I ZHVideoPlayerInitialize: initDynamicParams: agentReserveNotFullDownloadFile=true
06-28 10:26:46.406 23959 24211 I ZHVideoPlayerInitialize: initDynamicParams: enablePlayerReuse=false
06-28 10:26:46.406 23959 24211 I ZHVideoPlayerInitialize: initDynamicParams: agentPlayerLowWaterMark=5
06-28 10:26:46.406 23959 24211 I ZHVideoPlayerInitialize: initDynamicParams: agentPlayerHighWaterMark=10
06-28 10:26:46.407 23959 24211 I ZHVideoPlayerInitialize: initDynamicParams: PARAM_ENABLE_VIDEO_COMPRESS=false
06-28 10:26:46.407 23959 24211 I ZHVideoPlayerInitialize: initDynamicParams: PARAM_VIDEO_COMPRESS_CONFIG=[{"inShortSize":1080,"outBitrate":7000,"outShortSize":1080},{"inShortSize":720,"outBitrate":5000,"outShortSize":720},{"inShortSize":360,"outBitrate":3000,"outShortSize":360}]
06-28 10:26:46.412 23959 24211 I ZHVideoPlayerInitialize: initDynamicParams: enableProbeOptimizeForLiving=true
06-28 10:26:46.412 23959 24211 I ZHVideoPlayerInitialize: initDynamicParams: dACLowWaterMarkInMsecForLiving=2000
06-28 10:26:46.412 23959 24211 I ZHVideoPlayerInitialize: initDynamicParams: dACHighWaterMarkInMsecForLiving=4000
06-28 10:26:46.412 23959 24211 I ZHVideoPlayerInitialize: initDynamicParams: firstFrameBufferTimeInMsecForLiving=100
06-28 10:26:46.412 23959 24211 I ZHVideoPlayerInitialize: initDynamicParams: timeOutForLiving=10000
06-28 10:26:46.412 23959 24211 I ZHVideoPlayerInitialize: initDynamicParams: agentEnableResetCache=true
06-28 10:26:46.413 23959 24211 I ZHVideoPlayerInitialize: initDynamicParams: firstFrameExceptionReportDuration=1800000
06-28 10:26:46.416 23959 24211 I ZHVideoPlayerInitialize: initDynamicParams: enableReportPlayerLog=true
06-28 10:26:46.416 23959 24248 D T_LayoutPreInflate: onRun: 45
06-28 10:26:46.416 23959 24211 I ZHVideoPlayerInitialize: initDynamicParams: reportLogByPlayTrafficThreshold=524288000
06-28 10:26:46.416 23959 24211 I ZHVideoPlayerInitialize: initDynamicParams: reportLogByPreLoadTrafficThreshold=314572800
06-28 10:26:46.416 23959 24211 I ZHVideoPlayerInitialize: initDynamicParams: trafficMonitorTimeSpan=1800000
06-28 10:26:46.416 23959 24211 I ZHVideoPlayerInitialize: initDynamicParams: enableAdaptiveAdjustResolution=false
06-28 10:26:46.416 23959 24211 I ZHVideoPlayerInitialize: initDynamicParams: updateCachePlayerProgress=false
06-28 10:26:46.417 23959 24211 I ZHVideoPlayerInitialize: initSpecialOptimizeParams: {"1":{"enablePreloadPlayer":true,"enablePrePlayBeforeLoad":true,"enablePlayAfterActionUp":true,"initLoadingDelayTime":2000,"enableFirstFrameCover":true,"loadingDelayTimeNormal":500},"0":{"enablePreloadPlayer":false,"enablePrePlayBeforeLoad":false,"enablePlayAfterActionUp":false,"initLoadingDelayTime":2000,"enableFirstFrameCover":false,"loadingDelayTimeNormal":500},"3":{"enablePreloadPlayer":false,"enablePrePlayBeforeLoad":false,"enablePlayAfterActionUp":true,"initLoadingDelayTime":2000,"enableFirstFrameCover":false,"loadingDelayTimeNormal":500},"2":{"enablePreloadPlayer":false,"enablePrePlayBeforeLoad":false,"enablePlayAfterActionUp":false,"initLoadingDelayTime":2000,"enableFirstFrameCover":false,"loadingDelayTimeNormal":500},"5":{"enablePreloadPlayer":false,"enablePrePlayBeforeLoad":false,"enablePlayAfterActionUp":false,"initLoadingDelayTime":2000,"enableFirstFrameCover":true,"loadingDelayTimeNormal":500},"4":{"enablePreloadPlayer":true,"enablePrePlayBeforeLoad":false,"enablePlayAfterActionUp":false,"initLoadingDelayTime":2000,"enableFirstFrameCover":false,"loadingDelayTimeNormal":500},"7":{"enablePreloadPlayer":false,"enablePrePlayBeforeLoad":false,"enablePlayAfterActionUp":false,"initLoadingDelayTime":2000,"enableFirstFrameCover":false,"loadingDelayTimeNormal":500},"6":{"enablePreloadPlayer":false,"enablePrePlayBeforeLoad":false,"enablePlayAfterActionUp":false,"initLoadingDelayTime":2000,"enableFirstFrameCover":false,"loadingDelayTimeNormal":500}}
06-28 10:26:46.419 23959 24211 I PlayerSpecialOptimizeParams: getSpecialOptimizeParamType param=null
06-28 10:26:46.419 23959 24211 I ZHVideoPlayerInitialize: initSpecialOptimizeParams: initLoadingDelayTime=2000
06-28 10:26:46.419 23959 24211 I ZHVideoPlayerInitialize: initSpecialOptimizeParams: loadingDelayTimeNormal=500
06-28 10:26:46.422 23959 23959 I load_library: status :true
06-28 10:26:46.427 3180 7651 E MediaProvider: Creating a non-default top level directory or deleting an existing one is not allowed!
06-28 10:26:46.429 3180 3364 E MediaProvider: Creating a non-default top level directory or deleting an existing one is not allowed!
06-28 10:26:46.447 1603 1861 D CompatibilityInfo: mCompatibilityFlags - 4
06-28 10:26:46.447 1603 1861 D CompatibilityInfo: applicationDensity - 240
06-28 10:26:46.447 1603 1861 D CompatibilityInfo: applicationScale - 1.0
06-28 10:26:46.452 1603 2536 I ActivityManager: Killing 24464:com.zhihu.android:channel/u0a127 (adj 905): empty #2
06-28 10:26:46.452 1603 2536 I am_kill : [0,24464,com.zhihu.android:channel,905,empty #2]
06-28 10:26:46.464 1603 1723 I libprocessgroup: Successfully killed process cgroup uid 10127 pid 24464 in 10ms
06-28 10:26:46.479 0 0 E [ 1081.056084] link_delay_work_func: DTC_ETH: SQI=0, link=0
06-28 10:26:46.482 23959 24589 W System.err: java.lang.ClassCastException: java.util.LinkedHashMap cannot be cast to com.zhihu.android.zim.emoticon.model.StickerGroup
06-28 10:26:46.482 23959 24589 W System.err: at com.zhihu.android.zim.emoticon.room.g0.c(DefaultStickerRepository.java:1)
06-28 10:26:46.482 23959 24589 W System.err: at com.zhihu.android.zim.emoticon.room.g0.h(DefaultStickerRepository.java:1)
06-28 10:26:46.482 23959 24589 W System.err: at com.zhihu.android.zim.emoticon.room.g0.i(Unknown Source:0)
06-28 10:26:46.482 23959 24589 W System.err: at com.zhihu.android.zim.emoticon.room.f.apply(Unknown Source:10)
06-28 10:26:46.482 23959 24589 W System.err: at io.reactivex.internal.functions.Functions$Array2Func.apply(Functions.java:3)
06-28 10:26:46.482 23959 24589 W System.err: at io.reactivex.internal.functions.Functions$Array2Func.apply(Functions.java:1)
06-28 10:26:46.482 23959 24589 W System.err: at io.reactivex.internal.operators.observable.ObservableZip$ZipCoordinator.drain(ObservableZip.java:18)
06-28 10:26:46.482 23959 24589 W System.err: at io.reactivex.internal.operators.observable.ObservableZip$ZipObserver.onNext(ObservableZip.java:2)
06-28 10:26:46.482 23959 24589 W System.err: at io.reactivex.internal.observers.DeferredScalarDisposable.complete(DeferredScalarDisposable.java:7)
06-28 10:26:46.482 23959 24589 W System.err: at io.reactivex.internal.operators.observable.ObservableFromCallable.subscribeActual(ObservableFromCallable.java:5)
06-28 10:26:46.482 23959 24589 W System.err: at io.reactivex.Observable.subscribe(Observable.java:14)
06-28 10:26:46.482 23959 24589 W System.err: at io.reactivex.internal.operators.observable.ObservableZip$ZipCoordinator.subscribe(ObservableZip.java:7)
06-28 10:26:46.482 23959 24589 W System.err: at io.reactivex.internal.operators.observable.ObservableZip.subscribeActual(ObservableZip.java:10)
06-28 10:26:46.482 23959 24589 W System.err: at io.reactivex.Observable.subscribe(Observable.java:14)
06-28 10:26:46.482 23959 24589 W System.err: at io.reactivex.internal.operators.observable.ObservableSubscribeOn$SubscribeTask.run(ObservableSubscribeOn.java:1)
06-28 10:26:46.483 23959 24589 W System.err: at io.reactivex.Scheduler$DisposeTask.run(Scheduler.java:2)
06-28 10:26:46.483 23959 24589 W System.err: at io.reactivex.internal.schedulers.ScheduledRunnable.run(ScheduledRunnable.java:2)
06-28 10:26:46.483 23959 24589 W System.err: at io.reactivex.internal.schedulers.ScheduledRunnable.call(ScheduledRunnable.java:1)
06-28 10:26:46.483 23959 24589 W System.err: at java.util.concurrent.FutureTask.run(FutureTask.java:266)
06-28 10:26:46.483 23959 24589 W System.err: at java.util.concurrent.ScheduledThreadPoolExecutor$ScheduledFutureTask.run(ScheduledThreadPoolExecutor.java:301)
06-28 10:26:46.483 23959 24589 W System.err: at java.util.concurrent.ThreadPoolExecutor.runWorker(ThreadPoolExecutor.java:1167)
06-28 10:26:46.483 23959 24589 W System.err: at java.util.concurrent.ThreadPoolExecutor$Worker.run(ThreadPoolExecutor.java:641)
06-28 10:26:46.483 23959 24589 W System.err: at java.lang.Thread.run(Thread.java:920)
06-28 10:26:46.494 23959 24211 I KwaiMediaPlayer: [KwaiPlayer]JNI_OnLoad start
06-28 10:26:46.495 23959 24211 D KwaiMediaPlayer: ===== custom modules begin =====
06-28 10:26:46.495 23959 24211 D KwaiMediaPlayer: ===== custom modules end =====
06-28 10:26:46.495 23959 24211 I KwaiMediaPlayer: [kwaiplayer.so]JNI_OnLoad finishi
06-28 10:26:46.495 23959 24211 I Hodor : hodor.so JNI_OnLoad start
06-28 10:26:46.495 23959 24211 I Hodor : hodor.so JNI_OnLoad, all RegisterNatives finish
06-28 10:26:46.495 23959 24211 E WayneLog AegonInitConfig: mIsCronetInited
06-28 10:26:46.499 23959 24211 I Aegon : Initializing, jsonConfig={"enable_quic":false,"quic_idle_timeout_sec":30,"preconnect_num_streams":3,"preconnect_non_altsvc":true,"altsvc_broken_time_base":300,"altsvc_broken_time_max":86400,"quic_use_bbr":true,"quic_hints":[]}, storagePath=/data/user/0/com.zhihu.android/files
06-28 10:26:46.500 23959 24211 I AegonNative: Update config: {"enable_quic":false,"quic_idle_timeout_sec":30,"preconnect_num_streams":3,"preconnect_non_altsvc":true,"altsvc_broken_time_base":300,"altsvc_broken_time_max":86400,"quic_use_bbr":true,"quic_hints":[]}, storage path: /data/user/0/com.zhihu.android/files/aegon
06-28 10:26:46.501 23959 24211 I AegonNative: Enable features: PartitionConnectionsByNetworkIsolationKey,PartitionSSLSessionsByNetworkIsolationKey,
06-28 10:26:46.501 23959 24211 I AegonNative: Disable features:
06-28 10:26:46.501 23959 24211 I Aegon : Initialize finished, cost = 1299479
06-28 10:26:46.514 23959 24214 E ActivityThread: Failed to find provider info for com.huawei.appmarket.commondata
06-28 10:26:46.514 23959 24214 W System.err: java.lang.ClassNotFoundException: miui.os.MiuiInit
06-28 10:26:46.514 23959 24214 W System.err: at java.lang.Class.classForName(Native Method)
06-28 10:26:46.514 23959 24214 W System.err: at java.lang.Class.forName(Class.java:454)
06-28 10:26:46.514 23959 24214 W System.err: at java.lang.Class.forName(Class.java:379)
06-28 10:26:46.514 23959 24214 W System.err: at com.zhihu.android.preinstall.inter.e.b.f(PreinstallHandlerUtil.java:1)
06-28 10:26:46.514 23959 24214 W System.err: at com.zhihu.android.preinstall.inter.e.c.g.c(XiaomiPreinstallHandler.java:1)
06-28 10:26:46.514 23959 24214 W System.err: at com.zhihu.android.preinstall.inter.e.a.a(AbstractPreinstallHandler.java:1)
06-28 10:26:46.514 23959 24214 W System.err: at com.zhihu.android.preinstall.inter.e.a.a(AbstractPreinstallHandler.java:4)
06-28 10:26:46.514 23959 24214 W System.err: at com.zhihu.android.preinstall.inter.e.a.a(AbstractPreinstallHandler.java:4)
06-28 10:26:46.514 23959 24214 W System.err: at com.zhihu.android.preinstall.inter.e.a.b(AbstractPreinstallHandler.java:1)
06-28 10:26:46.514 23959 24214 W System.err: at com.zhihu.android.preinstall.inter.c.e(PreinstallExtraHelper.java:1)
06-28 10:26:46.514 23959 24214 W System.err: at com.zhihu.android.app.t$a.c(CloudIDInitializer.java:8)
06-28 10:26:46.515 23959 24214 W System.err: at com.zhihu.android.cloudid.s.b.c(CloudIdConfigHelper.java:1)
06-28 10:26:46.515 23959 24214 W System.err: at com.zhihu.android.cloudid.model.DeviceInfo$Builder.transForm(DeviceInfo.java:41)
06-28 10:26:46.515 23959 24214 W System.err: at com.zhihu.android.cloudid.model.DeviceInfo.transForm(DeviceInfo.java:1)
06-28 10:26:46.515 23959 24214 W System.err: at com.zhihu.android.cloudid.u.b.h(UdidRequestHelper.java:1)
06-28 10:26:46.515 23959 24214 W System.err: at com.zhihu.android.cloudid.u.b.i(UdidRequestHelper.java:1)
06-28 10:26:46.515 23959 24214 W System.err: at com.zhihu.android.cloudid.CloudIDHelper.H(CloudIDHelper.java:1)
06-28 10:26:46.515 23959 24214 W System.err: at com.zhihu.android.cloudid.CloudIDHelper.y(CloudIDHelper.java:4)
06-28 10:26:46.515 23959 24214 W System.err: at com.zhihu.android.cloudid.CloudIDHelper.z(Unknown Source:0)
06-28 10:26:46.515 23959 24214 W System.err: at com.zhihu.android.cloudid.h.subscribe(Unknown Source:6)
06-28 10:26:46.515 23959 24214 W System.err: at io.reactivex.internal.operators.completable.CompletableCreate.subscribeActual(CompletableCreate.java:3)
06-28 10:26:46.515 23959 24214 W System.err: at io.reactivex.Completable.subscribe(Completable.java:6)
06-28 10:26:46.515 23959 24214 W System.err: at io.reactivex.internal.operators.completable.CompletableSubscribeOn$SubscribeOnObserver.run(CompletableSubscribeOn.java:1)
06-28 10:26:46.515 23959 24214 W System.err: at io.reactivex.Scheduler$DisposeTask.run(Scheduler.java:2)
06-28 10:26:46.515 23959 24214 W System.err: at io.reactivex.internal.schedulers.ScheduledRunnable.run(ScheduledRunnable.java:2)
06-28 10:26:46.515 23959 24214 W System.err: at io.reactivex.internal.schedulers.ScheduledRunnable.call(ScheduledRunnable.java:1)
06-28 10:26:46.515 23959 24214 W System.err: at java.util.concurrent.FutureTask.run(FutureTask.java:266)
06-28 10:26:46.515 23959 24214 W System.err: at java.util.concurrent.ScheduledThreadPoolExecutor$ScheduledFutureTask.run(ScheduledThreadPoolExecutor.java:301)
06-28 10:26:46.515 23959 24214 W System.err: at java.util.concurrent.ThreadPoolExecutor.runWorker(ThreadPoolExecutor.java:1167)
06-28 10:26:46.515 23959 24214 W System.err: at java.util.concurrent.ThreadPoolExecutor$Worker.run(ThreadPoolExecutor.java:641)
06-28 10:26:46.515 23959 24214 W System.err: at java.lang.Thread.run(Thread.java:920)
06-28 10:26:46.515 23959 24214 W System.err: Caused by: java.lang.ClassNotFoundException: miui.os.MiuiInit
06-28 10:26:46.515 23959 24214 W System.err: ... 31 more
06-28 10:26:46.522 23959 24211 W RemoteNetlogCollection: try to init, but configManager is null
06-28 10:26:46.557 23959 24211 I cr_CronetLibraryLoader: Cronet version: 95.0.4638.74, arch: aarch64
06-28 10:26:46.565 23959 24211 I Aegon : Create cronet engine finished, cost = 23552136
06-28 10:26:46.565 23959 24211 I Hodor : [Hodor_loadJavaClass] start
06-28 10:26:46.566 23959 24211 I Hodor : [Hodor_loadJavaClass] finish
06-28 10:26:46.566 23959 24211 W Hodor : [HodorConfig::SetMediaCacheV3RootPath] finish, media_cache_v3_scope_dir_:/data/user/0/com.zhihu.android/files/.hodor/media_v3_scope
06-28 10:26:46.566 23959 24211 W Hodor : [HodorConfig::SetMediaCacheV3RootPath] finish, media_cache_v3_content_dir_:/data/user/0/com.zhihu.android/files/.hodor/media_v3_content
06-28 10:26:46.566 23959 24211 W Hodor : [HodorConfig::SetMediaCacheV3RootPath] finish, media_cache_v3_export_dir_:/data/user/0/com.zhihu.android/files/.hodor/export
06-28 10:26:46.567 1603 1861 D ConnectivityService: requestNetwork for uid/pid:10127/23959 activeRequest: null callbackRequest: 563 [NetworkRequest [ REQUEST id=564, [ Capabilities: INTERNET&NOT_RESTRICTED&TRUSTED&NOT_VCN_MANAGED Uid: 10127 RequestorUid: 10127 RequestorPkg: com.zhihu.android] ]] callback flags: 0 priority: 2147483647
06-28 10:26:46.567 23959 24211 W Hodor : [HodorConfig::SetResourceCacheDirectoryPath] finish, resource_cache_dir_:/storage/emulated/0/Android/data/com.zhihu.android/files/.hodor/resource
06-28 10:26:46.567 23959 24211 W Hodor : [HodorConfig::SetResourceCacheDirectoryPath] finish, resource_cache_dir_:/data/user/0/com.zhihu.android/files/.hodor/resource
06-28 10:26:46.567 23959 24211 I Hodor : [CacheManagerImpl::InitOnceIfEnabled]*********************** try into, inited_:0 ********************************
06-28 10:26:46.567 23959 24211 I Hodor : [CacheManagerImpl::InitOnceIfEnabled]*********************** into ********************************
06-28 10:26:46.567 1603 1941 D ConnectivityService: NetReassign [564 : null → 100]
06-28 10:26:46.567 23959 24211 I AegonNative: Adding request finished listener with null executor, will use default threadpool. But then it may be called after listener removed.
06-28 10:26:46.568 23959 24211 I Hodor : [CacheManagerImpl::InitOnceIfEnabled]*********************** quit ********************************
06-28 10:26:46.568 1603 1980 D Ethernet: got request NetworkRequest [ REQUEST id=564, [ Capabilities: INTERNET&NOT_RESTRICTED&TRUSTED&NOT_VCN_MANAGED Uid: 10127 RequestorUid: 10127 RequestorPkg: com.zhihu.android] ]
06-28 10:26:46.569 1603 1980 D EthernetNetworkFactory: acceptRequest, request: NetworkRequest [ REQUEST id=564, [ Capabilities: INTERNET&NOT_RESTRICTED&TRUSTED&NOT_VCN_MANAGED Uid: 10127 RequestorUid: 10127 RequestorPkg: com.zhihu.android] ]
06-28 10:26:46.569 1603 1980 I EthernetNetworkFactory: networkForRequest, request: NetworkRequest [ REQUEST id=564, [ Capabilities: INTERNET&NOT_RESTRICTED&TRUSTED&NOT_VCN_MANAGED Uid: 10127 RequestorUid: 10127 RequestorPkg: com.zhihu.android] ], network: null
06-28 10:26:46.569 1603 1934 D WifiNetworkFactory: got request NetworkRequest [ REQUEST id=564, [ Capabilities: INTERNET&NOT_RESTRICTED&TRUSTED&NOT_VCN_MANAGED Uid: 10127 RequestorUid: 10127 RequestorPkg: com.zhihu.android] ]
06-28 10:26:46.569 1603 1934 D UntrustedWifiNetworkFactory: got request NetworkRequest [ REQUEST id=564, [ Capabilities: INTERNET&NOT_RESTRICTED&TRUSTED&NOT_VCN_MANAGED Uid: 10127 RequestorUid: 10127 RequestorPkg: com.zhihu.android] ]
06-28 10:26:46.569 1603 1934 D OemPaidWifiNetworkFactory: got request NetworkRequest [ REQUEST id=564, [ Capabilities: INTERNET&NOT_RESTRICTED&TRUSTED&NOT_VCN_MANAGED Uid: 10127 RequestorUid: 10127 RequestorPkg: com.zhihu.android] ]
06-28 10:26:46.570 1603 1941 D ConnectivityService: NetReassign [no changes]
06-28 10:26:46.572 1603 2536 D ConnectivityService: ConnectivityService NetworkRequestInfo binderDied(uid/pid:10127/24464, android.os.BinderProxy@2985437)
06-28 10:26:46.573 1603 2648 D ConnectivityService: ConnectivityService NetworkRequestInfo binderDied(uid/pid:10127/24464, android.os.BinderProxy@e0ecda4)
06-28 10:26:46.573 1603 1861 I am_proc_died: [0,24464,com.zhihu.android:channel,905,19]
06-28 10:26:46.575 1603 1941 D ConnectivityService: releasing NetworkRequest [ REQUEST id=561, [ Capabilities: INTERNET&NOT_RESTRICTED&TRUSTED&NOT_VCN_MANAGED Uid: 10127 RequestorUid: 10127 RequestorPkg: com.zhihu.android] ] (release request)
06-28 10:26:46.576 1603 1941 D ConnectivityService: releasing NetworkRequest [ REQUEST id=562, [ Transports: CELLULAR Capabilities: INTERNET&NOT_RESTRICTED&TRUSTED&NOT_VPN&NOT_VCN_MANAGED Uid: 10127 RequestorUid: 10127 RequestorPkg: com.zhihu.android] ] (release request)
06-28 10:26:46.580 23959 24211 I KwaiMediaPlayer: KpMediaPlayer_native_init begin
06-28 10:26:46.580 23959 24211 I KwaiMediaPlayer: android_os_Build begin
06-28 10:26:46.580 23959 24211 I KwaiMediaPlayer: android_os_Build end, ret:0
06-28 10:26:46.580 23959 24211 I KwaiMediaPlayer: java_nio_Buffer begin
06-28 10:26:46.580 23959 24211 D J4A : J4ALoader: OK: 'java.nio.Buffer' loaded
06-28 10:26:46.580 23959 24211 I KwaiMediaPlayer: java_nio_Buffer end, ret:0
06-28 10:26:46.580 23959 24211 I KwaiMediaPlayer: java_nio_ByteBuffer begin
06-28 10:26:46.580 23959 24211 D J4A : J4ALoader: OK: 'java.nio.ByteBuffer' loaded
06-28 10:26:46.580 23959 24211 I KwaiMediaPlayer: java_nio_ByteBuffer end, ret:0
06-28 10:26:46.580 23959 24211 I KwaiMediaPlayer: java_util_ArrayList begin
06-28 10:26:46.580 23959 24211 D J4A : J4ALoader: OK: 'java.util.ArrayList' loaded
06-28 10:26:46.580 23959 24211 I KwaiMediaPlayer: java_util_ArrayList end, ret:0
06-28 10:26:46.580 23959 24211 I KwaiMediaPlayer: android_media_AudioTrack begin
06-28 10:26:46.580 23959 24211 I J4A : API-Level: 31
06-28 10:26:46.580 23959 24211 D J4A : J4ALoader: OK: 'android.media.AudioTrack' loaded
06-28 10:26:46.580 23959 24211 I KwaiMediaPlayer: android_media_AudioTrack end, ret:0
06-28 10:26:46.580 23959 24211 I KwaiMediaPlayer: android_media_MediaCodec begin
06-28 10:26:46.580 23959 24211 D J4A : J4ALoader: OK: 'android.media.MediaCodec$BufferInfo' loaded
06-28 10:26:46.580 23959 24211 D J4A : J4ALoader: OK: 'android.media.MediaCodec' loaded
06-28 10:26:46.580 23959 24211 I KwaiMediaPlayer: android_media_MediaCodec end, ret:0
06-28 10:26:46.580 23959 24211 I KwaiMediaPlayer: android_media_MediaFormat begin
06-28 10:26:46.581 23959 24211 D J4A : J4ALoader: OK: 'android.media.MediaFormat' loaded
06-28 10:26:46.581 23959 24211 I KwaiMediaPlayer: android_media_MediaFormat end, ret:0
06-28 10:26:46.581 23959 24211 I KwaiMediaPlayer: android_media_PlaybackParams begin
06-28 10:26:46.581 23959 24211 D J4A : J4ALoader: OK: 'android.media.PlaybackParams' loaded
06-28 10:26:46.581 23959 24211 I KwaiMediaPlayer: android_media_PlaybackParams end, ret:0
06-28 10:26:46.581 23959 24211 I KwaiMediaPlayer: android_os_Build begin
06-28 10:26:46.581 23959 24211 I KwaiMediaPlayer: android_os_Build end, ret:0
06-28 10:26:46.581 23959 24211 I KwaiMediaPlayer: android_os_Bundle begin
06-28 10:26:46.581 23959 24211 D J4A : J4ALoader: OK: 'android.os.Bundle' loaded
06-28 10:26:46.581 23959 24211 I KwaiMediaPlayer: android_os_Bundle end, ret:0
06-28 10:26:46.581 23959 24211 I KwaiMediaPlayer: com_kwai_video_player_surface_DummySurfaceTexture begin
06-28 10:26:46.581 23959 24211 D J4A : J4ALoader: OK: 'com.kwai.video.player.surface.DummySurfaceTexture' loaded
06-28 10:26:46.581 23959 24211 I KwaiMediaPlayer: com_kwai_video_player_surface_DummySurfaceTexture end, ret:0
06-28 10:26:46.581 23959 24211 I KwaiMediaPlayer: com_kwai_video_player_misc_IMediaDataSource begin
06-28 10:26:46.581 23959 24211 D J4A : J4ALoader: OK: 'com.kwai.video.player.misc.IMediaDataSource' loaded
06-28 10:26:46.581 23959 24211 I KwaiMediaPlayer: com_kwai_video_player_misc_IMediaDataSource end, ret:0
06-28 10:26:46.581 23959 24211 I KwaiMediaPlayer: com_kwai_video_player_KsMediaPlayer begin
06-28 10:26:46.581 23959 24604 D CompatibilityChangeReporter: Compat change id reported: 147600208; UID 10127; state: ENABLED
06-28 10:26:46.581 23959 24211 D J4A : J4ALoader: OK: 'com.kwai.video.player.KsMediaPlayer' loaded
06-28 10:26:46.581 23959 24211 I KwaiMediaPlayer: com_kwai_video_player_KsMediaPlayer end, ret:0
06-28 10:26:46.581 23959 24211 I KwaiMediaPlayer: com_kwai_video_aemonplayer_MediaCodecLimit begin
06-28 10:26:46.581 23959 24211 D J4A : J4ALoader: OK: 'com.kwai.video.aemonplayer.MediaCodecLimit' loaded
06-28 10:26:46.581 23959 24211 I KwaiMediaPlayer: com_kwai_video_aemonplayer_MediaCodecLimit end, ret:0
06-28 10:26:46.581 23959 24211 I KwaiMediaPlayer: com_kwai_video_cache_util_CacheSessionListenerBridge begin
06-28 10:26:46.581 23959 24211 D J4A : J4ALoader: OK: 'com.kwai.video.cache.util.CacheSessionListenerBridge' loaded
06-28 10:26:46.581 23959 24211 I KwaiMediaPlayer: com_kwai_video_cache_util_CacheSessionListenerBridge end, ret:0
06-28 10:26:46.581 23959 24211 I KwaiMediaPlayer: com_kwai_video_player_kwai_player_KwaiMediaPlayer begin
06-28 10:26:46.581 23959 24211 D J4A : J4ALoader: OK: 'com.kwai.video.player.kwai_player.KwaiMediaPlayer' loaded
06-28 10:26:46.581 23959 24211 I KwaiMediaPlayer: com_kwai_video_player_kwai_player_KwaiMediaPlayer end, ret:0
06-28 10:26:46.581 23959 24211 I KwaiMediaPlayer: com_kwai_player_debuginfo_model_AppVodQosDebugInfoNew begin
06-28 10:26:46.582 23959 24211 D J4A : J4ALoader: OK: 'com.kwai.player.debuginfo.model.AppVodQosDebugInfoNew' loaded
06-28 10:26:46.582 23959 24211 I KwaiMediaPlayer: com_kwai_player_debuginfo_model_AppVodQosDebugInfoNew end, ret:0
06-28 10:26:46.582 23959 24211 I KwaiMediaPlayer: com_kwai_player_debuginfo_model_PlayerConfigDebugInfo begin
06-28 10:26:46.582 23959 24211 D J4A : J4ALoader: OK: 'com.kwai.player.debuginfo.model.PlayerConfigDebugInfo' loaded
06-28 10:26:46.582 23959 24211 I KwaiMediaPlayer: com_kwai_player_debuginfo_model_PlayerConfigDebugInfo end, ret:0
06-28 10:26:46.582 23959 24211 I KwaiMediaPlayer: com_kwai_player_debuginfo_model_AppLiveQosDebugInfoNew begin
06-28 10:26:46.582 23959 24211 D J4A : J4ALoader: OK: 'com.kwai.player.debuginfo.model.AppLiveQosDebugInfoNew' loaded
06-28 10:26:46.582 23959 24211 I KwaiMediaPlayer: com_kwai_player_debuginfo_model_AppLiveQosDebugInfoNew end, ret:0
06-28 10:26:46.582 23959 24211 I KwaiMediaPlayer: com_kwai_video_player_AbstractNativeMediaPlayer begin
06-28 10:26:46.582 23959 24211 D J4A : J4ALoader: OK: 'com.kwai.video.player.AbstractNativeMediaPlayer' loaded
06-28 10:26:46.582 23959 24211 I KwaiMediaPlayer: com_kwai_video_player_AbstractNativeMediaPlayer end, ret:0
06-28 10:26:46.582 23959 24211 I KwaiMediaPlayer: com_kwai_player_qos_KwaiPlayerResultQos begin
06-28 10:26:46.582 23959 24211 D J4A : J4ALoader: OK: 'com.kwai.player.qos.KwaiPlayerResultQos' loaded
06-28 10:26:46.582 23959 24211 I KwaiMediaPlayer: com_kwai_player_qos_KwaiPlayerResultQos end, ret:0
06-28 10:26:46.582 23959 24211 I KwaiMediaPlayer: com_kwai_player_KwaiRepresentation begin
06-28 10:26:46.582 23959 24211 D J4A : J4ALoader: OK: 'com.kwai.player.KwaiRepresentation' loaded
06-28 10:26:46.582 23959 24211 I KwaiMediaPlayer: com_kwai_player_KwaiRepresentation end, ret:0
06-28 10:26:46.582 23959 24211 I KwaiMediaPlayer: com_kwai_player_KwaiRepresentationListenerBridge begin
06-28 10:26:46.582 23959 24211 D J4A : J4ALoader: OK: 'com.kwai.player.KwaiRepresentationListenerBridge' loaded
06-28 10:26:46.582 23959 24211 I KwaiMediaPlayer: com_kwai_player_KwaiRepresentationListenerBridge end, ret:0
06-28 10:26:46.582 23959 24211 I KwaiMediaPlayer: com_kwai_player_KwaiVodDrmCallbackBridge begin
06-28 10:26:46.582 23959 24211 D J4A : J4ALoader: OK: 'com.kwai.player.KwaiVodDrmCallbackBridge' loaded
06-28 10:26:46.582 23959 24211 I KwaiMediaPlayer: com_kwai_player_KwaiVodDrmCallbackBridge end, ret:0
06-28 10:26:46.582 23959 24211 I KwaiMediaPlayer: com_kwai_player_live_KwaiPlayerLiveListenerBridge begin
06-28 10:26:46.582 23959 24211 D J4A : J4ALoader: OK: 'com.kwai.player.live.KwaiPlayerLiveListenerBridge' loaded
06-28 10:26:46.582 23959 24211 I KwaiMediaPlayer: com_kwai_player_live_KwaiPlayerLiveListenerBridge end, ret:0
06-28 10:26:46.582 23959 24211 I KwaiMediaPlayer: com_kwai_video_player_KsDrm begin
06-28 10:26:46.582 23959 24211 D J4A : J4ALoader: OK: 'com.kwai.video.player.KsDrm' loaded
06-28 10:26:46.582 23959 24211 I KwaiMediaPlayer: com_kwai_video_player_KsDrm end, ret:0
06-28 10:26:46.582 23959 24211 I KwaiMediaPlayer: com_kwai_player_qosevent_KwaiQosEventInfo begin
06-28 10:26:46.582 23959 24211 D J4A : J4ALoader: OK: 'com.kwai.player.qosevent.KwaiQosEventInfo' loaded
06-28 10:26:46.582 23959 24211 I KwaiMediaPlayer: com_kwai_player_qosevent_KwaiQosEventInfo end, ret:0
06-28 10:26:46.582 23959 24211 I KwaiMediaPlayer: com_kwai_player_qosevent_KwaiQosEventInfoListenerBridge begin
06-28 10:26:46.582 23959 24211 D J4A : J4ALoader: OK: 'com.kwai.player.qosevent.KwaiQosEventInfoListenerBridge' loaded
06-28 10:26:46.582 23959 24211 I KwaiMediaPlayer: com_kwai_player_qosevent_KwaiQosEventInfoListenerBridge end, ret:0
06-28 10:26:46.582 23959 24211 I KwaiMediaPlayer: com_kwai_player_KwaiOnVideoRenderListenerBridge begin
06-28 10:26:46.582 23959 24211 D J4A : J4ALoader: OK: 'com.kwai.player.KwaiOnVideoRenderListenerBridge' loaded
06-28 10:26:46.582 23959 24211 I KwaiMediaPlayer: com_kwai_player_KwaiOnVideoRenderListenerBridge end, ret:0
06-28 10:26:46.582 23959 24211 I KwaiMediaPlayer: com_kwai_player_network_IKwaiNetwork begin
06-28 10:26:46.582 23959 24211 D J4A : J4ALoader: OK: 'com.kwai.player.network.IKwaiNetwork' loaded
06-28 10:26:46.582 23959 24211 I KwaiMediaPlayer: com_kwai_player_network_IKwaiNetwork end, ret:0
06-28 10:26:46.582 23959 24211 I KwaiMediaPlayer: com_kwai_player_network_KwaiNetworkMonitor begin
06-28 10:26:46.582 23959 24211 D J4A : J4ALoader: OK: 'com.kwai.player.network.KwaiNetworkMonitor' loaded
06-28 10:26:46.582 23959 24211 I KwaiMediaPlayer: com_kwai_player_network_KwaiNetworkMonitor end, ret:0
06-28 10:26:46.582 23959 24211 I KwaiMediaPlayer: com_kwai_player_KwaiSubtitle begin
06-28 10:26:46.583 23959 24211 D J4A : J4ALoader: OK: 'com.kwai.player.KwaiSubtitle$Cue' loaded
06-28 10:26:46.583 23959 24211 D J4A : J4ALoader: OK: 'com.kwai.player.KwaiSubtitle' loaded
06-28 10:26:46.583 23959 24211 I KwaiMediaPlayer: com_kwai_player_KwaiSubtitle end, ret:0
06-28 10:26:46.583 23959 24211 I KwaiMediaPlayer: com_kwai_player_KwaiSubtitleListenerBridge begin
06-28 10:26:46.583 23959 24211 D J4A : J4ALoader: OK: 'com.kwai.player.KwaiSubtitleListenerBridge' loaded
06-28 10:26:46.583 23959 24211 I KwaiMediaPlayer: com_kwai_player_KwaiSubtitleListenerBridge end, ret:0
06-28 10:26:46.583 23959 24211 I KwaiMediaPlayer: com_kwai_player_KwaiInjectHttpCallbackBridge begin
06-28 10:26:46.583 23959 24211 D J4A : J4ALoader: OK: 'com.kwai.player.KwaiInjectHttpCallbackBridge' loaded
06-28 10:26:46.583 23959 24211 I KwaiMediaPlayer: com_kwai_player_KwaiInjectHttpCallbackBridge end, ret:0
06-28 10:26:46.583 23959 24211 I KwaiMediaPlayer: com_kwai_video_player_OnInfoExtra begin
06-28 10:26:46.583 23959 24211 D J4A : J4ALoader: OK: 'com.kwai.video.player.OnInfoExtra' loaded
06-28 10:26:46.583 23959 24211 I KwaiMediaPlayer: com_kwai_video_player_OnInfoExtra end, ret:0
06-28 10:26:46.583 23959 24211 I KwaiMediaPlayer: KpMediaPlayer_native_init end
06-28 10:26:46.583 23959 24211 I Hodor : [HodorConfig::SetScopeMaxSize] scope_size:1024KB
06-28 10:26:46.583 23959 24211 D KwaiMediaPlayer: KpMediaPlayer_native_setLogLevel
06-28 10:26:46.583 23959 24211 D KwaiMediaPlayer: KpMediaPlayer_native_setKwaiLogLevel
06-28 10:26:46.584 23959 24606 I Hodor : [CacheManagerImpl::InitOnceIfEnabled] async init start
06-28 10:26:46.586 23959 24606 I Hodor : [MediaCacheManager::RestoreFromFileSystem]resume content files, cache_content_dir:/data/user/0/com.zhihu.android/files/.hodor/media_v3_content, Resume success cnt:8, fail cnt:0
06-28 10:26:46.586 23959 24606 E Hodor : [MediaCacheContentStated::RegisterCachedScope]key:4e0a15d80e0e87e423183516b8c0a8d0, cached:409600
06-28 10:26:46.586 23959 24606 E Hodor : [MediaCacheContentStated::RegisterCachedScope]key:775ab935ba0895ecb563fa8314d7d43e, cached:409600
06-28 10:26:46.586 23959 24606 E Hodor : [MediaCacheContentStated::RegisterCachedScope]key:45341846bf281b1b5ba5aac8740edffc, cached:606500
06-28 10:26:46.586 23959 24606 E Hodor : [MediaCacheContentStated::RegisterCachedScope]key:7951472697412025bca3f5136dacdac1, cached:409600
06-28 10:26:46.586 23959 24606 E Hodor : [MediaCacheContentStated::RegisterCachedScope]key:7db78c45a746f8ad15596847a52c6264, cached:409600
06-28 10:26:46.586 23959 24606 E Hodor : [MediaCacheContentStated::RegisterCachedScope]key:64f7e73454feec3bf4bd0dd02523a447, cached:409600
06-28 10:26:46.586 23959 24606 E Hodor : [MediaCacheContentStated::RegisterCachedScope]key:1e24f1754fead6fa0a690393ad1a5b02, cached:412500
06-28 10:26:46.586 23959 24606 E Hodor : [MediaCacheContentStated::RegisterCachedScope]key:003ce30c666c394173b2d4ab843dda44, cached:409600
06-28 10:26:46.586 23959 24606 I Hodor : [MediaCacheManager::RestoreFromFileSystem]resume scope files, cache_scope_dir:/data/user/0/com.zhihu.android/files/.hodor/media_v3_scope, Resume success cnt:16, fail cnt:0, empty_content_cnt:0
06-28 10:26:46.587 23959 24606 W Hodor : [ResourceCacheManager::CacheContentsReadFromIndexFile] index file not found in:/data/user/0/com.zhihu.android/files/.hodor/resource
06-28 10:26:46.587 23959 24606 W Hodor : [ResourceCacheManager::RestoreFromDirectory]nothing read from index file
06-28 10:26:46.587 23959 24606 W Hodor : [ResourceCacheManager::CacheContentsReadFromIndexFile] index file not found in:/storage/emulated/0/Android/data/com.zhihu.android/files/.hodor/resource
06-28 10:26:46.587 23959 24606 W Hodor : [ResourceCacheManager::RestoreFromDirectory]nothing read from index file
06-28 10:26:46.587 23959 24606 I Hodor : [CacheManagerImpl::InitOnceIfEnabled] async init finish
06-28 10:26:46.588 701 701 I Zygote : Process 24464 exited due to signal 9 (Killed)
06-28 10:26:46.590 23959 24615 I Hodor : [NetworkMonitor::OnNewActiveNetwork]is_connected:1, is_wifi:1, active_network_type_name:WIFI, active_network_connection_state_name:CONNECTED, active_network_extra_info:, support_mobile_type:UNKNOWN
06-28 10:26:46.601 23959 24211 D KSMConfInternal: updateEnableHwDecPlayScene
06-28 10:26:46.612 23959 23969 W System : A resource failed to call close.
06-28 10:26:46.612 23959 23969 W System : A resource failed to call close.
06-28 10:26:46.616 680 694 I mpu_uart: [MSG-P:RECV]:No message received in 1000 ms
06-28 10:26:46.624 680 693 I mpu_uart: [MSG-P:R]:recv sync frame timeout
06-28 10:26:46.681 1603 1861 W ActivityManager: Background start not allowed: service Intent { cmp=com.zhihu.android/com.liulishuo.filedownloader.services.FileDownloadService$SharedMainProcessService (has extras) } to com.zhihu.android/com.liulishuo.filedownloader.services.FileDownloadService$SharedMainProcessService from pid=23959 uid=10127 pkg=com.zhihu.android startFg?=false
06-28 10:26:46.683 1603 1861 W ActivityManager: Background start not allowed: service Intent { cmp=com.zhihu.android/com.liulishuo.filedownloader.services.FileDownloadService$SharedMainProcessService (has extras) } to com.zhihu.android/com.liulishuo.filedownloader.services.FileDownloadService$SharedMainProcessService from pid=23959 uid=10127 pkg=com.zhihu.android startFg?=false
06-28 10:26:46.683 1603 1861 W ActivityManager: Background start not allowed: service Intent { cmp=com.zhihu.android/com.liulishuo.filedownloader.services.FileDownloadService$SharedMainProcessService (has extras) } to com.zhihu.android/com.liulishuo.filedownloader.services.FileDownloadService$SharedMainProcessService from pid=23959 uid=10127 pkg=com.zhihu.android startFg?=false
06-28 10:26:46.945 23959 23969 W System : A resource failed to call close.
06-28 10:26:46.945 23959 23969 W System : A resource failed to call close.
06-28 10:26:46.945 23959 23969 W System : A resource failed to call close.
06-28 10:26:46.946 23959 23969 W System : A resource failed to call close.
06-28 10:26:46.946 23959 23969 W System : A resource failed to call close.
06-28 10:26:46.946 23959 23969 W System : A resource failed to call close.
06-28 10:26:46.946 23959 23969 W System : A resource failed to call close.
06-28 10:26:46.946 23959 23969 W System : A resource failed to call close.
06-28 10:26:46.946 23959 23969 W System : A resource failed to call close.
06-28 10:26:46.946 23959 23969 W System : A resource failed to call close.
06-28 10:26:46.946 23959 23969 W System : A resource failed to call close.
06-28 10:26:46.946 23959 23969 W System : A resource failed to call close.
06-28 10:26:46.946 23959 23969 W System : A resource failed to call close.
06-28 10:26:46.946 23959 23969 W System : A resource failed to call close.
06-28 10:26:46.946 23959 23969 W System : A resource failed to call close.
06-28 10:26:46.946 23959 23969 W System : A resource failed to call close.
06-28 10:26:46.946 23959 23969 W System : A resource failed to call close.
06-28 10:26:46.946 23959 23969 W System : A resource failed to call close.
06-28 10:26:46.946 23959 23969 W System : A resource failed to call close.
06-28 10:26:46.946 23959 23969 W System : A resource failed to call close.
06-28 10:26:46.946 23959 23969 W System : A resource failed to call close.
06-28 10:26:46.946 23959 23969 W System : A resource failed to call close.
06-28 10:26:46.946 23959 23969 W System : A resource failed to call close.
06-28 10:26:46.946 23959 23969 W System : A resource failed to call close.
06-28 10:26:46.946 23959 23969 W System : A resource failed to call close.
06-28 10:26:46.946 23959 23969 W System : A resource failed to call close.
06-28 10:26:46.946 23959 23969 W System : A resource failed to call close.
06-28 10:26:46.946 23959 23969 W System : A resource failed to call close.
06-28 10:26:46.946 23959 23969 W System : A resource failed to call close.
06-28 10:26:46.946 23959 23969 W System : A resource failed to call close.
06-28 10:26:46.946 23959 23969 W System : A resource failed to call close.
06-28 10:26:46.946 23959 23969 W System : A resource failed to call close.
06-28 10:26:46.946 23959 23969 W System : A resource failed to call close.
06-28 10:26:46.946 23959 23969 W System : A resource failed to call close.
06-28 10:26:46.946 23959 23969 W System : A resource failed to call close.
06-28 10:26:46.946 23959 23969 W System : A resource failed to call close.
06-28 10:26:46.947 23959 23969 W System : A resource failed to call close.
06-28 10:26:46.947 23959 23969 W System : A resource failed to call close.
06-28 10:26:46.947 23959 23969 W System : A resource failed to call close.
06-28 10:26:46.947 23959 23969 W System : A resource failed to call close.
06-28 10:26:46.947 23959 23969 W System : A resource failed to call close.
06-28 10:26:46.947 23959 23969 W System : A resource failed to call close.
06-28 10:26:46.947 23959 23969 W System : A resource failed to call close.
06-28 10:26:46.947 23959 23969 W System : A resource failed to call close.
06-28 10:26:46.947 23959 23969 W System : A resource failed to call close.
06-28 10:26:46.947 23959 23969 W System : A resource failed to call close.
06-28 10:26:46.947 23959 23969 W System : A resource failed to call close.
06-28 10:26:46.947 23959 23969 W System : A resource failed to call close.
06-28 10:26:46.947 23959 23969 W System : A resource failed to call close.
