06-29 10:13:37.630 1570 1898 I input_focus: [Focus leaving 2d3faeb com.baidu.appsearch/com.baidu.appsearch.MainActivity (server),reason=NO_WINDOW]
06-29 10:13:37.630 1570 9356 D PowerManagerService: updateWakeLockWorkSourceInternal: lock=61511091 [*launch*], ws=WorkSource{10075}
06-29 10:13:37.630 1570 9356 D PowerManagerNotifier: onWakeLockChanging: flags=1, tag="*launch*", packageName=android, ownerUid=1000, ownerPid=1570, workSource=WorkSource{10075}
06-29 10:13:37.630 1570 9356 I ActivityTaskManager: FOREGROUND_APPLICATION_CHANGED to com.android.launcher3.uioverrides.QuickstepLauncher
06-29 10:13:37.632 1570 9356 I wm_resume_activity: [0,157777106,168,com.android.launcher3/.uioverrides.QuickstepLauncher]
06-29 10:13:37.632 1570 9356 I wm_resume_activity: [0,160296069,176,com.kugou.android/.app.splash.SplashActivity]
06-29 10:13:37.633 1570 9356 I wm_add_to_stopping: [0,160296069,com.kugou.android/.app.splash.SplashActivity,makeInvisible]
06-29 10:13:37.639 2667 2667 I wm_on_resume_called: [157777106,com.android.launcher3.uioverrides.QuickstepLauncher,RESUME_ACTIVITY]
06-29 10:13:37.641 1570 1717 D PowerManagerService: releaseWakeLockInternal: lock=61511091 [*launch*], flags=0x0
06-29 10:13:37.641 1570 1717 D PowerManagerNotifier: onWakeLockReleased: flags=1, tag="*launch*", packageName=android, ownerUid=1000, ownerPid=1570, workSource=WorkSource{10075}
06-29 10:13:37.642 1570 1717 D PowerManagerService: updateWakeLockSummaryLocked: mWakefulness=Awake, mWakeLockSummary=0x1
06-29 10:13:37.642 1570 1717 D PowerManagerService: updateUserActivitySummaryLocked: groupId=0, mWakefulness=Awake, mUserActivitySummary=0x1, nextTimeout=172378 (in 59530 ms)
06-29 10:13:37.642 1570 1717 D PowerManagerNotifier: onScreenPolicyUpdate: newPolicy=3
06-29 10:13:37.642 1570 1717 D PowerManagerService: updateDisplayPowerStateLocked: displayReady=true, groupId=0, policy=BRIGHT, mWakefulness=Awake, mWakeLockSummary=0x1, mUserActivitySummary=0x1, mBootCompleted=true, screenBrightnessOverride=NaN, useAutoBrightness=false, mScreenBrightnessBoostInProgress=false, mIsVrModeEnabled= false, sQuiescent=false
06-29 10:13:37.642 1570 1717 I wm_stop_activity: [0,160296069,com.kugou.android/.app.splash.SplashActivity]
06-29 10:13:37.642 1570 1717 I wm_destroy_activity: [0,166786203,178,com.android.launcher3/com.android.quickstep.RecentsActivity,finish-imm:idle]
06-29 10:13:37.643 1570 1717 I sysui_multi_action: [757,1144,758,8,806,com.android.launcher3,871,com.android.quickstep.RecentsActivity]
06-29 10:13:37.644 1570 1717 I sysui_multi_action: [757,803,799,window_time_0,802,0]
06-29 10:13:37.650 2667 2667 I wm_on_destroy_called: [166786203,com.android.quickstep.RecentsActivity,performDestroy]
06-29 10:13:37.652 1570 9356 I wm_task_removed: [178,cleanUpResourcesForDestroy]
06-29 10:13:37.652 1570 9356 I wm_task_removed: [177,removeChild:removeChild last r=Task{1019038 #178 type=recents I=com.android.launcher3/com.android.quickstep.RecentsActivity U=0 visible=false mode=fullscreen translucent=true sz=0 visible freeform task=true rootAffinity=null isMini=false} in t=Task{12bdf7c #177 type=recents ?? U=0 visible=false mode=fullscreen translucent=true sz=0 visible freeform task=true rootAffinity=null isMini=false}]
06-29 10:13:37.652 1570 9356 I wm_task_removed: [177,removeChild]
06-29 10:13:37.652 1570 9356 I wm_task_removed: [178,removeChild:removeChild last r=ActivityRecord{9f0f49b u0 com.android.launcher3/com.android.quickstep.RecentsActivity taskAffinity=null t-1 f}} in t=Task{1019038 #178 type=recents I=com.android.launcher3/com.android.quickstep.RecentsActivity U=0 visible=false mode=fullscreen translucent=true sz=0 visible freeform task=true rootAffinity=null isMini=false}]
06-29 10:13:37.652 1570 9356 I wm_task_removed: [178,removeChild]
06-29 10:13:37.652 1570 9356 I ActivityTaskManager: FOREGROUND_APPLICATION_CHANGED to com.kugou.android.app.splash.SplashActivity
06-29 10:13:37.653 1570 9356 I wm_add_to_stopping: [0,160296069,com.kugou.android/.app.splash.SplashActivity,makeInvisible]
06-29 10:13:37.653 1570 9356 I wm_resume_activity: [0,160296069,176,com.kugou.android/.app.splash.SplashActivity]
06-29 10:13:37.654 1570 9356 I wm_add_to_stopping: [0,160296069,com.kugou.android/.app.splash.SplashActivity,makeInvisible]
06-29 10:13:37.657 1570 9400 I wm_stop_activity: [0,160296069,com.kugou.android/.app.splash.SplashActivity]
06-29 10:13:37.660 10712 10712 I wm_on_restart_called: [160296069,com.kugou.android.app.splash.SplashActivity,performRestartActivity]
06-29 10:13:37.660 10712 10712 I wm_on_start_called: [160296069,com.kugou.android.app.splash.SplashActivity,handleStartActivity]
06-29 10:13:37.661 10712 10712 I wm_on_resume_called: [160296069,com.kugou.android.app.splash.SplashActivity,RESUME_ACTIVITY]
06-29 10:13:37.663 10712 10712 I wm_on_paused_called: [160296069,com.kugou.android.app.splash.SplashActivity,performPause]
06-29 10:13:37.663 10712 10712 I wm_on_stop_called: [160296069,com.kugou.android.app.splash.SplashActivity,STOP_ACTIVITY_ITEM]
06-29 10:13:37.663 10712 10712 I wm_on_restart_called: [160296069,com.kugou.android.app.splash.SplashActivity,performRestartActivity]
06-29 10:13:37.663 10712 10712 I wm_on_start_called: [160296069,com.kugou.android.app.splash.SplashActivity,handleStartActivity]
06-29 10:13:37.665 10712 10712 I wm_on_resume_called: [160296069,com.kugou.android.app.splash.SplashActivity,RESUME_ACTIVITY]
06-29 10:13:37.666 10712 10712 I wm_on_paused_called: [160296069,com.kugou.android.app.splash.SplashActivity,performPause]
06-29 10:13:37.668 10712 10712 I wm_on_stop_called: [160296069,com.kugou.android.app.splash.SplashActivity,STOP_ACTIVITY_ITEM]
06-29 10:13:37.670 1570 9356 D PowerManagerService: releaseWakeLockInternal: lock=157381840 [WakeLock1], flags=0x0
06-29 10:13:37.670 1570 9356 D PowerManagerNotifier: onWakeLockReleased: flags=1, tag="WakeLock1", packageName=com.baidu.appsearch, ownerUid=10108, ownerPid=10774, workSource=null
06-29 10:13:37.671 1570 9356 D PowerManagerService: updateWakeLockSummaryLocked: mWakefulness=Awake, mWakeLockSummary=0x1
06-29 10:13:37.671 1570 9356 D PowerManagerService: updateUserActivitySummaryLocked: groupId=0, mWakefulness=Awake, mUserActivitySummary=0x1, nextTimeout=172378 (in 59500 ms)
06-29 10:13:37.671 1570 9356 D PowerManagerNotifier: onScreenPolicyUpdate: newPolicy=3
06-29 10:13:37.671 1570 9356 D PowerManagerService: updateDisplayPowerStateLocked: displayReady=true, groupId=0, policy=BRIGHT, mWakefulness=Awake, mWakeLockSummary=0x1, mUserActivitySummary=0x1, mBootCompleted=true, screenBrightnessOverride=NaN, useAutoBrightness=false, mScreenBrightnessBoostInProgress=false, mIsVrModeEnabled= false, sQuiescent=false
06-29 10:13:37.671 1570 9356 D PowerManagerService: acquireWakeLockInternal: lock=146415566, flags=0x1, tag="WakeLock2", ws=null, uid=10108, pid=10774
06-29 10:13:37.672 1570 9356 D PowerManagerService: updateWakeLockSummaryLocked: mWakefulness=Awake, mWakeLockSummary=0x1
06-29 10:13:37.672 1570 9356 D PowerManagerService: updateUserActivitySummaryLocked: groupId=0, mWakefulness=Awake, mUserActivitySummary=0x1, nextTimeout=172378 (in 59500 ms)
06-29 10:13:37.672 1570 9356 D PowerManagerNotifier: onScreenPolicyUpdate: newPolicy=3
06-29 10:13:37.672 1570 9356 D PowerManagerService: updateDisplayPowerStateLocked: displayReady=true, groupId=0, policy=BRIGHT, mWakefulness=Awake, mWakeLockSummary=0x1, mUserActivitySummary=0x1, mBootCompleted=true, screenBrightnessOverride=NaN, useAutoBrightness=false, mScreenBrightnessBoostInProgress=false, mIsVrModeEnabled= false, sQuiescent=false
06-29 10:13:37.672 1570 9356 D PowerManagerNotifier: onWakeLockAcquired: flags=1, tag="WakeLock2", packageName=com.baidu.appsearch, ownerUid=10108, ownerPid=10774, workSource=null
06-29 10:13:37.673 1570 9400 I ActivityTaskManager: Activity reported stop, but no longer stopping: ActivityRecord{98dec85 u0 com.kugou.android/.app.splash.SplashActivity taskAffinity=10115:android.task.kugou t176} STOPPED
06-29 10:13:37.677 1570 9356 D PowerManagerService: releaseWakeLockInternal: lock=146415566 [WakeLock2], flags=0x0
06-29 10:13:37.677 1570 9356 D PowerManagerNotifier: onWakeLockReleased: flags=1, tag="WakeLock2", packageName=com.baidu.appsearch, ownerUid=10108, ownerPid=10774, workSource=null
06-29 10:13:37.677 1570 9356 D PowerManagerService: updateWakeLockSummaryLocked: mWakefulness=Awake, mWakeLockSummary=0x1
06-29 10:13:37.677 1570 9356 D PowerManagerService: updateUserActivitySummaryLocked: groupId=0, mWakefulness=Awake, mUserActivitySummary=0x1, nextTimeout=172378 (in 59494 ms)
06-29 10:13:37.677 1570 9356 D PowerManagerNotifier: onScreenPolicyUpdate: newPolicy=3
06-29 10:13:37.677 1570 9356 D PowerManagerService: updateDisplayPowerStateLocked: displayReady=true, groupId=0, policy=BRIGHT, mWakefulness=Awake, mWakeLockSummary=0x1, mUserActivitySummary=0x1, mBootCompleted=true, screenBrightnessOverride=NaN, useAutoBrightness=false, mScreenBrightnessBoostInProgress=false, mIsVrModeEnabled= false, sQuiescent=false
06-29 10:13:37.678 1570 9356 D PowerManagerService: acquireWakeLockInternal: lock=157381840, flags=0x1, tag="WakeLock1", ws=null, uid=10108, pid=10774
06-29 10:13:37.678 1570 9356 D PowerManagerService: updateWakeLockSummaryLocked: mWakefulness=Awake, mWakeLockSummary=0x1
06-29 10:13:37.678 1570 9356 D PowerManagerService: updateUserActivitySummaryLocked: groupId=0, mWakefulness=Awake, mUserActivitySummary=0x1, nextTimeout=172378 (in 59493 ms)
06-29 10:13:37.678 1570 9356 D PowerManagerNotifier: onScreenPolicyUpdate: newPolicy=3
06-29 10:13:37.678 1570 9356 D PowerManagerService: updateDisplayPowerStateLocked: displayReady=true, groupId=0, policy=BRIGHT, mWakefulness=Awake, mWakeLockSummary=0x1, mUserActivitySummary=0x1, mBootCompleted=true, screenBrightnessOverride=NaN, useAutoBrightness=false, mScreenBrightnessBoostInProgress=false, mIsVrModeEnabled= false, sQuiescent=false
06-29 10:13:37.678 1570 9356 D PowerManagerNotifier: onWakeLockAcquired: flags=1, tag="WakeLock1", packageName=com.baidu.appsearch, ownerUid=10108, ownerPid=10774, workSource=null
06-29 10:13:37.721 10774 10774 I wm_on_top_resumed_lost_called: [21855026,com.baidu.appsearch.MainActivity,topStateChangedWhenResumed]
06-29 10:13:37.728 10774 10774 I wm_on_top_resumed_gained_called: [21855026,com.baidu.appsearch.MainActivity,topStateChangedWhenResumed]
06-29 10:13:37.737 1570 9400 D ActivityTaskManager: Skipping, freeform mode : Task{35c6ada #176 type=standard A=10115:android.task.kugou U=0 visible=true mode=freeform translucent=false sz=1 visible freeform task=false rootAffinity=10115:android.task.kugou isMini=false}
06-29 10:13:37.737 1570 9400 D ActivityTaskManager: Skipping, freeform mode : Task{bc4d658 #175 type=standard A=10108:com.baidu.appsearch U=0 visible=true mode=freeform translucent=true sz=1 visible freeform task=false rootAffinity=10108:com.baidu.appsearch isMini=false}
06-29 10:13:37.737 1570 9400 D ActivityTaskManager: Skipping, freeform mode : Task{8a4e915 #163 type=undefined A=10109:com.netease.cloudmusic U=0 visible=false mode=freeform translucent=true sz=0 visible freeform task=true rootAffinity=10109:com.netease.cloudmusic isMini=false}
06-29 10:13:37.778 0 0 I [ 112.983788] init: processing action (sys.tlog.tlogdshc.active=1) from (/system/etc/init/tlogd.rc:197)
06-29 10:13:37.778 0 0 I [ 112.983984] init: starting service 'tlogdshc'...
06-29 10:13:37.811 1570 1604 D CompatibilityChangeReporter: Compat change id reported: 135634846; UID 10101; state: DISABLED
06-29 10:13:37.811 1570 1604 D CompatibilityChangeReporter: Compat change id reported: 177438394; UID 10101; state: DISABLED
06-29 10:13:37.811 1570 1604 D CompatibilityChangeReporter: Compat change id reported: 135772972; UID 10101; state: DISABLED
06-29 10:13:37.811 1570 1604 D CompatibilityChangeReporter: Compat change id reported: 135754954; UID 10101; state: DISABLED
06-29 10:13:37.811 1570 1725 D CompatibilityChangeReporter: Compat change id reported: 143937733; UID 10101; state: DISABLED
06-29 10:13:37.821 1570 1725 I am_proc_start: [0,11317,10101,com.tencent.ilink.ServiceProcess,service,{com.tencent.android.qqdownloader/com.tencent.luggage.services.WxaStartUpService}]
06-29 10:13:37.821 1570 1725 I ActivityManager: Start proc 11317:com.tencent.ilink.ServiceProcess/u0a101 for service {com.tencent.android.qqdownloader/com.tencent.luggage.services.WxaStartUpService}
06-29 10:13:37.839 0 0 I [ 113.046095] binder: 11317:11317 ioctl 40046210 7fe27a47d4 returned -22
06-29 10:13:37.854 1570 9356 I am_proc_bound: [0,11317,com.tencent.ilink.ServiceProcess]
06-29 10:13:37.857 1570 9356 D CompatibilityChangeReporter: Compat change id reported: 168419799; UID 10101; state: DISABLED
06-29 10:13:37.881 1570 9356 D PowerManagerService: releaseWakeLockInternal: lock=157381840 [WakeLock1], flags=0x0
06-29 10:13:37.881 1570 9356 D PowerManagerNotifier: onWakeLockReleased: flags=1, tag="WakeLock1", packageName=com.baidu.appsearch, ownerUid=10108, ownerPid=10774, workSource=null
06-29 10:13:37.881 1570 9356 D PowerManagerService: updateWakeLockSummaryLocked: mWakefulness=Awake, mWakeLockSummary=0x1
06-29 10:13:37.881 1570 9356 D PowerManagerService: updateUserActivitySummaryLocked: groupId=0, mWakefulness=Awake, mUserActivitySummary=0x1, nextTimeout=172378 (in 59290 ms)
06-29 10:13:37.881 1570 9356 D PowerManagerNotifier: onScreenPolicyUpdate: newPolicy=3
06-29 10:13:37.881 1570 9356 D PowerManagerService: updateDisplayPowerStateLocked: displayReady=true, groupId=0, policy=BRIGHT, mWakefulness=Awake, mWakeLockSummary=0x1, mUserActivitySummary=0x1, mBootCompleted=true, screenBrightnessOverride=NaN, useAutoBrightness=false, mScreenBrightnessBoostInProgress=false, mIsVrModeEnabled= false, sQuiescent=false
06-29 10:13:37.883 1570 9356 D PowerManagerService: acquireWakeLockInternal: lock=146415566, flags=0x1, tag="WakeLock2", ws=null, uid=10108, pid=10774
06-29 10:13:37.883 1570 9356 D PowerManagerService: updateWakeLockSummaryLocked: mWakefulness=Awake, mWakeLockSummary=0x1
06-29 10:13:37.883 1570 9356 D PowerManagerService: updateUserActivitySummaryLocked: groupId=0, mWakefulness=Awake, mUserActivitySummary=0x1, nextTimeout=172378 (in 59288 ms)
06-29 10:13:37.883 1570 9356 D PowerManagerNotifier: onScreenPolicyUpdate: newPolicy=3
06-29 10:13:37.883 1570 9356 D PowerManagerService: updateDisplayPowerStateLocked: displayReady=true, groupId=0, policy=BRIGHT, mWakefulness=Awake, mWakeLockSummary=0x1, mUserActivitySummary=0x1, mBootCompleted=true, screenBrightnessOverride=NaN, useAutoBrightness=false, mScreenBrightnessBoostInProgress=false, mIsVrModeEnabled= false, sQuiescent=false
06-29 10:13:37.883 1570 9356 D PowerManagerNotifier: onWakeLockAcquired: flags=1, tag="WakeLock2", packageName=com.baidu.appsearch, ownerUid=10108, ownerPid=10774, workSource=null
06-29 10:13:37.888 1570 9356 D PowerManagerService: releaseWakeLockInternal: lock=146415566 [WakeLock2], flags=0x0
06-29 10:13:37.888 1570 9356 D PowerManagerNotifier: onWakeLockReleased: flags=1, tag="WakeLock2", packageName=com.baidu.appsearch, ownerUid=10108, ownerPid=10774, workSource=null
06-29 10:13:37.888 1570 9356 D PowerManagerService: updateWakeLockSummaryLocked: mWakefulness=Awake, mWakeLockSummary=0x1
06-29 10:13:37.888 1570 9356 D PowerManagerService: updateUserActivitySummaryLocked: groupId=0, mWakefulness=Awake, mUserActivitySummary=0x1, nextTimeout=172378 (in 59283 ms)
06-29 10:13:37.888 1570 9356 D PowerManagerNotifier: onScreenPolicyUpdate: newPolicy=3
06-29 10:13:37.888 1570 9356 D PowerManagerService: updateDisplayPowerStateLocked: displayReady=true, groupId=0, policy=BRIGHT, mWakefulness=Awake, mWakeLockSummary=0x1, mUserActivitySummary=0x1, mBootCompleted=true, screenBrightnessOverride=NaN, useAutoBrightness=false, mScreenBrightnessBoostInProgress=false, mIsVrModeEnabled= false, sQuiescent=false
06-29 10:13:37.893 1570 9356 D PowerManagerService: acquireWakeLockInternal: lock=157381840, flags=0x1, tag="WakeLock1", ws=null, uid=10108, pid=10774
06-29 10:13:37.893 1570 9356 D PowerManagerService: updateWakeLockSummaryLocked: mWakefulness=Awake, mWakeLockSummary=0x1
06-29 10:13:37.893 1570 9356 D PowerManagerService: updateUserActivitySummaryLocked: groupId=0, mWakefulness=Awake, mUserActivitySummary=0x1, nextTimeout=172378 (in 59278 ms)
06-29 10:13:37.893 1570 9356 D PowerManagerNotifier: onScreenPolicyUpdate: newPolicy=3
06-29 10:13:37.893 1570 9356 D PowerManagerService: updateDisplayPowerStateLocked: displayReady=true, groupId=0, policy=BRIGHT, mWakefulness=Awake, mWakeLockSummary=0x1, mUserActivitySummary=0x1, mBootCompleted=true, screenBrightnessOverride=NaN, useAutoBrightness=false, mScreenBrightnessBoostInProgress=false, mIsVrModeEnabled= false, sQuiescent=false
06-29 10:13:37.893 1570 9356 D PowerManagerNotifier: onWakeLockAcquired: flags=1, tag="WakeLock1", packageName=com.baidu.appsearch, ownerUid=10108, ownerPid=10774, workSource=null
06-29 10:13:37.898 1570 1717 I wm_stop_activity: [0,21855026,com.baidu.appsearch/.MainActivity]
06-29 10:13:37.905 10774 10774 I wm_on_top_resumed_lost_called: [21855026,com.baidu.appsearch.MainActivity,topStateChangedWhenResumed]
06-29 10:13:37.907 11225 11346 E ActivityThread: Failed to find provider info for com.oplus.cardservice.repository.provider.CardServiceServerProvider
06-29 10:13:37.911 10774 10774 I wm_on_paused_called: [21855026,com.baidu.appsearch.MainActivity,performPause]
06-29 10:13:37.925 0 0 I [ 113.129180] init: Service 'tlogdshc' (pid 11309) exited with status 0 oneshot service took 0.144000 seconds in background
06-29 10:13:37.925 0 0 I [ 113.129205] init: Sending signal 9 to service 'tlogdshc' (pid 11309) process group...
06-29 10:13:37.925 0 0 I [ 113.129468] libprocessgroup: Successfully killed process cgroup uid 0 pid 11309 in 0ms
06-29 10:13:37.931 10774 10774 I wm_on_stop_called: [21855026,com.baidu.appsearch.MainActivity,STOP_ACTIVITY_ITEM]
06-29 10:13:37.938 1570 1898 I input_interaction: Interaction with: c426fd3 com.android.launcher3/com.android.launcher3.uioverrides.QuickstepLauncher (server), c5a6843 com.android.systemui.ImageWallpaper (server), edge-swipe (server), swipe-up (server), PointerEventDispatcher0 (server),
06-29 10:13:37.939 1570 1898 D PowerManagerService: userActivityNoUpdateLocked: groupId=0, eventTime=113144, event=2, flags=0x0, uid=1000
06-29 10:13:37.939 1570 1898 D PowerManagerNotifier: onUserActivity: event=2, uid=1000
06-29 10:13:37.939 1570 1898 D PowerManagerService: updateUserActivitySummaryLocked: groupId=0, mWakefulness=Awake, mUserActivitySummary=0x1, nextTimeout=173144 (in 59998 ms)
06-29 10:13:37.939 1570 1898 D PowerManagerNotifier: onScreenPolicyUpdate: newPolicy=3
06-29 10:13:37.939 1570 1898 D PowerManagerService: updateDisplayPowerStateLocked: displayReady=true, groupId=0, policy=BRIGHT, mWakefulness=Awake, mWakeLockSummary=0x1, mUserActivitySummary=0x1, mBootCompleted=true, screenBrightnessOverride=NaN, useAutoBrightness=false, mScreenBrightnessBoostInProgress=false, mIsVrModeEnabled= false, sQuiescent=false
06-29 10:13:37.941 1570 1717 I wm_task_moved: [1,1,7]
06-29 10:13:37.944 1570 1717 I wm_set_resumed_activity: [0,com.android.launcher3/.uioverrides.QuickstepLauncher,positionChildAt]
06-29 10:13:37.944 1570 1717 I wm_task_moved: [168,1,2147483647]
06-29 10:13:37.944 1570 1717 I wm_task_to_front: [0,168]
06-29 10:13:37.944 2667 2667 I wm_on_top_resumed_gained_called: [157777106,com.android.launcher3.uioverrides.QuickstepLauncher,topStateChangedWhenResumed]
06-29 10:13:37.944 1570 1717 I wm_focused_root_task: [0,0,1,175,setFocusedTask]
06-29 10:13:37.944 1570 1717 I wm_set_resumed_activity: [0,com.android.launcher3/.uioverrides.QuickstepLauncher,setFocusedTask]
06-29 10:13:37.943 11317 11317 I auditd : type=1400 audit(0.0:2445): avc: granted { execute } for comm=".ServiceProcess" path="/data/user/0/com.tencent.android.qqdownloader/files/shell/8_8454130_1346/oat/arm64/base.odex" dev="dm-21" ino=12170 scontext=u:r:untrusted_app_27:s0:c512,c768 tcontext=u:object_r:app_data_file:s0:c512,c768 tclass=file app=com.tencent.android.qqdownloader
06-29 10:13:37.944 1570 1717 I ActivityTaskManager: FOREGROUND_APPLICATION_CHANGED to com.android.launcher3.uioverrides.QuickstepLauncher
06-29 10:13:37.946 1570 1718 I input_focus: [Focus request c426fd3 com.android.launcher3/com.android.launcher3.uioverrides.QuickstepLauncher,reason=UpdateInputWindows]
06-29 10:13:37.964 1570 1898 I input_focus: [Focus entering c426fd3 com.android.launcher3/com.android.launcher3.uioverrides.QuickstepLauncher (server),reason=setFocusedWindow]
06-29 10:13:37.987 11317 11317 I auditd : type=1400 audit(0.0:2446): avc: granted { execute } for comm="temporary-1" path="/data/user/0/com.tencent.android.qqdownloader/files/shell/8_8454130_1346/lib/arm64-v8a/libmmkv.so" dev="dm-21" ino=39389 scontext=u:r:untrusted_app_27:s0:c512,c768 tcontext=u:object_r:app_data_file:s0:c512,c768 tclass=file app=com.tencent.android.qqdownloader
06-29 10:13:38.007 11317 11317 I auditd : type=1400 audit(0.0:2447): avc: granted { execute } for comm="temporary-1" path="/data/user/0/com.tencent.android.qqdownloader/files/shell/8_8454130_1346/lib/arm64-v8a/libmarsxlog.so" dev="dm-21" ino=39388 scontext=u:r:untrusted_app_27:s0:c512,c768 tcontext=u:object_r:app_data_file:s0:c512,c768 tclass=file app=com.tencent.android.qqdownloader
06-29 10:13:38.023 11317 11317 I auditd : type=1400 audit(0.0:2448): avc: granted { execute } for comm=".ServiceProcess" path="/data/user/0/com.tencent.android.qqdownloader/files/res_hub/yyb/online/wx_sdk_so_3_64_20/arm64-v8a/libc++_shared.so" dev="dm-21" ino=50336 scontext=u:r:untrusted_app_27:s0:c512,c768 tcontext=u:object_r:app_data_file:s0:c512,c768 tclass=file app=com.tencent.android.qqdownloader
06-29 10:13:38.031 11317 11317 I auditd : type=1400 audit(0.0:2449): avc: granted { execute } for comm="temporary-3" path="/data/user/0/com.tencent.android.qqdownloader/files/shell/8_8454130_1346/lib/arm64-v8a/librdefense.so" dev="dm-21" ino=39392 scontext=u:r:untrusted_app_27:s0:c512,c768 tcontext=u:object_r:app_data_file:s0:c512,c768 tclass=file app=com.tencent.android.qqdownloader
06-29 10:13:38.037 0 0 W [ 113.241063] audit: audit_lost=2181 audit_rate_limit=5 audit_backlog_limit=64
06-29 10:13:38.044 0 0 E [ 113.241064] audit: rate limit exceeded
06-29 10:13:38.119 1570 1870 D PowerManagerService: acquireWakeLockInternal: lock=101046725, flags=0x1, tag="AudioMix", ws=null, uid=1041, pid=0
06-29 10:13:38.120 1570 1870 D PowerManagerService: updateWakeLockSummaryLocked: mWakefulness=Awake, mWakeLockSummary=0x1
06-29 10:13:38.120 1570 1870 D PowerManagerService: updateUserActivitySummaryLocked: groupId=0, mWakefulness=Awake, mUserActivitySummary=0x1, nextTimeout=173144 (in 59817 ms)
06-29 10:13:38.120 1570 1870 D PowerManagerNotifier: onScreenPolicyUpdate: newPolicy=3
06-29 10:13:38.120 1570 1870 D PowerManagerService: updateDisplayPowerStateLocked: displayReady=true, groupId=0, policy=BRIGHT, mWakefulness=Awake, mWakeLockSummary=0x1, mUserActivitySummary=0x1, mBootCompleted=true, screenBrightnessOverride=NaN, useAutoBrightness=false, mScreenBrightnessBoostInProgress=false, mIsVrModeEnabled= false, sQuiescent=false
06-29 10:13:38.120 1570 1870 D PowerManagerNotifier: onWakeLockAcquired: flags=1, tag="AudioMix", packageName=audioserver, ownerUid=1041, ownerPid=0, workSource=null
06-29 10:13:38.120 1570 1870 D PowerManagerService: updateWakeLockWorkSourceInternal: lock=101046725 [AudioMix], ws=null
06-29 10:13:38.120 1570 1870 D PowerManagerService: acquireWakeLockInternal: lock=204861210, flags=0x1, tag="AudioMix", ws=null, uid=1041, pid=0
06-29 10:13:38.120 1570 1870 D PowerManagerService: updateWakeLockSummaryLocked: mWakefulness=Awake, mWakeLockSummary=0x1
06-29 10:13:38.120 1570 1870 D PowerManagerService: updateUserActivitySummaryLocked: groupId=0, mWakefulness=Awake, mUserActivitySummary=0x1, nextTimeout=173144 (in 59817 ms)
06-29 10:13:38.120 1570 1870 D PowerManagerNotifier: onScreenPolicyUpdate: newPolicy=3
06-29 10:13:38.120 1570 1870 D PowerManagerService: updateDisplayPowerStateLocked: displayReady=true, groupId=0, policy=BRIGHT, mWakefulness=Awake, mWakeLockSummary=0x1, mUserActivitySummary=0x1, mBootCompleted=true, screenBrightnessOverride=NaN, useAutoBrightness=false, mScreenBrightnessBoostInProgress=false, mIsVrModeEnabled= false, sQuiescent=false
06-29 10:13:38.120 1570 1870 D PowerManagerNotifier: onWakeLockAcquired: flags=1, tag="AudioMix", packageName=audioserver, ownerUid=1041, ownerPid=0, workSource=null
06-29 10:13:38.120 1570 1870 D PowerManagerService: updateWakeLockWorkSourceInternal: lock=204861210 [AudioMix], ws=null
06-29 10:13:38.120 1570 1870 D PowerManagerService: acquireWakeLockInternal: lock=166521419, flags=0x1, tag="AudioMix", ws=null, uid=1041, pid=0
06-29 10:13:38.120 1570 1870 D PowerManagerService: updateWakeLockSummaryLocked: mWakefulness=Awake, mWakeLockSummary=0x1
06-29 10:13:38.120 1570 1870 D PowerManagerService: updateUserActivitySummaryLocked: groupId=0, mWakefulness=Awake, mUserActivitySummary=0x1, nextTimeout=173144 (in 59817 ms)
06-29 10:13:38.120 1570 1870 D PowerManagerNotifier: onScreenPolicyUpdate: newPolicy=3
06-29 10:13:38.120 1570 1870 D PowerManagerService: updateDisplayPowerStateLocked: displayReady=true, groupId=0, policy=BRIGHT, mWakefulness=Awake, mWakeLockSummary=0x1, mUserActivitySummary=0x1, mBootCompleted=true, screenBrightnessOverride=NaN, useAutoBrightness=false, mScreenBrightnessBoostInProgress=false, mIsVrModeEnabled= false, sQuiescent=false
06-29 10:13:38.120 1570 1870 D PowerManagerNotifier: onWakeLockAcquired: flags=1, tag="AudioMix", packageName=audioserver, ownerUid=1041, ownerPid=0, workSource=null
06-29 10:13:38.120 1570 1870 D PowerManagerService: updateWakeLockWorkSourceInternal: lock=166521419 [AudioMix], ws=null
06-29 10:13:38.120 1570 1870 D PowerManagerService: acquireWakeLockInternal: lock=172280872, flags=0x1, tag="AudioMix", ws=null, uid=1041, pid=0
06-29 10:13:38.120 1570 1870 D PowerManagerService: updateWakeLockSummaryLocked: mWakefulness=Awake, mWakeLockSummary=0x1
06-29 10:13:38.120 1570 1870 D PowerManagerService: updateUserActivitySummaryLocked: groupId=0, mWakefulness=Awake, mUserActivitySummary=0x1, nextTimeout=173144 (in 59817 ms)
06-29 10:13:38.121 1570 1870 D PowerManagerNotifier: onScreenPolicyUpdate: newPolicy=3
06-29 10:13:38.121 1570 1870 D PowerManagerService: updateDisplayPowerStateLocked: displayReady=true, groupId=0, policy=BRIGHT, mWakefulness=Awake, mWakeLockSummary=0x1, mUserActivitySummary=0x1, mBootCompleted=true, screenBrightnessOverride=NaN, useAutoBrightness=false, mScreenBrightnessBoostInProgress=false, mIsVrModeEnabled= false, sQuiescent=false
06-29 10:13:38.121 1570 1870 D PowerManagerNotifier: onWakeLockAcquired: flags=1, tag="AudioMix", packageName=audioserver, ownerUid=1041, ownerPid=0, workSource=null
06-29 10:13:38.121 1570 1604 D PowerManagerService: updateWakeLockWorkSourceInternal: lock=172280872 [AudioMix], ws=null
06-29 10:13:38.168 1570 1870 I MicroServiceManager: requestResult(requestAudioFocus) parameters is{"functionInfo":{"IDCM_AudioFocus":"AudioFocus_Media"}}.
06-29 10:13:38.224 1570 1724 W BroadcastQueue: Permission Denial: broadcasting Intent { act=android.net.conn.CONNECTIVITY_CHANGE flg=0x4200010 (has extras) } from null (pid=-1, uid=-1) requires android.permission.INTERNET due to registered receiver BroadcastFilter{c7e57c3 10115/u0 ReceiverList{acb4772 10712 com.kugou.android/10115/u0 remote:6a27c7d}}
06-29 10:13:38.337 1570 1604 W ActivityManager: Receiver with filter android.content.IntentFilter@aa07122 already registered for pid 10712, callerPackage is com.kugou.android
06-29 10:13:38.429 0 0 E [ 113.632097] link_delay_work_func: DTC_ETH: SQI=0, link=0
06-29 10:13:38.636 1570 1604 E PackageDexUsage: Unsupported context?
06-29 10:13:38.669 1570 1604 D CompatibilityChangeReporter: Compat change id reported: 157233955; UID 10115; state: DISABLED
06-29 10:13:38.697 1570 1604 I wm_finish_activity: [0,21855026,175,com.baidu.appsearch/.MainActivity,remove-task]
06-29 10:13:38.698 1570 1604 I wm_destroy_activity: [0,21855026,175,com.baidu.appsearch/.MainActivity,finish-imm:finishIfPossible]
06-29 10:13:38.710 1570 1717 I sysui_multi_action: [757,803,799,window_time_2,802,1]
06-29 10:13:38.727 10774 10774 I wm_on_destroy_called: [21855026,com.baidu.appsearch.MainActivity,performDestroy]
06-29 10:13:38.739 1570 1604 I wm_task_removed: [175,removeChild:removeChild last r=ActivityRecord{14d7b32 u0 com.baidu.appsearch/.MainActivity taskAffinity=10108:com.baidu.appsearch t-1 f}} in t=Task{bc4d658 #175 type=standard A=10108:com.baidu.appsearch U=0 visible=false mode=freeform translucent=true sz=0 visible freeform task=false rootAffinity=10108:com.baidu.appsearch isMini=false}]
06-29 10:13:38.739 1570 1604 I wm_task_removed: [175,removeChild]
06-29 10:13:38.740 1570 10709 I ActivityManager: Killing 10774:com.baidu.appsearch/u0a108 (adj 1001): remove task
06-29 10:13:38.740 1570 10709 I am_kill : [0,10774,com.baidu.appsearch,1001,remove task]
06-29 10:13:38.742 1570 1723 W UsageStatsService: Unexpected activity event reported! (com.baidu.appsearch/com.baidu.appsearch.MainActivity event : 23 instanceId : 54667069)
06-29 10:13:38.763 1570 1604 W ActivityManager: Receiver with filter android.content.IntentFilter@acb4e71 already registered for pid 11225, callerPackage is com.kugou.android
06-29 10:13:38.763 1570 10709 I ActivityManager: Background started FGS: Allowed [callingPackage: com.kugou.android; callingUid: 10115; uidState: FGS ; intent: Intent { act=action_request_connect pkg=com.kugou.android cmp=com.kugou.android/com.kugou.framework.service.ipc.peripheral.connect.SupportService (has extras) }; code:ACTIVITY_STARTER; tempAllowListReason:; targetSdkVersion:28; callerTargetSdkVersion:28; startForegroundCount:0; bindFromPackage:null]
06-29 10:13:38.769 1570 1724 W BroadcastQueue: Background execution not allowed: receiving Intent { act=android.media.AUDIO_BECOMING_NOISY flg=0x14000010 } to com.kugou.android.auto/.receiver.AutoStartReceiver
06-29 10:13:38.792 1570 1570 I notification_enqueue: [10115,11225,com.kugou.android,99,NULL,0,Notification(channel=kg_play shortcut=null contentView=null vibrate=null sound=null defaults=0x0 flags=0x42 color=0x00000000 vis=PRIVATE),1]
06-29 10:13:38.795 1570 1570 I notification_enqueue: [10115,11225,com.kugou.android,99,NULL,0,Notification(channel=kg_play shortcut=null contentView=null vibrate=null sound=null defaults=0x0 flags=0x42 color=0x00000000 vis=PRIVATE),1]
06-29 10:13:38.801 1570 2017 D ActivityTaskManager: Skipping, freeform mode : Task{35c6ada #176 type=standard A=10115:android.task.kugou U=0 visible=false mode=freeform translucent=false sz=1 visible freeform task=false rootAffinity=10115:android.task.kugou isMini=false}
06-29 10:13:38.801 1570 2017 D ActivityTaskManager: Skipping, freeform mode : Task{8a4e915 #163 type=undefined A=10109:com.netease.cloudmusic U=0 visible=false mode=freeform translucent=true sz=0 visible freeform task=true rootAffinity=10109:com.netease.cloudmusic isMini=false}
06-29 10:13:38.806 1570 1570 I notification_enqueue: [10115,11225,com.kugou.android,99,NULL,0,Notification(channel=kg_play shortcut=null contentView=null vibrate=null sound=null defaults=0x0 flags=0x42 color=0x00000000 vis=PRIVATE),1]
06-29 10:13:38.809 1570 1870 W ActivityManager: Foreground service started from background can not have location/camera/microphone access: service com.kugou.android/com.kugou.framework.service.CommandIntentAcceptor
06-29 10:13:38.809 1570 1870 I ActivityManager: Background started FGS: Allowed [callingPackage: com.kugou.android; callingUid: 10115; uidState: FGS ; intent: Intent { act=intent.action.EmptyCommand cmp=com.kugou.android/com.kugou.framework.service.CommandIntentAcceptor }; code:PROC_STATE_FGS; tempAllowListReason:; targetSdkVersion:28; callerTargetSdkVersion:28; startForegroundCount:0; bindFromPackage:null]
06-29 10:13:38.812 1570 1570 I notification_enqueue: [10115,11225,com.kugou.android,99,NULL,0,Notification(channel=kg_play shortcut=null contentView=null vibrate=null sound=null defaults=0x0 flags=0x42 color=0x00000000 vis=PRIVATE),1]
06-29 10:13:38.849 1570 9434 D PowerManagerService: handleWakeLockDeath: lock=157381840 [WakeLock1]
06-29 10:13:38.849 1570 9434 D PowerManagerNotifier: onWakeLockReleased: flags=1, tag="WakeLock1", packageName=com.baidu.appsearch, ownerUid=10108, ownerPid=10774, workSource=null
06-29 10:13:38.849 1570 9434 D PowerManagerService: updateWakeLockSummaryLocked: mWakefulness=Awake, mWakeLockSummary=0x1
06-29 10:13:38.849 1570 9434 D PowerManagerService: updateUserActivitySummaryLocked: groupId=0, mWakefulness=Awake, mUserActivitySummary=0x1, nextTimeout=173144 (in 59088 ms)
06-29 10:13:38.849 1570 9434 D PowerManagerNotifier: onScreenPolicyUpdate: newPolicy=3
06-29 10:13:38.849 1570 9434 D PowerManagerService: updateDisplayPowerStateLocked: displayReady=true, groupId=0, policy=BRIGHT, mWakefulness=Awake, mWakeLockSummary=0x1, mUserActivitySummary=0x1, mBootCompleted=true, screenBrightnessOverride=NaN, useAutoBrightness=false, mScreenBrightnessBoostInProgress=false, mIsVrModeEnabled= false, sQuiescent=false
06-29 10:13:38.849 1570 2017 I am_proc_died: [0,10774,com.baidu.appsearch,1001,10]
06-29 10:13:38.850 1570 2017 W ActivityManager: Scheduling restart of crashed service com.baidu.appsearch/.youhua.analysis.HandleNotificationService in 1000ms for start-requested
06-29 10:13:38.850 1570 2017 I am_schedule_service_restart: [0,com.baidu.appsearch/.youhua.analysis.HandleNotificationService,1000]
06-29 10:13:38.850 1570 2017 W ActivityManager: Scheduling restart of crashed service com.baidu.appsearch/.downloads.DownloadService in 11000ms for start-requested
06-29 10:13:38.850 1570 2017 I am_schedule_service_restart: [0,com.baidu.appsearch/.downloads.DownloadService,11000]
06-29 10:13:38.850 1570 2017 I am_uid_stopped: 10108
06-29 10:13:38.851 1570 1717 W ActivityManager: setHasOverlayUi called on unknown pid: 10774
06-29 10:13:38.856 1570 1717 I am_uid_running: 10108
06-29 10:13:38.856 1570 1717 D CompatibilityChangeReporter: Compat change id reported: 135634846; UID 10108; state: DISABLED
06-29 10:13:38.856 1570 1717 D CompatibilityChangeReporter: Compat change id reported: 177438394; UID 10108; state: DISABLED
06-29 10:13:38.856 1570 1717 D CompatibilityChangeReporter: Compat change id reported: 135772972; UID 10108; state: DISABLED
06-29 10:13:38.856 1570 1717 D CompatibilityChangeReporter: Compat change id reported: 135754954; UID 10108; state: DISABLED
06-29 10:13:38.857 1570 1725 D CompatibilityChangeReporter: Compat change id reported: 143937733; UID 10108; state: DISABLED
06-29 10:13:38.868 1570 1725 I am_proc_start: [0,11768,10108,com.baidu.appsearch,NULL,]
06-29 10:13:38.868 1570 1725 I ActivityManager: Start proc 11768:com.baidu.appsearch/u0a108 for null
06-29 10:13:38.886 0 0 I [ 114.093023] binder: 11768:11768 ioctl 40046210 7fe27a47d4 returned -22
06-29 10:13:38.888 1570 2017 I am_proc_bound: [0,11768,com.baidu.appsearch]
06-29 10:13:38.890 1570 2017 I am_stop_idle_service: [10108,com.baidu.appsearch/.downloads.DownloadService]
06-29 10:13:38.890 1570 2017 W ActivityManager: Stopping service due to app idle: u0a108 -2s980ms com.baidu.appsearch/.downloads.DownloadService
06-29 10:13:38.890 1570 2017 I am_stop_idle_service: [10108,com.baidu.appsearch/.youhua.analysis.HandleNotificationService]
06-29 10:13:38.890 1570 2017 W ActivityManager: Stopping service due to app idle: u0a108 -1s851ms com.baidu.appsearch/.youhua.analysis.HandleNotificationService
06-29 10:13:38.893 1570 2017 D CompatibilityChangeReporter: Compat change id reported: 135634846; UID 10101; state: DISABLED
06-29 10:13:38.893 1570 2017 D CompatibilityChangeReporter: Compat change id reported: 177438394; UID 10101; state: DISABLED
06-29 10:13:38.893 1570 2017 D CompatibilityChangeReporter: Compat change id reported: 135772972; UID 10101; state: DISABLED
06-29 10:13:38.893 1570 2017 D CompatibilityChangeReporter: Compat change id reported: 135754954; UID 10101; state: DISABLED
06-29 10:13:38.894 1570 1725 D CompatibilityChangeReporter: Compat change id reported: 143937733; UID 10101; state: DISABLED
06-29 10:13:38.900 1570 1725 I am_proc_start: [0,11799,10101,com.tencent.android.qqdownloader:wxa_container0,service,{com.tencent.android.qqdownloader/com.tencent.luggage.services.WxaProxy_WxaIPCContainerService0}]
06-29 10:13:38.900 1570 1725 I ActivityManager: Start proc 11799:com.tencent.android.qqdownloader:wxa_container0/u0a101 for service {com.tencent.android.qqdownloader/com.tencent.luggage.services.WxaProxy_WxaIPCContainerService0}
06-29 10:13:38.911 0 0 I [ 114.118431] binder: 11799:11799 ioctl 40046210 7fe27a47d4 returned -22
06-29 10:13:38.914 1570 2017 I am_proc_bound: [0,11799,com.tencent.android.qqdownloader:wxa_container0]
06-29 10:13:38.963 11799 11799 I auditd : type=1400 audit(0.0:2461): avc: granted { execute } for comm=":wxa_container0" path="/data/user/0/com.tencent.android.qqdownloader/files/shell/8_8454130_1346/oat/arm64/base.odex" dev="dm-21" ino=12170 scontext=u:r:untrusted_app_27:s0:c512,c768 tcontext=u:object_r:app_data_file:s0:c512,c768 tclass=file app=com.tencent.android.qqdownloader
06-29 10:13:38.993 1570 1570 I GameModeConfig: isGameModeOn = true
06-29 10:13:38.993 1570 1570 I GameModeConfig: isGaming = false
06-29 10:13:38.997 1570 1570 I GameModeConfig: isGameModeOn = true
06-29 10:13:38.997 1570 1570 I GameModeConfig: isGaming = false
06-29 10:13:39.007 1570 1570 I GameModeConfig: isGameModeOn = true
06-29 10:13:39.007 1570 1570 I GameModeConfig: isGaming = false
06-29 10:13:39.013 1570 1570 I GameModeConfig: isGameModeOn = true
06-29 10:13:39.013 1570 1570 I GameModeConfig: isGaming = false
06-29 10:13:39.019 11799 11799 I auditd : type=1400 audit(0.0:2462): avc: granted { execute } for comm="temporary-1" path="/data/user/0/com.tencent.android.qqdownloader/files/shell/8_8454130_1346/lib/arm64-v8a/libmmkv.so" dev="dm-21" ino=39389 scontext=u:r:untrusted_app_27:s0:c512,c768 tcontext=u:object_r:app_data_file:s0:c512,c768 tclass=file app=com.tencent.android.qqdownloader
06-29 10:13:39.047 11799 11799 I auditd : type=1400 audit(0.0:2463): avc: granted { execute } for comm="temporary-3" path="/data/user/0/com.tencent.android.qqdownloader/files/shell/8_8454130_1346/lib/arm64-v8a/libvbhook.so" dev="dm-21" ino=39400 scontext=u:r:untrusted_app_27:s0:c512,c768 tcontext=u:object_r:app_data_file:s0:c512,c768 tclass=file app=com.tencent.android.qqdownloader
06-29 10:13:39.051 11799 11799 I auditd : type=1400 audit(0.0:2464): avc: granted { execute } for comm="temporary-3" path="/data/user/0/com.tencent.android.qqdownloader/files/shell/8_8454130_1346/lib/arm64-v8a/librdefense.so" dev="dm-21" ino=39392 scontext=u:r:untrusted_app_27:s0:c512,c768 tcontext=u:object_r:app_data_file:s0:c512,c768 tclass=file app=com.tencent.android.qqdownloader
06-29 10:13:39.067 11799 11799 I auditd : type=1400 audit(0.0:2465): avc: granted { execute } for comm=":wxa_container0" path="/data/user/0/com.tencent.android.qqdownloader/files/res_hub/yyb/online/wx_sdk_so_3_64_20/arm64-v8a/libc++_shared.so" dev="dm-21" ino=50336 scontext=u:r:untrusted_app_27:s0:c512,c768 tcontext=u:object_r:app_data_file:s0:c512,c768 tclass=file app=com.tencent.android.qqdownloader
06-29 10:13:39.070 1570 2017 W ActivityManager: Receiver with filter android.content.IntentFilter@51df2b7 already registered for pid 10712, callerPackage is com.kugou.android
06-29 10:13:39.073 0 0 W [ 114.278928] audit: audit_lost=2192 audit_rate_limit=5 audit_backlog_limit=64
06-29 10:13:39.073 0 0 E [ 114.278930] audit: rate limit exceeded
06-29 10:13:39.218 1570 1570 I notification_enqueue: [10115,11225,com.kugou.android,99,NULL,0,Notification(channel=kg_play shortcut=null contentView=null vibrate=null sound=null defaults=0x0 flags=0x42 color=0x00000000 category=transport actions=5 vis=PUBLIC),1]
06-29 10:13:39.249 1570 1898 D PowerManagerService: userActivityNoUpdateLocked: groupId=0, eventTime=114455, event=2, flags=0x0, uid=1000
06-29 10:13:39.249 1570 1898 D PowerManagerNotifier: onUserActivity: event=2, uid=1000
06-29 10:13:39.249 1570 1898 D PowerManagerService: updateUserActivitySummaryLocked: groupId=0, mWakefulness=Awake, mUserActivitySummary=0x1, nextTimeout=174455 (in 59999 ms)
06-29 10:13:39.249 1570 1898 D PowerManagerNotifier: onScreenPolicyUpdate: newPolicy=3
06-29 10:13:39.249 1570 1898 D PowerManagerService: updateDisplayPowerStateLocked: displayReady=true, groupId=0, policy=BRIGHT, mWakefulness=Awake, mWakeLockSummary=0x1, mUserActivitySummary=0x1, mBootCompleted=true, screenBrightnessOverride=NaN, useAutoBrightness=false, mScreenBrightnessBoostInProgress=false, mIsVrModeEnabled= false, sQuiescent=false
06-29 10:13:39.264 2667 2667 I view_enqueue_input_event: [Motion - Cancel,com.android.launcher3/com.android.launcher3.uioverrides.QuickstepLauncher]
06-29 10:13:39.267 1570 1898 I input_interaction: Interaction with: edge-swipe (server), swipe-up (server), PointerEventDispatcher0 (server),
06-29 10:13:39.292 10712 11950 I liblog : 24
06-29 10:13:39.292 10712 11950 I liblog : 4
06-29 10:13:39.299 10712 11074 I liblog : 88
06-29 10:13:39.301 1570 2017 E PackageDexUsage: Unsupported context?
06-29 10:13:39.351 1570 1898 D PowerManagerService: userActivityNoUpdateLocked: groupId=0, eventTime=114558, event=2, flags=0x0, uid=1000
06-29 10:13:39.352 1570 1898 D PowerManagerNotifier: onUserActivity: event=2, uid=1000
06-29 10:13:39.352 1570 1898 D PowerManagerService: updateUserActivitySummaryLocked: groupId=0, mWakefulness=Awake, mUserActivitySummary=0x1, nextTimeout=174558 (in 59999 ms)
06-29 10:13:39.352 1570 1898 D PowerManagerNotifier: onScreenPolicyUpdate: newPolicy=3
06-29 10:13:39.352 1570 1898 D PowerManagerService: updateDisplayPowerStateLocked: displayReady=true, groupId=0, policy=BRIGHT, mWakefulness=Awake, mWakeLockSummary=0x1, mUserActivitySummary=0x1, mBootCompleted=true, screenBrightnessOverride=NaN, useAutoBrightness=false, mScreenBrightnessBoostInProgress=false, mIsVrModeEnabled= false, sQuiescent=false
06-29 10:13:39.418 1570 1570 I GameModeConfig: isGameModeOn = true
06-29 10:13:39.418 1570 1570 I GameModeConfig: isGaming = false
06-29 10:13:39.433 1570 1724 W BroadcastQueue: Permission Denial: broadcasting Intent { act=android.net.conn.CONNECTIVITY_CHANGE flg=0x4200010 (has extras) } from null (pid=-1, uid=-1) requires com.baidu.appsearch.permission.sofire.RECEIVE due to registered receiver BroadcastFilter{d634a68 10108/u0 ReceiverList{f19798b 11768 com.baidu.appsearch/10108/u0 remote:38a335a}}
06-29 10:13:39.443 1570 2017 E PackageDexUsage: Unsupported context?
06-29 10:13:39.449 1570 1974 I GameModeConfig: isGameModeOn = true
06-29 10:13:39.449 1570 1974 I GameModeConfig: isGaming = false
06-29 10:13:39.453 1570 2485 I ActivityManager: Killing 11768:com.baidu.appsearch/u0a108 (adj 905): empty #2
06-29 10:13:39.453 1570 2485 I am_kill : [0,11768,com.baidu.appsearch,905,empty #2]
06-29 10:13:39.458 1570 1570 I sysui_multi_action: [757,128,758,5,759,8,793,4747,794,0,795,4747,796,1,797,empty_media,806,com.android.systemui,857,empty_media_style_id,858,4,946,empty_media,947,0,1500,4544,1641,transport,1688,1,1745,1043716538]
06-29 10:13:39.458 1570 1570 I notification_canceled: [0|com.android.systemui|1|empty_media|10080,8,4747,4747,0,-1,-1,NULL]
06-29 10:13:39.523 0 0 I [ 114.729967] init: Untracked pid 12015 received signal 9
06-29 10:13:39.523 1570 9455 I am_proc_died: [0,11768,com.baidu.appsearch,905,19]
06-29 10:13:39.523 1570 9455 I am_uid_stopped: 10108
06-29 10:13:39.527 1570 1717 I am_uid_running: 10108
06-29 10:13:39.527 1570 1717 D CompatibilityChangeReporter: Compat change id reported: 135634846; UID 10108; state: DISABLED
06-29 10:13:39.527 1570 1717 D CompatibilityChangeReporter: Compat change id reported: 177438394; UID 10108; state: DISABLED
06-29 10:13:39.527 1570 1717 D CompatibilityChangeReporter: Compat change id reported: 135772972; UID 10108; state: DISABLED
06-29 10:13:39.527 1570 1717 D CompatibilityChangeReporter: Compat change id reported: 135754954; UID 10108; state: DISABLED
06-29 10:13:39.527 1570 1725 D CompatibilityChangeReporter: Compat change id reported: 143937733; UID 10108; state: DISABLED
06-29 10:13:39.533 1570 1725 I am_proc_start: [0,12048,10108,com.baidu.appsearch,NULL,]
06-29 10:13:39.533 1570 1725 I ActivityManager: Start proc 12048:com.baidu.appsearch/u0a108 for null
06-29 10:13:39.534 1570 1723 I am_pss : [8784,10076,com.qti.ltebc,28955648,8380416,19427328,59674624,0,10,7]
06-29 10:13:39.541 0 0 I [ 114.747531] binder: 12048:12048 ioctl 40046210 7fe27a47d4 returned -22
06-29 10:13:39.549 1570 2485 I am_proc_bound: [0,12048,com.baidu.appsearch]
06-29 10:13:39.602 0 0 I [ 114.808913] [dp_rx_][0x86711fb6][10: 13:39.601980] wlan: [2328:I:QDF] DHCP-R RX: SA:be:54:ea:80:5c:f5 DA:ff:ff:ff:ff:ff:ff
06-29 10:13:39.944 1570 1724 W BroadcastQueue: Permission Denial: broadcasting Intent { act=android.net.conn.CONNECTIVITY_CHANGE flg=0x4200010 (has extras) } from null (pid=-1, uid=-1) requires com.baidu.appsearch.permission.sofire.RECEIVE due to registered receiver BroadcastFilter{7a9292f 10108/u0 ReceiverList{ffa0b0e 12048 com.baidu.appsearch/10108/u0 remote:361dd09}}
06-29 10:13:40.007 1570 1898 I input_interaction: Interaction with: c426fd3 com.android.launcher3/com.android.launcher3.uioverrides.QuickstepLauncher (server), c5a6843 com.android.systemui.ImageWallpaper (server), edge-swipe (server), swipe-up (server), PointerEventDispatcher0 (server),
06-29 10:13:40.008 1570 1898 D PowerManagerService: userActivityNoUpdateLocked: groupId=0, eventTime=115214, event=2, flags=0x0, uid=1000
06-29 10:13:40.008 1570 1898 D PowerManagerNotifier: onUserActivity: event=2, uid=1000
06-29 10:13:40.008 1570 1898 D PowerManagerService: updateUserActivitySummaryLocked: groupId=0, mWakefulness=Awake, mUserActivitySummary=0x1, nextTimeout=175214 (in 59999 ms)
06-29 10:13:40.009 1570 1898 D PowerManagerNotifier: onScreenPolicyUpdate: newPolicy=3
06-29 10:13:40.009 1570 1898 D PowerManagerService: updateDisplayPowerStateLocked: displayReady=true, groupId=0, policy=BRIGHT, mWakefulness=Awake, mWakeLockSummary=0x1, mUserActivitySummary=0x1, mBootCompleted=true, screenBrightnessOverride=NaN, useAutoBrightness=false, mScreenBrightnessBoostInProgress=false, mIsVrModeEnabled= false, sQuiescent=false
06-29 10:13:40.032 1570 9455 E PackageDexUsage: Unsupported context?
06-29 10:13:40.104 1570 9455 I thunderperf: PlatormCompat.setOverrides: Uid1=10075 Pid1=2667 Uid2=10075 Pid2=2667
06-29 10:13:40.104 1570 9455 I thunderperf: PlatormCompat.setOverrides: needCheck:false
06-29 10:13:40.105 1570 9455 I thunderperf: CompatConfig.addOverrideUnsafe: bef-state=1
06-29 10:13:40.105 1570 9455 I thunderperf: CompatConfig.addOverrideUnsafe: aft-state=0
06-29 10:13:40.106 1570 9455 I thunderperf: CompatConfig.addOverrideUnsafe: bef-state=1
06-29 10:13:40.106 1570 9455 I thunderperf: CompatConfig.addOverrideUnsafe: aft-state=0
06-29 10:13:40.107 1570 9455 I thunderperf: CompatConfig.addOverrideUnsafe: bef-state=1
06-29 10:13:40.107 1570 9455 I thunderperf: CompatConfig.addOverrideUnsafe: aft-state=0
06-29 10:13:40.108 1570 9455 I thunderperf: CompatConfig.addOverrideUnsafe: bef-state=1
06-29 10:13:40.108 1570 9455 I thunderperf: CompatConfig.addOverrideUnsafe: aft-state=0
06-29 10:13:40.109 1570 9455 I thunderperf: CompatConfig.addOverrideUnsafe: bef-state=1
06-29 10:13:40.109 1570 9455 I thunderperf: CompatConfig.addOverrideUnsafe: aft-state=0
06-29 10:13:40.109 1570 9455 I thunderperf: CompatConfig.addOverrideUnsafe: bef-state=1
06-29 10:13:40.110 1570 9455 I thunderperf: CompatConfig.addOverrideUnsafe: aft-state=0
06-29 10:13:40.110 1570 9455 I thunderperf: CompatConfig.addOverrideUnsafe: bef-state=1
06-29 10:13:40.111 1570 9455 I thunderperf: CompatConfig.addOverrideUnsafe: aft-state=0
06-29 10:13:40.111 1570 9455 I thunderperf: CompatConfig.addOverrideUnsafe: bef-state=1
06-29 10:13:40.112 1570 9455 I thunderperf: CompatConfig.addOverrideUnsafe: aft-state=0
06-29 10:13:40.112 1570 9455 I thunderperf: CompatConfig.addOverrideUnsafe: bef-state=1
06-29 10:13:40.113 1570 9455 I thunderperf: CompatConfig.addOverrideUnsafe: aft-state=0
06-29 10:13:40.113 1570 2485 W ActivityManager: Background start not allowed: service Intent { cmp=com.baidu.appsearch/.downloads.DownloadService (has extras) } to com.baidu.appsearch/.downloads.DownloadService from pid=12048 uid=10108 pkg=com.baidu.appsearch startFg?=false
06-29 10:13:40.113 1570 9455 I thunderperf: CompatConfig.addOverrideUnsafe: bef-state=1
06-29 10:13:40.114 1570 9455 I thunderperf: CompatConfig.addOverrideUnsafe: aft-state=0
06-29 10:13:40.114 1570 9455 I thunderperf: CompatConfig.addOverrideUnsafe: bef-state=1
06-29 10:13:40.114 1570 9455 I thunderperf: CompatConfig.addOverrideUnsafe: aft-state=0
06-29 10:13:40.115 1570 9455 I thunderperf: CompatConfig.addOverrideUnsafe: bef-state=1
06-29 10:13:40.115 1570 9455 I thunderperf: CompatConfig.addOverrideUnsafe: aft-state=0
06-29 10:13:40.116 1570 9455 I thunderperf: CompatConfig.addOverrideUnsafe: bef-state=1
06-29 10:13:40.116 1570 9455 I thunderperf: CompatConfig.addOverrideUnsafe: aft-state=0
06-29 10:13:40.117 1570 9455 I thunderperf: CompatConfig.addOverrideUnsafe: bef-state=1
06-29 10:13:40.117 1570 9455 I thunderperf: CompatConfig.addOverrideUnsafe: aft-state=0
06-29 10:13:40.124 1570 9455 I ActivityTaskManager: START u0 {act=android.intent.action.MAIN cat=[android.intent.category.LAUNCHER] flg=0x10200000 cmp=com.kugou.android/.app.splash.SplashActivity} from uid 10075
06-29 10:13:40.124 1570 9455 D ActivityTaskManager: TaskLaunchParamsModifier:task=null activity=ActivityRecord{c1b2b40 u0 com.kugou.android/.app.splash.SplashActivity taskAffinity=10115:android.task.kugou display-area-from-source=DefaultTaskDisplayArea@48565985 display-id=0 display-windowing-mode=1 suggested-display-area=DefaultTaskDisplayArea@48565985
