06-29 10:13:45.844 1570 1570 I notification_enqueue: [10115,12604,com.kugou.android,99,NULL,0,Notification(channel=kg_normal shortcut=null contentView=null vibrate=null sound=null defaults=0x0 flags=0x40 color=0x00000000 vis=PRIVATE),0]
06-29 10:13:45.847 12604 12604 I auditd : type=1400 audit(0.0:2498): avc: granted { execute } for comm="AMS-loadSubDexA" path="/data/user/0/com.kugou.android/app_e_qq_com_plugin_new_69cdb90e184b6179c4f50a78f8e8a42e/libhippy.so" dev="dm-21" ino=52148 scontext=u:r:untrusted_app_27:s0:c115,c256,c512,c768 tcontext=u:object_r:app_data_file:s0:c115,c256,c512,c768 tclass=file app=com.kugou.android
06-29 10:13:45.860 1570 1714 I sysui_multi_action: [319,118,322,117,325,120,757,761,758,8,759,2,806,com.kugou.android,871,com.kugou.android.app.splash.SplashActivity,904,com.android.launcher3,905,0,1320,17,1321,1]
06-29 10:13:45.860 1570 1714 I wm_activity_launch_time: [0,7001008,com.kugou.android/.app.splash.SplashActivity,117]
06-29 10:13:45.864 1570 1898 I input_focus: [Focus entering 3543455 com.kugou.android/com.kugou.android.app.splash.SplashActivity (server),reason=Window became focusable. Previous reason: NOT_VISIBLE]
06-29 10:13:45.907 12604 12604 I auditd : type=1400 audit(0.0:2499): avc: granted { execute } for comm="AMS-loadSubDexA" path="/data/user/0/com.kugou.android/app_e_qq_com_plugin_new_69cdb90e184b6179c4f50a78f8e8a42e/libflexbox.so" dev="dm-21" ino=52155 scontext=u:r:untrusted_app_27:s0:c115,c256,c512,c768 tcontext=u:object_r:app_data_file:s0:c115,c256,c512,c768 tclass=file app=com.kugou.android
06-29 10:13:46.030 1570 9414 D CompatibilityChangeReporter: Compat change id reported: 135634846; UID 10115; state: DISABLED
06-29 10:13:46.030 1570 9414 D CompatibilityChangeReporter: Compat change id reported: 177438394; UID 10115; state: DISABLED
06-29 10:13:46.030 1570 9414 D CompatibilityChangeReporter: Compat change id reported: 135772972; UID 10115; state: DISABLED
06-29 10:13:46.030 1570 9414 D CompatibilityChangeReporter: Compat change id reported: 135754954; UID 10115; state: DISABLED
06-29 10:13:46.030 1570 1725 D CompatibilityChangeReporter: Compat change id reported: 143937733; UID 10115; state: DISABLED
06-29 10:13:46.038 1570 1725 I am_proc_start: [0,12877,10115,com.kugou.android.support,service,{com.kugou.android/com.kugou.framework.service.ipc.peripheral.connect.SupportService}]
06-29 10:13:46.038 1570 1725 I ActivityManager: Start proc 12877:com.kugou.android.support/u0a115 for service {com.kugou.android/com.kugou.framework.service.ipc.peripheral.connect.SupportService}
06-29 10:13:46.045 1570 1570 I sysui_multi_action: [757,1501,758,1,793,203,794,0,795,203,796,99,806,com.kugou.android,857,kg_normal,858,2,947,0,1500,0,1688,1]
06-29 10:13:46.045 1570 1570 I sysui_multi_action: [757,804,799,note_interruptive,801,0,802,1]
06-29 10:13:46.045 1570 1570 I GameModeConfig: isGameModeOn = true
06-29 10:13:46.045 1570 1570 I GameModeConfig: isGaming = false
06-29 10:13:46.046 1570 1570 W NotificationHistory: Attempted to add notif for locked/gone/disabled user 0
06-29 10:13:46.055 1570 2026 I am_proc_bound: [0,12877,com.kugou.android.support]
06-29 10:13:46.057 0 0 I [ 121.260245] binder: 12877:12877 ioctl 40046210 7fe27a47d4 returned -22
06-29 10:13:46.061 1570 1570 I notification_enqueue: [10115,12877,com.kugou.android,99,NULL,0,Notification(channel=kg_normal shortcut=null contentView=null vibrate=null sound=null defaults=0x0 flags=0x62 color=0x00000000 vis=PRIVATE),1]
06-29 10:13:46.143 1570 1723 I am_pss : [10595,10069,com.android.webview:webview_service,13210624,3985408,0,82755584,0,4,5]
06-29 10:13:46.160 1570 1724 W BroadcastQueue: Permission Denial: broadcasting Intent { act=android.net.conn.CONNECTIVITY_CHANGE flg=0x4200010 (has extras) } from null (pid=-1, uid=-1) requires com.baidu.appsearch.permission.sofire.RECEIVE due to registered receiver BroadcastFilter{6179a83 10108/u0 ReceiverList{148dd32 12687 com.baidu.appsearch/10108/u0 remote:665d13d}}
06-29 10:13:46.187 12687 12687 I auditd : type=1400 audit(0.0:2500): avc: granted { nlmsg_readpriv } for comm="pass_pool_threa" scontext=u:r:untrusted_app_27:s0:c512,c768 tcontext=u:r:untrusted_app_27:s0:c512,c768 tclass=netlink_route_socket app=com.baidu.appsearch
06-29 10:13:46.199 1570 2026 E PackageDexUsage: Unsupported context?
06-29 10:13:46.199 1570 9414 W ActivityManager: Receiver with filter android.content.IntentFilter@222402c already registered for pid 12604, callerPackage is com.kugou.android
06-29 10:13:46.261 1570 1570 I GameModeConfig: isGameModeOn = true
06-29 10:13:46.261 1570 1570 I GameModeConfig: isGaming = false
06-29 10:13:46.267 1570 2026 W ActivityManager: Background start not allowed: service Intent { cmp=com.baidu.appsearch/.downloads.DownloadService (has extras) } to com.baidu.appsearch/.downloads.DownloadService from pid=12687 uid=10108 pkg=com.baidu.appsearch startFg?=false
06-29 10:13:46.341 12877 13047 E ActivityThread: Failed to find provider info for com.oplus.cardservice.repository.provider.CardServiceServerProvider
06-29 10:13:46.343 1570 1898 D PowerManagerService: userActivityNoUpdateLocked: groupId=0, eventTime=121549, event=2, flags=0x0, uid=1000
06-29 10:13:46.343 1570 1898 D PowerManagerNotifier: onUserActivity: event=2, uid=1000
06-29 10:13:46.343 1570 1898 D PowerManagerService: updateUserActivitySummaryLocked: groupId=0, mWakefulness=Awake, mUserActivitySummary=0x1, nextTimeout=181549 (in 59999 ms)
06-29 10:13:46.343 1570 1898 D PowerManagerNotifier: onScreenPolicyUpdate: newPolicy=3
06-29 10:13:46.343 1570 1898 D PowerManagerService: updateDisplayPowerStateLocked: displayReady=true, groupId=0, policy=BRIGHT, mWakefulness=Awake, mWakeLockSummary=0x1, mUserActivitySummary=0x1, mBootCompleted=true, screenBrightnessOverride=NaN, useAutoBrightness=false, mScreenBrightnessBoostInProgress=false, mIsVrModeEnabled= false, sQuiescent=false
06-29 10:13:46.353 1570 2026 W ActivityManager: Background start not allowed: service Intent { act=com.baidu.appsearch.process_launch cmp=com.baidu.appsearch/.RecvHandleService (has extras) } to com.baidu.appsearch/.RecvHandleService from pid=12687 uid=10108 pkg=com.baidu.appsearch startFg?=false
06-29 10:13:46.385 12877 12877 I liblog : 8
06-29 10:13:46.388 12877 12877 I liblog : 29
06-29 10:13:46.395 1570 9414 D ActivityTaskManager: Skipping, freeform mode : Task{2a17adc #181 type=standard A=10115:android.task.kugou U=0 visible=true mode=freeform translucent=false sz=1 visible freeform task=true rootAffinity=10115:android.task.kugou isMini=false}
06-29 10:13:46.395 1570 9414 D ActivityTaskManager: Skipping, freeform mode : Task{8a4e915 #163 type=undefined A=10109:com.netease.cloudmusic U=0 visible=false mode=freeform translucent=true sz=0 visible freeform task=true rootAffinity=10109:com.netease.cloudmusic isMini=false}
06-29 10:13:46.401 1570 9414 E PackageDexUsage: Unsupported context?
06-29 10:13:46.407 12877 12877 I liblog : 60
06-29 10:13:46.409 1570 1898 I input_interaction: Interaction with: edge-swipe (server), swipe-up (server), PointerEventDispatcher0 (server),
06-29 10:13:46.413 2667 2667 I view_enqueue_input_event: [Motion - Cancel,com.android.launcher3/com.android.launcher3.uioverrides.QuickstepLauncher]
06-29 10:13:46.418 1570 9414 W ActivityTaskManager: getTaskSnapshot: taskId=87 not found
06-29 10:13:46.421 1570 2478 W ActivityTaskManager: getTaskSnapshot: taskId=88 not found
06-29 10:13:46.423 1570 9414 W ActivityTaskManager: getTaskSnapshot: taskId=89 not found
06-29 10:13:46.425 1570 2478 W ActivityTaskManager: getTaskSnapshot: taskId=89 not found
06-29 10:13:46.476 1570 1898 D PowerManagerService: userActivityNoUpdateLocked: groupId=0, eventTime=121683, event=2, flags=0x0, uid=1000
06-29 10:13:46.476 1570 1898 D PowerManagerNotifier: onUserActivity: event=2, uid=1000
06-29 10:13:46.476 1570 1898 D PowerManagerService: updateUserActivitySummaryLocked: groupId=0, mWakefulness=Awake, mUserActivitySummary=0x1, nextTimeout=181683 (in 60000 ms)
06-29 10:13:46.476 1570 1898 D PowerManagerNotifier: onScreenPolicyUpdate: newPolicy=3
06-29 10:13:46.476 1570 1898 D PowerManagerService: updateDisplayPowerStateLocked: displayReady=true, groupId=0, policy=BRIGHT, mWakefulness=Awake, mWakeLockSummary=0x1, mUserActivitySummary=0x1, mBootCompleted=true, screenBrightnessOverride=NaN, useAutoBrightness=false, mScreenBrightnessBoostInProgress=false, mIsVrModeEnabled= false, sQuiescent=false
06-29 10:13:46.481 1570 2026 I wm_finish_activity: [0,7001008,181,com.kugou.android/.app.splash.SplashActivity,finish-activity]
06-29 10:13:46.481 1570 2026 I wm_task_moved: [1,1,6]
06-29 10:13:46.482 1570 2026 I wm_set_resumed_activity: [0,com.android.launcher3/.uioverrides.QuickstepLauncher,positionChildAt]
06-29 10:13:46.482 12604 12604 I wm_on_top_resumed_lost_called: [7001008,com.kugou.android.app.splash.SplashActivity,topStateChangedWhenResumed]
06-29 10:13:46.483 1570 2026 I wm_task_moved: [168,1,2147483647]
06-29 10:13:46.483 1570 2026 I wm_task_to_front: [0,168]
06-29 10:13:46.483 1570 2026 I wm_focused_root_task: [0,0,1,-1,finish-top adjustFocusToNextFocusableTask]
06-29 10:13:46.483 1570 2026 I wm_set_resumed_activity: [0,com.android.launcher3/.uioverrides.QuickstepLauncher,finish-top]
06-29 10:13:46.493 1570 2026 I wm_pause_activity: [0,7001008,com.kugou.android/.app.splash.SplashActivity,userLeaving=false,finish]
06-29 10:13:46.493 1570 2026 D PowerManagerService: acquireWakeLockInternal: lock=61511091, flags=0x1, tag="*launch*", ws=WorkSource{10115}, uid=1000, pid=1570
06-29 10:13:46.494 1570 2026 D PowerManagerService: updateWakeLockSummaryLocked: mWakefulness=Awake, mWakeLockSummary=0x1
06-29 10:13:46.494 1570 2026 D PowerManagerService: updateUserActivitySummaryLocked: groupId=0, mWakefulness=Awake, mUserActivitySummary=0x1, nextTimeout=181683 (in 59982 ms)
06-29 10:13:46.494 1570 2026 D PowerManagerNotifier: onScreenPolicyUpdate: newPolicy=3
06-29 10:13:46.494 1570 2026 D PowerManagerService: updateDisplayPowerStateLocked: displayReady=true, groupId=0, policy=BRIGHT, mWakefulness=Awake, mWakeLockSummary=0x1, mUserActivitySummary=0x1, mBootCompleted=true, screenBrightnessOverride=NaN, useAutoBrightness=false, mScreenBrightnessBoostInProgress=false, mIsVrModeEnabled= false, sQuiescent=false
06-29 10:13:46.494 1570 2026 D PowerManagerNotifier: onWakeLockAcquired: flags=1, tag="*launch*", packageName=android, ownerUid=1000, ownerPid=1570, workSource=WorkSource{10115}
06-29 10:13:46.496 1570 1718 I input_focus: [Focus request c426fd3 com.android.launcher3/com.android.launcher3.uioverrides.QuickstepLauncher,reason=UpdateInputWindows]
06-29 10:13:46.501 2667 2667 I wm_on_top_resumed_gained_called: [157777106,com.android.launcher3.uioverrides.QuickstepLauncher,topStateChangedWhenResumed]
06-29 10:13:46.502 1570 1717 I am_mem_factor: [0,1]
06-29 10:13:46.503 1570 1717 I sysui_multi_action: [757,803,799,window_time_0,802,3]
06-29 10:13:46.506 12604 12604 I wm_on_paused_called: [7001008,com.kugou.android.app.splash.SplashActivity,performPause]
06-29 10:13:46.507 1570 2026 I ActivityTaskManager: FOREGROUND_APPLICATION_CHANGED to com.android.launcher3.uioverrides.QuickstepLauncher
06-29 10:13:46.507 1570 2026 I wm_destroy_activity: [0,7001008,181,com.kugou.android/.app.splash.SplashActivity,finish-imm:completePausedLocked]
06-29 10:13:46.514 1570 1898 I input_focus: [Focus leaving 3543455 com.kugou.android/com.kugou.android.app.splash.SplashActivity (server),reason=NO_WINDOW]
06-29 10:13:46.514 1570 1898 I input_focus: [Focus entering c426fd3 com.android.launcher3/com.android.launcher3.uioverrides.QuickstepLauncher (server),reason=setFocusedWindow]
06-29 10:13:46.519 1570 1717 I sysui_multi_action: [757,803,799,window_time_0,802,0]
06-29 10:13:46.527 12604 12604 I wm_on_stop_called: [7001008,com.kugou.android.app.splash.SplashActivity,LIFECYCLER_STOP_ACTIVITY]
06-29 10:13:46.535 12604 12604 I wm_on_destroy_called: [7001008,com.kugou.android.app.splash.SplashActivity,performDestroy]
06-29 10:13:46.584 0 0 I [ 121.790477] binder: undelivered TRANSACTION_COMPLETE
06-29 10:13:46.584 0 0 I [ 121.790480] binder: undelivered transaction 244055, process died.
06-29 10:13:46.584 0 0 I [ 121.790806] binder: send failed reply for transaction 244125 to 12877:12877
06-29 10:13:46.584 1570 4954 I WindowManager: WIN DEATH: Window{3543455 u0 com.kugou.android/com.kugou.android.app.splash.SplashActivity}
06-29 10:13:46.584 12877 12877 I ActivityThread: Removing dead content provider:android.content.ContentProviderProxy@bad15f5
06-29 10:13:46.584 1570 6164 I ActivityManager: Process com.kugou.android (pid 12604) has died: fg BFGS
06-29 10:13:46.585 1570 6164 I am_proc_died: [0,12604,com.kugou.android,0,5]
06-29 10:13:46.588 1570 9392 D CompatibilityChangeReporter: Compat change id reported: 135634846; UID 10115; state: DISABLED
06-29 10:13:46.588 1570 9392 D CompatibilityChangeReporter: Compat change id reported: 177438394; UID 10115; state: DISABLED
06-29 10:13:46.588 1570 9392 D CompatibilityChangeReporter: Compat change id reported: 135772972; UID 10115; state: DISABLED
06-29 10:13:46.588 1570 9392 D CompatibilityChangeReporter: Compat change id reported: 135754954; UID 10115; state: DISABLED
06-29 10:13:46.588 1570 1725 D CompatibilityChangeReporter: Compat change id reported: 143937733; UID 10115; state: DISABLED
06-29 10:13:46.594 1570 1725 I am_proc_start: [0,13131,10115,com.kugou.android,content provider,{com.kugou.android/com.kugou.common.preferences.provider.CommonSharedPreferencesProvider}]
06-29 10:13:46.594 1570 1725 I ActivityManager: Start proc 13131:com.kugou.android/u0a115 for content provider {com.kugou.android/com.kugou.common.preferences.provider.CommonSharedPreferencesProvider}
06-29 10:13:46.597 1570 1887 I commit_sys_config_file: [settings-1-0,2]
06-29 10:13:46.606 0 0 I [ 121.810885] binder: 13131:13131 ioctl 40046210 7fe27a47d4 returned -22
06-29 10:13:46.606 1570 9392 I am_proc_bound: [0,13131,com.kugou.android]
06-29 10:13:46.610 1570 10710 D ActivityTaskManager: Skipping, freeform mode : Task{2a17adc #181 type=standard A=10115:android.task.kugou U=0 visible=false mode=freeform translucent=true sz=1 visible freeform task=true rootAffinity=10115:android.task.kugou isMini=false}
06-29 10:13:46.610 1570 10710 D ActivityTaskManager: Skipping, freeform mode : Task{8a4e915 #163 type=undefined A=10109:com.netease.cloudmusic U=0 visible=false mode=freeform translucent=true sz=0 visible freeform task=true rootAffinity=10109:com.netease.cloudmusic isMini=false}
06-29 10:13:46.654 1570 8334 E PackageDexUsage: Unsupported context?
06-29 10:13:46.711 12687 12687 I auditd : type=1400 audit(0.0:2501): avc: granted { execute } for comm="Thread-13" path="/data/user/0/com.baidu.appsearch/files/sofire_tmp/.1/lib/4.3.4.1.11/-1212803598/arm64-v8a/libsofiresec434111.so" dev="dm-21" ino=558332 scontext=u:r:untrusted_app_27:s0:c512,c768 tcontext=u:object_r:app_data_file:s0:c512,c768 tclass=file app=com.baidu.appsearch
06-29 10:13:46.728 13131 13131 D ActivityThread: Loading provider com.kugou.android.kugouCommonPreferences: com.kugou.common.preferences.provider.CommonSharedPreferencesProvider
06-29 10:13:46.739 12687 12687 I auditd : type=1400 audit(0.0:2502): avc: granted { nlmsg_readpriv } for comm="pass_net_thread" scontext=u:r:untrusted_app_27:s0:c512,c768 tcontext=u:r:untrusted_app_27:s0:c512,c768 tclass=netlink_route_socket app=com.baidu.appsearch
06-29 10:13:46.761 1570 1898 I input_interaction: Interaction with: c426fd3 com.android.launcher3/com.android.launcher3.uioverrides.QuickstepLauncher (server), c5a6843 com.android.systemui.ImageWallpaper (server), edge-swipe (server), swipe-up (server), PointerEventDispatcher0 (server),
06-29 10:13:46.761 1570 1898 D PowerManagerService: userActivityNoUpdateLocked: groupId=0, eventTime=121968, event=2, flags=0x0, uid=1000
06-29 10:13:46.762 1570 1898 D PowerManagerNotifier: onUserActivity: event=2, uid=1000
06-29 10:13:46.762 1570 1898 D PowerManagerService: updateUserActivitySummaryLocked: groupId=0, mWakefulness=Awake, mUserActivitySummary=0x1, nextTimeout=181968 (in 59999 ms)
06-29 10:13:46.762 1570 1898 D PowerManagerNotifier: onScreenPolicyUpdate: newPolicy=3
06-29 10:13:46.762 1570 1898 D PowerManagerService: updateDisplayPowerStateLocked: displayReady=true, groupId=0, policy=BRIGHT, mWakefulness=Awake, mWakeLockSummary=0x1, mUserActivitySummary=0x1, mBootCompleted=true, screenBrightnessOverride=NaN, useAutoBrightness=false, mScreenBrightnessBoostInProgress=false, mIsVrModeEnabled= false, sQuiescent=false
06-29 10:13:46.764 1570 1724 W BroadcastQueue: Permission Denial: broadcasting Intent { act=android.net.conn.CONNECTIVITY_CHANGE flg=0x4200010 (has extras) } from null (pid=-1, uid=-1) requires com.baidu.appsearch.permission.sofire.RECEIVE due to registered receiver BroadcastFilter{f5c9458 10108/u0 ReceiverList{bc2f53b 12687 com.baidu.appsearch/10108/u0 remote:9228fca}}
06-29 10:13:46.777 0 0 W [ 121.974649] audit: audit_lost=2214 audit_rate_limit=5 audit_backlog_limit=64
06-29 10:13:46.777 0 0 E [ 121.974655] audit: rate limit exceeded
06-29 10:13:46.780 1570 1717 W ActivityManager: setHasOverlayUi called on unknown pid: 12604
06-29 10:13:46.795 1570 1718 I wm_task_removed: [181,removeChild:removeChild last r=ActivityRecord{6ad3b0 u0 com.kugou.android/.app.splash.SplashActivity taskAffinity=10115:android.task.kugou t-1 f}} in t=Task{2a17adc #181 type=standard A=10115:android.task.kugou U=0 visible=false mode=freeform translucent=true sz=0 visible freeform task=true rootAffinity=10115:android.task.kugou isMini=false}]
06-29 10:13:46.795 1570 1718 I wm_task_removed: [181,removeChild]
06-29 10:13:46.832 1570 8334 D ActivityTaskManager: Skipping, freeform mode : Task{2a17adc #181 type=standard A=10115:android.task.kugou U=0 visible=false mode=freeform translucent=true sz=0 visible freeform task=true rootAffinity=10115:android.task.kugou isMini=false}
06-29 10:13:46.832 1570 8334 D ActivityTaskManager: Skipping, freeform mode : Task{8a4e915 #163 type=undefined A=10109:com.netease.cloudmusic U=0 visible=false mode=freeform translucent=true sz=0 visible freeform task=true rootAffinity=10109:com.netease.cloudmusic isMini=false}
06-29 10:13:46.837 1570 1724 W BroadcastQueue: Permission Denial: broadcasting Intent { act=android.net.conn.CONNECTIVITY_CHANGE flg=0x4200010 (has extras) } from null (pid=-1, uid=-1) requires com.baidu.appsearch.permission.sofire.RECEIVE due to registered receiver BroadcastFilter{ab9c50f 10108/u0 ReceiverList{97e2a6e 12687 com.baidu.appsearch/10108/u0 remote:9af5de9}}
06-29 10:13:46.858 1570 6497 D CompatibilityChangeReporter: Compat change id reported: 171306433; UID 10108; state: DISABLED
06-29 10:13:46.868 1570 6497 W ActivityManager: Receiver with filter android.content.IntentFilter@1d377ce already registered for pid 12687, callerPackage is com.baidu.appsearch
06-29 10:13:46.869 1570 1898 D PowerManagerService: userActivityNoUpdateLocked: groupId=0, eventTime=122075, event=2, flags=0x0, uid=1000
06-29 10:13:46.869 1570 1898 D PowerManagerNotifier: onUserActivity: event=2, uid=1000
06-29 10:13:46.869 1570 1898 D PowerManagerService: updateUserActivitySummaryLocked: groupId=0, mWakefulness=Awake, mUserActivitySummary=0x1, nextTimeout=182075 (in 59999 ms)
06-29 10:13:46.869 1570 1898 D PowerManagerNotifier: onScreenPolicyUpdate: newPolicy=3
06-29 10:13:46.869 1570 1898 D PowerManagerService: updateDisplayPowerStateLocked: displayReady=true, groupId=0, policy=BRIGHT, mWakefulness=Awake, mWakeLockSummary=0x1, mUserActivitySummary=0x1, mBootCompleted=true, screenBrightnessOverride=NaN, useAutoBrightness=false, mScreenBrightnessBoostInProgress=false, mIsVrModeEnabled= false, sQuiescent=false
06-29 10:13:46.891 1570 3720 D PowerManagerService: acquireWakeLockInternal: lock=215938799, flags=0x1, tag="WakeLock1", ws=null, uid=10108, pid=12687
06-29 10:13:46.891 1570 3720 D PowerManagerService: updateWakeLockSummaryLocked: mWakefulness=Awake, mWakeLockSummary=0x1
06-29 10:13:46.891 1570 3720 D PowerManagerService: updateUserActivitySummaryLocked: groupId=0, mWakefulness=Awake, mUserActivitySummary=0x1, nextTimeout=182075 (in 59977 ms)
06-29 10:13:46.891 1570 3720 D PowerManagerNotifier: onScreenPolicyUpdate: newPolicy=3
06-29 10:13:46.891 1570 3720 D PowerManagerService: updateDisplayPowerStateLocked: displayReady=true, groupId=0, policy=BRIGHT, mWakefulness=Awake, mWakeLockSummary=0x1, mUserActivitySummary=0x1, mBootCompleted=true, screenBrightnessOverride=NaN, useAutoBrightness=false, mScreenBrightnessBoostInProgress=false, mIsVrModeEnabled= false, sQuiescent=false
06-29 10:13:46.895 13204 13204 I auditd : type=1400 audit(0.0:2506): avc: denied { read } for comm="cat" name="route" dev="proc" ino=4026532257 scontext=u:r:untrusted_app_27:s0:c512,c768 tcontext=u:object_r:proc_net:s0 tclass=file permissive=0 app=com.baidu.appsearch
06-29 10:13:46.926 2667 2667 I view_enqueue_input_event: [Motion - Cancel,com.android.launcher3/com.android.launcher3.uioverrides.QuickstepLauncher]
06-29 10:13:46.929 1570 1898 I input_interaction: Interaction with: edge-swipe (server), swipe-up (server), PointerEventDispatcher0 (server),
06-29 10:13:46.969 1570 1898 D PowerManagerService: userActivityNoUpdateLocked: groupId=0, eventTime=122175, event=2, flags=0x0, uid=1000
06-29 10:13:46.969 1570 1898 D PowerManagerNotifier: onUserActivity: event=2, uid=1000
06-29 10:13:46.969 1570 1898 D PowerManagerService: updateUserActivitySummaryLocked: groupId=0, mWakefulness=Awake, mUserActivitySummary=0x1, nextTimeout=182175 (in 59999 ms)
06-29 10:13:46.969 1570 1898 D PowerManagerNotifier: onScreenPolicyUpdate: newPolicy=3
06-29 10:13:46.969 1570 1898 D PowerManagerService: updateDisplayPowerStateLocked: displayReady=true, groupId=0, policy=BRIGHT, mWakefulness=Awake, mWakeLockSummary=0x1, mUserActivitySummary=0x1, mBootCompleted=true, screenBrightnessOverride=NaN, useAutoBrightness=false, mScreenBrightnessBoostInProgress=false, mIsVrModeEnabled= false, sQuiescent=false
06-29 10:13:47.035 1570 13280 D PowerManagerService: acquireWakeLockInternal: lock=209448680, flags=0x1, tag="*vibrator*", ws=WorkSource{10075}, uid=1000, pid=1570
06-29 10:13:47.036 1570 13280 D PowerManagerService: updateWakeLockSummaryLocked: mWakefulness=Awake, mWakeLockSummary=0x1
06-29 10:13:47.036 1570 13280 D PowerManagerService: updateUserActivitySummaryLocked: groupId=0, mWakefulness=Awake, mUserActivitySummary=0x1, nextTimeout=182175 (in 59932 ms)
06-29 10:13:47.036 1570 13280 D PowerManagerNotifier: onScreenPolicyUpdate: newPolicy=3
06-29 10:13:47.036 1570 13280 D PowerManagerService: updateDisplayPowerStateLocked: displayReady=true, groupId=0, policy=BRIGHT, mWakefulness=Awake, mWakeLockSummary=0x1, mUserActivitySummary=0x1, mBootCompleted=true, screenBrightnessOverride=NaN, useAutoBrightness=false, mScreenBrightnessBoostInProgress=false, mIsVrModeEnabled= false, sQuiescent=false
06-29 10:13:47.038 1570 1887 I commit_sys_config_file: [settings-1-0,4]
06-29 10:13:47.041 1570 13280 D PowerManagerNotifier: onWakeLockAcquired: flags=1, tag="*vibrator*", packageName=android, ownerUid=1000, ownerPid=1570, workSource=WorkSource{10075}
06-29 10:13:47.069 1570 1898 D PowerManagerService: userActivityNoUpdateLocked: groupId=0, eventTime=122275, event=2, flags=0x0, uid=1000
06-29 10:13:47.069 1570 1898 D PowerManagerNotifier: onUserActivity: event=2, uid=1000
06-29 10:13:47.069 1570 1898 D PowerManagerService: updateUserActivitySummaryLocked: groupId=0, mWakefulness=Awake, mUserActivitySummary=0x1, nextTimeout=182275 (in 59999 ms)
06-29 10:13:47.069 1570 1898 D PowerManagerNotifier: onScreenPolicyUpdate: newPolicy=3
06-29 10:13:47.069 1570 1898 D PowerManagerService: updateDisplayPowerStateLocked: displayReady=true, groupId=0, policy=BRIGHT, mWakefulness=Awake, mWakeLockSummary=0x1, mUserActivitySummary=0x1, mBootCompleted=true, screenBrightnessOverride=NaN, useAutoBrightness=false, mScreenBrightnessBoostInProgress=false, mIsVrModeEnabled= false, sQuiescent=false
06-29 10:13:47.096 1570 1717 W WindowManager: Unable to start animation, surface is null or no children.
06-29 10:13:47.103 1570 13280 D PowerManagerService: releaseWakeLockInternal: lock=209448680 [*vibrator*], flags=0x0
06-29 10:13:47.103 1570 13280 D PowerManagerNotifier: onWakeLockReleased: flags=1, tag="*vibrator*", packageName=android, ownerUid=1000, ownerPid=1570, workSource=WorkSource{10075}
06-29 10:13:47.103 1570 13280 D PowerManagerService: updateWakeLockSummaryLocked: mWakefulness=Awake, mWakeLockSummary=0x1
06-29 10:13:47.104 1570 13280 D PowerManagerService: updateUserActivitySummaryLocked: groupId=0, mWakefulness=Awake, mUserActivitySummary=0x1, nextTimeout=182275 (in 59965 ms)
06-29 10:13:47.104 1570 13280 D PowerManagerNotifier: onScreenPolicyUpdate: newPolicy=3
06-29 10:13:47.104 1570 13280 D PowerManagerService: updateDisplayPowerStateLocked: displayReady=true, groupId=0, policy=BRIGHT, mWakefulness=Awake, mWakeLockSummary=0x1, mUserActivitySummary=0x1, mBootCompleted=true, screenBrightnessOverride=NaN, useAutoBrightness=false, mScreenBrightnessBoostInProgress=false, mIsVrModeEnabled= false, sQuiescent=false
06-29 10:13:47.109 1570 9807 D PowerManagerService: acquireWakeLockInternal: lock=98653119, flags=0x1, tag="AudioMix", ws=null, uid=1041, pid=0
06-29 10:13:47.109 1570 9807 D PowerManagerService: updateWakeLockSummaryLocked: mWakefulness=Awake, mWakeLockSummary=0x1
06-29 10:13:47.109 1570 9807 D PowerManagerService: updateUserActivitySummaryLocked: groupId=0, mWakefulness=Awake, mUserActivitySummary=0x1, nextTimeout=182275 (in 59959 ms)
06-29 10:13:47.109 1570 9807 D PowerManagerNotifier: onScreenPolicyUpdate: newPolicy=3
06-29 10:13:47.109 1570 9807 D PowerManagerService: updateDisplayPowerStateLocked: displayReady=true, groupId=0, policy=BRIGHT, mWakefulness=Awake, mWakeLockSummary=0x1, mUserActivitySummary=0x1, mBootCompleted=true, screenBrightnessOverride=NaN, useAutoBrightness=false, mScreenBrightnessBoostInProgress=false, mIsVrModeEnabled= false, sQuiescent=false
06-29 10:13:47.109 1570 9807 D PowerManagerNotifier: onWakeLockAcquired: flags=1, tag="AudioMix", packageName=audioserver, ownerUid=1041, ownerPid=0, workSource=null
06-29 10:13:47.109 1570 9807 D PowerManagerService: acquireWakeLockInternal: lock=221186700, flags=0x1, tag="AudioMix", ws=null, uid=1041, pid=0
06-29 10:13:47.110 1570 9807 D PowerManagerService: updateWakeLockSummaryLocked: mWakefulness=Awake, mWakeLockSummary=0x1
06-29 10:13:47.110 1570 9807 D PowerManagerService: updateUserActivitySummaryLocked: groupId=0, mWakefulness=Awake, mUserActivitySummary=0x1, nextTimeout=182275 (in 59959 ms)
06-29 10:13:47.110 1570 9807 D PowerManagerNotifier: onScreenPolicyUpdate: newPolicy=3
06-29 10:13:47.110 1570 9807 D PowerManagerService: updateDisplayPowerStateLocked: displayReady=true, groupId=0, policy=BRIGHT, mWakefulness=Awake, mWakeLockSummary=0x1, mUserActivitySummary=0x1, mBootCompleted=true, screenBrightnessOverride=NaN, useAutoBrightness=false, mScreenBrightnessBoostInProgress=false, mIsVrModeEnabled= false, sQuiescent=false
06-29 10:13:47.110 1570 9807 D PowerManagerNotifier: onWakeLockAcquired: flags=1, tag="AudioMix", packageName=audioserver, ownerUid=1041, ownerPid=0, workSource=null
06-29 10:13:47.110 1570 9807 D PowerManagerService: updateWakeLockWorkSourceInternal: lock=98653119 [AudioMix], ws=null
06-29 10:13:47.110 1570 9807 D PowerManagerService: updateWakeLockWorkSourceInternal: lock=221186700 [AudioMix], ws=null
06-29 10:13:47.110 1570 9807 D PowerManagerService: acquireWakeLockInternal: lock=109467093, flags=0x1, tag="AudioMix", ws=null, uid=1041, pid=0
06-29 10:13:47.110 1570 9807 D PowerManagerService: updateWakeLockSummaryLocked: mWakefulness=Awake, mWakeLockSummary=0x1
06-29 10:13:47.110 1570 9807 D PowerManagerService: updateUserActivitySummaryLocked: groupId=0, mWakefulness=Awake, mUserActivitySummary=0x1, nextTimeout=182275 (in 59958 ms)
06-29 10:13:47.110 1570 9807 D PowerManagerNotifier: onScreenPolicyUpdate: newPolicy=3
06-29 10:13:47.110 1570 9807 D PowerManagerService: updateDisplayPowerStateLocked: displayReady=true, groupId=0, policy=BRIGHT, mWakefulness=Awake, mWakeLockSummary=0x1, mUserActivitySummary=0x1, mBootCompleted=true, screenBrightnessOverride=NaN, useAutoBrightness=false, mScreenBrightnessBoostInProgress=false, mIsVrModeEnabled= false, sQuiescent=false
06-29 10:13:47.110 1570 9807 D PowerManagerNotifier: onWakeLockAcquired: flags=1, tag="AudioMix", packageName=audioserver, ownerUid=1041, ownerPid=0, workSource=null
06-29 10:13:47.112 1570 9807 D PowerManagerService: updateWakeLockWorkSourceInternal: lock=109467093 [AudioMix], ws=null
06-29 10:13:47.112 1570 9807 D PowerManagerService: acquireWakeLockInternal: lock=219652586, flags=0x1, tag="AudioMix", ws=null, uid=1041, pid=0
06-29 10:13:47.112 1570 9807 D PowerManagerService: updateWakeLockSummaryLocked: mWakefulness=Awake, mWakeLockSummary=0x1
06-29 10:13:47.112 1570 9807 D PowerManagerService: updateUserActivitySummaryLocked: groupId=0, mWakefulness=Awake, mUserActivitySummary=0x1, nextTimeout=182275 (in 59956 ms)
06-29 10:13:47.112 1570 9807 D PowerManagerNotifier: onScreenPolicyUpdate: newPolicy=3
06-29 10:13:47.112 1570 9807 D PowerManagerService: updateDisplayPowerStateLocked: displayReady=true, groupId=0, policy=BRIGHT, mWakefulness=Awake, mWakeLockSummary=0x1, mUserActivitySummary=0x1, mBootCompleted=true, screenBrightnessOverride=NaN, useAutoBrightness=false, mScreenBrightnessBoostInProgress=false, mIsVrModeEnabled= false, sQuiescent=false
06-29 10:13:47.112 1570 9807 D PowerManagerNotifier: onWakeLockAcquired: flags=1, tag="AudioMix", packageName=audioserver, ownerUid=1041, ownerPid=0, workSource=null
06-29 10:13:47.115 1570 9807 D PowerManagerService: updateWakeLockWorkSourceInternal: lock=219652586 [AudioMix], ws=null
06-29 10:13:47.115 12877 12877 I auditd : type=1400 audit(0.0:2507): avc: granted { nlmsg_readpriv } for comm="pool-3-thread-4" scontext=u:r:untrusted_app_27:s0:c115,c256,c512,c768 tcontext=u:r:untrusted_app_27:s0:c115,c256,c512,c768 tclass=netlink_route_socket app=com.kugou.android
06-29 10:13:47.126 1570 9808 D CompatibilityChangeReporter: Compat change id reported: 157233955; UID 10115; state: DISABLED
06-29 10:13:47.190 1570 1898 D PowerManagerService: userActivityNoUpdateLocked: groupId=0, eventTime=122397, event=2, flags=0x0, uid=1000
06-29 10:13:47.190 1570 1898 D PowerManagerNotifier: onUserActivity: event=2, uid=1000
06-29 10:13:47.190 1570 1898 D PowerManagerService: updateUserActivitySummaryLocked: groupId=0, mWakefulness=Awake, mUserActivitySummary=0x1, nextTimeout=182397 (in 60000 ms)
06-29 10:13:47.190 1570 1898 D PowerManagerNotifier: onScreenPolicyUpdate: newPolicy=3
06-29 10:13:47.190 1570 1898 D PowerManagerService: updateDisplayPowerStateLocked: displayReady=true, groupId=0, policy=BRIGHT, mWakefulness=Awake, mWakeLockSummary=0x1, mUserActivitySummary=0x1, mBootCompleted=true, screenBrightnessOverride=NaN, useAutoBrightness=false, mScreenBrightnessBoostInProgress=false, mIsVrModeEnabled= false, sQuiescent=false
06-29 10:13:47.198 1570 1570 I notification_enqueue: [10115,12877,com.kugou.android,99,NULL,0,Notification(channel=kg_play shortcut=null contentView=null vibrate=null sound=null defaults=0x0 flags=0x42 color=0x00000000 vis=PRIVATE),1]
06-29 10:13:47.202 1570 1570 I notification_enqueue: [10115,12877,com.kugou.android,99,NULL,0,Notification(channel=kg_play shortcut=null contentView=null vibrate=null sound=null defaults=0x0 flags=0x42 color=0x00000000 vis=PRIVATE),1]
06-29 10:13:47.231 12877 12877 I auditd : type=1400 audit(0.0:2508): avc: granted { nlmsg_readpriv } for comm="pool-3-thread-3" scontext=u:r:untrusted_app_27:s0:c115,c256,c512,c768 tcontext=u:r:untrusted_app_27:s0:c115,c256,c512,c768 tclass=netlink_route_socket app=com.kugou.android
06-29 10:13:47.280 1570 9455 I ActivityManager: Process com.kugou.android.support (pid 12877) has died: prcp FGS
06-29 10:13:47.281 1570 9455 I am_proc_died: [0,12877,com.kugou.android.support,200,4]
06-29 10:13:47.282 1570 9455 E AppOps : Operation not started: uid=10115 pkg=com.kugou.android(null) op=START_FOREGROUND
06-29 10:13:47.282 1570 1570 I sysui_multi_action: [757,128,758,5,759,8,793,1440,794,0,795,1221,796,99,806,com.kugou.android,857,kg_normal,858,2,947,0,1500,1221,1688,1]
06-29 10:13:47.282 1570 1570 I notification_canceled: [0|com.kugou.android|99|null|10115,8,1440,1221,0,-1,-1,NULL]
06-29 10:13:47.378 1570 8357 D PowerManagerService: releaseWakeLockInternal: lock=215938799 [WakeLock1], flags=0x0
06-29 10:13:47.378 1570 8357 D PowerManagerService: updateWakeLockSummaryLocked: mWakefulness=Awake, mWakeLockSummary=0x1
06-29 10:13:47.378 1570 8357 D PowerManagerService: updateUserActivitySummaryLocked: groupId=0, mWakefulness=Awake, mUserActivitySummary=0x1, nextTimeout=182397 (in 59812 ms)
06-29 10:13:47.379 1570 8357 D PowerManagerNotifier: onScreenPolicyUpdate: newPolicy=3
06-29 10:13:47.379 1570 8357 D PowerManagerService: updateDisplayPowerStateLocked: displayReady=true, groupId=0, policy=BRIGHT, mWakefulness=Awake, mWakeLockSummary=0x1, mUserActivitySummary=0x1, mBootCompleted=true, screenBrightnessOverride=NaN, useAutoBrightness=false, mScreenBrightnessBoostInProgress=false, mIsVrModeEnabled= false, sQuiescent=false
06-29 10:13:47.380 1570 9455 D PowerManagerService: acquireWakeLockInternal: lock=122110019, flags=0x1, tag="WakeLock2", ws=null, uid=10108, pid=12687
06-29 10:13:47.380 1570 9455 D PowerManagerService: updateWakeLockSummaryLocked: mWakefulness=Awake, mWakeLockSummary=0x1
06-29 10:13:47.380 1570 9455 D PowerManagerService: updateUserActivitySummaryLocked: groupId=0, mWakefulness=Awake, mUserActivitySummary=0x1, nextTimeout=182397 (in 59810 ms)
06-29 10:13:47.380 1570 9455 D PowerManagerNotifier: onScreenPolicyUpdate: newPolicy=3
06-29 10:13:47.380 1570 9455 D PowerManagerService: updateDisplayPowerStateLocked: displayReady=true, groupId=0, policy=BRIGHT, mWakefulness=Awake, mWakeLockSummary=0x1, mUserActivitySummary=0x1, mBootCompleted=true, screenBrightnessOverride=NaN, useAutoBrightness=false, mScreenBrightnessBoostInProgress=false, mIsVrModeEnabled= false, sQuiescent=false
06-29 10:13:47.392 1570 8357 D PowerManagerService: releaseWakeLockInternal: lock=122110019 [WakeLock2], flags=0x0
06-29 10:13:47.392 1570 8357 D PowerManagerService: updateWakeLockSummaryLocked: mWakefulness=Awake, mWakeLockSummary=0x1
06-29 10:13:47.392 1570 8357 D PowerManagerService: updateUserActivitySummaryLocked: groupId=0, mWakefulness=Awake, mUserActivitySummary=0x1, nextTimeout=182397 (in 59798 ms)
06-29 10:13:47.392 1570 8357 D PowerManagerNotifier: onScreenPolicyUpdate: newPolicy=3
06-29 10:13:47.392 1570 8357 D PowerManagerService: updateDisplayPowerStateLocked: displayReady=true, groupId=0, policy=BRIGHT, mWakefulness=Awake, mWakeLockSummary=0x1, mUserActivitySummary=0x1, mBootCompleted=true, screenBrightnessOverride=NaN, useAutoBrightness=false, mScreenBrightnessBoostInProgress=false, mIsVrModeEnabled= false, sQuiescent=false
06-29 10:13:47.393 1570 1887 I commit_sys_config_file: [settings-1-0,1]
06-29 10:13:47.395 1570 6929 D PowerManagerService: acquireWakeLockInternal: lock=215938799, flags=0x1, tag="WakeLock1", ws=null, uid=10108, pid=12687
06-29 10:13:47.395 1570 6929 D PowerManagerService: updateWakeLockSummaryLocked: mWakefulness=Awake, mWakeLockSummary=0x1
06-29 10:13:47.395 1570 6929 D PowerManagerService: updateUserActivitySummaryLocked: groupId=0, mWakefulness=Awake, mUserActivitySummary=0x1, nextTimeout=182397 (in 59795 ms)
06-29 10:13:47.395 1570 6929 D PowerManagerNotifier: onScreenPolicyUpdate: newPolicy=3
06-29 10:13:47.395 1570 6929 D PowerManagerService: updateDisplayPowerStateLocked: displayReady=true, groupId=0, policy=BRIGHT, mWakefulness=Awake, mWakeLockSummary=0x1, mUserActivitySummary=0x1, mBootCompleted=true, screenBrightnessOverride=NaN, useAutoBrightness=false, mScreenBrightnessBoostInProgress=false, mIsVrModeEnabled= false, sQuiescent=false
06-29 10:13:47.398 1570 1570 I NotificationService: Cannot find enqueued record for key: 0|com.kugou.android|99|null|10115
06-29 10:13:47.402 1570 1570 I NotificationService: Cannot find enqueued record for key: 0|com.kugou.android|99|null|10115
06-29 10:13:47.483 1570 1570 I auditd : type=1400 audit(0.0:2509): avc: denied { getattr } for comm="ActivityManager" path="/data/tlog/fatal/dropbox" dev="dm-21" ino=499138 scontext=u:r:system_server:s0 tcontext=u:object_r:tlog_data_file:s0 tclass=dir permissive=0
06-29 10:13:47.486 1570 9807 W ActivityManager: Background started FGS: Disallowed [callingPackage: com.kugou.android; callingUid: 10115; uidState: SVC ; intent: Intent { act=action_request_connect pkg=com.kugou.android cmp=com.kugou.android/com.kugou.framework.service.ipc.peripheral.connect.SupportService (has extras) }; code:DENIED; tempAllowListReason:; targetSdkVersion:28; callerTargetSdkVersion:28; startForegroundCount:0; bindFromPackage:null]
06-29 10:13:47.486 1570 1724 I am_wtf : [0,1570,system_server,-1,ActivityManager,Background started FGS: Disallowed [callingPackage: com.kugou.android; callingUid: 10115; uidState: SVC ; intent: Intent { act=action_request_connect pkg=com.kugou.android cmp=com.kugou.android/com.kugou.framework.service.ipc.peripheral.connect.SupportService (has extras) }; code:DENIED; tempAllowListReason:; targetSdkVersion:28; callerTargetSdkVersion:28; startForegroundCount:0; bindFromPackage:null]]
06-29 10:13:47.487 1570 9807 D CompatibilityChangeReporter: Compat change id reported: 170668199; UID 10115; state: DISABLED
06-29 10:13:47.487 1570 1724 I DropBoxManagerService: add tag=system_server_wtf isTagEnabled=true flags=0x2
06-29 10:13:47.487 1570 9807 D CompatibilityChangeReporter: Compat change id reported: 135634846; UID 10115; state: DISABLED
06-29 10:13:47.487 1570 9807 D CompatibilityChangeReporter: Compat change id reported: 177438394; UID 10115; state: DISABLED
06-29 10:13:47.487 1570 9807 D CompatibilityChangeReporter: Compat change id reported: 135772972; UID 10115; state: DISABLED
06-29 10:13:47.487 1570 9807 D CompatibilityChangeReporter: Compat change id reported: 135754954; UID 10115; state: DISABLED
06-29 10:13:47.487 1570 1724 E DropBoxManagerService: Can't write: system_server_wtf
06-29 10:13:47.487 1570 1724 E DropBoxManagerService: java.io.IOException: Can't mkdir: /data/tlog/fatal/dropbox
06-29 10:13:47.487 1570 1724 E DropBoxManagerService: at com.android.server.DropBoxManagerService.init(DropBoxManagerService.java:1011)
06-29 10:13:47.487 1570 1724 E DropBoxManagerService: at com.android.server.DropBoxManagerService.addEntry(DropBoxManagerService.java:470)
06-29 10:13:47.487 1570 1724 E DropBoxManagerService: at com.android.server.DropBoxManagerService.addEntry(DropBoxManagerService.java:421)
06-29 10:13:47.487 1570 1724 E DropBoxManagerService: at com.android.server.DropBoxManagerService.addData(DropBoxManagerService.java:392)
06-29 10:13:47.487 1570 1724 E DropBoxManagerService: at com.android.server.DropBoxManagerService$2.addData(DropBoxManagerService.java:161)
06-29 10:13:47.487 1570 1724 E DropBoxManagerService: at android.os.DropBoxManager.addData(DropBoxManager.java:333)
06-29 10:13:47.487 1570 1724 E DropBoxManagerService: at android.os.DropBoxManager.addText(DropBoxManager.java:320)
06-29 10:13:47.487 1570 1724 E DropBoxManagerService: at com.android.server.am.ActivityManagerService$16.run(ActivityManagerService.java:8479)
06-29 10:13:47.487 1570 1724 E DropBoxManagerService: at com.android.server.am.ActivityManagerService.addErrorToDropBox(ActivityManagerService.java:8488)
06-29 10:13:47.487 1570 1724 E DropBoxManagerService: at com.android.server.am.ActivityManagerService.handleApplicationWtfInner(ActivityManagerService.java:8221)
06-29 10:13:47.487 1570 1724 E DropBoxManagerService: at com.android.server.am.ActivityManagerService$15.run(ActivityManagerService.java:8187)
06-29 10:13:47.487 1570 1724 E DropBoxManagerService: at android.os.Handler.handleCallback(Handler.java:938)
06-29 10:13:47.487 1570 1724 E DropBoxManagerService: at android.os.Handler.dispatchMessage(Handler.java:99)
06-29 10:13:47.487 1570 1724 E DropBoxManagerService: at android.os.Looper.loopOnce(Looper.java:201)
06-29 10:13:47.487 1570 1724 E DropBoxManagerService: at android.os.Looper.loop(Looper.java:288)
06-29 10:13:47.487 1570 1724 E DropBoxManagerService: at android.os.HandlerThread.run(HandlerThread.java:67)
06-29 10:13:47.487 1570 1724 E DropBoxManagerService: at com.android.server.ServiceThread.run(ServiceThread.java:44)
06-29 10:13:47.487 1570 1725 D CompatibilityChangeReporter: Compat change id reported: 143937733; UID 10115; state: DISABLED
06-29 10:13:47.493 1570 1725 I am_proc_start: [0,13371,10115,com.kugou.android.support,service,{com.kugou.android/com.kugou.framework.service.ipc.peripheral.connect.SupportService}]
06-29 10:13:47.493 1570 1725 I ActivityManager: Start proc 13371:com.kugou.android.support/u0a115 for service {com.kugou.android/com.kugou.framework.service.ipc.peripheral.connect.SupportService}
06-29 10:13:47.501 1570 2465 I am_proc_bound: [0,13371,com.kugou.android.support]
06-29 10:13:47.502 0 0 I [ 122.706673] binder: 13371:13371 ioctl 40046210 7fe27a47d4 returned -22
06-29 10:13:47.535 1570 1959 D PowerManagerService: acquireWakeLockInternal: lock=38478618, flags=0x1, tag="NetworkStats", ws=null, uid=1000, pid=1570
06-29 10:13:47.535 1570 1959 D PowerManagerService: updateWakeLockSummaryLocked: mWakefulness=Awake, mWakeLockSummary=0x1
06-29 10:13:47.535 1570 1959 D PowerManagerService: updateUserActivitySummaryLocked: groupId=0, mWakefulness=Awake, mUserActivitySummary=0x1, nextTimeout=182397 (in 59655 ms)
06-29 10:13:47.535 1570 1959 D PowerManagerNotifier: onScreenPolicyUpdate: newPolicy=3
06-29 10:13:47.535 1570 1959 D PowerManagerService: updateDisplayPowerStateLocked: displayReady=true, groupId=0, policy=BRIGHT, mWakefulness=Awake, mWakeLockSummary=0x1, mUserActivitySummary=0x1, mBootCompleted=true, screenBrightnessOverride=NaN, useAutoBrightness=false, mScreenBrightnessBoostInProgress=false, mIsVrModeEnabled= false, sQuiescent=false
06-29 10:13:47.535 1570 1959 D PowerManagerNotifier: onWakeLockAcquired: flags=1, tag="NetworkStats", packageName=android, ownerUid=1000, ownerPid=1570, workSource=null
06-29 10:13:47.541 1570 1959 I netstats_mobile_sample: [0,0,0,0,0,0,0,0,0,0,0,0,1688004827541]
06-29 10:13:47.541 1570 1959 I netstats_wifi_sample: [19473854,19498,3657297,13504,19473854,19498,3657297,13504,19889896,20355,3487957,13158,1688004827541]
06-29 10:13:47.541 1570 1959 D PowerManagerService: releaseWakeLockInternal: lock=38478618 [NetworkStats], flags=0x0
06-29 10:13:47.541 1570 1959 D PowerManagerNotifier: onWakeLockReleased: flags=1, tag="NetworkStats", packageName=android, ownerUid=1000, ownerPid=1570, workSource=null
06-29 10:13:47.541 1570 1959 D PowerManagerService: updateWakeLockSummaryLocked: mWakefulness=Awake, mWakeLockSummary=0x1
06-29 10:13:47.541 1570 1959 D PowerManagerService: updateUserActivitySummaryLocked: groupId=0, mWakefulness=Awake, mUserActivitySummary=0x1, nextTimeout=182397 (in 59649 ms)
06-29 10:13:47.541 1570 1959 D PowerManagerNotifier: onScreenPolicyUpdate: newPolicy=3
06-29 10:13:47.541 1570 1959 D PowerManagerService: updateDisplayPowerStateLocked: displayReady=true, groupId=0, policy=BRIGHT, mWakefulness=Awake, mWakeLockSummary=0x1, mUserActivitySummary=0x1, mBootCompleted=true, screenBrightnessOverride=NaN, useAutoBrightness=false, mScreenBrightnessBoostInProgress=false, mIsVrModeEnabled= false, sQuiescent=false
06-29 10:13:47.718 13371 13415 E ActivityThread: Failed to find provider info for com.oplus.cardservice.repository.provider.CardServiceServerProvider
06-29 10:13:47.850 1570 2465 I ActivityManager: Process com.kugou.android.support (pid 13371) has died: prcp FGS
06-29 10:13:47.850 1570 2465 I am_proc_died: [0,13371,com.kugou.android.support,200,4]
06-29 10:13:47.851 1570 2465 W ActivityManager: Scheduling restart of crashed service com.kugou.android/com.kugou.framework.service.ipc.peripheral.connect.SupportService in 1000ms for start-requested
06-29 10:13:47.851 1570 2465 I am_schedule_service_restart: [0,com.kugou.android/com.kugou.framework.service.ipc.peripheral.connect.SupportService,1000]
06-29 10:13:48.097 0 0 E [ 123.304138] msm_pcm_playback_close: CMD_EOS failed, cmd_pending 0x8
06-29 10:13:48.109 0 0 I [ 123.312352] afe_close: port_id = 0x9000
06-29 10:13:48.125 0 0 I [ 123.331774] afe_find_cal_topo_id_by_port: port id: 0x9000, dev_acdb_id: 15
06-29 10:13:48.125 0 0 I [ 123.331781] afe_find_cal_topo_id_by_port: top_id:112fc acdb_id:15 afe_port_id:0x9000
06-29 10:13:48.125 0 0 I [ 123.331784] afe_get_cal_topology_id: port_id = 0x9000 acdb_id = 15 topology_id = 0x112fc cal_type_index=8 ret=0
06-29 10:13:48.125 0 0 I [ 123.331995] afe_send_port_topology_id: AFE set topology id 0x112fc enable for port 0x9000 ret 0
06-29 10:13:48.125 0 0 I [ 123.331999] send_afe_cal_type: cal_index is 0
06-29 10:13:48.125 0 0 I [ 123.332002] send_afe_cal_type: dev_acdb_id[55] is 15
06-29 10:13:48.125 0 0 I [ 123.332005] afe_find_cal: cal_index 0 port_id 0x9000 port_index 55
06-29 10:13:48.125 0 0 I [ 123.332008] afe_find_cal: acdb_id 15 dev_acdb_id 15 sample_rate 48000 afe_sample_rates 48000
06-29 10:13:48.125 0 0 I [ 123.332010] afe_find_cal: cal block is a match, size is 0
06-29 10:13:48.125 0 0 I [ 123.332012] send_afe_cal_type: Sending cal_index cal 0
06-29 10:13:48.125 0 0 E [ 123.332048] send_afe_cal_type: No cal sent for cal_index 0, port_id = 0x9000! ret -22
06-29 10:13:48.129 0 0 I [ 123.332293] afe_send_hw_delay: port_id 0x9000 rate 48000 delay_usec 474 status 0
06-29 10:13:48.259 1570 1898 I input_interaction: Interaction with: c426fd3 com.android.launcher3/com.android.launcher3.uioverrides.QuickstepLauncher (server), c5a6843 com.android.systemui.ImageWallpaper (server), edge-swipe (server), swipe-up (server), PointerEventDispatcher0 (server),
06-29 10:13:48.260 1570 1898 D PowerManagerService: userActivityNoUpdateLocked: groupId=0, eventTime=123465, event=2, flags=0x0, uid=1000
06-29 10:13:48.260 1570 1898 D PowerManagerNotifier: onUserActivity: event=2, uid=1000
06-29 10:13:48.260 1570 1898 D PowerManagerService: updateUserActivitySummaryLocked: groupId=0, mWakefulness=Awake, mUserActivitySummary=0x1, nextTimeout=183465 (in 59998 ms)
06-29 10:13:48.260 1570 1898 D PowerManagerNotifier: onScreenPolicyUpdate: newPolicy=3
06-29 10:13:48.260 1570 1898 D PowerManagerService: updateDisplayPowerStateLocked: displayReady=true, groupId=0, policy=BRIGHT, mWakefulness=Awake, mWakeLockSummary=0x1, mUserActivitySummary=0x1, mBootCompleted=true, screenBrightnessOverride=NaN, useAutoBrightness=false, mScreenBrightnessBoostInProgress=false, mIsVrModeEnabled= false, sQuiescent=false
06-29 10:13:48.284 2667 2667 I view_enqueue_input_event: [Motion - Cancel,com.android.launcher3/com.android.launcher3.uioverrides.QuickstepLauncher]
06-29 10:13:48.286 1570 1898 I input_interaction: Interaction with: edge-swipe (server), swipe-up (server), PointerEventDispatcher0 (server),
06-29 10:13:48.365 1570 1898 D PowerManagerService: userActivityNoUpdateLocked: groupId=0, eventTime=123572, event=2, flags=0x0, uid=1000
06-29 10:13:48.366 1570 1898 D PowerManagerNotifier: onUserActivity: event=2, uid=1000
06-29 10:13:48.366 1570 1898 D PowerManagerService: updateUserActivitySummaryLocked: groupId=0, mWakefulness=Awake, mUserActivitySummary=0x1, nextTimeout=183572 (in 59999 ms)
06-29 10:13:48.366 1570 1898 D PowerManagerNotifier: onScreenPolicyUpdate: newPolicy=3
06-29 10:13:48.366 1570 1898 D PowerManagerService: updateDisplayPowerStateLocked: displayReady=true, groupId=0, policy=BRIGHT, mWakefulness=Awake, mWakeLockSummary=0x1, mUserActivitySummary=0x1, mBootCompleted=true, screenBrightnessOverride=NaN, useAutoBrightness=false, mScreenBrightnessBoostInProgress=false, mIsVrModeEnabled= false, sQuiescent=false
06-29 10:13:48.669 0 0 E [ 123.872100] link_delay_work_func: DTC_ETH: SQI=0, link=0
06-29 10:13:48.791 1570 1723 I am_pss : [11317,10101,com.tencent.ilink.ServiceProcess,61041664,51077120,0,186740736,0,4,11]
06-29 10:13:48.852 1570 1724 D CompatibilityChangeReporter: Compat change id reported: 135634846; UID 10115; state: DISABLED
06-29 10:13:48.852 1570 1724 D CompatibilityChangeReporter: Compat change id reported: 177438394; UID 10115; state: DISABLED
06-29 10:13:48.852 1570 1724 D CompatibilityChangeReporter: Compat change id reported: 135772972; UID 10115; state: DISABLED
06-29 10:13:48.852 1570 1724 D CompatibilityChangeReporter: Compat change id reported: 135754954; UID 10115; state: DISABLED
06-29 10:13:48.853 1570 1725 D CompatibilityChangeReporter: Compat change id reported: 143937733; UID 10115; state: DISABLED
06-29 10:13:48.862 1570 1725 I am_proc_start: [0,13473,10115,com.kugou.android.support,service,{com.kugou.android/com.kugou.framework.service.ipc.peripheral.connect.SupportService}]
06-29 10:13:48.862 1570 1725 I ActivityManager: Start proc 13473:com.kugou.android.support/u0a115 for service {com.kugou.android/com.kugou.framework.service.ipc.peripheral.connect.SupportService}
06-29 10:13:48.877 0 0 I [ 124.082447] binder: 13473:13473 ioctl 40046210 7fe27a47d4 returned -22
06-29 10:13:48.879 1570 10710 I am_proc_bound: [0,13473,com.kugou.android.support]
06-29 10:13:49.097 13473 13510 E ActivityThread: Failed to find provider info for com.oplus.cardservice.repository.provider.CardServiceServerProvider
06-29 10:13:49.206 1570 10710 I ActivityManager: Process com.kugou.android.support (pid 13473) has died: prcp FGS
06-29 10:13:49.208 1570 10710 I am_proc_died: [0,13473,com.kugou.android.support,200,4]
06-29 10:13:49.209 1570 10710 W ActivityManager: Scheduling restart of crashed service com.kugou.android/com.kugou.framework.service.ipc.peripheral.connect.SupportService in 4000ms for start-requested
06-29 10:13:49.209 1570 10710 I am_schedule_service_restart: [0,com.kugou.android/com.kugou.framework.service.ipc.peripheral.connect.SupportService,4000]
