06-29 10:13:40.125 1570 9455 D ActivityTaskManager: TaskLaunchParamsModifier:task=Task{35c6ada #176 type=standard A=10115:android.task.kugou U=0 visible=false mode=freeform translucent=true sz=1 visible freeform task=false rootAffinity=10115:android.task.kugou isMini=false} activity=ActivityRecord{c1b2b40 u0 com.kugou.android/.app.splash.SplashActivity taskAffinity=10115:android.task.kugou t-1} display-area-from-source=DefaultTaskDisplayArea@48565985 display-id=0 display-windowing-mode=1 suggested-display-area=DefaultTaskDisplayArea@48565985 activity-options-bounds=Rect(12, 12 - 652, 986) non-freeform-display display-area=DefaultTaskDisplayArea@48565985
06-29 10:13:40.125 1570 9455 I wm_task_moved: [176,1,6]
06-29 10:13:40.125 1570 9455 I wm_task_to_front: [0,176]
06-29 10:13:40.125 1570 9455 I wm_focused_root_task: [0,0,176,1,bringingFoundTaskToFront]
06-29 10:13:40.126 1570 9455 I wm_set_resumed_activity: [0,com.kugou.android/.app.splash.SplashActivity,bringingFoundTaskToFront]
06-29 10:13:40.126 1570 9455 I wm_new_intent: [0,160296069,176,com.kugou.android/.app.splash.SplashActivity,android.intent.action.MAIN,NULL,NULL,270532608]
06-29 10:13:40.127 1570 9455 D CompatibilityChangeReporter: Compat change id reported: 168419799; UID 10115; state: DISABLED
06-29 10:13:40.127 1570 9455 I ActivityTaskManager: FOREGROUND_APPLICATION_CHANGED to com.kugou.android.app.splash.SplashActivity
06-29 10:13:40.128 1570 9455 I wm_set_resumed_activity: [0,com.kugou.android/.app.splash.SplashActivity,resumeTopActivityInnerLocked]
06-29 10:13:40.128 1570 9455 I wm_add_to_stopping: [0,160296069,com.kugou.android/.app.splash.SplashActivity,makeInvisible]
06-29 10:13:40.129 1570 9455 D CompatibilityChangeReporter: Compat change id reported: 184838306; UID 10115; state: DISABLED
06-29 10:13:40.129 1570 9455 D CompatibilityChangeReporter: Compat change id reported: 185004937; UID 10115; state: DISABLED
06-29 10:13:40.130 1570 9455 D CompatibilityChangeReporter: Compat change id reported: 181136395; UID 10115; state: DISABLED
06-29 10:13:40.130 1570 9455 D CompatibilityChangeReporter: Compat change id reported: 174042936; UID 10115; state: DISABLED
06-29 10:13:40.137 1570 9455 I wm_resume_activity: [0,160296069,176,com.kugou.android/.app.splash.SplashActivity]
06-29 10:13:40.141 2667 2667 I wm_on_top_resumed_lost_called: [157777106,com.android.launcher3.uioverrides.QuickstepLauncher,topStateChangedWhenResumed]
06-29 10:13:40.146 1570 1717 I ActivityManager: Killing 11799:com.tencent.android.qqdownloader:wxa_container0/u0a101 (adj 915): empty #2
06-29 10:13:40.146 1570 1717 I am_kill : [0,11799,com.tencent.android.qqdownloader:wxa_container0,915,empty #2]
06-29 10:13:40.152 1570 9455 I thunderperf: PlatormCompat.setOverrides: Uid1=10115 Pid1=10712 Uid2=10115 Pid2=10712
06-29 10:13:40.152 1570 9455 I thunderperf: PlatormCompat.setOverrides: needCheck:false
06-29 10:13:40.152 1570 9455 W PackageManager: MATCH_ANY_USER flag requires INTERACT_ACROSS_USERS permission: UID 10115 requires android.permission.INTERACT_ACROSS_USERS_FULL or android.permission.INTERACT_ACROSS_USERS to access user 0.
06-29 10:13:40.152 1570 9455 I ActivityTaskManager: START u0 {act=android.intent.action.MAIN cat=[android.intent.category.LAUNCHER] flg=0x10200000 cmp=com.kugou.android/.app.MediaActivity (has extras)} from uid 10115
06-29 10:13:40.153 1570 9455 D ActivityTaskManager: TaskLaunchParamsModifier:task=null activity=ActivityRecord{227bb6c u0 com.kugou.android/.app.MediaActivity taskAffinity=10115:android.task.kugou display-area-from-source=DefaultTaskDisplayArea@48565985 display-id=0 display-windowing-mode=1 suggested-display-area=DefaultTaskDisplayArea@48565985
06-29 10:13:40.154 1570 9455 D ActivityTaskManager: TaskLaunchParamsModifier:task=Task{35c6ada #176 type=standard A=10115:android.task.kugou U=0 visible=true mode=freeform translucent=false sz=1 visible freeform task=true rootAffinity=10115:android.task.kugou isMini=false} activity=ActivityRecord{227bb6c u0 com.kugou.android/.app.MediaActivity taskAffinity=10115:android.task.kugou t-1} display-area-from-source=DefaultTaskDisplayArea@48565985 display-id=0 display-windowing-mode=1 suggested-display-area=DefaultTaskDisplayArea@48565985 non-freeform-display display-area=DefaultTaskDisplayArea@48565985
06-29 10:13:40.160 1570 9455 D CompatibilityChangeReporter: Compat change id reported: 174042980; UID 10115; state: DISABLED
06-29 10:13:40.161 1570 9455 I wm_task_moved: [176,1,6]
06-29 10:13:40.161 1570 9455 I wm_set_resumed_activity: [0,com.kugou.android/.app.splash.SplashActivity,positionChildAt]
06-29 10:13:40.161 1570 9455 I wm_create_activity: [0,36158316,176,com.kugou.android/.app.MediaActivity,android.intent.action.MAIN,NULL,NULL,270532608]
06-29 10:13:40.166 1570 9455 I wm_pause_activity: [0,160296069,com.kugou.android/.app.splash.SplashActivity,userLeaving=true,resumeTopActivityInnerLocked]
06-29 10:13:40.166 1570 9455 D PowerManagerService: acquireWakeLockInternal: lock=61511091, flags=0x1, tag="*launch*", ws=WorkSource{10115}, uid=1000, pid=1570
06-29 10:13:40.167 1570 9455 D PowerManagerService: updateWakeLockSummaryLocked: mWakefulness=Awake, mWakeLockSummary=0x1
06-29 10:13:40.167 1570 9455 D PowerManagerService: updateUserActivitySummaryLocked: groupId=0, mWakefulness=Awake, mUserActivitySummary=0x1, nextTimeout=175214 (in 59841 ms)
06-29 10:13:40.167 1570 9455 D PowerManagerNotifier: onScreenPolicyUpdate: newPolicy=3
06-29 10:13:40.167 1570 9455 D PowerManagerService: updateDisplayPowerStateLocked: displayReady=true, groupId=0, policy=BRIGHT, mWakefulness=Awake, mWakeLockSummary=0x1, mUserActivitySummary=0x1, mBootCompleted=true, screenBrightnessOverride=NaN, useAutoBrightness=false, mScreenBrightnessBoostInProgress=false, mIsVrModeEnabled= false, sQuiescent=false
06-29 10:13:40.167 1570 9455 D PowerManagerNotifier: onWakeLockAcquired: flags=1, tag="*launch*", packageName=android, ownerUid=1000, ownerPid=1570, workSource=WorkSource{10115}
06-29 10:13:40.169 1570 2485 I wm_finish_activity: [0,160296069,176,com.kugou.android/.app.splash.SplashActivity,app-request]
06-29 10:13:40.169 10712 10712 I wm_on_restart_called: [160296069,com.kugou.android.app.splash.SplashActivity,performRestartActivity]
06-29 10:13:40.174 1570 2485 I wm_add_to_stopping: [0,160296069,com.kugou.android/.app.splash.SplashActivity,completeFinishing]
06-29 10:13:40.174 1570 2485 I ActivityTaskManager: FOREGROUND_APPLICATION_CHANGED to com.kugou.android.app.MediaActivity
06-29 10:13:40.175 1570 2485 I ActivityTaskManager: The Process com.kugou.android Already Exists in BG. So sending its PID: 10712
06-29 10:13:40.175 1570 2485 W ActivityTaskManager: Tried to set launchTime (0) < mLastActivityLaunchTime (111565)
06-29 10:13:40.175 1570 2485 I wm_restart_activity: [0,36158316,176,com.kugou.android/.app.MediaActivity]
06-29 10:13:40.176 1570 2485 I wm_set_resumed_activity: [0,com.kugou.android/.app.MediaActivity,minimalResumeActivityLocked]
06-29 10:13:40.177 1570 1717 I sysui_multi_action: [757,803,799,window_time_0,802,2]
06-29 10:13:40.181 1570 9455 E PackageDexUsage: Unsupported context?
06-29 10:13:40.205 1570 9455 W ActivityManager: Background start not allowed: service Intent { act=com.baidu.appsearch.process_launch cmp=com.baidu.appsearch/.RecvHandleService (has extras) } to com.baidu.appsearch/.RecvHandleService from pid=12048 uid=10108 pkg=com.baidu.appsearch startFg?=false
06-29 10:13:40.250 1570 9455 I am_proc_died: [0,11799,com.tencent.android.qqdownloader:wxa_container0,915,19]
06-29 10:13:40.250 1570 9455 W ActivityManager: Scheduling restart of crashed service com.tencent.android.qqdownloader/com.tencent.luggage.services.WxaProxy_WxaIPCContainerService0 in 1000ms for connection
06-29 10:13:40.250 1570 9455 I am_schedule_service_restart: [0,com.tencent.android.qqdownloader/com.tencent.luggage.services.WxaProxy_WxaIPCContainerService0,1000]
06-29 10:13:40.281 1570 9455 D ActivityTaskManager: Skipping, freeform mode : Task{35c6ada #176 type=standard A=10115:android.task.kugou U=0 visible=true mode=freeform translucent=false sz=2 visible freeform task=true rootAffinity=10115:android.task.kugou isMini=false}
06-29 10:13:40.281 1570 9455 D ActivityTaskManager: Skipping, freeform mode : Task{8a4e915 #163 type=undefined A=10109:com.netease.cloudmusic U=0 visible=false mode=freeform translucent=true sz=0 visible freeform task=true rootAffinity=10109:com.netease.cloudmusic isMini=false}
06-29 10:13:40.292 1570 9455 I thunderperf: PlatormCompat.setOverrides: Uid1=10115 Pid1=10712 Uid2=10115 Pid2=10712
06-29 10:13:40.292 1570 9455 I thunderperf: PlatormCompat.setOverrides: needCheck:false
06-29 10:13:40.292 1570 9455 W PackageManager: MATCH_ANY_USER flag requires INTERACT_ACROSS_USERS permission: UID 10115 requires android.permission.INTERACT_ACROSS_USERS_FULL or android.permission.INTERACT_ACROSS_USERS to access user 0.
06-29 10:13:40.292 1570 9455 I ActivityTaskManager: START u0 {cmp=com.kugou.android/com.kugou.common.useraccount.app.KgUserLoginAndRegActivity (has extras)} from uid 10115
06-29 10:13:40.293 1570 9455 D ActivityTaskManager: TaskLaunchParamsModifier:task=null activity=ActivityRecord{4999a56 u0 com.kugou.android/com.kugou.common.useraccount.app.KgUserLoginAndRegActivity taskAffinity=10115:android.task.kugou display-area-from-source=DefaultTaskDisplayArea@48565985 display-id=0 display-windowing-mode=1 suggested-display-area=DefaultTaskDisplayArea@48565985
06-29 10:13:40.294 1570 9455 D ActivityTaskManager: TaskLaunchParamsModifier:task=Task{35c6ada #176 type=standard A=10115:android.task.kugou U=0 visible=true mode=freeform translucent=false sz=2 visible freeform task=true rootAffinity=10115:android.task.kugou isMini=false} activity=ActivityRecord{4999a56 u0 com.kugou.android/com.kugou.common.useraccount.app.KgUserLoginAndRegActivity taskAffinity=10115:android.task.kugou t-1} display-area-from-source=DefaultTaskDisplayArea@48565985 display-id=0 display-windowing-mode=1 suggested-display-area=DefaultTaskDisplayArea@48565985 non-freeform-display display-area=DefaultTaskDisplayArea@48565985
06-29 10:13:40.296 1570 9455 I wm_task_moved: [176,1,6]
06-29 10:13:40.296 1570 9455 I wm_set_resumed_activity: [0,com.kugou.android/.app.MediaActivity,positionChildAt]
06-29 10:13:40.296 1570 9455 I wm_create_activity: [0,77175382,176,com.kugou.android/com.kugou.common.useraccount.app.KgUserLoginAndRegActivity,NULL,NULL,NULL,268435456]
06-29 10:13:40.297 1570 9455 I wm_pause_activity: [0,36158316,com.kugou.android/.app.MediaActivity,userLeaving=true,resumeTopActivityInnerLocked]
06-29 10:13:40.297 1570 9455 D PowerManagerService: acquireWakeLockInternal: lock=61511091, flags=0x1, tag="*launch*", ws=WorkSource{10115}, uid=1000, pid=1570
06-29 10:13:40.297 1570 9455 D PowerManagerService: updateWakeLockSummaryLocked: mWakefulness=Awake, mWakeLockSummary=0x1
06-29 10:13:40.297 1570 9455 D PowerManagerService: updateUserActivitySummaryLocked: groupId=0, mWakefulness=Awake, mUserActivitySummary=0x1, nextTimeout=175214 (in 59710 ms)
06-29 10:13:40.297 1570 9455 D PowerManagerNotifier: onScreenPolicyUpdate: newPolicy=3
06-29 10:13:40.297 1570 9455 D PowerManagerService: updateDisplayPowerStateLocked: displayReady=true, groupId=0, policy=BRIGHT, mWakefulness=Awake, mWakeLockSummary=0x1, mUserActivitySummary=0x1, mBootCompleted=true, screenBrightnessOverride=NaN, useAutoBrightness=false, mScreenBrightnessBoostInProgress=false, mIsVrModeEnabled= false, sQuiescent=false
06-29 10:13:40.311 1570 9455 W ActivityManager: Unable to start service Intent { act=com.hihonor.handoff.service.HandoffService cmp=com.hihonor.handoff/.service.HandoffService } U=0: not found
06-29 10:13:40.313 10712 10712 I wm_on_create_called: [36158316,com.kugou.android.app.MediaActivity,performCreate]
06-29 10:13:40.338 10712 10712 I wm_on_start_called: [36158316,com.kugou.android.app.MediaActivity,handleStartActivity]
06-29 10:13:40.358 1570 1870 E PackageDexUsage: Unsupported context?
06-29 10:13:40.369 10712 10712 I wm_on_resume_called: [36158316,com.kugou.android.app.MediaActivity,RESUME_ACTIVITY]
06-29 10:13:40.367 11225 11225 I auditd : type=1400 audit(0.0:2484): avc: granted { nlmsg_readpriv } for comm="pool-3-thread-3" scontext=u:r:untrusted_app_27:s0:c115,c256,c512,c768 tcontext=u:r:untrusted_app_27:s0:c115,c256,c512,c768 tclass=netlink_route_socket app=com.kugou.android
06-29 10:13:40.374 10712 10712 I wm_on_top_resumed_gained_called: [36158316,com.kugou.android.app.MediaActivity,topStateChangedWhenResumed]
06-29 10:13:40.388 10712 10712 I wm_on_top_resumed_lost_called: [36158316,com.kugou.android.app.MediaActivity,topStateChangedWhenResumed]
06-29 10:13:40.399 10712 10712 I wm_on_paused_called: [36158316,com.kugou.android.app.MediaActivity,performPause]
06-29 10:13:40.400 1570 9455 I ActivityTaskManager: FOREGROUND_APPLICATION_CHANGED to com.kugou.common.useraccount.app.KgUserLoginAndRegActivity
06-29 10:13:40.400 1570 9455 I ActivityTaskManager: The Process com.kugou.android Already Exists in BG. So sending its PID: 10712
06-29 10:13:40.401 1570 9455 W ActivityTaskManager: Tried to set launchTime (0) < mLastActivityLaunchTime (115382)
06-29 10:13:40.402 1570 9455 I wm_restart_activity: [0,77175382,176,com.kugou.android/com.kugou.common.useraccount.app.KgUserLoginAndRegActivity]
06-29 10:13:40.402 1570 9455 I wm_set_resumed_activity: [0,com.kugou.android/com.kugou.common.useraccount.app.KgUserLoginAndRegActivity,minimalResumeActivityLocked]
06-29 10:13:40.410 1570 1717 I sysui_multi_action: [757,803,799,window_time_2,802,0]
06-29 10:13:40.449 1570 1724 W BroadcastQueue: Permission Denial: broadcasting Intent { act=android.net.conn.CONNECTIVITY_CHANGE flg=0x4200010 (has extras) } from null (pid=-1, uid=-1) requires com.baidu.appsearch.permission.sofire.RECEIVE due to registered receiver BroadcastFilter{7f7f78b 10108/u0 ReceiverList{efbe95a 12048 com.baidu.appsearch/10108/u0 remote:31a5505}}
06-29 10:13:40.475 12048 12048 I auditd : type=1400 audit(0.0:2486): avc: granted { nlmsg_readpriv } for comm="pass_net_thread" scontext=u:r:untrusted_app_27:s0:c512,c768 tcontext=u:r:untrusted_app_27:s0:c512,c768 tclass=netlink_route_socket app=com.baidu.appsearch
06-29 10:13:40.515 12048 12048 I auditd : type=1400 audit(0.0:2487): avc: granted { execute } for comm="sofire_pool_thr" path="/data/user/0/com.baidu.appsearch/files/sofire_tmp/.1/lib/4.3.4.1.11/-183153572/arm64-v8a/libbaiduprotect_sdk_sofire434111.so" dev="dm-21" ino=558168 scontext=u:r:untrusted_app_27:s0:c512,c768 tcontext=u:object_r:app_data_file:s0:c512,c768 tclass=file app=com.baidu.appsearch
06-29 10:13:40.523 12048 12048 I auditd : type=1400 audit(0.0:2488): avc: granted { execute } for comm="Thread-14" path="/data/user/0/com.baidu.appsearch/files/com.baidu.sofire.x18/libps4486.so" dev="dm-21" ino=13566 scontext=u:r:untrusted_app_27:s0:c512,c768 tcontext=u:object_r:app_data_file:s0:c512,c768 tclass=file app=com.baidu.appsearch
06-29 10:13:40.531 1570 3583 D ActivityTaskManager: Skipping, freeform mode : Task{35c6ada #176 type=standard A=10115:android.task.kugou U=0 visible=true mode=freeform translucent=false sz=3 visible freeform task=true rootAffinity=10115:android.task.kugou isMini=false}
06-29 10:13:40.531 1570 3583 D ActivityTaskManager: Skipping, freeform mode : Task{8a4e915 #163 type=undefined A=10109:com.netease.cloudmusic U=0 visible=false mode=freeform translucent=true sz=0 visible freeform task=true rootAffinity=10109:com.netease.cloudmusic isMini=false}
06-29 10:13:40.568 1570 1724 W BroadcastQueue: Permission Denial: broadcasting Intent { act=android.net.conn.CONNECTIVITY_CHANGE flg=0x4200010 (has extras) } from null (pid=-1, uid=-1) requires com.baidu.appsearch.permission.sofire.RECEIVE due to registered receiver BroadcastFilter{9a6fab9 10108/u0 ReceiverList{1316480 12048 com.baidu.appsearch/10108/u0 remote:cb5cd03}}
06-29 10:13:40.574 0 0 W [ 115.777039] audit: audit_lost=2210 audit_rate_limit=5 audit_backlog_limit=64
06-29 10:13:40.574 0 0 E [ 115.777043] audit: rate limit exceeded
06-29 10:13:40.575 1570 1870 D CompatibilityChangeReporter: Compat change id reported: 171306433; UID 10108; state: DISABLED
06-29 10:13:40.581 1570 1870 W ActivityManager: Receiver with filter android.content.IntentFilter@8e922e0 already registered for pid 12048, callerPackage is com.baidu.appsearch
06-29 10:13:40.584 1570 1870 D PowerManagerService: acquireWakeLockInternal: lock=220481945, flags=0x1, tag="WakeLock1", ws=null, uid=10108, pid=12048
06-29 10:13:40.584 1570 1870 D PowerManagerService: updateWakeLockSummaryLocked: mWakefulness=Awake, mWakeLockSummary=0x1
06-29 10:13:40.584 1570 1870 D PowerManagerService: updateUserActivitySummaryLocked: groupId=0, mWakefulness=Awake, mUserActivitySummary=0x1, nextTimeout=175214 (in 59423 ms)
06-29 10:13:40.584 1570 1870 D PowerManagerNotifier: onScreenPolicyUpdate: newPolicy=3
06-29 10:13:40.584 1570 1870 D PowerManagerService: updateDisplayPowerStateLocked: displayReady=true, groupId=0, policy=BRIGHT, mWakefulness=Awake, mWakeLockSummary=0x1, mUserActivitySummary=0x1, mBootCompleted=true, screenBrightnessOverride=NaN, useAutoBrightness=false, mScreenBrightnessBoostInProgress=false, mIsVrModeEnabled= false, sQuiescent=false
06-29 10:13:40.805 0 0 I [ 116.011399] binder: 8309:8449 transaction failed 29189/-22, size 304-8 line 3071
06-29 10:13:40.920 10712 10712 I wm_on_create_called: [77175382,com.kugou.common.useraccount.app.KgUserLoginAndRegActivity,performCreate]
06-29 10:13:40.933 10712 11182 I service_manager_stats: [200,222,116140]
06-29 10:13:40.993 10712 10712 I wm_on_start_called: [77175382,com.kugou.common.useraccount.app.KgUserLoginAndRegActivity,handleStartActivity]
06-29 10:13:41.017 10712 10712 I wm_on_resume_called: [77175382,com.kugou.common.useraccount.app.KgUserLoginAndRegActivity,RESUME_ACTIVITY]
06-29 10:13:41.022 10712 10712 I wm_on_top_resumed_gained_called: [77175382,com.kugou.common.useraccount.app.KgUserLoginAndRegActivity,topStateChangedWhenResumed]
06-29 10:13:41.058 1570 1718 I input_focus: [Focus request 64af0d3 com.kugou.android/com.kugou.common.useraccount.app.KgUserLoginAndRegActivity,reason=UpdateInputWindows]
06-29 10:13:41.070 1570 9414 D PowerManagerService: acquireWakeLockInternal: lock=221605159, flags=0x1, tag="WakeLock2", ws=null, uid=10108, pid=12048
06-29 10:13:41.070 1570 9414 D PowerManagerService: updateWakeLockSummaryLocked: mWakefulness=Awake, mWakeLockSummary=0x1
06-29 10:13:41.070 1570 9414 D PowerManagerService: updateUserActivitySummaryLocked: groupId=0, mWakefulness=Awake, mUserActivitySummary=0x1, nextTimeout=175214 (in 58937 ms)
06-29 10:13:41.070 1570 9414 D PowerManagerNotifier: onScreenPolicyUpdate: newPolicy=3
06-29 10:13:41.070 1570 9414 D PowerManagerService: updateDisplayPowerStateLocked: displayReady=true, groupId=0, policy=BRIGHT, mWakefulness=Awake, mWakeLockSummary=0x1, mUserActivitySummary=0x1, mBootCompleted=true, screenBrightnessOverride=NaN, useAutoBrightness=false, mScreenBrightnessBoostInProgress=false, mIsVrModeEnabled= false, sQuiescent=false
06-29 10:13:41.070 1570 2485 D PowerManagerService: releaseWakeLockInternal: lock=220481945 [WakeLock1], flags=0x0
06-29 10:13:41.070 1570 2485 D PowerManagerService: updateWakeLockSummaryLocked: mWakefulness=Awake, mWakeLockSummary=0x1
06-29 10:13:41.070 1570 2485 D PowerManagerService: updateUserActivitySummaryLocked: groupId=0, mWakefulness=Awake, mUserActivitySummary=0x1, nextTimeout=175214 (in 58937 ms)
06-29 10:13:41.070 1570 2485 D PowerManagerNotifier: onScreenPolicyUpdate: newPolicy=3
06-29 10:13:41.070 1570 2485 D PowerManagerService: updateDisplayPowerStateLocked: displayReady=true, groupId=0, policy=BRIGHT, mWakefulness=Awake, mWakeLockSummary=0x1, mUserActivitySummary=0x1, mBootCompleted=true, screenBrightnessOverride=NaN, useAutoBrightness=false, mScreenBrightnessBoostInProgress=false, mIsVrModeEnabled= false, sQuiescent=false
06-29 10:13:41.073 1570 2485 D PowerManagerService: releaseWakeLockInternal: lock=221605159 [WakeLock2], flags=0x0
06-29 10:13:41.074 1570 2485 D PowerManagerService: updateWakeLockSummaryLocked: mWakefulness=Awake, mWakeLockSummary=0x1
06-29 10:13:41.074 1570 2485 D PowerManagerService: updateUserActivitySummaryLocked: groupId=0, mWakefulness=Awake, mUserActivitySummary=0x1, nextTimeout=175214 (in 58934 ms)
06-29 10:13:41.074 1570 2485 D PowerManagerNotifier: onScreenPolicyUpdate: newPolicy=3
06-29 10:13:41.074 1570 2485 D PowerManagerService: updateDisplayPowerStateLocked: displayReady=true, groupId=0, policy=BRIGHT, mWakefulness=Awake, mWakeLockSummary=0x1, mUserActivitySummary=0x1, mBootCompleted=true, screenBrightnessOverride=NaN, useAutoBrightness=false, mScreenBrightnessBoostInProgress=false, mIsVrModeEnabled= false, sQuiescent=false
06-29 10:13:41.074 1570 2485 D PowerManagerService: acquireWakeLockInternal: lock=220481945, flags=0x1, tag="WakeLock1", ws=null, uid=10108, pid=12048
06-29 10:13:41.074 1570 2485 D PowerManagerService: updateWakeLockSummaryLocked: mWakefulness=Awake, mWakeLockSummary=0x1
06-29 10:13:41.074 1570 2485 D PowerManagerService: updateUserActivitySummaryLocked: groupId=0, mWakefulness=Awake, mUserActivitySummary=0x1, nextTimeout=175214 (in 58933 ms)
06-29 10:13:41.074 1570 2485 D PowerManagerNotifier: onScreenPolicyUpdate: newPolicy=3
06-29 10:13:41.074 1570 2485 D PowerManagerService: updateDisplayPowerStateLocked: displayReady=true, groupId=0, policy=BRIGHT, mWakefulness=Awake, mWakeLockSummary=0x1, mUserActivitySummary=0x1, mBootCompleted=true, screenBrightnessOverride=NaN, useAutoBrightness=false, mScreenBrightnessBoostInProgress=false, mIsVrModeEnabled= false, sQuiescent=false
06-29 10:13:41.080 1570 1898 I input_focus: [Focus leaving c426fd3 com.android.launcher3/com.android.launcher3.uioverrides.QuickstepLauncher (server),reason=Waiting for window because NOT_VISIBLE]
06-29 10:13:41.087 1570 1714 I sysui_multi_action: [319,957,322,956,325,115,757,761,758,9,759,2,806,com.kugou.android,871,com.kugou.common.useraccount.app.KgUserLoginAndRegActivity,904,com.kugou.android,905,0,1320,4,1321,1]
06-29 10:13:41.097 1570 1898 I input_focus: [Focus entering 64af0d3 com.kugou.android/com.kugou.common.useraccount.app.KgUserLoginAndRegActivity (server),reason=Window became focusable. Previous reason: NOT_VISIBLE]
06-29 10:13:41.120 1570 9414 D PowerManagerService: releaseWakeLockInternal: lock=166521419 [AudioMix], flags=0x0
06-29 10:13:41.120 1570 9414 D PowerManagerNotifier: onWakeLockReleased: flags=1, tag="AudioMix", packageName=audioserver, ownerUid=1041, ownerPid=0, workSource=null
06-29 10:13:41.121 1570 9414 D PowerManagerService: updateWakeLockSummaryLocked: mWakefulness=Awake, mWakeLockSummary=0x1
06-29 10:13:41.121 1570 9414 D PowerManagerService: updateUserActivitySummaryLocked: groupId=0, mWakefulness=Awake, mUserActivitySummary=0x1, nextTimeout=175214 (in 58886 ms)
06-29 10:13:41.121 1570 9414 D PowerManagerNotifier: onScreenPolicyUpdate: newPolicy=3
06-29 10:13:41.121 1570 9414 D PowerManagerService: updateDisplayPowerStateLocked: displayReady=true, groupId=0, policy=BRIGHT, mWakefulness=Awake, mWakeLockSummary=0x1, mUserActivitySummary=0x1, mBootCompleted=true, screenBrightnessOverride=NaN, useAutoBrightness=false, mScreenBrightnessBoostInProgress=false, mIsVrModeEnabled= false, sQuiescent=false
06-29 10:13:41.121 1570 9414 D PowerManagerService: releaseWakeLockInternal: lock=172280872 [AudioMix], flags=0x0
06-29 10:13:41.121 1570 9414 D PowerManagerNotifier: onWakeLockReleased: flags=1, tag="AudioMix", packageName=audioserver, ownerUid=1041, ownerPid=0, workSource=null
06-29 10:13:41.121 1570 9414 D PowerManagerService: updateWakeLockSummaryLocked: mWakefulness=Awake, mWakeLockSummary=0x1
06-29 10:13:41.121 1570 9414 D PowerManagerService: updateUserActivitySummaryLocked: groupId=0, mWakefulness=Awake, mUserActivitySummary=0x1, nextTimeout=175214 (in 58886 ms)
06-29 10:13:41.121 1570 9414 D PowerManagerNotifier: onScreenPolicyUpdate: newPolicy=3
06-29 10:13:41.121 1570 9414 D PowerManagerService: updateDisplayPowerStateLocked: displayReady=true, groupId=0, policy=BRIGHT, mWakefulness=Awake, mWakeLockSummary=0x1, mUserActivitySummary=0x1, mBootCompleted=true, screenBrightnessOverride=NaN, useAutoBrightness=false, mScreenBrightnessBoostInProgress=false, mIsVrModeEnabled= false, sQuiescent=false
06-29 10:13:41.125 1570 6507 D PowerManagerService: releaseWakeLockInternal: lock=101046725 [AudioMix], flags=0x0
06-29 10:13:41.125 1570 6507 D PowerManagerNotifier: onWakeLockReleased: flags=1, tag="AudioMix", packageName=audioserver, ownerUid=1041, ownerPid=0, workSource=null
06-29 10:13:41.125 1570 6507 D PowerManagerService: updateWakeLockSummaryLocked: mWakefulness=Awake, mWakeLockSummary=0x1
06-29 10:13:41.125 1570 6507 D PowerManagerService: updateUserActivitySummaryLocked: groupId=0, mWakefulness=Awake, mUserActivitySummary=0x1, nextTimeout=175214 (in 58882 ms)
06-29 10:13:41.125 1570 6507 D PowerManagerNotifier: onScreenPolicyUpdate: newPolicy=3
06-29 10:13:41.125 1570 6507 D PowerManagerService: updateDisplayPowerStateLocked: displayReady=true, groupId=0, policy=BRIGHT, mWakefulness=Awake, mWakeLockSummary=0x1, mUserActivitySummary=0x1, mBootCompleted=true, screenBrightnessOverride=NaN, useAutoBrightness=false, mScreenBrightnessBoostInProgress=false, mIsVrModeEnabled= false, sQuiescent=false
06-29 10:13:41.129 1570 1976 I storage_state: [41217664-9172-527a-b3d5-edabb50a7d69,0,0,61890686976,118610538496]
06-29 10:13:41.135 1570 6507 D PowerManagerService: releaseWakeLockInternal: lock=204861210 [AudioMix], flags=0x0
06-29 10:13:41.135 1570 6507 D PowerManagerNotifier: onWakeLockReleased: flags=1, tag="AudioMix", packageName=audioserver, ownerUid=1041, ownerPid=0, workSource=null
06-29 10:13:41.136 1570 6507 D PowerManagerService: updateWakeLockSummaryLocked: mWakefulness=Awake, mWakeLockSummary=0x1
06-29 10:13:41.136 1570 6507 D PowerManagerService: updateUserActivitySummaryLocked: groupId=0, mWakefulness=Awake, mUserActivitySummary=0x1, nextTimeout=175214 (in 58871 ms)
06-29 10:13:41.136 1570 6507 D PowerManagerNotifier: onScreenPolicyUpdate: newPolicy=3
06-29 10:13:41.136 1570 6507 D PowerManagerService: updateDisplayPowerStateLocked: displayReady=true, groupId=0, policy=BRIGHT, mWakefulness=Awake, mWakeLockSummary=0x1, mUserActivitySummary=0x1, mBootCompleted=true, screenBrightnessOverride=NaN, useAutoBrightness=false, mScreenBrightnessBoostInProgress=false, mIsVrModeEnabled= false, sQuiescent=false
06-29 10:13:41.199 1570 1714 I am_uid_running: 10092
06-29 10:13:41.199 1570 1714 D CompatibilityChangeReporter: Compat change id reported: 135634846; UID 10092; state: DISABLED
06-29 10:13:41.199 1570 1714 D CompatibilityChangeReporter: Compat change id reported: 177438394; UID 10092; state: DISABLED
06-29 10:13:41.199 1570 1714 D CompatibilityChangeReporter: Compat change id reported: 135772972; UID 10092; state: DISABLED
06-29 10:13:41.199 1570 1714 D CompatibilityChangeReporter: Compat change id reported: 135754954; UID 10092; state: DISABLED
06-29 10:13:41.199 1570 1725 D CompatibilityChangeReporter: Compat change id reported: 143937733; UID 10092; state: DISABLED
06-29 10:13:41.206 1570 1725 I am_proc_start: [0,12310,10092,com.android.permissioncontroller,service,{com.android.permissioncontroller/com.android.permissioncontroller.permission.service.PermissionControllerServiceImpl}]
06-29 10:13:41.206 1570 1725 I ActivityManager: Start proc 12310:com.android.permissioncontroller/u0a92 for service {com.android.permissioncontroller/com.android.permissioncontroller.permission.service.PermissionControllerServiceImpl}
06-29 10:13:41.227 1570 9455 W ActivityManager: Receiver with filter android.content.IntentFilter@781137a already registered for pid 11225, callerPackage is com.kugou.android
06-29 10:13:41.241 0 0 I [ 116.447195] binder: 12310:12310 ioctl 40046210 7fe27a47d4 returned -22
06-29 10:13:41.244 1570 6507 I am_proc_bound: [0,12310,com.android.permissioncontroller]
06-29 10:13:41.246 1570 6507 D CompatibilityChangeReporter: Compat change id reported: 168419799; UID 10092; state: DISABLED
06-29 10:13:41.247 1570 6507 I am_uid_active: 10092
06-29 10:13:41.349 1570 1959 D PowerManagerService: acquireWakeLockInternal: lock=38478618, flags=0x1, tag="NetworkStats", ws=null, uid=1000, pid=1570
06-29 10:13:41.349 1570 1959 D PowerManagerService: updateWakeLockSummaryLocked: mWakefulness=Awake, mWakeLockSummary=0x1
06-29 10:13:41.349 1570 1959 D PowerManagerService: updateUserActivitySummaryLocked: groupId=0, mWakefulness=Awake, mUserActivitySummary=0x1, nextTimeout=175214 (in 58658 ms)
06-29 10:13:41.349 1570 1959 D PowerManagerNotifier: onScreenPolicyUpdate: newPolicy=3
06-29 10:13:41.349 1570 1959 D PowerManagerService: updateDisplayPowerStateLocked: displayReady=true, groupId=0, policy=BRIGHT, mWakefulness=Awake, mWakeLockSummary=0x1, mUserActivitySummary=0x1, mBootCompleted=true, screenBrightnessOverride=NaN, useAutoBrightness=false, mScreenBrightnessBoostInProgress=false, mIsVrModeEnabled= false, sQuiescent=false
06-29 10:13:41.349 1570 1959 D PowerManagerNotifier: onWakeLockAcquired: flags=1, tag="NetworkStats", packageName=android, ownerUid=1000, ownerPid=1570, workSource=null
06-29 10:13:41.368 1570 1959 I netstats_mobile_sample: [0,0,0,0,0,0,0,0,0,0,0,0,1688004821368]
06-29 10:13:41.368 1570 1959 I netstats_wifi_sample: [15918844,16531,3467866,12286,15918844,16531,3467866,12286,16155617,17058,3314163,11973,1688004821368]
06-29 10:13:41.368 1570 1959 D PowerManagerService: releaseWakeLockInternal: lock=38478618 [NetworkStats], flags=0x0
06-29 10:13:41.368 1570 1959 D PowerManagerNotifier: onWakeLockReleased: flags=1, tag="NetworkStats", packageName=android, ownerUid=1000, ownerPid=1570, workSource=null
06-29 10:13:41.369 1570 1959 D PowerManagerService: updateWakeLockSummaryLocked: mWakefulness=Awake, mWakeLockSummary=0x1
06-29 10:13:41.369 1570 1959 D PowerManagerService: updateUserActivitySummaryLocked: groupId=0, mWakefulness=Awake, mUserActivitySummary=0x1, nextTimeout=175214 (in 58639 ms)
06-29 10:13:41.369 1570 1959 D PowerManagerNotifier: onScreenPolicyUpdate: newPolicy=3
06-29 10:13:41.369 1570 1959 D PowerManagerService: updateDisplayPowerStateLocked: displayReady=true, groupId=0, policy=BRIGHT, mWakefulness=Awake, mWakeLockSummary=0x1, mUserActivitySummary=0x1, mBootCompleted=true, screenBrightnessOverride=NaN, useAutoBrightness=false, mScreenBrightnessBoostInProgress=false, mIsVrModeEnabled= false, sQuiescent=false
06-29 10:13:41.377 10712 10942 D SubscriptionManager: [getSubId]- fail
06-29 10:13:41.377 10712 10942 D SubscriptionManager: [getSubId]- fail
06-29 10:13:41.379 11225 11225 I auditd : type=1400 audit(0.0:2493): avc: granted { nlmsg_readpriv } for comm="pool-3-thread-8" scontext=u:r:untrusted_app_27:s0:c115,c256,c512,c768 tcontext=u:r:untrusted_app_27:s0:c115,c256,c512,c768 tclass=netlink_route_socket app=com.kugou.android
06-29 10:13:41.474 1570 1898 D PowerManagerService: userActivityNoUpdateLocked: groupId=0, eventTime=116678, event=2, flags=0x0, uid=1000
06-29 10:13:41.474 1570 1898 D PowerManagerNotifier: onUserActivity: event=2, uid=1000
06-29 10:13:41.474 1570 1898 D PowerManagerService: updateUserActivitySummaryLocked: groupId=0, mWakefulness=Awake, mUserActivitySummary=0x1, nextTimeout=176678 (in 59997 ms)
06-29 10:13:41.474 1570 1898 D PowerManagerNotifier: onScreenPolicyUpdate: newPolicy=3
06-29 10:13:41.474 1570 1898 D PowerManagerService: updateDisplayPowerStateLocked: displayReady=true, groupId=0, policy=BRIGHT, mWakefulness=Awake, mWakeLockSummary=0x1, mUserActivitySummary=0x1, mBootCompleted=true, screenBrightnessOverride=NaN, useAutoBrightness=false, mScreenBrightnessBoostInProgress=false, mIsVrModeEnabled= false, sQuiescent=false
06-29 10:13:41.506 1570 1570 I notification_enqueue: [10115,11225,com.kugou.android,99,NULL,0,Notification(channel=kg_play shortcut=null contentView=null vibrate=null sound=null defaults=0x0 flags=0x42 color=0x00000000 category=transport actions=5 vis=PUBLIC),1]
06-29 10:13:41.503 10712 10712 I auditd : type=1400 audit(0.0:2494): avc: denied { read } for comm="m.kugou.android" name="u:object_r:qemu_hw_prop:s0" dev="tmpfs" ino=15657 scontext=u:r:untrusted_app_27:s0:c115,c256,c512,c768 tcontext=u:object_r:qemu_hw_prop:s0 tclass=file permissive=0 app=com.kugou.android
06-29 10:13:41.531 1570 3583 D ActivityTaskManager: Skipping, freeform mode : Task{35c6ada #176 type=standard A=10115:android.task.kugou U=0 visible=true mode=freeform translucent=false sz=3 visible freeform task=true rootAffinity=10115:android.task.kugou isMini=false}
06-29 10:13:41.531 1570 3583 D ActivityTaskManager: Skipping, freeform mode : Task{8a4e915 #163 type=undefined A=10109:com.netease.cloudmusic U=0 visible=false mode=freeform translucent=true sz=0 visible freeform task=true rootAffinity=10109:com.netease.cloudmusic isMini=false}
06-29 10:13:41.579 1570 1898 D PowerManagerService: userActivityNoUpdateLocked: groupId=0, eventTime=116784, event=2, flags=0x0, uid=1000
06-29 10:13:41.579 1570 1898 D PowerManagerNotifier: onUserActivity: event=2, uid=1000
06-29 10:13:41.579 1570 1898 D PowerManagerService: updateUserActivitySummaryLocked: groupId=0, mWakefulness=Awake, mUserActivitySummary=0x1, nextTimeout=176784 (in 59998 ms)
06-29 10:13:41.579 1570 1898 D PowerManagerNotifier: onScreenPolicyUpdate: newPolicy=3
06-29 10:13:41.579 1570 1898 D PowerManagerService: updateDisplayPowerStateLocked: displayReady=true, groupId=0, policy=BRIGHT, mWakefulness=Awake, mWakeLockSummary=0x1, mUserActivitySummary=0x1, mBootCompleted=true, screenBrightnessOverride=NaN, useAutoBrightness=false, mScreenBrightnessBoostInProgress=false, mIsVrModeEnabled= false, sQuiescent=false
06-29 10:13:41.593 2667 2667 I view_enqueue_input_event: [Motion - Cancel,com.android.launcher3/com.android.launcher3.uioverrides.QuickstepLauncher]
06-29 10:13:41.599 1570 1898 I input_interaction: Interaction with: edge-swipe (server), swipe-up (server), PointerEventDispatcher0 (server),
06-29 10:13:41.600 1570 1717 I wm_destroy_activity: [0,160296069,176,com.kugou.android/.app.splash.SplashActivity,finish-imm:transit]
06-29 10:13:41.609 1570 9455 W ActivityTaskManager: getTaskSnapshot: taskId=274 not found
06-29 10:13:41.611 1570 9455 W ActivityTaskManager: getTaskSnapshot: taskId=277 not found
06-29 10:13:41.615 1570 1870 W ActivityTaskManager: getTaskSnapshot: taskId=278 not found
06-29 10:13:41.620 1570 2017 W ActivityTaskManager: getTaskSnapshot: taskId=279 not found
06-29 10:13:41.678 1570 1898 D PowerManagerService: userActivityNoUpdateLocked: groupId=0, eventTime=116885, event=2, flags=0x0, uid=1000
06-29 10:13:41.679 1570 1898 D PowerManagerNotifier: onUserActivity: event=2, uid=1000
06-29 10:13:41.679 1570 1898 D PowerManagerService: updateUserActivitySummaryLocked: groupId=0, mWakefulness=Awake, mUserActivitySummary=0x1, nextTimeout=176885 (in 59999 ms)
06-29 10:13:41.679 1570 1898 D PowerManagerNotifier: onScreenPolicyUpdate: newPolicy=3
06-29 10:13:41.679 1570 1898 D PowerManagerService: updateDisplayPowerStateLocked: displayReady=true, groupId=0, policy=BRIGHT, mWakefulness=Awake, mWakeLockSummary=0x1, mUserActivitySummary=0x1, mBootCompleted=true, screenBrightnessOverride=NaN, useAutoBrightness=false, mScreenBrightnessBoostInProgress=false, mIsVrModeEnabled= false, sQuiescent=false
06-29 10:13:41.706 1570 1570 I GameModeConfig: isGameModeOn = true
06-29 10:13:41.706 1570 1570 I GameModeConfig: isGaming = false
06-29 10:13:41.746 1570 1887 I commit_sys_config_file: [settings-1-0,16]
06-29 10:13:41.751 1570 9400 D PowerManagerService: acquireWakeLockInternal: lock=221605159, flags=0x1, tag="WakeLock2", ws=null, uid=10108, pid=12048
06-29 10:13:41.751 1570 9400 D PowerManagerService: updateWakeLockSummaryLocked: mWakefulness=Awake, mWakeLockSummary=0x1
06-29 10:13:41.751 1570 9400 D PowerManagerService: updateUserActivitySummaryLocked: groupId=0, mWakefulness=Awake, mUserActivitySummary=0x1, nextTimeout=176885 (in 59927 ms)
06-29 10:13:41.751 1570 9400 D PowerManagerNotifier: onScreenPolicyUpdate: newPolicy=3
06-29 10:13:41.751 1570 9400 D PowerManagerService: updateDisplayPowerStateLocked: displayReady=true, groupId=0, policy=BRIGHT, mWakefulness=Awake, mWakeLockSummary=0x1, mUserActivitySummary=0x1, mBootCompleted=true, screenBrightnessOverride=NaN, useAutoBrightness=false, mScreenBrightnessBoostInProgress=false, mIsVrModeEnabled= false, sQuiescent=false
06-29 10:13:41.752 1570 9400 D PowerManagerService: releaseWakeLockInternal: lock=220481945 [WakeLock1], flags=0x0
06-29 10:13:41.752 1570 9400 D PowerManagerService: updateWakeLockSummaryLocked: mWakefulness=Awake, mWakeLockSummary=0x1
06-29 10:13:41.752 1570 9400 D PowerManagerService: updateUserActivitySummaryLocked: groupId=0, mWakefulness=Awake, mUserActivitySummary=0x1, nextTimeout=176885 (in 59926 ms)
06-29 10:13:41.752 1570 9400 D PowerManagerNotifier: onScreenPolicyUpdate: newPolicy=3
06-29 10:13:41.757 1570 9400 D PowerManagerService: updateDisplayPowerStateLocked: displayReady=true, groupId=0, policy=BRIGHT, mWakefulness=Awake, mWakeLockSummary=0x1, mUserActivitySummary=0x1, mBootCompleted=true, screenBrightnessOverride=NaN, useAutoBrightness=false, mScreenBrightnessBoostInProgress=false, mIsVrModeEnabled= false, sQuiescent=false
06-29 10:13:41.763 1570 3583 D PowerManagerService: releaseWakeLockInternal: lock=221605159 [WakeLock2], flags=0x0
06-29 10:13:41.763 1570 3583 D PowerManagerService: updateWakeLockSummaryLocked: mWakefulness=Awake, mWakeLockSummary=0x1
06-29 10:13:41.763 1570 3583 D PowerManagerService: updateUserActivitySummaryLocked: groupId=0, mWakefulness=Awake, mUserActivitySummary=0x1, nextTimeout=176885 (in 59915 ms)
06-29 10:13:41.763 1570 3583 D PowerManagerNotifier: onScreenPolicyUpdate: newPolicy=3
06-29 10:13:41.763 1570 3583 D PowerManagerService: updateDisplayPowerStateLocked: displayReady=true, groupId=0, policy=BRIGHT, mWakefulness=Awake, mWakeLockSummary=0x1, mUserActivitySummary=0x1, mBootCompleted=true, screenBrightnessOverride=NaN, useAutoBrightness=false, mScreenBrightnessBoostInProgress=false, mIsVrModeEnabled= false, sQuiescent=false
06-29 10:13:41.763 1570 3583 D PowerManagerService: acquireWakeLockInternal: lock=220481945, flags=0x1, tag="WakeLock1", ws=null, uid=10108, pid=12048
06-29 10:13:41.763 1570 3583 D PowerManagerService: updateWakeLockSummaryLocked: mWakefulness=Awake, mWakeLockSummary=0x1
06-29 10:13:41.763 1570 3583 D PowerManagerService: updateUserActivitySummaryLocked: groupId=0, mWakefulness=Awake, mUserActivitySummary=0x1, nextTimeout=176885 (in 59915 ms)
06-29 10:13:41.763 1570 3583 D PowerManagerNotifier: onScreenPolicyUpdate: newPolicy=3
06-29 10:13:41.763 1570 3583 D PowerManagerService: updateDisplayPowerStateLocked: displayReady=true, groupId=0, policy=BRIGHT, mWakefulness=Awake, mWakeLockSummary=0x1, mUserActivitySummary=0x1, mBootCompleted=true, screenBrightnessOverride=NaN, useAutoBrightness=false, mScreenBrightnessBoostInProgress=false, mIsVrModeEnabled= false, sQuiescent=false
06-29 10:13:41.780 1570 1898 D PowerManagerService: userActivityNoUpdateLocked: groupId=0, eventTime=116987, event=2, flags=0x0, uid=1000
06-29 10:13:41.781 1570 1898 D PowerManagerNotifier: onUserActivity: event=2, uid=1000
06-29 10:13:41.781 1570 1898 D PowerManagerService: updateUserActivitySummaryLocked: groupId=0, mWakefulness=Awake, mUserActivitySummary=0x1, nextTimeout=176987 (in 59999 ms)
06-29 10:13:41.781 1570 1898 D PowerManagerNotifier: onScreenPolicyUpdate: newPolicy=3
06-29 10:13:41.781 1570 1898 D PowerManagerService: updateDisplayPowerStateLocked: displayReady=true, groupId=0, policy=BRIGHT, mWakefulness=Awake, mWakeLockSummary=0x1, mUserActivitySummary=0x1, mBootCompleted=true, screenBrightnessOverride=NaN, useAutoBrightness=false, mScreenBrightnessBoostInProgress=false, mIsVrModeEnabled= false, sQuiescent=false
06-29 10:13:41.801 1570 12386 D PowerManagerService: acquireWakeLockInternal: lock=209448680, flags=0x1, tag="*vibrator*", ws=WorkSource{10075}, uid=1000, pid=1570
06-29 10:13:41.801 1570 12386 D PowerManagerService: updateWakeLockSummaryLocked: mWakefulness=Awake, mWakeLockSummary=0x1
06-29 10:13:41.801 1570 12386 D PowerManagerService: updateUserActivitySummaryLocked: groupId=0, mWakefulness=Awake, mUserActivitySummary=0x1, nextTimeout=176987 (in 59979 ms)
06-29 10:13:41.801 1570 12386 D PowerManagerNotifier: onScreenPolicyUpdate: newPolicy=3
06-29 10:13:41.801 1570 12386 D PowerManagerService: updateDisplayPowerStateLocked: displayReady=true, groupId=0, policy=BRIGHT, mWakefulness=Awake, mWakeLockSummary=0x1, mUserActivitySummary=0x1, mBootCompleted=true, screenBrightnessOverride=NaN, useAutoBrightness=false, mScreenBrightnessBoostInProgress=false, mIsVrModeEnabled= false, sQuiescent=false
06-29 10:13:41.801 1570 12386 D PowerManagerNotifier: onWakeLockAcquired: flags=1, tag="*vibrator*", packageName=android, ownerUid=1000, ownerPid=1570, workSource=WorkSource{10075}
06-29 10:13:41.805 10712 10712 I wm_on_destroy_called: [160296069,com.kugou.android.app.splash.SplashActivity,performDestroy]
06-29 10:13:41.864 1570 12386 D PowerManagerService: releaseWakeLockInternal: lock=209448680 [*vibrator*], flags=0x0
06-29 10:13:41.864 1570 12386 D PowerManagerNotifier: onWakeLockReleased: flags=1, tag="*vibrator*", packageName=android, ownerUid=1000, ownerPid=1570, workSource=WorkSource{10075}
06-29 10:13:41.864 1570 12386 D PowerManagerService: updateWakeLockSummaryLocked: mWakefulness=Awake, mWakeLockSummary=0x1
06-29 10:13:41.864 1570 12386 D PowerManagerService: updateUserActivitySummaryLocked: groupId=0, mWakefulness=Awake, mUserActivitySummary=0x1, nextTimeout=176987 (in 59916 ms)
06-29 10:13:41.864 1570 12386 D PowerManagerNotifier: onScreenPolicyUpdate: newPolicy=3
06-29 10:13:41.864 1570 12386 D PowerManagerService: updateDisplayPowerStateLocked: displayReady=true, groupId=0, policy=BRIGHT, mWakefulness=Awake, mWakeLockSummary=0x1, mUserActivitySummary=0x1, mBootCompleted=true, screenBrightnessOverride=NaN, useAutoBrightness=false, mScreenBrightnessBoostInProgress=false, mIsVrModeEnabled= false, sQuiescent=false
06-29 10:13:41.885 1570 1898 D PowerManagerService: userActivityNoUpdateLocked: groupId=0, eventTime=117092, event=2, flags=0x0, uid=1000
06-29 10:13:41.885 1570 1898 D PowerManagerNotifier: onUserActivity: event=2, uid=1000
06-29 10:13:41.885 1570 1898 D PowerManagerService: updateUserActivitySummaryLocked: groupId=0, mWakefulness=Awake, mUserActivitySummary=0x1, nextTimeout=177092 (in 60000 ms)
06-29 10:13:41.885 1570 1898 D PowerManagerNotifier: onScreenPolicyUpdate: newPolicy=3
06-29 10:13:41.885 1570 1898 D PowerManagerService: updateDisplayPowerStateLocked: displayReady=true, groupId=0, policy=BRIGHT, mWakefulness=Awake, mWakeLockSummary=0x1, mUserActivitySummary=0x1, mBootCompleted=true, screenBrightnessOverride=NaN, useAutoBrightness=false, mScreenBrightnessBoostInProgress=false, mIsVrModeEnabled= false, sQuiescent=false
06-29 10:13:41.903 1570 9808 W ActivityManager: Unable to start service Intent { act=com.tencent.soter.soterserver.ISoterService pkg=com.tencent.soter.soterserver } U=0: not found
06-29 10:13:42.060 10712 12426 I snet_event_log: [190188264,-1,]
06-29 10:13:42.061 10712 12426 I snet_event_log: [190188264,-1,]
06-29 10:13:42.061 10712 12427 I snet_event_log: [190188264,-1,]
06-29 10:13:42.061 10712 12427 I snet_event_log: [190188264,-1,]
06-29 10:13:42.093 1570 1887 I commit_sys_config_file: [settings-1-0,2]
06-29 10:13:42.196 1570 10710 I ActivityTaskManager: START u0 {flg=0x10010000 cmp=com.android.launcher3/com.android.quickstep.RecentsActivity} from uid 10075
06-29 10:13:42.198 1570 10710 D ActivityTaskManager: TaskLaunchParamsModifier:task=null activity=ActivityRecord{de45d22 u0 com.android.launcher3/com.android.quickstep.RecentsActivity taskAffinity=null display-id=0 display-windowing-mode=1 suggested-display-area=DefaultTaskDisplayArea@48565985
06-29 10:13:42.199 1570 10710 D ActivityTaskManager: TaskLaunchParamsModifier:task=null activity=ActivityRecord{de45d22 u0 com.android.launcher3/com.android.quickstep.RecentsActivity taskAffinity=null t-1} display-id=0 display-windowing-mode=1 suggested-display-area=DefaultTaskDisplayArea@48565985 non-freeform-display display-area=DefaultTaskDisplayArea@48565985
06-29 10:13:42.199 1570 10710 I wm_task_created: [179,-1]
06-29 10:13:42.199 1570 10710 W ActivityTaskManager: Can't find TaskDisplayArea to determine support for multi window. Task id=179 attached=false
06-29 10:13:42.200 1570 10710 I wm_task_created: [180,-1]
06-29 10:13:42.201 1570 10710 I wm_task_moved: [180,0,-2147483648]
06-29 10:13:42.201 1570 10710 D ActivityTaskManager: TaskLaunchParamsModifier:task=Task{8e833b3 #180 type=recents I=com.android.launcher3/com.android.quickstep.RecentsActivity U=0 rootTaskId=179 visible=false mode=fullscreen translucent=true sz=0 visible freeform task=true rootAffinity=null isMini=false} activity=ActivityRecord{de45d22 u0 com.android.launcher3/com.android.quickstep.RecentsActivity taskAffinity=null t-1} display-from-task=0 display-id=0 display-windowing-mode=1 suggested-display-area=DefaultTaskDisplayArea@48565985 non-freeform-display display-area=DefaultTaskDisplayArea@48565985
06-29 10:13:42.202 1570 10710 I wm_create_task: [0,180]
06-29 10:13:42.202 1570 10710 I wm_create_activity: [0,233069858,180,com.android.launcher3/com.android.quickstep.RecentsActivity,NULL,NULL,NULL,276889600]
06-29 10:13:42.202 1570 10710 I wm_task_moved: [179,0,0]
06-29 10:13:42.202 1570 10710 I wm_task_moved: [179,0,5]
06-29 10:13:42.203 1570 10710 I ActivityTaskManager: The Process com.android.launcher3 Already Exists in BG. So sending its PID: 2667
06-29 10:13:42.203 1570 10710 W ActivityTaskManager: Tried to set launchTime (0) < mLastActivityLaunchTime (112763)
06-29 10:13:42.204 1570 10710 I wm_restart_activity: [0,233069858,180,com.android.launcher3/com.android.quickstep.RecentsActivity]
06-29 10:13:42.218 1570 1605 I wm_task_moved: [179,1,7]
06-29 10:13:42.219 1570 1605 I wm_focused_root_task: [0,0,179,176,RecentsAnimation.onAnimationFinished()]
06-29 10:13:42.220 1570 1605 D PowerManagerService: updateWakeLockWorkSourceInternal: lock=61511091 [*launch*], ws=WorkSource{10075}
06-29 10:13:42.220 1570 1605 D PowerManagerNotifier: onWakeLockChanging: flags=1, tag="*launch*", packageName=android, ownerUid=1000, ownerPid=1570, workSource=WorkSource{10075}
06-29 10:13:42.220 1570 1605 I wm_pause_activity: [0,157777106,com.android.launcher3/.uioverrides.QuickstepLauncher,userLeaving=false,pauseBackTasks]
06-29 10:13:42.220 1570 1605 D PowerManagerService: acquireWakeLockInternal: lock=61511091, flags=0x1, tag="*launch*", ws=WorkSource{10075}, uid=1000, pid=1570
06-29 10:13:42.220 1570 1605 D PowerManagerService: updateWakeLockSummaryLocked: mWakefulness=Awake, mWakeLockSummary=0x1
06-29 10:13:42.220 1570 1605 D PowerManagerService: updateUserActivitySummaryLocked: groupId=0, mWakefulness=Awake, mUserActivitySummary=0x1, nextTimeout=177092 (in 59665 ms)
06-29 10:13:42.220 1570 1605 D PowerManagerNotifier: onScreenPolicyUpdate: newPolicy=3
06-29 10:13:42.220 1570 1605 D PowerManagerService: updateDisplayPowerStateLocked: displayReady=true, groupId=0, policy=BRIGHT, mWakefulness=Awake, mWakeLockSummary=0x1, mUserActivitySummary=0x1, mBootCompleted=true, screenBrightnessOverride=NaN, useAutoBrightness=false, mScreenBrightnessBoostInProgress=false, mIsVrModeEnabled= false, sQuiescent=false
06-29 10:13:42.220 1570 1605 I ActivityTaskManager: FOREGROUND_APPLICATION_CHANGED to com.android.quickstep.RecentsActivity
06-29 10:13:42.222 1570 1605 I wm_set_resumed_activity: [0,com.android.launcher3/com.android.quickstep.RecentsActivity,resumeTopActivityInnerLocked]
06-29 10:13:42.222 1570 1605 I wm_resume_activity: [0,233069858,180,com.android.launcher3/com.android.quickstep.RecentsActivity]
06-29 10:13:42.222 1570 1605 I wm_add_to_stopping: [0,77175382,com.kugou.android/com.kugou.common.useraccount.app.KgUserLoginAndRegActivity,makeInvisible]
06-29 10:13:42.222 1570 1605 I wm_add_to_stopping: [0,36158316,com.kugou.android/.app.MediaActivity,makeInvisible]
06-29 10:13:42.226 1570 1717 I sysui_multi_action: [757,803,799,window_time_2,802,2]
06-29 10:13:42.227 1570 1717 I sysui_multi_action: [757,803,799,window_time_0,802,0]
06-29 10:13:42.232 1570 1898 I input_focus: [Focus leaving 64af0d3 com.kugou.android/com.kugou.common.useraccount.app.KgUserLoginAndRegActivity (server),reason=NO_WINDOW]
06-29 10:13:42.253 1570 9434 I wm_finish_activity: [0,233069858,180,com.android.launcher3/com.android.quickstep.RecentsActivity,app-request]
06-29 10:13:42.253 1570 9434 I wm_task_moved: [176,1,7]
06-29 10:13:42.254 1570 9434 I wm_set_resumed_activity: [0,com.kugou.android/com.kugou.common.useraccount.app.KgUserLoginAndRegActivity,positionChildAt]
06-29 10:13:42.254 1570 9434 I wm_focused_root_task: [0,0,176,179,finish-top adjustFocusToNextFocusableTask]
06-29 10:13:42.254 1570 9434 I wm_set_resumed_activity: [0,com.kugou.android/com.kugou.common.useraccount.app.KgUserLoginAndRegActivity,finish-top]
06-29 10:13:42.255 1570 9434 I wm_pause_activity: [0,233069858,com.android.launcher3/com.android.quickstep.RecentsActivity,userLeaving=false,finish]
06-29 10:13:42.255 1570 9434 D PowerManagerService: acquireWakeLockInternal: lock=61511091, flags=0x1, tag="*launch*", ws=WorkSource{10075}, uid=1000, pid=1570
06-29 10:13:42.255 1570 9434 D PowerManagerService: updateWakeLockSummaryLocked: mWakefulness=Awake, mWakeLockSummary=0x1
06-29 10:13:42.255 1570 9434 D PowerManagerService: updateUserActivitySummaryLocked: groupId=0, mWakefulness=Awake, mUserActivitySummary=0x1, nextTimeout=177092 (in 59630 ms)
06-29 10:13:42.255 1570 9434 D PowerManagerNotifier: onScreenPolicyUpdate: newPolicy=3
