06-29 10:13:23.171 1570 3720 D PowerManagerService: updateDisplayPowerStateLocked: displayReady=true, groupId=0, policy=BRIGHT, mWakefulness=Awake, mWakeLockSummary=0x1, mUserActivitySummary=0x1, mBootCompleted=true, screenBrightnessOverride=NaN, useAutoBrightness=false, mScreenBrightnessBoostInProgress=false, mIsVrModeEnabled= false, sQuiescent=false
06-29 10:13:23.171 1570 3720 D PowerManagerNotifier: onWakeLockAcquired: flags=1, tag="i", packageName=com.tencent.android.qqdownloader, ownerUid=10101, ownerPid=8309, workSource=null
06-29 10:13:23.171 1570 1870 D PowerManagerService: acquireWakeLockInternal: lock=59174877, flags=0x1, tag="i", ws=null, uid=10101, pid=8309
06-29 10:13:23.172 1570 1870 D PowerManagerService: updateWakeLockSummaryLocked: mWakefulness=Awake, mWakeLockSummary=0x1
06-29 10:13:23.172 1570 1870 D PowerManagerService: updateUserActivitySummaryLocked: groupId=0, mWakefulness=Awake, mUserActivitySummary=0x1, nextTimeout=157831 (in 59452 ms)
06-29 10:13:23.172 1570 1870 D PowerManagerNotifier: onScreenPolicyUpdate: newPolicy=3
06-29 10:13:23.172 1570 1870 D PowerManagerService: updateDisplayPowerStateLocked: displayReady=true, groupId=0, policy=BRIGHT, mWakefulness=Awake, mWakeLockSummary=0x1, mUserActivitySummary=0x1, mBootCompleted=true, screenBrightnessOverride=NaN, useAutoBrightness=false, mScreenBrightnessBoostInProgress=false, mIsVrModeEnabled= false, sQuiescent=false
06-29 10:13:23.172 1570 1870 D PowerManagerNotifier: onWakeLockAcquired: flags=1, tag="i", packageName=com.tencent.android.qqdownloader, ownerUid=10101, ownerPid=8309, workSource=null
06-29 10:13:23.175 1570 1870 D PowerManagerService: acquireWakeLockInternal: lock=259499858, flags=0x1, tag="i", ws=null, uid=10101, pid=8309
06-29 10:13:23.175 1570 1870 D PowerManagerService: updateWakeLockSummaryLocked: mWakefulness=Awake, mWakeLockSummary=0x1
06-29 10:13:23.175 1570 1870 D PowerManagerService: updateUserActivitySummaryLocked: groupId=0, mWakefulness=Awake, mUserActivitySummary=0x1, nextTimeout=157831 (in 59449 ms)
06-29 10:13:23.175 1570 1870 D PowerManagerNotifier: onScreenPolicyUpdate: newPolicy=3
06-29 10:13:23.175 1570 1870 D PowerManagerService: updateDisplayPowerStateLocked: displayReady=true, groupId=0, policy=BRIGHT, mWakefulness=Awake, mWakeLockSummary=0x1, mUserActivitySummary=0x1, mBootCompleted=true, screenBrightnessOverride=NaN, useAutoBrightness=false, mScreenBrightnessBoostInProgress=false, mIsVrModeEnabled= false, sQuiescent=false
06-29 10:13:23.175 1570 1870 D PowerManagerNotifier: onWakeLockAcquired: flags=1, tag="i", packageName=com.tencent.android.qqdownloader, ownerUid=10101, ownerPid=8309, workSource=null
06-29 10:13:23.175 1570 3720 D PowerManagerService: releaseWakeLockInternal: lock=147885619 [i], flags=0x0
06-29 10:13:23.175 1570 3720 D PowerManagerNotifier: onWakeLockReleased: flags=1, tag="i", packageName=com.tencent.android.qqdownloader, ownerUid=10101, ownerPid=8309, workSource=null
06-29 10:13:23.175 1570 3720 D PowerManagerService: updateWakeLockSummaryLocked: mWakefulness=Awake, mWakeLockSummary=0x1
06-29 10:13:23.175 1570 3720 D PowerManagerService: updateUserActivitySummaryLocked: groupId=0, mWakefulness=Awake, mUserActivitySummary=0x1, nextTimeout=157831 (in 59449 ms)
06-29 10:13:23.175 1570 3720 D PowerManagerNotifier: onScreenPolicyUpdate: newPolicy=3
06-29 10:13:23.176 1570 3720 D PowerManagerService: updateDisplayPowerStateLocked: displayReady=true, groupId=0, policy=BRIGHT, mWakefulness=Awake, mWakeLockSummary=0x1, mUserActivitySummary=0x1, mBootCompleted=true, screenBrightnessOverride=NaN, useAutoBrightness=false, mScreenBrightnessBoostInProgress=false, mIsVrModeEnabled= false, sQuiescent=false
06-29 10:13:23.176 1570 1605 D PowerManagerService: acquireWakeLockInternal: lock=106523171, flags=0x1, tag="i", ws=null, uid=10101, pid=8309
06-29 10:13:23.176 1570 1605 D PowerManagerService: updateWakeLockSummaryLocked: mWakefulness=Awake, mWakeLockSummary=0x1
06-29 10:13:23.176 1570 1605 D PowerManagerService: updateUserActivitySummaryLocked: groupId=0, mWakefulness=Awake, mUserActivitySummary=0x1, nextTimeout=157831 (in 59448 ms)
06-29 10:13:23.176 1570 1605 D PowerManagerNotifier: onScreenPolicyUpdate: newPolicy=3
06-29 10:13:23.176 1570 1605 D PowerManagerService: updateDisplayPowerStateLocked: displayReady=true, groupId=0, policy=BRIGHT, mWakefulness=Awake, mWakeLockSummary=0x1, mUserActivitySummary=0x1, mBootCompleted=true, screenBrightnessOverride=NaN, useAutoBrightness=false, mScreenBrightnessBoostInProgress=false, mIsVrModeEnabled= false, sQuiescent=false
06-29 10:13:23.176 1570 1605 D PowerManagerNotifier: onWakeLockAcquired: flags=1, tag="i", packageName=com.tencent.android.qqdownloader, ownerUid=10101, ownerPid=8309, workSource=null
06-29 10:13:23.176 1570 3720 D PowerManagerService: acquireWakeLockInternal: lock=209390368, flags=0x1, tag="p", ws=null, uid=10101, pid=8309
06-29 10:13:23.176 1570 3720 D PowerManagerService: updateWakeLockSummaryLocked: mWakefulness=Awake, mWakeLockSummary=0x1
06-29 10:13:23.177 1570 3720 D PowerManagerService: updateUserActivitySummaryLocked: groupId=0, mWakefulness=Awake, mUserActivitySummary=0x1, nextTimeout=157831 (in 59448 ms)
06-29 10:13:23.177 1570 3720 D PowerManagerNotifier: onScreenPolicyUpdate: newPolicy=3
06-29 10:13:23.177 1570 3720 D PowerManagerService: updateDisplayPowerStateLocked: displayReady=true, groupId=0, policy=BRIGHT, mWakefulness=Awake, mWakeLockSummary=0x1, mUserActivitySummary=0x1, mBootCompleted=true, screenBrightnessOverride=NaN, useAutoBrightness=false, mScreenBrightnessBoostInProgress=false, mIsVrModeEnabled= false, sQuiescent=false
06-29 10:13:23.177 1570 3720 D PowerManagerNotifier: onWakeLockAcquired: flags=1, tag="p", packageName=com.tencent.android.qqdownloader, ownerUid=10101, ownerPid=8309, workSource=null
06-29 10:13:23.179 1570 3720 D PowerManagerService: releaseWakeLockInternal: lock=209390368 [p], flags=0x0
06-29 10:13:23.179 1570 3720 D PowerManagerNotifier: onWakeLockReleased: flags=1, tag="p", packageName=com.tencent.android.qqdownloader, ownerUid=10101, ownerPid=8309, workSource=null
06-29 10:13:23.179 1570 3720 D PowerManagerService: updateWakeLockSummaryLocked: mWakefulness=Awake, mWakeLockSummary=0x1
06-29 10:13:23.179 1570 3720 D PowerManagerService: updateUserActivitySummaryLocked: groupId=0, mWakefulness=Awake, mUserActivitySummary=0x1, nextTimeout=157831 (in 59445 ms)
06-29 10:13:23.180 1570 3720 D PowerManagerNotifier: onScreenPolicyUpdate: newPolicy=3
06-29 10:13:23.180 1570 3720 D PowerManagerService: updateDisplayPowerStateLocked: displayReady=true, groupId=0, policy=BRIGHT, mWakefulness=Awake, mWakeLockSummary=0x1, mUserActivitySummary=0x1, mBootCompleted=true, screenBrightnessOverride=NaN, useAutoBrightness=false, mScreenBrightnessBoostInProgress=false, mIsVrModeEnabled= false, sQuiescent=false
06-29 10:13:23.284 1570 1898 I input_interaction: Interaction with: fbe2696 NotificationShade (server), edge-swipe (server), swipe-up (server), PointerEventDispatcher0 (server),
06-29 10:13:23.285 1570 1898 D PowerManagerService: userActivityNoUpdateLocked: groupId=0, eventTime=98490, event=2, flags=0x0, uid=1000
06-29 10:13:23.285 1570 1898 D PowerManagerNotifier: onUserActivity: event=2, uid=1000
06-29 10:13:23.286 1570 1898 D PowerManagerService: updateUserActivitySummaryLocked: groupId=0, mWakefulness=Awake, mUserActivitySummary=0x1, nextTimeout=158490 (in 59998 ms)
06-29 10:13:23.286 1570 1898 D PowerManagerNotifier: onScreenPolicyUpdate: newPolicy=3
06-29 10:13:23.286 1570 1898 D PowerManagerService: updateDisplayPowerStateLocked: displayReady=true, groupId=0, policy=BRIGHT, mWakefulness=Awake, mWakeLockSummary=0x1, mUserActivitySummary=0x1, mBootCompleted=true, screenBrightnessOverride=NaN, useAutoBrightness=false, mScreenBrightnessBoostInProgress=false, mIsVrModeEnabled= false, sQuiescent=false
06-29 10:13:23.291 1570 3720 D PowerManagerService: releaseWakeLockInternal: lock=106523171 [i], flags=0x0
06-29 10:13:23.291 1570 3720 D PowerManagerNotifier: onWakeLockReleased: flags=1, tag="i", packageName=com.tencent.android.qqdownloader, ownerUid=10101, ownerPid=8309, workSource=null
06-29 10:13:23.291 1570 3720 D PowerManagerService: updateWakeLockSummaryLocked: mWakefulness=Awake, mWakeLockSummary=0x1
06-29 10:13:23.292 1570 3720 D PowerManagerService: updateUserActivitySummaryLocked: groupId=0, mWakefulness=Awake, mUserActivitySummary=0x1, nextTimeout=158490 (in 59992 ms)
06-29 10:13:23.292 1570 3720 D PowerManagerNotifier: onScreenPolicyUpdate: newPolicy=3
06-29 10:13:23.292 1570 3720 D PowerManagerService: updateDisplayPowerStateLocked: displayReady=true, groupId=0, policy=BRIGHT, mWakefulness=Awake, mWakeLockSummary=0x1, mUserActivitySummary=0x1, mBootCompleted=true, screenBrightnessOverride=NaN, useAutoBrightness=false, mScreenBrightnessBoostInProgress=false, mIsVrModeEnabled= false, sQuiescent=false
06-29 10:13:23.299 1570 1605 D PowerManagerService: releaseWakeLockInternal: lock=194586548 [i], flags=0x0
06-29 10:13:23.299 1570 1605 D PowerManagerNotifier: onWakeLockReleased: flags=1, tag="i", packageName=com.tencent.android.qqdownloader, ownerUid=10101, ownerPid=8309, workSource=null
06-29 10:13:23.299 1570 1605 D PowerManagerService: updateWakeLockSummaryLocked: mWakefulness=Awake, mWakeLockSummary=0x1
06-29 10:13:23.299 1570 1605 D PowerManagerService: updateUserActivitySummaryLocked: groupId=0, mWakefulness=Awake, mUserActivitySummary=0x1, nextTimeout=158490 (in 59984 ms)
06-29 10:13:23.299 1570 1605 D PowerManagerNotifier: onScreenPolicyUpdate: newPolicy=3
06-29 10:13:23.299 1570 1605 D PowerManagerService: updateDisplayPowerStateLocked: displayReady=true, groupId=0, policy=BRIGHT, mWakefulness=Awake, mWakeLockSummary=0x1, mUserActivitySummary=0x1, mBootCompleted=true, screenBrightnessOverride=NaN, useAutoBrightness=false, mScreenBrightnessBoostInProgress=false, mIsVrModeEnabled= false, sQuiescent=false
06-29 10:13:23.387 1570 1898 D PowerManagerService: userActivityNoUpdateLocked: groupId=0, eventTime=98593, event=2, flags=0x0, uid=1000
06-29 10:13:23.387 1570 1898 D PowerManagerNotifier: onUserActivity: event=2, uid=1000
06-29 10:13:23.388 1570 1898 D PowerManagerService: updateUserActivitySummaryLocked: groupId=0, mWakefulness=Awake, mUserActivitySummary=0x1, nextTimeout=158593 (in 59999 ms)
06-29 10:13:23.388 1570 1898 D PowerManagerNotifier: onScreenPolicyUpdate: newPolicy=3
06-29 10:13:23.388 1570 1898 D PowerManagerService: updateDisplayPowerStateLocked: displayReady=true, groupId=0, policy=BRIGHT, mWakefulness=Awake, mWakeLockSummary=0x1, mUserActivitySummary=0x1, mBootCompleted=true, screenBrightnessOverride=NaN, useAutoBrightness=false, mScreenBrightnessBoostInProgress=false, mIsVrModeEnabled= false, sQuiescent=false
06-29 10:13:23.496 1570 1605 D PowerManagerService: releaseWakeLockInternal: lock=31695447 [PlatformComm], flags=0x0
06-29 10:13:23.497 1570 1605 D PowerManagerNotifier: onWakeLockReleased: flags=1, tag="PlatformComm", packageName=com.tencent.mm, ownerUid=10102, ownerPid=6867, workSource=null
06-29 10:13:23.497 1570 1605 D PowerManagerService: updateWakeLockSummaryLocked: mWakefulness=Awake, mWakeLockSummary=0x1
06-29 10:13:23.497 1570 1605 D PowerManagerService: updateUserActivitySummaryLocked: groupId=0, mWakefulness=Awake, mUserActivitySummary=0x1, nextTimeout=158593 (in 59889 ms)
06-29 10:13:23.497 1570 1605 D PowerManagerNotifier: onScreenPolicyUpdate: newPolicy=3
06-29 10:13:23.498 1570 1605 D PowerManagerService: updateDisplayPowerStateLocked: displayReady=true, groupId=0, policy=BRIGHT, mWakefulness=Awake, mWakeLockSummary=0x1, mUserActivitySummary=0x1, mBootCompleted=true, screenBrightnessOverride=NaN, useAutoBrightness=false, mScreenBrightnessBoostInProgress=false, mIsVrModeEnabled= false, sQuiescent=false
06-29 10:13:23.533 2031 2031 I sysui_multi_action: [757,111,758,2]
06-29 10:13:23.533 2031 2031 I sysui_multi_action: [757,111,758,2]
06-29 10:13:23.557 1570 1605 D PowerManagerService: acquireWakeLockInternal: lock=52367651, flags=0x1, tag="MicroMsg.MMAutoAuth", ws=null, uid=10102, pid=6867
06-29 10:13:23.557 1570 1605 D PowerManagerService: updateWakeLockSummaryLocked: mWakefulness=Awake, mWakeLockSummary=0x1
06-29 10:13:23.557 1570 1605 D PowerManagerService: updateUserActivitySummaryLocked: groupId=0, mWakefulness=Awake, mUserActivitySummary=0x1, nextTimeout=158593 (in 59829 ms)
06-29 10:13:23.557 1570 1605 D PowerManagerNotifier: onScreenPolicyUpdate: newPolicy=3
06-29 10:13:23.557 1570 1605 D PowerManagerService: updateDisplayPowerStateLocked: displayReady=true, groupId=0, policy=BRIGHT, mWakefulness=Awake, mWakeLockSummary=0x1, mUserActivitySummary=0x1, mBootCompleted=true, screenBrightnessOverride=NaN, useAutoBrightness=false, mScreenBrightnessBoostInProgress=false, mIsVrModeEnabled= false, sQuiescent=false
06-29 10:13:23.557 1570 1605 D PowerManagerNotifier: onWakeLockAcquired: flags=1, tag="MicroMsg.MMAutoAuth", packageName=com.tencent.mm, ownerUid=10102, ownerPid=6867, workSource=null
06-29 10:13:23.591 1570 1605 D PowerManagerService: acquireWakeLockInternal: lock=31695447, flags=0x1, tag="PlatformComm", ws=null, uid=10102, pid=6867
06-29 10:13:23.591 1570 1605 D PowerManagerService: updateWakeLockSummaryLocked: mWakefulness=Awake, mWakeLockSummary=0x1
06-29 10:13:23.591 1570 1605 D PowerManagerService: updateUserActivitySummaryLocked: groupId=0, mWakefulness=Awake, mUserActivitySummary=0x1, nextTimeout=158593 (in 59795 ms)
06-29 10:13:23.591 1570 1605 D PowerManagerNotifier: onScreenPolicyUpdate: newPolicy=3
06-29 10:13:23.591 1570 1605 D PowerManagerService: updateDisplayPowerStateLocked: displayReady=true, groupId=0, policy=BRIGHT, mWakefulness=Awake, mWakeLockSummary=0x1, mUserActivitySummary=0x1, mBootCompleted=true, screenBrightnessOverride=NaN, useAutoBrightness=false, mScreenBrightnessBoostInProgress=false, mIsVrModeEnabled= false, sQuiescent=false
06-29 10:13:23.591 1570 1605 D PowerManagerNotifier: onWakeLockAcquired: flags=1, tag="PlatformComm", packageName=com.tencent.mm, ownerUid=10102, ownerPid=6867, workSource=null
06-29 10:13:23.601 1570 3720 D PowerManagerService: releaseWakeLockInternal: lock=259499858 [i], flags=0x0
06-29 10:13:23.601 1570 3720 D PowerManagerNotifier: onWakeLockReleased: flags=1, tag="i", packageName=com.tencent.android.qqdownloader, ownerUid=10101, ownerPid=8309, workSource=null
06-29 10:13:23.601 1570 3720 D PowerManagerService: updateWakeLockSummaryLocked: mWakefulness=Awake, mWakeLockSummary=0x1
06-29 10:13:23.601 1570 3720 D PowerManagerService: updateUserActivitySummaryLocked: groupId=0, mWakefulness=Awake, mUserActivitySummary=0x1, nextTimeout=158593 (in 59785 ms)
06-29 10:13:23.602 1570 3720 D PowerManagerNotifier: onScreenPolicyUpdate: newPolicy=3
06-29 10:13:23.602 1570 3720 D PowerManagerService: updateDisplayPowerStateLocked: displayReady=true, groupId=0, policy=BRIGHT, mWakefulness=Awake, mWakeLockSummary=0x1, mUserActivitySummary=0x1, mBootCompleted=true, screenBrightnessOverride=NaN, useAutoBrightness=false, mScreenBrightnessBoostInProgress=false, mIsVrModeEnabled= false, sQuiescent=false
06-29 10:13:23.606 1570 3720 D PowerManagerService: releaseWakeLockInternal: lock=59174877 [i], flags=0x0
06-29 10:13:23.606 1570 3720 D PowerManagerNotifier: onWakeLockReleased: flags=1, tag="i", packageName=com.tencent.android.qqdownloader, ownerUid=10101, ownerPid=8309, workSource=null
06-29 10:13:23.606 1570 3720 D PowerManagerService: updateWakeLockSummaryLocked: mWakefulness=Awake, mWakeLockSummary=0x1
06-29 10:13:23.606 1570 3720 D PowerManagerService: updateUserActivitySummaryLocked: groupId=0, mWakefulness=Awake, mUserActivitySummary=0x1, nextTimeout=158593 (in 59780 ms)
06-29 10:13:23.606 1570 3720 D PowerManagerNotifier: onScreenPolicyUpdate: newPolicy=3
06-29 10:13:23.606 1570 3720 D PowerManagerService: updateDisplayPowerStateLocked: displayReady=true, groupId=0, policy=BRIGHT, mWakefulness=Awake, mWakeLockSummary=0x1, mUserActivitySummary=0x1, mBootCompleted=true, screenBrightnessOverride=NaN, useAutoBrightness=false, mScreenBrightnessBoostInProgress=false, mIsVrModeEnabled= false, sQuiescent=false
06-29 10:13:23.626 1570 1718 I input_focus: [Focus request c426fd3 com.android.launcher3/com.android.launcher3.uioverrides.QuickstepLauncher,reason=UpdateInputWindows]
06-29 10:13:23.631 1570 3720 I sysui_multi_action: [757,128,758,2,793,41460,794,1118,795,41460,796,26,798,0,806,android,857,DEVELOPER_IMPORTANT,858,4,947,0,1395,2,1500,39478,1688,1]
06-29 10:13:23.631 1570 3720 I notification_visibility: [-1|android|26|null|1000,0,41460,41460,0,0]
06-29 10:13:23.631 1570 3720 I sysui_multi_action: [757,128,758,2,793,41459,794,1118,795,41459,796,32,798,1,806,android,857,USB,858,1,947,0,1395,2,1500,39471,1688,1]
06-29 10:13:23.631 1570 3720 I notification_visibility: [-1|android|32|null|1000,0,41459,41459,0,1]
06-29 10:13:23.631 1570 3720 I sysui_multi_action: [757,127,758,2]
06-29 10:13:23.631 1570 3720 I notification_panel_hidden:
06-29 10:13:23.647 1570 1898 I input_focus: [Focus leaving fbe2696 NotificationShade (server),reason=NO_WINDOW]
06-29 10:13:23.647 1570 1898 I input_focus: [Focus entering c426fd3 com.android.launcher3/com.android.launcher3.uioverrides.QuickstepLauncher (server),reason=setFocusedWindow]
06-29 10:13:23.790 1570 1570 I notification_enqueue: [10101,8309,com.tencent.android.qqdownloader,127,NULL,0,Notification(channel=channel_id_default_silent shortcut=null contentView=com.tencent.android.qqdownloader/0x7f0a01c2 vibrate=null sound=null defaults=0x0 flags=0x2a2 color=0x00000000 groupKey=com.tencent.android.qqdownloader vis=PRIVATE),0]
06-29 10:13:23.909 1570 1605 D PowerManagerService: acquireWakeLockInternal: lock=105263950, flags=0x1, tag="i", ws=null, uid=10101, pid=8309
06-29 10:13:23.909 1570 1605 D PowerManagerService: updateWakeLockSummaryLocked: mWakefulness=Awake, mWakeLockSummary=0x1
06-29 10:13:23.909 1570 1605 D PowerManagerService: updateUserActivitySummaryLocked: groupId=0, mWakefulness=Awake, mUserActivitySummary=0x1, nextTimeout=158593 (in 59477 ms)
06-29 10:13:23.909 1570 1605 D PowerManagerNotifier: onScreenPolicyUpdate: newPolicy=3
06-29 10:13:23.909 1570 1605 D PowerManagerService: updateDisplayPowerStateLocked: displayReady=true, groupId=0, policy=BRIGHT, mWakefulness=Awake, mWakeLockSummary=0x1, mUserActivitySummary=0x1, mBootCompleted=true, screenBrightnessOverride=NaN, useAutoBrightness=false, mScreenBrightnessBoostInProgress=false, mIsVrModeEnabled= false, sQuiescent=false
06-29 10:13:23.909 1570 1605 D PowerManagerNotifier: onWakeLockAcquired: flags=1, tag="i", packageName=com.tencent.android.qqdownloader, ownerUid=10101, ownerPid=8309, workSource=null
06-29 10:13:23.972 1570 1605 D PowerManagerService: releaseWakeLockInternal: lock=105263950 [i], flags=0x0
06-29 10:13:23.972 1570 1605 D PowerManagerNotifier: onWakeLockReleased: flags=1, tag="i", packageName=com.tencent.android.qqdownloader, ownerUid=10101, ownerPid=8309, workSource=null
06-29 10:13:23.972 1570 1605 D PowerManagerService: updateWakeLockSummaryLocked: mWakefulness=Awake, mWakeLockSummary=0x1
06-29 10:13:23.972 1570 1605 D PowerManagerService: updateUserActivitySummaryLocked: groupId=0, mWakefulness=Awake, mUserActivitySummary=0x1, nextTimeout=158593 (in 59414 ms)
06-29 10:13:23.972 1570 1605 D PowerManagerNotifier: onScreenPolicyUpdate: newPolicy=3
06-29 10:13:23.972 1570 1605 D PowerManagerService: updateDisplayPowerStateLocked: displayReady=true, groupId=0, policy=BRIGHT, mWakefulness=Awake, mWakeLockSummary=0x1, mUserActivitySummary=0x1, mBootCompleted=true, screenBrightnessOverride=NaN, useAutoBrightness=false, mScreenBrightnessBoostInProgress=false, mIsVrModeEnabled= false, sQuiescent=false
06-29 10:13:23.977 1570 1605 D PowerManagerService: acquireWakeLockInternal: lock=198823023, flags=0x1, tag="i", ws=null, uid=10101, pid=8309
06-29 10:13:23.977 1570 1605 D PowerManagerService: updateWakeLockSummaryLocked: mWakefulness=Awake, mWakeLockSummary=0x1
06-29 10:13:23.977 1570 1605 D PowerManagerService: updateUserActivitySummaryLocked: groupId=0, mWakefulness=Awake, mUserActivitySummary=0x1, nextTimeout=158593 (in 59409 ms)
06-29 10:13:23.977 1570 1605 D PowerManagerNotifier: onScreenPolicyUpdate: newPolicy=3
06-29 10:13:23.977 1570 1605 D PowerManagerService: updateDisplayPowerStateLocked: displayReady=true, groupId=0, policy=BRIGHT, mWakefulness=Awake, mWakeLockSummary=0x1, mUserActivitySummary=0x1, mBootCompleted=true, screenBrightnessOverride=NaN, useAutoBrightness=false, mScreenBrightnessBoostInProgress=false, mIsVrModeEnabled= false, sQuiescent=false
06-29 10:13:23.977 1570 1605 D PowerManagerNotifier: onWakeLockAcquired: flags=1, tag="i", packageName=com.tencent.android.qqdownloader, ownerUid=10101, ownerPid=8309, workSource=null
06-29 10:13:23.992 1570 1570 I GameModeConfig: isGameModeOn = true
06-29 10:13:23.992 1570 1570 I GameModeConfig: isGaming = false
06-29 10:13:24.042 1570 1870 D PowerManagerService: releaseWakeLockInternal: lock=198823023 [i], flags=0x0
06-29 10:13:24.042 1570 1870 D PowerManagerNotifier: onWakeLockReleased: flags=1, tag="i", packageName=com.tencent.android.qqdownloader, ownerUid=10101, ownerPid=8309, workSource=null
06-29 10:13:24.042 1570 1870 D PowerManagerService: updateWakeLockSummaryLocked: mWakefulness=Awake, mWakeLockSummary=0x1
06-29 10:13:24.042 1570 1870 D PowerManagerService: updateUserActivitySummaryLocked: groupId=0, mWakefulness=Awake, mUserActivitySummary=0x1, nextTimeout=158593 (in 59344 ms)
06-29 10:13:24.042 1570 1870 D PowerManagerNotifier: onScreenPolicyUpdate: newPolicy=3
06-29 10:13:24.042 1570 1870 D PowerManagerService: updateDisplayPowerStateLocked: displayReady=true, groupId=0, policy=BRIGHT, mWakefulness=Awake, mWakeLockSummary=0x1, mUserActivitySummary=0x1, mBootCompleted=true, screenBrightnessOverride=NaN, useAutoBrightness=false, mScreenBrightnessBoostInProgress=false, mIsVrModeEnabled= false, sQuiescent=false
06-29 10:13:24.580 1570 1870 D PowerManagerService: releaseWakeLockInternal: lock=52367651 [MicroMsg.MMAutoAuth], flags=0x0
06-29 10:13:24.580 1570 1870 D PowerManagerNotifier: onWakeLockReleased: flags=1, tag="MicroMsg.MMAutoAuth", packageName=com.tencent.mm, ownerUid=10102, ownerPid=6867, workSource=null
06-29 10:13:24.580 1570 1870 D PowerManagerService: updateWakeLockSummaryLocked: mWakefulness=Awake, mWakeLockSummary=0x1
06-29 10:13:24.581 1570 1870 D PowerManagerService: updateUserActivitySummaryLocked: groupId=0, mWakefulness=Awake, mUserActivitySummary=0x1, nextTimeout=158593 (in 58805 ms)
06-29 10:13:24.581 1570 1870 D PowerManagerNotifier: onScreenPolicyUpdate: newPolicy=3
06-29 10:13:24.581 1570 1870 D PowerManagerService: updateDisplayPowerStateLocked: displayReady=true, groupId=0, policy=BRIGHT, mWakefulness=Awake, mWakeLockSummary=0x1, mUserActivitySummary=0x1, mBootCompleted=true, screenBrightnessOverride=NaN, useAutoBrightness=false, mScreenBrightnessBoostInProgress=false, mIsVrModeEnabled= false, sQuiescent=false
06-29 10:13:24.621 1570 1870 D PowerManagerService: releaseWakeLockInternal: lock=31695447 [PlatformComm], flags=0x0
06-29 10:13:24.621 1570 1870 D PowerManagerNotifier: onWakeLockReleased: flags=1, tag="PlatformComm", packageName=com.tencent.mm, ownerUid=10102, ownerPid=6867, workSource=null
06-29 10:13:24.622 1570 1870 D PowerManagerService: updateWakeLockSummaryLocked: mWakefulness=Awake, mWakeLockSummary=0x0
06-29 10:13:24.622 1570 1870 D PowerManagerService: updateUserActivitySummaryLocked: groupId=0, mWakefulness=Awake, mUserActivitySummary=0x1, nextTimeout=158593 (in 58764 ms)
06-29 10:13:24.622 1570 1870 D PowerManagerNotifier: onScreenPolicyUpdate: newPolicy=3
06-29 10:13:24.622 1570 1870 D PowerManagerService: updateDisplayPowerStateLocked: displayReady=true, groupId=0, policy=BRIGHT, mWakefulness=Awake, mWakeLockSummary=0x0, mUserActivitySummary=0x1, mBootCompleted=true, screenBrightnessOverride=NaN, useAutoBrightness=false, mScreenBrightnessBoostInProgress=false, mIsVrModeEnabled= false, sQuiescent=false
06-29 10:13:24.622 1570 1870 D PowerManagerService: Releasing suspend blocker "PowerManagerService.WakeLocks".
06-29 10:13:24.624 1570 1870 D PowerManagerService: acquireWakeLockInternal: lock=31695447, flags=0x1, tag="PlatformComm", ws=null, uid=10102, pid=6867
06-29 10:13:24.625 1570 1870 D PowerManagerService: updateWakeLockSummaryLocked: mWakefulness=Awake, mWakeLockSummary=0x1
06-29 10:13:24.625 1570 1870 D PowerManagerService: updateUserActivitySummaryLocked: groupId=0, mWakefulness=Awake, mUserActivitySummary=0x1, nextTimeout=158593 (in 58761 ms)
06-29 10:13:24.625 1570 1870 D PowerManagerNotifier: onScreenPolicyUpdate: newPolicy=3
06-29 10:13:24.625 1570 1870 D PowerManagerService: updateDisplayPowerStateLocked: displayReady=true, groupId=0, policy=BRIGHT, mWakefulness=Awake, mWakeLockSummary=0x1, mUserActivitySummary=0x1, mBootCompleted=true, screenBrightnessOverride=NaN, useAutoBrightness=false, mScreenBrightnessBoostInProgress=false, mIsVrModeEnabled= false, sQuiescent=false
06-29 10:13:24.625 1570 1870 D PowerManagerService: Acquiring suspend blocker "PowerManagerService.WakeLocks".
06-29 10:13:24.626 1570 1870 D PowerManagerNotifier: onWakeLockAcquired: flags=1, tag="PlatformComm", packageName=com.tencent.mm, ownerUid=10102, ownerPid=6867, workSource=null
06-29 10:13:24.797 1570 1570 I notification_enqueue: [10101,8309,com.tencent.android.qqdownloader,127,NULL,0,Notification(channel=channel_id_default_silent shortcut=null contentView=com.tencent.android.qqdownloader/0x7f0a01c2 vibrate=null sound=null defaults=0x0 flags=0x2a2 color=0x00000000 groupKey=com.tencent.android.qqdownloader vis=PRIVATE),1]
06-29 10:13:24.944 1570 1898 I input_interaction: Interaction with: c426fd3 com.android.launcher3/com.android.launcher3.uioverrides.QuickstepLauncher (server), c5a6843 com.android.systemui.ImageWallpaper (server), edge-swipe (server), swipe-up (server), PointerEventDispatcher0 (server),
06-29 10:13:24.945 1570 1898 D PowerManagerService: userActivityNoUpdateLocked: groupId=0, eventTime=100150, event=2, flags=0x0, uid=1000
06-29 10:13:24.945 1570 1898 D PowerManagerNotifier: onUserActivity: event=2, uid=1000
06-29 10:13:24.945 1570 1898 D PowerManagerService: updateUserActivitySummaryLocked: groupId=0, mWakefulness=Awake, mUserActivitySummary=0x1, nextTimeout=160150 (in 59998 ms)
06-29 10:13:24.945 1570 1898 D PowerManagerNotifier: onScreenPolicyUpdate: newPolicy=3
06-29 10:13:24.945 1570 1898 D PowerManagerService: updateDisplayPowerStateLocked: displayReady=true, groupId=0, policy=BRIGHT, mWakefulness=Awake, mWakeLockSummary=0x1, mUserActivitySummary=0x1, mBootCompleted=true, screenBrightnessOverride=NaN, useAutoBrightness=false, mScreenBrightnessBoostInProgress=false, mIsVrModeEnabled= false, sQuiescent=false
06-29 10:13:24.969 1570 1723 I am_pss : [3338,10078,com.qualcomm.location.XT,6743040,4534272,0,92717056,0,6,7]
06-29 10:13:24.998 1570 1570 I GameModeConfig: isGameModeOn = true
06-29 10:13:24.998 1570 1570 I GameModeConfig: isGaming = false
06-29 10:13:25.049 0 0 I : [ 100.252666] IRQ 5: no longer affine to CPU6
06-29 10:13:25.061 1570 1870 I thunderperf: PlatormCompat.setOverrides: Uid1=10075 Pid1=2667 Uid2=10075 Pid2=2667
06-29 10:13:25.061 1570 1870 I thunderperf: PlatormCompat.setOverrides: needCheck:false
06-29 10:13:25.061 1570 1870 I thunderperf: CompatConfig.addOverrideUnsafe: bef-state=1
06-29 10:13:25.061 1570 1870 I thunderperf: CompatConfig.addOverrideUnsafe: aft-state=0
06-29 10:13:25.063 1570 1870 I thunderperf: CompatConfig.addOverrideUnsafe: bef-state=1
06-29 10:13:25.063 1570 1870 I thunderperf: CompatConfig.addOverrideUnsafe: aft-state=0
06-29 10:13:25.064 1570 1870 I thunderperf: CompatConfig.addOverrideUnsafe: bef-state=1
06-29 10:13:25.064 1570 1870 I thunderperf: CompatConfig.addOverrideUnsafe: aft-state=0
06-29 10:13:25.064 1570 1870 I thunderperf: CompatConfig.addOverrideUnsafe: bef-state=1
06-29 10:13:25.065 1570 1870 I thunderperf: CompatConfig.addOverrideUnsafe: aft-state=0
06-29 10:13:25.065 1570 1870 I thunderperf: CompatConfig.addOverrideUnsafe: bef-state=1
06-29 10:13:25.065 1570 1870 I thunderperf: CompatConfig.addOverrideUnsafe: aft-state=0
06-29 10:13:25.066 1570 1870 I thunderperf: CompatConfig.addOverrideUnsafe: bef-state=1
06-29 10:13:25.066 1570 1870 I thunderperf: CompatConfig.addOverrideUnsafe: aft-state=0
06-29 10:13:25.066 1570 1870 I thunderperf: CompatConfig.addOverrideUnsafe: bef-state=1
06-29 10:13:25.066 1570 1870 I thunderperf: CompatConfig.addOverrideUnsafe: aft-state=0
06-29 10:13:25.067 1570 1870 I thunderperf: CompatConfig.addOverrideUnsafe: bef-state=1
06-29 10:13:25.067 1570 1870 I thunderperf: CompatConfig.addOverrideUnsafe: aft-state=0
06-29 10:13:25.068 1570 1870 I thunderperf: CompatConfig.addOverrideUnsafe: bef-state=1
06-29 10:13:25.068 1570 1870 I thunderperf: CompatConfig.addOverrideUnsafe: aft-state=0
06-29 10:13:25.068 1570 1870 I thunderperf: CompatConfig.addOverrideUnsafe: bef-state=1
06-29 10:13:25.068 1570 1870 I thunderperf: CompatConfig.addOverrideUnsafe: aft-state=0
06-29 10:13:25.070 1570 1870 I thunderperf: CompatConfig.addOverrideUnsafe: bef-state=1
06-29 10:13:25.070 1570 1870 I thunderperf: CompatConfig.addOverrideUnsafe: aft-state=0
06-29 10:13:25.070 1570 1870 I thunderperf: CompatConfig.addOverrideUnsafe: bef-state=1
06-29 10:13:25.070 1570 1870 I thunderperf: CompatConfig.addOverrideUnsafe: aft-state=0
06-29 10:13:25.071 1570 1870 I thunderperf: CompatConfig.addOverrideUnsafe: bef-state=1
06-29 10:13:25.071 1570 1870 I thunderperf: CompatConfig.addOverrideUnsafe: aft-state=0
06-29 10:13:25.072 1570 1870 I thunderperf: CompatConfig.addOverrideUnsafe: bef-state=1
06-29 10:13:25.072 1570 1870 I thunderperf: CompatConfig.addOverrideUnsafe: aft-state=0
06-29 10:13:25.095 1570 1870 I ActivityTaskManager: START u0 {act=android.intent.action.MAIN cat=[android.intent.category.LAUNCHER] flg=0x10200000 cmp=com.kugou.android/.app.splash.SplashActivity} from uid 10075
06-29 10:13:25.124 1570 1870 D ActivityTaskManager: TaskLaunchParamsModifier:task=null activity=ActivityRecord{a18da67 u0 com.kugou.android/.app.splash.SplashActivity taskAffinity=10115:android.task.kugou display-area-from-source=DefaultTaskDisplayArea@48565985 display-id=0 display-windowing-mode=1 suggested-display-area=DefaultTaskDisplayArea@48565985
06-29 10:13:25.128 1570 1870 D ActivityTaskManager: TaskLaunchParamsModifier:task=null activity=ActivityRecord{a18da67 u0 com.kugou.android/.app.splash.SplashActivity taskAffinity=10115:android.task.kugou t-1} display-area-from-source=DefaultTaskDisplayArea@48565985 display-id=0 display-windowing-mode=1 suggested-display-area=DefaultTaskDisplayArea@48565985 activity-options-bounds=Rect(12, 12 - 652, 986) non-freeform-display display-area=DefaultTaskDisplayArea@48565985
06-29 10:13:25.128 1570 1870 I wm_task_created: [169,-1]
06-29 10:13:25.128 1570 1870 W ActivityTaskManager: Can't find TaskDisplayArea to determine support for multi window. Task id=169 attached=false
06-29 10:13:25.129 1570 1870 D ActivityTaskManager: TaskLaunchParamsModifier:task=Task{1ca9014 #169 type=standard A=10115:android.task.kugou U=0 visible=false mode=freeform translucent=true sz=0 visible freeform task=true rootAffinity=10115:android.task.kugou isMini=false} activity=ActivityRecord{a18da67 u0 com.kugou.android/.app.splash.SplashActivity taskAffinity=10115:android.task.kugou t-1} display-area-from-source=DefaultTaskDisplayArea@48565985 display-id=0 display-windowing-mode=1 suggested-display-area=DefaultTaskDisplayArea@48565985 activity-options-bounds=Rect(12, 12 - 652, 986) non-freeform-display display-area=DefaultTaskDisplayArea@48565985
06-29 10:13:25.130 1570 1870 D CompatibilityChangeReporter: Compat change id reported: 174042980; UID 10115; state: DISABLED
06-29 10:13:25.130 1570 1870 D CompatibilityChangeReporter: Compat change id reported: 184838306; UID 10115; state: DISABLED
06-29 10:13:25.130 1570 1870 D CompatibilityChangeReporter: Compat change id reported: 185004937; UID 10115; state: DISABLED
06-29 10:13:25.131 1570 1870 D CompatibilityChangeReporter: Compat change id reported: 181136395; UID 10115; state: DISABLED
06-29 10:13:25.131 1570 1870 D CompatibilityChangeReporter: Compat change id reported: 174042936; UID 10115; state: DISABLED
06-29 10:13:25.132 1570 1870 I wm_task_moved: [169,1,6]
06-29 10:13:25.132 1570 1870 I wm_task_to_front: [0,169]
06-29 10:13:25.132 1570 1870 I wm_create_task: [0,169]
06-29 10:13:25.132 1570 1870 I wm_create_activity: [0,169400935,169,com.kugou.android/.app.splash.SplashActivity,android.intent.action.MAIN,NULL,NULL,270532608]
06-29 10:13:25.132 1570 1870 I wm_task_moved: [169,1,6]
06-29 10:13:25.132 1570 1870 D CompatibilityChangeReporter: Compat change id reported: 168419799; UID 10115; state: DISABLED
06-29 10:13:25.133 1570 1870 I ActivityTaskManager: FOREGROUND_APPLICATION_CHANGED to com.kugou.android.app.splash.SplashActivity
06-29 10:13:25.135 2667 2667 I wm_on_top_resumed_lost_called: [157777106,com.android.launcher3.uioverrides.QuickstepLauncher,topStateChangedWhenResumed]
06-29 10:13:25.135 1570 1717 I am_uid_running: 10115
06-29 10:13:25.136 1570 1717 D CompatibilityChangeReporter: Compat change id reported: 135634846; UID 10115; state: DISABLED
06-29 10:13:25.136 1570 1717 D CompatibilityChangeReporter: Compat change id reported: 177438394; UID 10115; state: DISABLED
06-29 10:13:25.136 1570 1717 D CompatibilityChangeReporter: Compat change id reported: 135772972; UID 10115; state: DISABLED
06-29 10:13:25.136 1570 1717 D CompatibilityChangeReporter: Compat change id reported: 135754954; UID 10115; state: DISABLED
06-29 10:13:25.136 1570 1725 D CompatibilityChangeReporter: Compat change id reported: 143937733; UID 10115; state: DISABLED
06-29 10:13:25.147 1570 1725 I am_proc_start: [0,9075,10115,com.kugou.android,top-activity,{com.kugou.android/com.kugou.android.app.splash.SplashActivity}]
06-29 10:13:25.147 1570 1725 I ActivityManager: Start proc 9075:com.kugou.android/u0a115 for top-activity {com.kugou.android/com.kugou.android.app.splash.SplashActivity}
06-29 10:13:25.156 0 0 I [ 100.362798] binder: 9075:9075 ioctl 40046210 7fe27a47d4 returned -22
06-29 10:13:25.158 1570 1870 I am_proc_bound: [0,9075,com.kugou.android]
06-29 10:13:25.161 1570 1870 I ActivityTaskManager: clear resize flag in freeform mode
06-29 10:13:25.161 1570 1870 I ActivityTaskManager: The Process com.kugou.android Already Exists in BG. So sending its PID: 9075
06-29 10:13:25.161 1570 1870 I wm_restart_activity: [0,169400935,169,com.kugou.android/.app.splash.SplashActivity]
06-29 10:13:25.162 1570 1870 I wm_set_resumed_activity: [0,com.kugou.android/.app.splash.SplashActivity,minimalResumeActivityLocked]
06-29 10:13:25.163 1570 1870 I am_uid_active: 10115
06-29 10:13:25.166 1570 1605 D PowerManagerService: releaseWakeLockInternal: lock=31695447 [PlatformComm], flags=0x0
06-29 10:13:25.166 1570 1605 D PowerManagerNotifier: onWakeLockReleased: flags=1, tag="PlatformComm", packageName=com.tencent.mm, ownerUid=10102, ownerPid=6867, workSource=null
06-29 10:13:25.167 1570 1605 D PowerManagerService: updateWakeLockSummaryLocked: mWakefulness=Awake, mWakeLockSummary=0x0
06-29 10:13:25.167 1570 1605 D PowerManagerService: updateUserActivitySummaryLocked: groupId=0, mWakefulness=Awake, mUserActivitySummary=0x1, nextTimeout=160150 (in 59776 ms)
06-29 10:13:25.167 1570 1605 D PowerManagerNotifier: onScreenPolicyUpdate: newPolicy=3
06-29 10:13:25.167 1570 1605 D PowerManagerService: updateDisplayPowerStateLocked: displayReady=true, groupId=0, policy=BRIGHT, mWakefulness=Awake, mWakeLockSummary=0x0, mUserActivitySummary=0x1, mBootCompleted=true, screenBrightnessOverride=NaN, useAutoBrightness=false, mScreenBrightnessBoostInProgress=false, mIsVrModeEnabled= false, sQuiescent=false
06-29 10:13:25.167 1570 1605 D PowerManagerService: Releasing suspend blocker "PowerManagerService.WakeLocks".
06-29 10:13:25.351 9075 9075 D ActivityThread: Loading provider com.kugou.android.kugouCommonPreferences: com.kugou.common.preferences.provider.CommonSharedPreferencesProvider
06-29 10:13:25.411 1570 3720 D CompatibilityChangeReporter: Compat change id reported: 149924527; UID 10115; state: ENABLED
06-29 10:13:25.411 1570 3720 D CompatibilityChangeReporter: Compat change id reported: 132649864; UID 10115; state: DISABLED
06-29 10:13:25.624 9075 9075 I wm_on_create_called: [169400935,com.kugou.android.app.splash.SplashActivity,performCreate]
06-29 10:13:25.641 9075 9075 I wm_on_start_called: [169400935,com.kugou.android.app.splash.SplashActivity,handleStartActivity]
06-29 10:13:25.642 9075 9075 I wm_on_resume_called: [169400935,com.kugou.android.app.splash.SplashActivity,RESUME_ACTIVITY]
06-29 10:13:25.647 1570 6929 W WindowManager: Failed looking up window session=Session{e71606b 9075:u0a10115} callers=com.android.server.wm.WindowManagerService.windowForClientLocked:5628 com.android.server.wm.Session.insetsModified:629 android.view.IWindowSession$Stub.onTransact:1151
06-29 10:13:25.648 9075 9075 I wm_on_top_resumed_gained_called: [169400935,com.kugou.android.app.splash.SplashActivity,topStateChangedWhenResumed]
06-29 10:13:25.669 1570 1718 I input_focus: [Focus request 43ae786 com.kugou.android/com.kugou.android.app.splash.SplashActivity,reason=UpdateInputWindows]
06-29 10:13:25.687 0 0 I [ 100.894161] binder: 9075:9148 ioctl 40046210 74aaa551f4 returned -22
06-29 10:13:25.696 1570 1898 I input_focus: [Focus leaving c426fd3 com.android.launcher3/com.android.launcher3.uioverrides.QuickstepLauncher (server),reason=Waiting for window because NOT_VISIBLE]
06-29 10:13:25.707 9075 9075 I auditd : type=1400 audit(0.0:2340): avc: granted { execute } for comm="AMS-loadSubDexA" path="/data/user/0/com.kugou.android/app_e_qq_com_plugin_new_69cdb90e184b6179c4f50a78f8e8a42e/libhippy.so" dev="dm-21" ino=52148 scontext=u:r:untrusted_app_27:s0:c115,c256,c512,c768 tcontext=u:object_r:app_data_file:s0:c115,c256,c512,c768 tclass=file app=com.kugou.android
06-29 10:13:25.713 1570 1724 V ActivityManager: Attempted to start a foreground service (com.kugou.android/com.kugou.framework.service.ipc.peripheral.connect.EmptyService) with a broken notification (no icon: Notification(channel=kg_normal shortcut=null contentView=null vibrate=null sound=null defaults=0x0 flags=0x40 color=0x00000000 vis=PRIVATE))
06-29 10:13:25.714 1570 1724 I ActivityManager: Deferring FGS notification in legacy app com.kugou.android/u0a115 : Notification(channel=kg_normal shortcut=null contentView=null vibrate=null sound=null defaults=0x0 flags=0x40 color=0x00000000 vis=PRIVATE)
06-29 10:13:25.730 1570 1717 I ActivityManager: Killing 2682:com.thundercomm.gamemode.provider/u0a64 (adj 925): empty #2
06-29 10:13:25.730 1570 1717 I am_kill : [0,2682,com.thundercomm.gamemode.provider,925,empty #2]
06-29 10:13:25.731 1570 1898 I input_focus: [Focus entering 43ae786 com.kugou.android/com.kugou.android.app.splash.SplashActivity (server),reason=Window became focusable. Previous reason: NOT_VISIBLE]
06-29 10:13:25.735 1570 1714 I sysui_multi_action: [319,621,322,620,325,100,757,761,758,7,759,2,806,com.kugou.android,871,com.kugou.android.app.splash.SplashActivity,904,com.android.launcher3,905,0,945,65,1320,17,1321,1]
06-29 10:13:25.735 1570 1714 I wm_activity_launch_time: [0,169400935,com.kugou.android/.app.splash.SplashActivity,620]
06-29 10:13:25.747 9075 9075 I auditd : type=1400 audit(0.0:2341): avc: granted { execute } for comm="AMS-loadSubDexA" path="/data/user/0/com.kugou.android/app_e_qq_com_plugin_new_69cdb90e184b6179c4f50a78f8e8a42e/libflexbox.so" dev="dm-21" ino=52155 scontext=u:r:untrusted_app_27:s0:c115,c256,c512,c768 tcontext=u:object_r:app_data_file:s0:c115,c256,c512,c768 tclass=file app=com.kugou.android
06-29 10:13:25.757 1570 1723 I am_pss : [3626,10131,com.baidu.input_hryt,94996480,82026496,0,213336064,0,7,10]
06-29 10:13:25.759 1570 1605 I am_proc_died: [0,2682,com.thundercomm.gamemode.provider,925,19]
06-29 10:13:25.759 1570 1605 I am_uid_stopped: 10064
06-29 10:13:25.787 1570 3720 D PowerManagerService: acquireWakeLockInternal: lock=217433664, flags=0x1, tag="i", ws=null, uid=10101, pid=8309
06-29 10:13:25.787 1570 3720 D PowerManagerService: updateWakeLockSummaryLocked: mWakefulness=Awake, mWakeLockSummary=0x1
06-29 10:13:25.787 1570 3720 D PowerManagerService: updateUserActivitySummaryLocked: groupId=0, mWakefulness=Awake, mUserActivitySummary=0x1, nextTimeout=160150 (in 59156 ms)
06-29 10:13:25.787 1570 3720 D PowerManagerNotifier: onScreenPolicyUpdate: newPolicy=3
06-29 10:13:25.788 1570 3720 D PowerManagerService: updateDisplayPowerStateLocked: displayReady=true, groupId=0, policy=BRIGHT, mWakefulness=Awake, mWakeLockSummary=0x1, mUserActivitySummary=0x1, mBootCompleted=true, screenBrightnessOverride=NaN, useAutoBrightness=false, mScreenBrightnessBoostInProgress=false, mIsVrModeEnabled= false, sQuiescent=false
06-29 10:13:25.788 1570 3720 D PowerManagerService: Acquiring suspend blocker "PowerManagerService.WakeLocks".
06-29 10:13:25.788 1570 3720 D PowerManagerNotifier: onWakeLockAcquired: flags=1, tag="i", packageName=com.tencent.android.qqdownloader, ownerUid=10101, ownerPid=8309, workSource=null
06-29 10:13:25.789 1570 1605 D PowerManagerService: acquireWakeLockInternal: lock=210573689, flags=0x1, tag="i", ws=null, uid=10101, pid=8309
06-29 10:13:25.789 1570 1605 D PowerManagerService: updateWakeLockSummaryLocked: mWakefulness=Awake, mWakeLockSummary=0x1
06-29 10:13:25.789 1570 1605 D PowerManagerService: updateUserActivitySummaryLocked: groupId=0, mWakefulness=Awake, mUserActivitySummary=0x1, nextTimeout=160150 (in 59154 ms)
06-29 10:13:25.789 1570 1605 D PowerManagerNotifier: onScreenPolicyUpdate: newPolicy=3
06-29 10:13:25.789 1570 1605 D PowerManagerService: updateDisplayPowerStateLocked: displayReady=true, groupId=0, policy=BRIGHT, mWakefulness=Awake, mWakeLockSummary=0x1, mUserActivitySummary=0x1, mBootCompleted=true, screenBrightnessOverride=NaN, useAutoBrightness=false, mScreenBrightnessBoostInProgress=false, mIsVrModeEnabled= false, sQuiescent=false
06-29 10:13:25.789 1570 1605 D PowerManagerNotifier: onWakeLockAcquired: flags=1, tag="i", packageName=com.tencent.android.qqdownloader, ownerUid=10101, ownerPid=8309, workSource=null
06-29 10:13:25.792 1570 3720 D PowerManagerService: acquireWakeLockInternal: lock=195056415, flags=0x1, tag="i", ws=null, uid=10101, pid=8309
06-29 10:13:25.792 1570 3720 D PowerManagerService: updateWakeLockSummaryLocked: mWakefulness=Awake, mWakeLockSummary=0x1
06-29 10:13:25.792 1570 3720 D PowerManagerService: updateUserActivitySummaryLocked: groupId=0, mWakefulness=Awake, mUserActivitySummary=0x1, nextTimeout=160150 (in 59151 ms)
06-29 10:13:25.792 1570 3720 D PowerManagerNotifier: onScreenPolicyUpdate: newPolicy=3
06-29 10:13:25.792 1570 3720 D PowerManagerService: updateDisplayPowerStateLocked: displayReady=true, groupId=0, policy=BRIGHT, mWakefulness=Awake, mWakeLockSummary=0x1, mUserActivitySummary=0x1, mBootCompleted=true, screenBrightnessOverride=NaN, useAutoBrightness=false, mScreenBrightnessBoostInProgress=false, mIsVrModeEnabled= false, sQuiescent=false
06-29 10:13:25.792 1570 3720 D PowerManagerNotifier: onWakeLockAcquired: flags=1, tag="i", packageName=com.tencent.android.qqdownloader, ownerUid=10101, ownerPid=8309, workSource=null
06-29 10:13:25.800 1570 1570 I notification_enqueue: [10101,8309,com.tencent.android.qqdownloader,127,NULL,0,Notification(channel=channel_id_default_silent shortcut=null contentView=com.tencent.android.qqdownloader/0x7f0a01c2 vibrate=null sound=null defaults=0x0 flags=0x2a2 color=0x00000000 groupKey=com.tencent.android.qqdownloader vis=PRIVATE),1]
06-29 10:13:25.818 1570 6929 D CompatibilityChangeReporter: Compat change id reported: 168419799; UID 10101; state: DISABLED
06-29 10:13:25.833 1570 8334 D PowerManagerService: acquireWakeLockInternal: lock=96345432, flags=0x1, tag="i", ws=null, uid=10101, pid=8309
06-29 10:13:25.833 1570 8334 D PowerManagerService: updateWakeLockSummaryLocked: mWakefulness=Awake, mWakeLockSummary=0x1
06-29 10:13:25.833 1570 8334 D PowerManagerService: updateUserActivitySummaryLocked: groupId=0, mWakefulness=Awake, mUserActivitySummary=0x1, nextTimeout=160150 (in 59110 ms)
06-29 10:13:25.833 1570 8334 D PowerManagerNotifier: onScreenPolicyUpdate: newPolicy=3
06-29 10:13:25.833 1570 8334 D PowerManagerService: updateDisplayPowerStateLocked: displayReady=true, groupId=0, policy=BRIGHT, mWakefulness=Awake, mWakeLockSummary=0x1, mUserActivitySummary=0x1, mBootCompleted=true, screenBrightnessOverride=NaN, useAutoBrightness=false, mScreenBrightnessBoostInProgress=false, mIsVrModeEnabled= false, sQuiescent=false
06-29 10:13:25.833 1570 8334 D PowerManagerNotifier: onWakeLockAcquired: flags=1, tag="i", packageName=com.tencent.android.qqdownloader, ownerUid=10101, ownerPid=8309, workSource=null
06-29 10:13:25.835 9075 9075 I auditd : type=1400 audit(0.0:2342): avc: denied { read } for comm="TuringFdCore_77" name="tcp" dev="proc" ino=4026532265 scontext=u:r:untrusted_app_27:s0:c115,c256,c512,c768 tcontext=u:object_r:proc_net_tcp_udp:s0 tclass=file permissive=0 app=com.kugou.android
06-29 10:13:25.835 9075 9075 I auditd : type=1400 audit(0.0:2343): avc: denied { read } for comm="TuringFdCore_77" name="tcp6" dev="proc" ino=4026533150 scontext=u:r:untrusted_app_27:s0:c115,c256,c512,c768 tcontext=u:object_r:proc_net_tcp_udp:s0 tclass=file permissive=0 app=com.kugou.android
06-29 10:13:25.879 1570 2465 D PowerManagerService: releaseWakeLockInternal: lock=195056415 [i], flags=0x0
06-29 10:13:25.880 1570 2465 D PowerManagerNotifier: onWakeLockReleased: flags=1, tag="i", packageName=com.tencent.android.qqdownloader, ownerUid=10101, ownerPid=8309, workSource=null
06-29 10:13:25.880 1570 2465 D PowerManagerService: updateWakeLockSummaryLocked: mWakefulness=Awake, mWakeLockSummary=0x1
06-29 10:13:25.880 1570 2465 D PowerManagerService: updateUserActivitySummaryLocked: groupId=0, mWakefulness=Awake, mUserActivitySummary=0x1, nextTimeout=160150 (in 59063 ms)
06-29 10:13:25.880 1570 2465 D PowerManagerNotifier: onScreenPolicyUpdate: newPolicy=3
06-29 10:13:25.880 1570 2465 D PowerManagerService: updateDisplayPowerStateLocked: displayReady=true, groupId=0, policy=BRIGHT, mWakefulness=Awake, mWakeLockSummary=0x1, mUserActivitySummary=0x1, mBootCompleted=true, screenBrightnessOverride=NaN, useAutoBrightness=false, mScreenBrightnessBoostInProgress=false, mIsVrModeEnabled= false, sQuiescent=false
06-29 10:13:25.898 1570 3720 D PowerManagerService: releaseWakeLockInternal: lock=217433664 [i], flags=0x0
06-29 10:13:25.898 1570 3720 D PowerManagerNotifier: onWakeLockReleased: flags=1, tag="i", packageName=com.tencent.android.qqdownloader, ownerUid=10101, ownerPid=8309, workSource=null
06-29 10:13:25.898 1570 3720 D PowerManagerService: updateWakeLockSummaryLocked: mWakefulness=Awake, mWakeLockSummary=0x1
06-29 10:13:25.898 1570 3720 D PowerManagerService: updateUserActivitySummaryLocked: groupId=0, mWakefulness=Awake, mUserActivitySummary=0x1, nextTimeout=160150 (in 59045 ms)
06-29 10:13:25.898 1570 3720 D PowerManagerNotifier: onScreenPolicyUpdate: newPolicy=3
06-29 10:13:25.898 1570 3720 D PowerManagerService: updateDisplayPowerStateLocked: displayReady=true, groupId=0, policy=BRIGHT, mWakefulness=Awake, mWakeLockSummary=0x1, mUserActivitySummary=0x1, mBootCompleted=true, screenBrightnessOverride=NaN, useAutoBrightness=false, mScreenBrightnessBoostInProgress=false, mIsVrModeEnabled= false, sQuiescent=false
06-29 10:13:25.926 1570 3720 D PowerManagerService: releaseWakeLockInternal: lock=210573689 [i], flags=0x0
06-29 10:13:25.926 1570 3720 D PowerManagerNotifier: onWakeLockReleased: flags=1, tag="i", packageName=com.tencent.android.qqdownloader, ownerUid=10101, ownerPid=8309, workSource=null
06-29 10:13:25.926 1570 3720 D PowerManagerService: updateWakeLockSummaryLocked: mWakefulness=Awake, mWakeLockSummary=0x1
06-29 10:13:25.926 1570 3720 D PowerManagerService: updateUserActivitySummaryLocked: groupId=0, mWakefulness=Awake, mUserActivitySummary=0x1, nextTimeout=160150 (in 59017 ms)
06-29 10:13:25.926 1570 3720 D PowerManagerNotifier: onScreenPolicyUpdate: newPolicy=3
06-29 10:13:25.926 1570 3720 D PowerManagerService: updateDisplayPowerStateLocked: displayReady=true, groupId=0, policy=BRIGHT, mWakefulness=Awake, mWakeLockSummary=0x1, mUserActivitySummary=0x1, mBootCompleted=true, screenBrightnessOverride=NaN, useAutoBrightness=false, mScreenBrightnessBoostInProgress=false, mIsVrModeEnabled= false, sQuiescent=false
06-29 10:13:25.929 1570 3720 D PowerManagerService: acquireWakeLockInternal: lock=60985122, flags=0x1, tag="i", ws=null, uid=10101, pid=8309
06-29 10:13:25.929 1570 3720 D PowerManagerService: updateWakeLockSummaryLocked: mWakefulness=Awake, mWakeLockSummary=0x1
06-29 10:13:25.929 1570 3720 D PowerManagerService: updateUserActivitySummaryLocked: groupId=0, mWakefulness=Awake, mUserActivitySummary=0x1, nextTimeout=160150 (in 59014 ms)
06-29 10:13:25.929 1570 3720 D PowerManagerNotifier: onScreenPolicyUpdate: newPolicy=3
06-29 10:13:25.929 1570 3720 D PowerManagerService: updateDisplayPowerStateLocked: displayReady=true, groupId=0, policy=BRIGHT, mWakefulness=Awake, mWakeLockSummary=0x1, mUserActivitySummary=0x1, mBootCompleted=true, screenBrightnessOverride=NaN, useAutoBrightness=false, mScreenBrightnessBoostInProgress=false, mIsVrModeEnabled= false, sQuiescent=false
06-29 10:13:25.929 1570 3720 D PowerManagerNotifier: onWakeLockAcquired: flags=1, tag="i", packageName=com.tencent.android.qqdownloader, ownerUid=10101, ownerPid=8309, workSource=null
06-29 10:13:25.965 1570 3720 D PowerManagerService: acquireWakeLockInternal: lock=169835955, flags=0x1, tag="i", ws=null, uid=10101, pid=8309
06-29 10:13:25.965 1570 3720 D PowerManagerService: updateWakeLockSummaryLocked: mWakefulness=Awake, mWakeLockSummary=0x1
