06-29 10:12:45.213 548 588 D vold : Disk at 252:15 changed
06-29 10:12:45.213 548 588 D vold : Disk at 252:15 changed
06-29 10:12:45.213 548 588 D vold : Disk at 252:8 changed
06-29 10:12:45.213 548 588 D vold : Disk at 252:8 changed
06-29 10:12:45.213 548 588 D vold : Disk at 252:2 changed
06-29 10:12:45.213 548 588 D vold : Disk at 252:2 changed
06-29 10:12:45.213 548 588 D vold : Disk at 252:11 changed
06-29 10:12:45.213 548 588 D vold : Disk at 252:11 changed
06-29 10:12:45.213 548 588 D vold : Disk at 252:2 changed
06-29 10:12:45.213 548 588 D vold : Disk at 252:2 changed
06-29 10:12:45.214 1570 1911 I StorageManagerService: Mounted volume VolumeInfo{emulated;0}:
06-29 10:12:45.214 1570 1911 I StorageManagerService: type=EMULATED diskId=null partGuid= mountFlags=PRIMARY|VISIBLE
06-29 10:12:45.214 1570 1911 I StorageManagerService: mountUserId=0 state=CHECKING
06-29 10:12:45.214 1570 1911 I StorageManagerService: fsType=null fsUuid=null fsLabel=null
06-29 10:12:45.214 1570 1911 I StorageManagerService: path=/storage/emulated internalPath=/data/media
06-29 10:12:45.218 1570 1911 I StorageSessionController: Notifying volume state changed for session with id: emulated;0
06-29 10:12:45.225 1570 3583 D CompatibilityChangeReporter: Compat change id reported: 135634846; UID 10101; state: DISABLED
06-29 10:12:45.225 1570 3583 D CompatibilityChangeReporter: Compat change id reported: 177438394; UID 10101; state: DISABLED
06-29 10:12:45.225 1570 3583 D CompatibilityChangeReporter: Compat change id reported: 135772972; UID 10101; state: DISABLED
06-29 10:12:45.225 1570 3583 D CompatibilityChangeReporter: Compat change id reported: 135754954; UID 10101; state: DISABLED
06-29 10:12:45.225 1570 1725 D CompatibilityChangeReporter: Compat change id reported: 143937733; UID 10101; state: DISABLED
06-29 10:12:45.239 0 0 I [ 60.443817] [schedu][0x4839da1e][10: 12:45.236892] wlan: [2309:I:HIF] Deinitializing Runtime PM wakelock &vdev->vdev_set_key_runtime_wakelock
06-29 10:12:45.241 0 0 I [ 60.444124] [schedu][0x4839f133][10: 12:45.237200] wlan: [2309:I:HIF] Initializing Runtime PM wakelock &vdev->vdev_set_key_runtime_wakelock
06-29 10:12:45.250 0 0 I [ 60.454217] [wifi@1][0x483ce624][10: 12:45.247292] wlan: [863:I:DP] dp_vdev_attach_wifi3: wlan_cfg_ap_bridge_enabled 0
06-29 10:12:45.247 863 863 D android.hardware.wifi@1.0-service: Successfully SetMacAddress.
06-29 10:12:45.250 1570 2995 I service_manager_slow: [14,account]
06-29 10:12:45.253 1570 1570 I GameModeConfig: isGameModeOn = true
06-29 10:12:45.253 1570 1570 I GameModeConfig: isGaming = false
06-29 10:12:45.255 1570 1725 I am_proc_start: [0,3687,10101,com.tencent.android.qqdownloader,content provider,{com.tencent.android.qqdownloader/com.tencent.assistant.db.contentprovider.WallpaperProvider}]
06-29 10:12:45.255 1570 1725 I ActivityManager: Start proc 3687:com.tencent.android.qqdownloader/u0a101 for content provider {com.tencent.android.qqdownloader/com.tencent.assistant.db.contentprovider.WallpaperProvider}
06-29 10:12:45.261 0 0 E [ 60.467781] [wifi@1][0x4840df7c][10: 12:45.260857] wlan: [2491:E:wifipos] wifi_pos_process_app_reg_req: 608: Received App Req Req pid(-880802977), len(16)
06-29 10:12:45.261 0 0 I [ 60.467970] [wifi@1][0x4840eda0][10: 12:45.261045] wlan: [2491:I:wifipos] wifi_pos_get_ch_info: 461: num channels: 26
06-29 10:12:45.261 0 0 I [ 60.468133] [wifi@1][0x4840f903][10: 12:45.261197] wlan: [2491:I:wifipos] wifi_pos_get_ch_info: 461: num channels: 26
06-29 10:12:45.262 1570 1911 I StorageSessionController: Notifying volume state changed for session with id: emulated;0
06-29 10:12:45.266 1570 2109 I PreBootBroadcaster: Pre-boot of {com.android.providers.contacts/com.android.providers.contacts.ContactsUpgradeReceiver} for user 0
06-29 10:12:45.266 1570 2109 I am_pre_boot: [0,com.android.providers.contacts]
06-29 10:12:45.267 1570 1911 I StorageSessionController: Notifying volume state changed for session with id: emulated;0
06-29 10:12:45.269 1245 1245 W wificond: Scan is not started. Ignore abort request
06-29 10:12:45.277 1570 2109 I ActivityManager: Killing 2640:com.android.settings/1000 (adj 915): empty #2
06-29 10:12:45.277 1570 2109 I am_kill : [0,2640,com.android.settings,915,empty #2]
06-29 10:12:45.284 1570 1570 I notification_enqueue: [1000,1570,android,13,PreBootBroadcaster,0,Notification(channel=UPDATES shortcut=null contentView=null vibrate=null sound=null tick defaults=0x0 flags=0x2 color=0x00000000 vis=PUBLIC),1]
06-29 10:12:45.287 3545 3545 W PackageParsing: Ignoring duplicate uses-permissions/uses-permissions-sdk-m: android.permission.CAMERA in package: com.tencent.android.qqdownloader at: Binary XML file line #170
06-29 10:12:45.287 3545 3545 W PackageParsing: Ignoring duplicate uses-permissions/uses-permissions-sdk-m: android.permission.ACCESS_NETWORK_STATE in package: com.tencent.android.qqdownloader at: Binary XML file line #171
06-29 10:12:45.287 3545 3545 W PackageParsing: Ignoring duplicate uses-permissions/uses-permissions-sdk-m: android.permission.ACCESS_WIFI_STATE in package: com.tencent.android.qqdownloader at: Binary XML file line #172
06-29 10:12:45.287 3545 3545 W PackageParsing: Ignoring duplicate uses-permissions/uses-permissions-sdk-m: android.permission.CHANGE_WIFI_STATE in package: com.tencent.android.qqdownloader at: Binary XML file line #173
06-29 10:12:45.287 3545 3545 W PackageParsing: Ignoring duplicate uses-permissions/uses-permissions-sdk-m: android.permission.CHANGE_NETWORK_STATE in package: com.tencent.android.qqdownloader at: Binary XML file line #177
06-29 10:12:45.287 3545 3545 W PackageParsing: Ignoring duplicate uses-permissions/uses-permissions-sdk-m: android.permission.INTERNET in package: com.tencent.android.qqdownloader at: Binary XML file line #178
06-29 10:12:45.287 3545 3545 W PackageParsing: Ignoring duplicate uses-permissions/uses-permissions-sdk-m: android.permission.WRITE_EXTERNAL_STORAGE in package: com.tencent.android.qqdownloader at: Binary XML file line #182
06-29 10:12:45.287 3545 3545 W PackageParsing: Ignoring duplicate uses-permissions/uses-permissions-sdk-m: android.permission.INTERNET in package: com.tencent.android.qqdownloader at: Binary XML file line #240
06-29 10:12:45.288 3545 3545 W PackageParsing: Ignoring duplicate uses-permissions/uses-permissions-sdk-m: android.permission.ACCESS_COARSE_LOCATION in package: com.tencent.android.qqdownloader at: Binary XML file line #241
06-29 10:12:45.288 3545 3545 W PackageParsing: Ignoring duplicate uses-permissions/uses-permissions-sdk-m: android.permission.ACCESS_FINE_LOCATION in package: com.tencent.android.qqdownloader at: Binary XML file line #242
06-29 10:12:45.288 3545 3545 W PackageParsing: Ignoring duplicate uses-permissions/uses-permissions-sdk-m: android.permission.ACCESS_NETWORK_STATE in package: com.tencent.android.qqdownloader at: Binary XML file line #243
06-29 10:12:45.288 3545 3545 W PackageParsing: Ignoring duplicate uses-permissions/uses-permissions-sdk-m: android.permission.ACCESS_WIFI_STATE in package: com.tencent.android.qqdownloader at: Binary XML file line #244
06-29 10:12:45.288 3545 3545 W PackageParsing: Ignoring duplicate uses-permissions/uses-permissions-sdk-m: android.permission.CAMERA in package: com.tencent.android.qqdownloader at: Binary XML file line #246
06-29 10:12:45.288 3545 3545 W PackageParsing: Ignoring duplicate uses-permissions/uses-permissions-sdk-m: android.permission.WRITE_EXTERNAL_STORAGE in package: com.tencent.android.qqdownloader at: Binary XML file line #247
06-29 10:12:45.289 3545 3545 W PackageParsing: No actions in intent-filter at /data/user/0/com.tencent.android.qqdownloader/files/shell/8_8454130_1346/base.apk Binary XML file line #444
06-29 10:12:45.287 3426 3426 I auditd : type=1400 audit(0.0:103): avc: granted { execute } for comm="temporary-1" path="/data/user/0/com.tencent.android.qqdownloader/files/shell/8_8454130_1346/lib/arm64-v8a/libmarsxlog.so" dev="dm-21" ino=39388 scontext=u:r:untrusted_app_27:s0:c512,c768 tcontext=u:object_r:app_data_file:s0:c512,c768 tclass=file app=com.tencent.android.qqdownloader
06-29 10:12:45.291 3545 3545 W PackageParsing: No actions in intent-filter at /data/user/0/com.tencent.android.qqdownloader/files/shell/8_8454130_1346/base.apk Binary XML file line #464
06-29 10:12:45.292 3545 3545 W PackageParsing: No actions in intent-filter at /data/user/0/com.tencent.android.qqdownloader/files/shell/8_8454130_1346/base.apk Binary XML file line #501
06-29 10:12:45.292 3545 3545 W PackageParsing: No actions in intent-filter at /data/user/0/com.tencent.android.qqdownloader/files/shell/8_8454130_1346/base.apk Binary XML file line #537
06-29 10:12:45.292 3545 3545 W PackageParsing: No actions in intent-filter at /data/user/0/com.tencent.android.qqdownloader/files/shell/8_8454130_1346/base.apk Binary XML file line #573
06-29 10:12:45.292 3545 3545 W PackageParsing: No actions in intent-filter at /data/user/0/com.tencent.android.qqdownloader/files/shell/8_8454130_1346/base.apk Binary XML file line #609
06-29 10:12:45.294 1570 2995 D CompatibilityChangeReporter: Compat change id reported: 168419799; UID 10093; state: DISABLED
06-29 10:12:45.295 3545 3545 W PackageParsing: No actions in intent-filter at /data/user/0/com.tencent.android.qqdownloader/files/shell/8_8454130_1346/base.apk Binary XML file line #1712
06-29 10:12:45.296 1570 2995 I ActivityManager: Killing 3606:com.android.providers.calendar/u0a36 (adj 905): empty #2
06-29 10:12:45.297 1570 2995 I am_kill : [0,3606,com.android.providers.calendar,905,empty #2]
06-29 10:12:45.302 1570 1570 D PowerManagerService: acquireWakeLockInternal: lock=138030978, flags=0x1, tag="*job*/com.android.providers.media.module/com.android.providers.media.MediaService", ws=WorkSource{10093}, uid=1000, pid=1570
06-29 10:12:45.302 1570 2485 I PreBootBroadcaster: Pre-boot of {com.android.providers.media.module/com.android.providers.media.MediaUpgradeReceiver} for user 0
06-29 10:12:45.302 1570 1570 D PowerManagerService: updateWakeLockSummaryLocked: mWakefulness=Awake, mWakeLockSummary=0x1
06-29 10:12:45.302 1570 2485 I am_pre_boot: [0,com.android.providers.media.module]
06-29 10:12:45.302 1570 1570 D PowerManagerService: updateUserActivitySummaryLocked: groupId=0, mWakefulness=Awake, mUserActivitySummary=0x1, nextTimeout=119202 (in 58693 ms)
06-29 10:12:45.302 1570 1570 D PowerManagerNotifier: onScreenPolicyUpdate: newPolicy=3
06-29 10:12:45.302 1570 1570 D PowerManagerService: updateDisplayPowerStateLocked: displayReady=true, groupId=0, policy=BRIGHT, mWakefulness=Awake, mWakeLockSummary=0x1, mUserActivitySummary=0x1, mBootCompleted=true, screenBrightnessOverride=NaN, useAutoBrightness=false, mScreenBrightnessBoostInProgress=false, mIsVrModeEnabled= false, sQuiescent=false
06-29 10:12:45.302 1570 1570 D PowerManagerNotifier: onWakeLockAcquired: flags=1, tag="*job*/com.android.providers.media.module/com.android.providers.media.MediaService", packageName=android, ownerUid=1000, ownerPid=1570, workSource=WorkSource{10093}
06-29 10:12:45.304 1570 1570 I notification_enqueue: [1000,1570,android,13,PreBootBroadcaster,0,Notification(channel=UPDATES shortcut=null contentView=null vibrate=null sound=null tick defaults=0x0 flags=0x2 color=0x00000000 vis=PUBLIC),1]
06-29 10:12:45.307 3545 3545 I auditd : type=1400 audit(0.0:104): avc: granted { execute } for comm="temporary-1" path="/data/user/0/com.tencent.android.qqdownloader/files/shell/8_8454130_1346/lib/arm64-v8a/libmarsxlog.so" dev="dm-21" ino=39388 scontext=u:r:untrusted_app_27:s0:c512,c768 tcontext=u:object_r:app_data_file:s0:c512,c768 tclass=file app=com.tencent.android.qqdownloader
06-29 10:12:45.322 0 0 W [ 60.528566] audit: audit_lost=1 audit_rate_limit=5 audit_backlog_limit=64
06-29 10:12:45.322 0 0 E [ 60.528570] audit: rate limit exceeded
06-29 10:12:45.323 1570 1911 D StorageManagerService: Volume emulated;0 broadcasting mounted to UserHandle{0}
06-29 10:12:45.326 1570 2485 I PreBootBroadcaster: Pre-boot of {com.android.settings/com.android.settings.SettingsInitialize} for user 0
06-29 10:12:45.326 1570 2485 I am_pre_boot: [0,com.android.settings]
06-29 10:12:45.326 1570 2485 I am_uid_running: 10026
06-29 10:12:45.326 1570 2485 D CompatibilityChangeReporter: Compat change id reported: 135634846; UID 10026; state: DISABLED
06-29 10:12:45.326 1570 2485 D CompatibilityChangeReporter: Compat change id reported: 177438394; UID 10026; state: DISABLED
06-29 10:12:45.326 1570 2485 D CompatibilityChangeReporter: Compat change id reported: 135772972; UID 10026; state: DISABLED
06-29 10:12:45.326 1570 2485 D CompatibilityChangeReporter: Compat change id reported: 135754954; UID 10026; state: ENABLED
06-29 10:12:45.327 1570 1725 D CompatibilityChangeReporter: Compat change id reported: 143937733; UID 10026; state: ENABLED
06-29 10:12:45.328 1570 1911 D StorageManagerService: Volume emulated;0 broadcasting mounted to UserHandle{0}
06-29 10:12:45.328 1570 1570 I notification_enqueue: [1000,1570,android,13,PreBootBroadcaster,0,Notification(channel=UPDATES shortcut=null contentView=null vibrate=null sound=null tick defaults=0x0 flags=0x2 color=0x00000000 vis=PUBLIC),1]
06-29 10:12:45.338 1570 2995 I am_proc_died: [0,2640,com.android.settings,915,19]
06-29 10:12:45.339 1570 1717 W ActivityManager: setHasOverlayUi called on unknown pid: 2640
06-29 10:12:45.355 1570 2017 D CompatibilityChangeReporter: Compat change id reported: 149924527; UID 10093; state: ENABLED
06-29 10:12:45.355 1570 2017 D CompatibilityChangeReporter: Compat change id reported: 132649864; UID 10093; state: DISABLED
06-29 10:12:45.356 1570 2026 I am_proc_died: [0,3606,com.android.providers.calendar,905,19]
06-29 10:12:45.357 0 0 I [ 60.562504] binder: 3687:3687 ioctl 40046210 7fe27a47d4 returned -22
06-29 10:12:45.356 1570 2026 I am_uid_stopped: 10036
06-29 10:12:45.360 1570 2995 I am_proc_bound: [0,3687,com.tencent.android.qqdownloader]
06-29 10:12:45.365 1570 1725 I am_proc_start: [0,3721,10026,com.android.externalstorage,broadcast,{com.android.externalstorage/com.android.externalstorage.MountReceiver}]
06-29 10:12:45.373 0 0 I [ 60.578300] binder: 3721:3721 ioctl 40046210 7fe27a47d4 returned -22
06-29 10:12:45.369 1570 1725 I ActivityManager: Start proc 3721:com.android.externalstorage/u0a26 for broadcast {com.android.externalstorage/com.android.externalstorage.MountReceiver}
06-29 10:12:45.379 1570 2026 I am_proc_bound: [0,3721,com.android.externalstorage]
06-29 10:12:45.383 1570 2017 D CompatibilityChangeReporter: Compat change id reported: 182734110; UID 10093; state: DISABLED
06-29 10:12:45.399 1570 3583 D CompatibilityChangeReporter: Compat change id reported: 172100307; UID 10093; state: DISABLED
06-29 10:12:45.421 0 0 I [ 60.627776] [wpa_su][0x486fbf0b][10: 12:45.420851] wlan: [2578:I:SME] vdev-0: Connecting to H3C_350304 38:a9:1c:35:03:09 rssi: -49 freq: 5180 akm 9 cipher: uc 6 mc 5, CC: CN
06-29 10:12:45.421 0 0 E [ 60.627808] [wpa_su][0x486fc191][10: 12:45.420885] wlan: [2578:E:QDF] Cannot malloc 0 bytes @ csr_get_cfg_max_tx_power:14199
06-29 10:12:45.423 0 0 I [ 60.628724] [schedu][0x487005e4][10: 12:45.421796] wlan: [2309:I:WMI] send_vdev_start_cmd_tlv: 1062: send_vdev_start_cmd_tlv: vdev_id 0 freq 5180 chanmode 10 ch_info: 0xa is_dfs 0 beacon interval 100 dtim 0 center_chan 5210 center_freq2 0 reg_info_1: 0x170000 reg_info_2: 0x1700, req->max_txpow: 0x17 Tx SS 1, Rx SS 1, ldpc_rx: 0, cac 0, regd 4, HE ops: 0req->dis_hw_ack: 0
06-29 10:12:45.451 0 0 I [ 60.656867] [soft_i][0x48784305][10: 12:45.449919] wlan: [0:I:TXRX] HTT_T2H_MSG_TYPE_PEER_MAP msg for peer id 8 vdev id 0 n
06-29 10:12:45.451 0 0 E [ 60.656897] [soft_i][0x487846fd][10: 12:45.449970] wlan: [0:E:DP] dp_peer_find_add_id: peer 0000000000000000 ID 8 vid 0 mac 38:a9:1c:35:03:09
06-29 10:12:45.451 0 0 I [ 60.656910] [soft_i][0x48784817][10: 12:45.449985] wlan: [0:I:DP] dp_peer_find_add_id: ref_cnt: 2
06-29 10:12:45.451 0 0 E [ 60.656922] [soft_i][0x487848ed][10: 12:45.449996] wlan: [0:E:DP] dp_peer_map_ast: peer 0000000000000000 ID 62 vid 0 mac 38:a9:1c:35:03:09
06-29 10:12:45.462 1570 2485 D CompatibilityChangeReporter: Compat change id reported: 135634846; UID 1000; state: DISABLED
06-29 10:12:45.462 1570 2485 D CompatibilityChangeReporter: Compat change id reported: 177438394; UID 1000; state: DISABLED
06-29 10:12:45.462 1570 2485 D CompatibilityChangeReporter: Compat change id reported: 135772972; UID 1000; state: DISABLED
06-29 10:12:45.462 1570 2485 D CompatibilityChangeReporter: Compat change id reported: 135754954; UID 1000; state: ENABLED
06-29 10:12:45.463 1570 2485 I ActivityManager: Killing 3632:com.android.keychain/1000 (adj 905): empty #2
06-29 10:12:45.463 1570 2485 I am_kill : [0,3632,com.android.keychain,905,empty #2]
06-29 10:12:45.469 1570 1725 I am_proc_start: [0,3777,1000,com.android.settings,broadcast,{com.android.settings/com.android.settings.SettingsInitialize}]
06-29 10:12:45.469 1570 1725 I ActivityManager: Start proc 3777:com.android.settings/1000 for broadcast {com.android.settings/com.android.settings.SettingsInitialize}
06-29 10:12:45.485 1570 2017 D CompatibilityChangeReporter: Compat change id reported: 135634846; UID 10101; state: DISABLED
06-29 10:12:45.485 1570 2017 D CompatibilityChangeReporter: Compat change id reported: 177438394; UID 10101; state: DISABLED
06-29 10:12:45.485 1570 2017 D CompatibilityChangeReporter: Compat change id reported: 135772972; UID 10101; state: DISABLED
06-29 10:12:45.485 1570 2017 D CompatibilityChangeReporter: Compat change id reported: 135754954; UID 10101; state: DISABLED
06-29 10:12:45.485 1570 1725 D CompatibilityChangeReporter: Compat change id reported: 143937733; UID 10101; state: DISABLED
06-29 10:12:45.486 1570 1570 I GameModeConfig: isGameModeOn = true
06-29 10:12:45.486 1570 1570 I GameModeConfig: isGaming = false
06-29 10:12:45.490 1570 2485 I am_proc_died: [0,3632,com.android.keychain,905,19]
06-29 10:12:45.497 0 0 I [ 60.702636] binder: 3777:3777 ioctl 40046210 7fe27a47d4 returned -22
06-29 10:12:45.498 1570 1725 I am_proc_start: [0,3789,10101,com.tencent.android.qqdownloader:cloud,service,{com.tencent.android.qqdownloader/com.live.watermelon.service.SentryAlphaService}]
06-29 10:12:45.498 1570 1725 I ActivityManager: Start proc 3789:com.tencent.android.qqdownloader:cloud/u0a101 for service {com.tencent.android.qqdownloader/com.live.watermelon.service.SentryAlphaService}
06-29 10:12:45.504 1570 1570 I GameModeConfig: isGameModeOn = true
06-29 10:12:45.504 1570 1570 I GameModeConfig: isGaming = false
06-29 10:12:45.506 1570 2026 I am_proc_bound: [0,3777,com.android.settings]
06-29 10:12:45.507 1570 2026 D CompatibilityChangeReporter: Compat change id reported: 168419799; UID 1000; state: DISABLED
06-29 10:12:45.512 0 0 I [ 60.717600] binder: 3789:3789 ioctl 40046210 7fe27a47d4 returned -22
06-29 10:12:45.513 1570 2017 I am_proc_bound: [0,3789,com.tencent.android.qqdownloader:cloud]
06-29 10:12:45.530 1570 1570 I GameModeConfig: isGameModeOn = true
06-29 10:12:45.530 1570 1570 I GameModeConfig: isGaming = false
06-29 10:12:45.562 0 0 I [ 60.766305] binder: 3836:3836 ioctl 40046210 7fc2336034 returned -22
06-29 10:12:45.568 0 0 I [ 60.772922] [schedu][0x489a4512][10: 12:45.565998] wlan: [2309:I:PE] Auth TX: seq 1 seq num 2049 status 0 WEP 0 to 38:a9:1c:35:03:09
06-29 10:12:45.568 0 0 I [ 60.774071] [schedu][0x489a9b34][10: 12:45.567146] wlan: [2309:I:PE] Auth TX: success
06-29 10:12:45.568 0 0 I [ 60.774571] [schedu][0x489ac0d0][10: 12:45.567648] wlan: [2309:I:PE] Auth RX: vdev 0 sys role 3 lim_state 5 from 38:a9:1c:35:03:09 rssi -45 auth_alg 0 seq 1410
06-29 10:12:45.568 0 0 I [ 60.774648] [schedu][0x489ac693][10: 12:45.567725] wlan: [2309:I:PE] Assoc req TX: vdev 0 to 38:a9:1c:35:03:09 seq num 2050
06-29 10:12:45.572 0 0 I [ 60.776904] [schedu][0x489b6f9e][10: 12:45.569979] wlan: [2309:I:PE] Assoc req TX: success
06-29 10:12:45.572 0 0 I [ 60.777696] [schedu][0x489bab1f][10: 12:45.570772] wlan: [2309:I:PE] Assoc rsp RX: subtype 0 vdev 0 sys role 3 lim state 10 rssi -42 from 38:a9:1c:35:03:09
06-29 10:12:45.584 0 0 I [ 60.784987] [soft_i][0x489dcd9a][10: 12:45.578058] wlan: [0:I:DP] dp_addba_requestprocess_wifi3 restore BA win 64 based on addba req
06-29 10:12:45.584 0 0 E [ 60.786869] [schedu][0x489e5ac8][10: 12:45.579941] wlan: [2309:E:QDF] Cannot malloc 0 bytes @ csr_get_cfg_max_tx_power:14199
06-29 10:12:45.584 0 0 E [ 60.786885] [schedu][0x489e5c36][10: 12:45.579960] wlan: [2309:E:QDF] Cannot malloc 0 bytes @ csr_get_cfg_max_tx_power:14199
06-29 10:12:45.584 0 0 E [ 60.787702] [soft_i][0x489e9942][10: 12:45.580774] wlan: [0:E:DP] dp_tx_initialize_threshold: tx flow control threshold is set, pool size is 4096
06-29 10:12:45.584 0 0 I [ 60.787798] [schedu][0x489ea09b][10: 12:45.580872] wlan: [2309:I:HDD] wlan0(vdevid-0): 9a:c8:73:4b:8b:af connected to 38:a9:1c:35:03:09
06-29 10:12:45.589 0 0 I [ 60.793779] [dp_rx_][0x48a06157][10: 12:45.586855] wlan: [2328:I:QDF] EAPOL-1 RX: SA:38:a9:1c:35:03:09 DA:9a:c8:73:4b:8b:af
06-29 10:12:45.593 1570 1959 D PowerManagerService: acquireWakeLockInternal: lock=38478618, flags=0x1, tag="NetworkStats", ws=null, uid=1000, pid=1570
06-29 10:12:45.593 1570 1959 D PowerManagerService: updateWakeLockSummaryLocked: mWakefulness=Awake, mWakeLockSummary=0x1
06-29 10:12:45.593 1570 1959 D PowerManagerService: updateUserActivitySummaryLocked: groupId=0, mWakefulness=Awake, mUserActivitySummary=0x1, nextTimeout=119202 (in 58402 ms)
06-29 10:12:45.593 1570 1959 D PowerManagerNotifier: onScreenPolicyUpdate: newPolicy=3
06-29 10:12:45.593 1570 1959 D PowerManagerService: updateDisplayPowerStateLocked: displayReady=true, groupId=0, policy=BRIGHT, mWakefulness=Awake, mWakeLockSummary=0x1, mUserActivitySummary=0x1, mBootCompleted=true, screenBrightnessOverride=NaN, useAutoBrightness=false, mScreenBrightnessBoostInProgress=false, mIsVrModeEnabled= false, sQuiescent=false
06-29 10:12:45.593 1570 1959 D PowerManagerNotifier: onWakeLockAcquired: flags=1, tag="NetworkStats", packageName=android, ownerUid=1000, ownerPid=1570, workSource=null
06-29 10:12:45.601 0 0 I [ 60.807987] [soft_i][0x48a48a41][10: 12:45.601054] wlan: [0:I:QDF] EAPOL-2 TX: SA:9a:c8:73:4b:8b:af DA:38:a9:1c:35:03:09 msdu_id:0 status: succ
06-29 10:12:45.606 0 0 I [ 60.812901] [dp_rx_][0x48a5fb5c][10: 12:45.605975] wlan: [2328:I:QDF] EAPOL-3 RX: SA:38:a9:1c:35:03:09 DA:9a:c8:73:4b:8b:af
06-29 10:12:45.599 1245 1245 I wificond: Regulatory domain changed to country: CN on wiphy_index: 0
06-29 10:12:45.600 1245 1245 I wificond: 2.4Ghz frequencies: 2412 2417 2422 2427 2432 2437 2442 2447 2452 2457 2462 2467 2472
06-29 10:12:45.600 1245 1245 I wificond: 5Ghz non-DFS frequencies: 5180 5200 5220 5240 5745 5765 5785 5805 5825
06-29 10:12:45.600 1245 1245 I wificond: 5Ghz DFS frequencies: 5260 5280 5300 5320
06-29 10:12:45.600 1245 1245 I wificond: 6Ghz frequencies:
06-29 10:12:45.600 1245 1245 I wificond: 60Ghz frequencies:
06-29 10:12:45.608 1570 1959 I netstats_mobile_sample: [0,0,0,0,0,0,0,0,0,0,0,0,1688004765608]
06-29 10:12:45.608 1570 1959 I netstats_wifi_sample: [0,0,0,0,0,0,0,0,0,0,0,0,1688004765608]
06-29 10:12:45.608 1570 1959 D PowerManagerService: releaseWakeLockInternal: lock=38478618 [NetworkStats], flags=0x0
06-29 10:12:45.608 1570 1959 D PowerManagerNotifier: onWakeLockReleased: flags=1, tag="NetworkStats", packageName=android, ownerUid=1000, ownerPid=1570, workSource=null
06-29 10:12:45.609 1570 1959 D PowerManagerService: updateWakeLockSummaryLocked: mWakefulness=Awake, mWakeLockSummary=0x1
06-29 10:12:45.609 1570 1959 D PowerManagerService: updateUserActivitySummaryLocked: groupId=0, mWakefulness=Awake, mUserActivitySummary=0x1, nextTimeout=119202 (in 58386 ms)
06-29 10:12:45.609 1570 1959 D PowerManagerNotifier: onScreenPolicyUpdate: newPolicy=3
06-29 10:12:45.609 1570 1959 D PowerManagerService: updateDisplayPowerStateLocked: displayReady=true, groupId=0, policy=BRIGHT, mWakefulness=Awake, mWakeLockSummary=0x1, mUserActivitySummary=0x1, mBootCompleted=true, screenBrightnessOverride=NaN, useAutoBrightness=false, mScreenBrightnessBoostInProgress=false, mIsVrModeEnabled= false, sQuiescent=false
06-29 10:12:45.636 0 0 E [ 60.841396] [schedu][0x48ae5494][10: 12:45.634471] wlan: [2309:E:QDF] Cannot malloc 0 bytes @ csr_get_cfg_max_tx_power:14199
06-29 10:12:45.639 0 0 I [ 60.844797] [soft_i][0x48af5318][10: 12:45.637865] wlan: [0:I:QDF] EAPOL-4 TX: SA:9a:c8:73:4b:8b:af DA:38:a9:1c:35:03:09 msdu_id:0 status: succ
06-29 10:12:45.649 0 0 I [ 60.852319] [schedu][0x48b187da][10: 12:45.645395] wlan: [2309:I:WMI] LFR3:OKC enabled
06-29 10:12:45.649 0 0 I [ 60.852322] [schedu][0x48b18825][10: 12:45.645399] wlan: [2309:I:WMI] LFR3:PMKSA caching enabled
06-29 10:12:45.651 1570 2026 D CompatibilityChangeReporter: Compat change id reported: 149924527; UID 10101; state: ENABLED
06-29 10:12:45.651 1570 2026 D CompatibilityChangeReporter: Compat change id reported: 132649864; UID 10101; state: DISABLED
06-29 10:12:45.664 0 0 I [ 60.871080] [soft_i][0x48b706d3][10: 12:45.664155] wlan: [0:I:DP] dp_addba_requestprocess_wifi3 restore BA win 64 based on addba req
06-29 10:12:45.703 1570 2995 I uc_finish_user_unlocked_completed: 0
06-29 10:12:45.703 1570 1724 I ssm_user_unlocked: 0
06-29 10:12:45.703 1570 2995 I ActivityManager: Posting BOOT_COMPLETED user #0
06-29 10:12:45.703 1570 1724 I SystemServerTimingAsync: ssm.UnlockedUser-0
06-29 10:12:45.703 1570 1724 I SystemServiceManager: Calling onUnlockedUser 0
06-29 10:12:45.703 1570 1724 I SystemServerTimingAsync: ssm.onUnlockedUser-0_com.android.server.security.FileIntegrityService
06-29 10:12:45.703 1570 1724 I SystemServerTimingAsync: ssm.onUnlockedUser-0_com.android.server.pm.Installer
06-29 10:12:45.703 1570 1724 I SystemServerTimingAsync: ssm.onUnlockedUser-0_com.android.server.os.DeviceIdentifiersPolicyService
06-29 10:12:45.703 1570 1724 I SystemServerTimingAsync: ssm.onUnlockedUser-0_com.android.server.uri.UriGrantsManagerService$Lifecycle
06-29 10:12:45.704 1570 1724 I SystemServerTimingAsync: ssm.onUnlockedUser-0_com.android.server.powerstats.PowerStatsService
06-29 10:12:45.704 1570 1724 I SystemServerTimingAsync: ssm.onUnlockedUser-0_com.android.server.wm.ActivityTaskManagerService$Lifecycle
06-29 10:12:45.704 1570 1724 I LaunchParamsPersister: Didn't find launch param folder for user 0
06-29 10:12:45.704 1570 2995 I am_uid_running: 10018
06-29 10:12:45.704 1570 1724 I SystemServerTimingAsync: ssm.onUnlockedUser-0_com.android.server.am.ActivityManagerService$Lifecycle
06-29 10:12:45.704 1570 1724 I SystemServerTimingAsync: ssm.onUnlockedUser-0_com.android.server.pm.DataLoaderManagerService
06-29 10:12:45.704 1570 1724 I SystemServerTimingAsync: ssm.onUnlockedUser-0_com.android.server.power.PowerManagerService
06-29 10:12:45.704 1570 1724 I SystemServerTimingAsync: ssm.onUnlockedUser-0_com.android.server.power.ThermalManagerService
06-29 10:12:45.704 1570 1724 I SystemServerTimingAsync: ssm.onUnlockedUser-0_com.android.server.power.hint.HintManagerService
06-29 10:12:45.704 1570 1724 I SystemServerTimingAsync: ssm.onUnlockedUser-0_com.android.server.recoverysystem.RecoverySystemService$Lifecycle
06-29 10:12:45.704 1570 1724 I SystemServerTimingAsync: ssm.onUnlockedUser-0_com.android.server.lights.LightsService
06-29 10:12:45.704 1570 1724 I SystemServerTimingAsync: ssm.onUnlockedUser-0_com.android.server.display.DisplayManagerService
06-29 10:12:45.704 1570 1724 I SystemServerTimingAsync: ssm.onUnlockedUser-0_com.android.server.pm.verify.domain.DomainVerificationService
06-29 10:12:45.704 1570 2995 D CompatibilityChangeReporter: Compat change id reported: 135634846; UID 10018; state: DISABLED
06-29 10:12:45.704 1570 1724 I SystemServerTimingAsync: ssm.onUnlockedUser-0_com.android.server.pm.PackageInstallerService$Lifecycle
06-29 10:12:45.704 1570 1724 I SystemServerTimingAsync: ssm.onUnlockedUser-0_com.android.server.pm.UserManagerService$LifeCycle
06-29 10:12:45.704 1570 2995 D CompatibilityChangeReporter: Compat change id reported: 177438394; UID 10018; state: DISABLED
06-29 10:12:45.704 1570 1724 I SystemServerTimingAsync: ssm.onUnlockedUser-0_com.android.server.om.OverlayManagerService
06-29 10:12:45.704 1570 1724 I SystemServerTimingAsync: ssm.onUnlockedUser-0_com.android.server.SensorPrivacyService
06-29 10:12:45.704 1570 1724 I SystemServerTimingAsync: ssm.onUnlockedUser-0_com.android.server.thunderperf.ThunderBoostPerfService
06-29 10:12:45.704 1570 1724 I SystemServerTimingAsync: ssm.onUnlockedUser-0_com.android.server.sensors.SensorService
06-29 10:12:45.704 1570 2995 D CompatibilityChangeReporter: Compat change id reported: 135772972; UID 10018; state: DISABLED
06-29 10:12:45.704 1570 1724 I SystemServerTimingAsync: ssm.onUnlockedUser-0_com.android.server.SystemConfigService
06-29 10:12:45.704 1570 1724 I SystemServerTimingAsync: ssm.onUnlockedUser-0_com.android.server.BatteryService
06-29 10:12:45.704 1570 1724 I SystemServerTimingAsync: ssm.onUnlockedUser-0_com.android.server.usage.UsageStatsService
06-29 10:12:45.704 1570 1724 I SystemServerTimingAsync: ssm.onUnlockedUser-0_com.android.server.webkit.WebViewUpdateService
06-29 10:12:45.704 1570 2995 D CompatibilityChangeReporter: Compat change id reported: 135754954; UID 10018; state: ENABLED
06-29 10:12:45.704 1570 1724 I SystemServerTimingAsync: ssm.onUnlockedUser-0_com.android.server.CachedDeviceStateService
06-29 10:12:45.704 1570 1724 I SystemServerTimingAsync: ssm.onUnlockedUser-0_com.android.server.BinderCallsStatsService$LifeCycle
06-29 10:12:45.704 1570 1724 I SystemServerTimingAsync: ssm.onUnlockedUser-0_com.android.server.LooperStatsService$Lifecycle
06-29 10:12:45.704 1570 1724 I SystemServerTimingAsync: ssm.onUnlockedUser-0_com.android.server.rollback.RollbackManagerService
06-29 10:12:45.704 1570 1724 I SystemServerTimingAsync: ssm.onUnlockedUser-0_com.android.server.os.NativeTombstoneManagerService
06-29 10:12:45.704 1570 1724 I SystemServerTimingAsync: ssm.onUnlockedUser-0_com.android.server.os.BugreportManagerService
06-29 10:12:45.704 1570 1724 I SystemServerTimingAsync: ssm.onUnlockedUser-0_com.android.server.gpu.GpuService
06-29 10:12:45.704 1570 1724 I SystemServerTimingAsync: ssm.onUnlockedUser-0_com.android.server.security.KeyChainSystemService
06-29 10:12:45.704 1570 1724 I SystemServerTimingAsync: ssm.onUnlockedUser-0_com.android.server.telecom.TelecomLoaderService
06-29 10:12:45.704 1570 1724 I SystemServerTimingAsync: ssm.onUnlockedUser-0_com.android.server.accounts.AccountManagerService$Lifecycle
06-29 10:12:45.704 1570 1724 I SystemServerTimingAsync: ssm.onUnlockedUser-0_com.android.server.content.ContentService$Lifecycle
06-29 10:12:45.704 1570 1724 I SystemServerTimingAsync: ssm.onUnlockedUser-0_com.android.server.DropBoxManagerService
06-29 10:12:45.704 1570 1724 I SystemServerTimingAsync: ssm.onUnlockedUser-0_com.android.role.RoleService
06-29 10:12:45.704 1570 1724 I SystemServerTimingAsync: ssm.onUnlockedUser-0_com.android.server.vibrator.VibratorManagerService$Lifecycle
06-29 10:12:45.704 1570 1724 I SystemServerTimingAsync: ssm.onUnlockedUser-0_com.android.server.alarm.AlarmManagerService
06-29 10:12:45.704 1570 1724 I SystemServerTimingAsync: ssm.onUnlockedUser-0_com.android.server.devicestate.DeviceStateManagerService
06-29 10:12:45.704 1570 1724 I SystemServerTimingAsync: ssm.onUnlockedUser-0_com.android.server.camera.CameraServiceProxy
06-29 10:12:45.704 1570 1724 I SystemServerTimingAsync: ssm.onUnlockedUser-0_com.android.server.BluetoothService
06-29 10:12:45.704 1570 1724 I SystemServerTimingAsync: ssm.onUnlockedUser-0_com.android.server.connectivity.IpConnectivityMetrics
06-29 10:12:45.704 1570 1724 I SystemServerTimingAsync: ssm.onUnlockedUser-0_com.android.server.net.watchlist.NetworkWatchlistService$Lifecycle
06-29 10:12:45.704 1570 1724 I SystemServerTimingAsync: ssm.onUnlockedUser-0_com.android.server.PinnerService
06-29 10:12:45.704 1570 1724 I SystemServerTimingAsync: ssm.onUnlockedUser-0_com.google.android.startop.iorap.IorapForwardingService
06-29 10:12:45.704 1570 1724 I SystemServerTimingAsync: ssm.onUnlockedUser-0_com.android.server.ActivityTriggerService
06-29 10:12:45.705 1570 1724 I SystemServerTimingAsync: ssm.onUnlockedUser-0_com.android.server.integrity.AppIntegrityManagerService
06-29 10:12:45.705 1570 1724 I SystemServerTimingAsync: ssm.onUnlockedUser-0_com.android.server.inputmethod.InputMethodManagerService$Lifecycle
06-29 10:12:45.705 1570 1724 I SystemServerTimingAsync: ssm.onUnlockedUser-0_com.android.server.accessibility.AccessibilityManagerService$Lifecycle
06-29 10:12:45.705 1570 1724 I SystemServerTimingAsync: ssm.onUnlockedUser-0_com.android.server.StorageManagerService$Lifecycle
06-29 10:12:45.705 1570 1570 I sysui_multi_action: [757,128,758,5,759,8,793,1170,794,0,795,376,796,13,797,PreBootBroadcaster,806,android,857,UPDATES,858,2,947,0,1500,376,1688,1]
06-29 10:12:45.705 1570 1724 I SystemServerTimingAsync: ssm.onUnlockedUser-0_com.android.server.usage.StorageStatsService$Lifecycle
06-29 10:12:45.705 1570 1724 I SystemServerTimingAsync: ssm.onUnlockedUser-0_com.android.server.UiModeManagerService
06-29 10:12:45.705 1570 1724 I SystemServerTimingAsync: ssm.onUnlockedUser-0_com.android.server.locksettings.LockSettingsService$Lifecycle
06-29 10:12:45.705 1570 1724 I SystemServerTimingAsync: ssm.onUnlockedUser-0_com.android.server.PersistentDataBlockService
06-29 10:12:45.705 1570 1724 I SystemServerTimingAsync: ssm.onUnlockedUser-0_com.android.server.testharness.TestHarnessModeService
06-29 10:12:45.705 1570 1724 I SystemServerTimingAsync: ssm.onUnlockedUser-0_com.android.server.oemlock.OemLockService
06-29 10:12:45.705 1570 1724 I SystemServerTimingAsync: ssm.onUnlockedUser-0_com.android.server.DeviceIdleController
06-29 10:12:45.705 1570 1724 I SystemServerTimingAsync: ssm.onUnlockedUser-0_com.android.server.devicepolicy.DevicePolicyManagerService$Lifecycle
06-29 10:12:45.705 1570 1724 I SystemServerTimingAsync: ssm.onUnlockedUser-0_com.android.server.texttospeech.TextToSpeechManagerService
06-29 10:12:45.705 1570 1724 I SystemServerTimingAsync: ssm.onUnlockedUser-0_com.android.server.speech.SpeechRecognitionManagerService
06-29 10:12:45.705 1570 1724 I SystemServerTimingAsync: ssm.onUnlockedUser-0_com.android.server.searchui.SearchUiManagerService
06-29 10:12:45.705 1570 1724 I SystemServerTimingAsync: ssm.onUnlockedUser-0_com.android.server.smartspace.SmartspaceManagerService
06-29 10:12:45.705 1570 1724 I SystemServerTimingAsync: ssm.onUnlockedUser-0_com.android.server.graphics.fonts.FontManagerService$Lifecycle
06-29 10:12:45.705 1570 1724 I SystemServerTimingAsync: ssm.onUnlockedUser-0_com.android.server.textservices.TextServicesManagerService$Lifecycle
06-29 10:12:45.705 1570 1724 I SystemServerTimingAsync: ssm.onUnlockedUser-0_com.android.server.textclassifier.TextClassificationManagerService$Lifecycle
06-29 10:12:45.705 1570 1570 I notification_canceled: [0|android|13|PreBootBroadcaster|1000,8,1170,376,0,-1,-1,NULL]
06-29 10:12:45.705 1570 1724 I SystemServerTimingAsync: ssm.onUnlockedUser-0_com.android.server.NetworkScoreService$Lifecycle
06-29 10:12:45.705 1570 1724 I SystemServerTimingAsync: ssm.onUnlockedUser-0_com.android.server.wifi.WifiService
06-29 10:12:45.705 1570 1724 I SystemServerTimingAsync: ssm.onUnlockedUser-0_com.android.server.wifi.scanner.WifiScanningService
06-29 10:12:45.705 1570 1724 I SystemServerTimingAsync: ssm.onUnlockedUser-0_com.android.server.wifi.rtt.RttService
06-29 10:12:45.705 1570 1724 I SystemServerTimingAsync: ssm.onUnlockedUser-0_com.android.server.wifi.aware.WifiAwareService
06-29 10:12:45.705 1570 1724 I SystemServerTimingAsync: ssm.onUnlockedUser-0_com.android.server.wifi.p2p.WifiP2pService
06-29 10:12:45.705 1570 1724 I SystemServerTimingAsync: ssm.onUnlockedUser-0_com.android.server.ethernet.EthernetService
06-29 10:12:45.705 1570 1724 I SystemServerTimingAsync: ssm.onUnlockedUser-0_com.android.server.ConnectivityServiceInitializer
06-29 10:12:45.705 1570 1724 I SystemServerTimingAsync: ssm.onUnlockedUser-0_com.android.server.notification.NotificationManagerService
06-29 10:12:45.705 1570 1724 I SystemServerTimingAsync: ssm.onUnlockedUser-0_com.android.server.storage.DeviceStorageMonitorService
06-29 10:12:45.705 1570 1724 I SystemServerTimingAsync: ssm.onUnlockedUser-0_com.android.server.location.LocationManagerService$Lifecycle
06-29 10:12:45.705 1570 1724 I SystemServerTimingAsync: ssm.onUnlockedUser-0_com.android.server.timedetector.TimeDetectorService$Lifecycle
06-29 10:12:45.705 1570 1724 I SystemServerTimingAsync: ssm.onUnlockedUser-0_com.android.server.timezonedetector.TimeZoneDetectorService$Lifecycle
06-29 10:12:45.705 1570 1724 I SystemServerTimingAsync: ssm.onUnlockedUser-0_com.android.server.timezonedetector.location.LocationTimeZoneManagerService$Lifecycle
06-29 10:12:45.705 1570 1724 I SystemServerTimingAsync: ssm.onUnlockedUser-0_com.android.server.search.SearchManagerService$Lifecycle
06-29 10:12:45.705 1570 1724 I SystemServerTimingAsync: ssm.onUnlockedUser-0_com.android.server.wallpaper.WallpaperManagerService$Lifecycle
06-29 10:12:45.705 1570 1724 I SystemServerTimingAsync: ssm.onUnlockedUser-0_com.android.server.audio.AudioService$Lifecycle
06-29 10:12:45.705 1570 1724 I SystemServerTimingAsync: ssm.onUnlockedUser-0_com.android.server.soundtrigger_middleware.SoundTriggerMiddlewareService$Lifecycle
06-29 10:12:45.705 1570 1724 I SystemServerTimingAsync: ssm.onUnlockedUser-0_com.android.server.DockObserver
06-29 10:12:45.705 1570 1724 I SystemServerTimingAsync: ssm.onUnlockedUser-0_com.android.server.midi.MidiService$Lifecycle
06-29 10:12:45.705 1570 1724 I SystemServerTimingAsync: ssm.onUnlockedUser-0_com.android.server.adb.AdbService$Lifecycle
06-29 10:12:45.705 1570 1724 I SystemServerTimingAsync: ssm.onUnlockedUser-0_com.android.server.usb.UsbService$Lifecycle
06-29 10:12:45.705 1570 1724 I SystemServerTimingAsync: ssm.onUnlockedUser-0_com.android.server.twilight.TwilightService
06-29 10:12:45.705 1570 1724 I SystemServerTimingAsync: ssm.onUnlockedUser-0_com.android.server.display.color.ColorDisplayService
06-29 10:12:45.705 1570 1724 I SystemServerTimingAsync: ssm.onUnlockedUser-0_com.android.server.job.JobSchedulerService
06-29 10:12:45.705 1570 2995 I ActivityManager: Killing 3721:com.android.externalstorage/u0a26 (adj 905): empty #2
06-29 10:12:45.705 1570 1724 I SystemServerTimingAsync: ssm.onUnlockedUser-0_com.android.server.soundtrigger.SoundTriggerService
06-29 10:12:45.705 1570 1724 I SystemServerTimingAsync: ssm.onUnlockedUser-0_com.android.server.trust.TrustManagerService
06-29 10:12:45.705 1570 1724 I SystemServerTimingAsync: ssm.onUnlockedUser-0_com.android.server.backup.BackupManagerService$Lifecycle
06-29 10:12:45.705 1570 1724 I SystemServerTimingAsync: ssm.onUnlockedUser-0_com.android.server.appwidget.AppWidgetService
06-29 10:12:45.705 1570 2995 I am_kill : [0,3721,com.android.externalstorage,905,empty #2]
06-29 10:12:45.705 1570 1724 I SystemServerTimingAsync: ssm.onUnlockedUser-0_com.android.server.voiceinteraction.VoiceInteractionManagerService
06-29 10:12:45.705 1570 1724 I SystemServerTimingAsync: ssm.onUnlockedUser-0_com.android.server.apphibernation.AppHibernationService
06-29 10:12:45.705 1570 1724 I SystemServerTimingAsync: ssm.onUnlockedUser-0_com.android.server.SensorNotificationService
06-29 10:12:45.705 1570 1724 I SystemServerTimingAsync: ssm.onUnlockedUser-0_com.android.server.emergency.EmergencyAffordanceService
06-29 10:12:45.705 1570 1724 I SystemServerTimingAsync: ssm.onUnlockedUser-0_com.android.server.blob.BlobStoreManagerService
06-29 10:12:45.705 1570 1724 I SystemServerTimingAsync: ssm.onUnlockedUser-0_com.android.server.dreams.DreamManagerService
06-29 10:12:45.705 1570 1724 I SystemServerTimingAsync: ssm.onUnlockedUser-0_com.android.server.companion.CompanionDeviceManagerService
06-29 10:12:45.705 1570 1724 I SystemServerTimingAsync: ssm.onUnlockedUser-0_com.android.server.restrictions.RestrictionsManagerService
06-29 10:12:45.705 1570 1724 I SystemServerTimingAsync: ssm.onUnlockedUser-0_com.android.server.media.MediaSessionService
06-29 10:12:45.705 1570 1724 I SystemServerTimingAsync: ssm.onUnlockedUser-0_com.android.server.media.MediaResourceMonitorService
06-29 10:12:45.705 1570 1724 I SystemServerTimingAsync: ssm.onUnlockedUser-0_com.android.server.biometrics.sensors.fingerprint.FingerprintService
06-29 10:12:45.705 1570 1724 I SystemServerTimingAsync: ssm.onUnlockedUser-0_com.android.server.biometrics.BiometricService
06-29 10:12:45.705 1570 1724 I SystemServerTimingAsync: ssm.onUnlockedUser-0_com.android.server.biometrics.AuthService
06-29 10:12:45.705 1570 1724 I SystemServerTimingAsync: ssm.onUnlockedUser-0_com.android.server.pm.ShortcutService$Lifecycle
06-29 10:12:45.705 1570 1724 I SystemServerTimingAsync: ssm.onUnlockedUser-0_com.android.server.pm.LauncherAppsService
06-29 10:12:45.705 1570 1724 I SystemServerTimingAsync: ssm.onUnlockedUser-0_com.android.server.pm.CrossProfileAppsService
06-29 10:12:45.705 1570 1724 I SystemServerTimingAsync: ssm.onUnlockedUser-0_com.android.server.people.PeopleService
06-29 10:12:45.706 1570 1724 I SystemServerTimingAsync: ssm.onUnlockedUser-0_com.android.server.media.metrics.MediaMetricsManagerService
06-29 10:12:45.706 1570 1724 I SystemServerTimingAsync: ssm.onUnlockedUser-0_com.android.server.media.projection.MediaProjectionManagerService
06-29 10:12:45.706 1570 1724 I SystemServerTimingAsync: ssm.onUnlockedUser-0_com.android.server.slice.SliceManagerService$Lifecycle
06-29 10:12:45.706 1570 1724 I SystemServerTimingAsync: ssm.onUnlockedUser-0_com.android.server.stats.StatsCompanion$Lifecycle
06-29 10:12:45.706 1570 1724 I SystemServerTimingAsync: ssm.onUnlockedUser-0_com.android.server.scheduling.RebootReadinessManagerService$Lifecycle
06-29 10:12:45.706 1570 1724 I SystemServerTimingAsync: ssm.onUnlockedUser-0_com.android.server.stats.pull.StatsPullAtomService
06-29 10:12:45.706 1570 1724 I SystemServerTimingAsync: ssm.onUnlockedUser-0_com.android.server.incident.IncidentCompanionService
06-29 10:12:45.706 1570 1724 I SystemServerTimingAsync: ssm.onUnlockedUser-0_com.android.server.MmsServiceBroker
06-29 10:12:45.706 1570 1724 I SystemServerTimingAsync: ssm.onUnlockedUser-0_com.android.server.autofill.AutofillManagerService
06-29 10:12:45.706 1570 1724 I SystemServerTimingAsync: ssm.onUnlockedUser-0_com.android.server.clipboard.ClipboardService
06-29 10:12:45.706 1570 1724 I SystemServerTimingAsync: ssm.onUnlockedUser-0_com.android.server.appbinding.AppBindingService$Lifecycle
06-29 10:12:45.706 1570 1724 I SystemServerTimingAsync: ssm.onUnlockedUser-0_com.android.server.tracing.TracingServiceProxy
06-29 10:12:45.706 1570 1724 I SystemServerTimingAsync: ssm.onUnlockedUser-0_com.android.server.policy.PermissionPolicyService
06-29 10:12:45.706 1570 1724 I SystemServerTimingAsync: ssm.onUnlockedUser-0_com.android.server.pm.StagingManager$Lifecycle
06-29 10:12:45.706 1570 1724 I SystemServerTimingAsync: ssm.onUnlockedUser-0_com.android.server.app.GameManagerService$Lifecycle
06-29 10:12:45.706 1570 1724 I SystemServerTimingAsync: ssm.onUnlockedUser-0_com.android.server.appsearch.AppSearchManagerService
06-29 10:12:45.706 1570 1724 I SystemServerTimingAsync: ssm.onUnlockedUser-0_com.android.server.media.MediaCommunicationService
06-29 10:12:45.706 1570 1724 W ActivityManager: UserLifecycleEvent 6 received without an active userJourneySession.
06-29 10:12:45.706 1570 1725 D CompatibilityChangeReporter: Compat change id reported: 143937733; UID 10018; state: ENABLED
06-29 10:12:45.715 1570 1570 D CompatibilityChangeReporter: Compat change id reported: 175319604; UID 10080; state: ENABLED
06-29 10:12:45.719 1570 1570 D CompatibilityChangeReporter: Compat change id reported: 175319604; UID 10094; state: DISABLED
06-29 10:12:45.723 3789 3789 W PackageParsing: Ignoring duplicate uses-permissions/uses-permissions-sdk-m: android.permission.CAMERA in package: com.tencent.android.qqdownloader at: Binary XML file line #170
06-29 10:12:45.723 3789 3789 W PackageParsing: Ignoring duplicate uses-permissions/uses-permissions-sdk-m: android.permission.ACCESS_NETWORK_STATE in package: com.tencent.android.qqdownloader at: Binary XML file line #171
06-29 10:12:45.723 3789 3789 W PackageParsing: Ignoring duplicate uses-permissions/uses-permissions-sdk-m: android.permission.ACCESS_WIFI_STATE in package: com.tencent.android.qqdownloader at: Binary XML file line #172
06-29 10:12:45.723 3789 3789 W PackageParsing: Ignoring duplicate uses-permissions/uses-permissions-sdk-m: android.permission.CHANGE_WIFI_STATE in package: com.tencent.android.qqdownloader at: Binary XML file line #173
06-29 10:12:45.723 3789 3789 W PackageParsing: Ignoring duplicate uses-permissions/uses-permissions-sdk-m: android.permission.CHANGE_NETWORK_STATE in package: com.tencent.android.qqdownloader at: Binary XML file line #177
06-29 10:12:45.723 3789 3789 W PackageParsing: Ignoring duplicate uses-permissions/uses-permissions-sdk-m: android.permission.INTERNET in package: com.tencent.android.qqdownloader at: Binary XML file line #178
06-29 10:12:45.723 3789 3789 W PackageParsing: Ignoring duplicate uses-permissions/uses-permissions-sdk-m: android.permission.WRITE_EXTERNAL_STORAGE in package: com.tencent.android.qqdownloader at: Binary XML file line #182
06-29 10:12:45.723 3789 3789 W PackageParsing: Ignoring duplicate uses-permissions/uses-permissions-sdk-m: android.permission.INTERNET in package: com.tencent.android.qqdownloader at: Binary XML file line #240
06-29 10:12:45.723 3789 3789 W PackageParsing: Ignoring duplicate uses-permissions/uses-permissions-sdk-m: android.permission.ACCESS_COARSE_LOCATION in package: com.tencent.android.qqdownloader at: Binary XML file line #241
06-29 10:12:45.723 3789 3789 W PackageParsing: Ignoring duplicate uses-permissions/uses-permissions-sdk-m: android.permission.ACCESS_FINE_LOCATION in package: com.tencent.android.qqdownloader at: Binary XML file line #242
06-29 10:12:45.724 3789 3789 W PackageParsing: Ignoring duplicate uses-permissions/uses-permissions-sdk-m: android.permission.ACCESS_NETWORK_STATE in package: com.tencent.android.qqdownloader at: Binary XML file line #243
06-29 10:12:45.724 3789 3789 W PackageParsing: Ignoring duplicate uses-permissions/uses-permissions-sdk-m: android.permission.ACCESS_WIFI_STATE in package: com.tencent.android.qqdownloader at: Binary XML file line #244
06-29 10:12:45.724 3789 3789 W PackageParsing: Ignoring duplicate uses-permissions/uses-permissions-sdk-m: android.permission.CAMERA in package: com.tencent.android.qqdownloader at: Binary XML file line #246
06-29 10:12:45.724 3789 3789 W PackageParsing: Ignoring duplicate uses-permissions/uses-permissions-sdk-m: android.permission.WRITE_EXTERNAL_STORAGE in package: com.tencent.android.qqdownloader at: Binary XML file line #247
06-29 10:12:45.727 3789 3789 W PackageParsing: No actions in intent-filter at /data/user/0/com.tencent.android.qqdownloader/files/shell/8_8454130_1346/base.apk Binary XML file line #444
06-29 10:12:45.727 3789 3789 W PackageParsing: No actions in intent-filter at /data/user/0/com.tencent.android.qqdownloader/files/shell/8_8454130_1346/base.apk Binary XML file line #464
06-29 10:12:45.727 3789 3789 W PackageParsing: No actions in intent-filter at /data/user/0/com.tencent.android.qqdownloader/files/shell/8_8454130_1346/base.apk Binary XML file line #501
06-29 10:12:45.727 3789 3789 W PackageParsing: No actions in intent-filter at /data/user/0/com.tencent.android.qqdownloader/files/shell/8_8454130_1346/base.apk Binary XML file line #537
06-29 10:12:45.728 3789 3789 W PackageParsing: No actions in intent-filter at /data/user/0/com.tencent.android.qqdownloader/files/shell/8_8454130_1346/base.apk Binary XML file line #573
06-29 10:12:45.728 3789 3789 W PackageParsing: No actions in intent-filter at /data/user/0/com.tencent.android.qqdownloader/files/shell/8_8454130_1346/base.apk Binary XML file line #609
06-29 10:12:45.731 3789 3789 W PackageParsing: No actions in intent-filter at /data/user/0/com.tencent.android.qqdownloader/files/shell/8_8454130_1346/base.apk Binary XML file line #1712
06-29 10:12:45.735 3777 3913 I service_manager_slow: [37,shortcut]
06-29 10:12:45.736 3687 3687 W PackageParsing: Ignoring duplicate uses-permissions/uses-permissions-sdk-m: android.permission.CAMERA in package: com.tencent.android.qqdownloader at: Binary XML file line #170
06-29 10:12:45.736 3687 3687 W PackageParsing: Ignoring duplicate uses-permissions/uses-permissions-sdk-m: android.permission.ACCESS_NETWORK_STATE in package: com.tencent.android.qqdownloader at: Binary XML file line #171
06-29 10:12:45.736 3687 3687 W PackageParsing: Ignoring duplicate uses-permissions/uses-permissions-sdk-m: android.permission.ACCESS_WIFI_STATE in package: com.tencent.android.qqdownloader at: Binary XML file line #172
06-29 10:12:45.736 3687 3687 W PackageParsing: Ignoring duplicate uses-permissions/uses-permissions-sdk-m: android.permission.CHANGE_WIFI_STATE in package: com.tencent.android.qqdownloader at: Binary XML file line #173
06-29 10:12:45.736 3687 3687 W PackageParsing: Ignoring duplicate uses-permissions/uses-permissions-sdk-m: android.permission.CHANGE_NETWORK_STATE in package: com.tencent.android.qqdownloader at: Binary XML file line #177
06-29 10:12:45.736 3687 3687 W PackageParsing: Ignoring duplicate uses-permissions/uses-permissions-sdk-m: android.permission.INTERNET in package: com.tencent.android.qqdownloader at: Binary XML file line #178
06-29 10:12:45.736 3687 3687 W PackageParsing: Ignoring duplicate uses-permissions/uses-permissions-sdk-m: android.permission.WRITE_EXTERNAL_STORAGE in package: com.tencent.android.qqdownloader at: Binary XML file line #182
06-29 10:12:45.737 3687 3687 W PackageParsing: Ignoring duplicate uses-permissions/uses-permissions-sdk-m: android.permission.INTERNET in package: com.tencent.android.qqdownloader at: Binary XML file line #240
