06-29 10:12:57.546 1570 1604 D PowerManagerService: updateWakeLockSummaryLocked: mWakefulness=Awake, mWakeLockSummary=0x1
06-29 10:12:57.546 1570 1604 D PowerManagerService: updateUserActivitySummaryLocked: groupId=0, mWakefulness=Awake, mUserActivitySummary=0x1, nextTimeout=119202 (in 46449 ms)
06-29 10:12:57.547 1570 1604 D PowerManagerNotifier: onScreenPolicyUpdate: newPolicy=3
06-29 10:12:57.547 1570 1604 D PowerManagerService: updateDisplayPowerStateLocked: displayReady=true, groupId=0, policy=BRIGHT, mWakefulness=Awake, mWakeLockSummary=0x1, mUserActivitySummary=0x1, mBootCompleted=true, screenBrightnessOverride=NaN, useAutoBrightness=false, mScreenBrightnessBoostInProgress=false, mIsVrModeEnabled= false, sQuiescent=false
06-29 10:12:57.547 1570 1604 D PowerManagerNotifier: onWakeLockAcquired: flags=1, tag="i", packageName=com.tencent.android.qqdownloader, ownerUid=10101, ownerPid=3545, workSource=null
06-29 10:12:57.619 1570 1604 D PowerManagerService: releaseWakeLockInternal: lock=125683234 [i], flags=0x0
06-29 10:12:57.619 1570 1604 D PowerManagerNotifier: onWakeLockReleased: flags=1, tag="i", packageName=com.tencent.android.qqdownloader, ownerUid=10101, ownerPid=3545, workSource=null
06-29 10:12:57.620 1570 1604 D PowerManagerService: updateWakeLockSummaryLocked: mWakefulness=Awake, mWakeLockSummary=0x1
06-29 10:12:57.620 1570 1604 D PowerManagerService: updateUserActivitySummaryLocked: groupId=0, mWakefulness=Awake, mUserActivitySummary=0x1, nextTimeout=119202 (in 46375 ms)
06-29 10:12:57.620 1570 1604 D PowerManagerNotifier: onScreenPolicyUpdate: newPolicy=3
06-29 10:12:57.620 1570 1604 D PowerManagerService: updateDisplayPowerStateLocked: displayReady=true, groupId=0, policy=BRIGHT, mWakefulness=Awake, mWakeLockSummary=0x1, mUserActivitySummary=0x1, mBootCompleted=true, screenBrightnessOverride=NaN, useAutoBrightness=false, mScreenBrightnessBoostInProgress=false, mIsVrModeEnabled= false, sQuiescent=false
06-29 10:12:57.627 1570 1604 D PowerManagerService: releaseWakeLockInternal: lock=118914825 [*job*/com.kuaishou.nebula/androidx.work.impl.background.systemjob.SystemJobService], flags=0x0
06-29 10:12:57.627 1570 1604 D PowerManagerNotifier: onWakeLockReleased: flags=1, tag="*job*/com.kuaishou.nebula/androidx.work.impl.background.systemjob.SystemJobService", packageName=android, ownerUid=1000, ownerPid=1570, workSource=WorkSource{10124}
06-29 10:12:57.627 1570 1604 D PowerManagerService: updateWakeLockSummaryLocked: mWakefulness=Awake, mWakeLockSummary=0x1
06-29 10:12:57.627 1570 1604 D PowerManagerService: updateUserActivitySummaryLocked: groupId=0, mWakefulness=Awake, mUserActivitySummary=0x1, nextTimeout=119202 (in 46368 ms)
06-29 10:12:57.627 1570 1604 D PowerManagerNotifier: onScreenPolicyUpdate: newPolicy=3
06-29 10:12:57.627 1570 1604 D PowerManagerService: updateDisplayPowerStateLocked: displayReady=true, groupId=0, policy=BRIGHT, mWakefulness=Awake, mWakeLockSummary=0x1, mUserActivitySummary=0x1, mBootCompleted=true, screenBrightnessOverride=NaN, useAutoBrightness=false, mScreenBrightnessBoostInProgress=false, mIsVrModeEnabled= false, sQuiescent=false
06-29 10:12:57.640 1570 1604 I ActivityManager: Killing 5462:com.qualcomm.qtil.aptxui/u0a84 (adj 905): empty #2
06-29 10:12:57.640 1570 1604 I am_kill : [0,5462,com.qualcomm.qtil.aptxui,905,empty #2]
06-29 10:12:57.668 1570 1604 I am_proc_died: [0,5462,com.qualcomm.qtil.aptxui,905,19]
06-29 10:12:57.669 1570 1604 I am_uid_stopped: 10084
06-29 10:12:57.690 1570 1570 I notification_enqueue: [10101,3545,com.tencent.android.qqdownloader,127,NULL,0,Notification(channel=channel_id_default_silent shortcut=null contentView=com.tencent.android.qqdownloader/0x7f0a01c2 vibrate=null sound=null defaults=0x0 flags=0x2a2 color=0x00000000 groupKey=com.tencent.android.qqdownloader vis=PRIVATE),1]
06-29 10:12:57.891 1570 1570 I GameModeConfig: isGameModeOn = true
06-29 10:12:57.891 1570 1570 I GameModeConfig: isGaming = false
06-29 10:12:58.255 5772 5772 I auditd : type=1400 audit(0.0:603): avc: denied { getattr } for comm="netstat" path="/proc/fb" dev="proc" ino=4026531990 scontext=u:r:untrusted_app_29:s0:c124,c256,c512,c768 tcontext=u:object_r:proc:s0 tclass=file permissive=0 app=com.kuaishou.nebula
06-29 10:12:58.255 5772 5772 I auditd : type=1400 audit(0.0:604): avc: denied { getattr } for comm="netstat" path="/proc/keys" dev="proc" ino=4026532299 scontext=u:r:untrusted_app_29:s0:c124,c256,c512,c768 tcontext=u:object_r:proc_keys:s0 tclass=file permissive=0 app=com.kuaishou.nebula
06-29 10:12:58.255 5772 5772 I auditd : type=1400 audit(0.0:605): avc: denied { getattr } for comm="netstat" path="/proc/kmsg" dev="proc" ino=4026532249 scontext=u:r:untrusted_app_29:s0:c124,c256,c512,c768 tcontext=u:object_r:proc_kmsg:s0 tclass=file permissive=0 app=com.kuaishou.nebula
06-29 10:12:58.255 5772 5772 I auditd : type=1400 audit(0.0:606): avc: denied { getattr } for comm="netstat" path="/proc/misc" dev="proc" ino=4026531991 scontext=u:r:untrusted_app_29:s0:c124,c256,c512,c768 tcontext=u:object_r:proc_misc:s0 tclass=file permissive=0 app=com.kuaishou.nebula
06-29 10:12:58.255 5772 5772 I auditd : type=1400 audit(0.0:607): avc: denied { getattr } for comm="netstat" path="/proc/stat" dev="proc" ino=4026532245 scontext=u:r:untrusted_app_29:s0:c124,c256,c512,c768 tcontext=u:object_r:proc_stat:s0 tclass=file permissive=0 app=com.kuaishou.nebula
06-29 10:12:58.261 0 0 W [ 73.465633] audit: audit_lost=459 audit_rate_limit=5 audit_backlog_limit=64
06-29 10:12:58.261 0 0 E [ 73.465638] audit: rate limit exceeded
06-29 10:12:58.362 1570 1974 I GameModeConfig: isGameModeOn = true
06-29 10:12:58.362 1570 1974 I GameModeConfig: isGaming = false
06-29 10:12:58.362 1570 1974 I GameModeConfig: isGameModeOn = true
06-29 10:12:58.362 1570 1974 I GameModeConfig: isGaming = false
06-29 10:12:58.362 1570 1974 I GameModeConfig: isGameModeOn = true
06-29 10:12:58.362 1570 1974 I GameModeConfig: isGaming = false
06-29 10:12:58.362 1570 1974 I GameModeConfig: isGameModeOn = true
06-29 10:12:58.362 1570 1974 I GameModeConfig: isGaming = false
06-29 10:12:58.364 1570 1974 I GameModeConfig: isGameModeOn = true
06-29 10:12:58.364 1570 1974 I GameModeConfig: isGaming = false
06-29 10:12:58.364 1570 1974 I GameModeConfig: isGameModeOn = true
06-29 10:12:58.364 1570 1974 I GameModeConfig: isGaming = false
06-29 10:12:58.364 1570 1974 I GameModeConfig: isGameModeOn = true
06-29 10:12:58.364 1570 1974 I GameModeConfig: isGaming = false
06-29 10:12:58.364 1570 1974 I GameModeConfig: isGameModeOn = true
06-29 10:12:58.364 1570 1974 I GameModeConfig: isGaming = false
06-29 10:12:59.273 0 0 I : [ 74.476460] IRQ 5: no longer affine to CPU7
06-29 10:12:59.278 1570 1889 D PowerManagerService: acquireWakeLockInternal: lock=204342601, flags=0x1, tag="*alarm*", ws=WorkSource{10036}, uid=1000, pid=1570
06-29 10:12:59.278 1570 1889 D PowerManagerService: updateWakeLockSummaryLocked: mWakefulness=Awake, mWakeLockSummary=0x1
06-29 10:12:59.278 1570 1889 D PowerManagerService: updateUserActivitySummaryLocked: groupId=0, mWakefulness=Awake, mUserActivitySummary=0x1, nextTimeout=119202 (in 44717 ms)
06-29 10:12:59.278 1570 1889 D PowerManagerNotifier: onScreenPolicyUpdate: newPolicy=3
06-29 10:12:59.278 1570 1889 D PowerManagerService: updateDisplayPowerStateLocked: displayReady=true, groupId=0, policy=BRIGHT, mWakefulness=Awake, mWakeLockSummary=0x1, mUserActivitySummary=0x1, mBootCompleted=true, screenBrightnessOverride=NaN, useAutoBrightness=false, mScreenBrightnessBoostInProgress=false, mIsVrModeEnabled= false, sQuiescent=false
06-29 10:12:59.278 1570 1889 D PowerManagerNotifier: onWakeLockAcquired: flags=1, tag="*alarm*", packageName=android, ownerUid=1000, ownerPid=1570, workSource=WorkSource{10036}
06-29 10:12:59.323 3687 3687 I auditd : type=1400 audit(0.0:666): avc: granted { execute } for comm="gatherer-1-thre" path="/data/user/0/com.tencent.android.qqdownloader/app_e_qq_com_plugin_new_84e5596443427f53efca4e1d48972f33/libturingga.so" dev="dm-21" ino=37972 scontext=u:r:untrusted_app_27:s0:c512,c768 tcontext=u:object_r:app_data_file:s0:c512,c768 tclass=file app=com.tencent.android.qqdownloader
06-29 10:12:59.430 5698 5863 W Looper : Loop again would have the queued messages be executed before this one completed.
06-29 10:12:59.583 5698 5698 I auditd : type=1400 audit(0.0:667): avc: denied { read } for comm="pool-2-thread-6" name="tcp" dev="proc" ino=4026532265 scontext=u:r:untrusted_app_29:s0:c103,c256,c512,c768 tcontext=u:object_r:proc_net_tcp_udp:s0 tclass=file permissive=0 app=com.smile.gifmaker
06-29 10:12:59.609 1570 1974 I GameModeConfig: isGameModeOn = true
06-29 10:12:59.610 1570 1974 I GameModeConfig: isGaming = false
06-29 10:12:59.610 1570 1974 I GameModeConfig: isGameModeOn = true
06-29 10:12:59.610 1570 1974 I GameModeConfig: isGaming = false
06-29 10:12:59.615 5698 5698 I auditd : type=1400 audit(0.0:668): avc: denied { search } for comm="pool-2-thread-6" name="asound" dev="proc" ino=4026532151 scontext=u:r:untrusted_app_29:s0:c103,c256,c512,c768 tcontext=u:object_r:proc_asound:s0 tclass=dir permissive=0 app=com.smile.gifmaker
06-29 10:12:59.628 1570 1974 I GameModeConfig: isGameModeOn = true
06-29 10:12:59.628 1570 1974 I GameModeConfig: isGaming = false
06-29 10:12:59.623 5698 5698 I auditd : type=1400 audit(0.0:669): avc: denied { search } for comm="pool-2-thread-6" name="asound" dev="proc" ino=4026532151 scontext=u:r:untrusted_app_29:s0:c103,c256,c512,c768 tcontext=u:object_r:proc_asound:s0 tclass=dir permissive=0 app=com.smile.gifmaker
06-29 10:12:59.629 1570 1974 I GameModeConfig: isGameModeOn = true
06-29 10:12:59.629 1570 1974 I GameModeConfig: isGaming = false
06-29 10:12:59.627 5698 5698 I auditd : type=1400 audit(0.0:670): avc: denied { read } for comm="pool-2-thread-6" name="u:object_r:serialno_prop:s0" dev="tmpfs" ino=15669 scontext=u:r:untrusted_app_29:s0:c103,c256,c512,c768 tcontext=u:object_r:serialno_prop:s0 tclass=file permissive=0 app=com.smile.gifmaker
06-29 10:12:59.630 1570 1974 I GameModeConfig: isGameModeOn = true
06-29 10:12:59.630 1570 1974 I GameModeConfig: isGaming = false
06-29 10:12:59.632 1570 1974 I GameModeConfig: isGameModeOn = true
06-29 10:12:59.632 1570 1974 I GameModeConfig: isGaming = false
06-29 10:12:59.641 0 0 W [ 74.841383] audit: audit_lost=517 audit_rate_limit=5 audit_backlog_limit=64
06-29 10:12:59.641 0 0 E [ 74.841387] audit: rate limit exceeded
06-29 10:12:59.989 0 0 I [ 75.192150] binder: 2417:5897 ioctl 40046210 751c90c174 returned -22
06-29 10:13:00.069 0 0 I [ 75.274664] init: processing action (sys.tlog.pstore.active=1) from (/system/etc/init/tlogd.rc:136)
06-29 10:13:00.069 0 0 I [ 75.275057] init: starting service 'pstore_save'...
06-29 10:13:00.167 0 0 I [ 75.371748] init: Service 'pstore_save' (pid 5908) exited with status 1 oneshot service took 0.095000 seconds in background
06-29 10:13:00.167 0 0 I [ 75.371787] init: Sending signal 9 to service 'pstore_save' (pid 5908) process group...
06-29 10:13:00.167 0 0 I [ 75.371916] libprocessgroup: Successfully killed process cgroup uid 1000 pid 5908 in 0ms
06-29 10:13:00.547 5698 5698 I auditd : type=1400 audit(0.0:673): avc: granted { nlmsg_readpriv } for comm="dfp-1-thread-7" scontext=u:r:untrusted_app_29:s0:c103,c256,c512,c768 tcontext=u:r:untrusted_app_29:s0:c103,c256,c512,c768 tclass=netlink_route_socket app=com.smile.gifmaker
06-29 10:13:00.559 5698 5698 I auditd : type=1400 audit(0.0:674): avc: granted { nlmsg_readpriv } for comm="dfp-1-thread-7" scontext=u:r:untrusted_app_29:s0:c103,c256,c512,c768 tcontext=u:r:untrusted_app_29:s0:c103,c256,c512,c768 tclass=netlink_route_socket app=com.smile.gifmaker
06-29 10:13:00.587 5698 5698 I auditd : type=1400 audit(0.0:675): avc: denied { getattr } for comm="dfp-1-thread-7" path="/proc/ioports" dev="proc" ino=4026532282 scontext=u:r:untrusted_app_29:s0:c103,c256,c512,c768 tcontext=u:object_r:proc:s0 tclass=file permissive=0 app=com.smile.gifmaker
06-29 10:13:00.603 5698 5698 I auditd : type=1400 audit(0.0:676): avc: denied { getattr } for comm="dfp-1-thread-7" path="/proc/misc" dev="proc" ino=4026531991 scontext=u:r:untrusted_app_29:s0:c103,c256,c512,c768 tcontext=u:object_r:proc_misc:s0 tclass=file permissive=0 app=com.smile.gifmaker
06-29 10:13:00.603 5698 5698 I auditd : type=1400 audit(0.0:677): avc: denied { read } for comm="dfp-1-thread-7" name="serial_number" dev="sysfs" ino=67077 scontext=u:r:untrusted_app_29:s0:c103,c256,c512,c768 tcontext=u:object_r:vendor_sysfs_soc:s0 tclass=file permissive=0 app=com.smile.gifmaker
06-29 10:13:00.725 0 0 W [ 75.931697] audit: audit_lost=533 audit_rate_limit=5 audit_backlog_limit=64
06-29 10:13:00.725 0 0 E [ 75.931699] audit: rate limit exceeded
06-29 10:13:00.719 1570 2109 E PackageDexUsage: Unsupported context?
06-29 10:13:00.773 1570 2109 E PackageDexUsage: Unsupported context?
06-29 10:13:00.834 3545 5977 W FileUtils: Failed to chmod(/data/user/0/com.tencent.mtt/app_tbs): android.system.ErrnoException: chmod failed: EACCES (Permission denied)
06-29 10:13:00.835 3545 5977 W FileUtils: Failed to chmod(/data/user/0/com.tencent.mtt/app_tbs_common_share): android.system.ErrnoException: chmod failed: EACCES (Permission denied)
06-29 10:13:00.840 3545 5977 W FileUtils: Failed to chmod(/data/user/0/com.tencent.mm/app_tbs): android.system.ErrnoException: chmod failed: EACCES (Permission denied)
06-29 10:13:00.840 3545 5977 W FileUtils: Failed to chmod(/data/user/0/com.tencent.mm/app_tbs_common_share): android.system.ErrnoException: chmod failed: EACCES (Permission denied)
06-29 10:13:00.847 3545 5977 W FileUtils: Failed to chmod(/data/user/0/com.tencent.mobileqq/app_tbs): android.system.ErrnoException: chmod failed: EACCES (Permission denied)
06-29 10:13:00.847 3545 5977 W FileUtils: Failed to chmod(/data/user/0/com.tencent.mobileqq/app_tbs_common_share): android.system.ErrnoException: chmod failed: EACCES (Permission denied)
06-29 10:13:01.113 0 0 I [ 76.302695] init: processing action (sys.tlog.tlogdsho.active=1) from (/system/etc/init/tlogd.rc:169)
06-29 10:13:01.113 0 0 I [ 76.302875] init: starting service 'tlogdsho'...
06-29 10:13:01.113 0 0 I [ 76.307203] init: processing action (sys.tlog.bluetooth.active=1) from (/system/etc/init/tlogd.rc:165)
06-29 10:13:01.113 0 0 I [ 76.307517] init: starting service 'tlogdBluetooth'...
06-29 10:13:01.113 0 0 I [ 76.312000] init: processing action (sys.tlog.fatal.active=1) from (/system/etc/init/tlogd.rc:132)
06-29 10:13:01.215 1570 2252 I ntp_failure: [time.android.com/216.239.35.4,java.net.SocketTimeoutException: Poll timed out]
06-29 10:13:01.216 1570 2252 D PowerManagerService: releaseWakeLockInternal: lock=220570995 [NetworkTimeUpdateService], flags=0x0
06-29 10:13:01.216 1570 2252 D PowerManagerNotifier: onWakeLockReleased: flags=1, tag="NetworkTimeUpdateService", packageName=android, ownerUid=1000, ownerPid=1570, workSource=null
06-29 10:13:01.216 1570 2252 D PowerManagerService: updateWakeLockSummaryLocked: mWakefulness=Awake, mWakeLockSummary=0x1
06-29 10:13:01.216 1570 2252 D PowerManagerService: updateUserActivitySummaryLocked: groupId=0, mWakefulness=Awake, mUserActivitySummary=0x1, nextTimeout=119202 (in 42779 ms)
06-29 10:13:01.216 1570 2252 D PowerManagerNotifier: onScreenPolicyUpdate: newPolicy=3
06-29 10:13:01.216 1570 2252 D PowerManagerService: updateDisplayPowerStateLocked: displayReady=true, groupId=0, policy=BRIGHT, mWakefulness=Awake, mWakeLockSummary=0x1, mUserActivitySummary=0x1, mBootCompleted=true, screenBrightnessOverride=NaN, useAutoBrightness=false, mScreenBrightnessBoostInProgress=false, mIsVrModeEnabled= false, sQuiescent=false
06-29 10:13:01.273 1570 2109 I am_uid_running: 99000
06-29 10:13:01.273 1570 2109 D CompatibilityChangeReporter: Compat change id reported: 135634846; UID 10101; state: DISABLED
06-29 10:13:01.273 1570 1725 D CompatibilityChangeReporter: Compat change id reported: 143937733; UID 10101; state: ENABLED
06-29 10:13:01.280 1570 1725 I am_proc_start: [0,6084,99000,com.android.webview:sandboxed_process0:org.chromium.content.app.SandboxedProcessService0:0,,{com.tencent.android.qqdownloader/org.chromium.content.app.SandboxedProcessService0:0}]
06-29 10:13:01.280 1570 1725 I ActivityManager: Start proc 6084:com.android.webview:sandboxed_process0:org.chromium.content.app.SandboxedProcessService0:0/u0ai9000 for {com.tencent.android.qqdownloader/org.chromium.content.app.SandboxedProcessService0:0}
06-29 10:13:01.294 0 0 I [ 76.496619] binder: 6084:6084 ioctl 40046210 ff7f8268 returned -22
06-29 10:13:01.292 1570 2109 I am_proc_bound: [0,6084,com.android.webview:sandboxed_process0:org.chromium.content.app.SandboxedProcessService0:0]
06-29 10:13:01.295 1570 2109 D CompatibilityChangeReporter: Compat change id reported: 168419799; UID 10101; state: DISABLED
06-29 10:13:01.297 1570 2109 I am_uid_active: 99000
06-29 10:13:01.315 532 532 I auditd : avc: denied { find } for pid=6084 uid=99000 name=content_capture scontext=u:r:isolated_app:s0:c512,c768 tcontext=u:object_r:content_capture_service:s0 tclass=service_manager permissive=0
06-29 10:13:01.354 5698 6075 I liblog : 51
06-29 10:13:01.557 0 0 I [ 76.763821] binder: 6123:6123 ioctl 40046210 ff7f8b18 returned -22
06-29 10:13:01.535 1570 2109 I am_uid_running: 10069
06-29 10:13:01.535 1570 2109 D CompatibilityChangeReporter: Compat change id reported: 135634846; UID 10069; state: DISABLED
06-29 10:13:01.535 1570 1725 D CompatibilityChangeReporter: Compat change id reported: 143937733; UID 10069; state: ENABLED
06-29 10:13:01.540 1570 1725 I am_proc_start: [0,6123,10069,com.android.webview:webview_service,service,{com.android.webview/org.chromium.android_webview.services.ComponentsProviderService}]
06-29 10:13:01.540 1570 1725 I ActivityManager: Start proc 6123:com.android.webview:webview_service/u0a69 for service {com.android.webview/org.chromium.android_webview.services.ComponentsProviderService}
06-29 10:13:01.560 1570 2109 I am_proc_bound: [0,6123,com.android.webview:webview_service]
06-29 10:13:01.561 1570 2109 D CompatibilityChangeReporter: Compat change id reported: 168419799; UID 10069; state: DISABLED
06-29 10:13:01.563 1570 2109 I am_uid_active: 10069
06-29 10:13:01.602 1570 2478 I ActivityManager: Killing 3789:com.tencent.android.qqdownloader:cloud/u0a101 (adj 905): empty #2
06-29 10:13:01.602 1570 2478 I am_kill : [0,3789,com.tencent.android.qqdownloader:cloud,905,empty #2]
06-29 10:13:01.609 0 0 I [ 76.808166] [soft_i][0x5af41852][10: 13:01.601241] wlan: [0:I:DP] dp_addba_requestprocess_wifi3 restore BA win 64 based on addba req
06-29 10:13:01.624 1570 2478 I ActivityManager: Force stopping com.tencent.android.qqdownloader appid=10101 user=0: start instr
06-29 10:13:01.627 1570 2478 I ActivityManager: Killing 3426:com.tencent.android.qqdownloader:live/u0a101 (adj 100): stop com.tencent.android.qqdownloader due to start instr
06-29 10:13:01.627 1570 2478 I am_kill : [0,3426,com.tencent.android.qqdownloader:live,100,stop com.tencent.android.qqdownloader due to start instr]
06-29 10:13:01.629 1570 2478 I ActivityManager: Killing 3687:com.tencent.android.qqdownloader/u0a101 (adj 0): stop com.tencent.android.qqdownloader due to start instr
06-29 10:13:01.629 1570 2478 I am_kill : [0,3687,com.tencent.android.qqdownloader,0,stop com.tencent.android.qqdownloader due to start instr]
06-29 10:13:01.633 1570 2478 I am_uid_stopped: 10101
06-29 10:13:01.633 1570 2478 I ActivityManager: Killing 3545:com.tencent.android.qqdownloader:daemon/u0a101 (adj 0): stop com.tencent.android.qqdownloader due to start instr
06-29 10:13:01.633 1570 2478 I am_kill : [0,3545,com.tencent.android.qqdownloader:daemon,0,stop com.tencent.android.qqdownloader due to start instr]
06-29 10:13:01.637 1570 2478 I ActivityManager: Killing 6084:com.android.webview:sandboxed_process0:org.chromium.content.app.SandboxedProcessService0:0/u0a101i0 (adj 0): isolated not needed
06-29 10:13:01.637 1570 2478 I am_kill : [0,6084,com.android.webview:sandboxed_process0:org.chromium.content.app.SandboxedProcessService0:0,0,isolated not needed]
06-29 10:13:01.638 1570 2478 I am_uid_running: 10101
06-29 10:13:01.638 1570 2478 D CompatibilityChangeReporter: Compat change id reported: 135634846; UID 10101; state: DISABLED
06-29 10:13:01.638 1570 2478 D CompatibilityChangeReporter: Compat change id reported: 177438394; UID 10101; state: DISABLED
06-29 10:13:01.638 1570 2478 D CompatibilityChangeReporter: Compat change id reported: 135772972; UID 10101; state: DISABLED
06-29 10:13:01.638 1570 2478 D CompatibilityChangeReporter: Compat change id reported: 135754954; UID 10101; state: DISABLED
06-29 10:13:01.638 1570 1725 D CompatibilityChangeReporter: Compat change id reported: 143937733; UID 10101; state: DISABLED
06-29 10:13:01.639 1570 1570 W ActivityManager: ProcessRecord{e00c5cc 0:com.tencent.android.qqdownloader:live/u0a101} is attached to a previous process 3426
06-29 10:13:01.644 1570 1725 I am_proc_start: [0,6145,10101,com.tencent.android.qqdownloader:daemon,added application,com.tencent.android.qqdownloader:daemon]
06-29 10:13:01.644 1570 1725 I ActivityManager: Start proc 6145:com.tencent.android.qqdownloader:daemon/u0a101 for added application com.tencent.android.qqdownloader:daemon
06-29 10:13:01.661 0 0 I [ 76.867652] binder: 6145:6145 ioctl 40046210 7fe27a47d4 returned -22
06-29 10:13:01.663 1570 4954 I am_proc_bound: [0,6145,com.tencent.android.qqdownloader:daemon]
06-29 10:13:01.665 1570 4954 I am_uid_active: 10101
06-29 10:13:01.666 1570 3720 V ActivityManager: Got obituary of 3789:com.tencent.android.qqdownloader:cloud
06-29 10:13:01.669 0 0 I [ 76.871938] binder: undelivered transaction 125045, process died.
06-29 10:13:01.691 6145 6145 I auditd : type=1400 audit(0.0:701): avc: granted { execute } for comm="wnloader:daemon" path="/data/user/0/com.tencent.android.qqdownloader/files/shell/8_8454130_1346/oat/arm64/base.odex" dev="dm-21" ino=12170 scontext=u:r:untrusted_app_27:s0:c512,c768 tcontext=u:object_r:app_data_file:s0:c512,c768 tclass=file app=com.tencent.android.qqdownloader
06-29 10:13:01.714 1570 3720 V ActivityManager: Got obituary of 3426:com.tencent.android.qqdownloader:live
06-29 10:13:01.718 1570 1725 W ActivityManager: Slow operation: 79ms so far, now at startProcess: asking zygote to start proc
06-29 10:13:01.718 1570 1725 D CompatibilityChangeReporter: Compat change id reported: 143937733; UID 10101; state: DISABLED
06-29 10:13:01.726 1570 1725 W ActivityManager: Slow operation: 87ms so far, now at startProcess: returned from zygote!
06-29 10:13:01.723 6145 6145 I auditd : type=1400 audit(0.0:702): avc: granted { execute } for comm="wnloader:daemon" path="/data/user/0/com.tencent.android.qqdownloader/files/shell/8_8454130_1346/lib/arm64-v8a/libmmkv.so" dev="dm-21" ino=39389 scontext=u:r:untrusted_app_27:s0:c512,c768 tcontext=u:object_r:app_data_file:s0:c512,c768 tclass=file app=com.tencent.android.qqdownloader
06-29 10:13:01.727 1570 1725 W ActivityManager: Slow operation: 88ms so far, now at startProcess: done updating battery stats
06-29 10:13:01.727 1570 1725 I am_proc_start: [0,6167,10101,com.tencent.android.qqdownloader:live,service,{com.tencent.android.qqdownloader/com.tencent.assistant.syscomponent.MediaRouteProviderService2}]
06-29 10:13:01.727 1570 1725 W ActivityManager: Slow operation: 88ms so far, now at startProcess: building log message
06-29 10:13:01.727 1570 1725 I ActivityManager: Start proc 6167:com.tencent.android.qqdownloader:live/u0a101 for service {com.tencent.android.qqdownloader/com.tencent.assistant.syscomponent.MediaRouteProviderService2}
06-29 10:13:01.727 1570 1725 W ActivityManager: Slow operation: 88ms so far, now at startProcess: starting to update pids map
06-29 10:13:01.727 1570 1725 W ActivityManager: Slow operation: 88ms so far, now at startProcess: done updating pids map
06-29 10:13:01.739 6145 6145 I auditd : type=1400 audit(0.0:703): avc: granted { execute } for comm="temporary-1" path="/data/user/0/com.tencent.android.qqdownloader/files/shell/8_8454130_1346/lib/arm64-v8a/libmarsxlog.so" dev="dm-21" ino=39388 scontext=u:r:untrusted_app_27:s0:c512,c768 tcontext=u:object_r:app_data_file:s0:c512,c768 tclass=file app=com.tencent.android.qqdownloader
06-29 10:13:01.741 1570 4954 I am_proc_bound: [0,6167,com.tencent.android.qqdownloader:live]
06-29 10:13:01.745 0 0 I [ 76.946147] binder: 6167:6167 ioctl 40046210 7fe27a47d4 returned -22
06-29 10:13:01.745 0 0 I [ 76.948433] binder: undelivered transaction 125061, process died.
06-29 10:13:01.745 1570 6164 V ActivityManager: Got obituary of 3687:com.tencent.android.qqdownloader
06-29 10:13:01.751 1570 6164 D CompatibilityChangeReporter: Compat change id reported: 135634846; UID 10101; state: DISABLED
06-29 10:13:01.751 1570 6164 D CompatibilityChangeReporter: Compat change id reported: 177438394; UID 10101; state: DISABLED
06-29 10:13:01.751 1570 6164 D CompatibilityChangeReporter: Compat change id reported: 135772972; UID 10101; state: DISABLED
06-29 10:13:01.751 1570 6164 D CompatibilityChangeReporter: Compat change id reported: 135754954; UID 10101; state: DISABLED
06-29 10:13:01.751 1570 1725 D CompatibilityChangeReporter: Compat change id reported: 143937733; UID 10101; state: DISABLED
06-29 10:13:01.755 6145 6145 I auditd : type=1400 audit(0.0:704): avc: granted { execute } for comm="temporary-1" path="/data/user/0/com.tencent.android.qqdownloader/files/shell/8_8454130_1346/lib/arm64-v8a/librdefense.so" dev="dm-21" ino=39392 scontext=u:r:untrusted_app_27:s0:c512,c768 tcontext=u:object_r:app_data_file:s0:c512,c768 tclass=file app=com.tencent.android.qqdownloader
06-29 10:13:01.755 6145 6145 I auditd : type=1400 audit(0.0:705): avc: granted { execute } for comm="temporary-1" path="/data/user/0/com.tencent.android.qqdownloader/files/shell/8_8454130_1346/lib/arm64-v8a/libvbhook.so" dev="dm-21" ino=39400 scontext=u:r:untrusted_app_27:s0:c512,c768 tcontext=u:object_r:app_data_file:s0:c512,c768 tclass=file app=com.tencent.android.qqdownloader
06-29 10:13:01.759 1570 1725 I am_proc_start: [0,6202,10101,com.tencent.android.qqdownloader,content provider,{com.tencent.android.qqdownloader/com.tencent.assistant.db.contentprovider.WallpaperProvider}]
06-29 10:13:01.759 1570 1725 I ActivityManager: Start proc 6202:com.tencent.android.qqdownloader/u0a101 for content provider {com.tencent.android.qqdownloader/com.tencent.assistant.db.contentprovider.WallpaperProvider}
06-29 10:13:01.769 0 0 I [ 76.974805] binder: 6202:6202 ioctl 40046210 7fe27a47d4 returned -22
06-29 10:13:01.770 1570 6164 I am_proc_bound: [0,6202,com.tencent.android.qqdownloader]
06-29 10:13:01.777 0 0 W [ 76.980657] audit: audit_lost=542 audit_rate_limit=5 audit_backlog_limit=64
06-29 10:13:01.777 0 0 E [ 76.980659] audit: rate limit exceeded
06-29 10:13:01.776 6145 6145 W PackageParsing: Ignoring duplicate uses-permissions/uses-permissions-sdk-m: android.permission.CAMERA in package: com.tencent.android.qqdownloader at: Binary XML file line #170
06-29 10:13:01.776 6145 6145 W PackageParsing: Ignoring duplicate uses-permissions/uses-permissions-sdk-m: android.permission.ACCESS_NETWORK_STATE in package: com.tencent.android.qqdownloader at: Binary XML file line #171
06-29 10:13:01.776 6145 6145 W PackageParsing: Ignoring duplicate uses-permissions/uses-permissions-sdk-m: android.permission.ACCESS_WIFI_STATE in package: com.tencent.android.qqdownloader at: Binary XML file line #172
06-29 10:13:01.776 6145 6145 W PackageParsing: Ignoring duplicate uses-permissions/uses-permissions-sdk-m: android.permission.CHANGE_WIFI_STATE in package: com.tencent.android.qqdownloader at: Binary XML file line #173
06-29 10:13:01.776 6145 6145 W PackageParsing: Ignoring duplicate uses-permissions/uses-permissions-sdk-m: android.permission.CHANGE_NETWORK_STATE in package: com.tencent.android.qqdownloader at: Binary XML file line #177
06-29 10:13:01.776 6145 6145 W PackageParsing: Ignoring duplicate uses-permissions/uses-permissions-sdk-m: android.permission.INTERNET in package: com.tencent.android.qqdownloader at: Binary XML file line #178
06-29 10:13:01.776 6145 6145 W PackageParsing: Ignoring duplicate uses-permissions/uses-permissions-sdk-m: android.permission.WRITE_EXTERNAL_STORAGE in package: com.tencent.android.qqdownloader at: Binary XML file line #182
06-29 10:13:01.776 6145 6145 W PackageParsing: Ignoring duplicate uses-permissions/uses-permissions-sdk-m: android.permission.INTERNET in package: com.tencent.android.qqdownloader at: Binary XML file line #240
06-29 10:13:01.776 6145 6145 W PackageParsing: Ignoring duplicate uses-permissions/uses-permissions-sdk-m: android.permission.ACCESS_COARSE_LOCATION in package: com.tencent.android.qqdownloader at: Binary XML file line #241
06-29 10:13:01.776 6145 6145 W PackageParsing: Ignoring duplicate uses-permissions/uses-permissions-sdk-m: android.permission.ACCESS_FINE_LOCATION in package: com.tencent.android.qqdownloader at: Binary XML file line #242
06-29 10:13:01.776 6145 6145 W PackageParsing: Ignoring duplicate uses-permissions/uses-permissions-sdk-m: android.permission.ACCESS_NETWORK_STATE in package: com.tencent.android.qqdownloader at: Binary XML file line #243
06-29 10:13:01.776 6145 6145 W PackageParsing: Ignoring duplicate uses-permissions/uses-permissions-sdk-m: android.permission.ACCESS_WIFI_STATE in package: com.tencent.android.qqdownloader at: Binary XML file line #244
06-29 10:13:01.776 6145 6145 W PackageParsing: Ignoring duplicate uses-permissions/uses-permissions-sdk-m: android.permission.CAMERA in package: com.tencent.android.qqdownloader at: Binary XML file line #246
06-29 10:13:01.776 6145 6145 W PackageParsing: Ignoring duplicate uses-permissions/uses-permissions-sdk-m: android.permission.WRITE_EXTERNAL_STORAGE in package: com.tencent.android.qqdownloader at: Binary XML file line #247
06-29 10:13:01.777 6145 6145 W PackageParsing: No actions in intent-filter at /data/user/0/com.tencent.android.qqdownloader/files/shell/8_8454130_1346/base.apk Binary XML file line #444
06-29 10:13:01.777 6145 6145 W PackageParsing: No actions in intent-filter at /data/user/0/com.tencent.android.qqdownloader/files/shell/8_8454130_1346/base.apk Binary XML file line #464
06-29 10:13:01.778 6145 6145 W PackageParsing: No actions in intent-filter at /data/user/0/com.tencent.android.qqdownloader/files/shell/8_8454130_1346/base.apk Binary XML file line #501
06-29 10:13:01.778 6145 6145 W PackageParsing: No actions in intent-filter at /data/user/0/com.tencent.android.qqdownloader/files/shell/8_8454130_1346/base.apk Binary XML file line #537
06-29 10:13:01.778 6145 6145 W PackageParsing: No actions in intent-filter at /data/user/0/com.tencent.android.qqdownloader/files/shell/8_8454130_1346/base.apk Binary XML file line #573
06-29 10:13:01.778 6145 6145 W PackageParsing: No actions in intent-filter at /data/user/0/com.tencent.android.qqdownloader/files/shell/8_8454130_1346/base.apk Binary XML file line #609
06-29 10:13:01.781 6145 6145 W PackageParsing: No actions in intent-filter at /data/user/0/com.tencent.android.qqdownloader/files/shell/8_8454130_1346/base.apk Binary XML file line #1712
06-29 10:13:01.802 1570 4954 D CompatibilityChangeReporter: Compat change id reported: 135634846; UID 10101; state: DISABLED
06-29 10:13:01.802 1570 4954 D CompatibilityChangeReporter: Compat change id reported: 177438394; UID 10101; state: DISABLED
06-29 10:13:01.802 1570 4954 D CompatibilityChangeReporter: Compat change id reported: 135772972; UID 10101; state: DISABLED
06-29 10:13:01.802 1570 4954 D CompatibilityChangeReporter: Compat change id reported: 135754954; UID 10101; state: DISABLED
06-29 10:13:01.805 1570 1725 D CompatibilityChangeReporter: Compat change id reported: 143937733; UID 10101; state: DISABLED
06-29 10:13:01.811 1570 1725 I am_proc_start: [0,6236,10101,com.tencent.android.qqdownloader:cloud,service,{com.tencent.android.qqdownloader/com.live.watermelon.service.SentryAlphaService}]
06-29 10:13:01.811 1570 1725 I ActivityManager: Start proc 6236:com.tencent.android.qqdownloader:cloud/u0a101 for service {com.tencent.android.qqdownloader/com.live.watermelon.service.SentryAlphaService}
06-29 10:13:01.818 1570 6190 I am_proc_died: [0,6084,com.android.webview:sandboxed_process0:org.chromium.content.app.SandboxedProcessService0:0,0,10]
06-29 10:13:01.818 1570 6190 I am_uid_stopped: 99000
06-29 10:13:01.825 1570 1732 E KernelCpuSpeedReader: Failed to read cpu-freq: /sys/devices/system/cpu/cpu4/cpufreq/stats/time_in_state: open failed: ENOENT (No such file or directory)
06-29 10:13:01.825 1570 1732 E KernelCpuSpeedReader: Failed to read cpu-freq: /sys/devices/system/cpu/cpu0/cpufreq/stats/time_in_state: open failed: ENOENT (No such file or directory)
06-29 10:13:01.827 1570 3720 W ProcessStats: Tracking association SourceState{44f0ad com.tencent.android.qqdownloader:live/10101 BTopFgs #717} whose proc state 2 is better than process ProcessState{17d5fe2 com.tencent.android.qqdownloader:daemon/10101 pkg=com.tencent.android.qqdownloader} proc state 3 (0 skipped)
06-29 10:13:01.833 0 0 I [ 77.033218] binder: 6236:6236 ioctl 40046210 7fe27a47d4 returned -22
06-29 10:13:01.833 1570 6164 I am_proc_bound: [0,6236,com.tencent.android.qqdownloader:cloud]
06-29 10:13:01.849 0 0 I [ 77.052241] binder: 6264:6264 ioctl 40046210 7fcd0c4ca4 returned -22
06-29 10:13:01.866 1570 4954 I ActivityManager: Killing 5487:com.kuaishou.nebula/u0a124 (adj 905): empty #2
06-29 10:13:01.866 1570 4954 I am_kill : [0,5487,com.kuaishou.nebula,905,empty #2]
06-29 10:13:01.908 6167 6167 W PackageParsing: Ignoring duplicate uses-permissions/uses-permissions-sdk-m: android.permission.CAMERA in package: com.tencent.android.qqdownloader at: Binary XML file line #170
06-29 10:13:01.908 6167 6167 W PackageParsing: Ignoring duplicate uses-permissions/uses-permissions-sdk-m: android.permission.ACCESS_NETWORK_STATE in package: com.tencent.android.qqdownloader at: Binary XML file line #171
06-29 10:13:01.908 6167 6167 W PackageParsing: Ignoring duplicate uses-permissions/uses-permissions-sdk-m: android.permission.ACCESS_WIFI_STATE in package: com.tencent.android.qqdownloader at: Binary XML file line #172
06-29 10:13:01.908 6167 6167 W PackageParsing: Ignoring duplicate uses-permissions/uses-permissions-sdk-m: android.permission.CHANGE_WIFI_STATE in package: com.tencent.android.qqdownloader at: Binary XML file line #173
06-29 10:13:01.908 6167 6167 W PackageParsing: Ignoring duplicate uses-permissions/uses-permissions-sdk-m: android.permission.CHANGE_NETWORK_STATE in package: com.tencent.android.qqdownloader at: Binary XML file line #177
06-29 10:13:01.908 6167 6167 W PackageParsing: Ignoring duplicate uses-permissions/uses-permissions-sdk-m: android.permission.INTERNET in package: com.tencent.android.qqdownloader at: Binary XML file line #178
06-29 10:13:01.908 6167 6167 W PackageParsing: Ignoring duplicate uses-permissions/uses-permissions-sdk-m: android.permission.WRITE_EXTERNAL_STORAGE in package: com.tencent.android.qqdownloader at: Binary XML file line #182
06-29 10:13:01.910 6167 6167 W PackageParsing: Ignoring duplicate uses-permissions/uses-permissions-sdk-m: android.permission.INTERNET in package: com.tencent.android.qqdownloader at: Binary XML file line #240
06-29 10:13:01.910 6167 6167 W PackageParsing: Ignoring duplicate uses-permissions/uses-permissions-sdk-m: android.permission.ACCESS_COARSE_LOCATION in package: com.tencent.android.qqdownloader at: Binary XML file line #241
06-29 10:13:01.910 6167 6167 W PackageParsing: Ignoring duplicate uses-permissions/uses-permissions-sdk-m: android.permission.ACCESS_FINE_LOCATION in package: com.tencent.android.qqdownloader at: Binary XML file line #242
06-29 10:13:01.910 6167 6167 W PackageParsing: Ignoring duplicate uses-permissions/uses-permissions-sdk-m: android.permission.ACCESS_NETWORK_STATE in package: com.tencent.android.qqdownloader at: Binary XML file line #243
06-29 10:13:01.910 6167 6167 W PackageParsing: Ignoring duplicate uses-permissions/uses-permissions-sdk-m: android.permission.ACCESS_WIFI_STATE in package: com.tencent.android.qqdownloader at: Binary XML file line #244
06-29 10:13:01.910 6167 6167 W PackageParsing: Ignoring duplicate uses-permissions/uses-permissions-sdk-m: android.permission.CAMERA in package: com.tencent.android.qqdownloader at: Binary XML file line #246
06-29 10:13:01.910 6167 6167 W PackageParsing: Ignoring duplicate uses-permissions/uses-permissions-sdk-m: android.permission.WRITE_EXTERNAL_STORAGE in package: com.tencent.android.qqdownloader at: Binary XML file line #247
06-29 10:13:01.911 6167 6167 W PackageParsing: No actions in intent-filter at /data/user/0/com.tencent.android.qqdownloader/files/shell/8_8454130_1346/base.apk Binary XML file line #444
06-29 10:13:01.911 6167 6167 W PackageParsing: No actions in intent-filter at /data/user/0/com.tencent.android.qqdownloader/files/shell/8_8454130_1346/base.apk Binary XML file line #464
06-29 10:13:01.912 6167 6167 W PackageParsing: No actions in intent-filter at /data/user/0/com.tencent.android.qqdownloader/files/shell/8_8454130_1346/base.apk Binary XML file line #501
06-29 10:13:01.912 6167 6167 W PackageParsing: No actions in intent-filter at /data/user/0/com.tencent.android.qqdownloader/files/shell/8_8454130_1346/base.apk Binary XML file line #537
06-29 10:13:01.912 6167 6167 W PackageParsing: No actions in intent-filter at /data/user/0/com.tencent.android.qqdownloader/files/shell/8_8454130_1346/base.apk Binary XML file line #573
06-29 10:13:01.912 6167 6167 W PackageParsing: No actions in intent-filter at /data/user/0/com.tencent.android.qqdownloader/files/shell/8_8454130_1346/base.apk Binary XML file line #609
06-29 10:13:01.918 6167 6167 W PackageParsing: No actions in intent-filter at /data/user/0/com.tencent.android.qqdownloader/files/shell/8_8454130_1346/base.apk Binary XML file line #1712
06-29 10:13:01.929 6202 6202 W PackageParsing: Ignoring duplicate uses-permissions/uses-permissions-sdk-m: android.permission.CAMERA in package: com.tencent.android.qqdownloader at: Binary XML file line #170
06-29 10:13:01.929 6202 6202 W PackageParsing: Ignoring duplicate uses-permissions/uses-permissions-sdk-m: android.permission.ACCESS_NETWORK_STATE in package: com.tencent.android.qqdownloader at: Binary XML file line #171
06-29 10:13:01.929 6202 6202 W PackageParsing: Ignoring duplicate uses-permissions/uses-permissions-sdk-m: android.permission.ACCESS_WIFI_STATE in package: com.tencent.android.qqdownloader at: Binary XML file line #172
06-29 10:13:01.929 6202 6202 W PackageParsing: Ignoring duplicate uses-permissions/uses-permissions-sdk-m: android.permission.CHANGE_WIFI_STATE in package: com.tencent.android.qqdownloader at: Binary XML file line #173
06-29 10:13:01.929 6202 6202 W PackageParsing: Ignoring duplicate uses-permissions/uses-permissions-sdk-m: android.permission.CHANGE_NETWORK_STATE in package: com.tencent.android.qqdownloader at: Binary XML file line #177
06-29 10:13:01.929 6202 6202 W PackageParsing: Ignoring duplicate uses-permissions/uses-permissions-sdk-m: android.permission.INTERNET in package: com.tencent.android.qqdownloader at: Binary XML file line #178
06-29 10:13:01.929 6202 6202 W PackageParsing: Ignoring duplicate uses-permissions/uses-permissions-sdk-m: android.permission.WRITE_EXTERNAL_STORAGE in package: com.tencent.android.qqdownloader at: Binary XML file line #182
06-29 10:13:01.929 6202 6202 W PackageParsing: Ignoring duplicate uses-permissions/uses-permissions-sdk-m: android.permission.INTERNET in package: com.tencent.android.qqdownloader at: Binary XML file line #240
06-29 10:13:01.929 6202 6202 W PackageParsing: Ignoring duplicate uses-permissions/uses-permissions-sdk-m: android.permission.ACCESS_COARSE_LOCATION in package: com.tencent.android.qqdownloader at: Binary XML file line #241
06-29 10:13:01.929 6202 6202 W PackageParsing: Ignoring duplicate uses-permissions/uses-permissions-sdk-m: android.permission.ACCESS_FINE_LOCATION in package: com.tencent.android.qqdownloader at: Binary XML file line #242
06-29 10:13:01.929 6202 6202 W PackageParsing: Ignoring duplicate uses-permissions/uses-permissions-sdk-m: android.permission.ACCESS_NETWORK_STATE in package: com.tencent.android.qqdownloader at: Binary XML file line #243
06-29 10:13:01.929 6202 6202 W PackageParsing: Ignoring duplicate uses-permissions/uses-permissions-sdk-m: android.permission.ACCESS_WIFI_STATE in package: com.tencent.android.qqdownloader at: Binary XML file line #244
06-29 10:13:01.929 6202 6202 W PackageParsing: Ignoring duplicate uses-permissions/uses-permissions-sdk-m: android.permission.CAMERA in package: com.tencent.android.qqdownloader at: Binary XML file line #246
06-29 10:13:01.929 6202 6202 W PackageParsing: Ignoring duplicate uses-permissions/uses-permissions-sdk-m: android.permission.WRITE_EXTERNAL_STORAGE in package: com.tencent.android.qqdownloader at: Binary XML file line #247
06-29 10:13:01.930 6202 6202 W PackageParsing: No actions in intent-filter at /data/user/0/com.tencent.android.qqdownloader/files/shell/8_8454130_1346/base.apk Binary XML file line #444
06-29 10:13:01.930 6202 6202 W PackageParsing: No actions in intent-filter at /data/user/0/com.tencent.android.qqdownloader/files/shell/8_8454130_1346/base.apk Binary XML file line #464
06-29 10:13:01.931 6202 6202 W PackageParsing: No actions in intent-filter at /data/user/0/com.tencent.android.qqdownloader/files/shell/8_8454130_1346/base.apk Binary XML file line #501
06-29 10:13:01.931 6202 6202 W PackageParsing: No actions in intent-filter at /data/user/0/com.tencent.android.qqdownloader/files/shell/8_8454130_1346/base.apk Binary XML file line #537
06-29 10:13:01.931 6202 6202 W PackageParsing: No actions in intent-filter at /data/user/0/com.tencent.android.qqdownloader/files/shell/8_8454130_1346/base.apk Binary XML file line #573
06-29 10:13:01.931 6202 6202 W PackageParsing: No actions in intent-filter at /data/user/0/com.tencent.android.qqdownloader/files/shell/8_8454130_1346/base.apk Binary XML file line #609
06-29 10:13:01.937 6202 6202 W PackageParsing: No actions in intent-filter at /data/user/0/com.tencent.android.qqdownloader/files/shell/8_8454130_1346/base.apk Binary XML file line #1712
06-29 10:13:01.952 6236 6236 W PackageParsing: Ignoring duplicate uses-permissions/uses-permissions-sdk-m: android.permission.CAMERA in package: com.tencent.android.qqdownloader at: Binary XML file line #170
06-29 10:13:01.952 6236 6236 W PackageParsing: Ignoring duplicate uses-permissions/uses-permissions-sdk-m: android.permission.ACCESS_NETWORK_STATE in package: com.tencent.android.qqdownloader at: Binary XML file line #171
06-29 10:13:01.952 6236 6236 W PackageParsing: Ignoring duplicate uses-permissions/uses-permissions-sdk-m: android.permission.ACCESS_WIFI_STATE in package: com.tencent.android.qqdownloader at: Binary XML file line #172
06-29 10:13:01.952 6236 6236 W PackageParsing: Ignoring duplicate uses-permissions/uses-permissions-sdk-m: android.permission.CHANGE_WIFI_STATE in package: com.tencent.android.qqdownloader at: Binary XML file line #173
06-29 10:13:01.952 6236 6236 W PackageParsing: Ignoring duplicate uses-permissions/uses-permissions-sdk-m: android.permission.CHANGE_NETWORK_STATE in package: com.tencent.android.qqdownloader at: Binary XML file line #177
06-29 10:13:01.952 6236 6236 W PackageParsing: Ignoring duplicate uses-permissions/uses-permissions-sdk-m: android.permission.INTERNET in package: com.tencent.android.qqdownloader at: Binary XML file line #178
06-29 10:13:01.952 6236 6236 W PackageParsing: Ignoring duplicate uses-permissions/uses-permissions-sdk-m: android.permission.WRITE_EXTERNAL_STORAGE in package: com.tencent.android.qqdownloader at: Binary XML file line #182
06-29 10:13:01.953 6236 6236 W PackageParsing: Ignoring duplicate uses-permissions/uses-permissions-sdk-m: android.permission.INTERNET in package: com.tencent.android.qqdownloader at: Binary XML file line #240
06-29 10:13:01.953 6236 6236 W PackageParsing: Ignoring duplicate uses-permissions/uses-permissions-sdk-m: android.permission.ACCESS_COARSE_LOCATION in package: com.tencent.android.qqdownloader at: Binary XML file line #241
06-29 10:13:01.953 6236 6236 W PackageParsing: Ignoring duplicate uses-permissions/uses-permissions-sdk-m: android.permission.ACCESS_FINE_LOCATION in package: com.tencent.android.qqdownloader at: Binary XML file line #242
06-29 10:13:01.953 6236 6236 W PackageParsing: Ignoring duplicate uses-permissions/uses-permissions-sdk-m: android.permission.ACCESS_NETWORK_STATE in package: com.tencent.android.qqdownloader at: Binary XML file line #243
06-29 10:13:01.953 6236 6236 W PackageParsing: Ignoring duplicate uses-permissions/uses-permissions-sdk-m: android.permission.ACCESS_WIFI_STATE in package: com.tencent.android.qqdownloader at: Binary XML file line #244
06-29 10:13:01.953 6236 6236 W PackageParsing: Ignoring duplicate uses-permissions/uses-permissions-sdk-m: android.permission.CAMERA in package: com.tencent.android.qqdownloader at: Binary XML file line #246
06-29 10:13:01.953 6236 6236 W PackageParsing: Ignoring duplicate uses-permissions/uses-permissions-sdk-m: android.permission.WRITE_EXTERNAL_STORAGE in package: com.tencent.android.qqdownloader at: Binary XML file line #247
06-29 10:13:01.954 6236 6236 W PackageParsing: No actions in intent-filter at /data/user/0/com.tencent.android.qqdownloader/files/shell/8_8454130_1346/base.apk Binary XML file line #444
06-29 10:13:01.954 6236 6236 W PackageParsing: No actions in intent-filter at /data/user/0/com.tencent.android.qqdownloader/files/shell/8_8454130_1346/base.apk Binary XML file line #464
06-29 10:13:01.954 6236 6236 W PackageParsing: No actions in intent-filter at /data/user/0/com.tencent.android.qqdownloader/files/shell/8_8454130_1346/base.apk Binary XML file line #501
06-29 10:13:01.955 6236 6236 W PackageParsing: No actions in intent-filter at /data/user/0/com.tencent.android.qqdownloader/files/shell/8_8454130_1346/base.apk Binary XML file line #537
06-29 10:13:01.955 6236 6236 W PackageParsing: No actions in intent-filter at /data/user/0/com.tencent.android.qqdownloader/files/shell/8_8454130_1346/base.apk Binary XML file line #573
06-29 10:13:01.955 6236 6236 W PackageParsing: No actions in intent-filter at /data/user/0/com.tencent.android.qqdownloader/files/shell/8_8454130_1346/base.apk Binary XML file line #609
06-29 10:13:01.960 6236 6236 W PackageParsing: No actions in intent-filter at /data/user/0/com.tencent.android.qqdownloader/files/shell/8_8454130_1346/base.apk Binary XML file line #1712
06-29 10:13:02.050 0 0 I [ 77.257318] binder: 6420:6420 ioctl 40046210 7fcbd14974 returned -22
06-29 10:13:02.229 1570 1974 I GameModeConfig: isGameModeOn = true
06-29 10:13:02.229 1570 1974 I GameModeConfig: isGaming = false
06-29 10:13:02.229 1570 1974 I GameModeConfig: isGameModeOn = true
06-29 10:13:02.229 1570 1974 I GameModeConfig: isGaming = false
06-29 10:13:02.229 1570 1974 I GameModeConfig: isGameModeOn = true
06-29 10:13:02.229 1570 1974 I GameModeConfig: isGaming = false
06-29 10:13:02.229 1570 1974 I GameModeConfig: isGameModeOn = true
06-29 10:13:02.229 1570 1974 I GameModeConfig: isGaming = false
06-29 10:13:02.258 1570 6164 I am_proc_died: [0,5487,com.kuaishou.nebula,905,19]
06-29 10:13:02.258 1570 6164 I am_uid_stopped: 10124
06-29 10:13:02.516 0 0 I [ 77.722909] binder: undelivered TRANSACTION_COMPLETE
06-29 10:13:02.516 0 0 I [ 77.722916] binder: undelivered transaction 125142, process died.
06-29 10:13:02.517 1570 2995 V ActivityManager: Got obituary of 3545:com.tencent.android.qqdownloader:daemon
06-29 10:13:02.586 0 0 E [ 77.792078] link_delay_work_func: DTC_ETH: SQI=0, link=0
06-29 10:13:02.806 5698 5698 W Looper : Loop again would have the queued messages be executed before this one completed.
06-29 10:13:02.832 548 588 D vold : Disk at 252:8 changed
06-29 10:13:02.837 548 588 D vold : Disk at 252:8 changed
06-29 10:13:02.859 5698 5698 I auditd : type=1400 audit(0.0:916): avc: granted { execute } for comm="ela_global-io" path="/data/user/0/com.smile.gifmaker/app_lib/libruntime-optimize.so.28545" dev="dm-21" ino=556739 scontext=u:r:untrusted_app_29:s0:c103,c256,c512,c768 tcontext=u:object_r:app_data_file:s0:c103,c256,c512,c768 tclass=file app=com.smile.gifmaker
06-29 10:13:02.927 1570 6190 D CompatibilityChangeReporter: Compat change id reported: 171306433; UID 10103; state: DISABLED
06-29 10:13:02.987 1570 1570 D PowerManagerService: acquireWakeLockInternal: lock=93868336, flags=0x1, tag="*job*/com.smile.gifmaker/androidx.work.impl.background.systemjob.SystemJobService", ws=WorkSource{10103}, uid=1000, pid=1570
06-29 10:13:02.987 1570 1570 D PowerManagerService: updateWakeLockSummaryLocked: mWakefulness=Awake, mWakeLockSummary=0x1
06-29 10:13:02.987 1570 1570 D PowerManagerService: updateUserActivitySummaryLocked: groupId=0, mWakefulness=Awake, mUserActivitySummary=0x1, nextTimeout=119202 (in 41008 ms)
06-29 10:13:02.987 1570 1570 D PowerManagerNotifier: onScreenPolicyUpdate: newPolicy=3
06-29 10:13:02.987 1570 1570 D PowerManagerService: updateDisplayPowerStateLocked: displayReady=true, groupId=0, policy=BRIGHT, mWakefulness=Awake, mWakeLockSummary=0x1, mUserActivitySummary=0x1, mBootCompleted=true, screenBrightnessOverride=NaN, useAutoBrightness=false, mScreenBrightnessBoostInProgress=false, mIsVrModeEnabled= false, sQuiescent=false
06-29 10:13:02.987 1570 1570 D PowerManagerNotifier: onWakeLockAcquired: flags=1, tag="*job*/com.smile.gifmaker/androidx.work.impl.background.systemjob.SystemJobService", packageName=android, ownerUid=1000, ownerPid=1570, workSource=WorkSource{10103}
06-29 10:13:03.060 1570 6164 I am_uid_running: 10117
06-29 10:13:03.061 1570 6164 D CompatibilityChangeReporter: Compat change id reported: 135634846; UID 10117; state: DISABLED
06-29 10:13:03.061 1570 6164 D CompatibilityChangeReporter: Compat change id reported: 177438394; UID 10117; state: DISABLED
