06-29 10:12:53.171 1570 5035 I am_uid_running: 10018
06-29 10:12:53.171 1570 5035 D CompatibilityChangeReporter: Compat change id reported: 135634846; UID 10018; state: DISABLED
06-29 10:12:53.172 1570 5035 D CompatibilityChangeReporter: Compat change id reported: 177438394; UID 10018; state: DISABLED
06-29 10:12:53.172 1570 5035 D CompatibilityChangeReporter: Compat change id reported: 135772972; UID 10018; state: DISABLED
06-29 10:12:53.172 1570 5035 D CompatibilityChangeReporter: Compat change id reported: 135754954; UID 10018; state: ENABLED
06-29 10:12:53.185 1570 1725 I am_proc_start: [0,5037,10067,com.qualcomm.qti.devicestatisticsservice,restart,com.qualcomm.qti.devicestatisticsservice]
06-29 10:12:53.185 1570 1725 I ActivityManager: Start proc 5037:com.qualcomm.qti.devicestatisticsservice/u0a67 for restart com.qualcomm.qti.devicestatisticsservice
06-29 10:12:53.185 1570 1725 D CompatibilityChangeReporter: Compat change id reported: 143937733; UID 10018; state: ENABLED
06-29 10:12:53.192 1570 2478 D CompatibilityChangeReporter: Compat change id reported: 168419799; UID 10070; state: DISABLED
06-29 10:12:53.195 1570 1725 I am_proc_start: [0,5038,10018,android.process.media,content provider,{com.android.providers.downloads/com.android.providers.downloads.DownloadProvider}]
06-29 10:12:53.195 1570 1725 I ActivityManager: Start proc 5038:android.process.media/u0a18 for content provider {com.android.providers.downloads/com.android.providers.downloads.DownloadProvider}
06-29 10:12:53.203 1570 2478 D TelephonyRegistry: listen oscl: mHasNotifySubscriptionInfoChangedOccurred==false no callback
06-29 10:12:53.210 0 0 I [ 68.415218] binder: 5037:5037 ioctl 40046210 7fe27a47d4 returned -22
06-29 10:12:53.212 1570 4954 I am_proc_bound: [0,5037,com.qualcomm.qti.devicestatisticsservice]
06-29 10:12:53.213 0 0 I [ 68.419773] binder: 3232:5061 ioctl 40046210 7518d17604 returned -22
06-29 10:12:53.215 1570 2478 I am_uid_running: 10134
06-29 10:12:53.215 1570 2478 D CompatibilityChangeReporter: Compat change id reported: 135634846; UID 10134; state: DISABLED
06-29 10:12:53.215 1570 2478 D CompatibilityChangeReporter: Compat change id reported: 177438394; UID 10134; state: DISABLED
06-29 10:12:53.215 1570 2478 D CompatibilityChangeReporter: Compat change id reported: 135772972; UID 10134; state: DISABLED
06-29 10:12:53.215 1570 2478 D CompatibilityChangeReporter: Compat change id reported: 135754954; UID 10134; state: DISABLED
06-29 10:12:53.216 1570 1725 D CompatibilityChangeReporter: Compat change id reported: 143937733; UID 10134; state: DISABLED
06-29 10:12:53.221 0 0 I [ 68.425474] binder: 5038:5038 ioctl 40046210 7fe27a47d4 returned -22
06-29 10:12:53.221 1570 1725 I am_proc_start: [0,5072,10134,com.kugou.android.auto,broadcast,{com.kugou.android.auto/com.kugou.android.auto.receiver.AutoStartReceiver}]
06-29 10:12:53.221 1570 1725 I ActivityManager: Start proc 5072:com.kugou.android.auto/u0a134 for broadcast {com.kugou.android.auto/com.kugou.android.auto.receiver.AutoStartReceiver}
06-29 10:12:53.223 1570 2478 I am_proc_bound: [0,5038,android.process.media]
06-29 10:12:53.225 1570 2478 I am_uid_active: 10018
06-29 10:12:53.245 0 0 I [ 68.451577] binder: 5072:5072 ioctl 40046210 7fe27a47d4 returned -22
06-29 10:12:53.247 1570 2109 I am_proc_bound: [0,5072,com.kugou.android.auto]
06-29 10:12:53.248 1570 1974 I GameModeConfig: isGameModeOn = true
06-29 10:12:53.248 1570 1974 I GameModeConfig: isGaming = false
06-29 10:12:53.248 1570 1974 I GameModeConfig: isGameModeOn = true
06-29 10:12:53.248 1570 1974 I GameModeConfig: isGaming = false
06-29 10:12:53.248 1570 1974 I GameModeConfig: isGameModeOn = true
06-29 10:12:53.248 1570 1974 I GameModeConfig: isGaming = false
06-29 10:12:53.248 1570 1974 I GameModeConfig: isGameModeOn = true
06-29 10:12:53.248 1570 1974 I GameModeConfig: isGaming = false
06-29 10:12:53.249 1570 2109 D CompatibilityChangeReporter: Compat change id reported: 168419799; UID 10134; state: DISABLED
06-29 10:12:53.252 1570 2109 I am_uid_active: 10134
06-29 10:12:53.266 1570 1974 I GameModeConfig: isGameModeOn = true
06-29 10:12:53.266 1570 1974 I GameModeConfig: isGaming = false
06-29 10:12:53.266 1570 1974 I GameModeConfig: isGameModeOn = true
06-29 10:12:53.266 1570 1974 I GameModeConfig: isGaming = false
06-29 10:12:53.266 1570 1974 I GameModeConfig: isGameModeOn = true
06-29 10:12:53.266 1570 1974 I GameModeConfig: isGaming = false
06-29 10:12:53.266 1570 1974 I GameModeConfig: isGameModeOn = true
06-29 10:12:53.266 1570 1974 I GameModeConfig: isGaming = false
06-29 10:12:53.266 1570 1974 I GameModeConfig: isGameModeOn = true
06-29 10:12:53.266 1570 1974 I GameModeConfig: isGaming = false
06-29 10:12:53.266 1570 1974 I GameModeConfig: isGameModeOn = true
06-29 10:12:53.266 1570 1974 I GameModeConfig: isGaming = false
06-29 10:12:53.267 1570 1974 I GameModeConfig: isGameModeOn = true
06-29 10:12:53.267 1570 1974 I GameModeConfig: isGaming = false
06-29 10:12:53.267 1570 1974 I GameModeConfig: isGameModeOn = true
06-29 10:12:53.267 1570 1974 I GameModeConfig: isGaming = false
06-29 10:12:53.267 1570 1974 I GameModeConfig: isGameModeOn = true
06-29 10:12:53.267 1570 1974 I GameModeConfig: isGaming = false
06-29 10:12:53.267 1570 1974 I GameModeConfig: isGameModeOn = true
06-29 10:12:53.267 1570 1974 I GameModeConfig: isGaming = false
06-29 10:12:53.267 1570 1974 I GameModeConfig: isGameModeOn = true
06-29 10:12:53.267 1570 1974 I GameModeConfig: isGaming = false
06-29 10:12:53.267 1570 1974 I GameModeConfig: isGameModeOn = true
06-29 10:12:53.267 1570 1974 I GameModeConfig: isGaming = false
06-29 10:12:53.336 1570 2109 D CompatibilityChangeReporter: Compat change id reported: 149924527; UID 10134; state: ENABLED
06-29 10:12:53.337 0 0 I : [ 68.540938] IRQ 5: no longer affine to CPU5
06-29 10:12:53.336 1570 2109 D CompatibilityChangeReporter: Compat change id reported: 132649864; UID 10134; state: DISABLED
06-29 10:12:53.578 1570 2109 I thunderperf: PlatormCompat.setOverrides: Uid1=10134 Pid1=5072 Uid2=10134 Pid2=5072
06-29 10:12:53.578 1570 2109 I thunderperf: PlatormCompat.setOverrides: needCheck:false
06-29 10:12:53.579 1570 2109 W PackageManager: MATCH_ANY_USER flag requires INTERACT_ACROSS_USERS permission: UID 10134 requires android.permission.INTERACT_ACROSS_USERS_FULL or android.permission.INTERACT_ACROSS_USERS to access user 0.
06-29 10:12:53.579 1570 2109 I ActivityTaskManager: START u0 {flg=0x10000000 cmp=com.kugou.android.auto/com.kugou.android.app.splash.SplashPureActivity} from uid 10134
06-29 10:12:53.581 1570 2109 W ActivityTaskManager: Background activity start [callingPackage: com.kugou.android.auto; callingUid: 10134; appSwitchAllowed: true; isCallingUidForeground: false; callingUidHasAnyVisibleWindow: false; callingUidProcState: RECEIVER; isCallingUidPersistentSystemProcess: false; realCallingUid: 10134; isRealCallingUidForeground: false; realCallingUidHasAnyVisibleWindow: false; realCallingUidProcState: RECEIVER; isRealCallingUidPersistentSystemProcess: false; originatingPendingIntent: null; allowBackgroundActivityStart: false; intent: Intent { flg=0x10000000 cmp=com.kugou.android.auto/com.kugou.android.app.splash.SplashPureActivity }; callerApp: ProcessRecord{6d2b9f7 5072:com.kugou.android.auto/u0a134}; inVisibleTask: false]
06-29 10:12:53.582 1570 2109 I sysui_multi_action: [757,1513,758,4,805,1688004773581,1514,10134,1515,com.kugou.android.auto,1516,1010,1517,0,1518,10134,1519,1010,1520,0,1526,com.kugou.android.auto/com.kugou.android.app.splash.SplashPureActivity,1527,0,1529,com.kugou.android.auto,1530,1010,1531,0,1532,0,1533,0,1534,0,1535,0,1536,0]
06-29 10:12:53.589 1570 2109 D ActivityTaskManager: TaskLaunchParamsModifier:task=null activity=ActivityRecord{806da26 u0 com.kugou.android.auto/com.kugou.android.app.splash.SplashPureActivity taskAffinity=10134:android.task.kugou.auto display-id=0 display-windowing-mode=1 suggested-display-area=DefaultTaskDisplayArea@48565985
06-29 10:12:53.593 1570 2109 D ActivityTaskManager: TaskLaunchParamsModifier:task=null activity=ActivityRecord{806da26 u0 com.kugou.android.auto/com.kugou.android.app.splash.SplashPureActivity taskAffinity=10134:android.task.kugou.auto t-1} display-id=0 display-windowing-mode=1 suggested-display-area=DefaultTaskDisplayArea@48565985 non-freeform-display display-area=DefaultTaskDisplayArea@48565985
06-29 10:12:53.593 1570 2109 E ActivityTaskManager: Abort background activity starts from 10134
06-29 10:12:53.594 1570 2109 D CompatibilityChangeReporter: Compat change id reported: 135634846; UID 1000; state: DISABLED
06-29 10:12:53.594 1570 2109 D CompatibilityChangeReporter: Compat change id reported: 177438394; UID 1000; state: DISABLED
06-29 10:12:53.594 1570 2109 D CompatibilityChangeReporter: Compat change id reported: 135772972; UID 1000; state: DISABLED
06-29 10:12:53.594 1570 2109 D CompatibilityChangeReporter: Compat change id reported: 135754954; UID 1000; state: ENABLED
06-29 10:12:53.595 1570 2109 I ActivityManager: Killing 4959:com.tencent.mobileqq/u0a95 (adj 905): empty #2
06-29 10:12:53.595 1570 2109 I am_kill : [0,4959,com.tencent.mobileqq,905,empty #2]
06-29 10:12:53.600 1570 1725 I am_proc_start: [0,5115,1000,com.qti.diagservices,broadcast,{com.qti.diagservices/com.qti.diagservices.Diag_OnBoot}]
06-29 10:12:53.600 1570 1725 I ActivityManager: Start proc 5115:com.qti.diagservices/1000 for broadcast {com.qti.diagservices/com.qti.diagservices.Diag_OnBoot}
06-29 10:12:53.605 548 588 D vold : Disk at 252:11 changed
06-29 10:12:53.605 548 588 D vold : Disk at 252:11 changed
06-29 10:12:53.609 0 0 I [ 68.816226] binder: 5115:5115 ioctl 40046210 7fe27a47d4 returned -22
06-29 10:12:53.611 1570 2109 I am_proc_bound: [0,5115,com.qti.diagservices]
06-29 10:12:53.613 1570 2109 D CompatibilityChangeReporter: Compat change id reported: 168419799; UID 1000; state: DISABLED
06-29 10:12:53.629 1570 2109 I am_proc_died: [0,4959,com.tencent.mobileqq,905,19]
06-29 10:12:53.630 1570 2109 I am_uid_stopped: 10095
06-29 10:12:53.652 5115 5115 W ContextImpl: Calling a method in the system process without a qualified user: android.app.ContextImpl.startService:1816 android.content.ContextWrapper.startService:774 android.content.ContextWrapper.startService:774 com.qti.diagservices.Diag_OnBoot.onReceive:40 android.app.ActivityThread.handleReceiver:4309
06-29 10:12:53.655 1570 1570 I Telecom : DefaultDialerCache: Refreshing default dialer for user 0: now null: DDC.oR@AA4
06-29 10:12:53.655 1570 1570 I Telecom : MissedCallNotifierImpl: reloadAfterBootComplete: user=0: TSBCR.oR@AA8
06-29 10:12:53.655 1570 1570 I Telecom : MissedCallNotifierImpl: reloadAfterBootComplete: user=0: TSBCR.oR@AA8
06-29 10:12:53.656 1570 1570 D CompatibilityChangeReporter: Compat change id reported: 135634846; UID 1000; state: DISABLED
06-29 10:12:53.656 1570 1570 D CompatibilityChangeReporter: Compat change id reported: 177438394; UID 1000; state: DISABLED
06-29 10:12:53.656 1570 1570 D CompatibilityChangeReporter: Compat change id reported: 135772972; UID 1000; state: DISABLED
06-29 10:12:53.656 1570 1570 D CompatibilityChangeReporter: Compat change id reported: 135754954; UID 1000; state: ENABLED
06-29 10:12:53.662 1570 1725 I am_proc_start: [0,5133,1000,com.android.dynsystem,broadcast,{com.android.dynsystem/com.android.dynsystem.BootCompletedReceiver}]
06-29 10:12:53.662 1570 1725 I ActivityManager: Start proc 5133:com.android.dynsystem/1000 for broadcast {com.android.dynsystem/com.android.dynsystem.BootCompletedReceiver}
06-29 10:12:53.670 0 0 I [ 68.876134] binder: 5133:5133 ioctl 40046210 7fe27a47d4 returned -22
06-29 10:12:53.670 1570 4954 I am_proc_bound: [0,5133,com.android.dynsystem]
06-29 10:12:53.671 1570 4954 D CompatibilityChangeReporter: Compat change id reported: 168419799; UID 1000; state: DISABLED
06-29 10:12:53.677 1570 1570 I notification_enqueue: [10101,3545,com.tencent.android.qqdownloader,127,NULL,0,Notification(channel=channel_id_default_silent shortcut=null contentView=com.tencent.android.qqdownloader/0x7f0a01c2 vibrate=null sound=null defaults=0x0 flags=0x2a2 color=0x00000000 groupKey=com.tencent.android.qqdownloader vis=PRIVATE),1]
06-29 10:12:53.712 1570 4954 D CompatibilityChangeReporter: Compat change id reported: 135634846; UID 1000; state: DISABLED
06-29 10:12:53.713 1570 4954 D CompatibilityChangeReporter: Compat change id reported: 177438394; UID 1000; state: DISABLED
06-29 10:12:53.713 1570 4954 D CompatibilityChangeReporter: Compat change id reported: 135772972; UID 1000; state: DISABLED
06-29 10:12:53.713 1570 4954 D CompatibilityChangeReporter: Compat change id reported: 135754954; UID 1000; state: ENABLED
06-29 10:12:53.713 1570 4954 I ActivityManager: Killing 5072:com.kugou.android.auto/u0a134 (adj 915): empty #2
06-29 10:12:53.713 1570 4954 I am_kill : [0,5072,com.kugou.android.auto,915,empty #2]
06-29 10:12:53.719 1570 1725 I am_proc_start: [0,5151,1000,com.android.dynsystem:dynsystem,service,{com.android.dynsystem/com.android.dynsystem.DynamicSystemInstallationService}]
06-29 10:12:53.719 1570 1725 I ActivityManager: Start proc 5151:com.android.dynsystem:dynsystem/1000 for service {com.android.dynsystem/com.android.dynsystem.DynamicSystemInstallationService}
06-29 10:12:53.721 1570 4954 I am_uid_running: 10038
06-29 10:12:53.721 1570 4954 I ActivityManager: com.android.managedprovisioning is exempt from freezer
06-29 10:12:53.721 1570 4954 D CompatibilityChangeReporter: Compat change id reported: 135634846; UID 10038; state: DISABLED
06-29 10:12:53.721 1570 4954 D CompatibilityChangeReporter: Compat change id reported: 177438394; UID 10038; state: DISABLED
06-29 10:12:53.721 1570 4954 D CompatibilityChangeReporter: Compat change id reported: 135772972; UID 10038; state: DISABLED
06-29 10:12:53.721 1570 4954 D CompatibilityChangeReporter: Compat change id reported: 135754954; UID 10038; state: ENABLED
06-29 10:12:53.721 1570 1725 D CompatibilityChangeReporter: Compat change id reported: 143937733; UID 10038; state: ENABLED
06-29 10:12:53.727 1570 1725 I am_proc_start: [0,5165,10038,com.android.managedprovisioning,broadcast,{com.android.managedprovisioning/com.android.managedprovisioning.BootReminder}]
06-29 10:12:53.727 1570 1725 I ActivityManager: Start proc 5165:com.android.managedprovisioning/u0a38 for broadcast {com.android.managedprovisioning/com.android.managedprovisioning.BootReminder}
06-29 10:12:53.728 1570 4954 I am_proc_bound: [0,5151,com.android.dynsystem:dynsystem]
06-29 10:12:53.729 0 0 I [ 68.932726] binder: 5151:5151 ioctl 40046210 7fe27a47d4 returned -22
06-29 10:12:53.734 1570 4954 I am_proc_died: [0,5072,com.kugou.android.auto,915,19]
06-29 10:12:53.734 1570 4954 I am_uid_stopped: 10134
06-29 10:12:53.735 1570 4954 I am_uid_active: 10038
06-29 10:12:53.735 0 0 I [ 68.941088] binder: 5165:5165 ioctl 40046210 7fe27a47d4 returned -22
06-29 10:12:53.735 1570 2109 I am_proc_bound: [0,5165,com.android.managedprovisioning]
06-29 10:12:53.737 1570 2109 D CompatibilityChangeReporter: Compat change id reported: 168419799; UID 10038; state: DISABLED
06-29 10:12:53.764 1570 1974 I GameModeConfig: isGameModeOn = true
06-29 10:12:53.764 1570 1974 I GameModeConfig: isGaming = false
06-29 10:12:53.764 1570 1974 I GameModeConfig: isGameModeOn = true
06-29 10:12:53.764 1570 1974 I GameModeConfig: isGaming = false
06-29 10:12:53.764 1570 1974 I GameModeConfig: isGameModeOn = true
06-29 10:12:53.764 1570 1974 I GameModeConfig: isGaming = false
06-29 10:12:53.765 1570 1974 I GameModeConfig: isGameModeOn = true
06-29 10:12:53.765 1570 1974 I GameModeConfig: isGaming = false
06-29 10:12:53.766 1570 4954 I DynamicSystemService: isInstalled(): false
06-29 10:12:53.773 1570 4954 I ActivityManager: Killing 5165:com.android.managedprovisioning/u0a38 (adj 915): empty #2
06-29 10:12:53.773 1570 4954 I am_kill : [0,5165,com.android.managedprovisioning,915,empty #2]
06-29 10:12:53.774 1570 4954 I ActivityManager: Killing 5133:com.android.dynsystem/1000 (adj 925): empty #3
06-29 10:12:53.774 1570 4954 I am_kill : [0,5133,com.android.dynsystem,925,empty #3]
06-29 10:12:53.775 1570 4954 D CompatibilityChangeReporter: Compat change id reported: 168419799; UID 10018; state: DISABLED
06-29 10:12:53.776 1570 2109 I am_uid_running: 10088
06-29 10:12:53.776 1570 2109 D CompatibilityChangeReporter: Compat change id reported: 135634846; UID 10088; state: DISABLED
06-29 10:12:53.776 1570 2109 D CompatibilityChangeReporter: Compat change id reported: 177438394; UID 10088; state: DISABLED
06-29 10:12:53.776 1570 2109 D CompatibilityChangeReporter: Compat change id reported: 135772972; UID 10088; state: DISABLED
06-29 10:12:53.776 1570 2109 D CompatibilityChangeReporter: Compat change id reported: 135754954; UID 10088; state: ENABLED
06-29 10:12:53.777 1570 1725 D CompatibilityChangeReporter: Compat change id reported: 143937733; UID 10088; state: ENABLED
06-29 10:12:53.782 1570 1725 I am_proc_start: [0,5183,10088,com.android.music,broadcast,{com.android.music/com.android.music.MediaPlaybackReceiver}]
06-29 10:12:53.782 1570 1725 I ActivityManager: Start proc 5183:com.android.music/u0a88 for broadcast {com.android.music/com.android.music.MediaPlaybackReceiver}
06-29 10:12:53.788 1570 2109 I am_proc_died: [0,5165,com.android.managedprovisioning,915,19]
06-29 10:12:53.789 1570 2109 I am_uid_stopped: 10038
06-29 10:12:53.790 1570 2109 I am_uid_active: 10088
06-29 10:12:53.791 1570 4954 I am_proc_died: [0,5133,com.android.dynsystem,925,19]
06-29 10:12:53.792 1570 4954 I am_proc_bound: [0,5183,com.android.music]
06-29 10:12:53.793 0 0 I [ 68.997341] binder: 5183:5183 ioctl 40046210 7fe27a47d4 returned -22
06-29 10:12:53.793 1570 4954 D CompatibilityChangeReporter: Compat change id reported: 168419799; UID 10088; state: DISABLED
06-29 10:12:53.831 1570 2478 D PowerManagerService: acquireWakeLockInternal: lock=80299611, flags=0x1, tag="i", ws=null, uid=10101, pid=3545
06-29 10:12:53.831 1570 2478 D PowerManagerService: updateWakeLockSummaryLocked: mWakefulness=Awake, mWakeLockSummary=0x1
06-29 10:12:53.831 1570 2478 D PowerManagerService: updateUserActivitySummaryLocked: groupId=0, mWakefulness=Awake, mUserActivitySummary=0x1, nextTimeout=119202 (in 50164 ms)
06-29 10:12:53.831 1570 2478 D PowerManagerNotifier: onScreenPolicyUpdate: newPolicy=3
06-29 10:12:53.831 1570 2478 D PowerManagerService: updateDisplayPowerStateLocked: displayReady=true, groupId=0, policy=BRIGHT, mWakefulness=Awake, mWakeLockSummary=0x1, mUserActivitySummary=0x1, mBootCompleted=true, screenBrightnessOverride=NaN, useAutoBrightness=false, mScreenBrightnessBoostInProgress=false, mIsVrModeEnabled= false, sQuiescent=false
06-29 10:12:53.831 1570 2478 D PowerManagerNotifier: onWakeLockAcquired: flags=1, tag="i", packageName=com.tencent.android.qqdownloader, ownerUid=10101, ownerPid=3545, workSource=null
06-29 10:12:53.833 1570 2109 D PowerManagerService: acquireWakeLockInternal: lock=173191121, flags=0x1, tag="i", ws=null, uid=10101, pid=3545
06-29 10:12:53.833 1570 2109 D PowerManagerService: updateWakeLockSummaryLocked: mWakefulness=Awake, mWakeLockSummary=0x1
06-29 10:12:53.833 1570 2109 D PowerManagerService: updateUserActivitySummaryLocked: groupId=0, mWakefulness=Awake, mUserActivitySummary=0x1, nextTimeout=119202 (in 50162 ms)
06-29 10:12:53.833 1570 2109 D PowerManagerNotifier: onScreenPolicyUpdate: newPolicy=3
06-29 10:12:53.834 1570 2109 D PowerManagerService: updateDisplayPowerStateLocked: displayReady=true, groupId=0, policy=BRIGHT, mWakefulness=Awake, mWakeLockSummary=0x1, mUserActivitySummary=0x1, mBootCompleted=true, screenBrightnessOverride=NaN, useAutoBrightness=false, mScreenBrightnessBoostInProgress=false, mIsVrModeEnabled= false, sQuiescent=false
06-29 10:12:53.834 1570 2109 D PowerManagerNotifier: onWakeLockAcquired: flags=1, tag="i", packageName=com.tencent.android.qqdownloader, ownerUid=10101, ownerPid=3545, workSource=null
06-29 10:12:53.839 3687 3687 I auditd : type=1400 audit(0.0:514): avc: denied { read } for comm="Shark-Looper-Ma" name="version" dev="proc" ino=4026532247 scontext=u:r:untrusted_app_27:s0:c512,c768 tcontext=u:object_r:proc_version:s0 tclass=file permissive=0 app=com.tencent.android.qqdownloader
06-29 10:12:53.851 3687 3687 I auditd : type=1400 audit(0.0:515): avc: denied { read } for comm="Shark-Looper-Ma" name="version" dev="proc" ino=4026532247 scontext=u:r:untrusted_app_27:s0:c512,c768 tcontext=u:object_r:proc_version:s0 tclass=file permissive=0 app=com.tencent.android.qqdownloader
06-29 10:12:53.865 1570 2478 I am_uid_running: 10061
06-29 10:12:53.866 1570 2478 D CompatibilityChangeReporter: Compat change id reported: 135634846; UID 10061; state: DISABLED
06-29 10:12:53.866 1570 2478 D CompatibilityChangeReporter: Compat change id reported: 177438394; UID 10061; state: DISABLED
06-29 10:12:53.866 1570 2478 D CompatibilityChangeReporter: Compat change id reported: 135772972; UID 10061; state: DISABLED
06-29 10:12:53.866 1570 2478 D CompatibilityChangeReporter: Compat change id reported: 135754954; UID 10061; state: ENABLED
06-29 10:12:53.866 1570 1725 D CompatibilityChangeReporter: Compat change id reported: 143937733; UID 10061; state: ENABLED
06-29 10:12:53.866 1570 2478 I ActivityManager: Killing 5151:com.android.dynsystem:dynsystem/1000 (adj 905): empty #2
06-29 10:12:53.866 1570 2478 I am_kill : [0,5151,com.android.dynsystem:dynsystem,905,empty #2]
06-29 10:12:53.875 1570 1725 I am_proc_start: [0,5216,10061,com.android.onetimeinitializer,broadcast,{com.android.onetimeinitializer/com.android.onetimeinitializer.OneTimeInitializerReceiver}]
06-29 10:12:53.875 1570 1725 I ActivityManager: Start proc 5216:com.android.onetimeinitializer/u0a61 for broadcast {com.android.onetimeinitializer/com.android.onetimeinitializer.OneTimeInitializerReceiver}
06-29 10:12:53.877 1570 1570 I GameModeConfig: isGameModeOn = true
06-29 10:12:53.877 1570 1570 I GameModeConfig: isGaming = false
06-29 10:12:53.879 1570 2478 D PowerManagerService: acquireWakeLockInternal: lock=52075461, flags=0x1, tag="i", ws=null, uid=10101, pid=3545
06-29 10:12:53.879 1570 2478 D PowerManagerService: updateWakeLockSummaryLocked: mWakefulness=Awake, mWakeLockSummary=0x1
06-29 10:12:53.879 1570 2478 D PowerManagerService: updateUserActivitySummaryLocked: groupId=0, mWakefulness=Awake, mUserActivitySummary=0x1, nextTimeout=119202 (in 50116 ms)
06-29 10:12:53.879 1570 2478 D PowerManagerNotifier: onScreenPolicyUpdate: newPolicy=3
06-29 10:12:53.879 1570 2478 D PowerManagerService: updateDisplayPowerStateLocked: displayReady=true, groupId=0, policy=BRIGHT, mWakefulness=Awake, mWakeLockSummary=0x1, mUserActivitySummary=0x1, mBootCompleted=true, screenBrightnessOverride=NaN, useAutoBrightness=false, mScreenBrightnessBoostInProgress=false, mIsVrModeEnabled= false, sQuiescent=false
06-29 10:12:53.879 1570 2478 D PowerManagerNotifier: onWakeLockAcquired: flags=1, tag="i", packageName=com.tencent.android.qqdownloader, ownerUid=10101, ownerPid=3545, workSource=null
06-29 10:12:53.885 1570 4954 I am_proc_died: [0,5151,com.android.dynsystem:dynsystem,905,19]
06-29 10:12:53.886 1570 4954 I am_uid_active: 10061
06-29 10:12:53.887 1570 2478 D PowerManagerService: acquireWakeLockInternal: lock=220760346, flags=0x1, tag="i", ws=null, uid=10101, pid=3545
06-29 10:12:53.887 1570 2478 D PowerManagerService: updateWakeLockSummaryLocked: mWakefulness=Awake, mWakeLockSummary=0x1
06-29 10:12:53.887 1570 2478 D PowerManagerService: updateUserActivitySummaryLocked: groupId=0, mWakefulness=Awake, mUserActivitySummary=0x1, nextTimeout=119202 (in 50108 ms)
06-29 10:12:53.887 1570 2478 D PowerManagerNotifier: onScreenPolicyUpdate: newPolicy=3
06-29 10:12:53.887 1570 2478 D PowerManagerService: updateDisplayPowerStateLocked: displayReady=true, groupId=0, policy=BRIGHT, mWakefulness=Awake, mWakeLockSummary=0x1, mUserActivitySummary=0x1, mBootCompleted=true, screenBrightnessOverride=NaN, useAutoBrightness=false, mScreenBrightnessBoostInProgress=false, mIsVrModeEnabled= false, sQuiescent=false
06-29 10:12:53.887 1570 2478 D PowerManagerNotifier: onWakeLockAcquired: flags=1, tag="i", packageName=com.tencent.android.qqdownloader, ownerUid=10101, ownerPid=3545, workSource=null
06-29 10:12:53.901 0 0 I [ 69.108669] binder: 5216:5216 ioctl 40046210 7fe27a47d4 returned -22
06-29 10:12:53.904 1570 2478 D PowerManagerService: acquireWakeLockInternal: lock=40498728, flags=0x1, tag="i", ws=null, uid=10101, pid=3545
06-29 10:12:53.905 1570 2478 D PowerManagerService: updateWakeLockSummaryLocked: mWakefulness=Awake, mWakeLockSummary=0x1
06-29 10:12:53.905 1570 2478 D PowerManagerService: updateUserActivitySummaryLocked: groupId=0, mWakefulness=Awake, mUserActivitySummary=0x1, nextTimeout=119202 (in 50091 ms)
06-29 10:12:53.905 1570 2478 D PowerManagerNotifier: onScreenPolicyUpdate: newPolicy=3
06-29 10:12:53.905 1570 2478 D PowerManagerService: updateDisplayPowerStateLocked: displayReady=true, groupId=0, policy=BRIGHT, mWakefulness=Awake, mWakeLockSummary=0x1, mUserActivitySummary=0x1, mBootCompleted=true, screenBrightnessOverride=NaN, useAutoBrightness=false, mScreenBrightnessBoostInProgress=false, mIsVrModeEnabled= false, sQuiescent=false
06-29 10:12:53.905 1570 2478 D PowerManagerNotifier: onWakeLockAcquired: flags=1, tag="i", packageName=com.tencent.android.qqdownloader, ownerUid=10101, ownerPid=3545, workSource=null
06-29 10:12:53.908 1570 2478 I am_proc_bound: [0,5216,com.android.onetimeinitializer]
06-29 10:12:53.910 1570 2478 D CompatibilityChangeReporter: Compat change id reported: 168419799; UID 10061; state: DISABLED
06-29 10:12:53.912 1570 4954 D PowerManagerService: acquireWakeLockInternal: lock=185478977, flags=0x1, tag="i", ws=null, uid=10101, pid=3545
06-29 10:12:53.912 1570 4954 D PowerManagerService: updateWakeLockSummaryLocked: mWakefulness=Awake, mWakeLockSummary=0x1
06-29 10:12:53.912 1570 4954 D PowerManagerService: updateUserActivitySummaryLocked: groupId=0, mWakefulness=Awake, mUserActivitySummary=0x1, nextTimeout=119202 (in 50083 ms)
06-29 10:12:53.912 1570 4954 D PowerManagerNotifier: onScreenPolicyUpdate: newPolicy=3
06-29 10:12:53.912 1570 4954 D PowerManagerService: updateDisplayPowerStateLocked: displayReady=true, groupId=0, policy=BRIGHT, mWakefulness=Awake, mWakeLockSummary=0x1, mUserActivitySummary=0x1, mBootCompleted=true, screenBrightnessOverride=NaN, useAutoBrightness=false, mScreenBrightnessBoostInProgress=false, mIsVrModeEnabled= false, sQuiescent=false
06-29 10:12:53.912 1570 4954 D PowerManagerNotifier: onWakeLockAcquired: flags=1, tag="i", packageName=com.tencent.android.qqdownloader, ownerUid=10101, ownerPid=3545, workSource=null
06-29 10:12:53.929 1570 4954 D PowerManagerService: acquireWakeLockInternal: lock=79043814, flags=0x1, tag="i", ws=null, uid=10101, pid=3545
06-29 10:12:53.929 1570 4954 D PowerManagerService: updateWakeLockSummaryLocked: mWakefulness=Awake, mWakeLockSummary=0x1
06-29 10:12:53.929 1570 4954 D PowerManagerService: updateUserActivitySummaryLocked: groupId=0, mWakefulness=Awake, mUserActivitySummary=0x1, nextTimeout=119202 (in 50066 ms)
06-29 10:12:53.929 1570 4954 D PowerManagerNotifier: onScreenPolicyUpdate: newPolicy=3
06-29 10:12:53.929 1570 4954 D PowerManagerService: updateDisplayPowerStateLocked: displayReady=true, groupId=0, policy=BRIGHT, mWakefulness=Awake, mWakeLockSummary=0x1, mUserActivitySummary=0x1, mBootCompleted=true, screenBrightnessOverride=NaN, useAutoBrightness=false, mScreenBrightnessBoostInProgress=false, mIsVrModeEnabled= false, sQuiescent=false
06-29 10:12:53.929 1570 4954 D PowerManagerNotifier: onWakeLockAcquired: flags=1, tag="i", packageName=com.tencent.android.qqdownloader, ownerUid=10101, ownerPid=3545, workSource=null
06-29 10:12:53.959 1570 2109 D PowerManagerService: acquireWakeLockInternal: lock=64367043, flags=0x1, tag="i", ws=null, uid=10101, pid=3545
06-29 10:12:53.959 1570 2109 D PowerManagerService: updateWakeLockSummaryLocked: mWakefulness=Awake, mWakeLockSummary=0x1
06-29 10:12:53.959 1570 2109 D PowerManagerService: updateUserActivitySummaryLocked: groupId=0, mWakefulness=Awake, mUserActivitySummary=0x1, nextTimeout=119202 (in 50036 ms)
06-29 10:12:53.959 1570 2109 D PowerManagerNotifier: onScreenPolicyUpdate: newPolicy=3
06-29 10:12:53.959 1570 2109 D PowerManagerService: updateDisplayPowerStateLocked: displayReady=true, groupId=0, policy=BRIGHT, mWakefulness=Awake, mWakeLockSummary=0x1, mUserActivitySummary=0x1, mBootCompleted=true, screenBrightnessOverride=NaN, useAutoBrightness=false, mScreenBrightnessBoostInProgress=false, mIsVrModeEnabled= false, sQuiescent=false
06-29 10:12:53.959 1570 2109 D PowerManagerNotifier: onWakeLockAcquired: flags=1, tag="i", packageName=com.tencent.android.qqdownloader, ownerUid=10101, ownerPid=3545, workSource=null
06-29 10:12:53.979 1570 2478 D PowerManagerService: releaseWakeLockInternal: lock=80299611 [i], flags=0x0
06-29 10:12:53.979 1570 2478 D PowerManagerNotifier: onWakeLockReleased: flags=1, tag="i", packageName=com.tencent.android.qqdownloader, ownerUid=10101, ownerPid=3545, workSource=null
06-29 10:12:53.980 1570 2478 D PowerManagerService: updateWakeLockSummaryLocked: mWakefulness=Awake, mWakeLockSummary=0x1
06-29 10:12:53.980 1570 2478 D PowerManagerService: updateUserActivitySummaryLocked: groupId=0, mWakefulness=Awake, mUserActivitySummary=0x1, nextTimeout=119202 (in 50015 ms)
06-29 10:12:53.980 1570 2478 D PowerManagerNotifier: onScreenPolicyUpdate: newPolicy=3
06-29 10:12:53.980 1570 2478 D PowerManagerService: updateDisplayPowerStateLocked: displayReady=true, groupId=0, policy=BRIGHT, mWakefulness=Awake, mWakeLockSummary=0x1, mUserActivitySummary=0x1, mBootCompleted=true, screenBrightnessOverride=NaN, useAutoBrightness=false, mScreenBrightnessBoostInProgress=false, mIsVrModeEnabled= false, sQuiescent=false
06-29 10:12:53.981 1570 4954 I am_uid_running: 10033
06-29 10:12:53.981 1570 4954 I ActivityManager: com.android.packageinstaller is exempt from freezer
06-29 10:12:53.981 1570 4954 D CompatibilityChangeReporter: Compat change id reported: 135634846; UID 10033; state: DISABLED
06-29 10:12:53.981 1570 4954 D CompatibilityChangeReporter: Compat change id reported: 177438394; UID 10033; state: DISABLED
06-29 10:12:53.981 1570 4954 D CompatibilityChangeReporter: Compat change id reported: 135772972; UID 10033; state: DISABLED
06-29 10:12:53.982 1570 4954 D CompatibilityChangeReporter: Compat change id reported: 135754954; UID 10033; state: ENABLED
06-29 10:12:53.982 1570 4954 I ActivityManager: Killing 5183:com.android.music/u0a88 (adj 905): empty #2
06-29 10:12:53.982 1570 4954 I am_kill : [0,5183,com.android.music,905,empty #2]
06-29 10:12:53.982 1570 1725 D CompatibilityChangeReporter: Compat change id reported: 143937733; UID 10033; state: ENABLED
06-29 10:12:53.996 1570 1725 I am_proc_start: [0,5237,10033,com.android.packageinstaller,broadcast,{com.android.packageinstaller/com.android.packageinstaller.TemporaryFileManager}]
06-29 10:12:53.996 1570 1725 I ActivityManager: Start proc 5237:com.android.packageinstaller/u0a33 for broadcast {com.android.packageinstaller/com.android.packageinstaller.TemporaryFileManager}
06-29 10:12:53.995 3687 3687 I auditd : type=1400 audit(0.0:516): avc: granted { execute } for comm="temporary-4" path="/data/user/0/com.tencent.android.qqdownloader/files/plugin/com.tencent.assistant.paganimation/arm64-v8a/libpag.so" dev="dm-21" ino=45268 scontext=u:r:untrusted_app_27:s0:c512,c768 tcontext=u:object_r:app_data_file:s0:c512,c768 tclass=file app=com.tencent.android.qqdownloader
06-29 10:12:54.006 1570 4954 D PowerManagerService: acquireWakeLockInternal: lock=52115800, flags=0x1, tag="i", ws=null, uid=10101, pid=3545
06-29 10:12:54.006 1570 4954 D PowerManagerService: updateWakeLockSummaryLocked: mWakefulness=Awake, mWakeLockSummary=0x1
06-29 10:12:54.006 1570 4954 D PowerManagerService: updateUserActivitySummaryLocked: groupId=0, mWakefulness=Awake, mUserActivitySummary=0x1, nextTimeout=119202 (in 49989 ms)
06-29 10:12:54.006 1570 4954 D PowerManagerNotifier: onScreenPolicyUpdate: newPolicy=3
06-29 10:12:54.006 1570 4954 D PowerManagerService: updateDisplayPowerStateLocked: displayReady=true, groupId=0, policy=BRIGHT, mWakefulness=Awake, mWakeLockSummary=0x1, mUserActivitySummary=0x1, mBootCompleted=true, screenBrightnessOverride=NaN, useAutoBrightness=false, mScreenBrightnessBoostInProgress=false, mIsVrModeEnabled= false, sQuiescent=false
06-29 10:12:54.006 1570 4954 D PowerManagerNotifier: onWakeLockAcquired: flags=1, tag="i", packageName=com.tencent.android.qqdownloader, ownerUid=10101, ownerPid=3545, workSource=null
06-29 10:12:54.010 1570 4954 I am_proc_died: [0,5183,com.android.music,905,19]
06-29 10:12:54.010 1570 4954 I am_uid_stopped: 10088
06-29 10:12:54.012 1570 4954 I am_uid_active: 10033
06-29 10:12:54.020 0 0 I [ 69.226508] binder: 5237:5237 ioctl 40046210 7fe27a47d4 returned -22
06-29 10:12:54.021 1570 4954 I am_proc_bound: [0,5237,com.android.packageinstaller]
06-29 10:12:54.022 1570 4954 D CompatibilityChangeReporter: Compat change id reported: 168419799; UID 10033; state: DISABLED
06-29 10:12:54.028 1570 3720 D PowerManagerService: acquireWakeLockInternal: lock=123228951, flags=0x1, tag="i", ws=null, uid=10101, pid=3545
06-29 10:12:54.028 1570 3720 D PowerManagerService: updateWakeLockSummaryLocked: mWakefulness=Awake, mWakeLockSummary=0x1
06-29 10:12:54.028 1570 3720 D PowerManagerService: updateUserActivitySummaryLocked: groupId=0, mWakefulness=Awake, mUserActivitySummary=0x1, nextTimeout=119202 (in 49967 ms)
06-29 10:12:54.028 1570 3720 D PowerManagerNotifier: onScreenPolicyUpdate: newPolicy=3
06-29 10:12:54.028 1570 3720 D PowerManagerService: updateDisplayPowerStateLocked: displayReady=true, groupId=0, policy=BRIGHT, mWakefulness=Awake, mWakeLockSummary=0x1, mUserActivitySummary=0x1, mBootCompleted=true, screenBrightnessOverride=NaN, useAutoBrightness=false, mScreenBrightnessBoostInProgress=false, mIsVrModeEnabled= false, sQuiescent=false
06-29 10:12:54.028 1570 3720 D PowerManagerNotifier: onWakeLockAcquired: flags=1, tag="i", packageName=com.tencent.android.qqdownloader, ownerUid=10101, ownerPid=3545, workSource=null
06-29 10:12:54.033 1570 3720 D PowerManagerService: releaseWakeLockInternal: lock=173191121 [i], flags=0x0
06-29 10:12:54.033 1570 3720 D PowerManagerNotifier: onWakeLockReleased: flags=1, tag="i", packageName=com.tencent.android.qqdownloader, ownerUid=10101, ownerPid=3545, workSource=null
06-29 10:12:54.034 1570 3720 D PowerManagerService: updateWakeLockSummaryLocked: mWakefulness=Awake, mWakeLockSummary=0x1
06-29 10:12:54.034 1570 3720 D PowerManagerService: updateUserActivitySummaryLocked: groupId=0, mWakefulness=Awake, mUserActivitySummary=0x1, nextTimeout=119202 (in 49961 ms)
06-29 10:12:54.034 1570 3720 D PowerManagerNotifier: onScreenPolicyUpdate: newPolicy=3
06-29 10:12:54.034 1570 3720 D PowerManagerService: updateDisplayPowerStateLocked: displayReady=true, groupId=0, policy=BRIGHT, mWakefulness=Awake, mWakeLockSummary=0x1, mUserActivitySummary=0x1, mBootCompleted=true, screenBrightnessOverride=NaN, useAutoBrightness=false, mScreenBrightnessBoostInProgress=false, mIsVrModeEnabled= false, sQuiescent=false
06-29 10:12:54.090 1570 3720 I am_uid_running: 10092
06-29 10:12:54.090 1570 3720 D CompatibilityChangeReporter: Compat change id reported: 135634846; UID 10092; state: DISABLED
06-29 10:12:54.091 1570 3720 D CompatibilityChangeReporter: Compat change id reported: 177438394; UID 10092; state: DISABLED
06-29 10:12:54.091 1570 3720 D CompatibilityChangeReporter: Compat change id reported: 135772972; UID 10092; state: DISABLED
06-29 10:12:54.091 1570 3720 D CompatibilityChangeReporter: Compat change id reported: 135754954; UID 10092; state: DISABLED
06-29 10:12:54.091 1570 1725 D CompatibilityChangeReporter: Compat change id reported: 143937733; UID 10092; state: DISABLED
06-29 10:12:54.091 1570 3720 I ActivityManager: Killing 5216:com.android.onetimeinitializer/u0a61 (adj 905): empty #2
06-29 10:12:54.091 1570 3720 I am_kill : [0,5216,com.android.onetimeinitializer,905,empty #2]
06-29 10:12:54.097 1570 1725 I am_proc_start: [0,5270,10092,com.android.permissioncontroller,broadcast,{com.android.permissioncontroller/com.android.permissioncontroller.permission.service.LocationAccessCheck$SetupPeriodicBackgroundLocationAccessCheck}]
06-29 10:12:54.097 1570 1725 I ActivityManager: Start proc 5270:com.android.permissioncontroller/u0a92 for broadcast {com.android.permissioncontroller/com.android.permissioncontroller.permission.service.LocationAccessCheck$SetupPeriodicBackgroundLocationAccessCheck}
06-29 10:12:54.100 1570 2109 D PowerManagerService: releaseWakeLockInternal: lock=40498728 [i], flags=0x0
06-29 10:12:54.100 1570 2109 D PowerManagerNotifier: onWakeLockReleased: flags=1, tag="i", packageName=com.tencent.android.qqdownloader, ownerUid=10101, ownerPid=3545, workSource=null
06-29 10:12:54.100 1570 2109 D PowerManagerService: updateWakeLockSummaryLocked: mWakefulness=Awake, mWakeLockSummary=0x1
06-29 10:12:54.100 1570 2109 D PowerManagerService: updateUserActivitySummaryLocked: groupId=0, mWakefulness=Awake, mUserActivitySummary=0x1, nextTimeout=119202 (in 49895 ms)
06-29 10:12:54.100 1570 2109 D PowerManagerNotifier: onScreenPolicyUpdate: newPolicy=3
06-29 10:12:54.100 1570 2109 D PowerManagerService: updateDisplayPowerStateLocked: displayReady=true, groupId=0, policy=BRIGHT, mWakefulness=Awake, mWakeLockSummary=0x1, mUserActivitySummary=0x1, mBootCompleted=true, screenBrightnessOverride=NaN, useAutoBrightness=false, mScreenBrightnessBoostInProgress=false, mIsVrModeEnabled= false, sQuiescent=false
06-29 10:12:54.106 1570 3720 D ActivityTaskManager: Skipping, freeform mode : Task{8a4e915 #163 type=undefined A=10109:com.netease.cloudmusic U=0 visible=false mode=freeform translucent=true sz=0 visible freeform task=true rootAffinity=10109:com.netease.cloudmusic isMini=false}
06-29 10:12:54.111 1570 4954 I am_proc_died: [0,5216,com.android.onetimeinitializer,905,19]
06-29 10:12:54.111 1570 4954 I am_uid_stopped: 10061
06-29 10:12:54.113 1570 4954 I am_uid_active: 10092
06-29 10:12:54.120 0 0 I [ 69.325728] binder: 5270:5270 ioctl 40046210 7fe27a47d4 returned -22
06-29 10:12:54.121 1570 1974 I GameModeConfig: isGameModeOn = true
06-29 10:12:54.121 1570 1974 I GameModeConfig: isGaming = false
06-29 10:12:54.121 1570 4954 I am_proc_bound: [0,5270,com.android.permissioncontroller]
06-29 10:12:54.121 1570 1974 I GameModeConfig: isGameModeOn = true
06-29 10:12:54.121 1570 1974 I GameModeConfig: isGaming = false
06-29 10:12:54.122 1570 4954 D CompatibilityChangeReporter: Compat change id reported: 168419799; UID 10092; state: DISABLED
06-29 10:12:54.126 1570 1723 I am_pss : [2667,10075,com.android.launcher3,151448576,136249344,0,280133632,0,2,11]
06-29 10:12:54.149 1570 3720 D PowerManagerService: acquireWakeLockInternal: lock=119175022, flags=0x1, tag="i", ws=null, uid=10101, pid=3545
06-29 10:12:54.149 1570 3720 D PowerManagerService: updateWakeLockSummaryLocked: mWakefulness=Awake, mWakeLockSummary=0x1
06-29 10:12:54.149 1570 3720 D PowerManagerService: updateUserActivitySummaryLocked: groupId=0, mWakefulness=Awake, mUserActivitySummary=0x1, nextTimeout=119202 (in 49846 ms)
06-29 10:12:54.149 1570 3720 D PowerManagerNotifier: onScreenPolicyUpdate: newPolicy=3
06-29 10:12:54.149 1570 3720 D PowerManagerService: updateDisplayPowerStateLocked: displayReady=true, groupId=0, policy=BRIGHT, mWakefulness=Awake, mWakeLockSummary=0x1, mUserActivitySummary=0x1, mBootCompleted=true, screenBrightnessOverride=NaN, useAutoBrightness=false, mScreenBrightnessBoostInProgress=false, mIsVrModeEnabled= false, sQuiescent=false
06-29 10:12:54.149 1570 3720 D PowerManagerNotifier: onWakeLockAcquired: flags=1, tag="i", packageName=com.tencent.android.qqdownloader, ownerUid=10101, ownerPid=3545, workSource=null
06-29 10:12:54.154 1570 1974 I GameModeConfig: isGameModeOn = true
06-29 10:12:54.154 1570 1974 I GameModeConfig: isGaming = false
06-29 10:12:54.168 1570 3720 D PowerManagerService: releaseWakeLockInternal: lock=185478977 [i], flags=0x0
06-29 10:12:54.168 1570 3720 D PowerManagerNotifier: onWakeLockReleased: flags=1, tag="i", packageName=com.tencent.android.qqdownloader, ownerUid=10101, ownerPid=3545, workSource=null
06-29 10:12:54.168 1570 3720 D PowerManagerService: updateWakeLockSummaryLocked: mWakefulness=Awake, mWakeLockSummary=0x1
06-29 10:12:54.168 1570 3720 D PowerManagerService: updateUserActivitySummaryLocked: groupId=0, mWakefulness=Awake, mUserActivitySummary=0x1, nextTimeout=119202 (in 49827 ms)
06-29 10:12:54.168 1570 3720 D PowerManagerNotifier: onScreenPolicyUpdate: newPolicy=3
06-29 10:12:54.168 1570 3720 D PowerManagerService: updateDisplayPowerStateLocked: displayReady=true, groupId=0, policy=BRIGHT, mWakefulness=Awake, mWakeLockSummary=0x1, mUserActivitySummary=0x1, mBootCompleted=true, screenBrightnessOverride=NaN, useAutoBrightness=false, mScreenBrightnessBoostInProgress=false, mIsVrModeEnabled= false, sQuiescent=false
06-29 10:12:54.189 1570 3720 D PowerManagerService: releaseWakeLockInternal: lock=220760346 [i], flags=0x0
06-29 10:12:54.189 1570 3720 D PowerManagerNotifier: onWakeLockReleased: flags=1, tag="i", packageName=com.tencent.android.qqdownloader, ownerUid=10101, ownerPid=3545, workSource=null
06-29 10:12:54.190 1570 3720 D PowerManagerService: updateWakeLockSummaryLocked: mWakefulness=Awake, mWakeLockSummary=0x1
06-29 10:12:54.190 1570 3720 D PowerManagerService: updateUserActivitySummaryLocked: groupId=0, mWakefulness=Awake, mUserActivitySummary=0x1, nextTimeout=119202 (in 49805 ms)
06-29 10:12:54.190 1570 3720 D PowerManagerNotifier: onScreenPolicyUpdate: newPolicy=3
06-29 10:12:54.190 1570 3720 D PowerManagerService: updateDisplayPowerStateLocked: displayReady=true, groupId=0, policy=BRIGHT, mWakefulness=Awake, mWakeLockSummary=0x1, mUserActivitySummary=0x1, mBootCompleted=true, screenBrightnessOverride=NaN, useAutoBrightness=false, mScreenBrightnessBoostInProgress=false, mIsVrModeEnabled= false, sQuiescent=false
06-29 10:12:54.196 1570 3720 D PowerManagerService: acquireWakeLockInternal: lock=100378760, flags=0x1, tag="i", ws=null, uid=10101, pid=3545
06-29 10:12:54.196 1570 3720 D PowerManagerService: updateWakeLockSummaryLocked: mWakefulness=Awake, mWakeLockSummary=0x1
06-29 10:12:54.196 1570 3720 D PowerManagerService: updateUserActivitySummaryLocked: groupId=0, mWakefulness=Awake, mUserActivitySummary=0x1, nextTimeout=119202 (in 49799 ms)
06-29 10:12:54.196 1570 3720 D PowerManagerNotifier: onScreenPolicyUpdate: newPolicy=3
06-29 10:12:54.196 1570 3720 D PowerManagerService: updateDisplayPowerStateLocked: displayReady=true, groupId=0, policy=BRIGHT, mWakefulness=Awake, mWakeLockSummary=0x1, mUserActivitySummary=0x1, mBootCompleted=true, screenBrightnessOverride=NaN, useAutoBrightness=false, mScreenBrightnessBoostInProgress=false, mIsVrModeEnabled= false, sQuiescent=false
06-29 10:12:54.197 1570 3720 D PowerManagerNotifier: onWakeLockAcquired: flags=1, tag="i", packageName=com.tencent.android.qqdownloader, ownerUid=10101, ownerPid=3545, workSource=null
06-29 10:12:54.218 1570 3720 I am_uid_running: 10036
06-29 10:12:54.218 1570 3720 D CompatibilityChangeReporter: Compat change id reported: 135634846; UID 10036; state: DISABLED
06-29 10:12:54.218 1570 3720 D CompatibilityChangeReporter: Compat change id reported: 177438394; UID 10036; state: DISABLED
06-29 10:12:54.218 1570 3720 D CompatibilityChangeReporter: Compat change id reported: 135772972; UID 10036; state: DISABLED
06-29 10:12:54.219 1570 3720 D CompatibilityChangeReporter: Compat change id reported: 135754954; UID 10036; state: ENABLED
06-29 10:12:54.219 1570 1725 D CompatibilityChangeReporter: Compat change id reported: 143937733; UID 10036; state: ENABLED
06-29 10:12:54.219 1570 3720 I ActivityManager: Killing 5237:com.android.packageinstaller/u0a33 (adj 905): empty #2
06-29 10:12:54.219 1570 3720 I am_kill : [0,5237,com.android.packageinstaller,905,empty #2]
06-29 10:12:54.220 1570 3720 D PowerManagerService: releaseWakeLockInternal: lock=52075461 [i], flags=0x0
06-29 10:12:54.221 1570 3720 D PowerManagerNotifier: onWakeLockReleased: flags=1, tag="i", packageName=com.tencent.android.qqdownloader, ownerUid=10101, ownerPid=3545, workSource=null
06-29 10:12:54.221 1570 3720 D PowerManagerService: updateWakeLockSummaryLocked: mWakefulness=Awake, mWakeLockSummary=0x1
06-29 10:12:54.221 1570 3720 D PowerManagerService: updateUserActivitySummaryLocked: groupId=0, mWakefulness=Awake, mUserActivitySummary=0x1, nextTimeout=119202 (in 49774 ms)
06-29 10:12:54.221 1570 3720 D PowerManagerNotifier: onScreenPolicyUpdate: newPolicy=3
06-29 10:12:54.221 1570 3720 D PowerManagerService: updateDisplayPowerStateLocked: displayReady=true, groupId=0, policy=BRIGHT, mWakefulness=Awake, mWakeLockSummary=0x1, mUserActivitySummary=0x1, mBootCompleted=true, screenBrightnessOverride=NaN, useAutoBrightness=false, mScreenBrightnessBoostInProgress=false, mIsVrModeEnabled= false, sQuiescent=false
06-29 10:12:54.225 1570 1725 I am_proc_start: [0,5287,10036,com.android.providers.calendar,broadcast,{com.android.providers.calendar/com.android.providers.calendar.CalendarReceiver}]
06-29 10:12:54.225 1570 1725 I ActivityManager: Start proc 5287:com.android.providers.calendar/u0a36 for broadcast {com.android.providers.calendar/com.android.providers.calendar.CalendarReceiver}
06-29 10:12:54.235 0 0 I [ 69.440084] binder: 5287:5287 ioctl 40046210 7fe27a47d4 returned -22
06-29 10:12:54.235 1570 3720 I am_proc_bound: [0,5287,com.android.providers.calendar]
06-29 10:12:54.236 1570 3720 D CompatibilityChangeReporter: Compat change id reported: 168419799; UID 10036; state: DISABLED
06-29 10:12:54.237 1570 3720 I am_uid_active: 10036
06-29 10:12:54.238 1570 4954 I am_proc_died: [0,5237,com.android.packageinstaller,905,19]
06-29 10:12:54.238 1570 4954 I am_uid_stopped: 10033
06-29 10:12:54.274 1570 3720 D PowerManagerService: acquireWakeLockInternal: lock=61150609, flags=0x1, tag="CalendarReceiver_Provider", ws=null, uid=10036, pid=5287
06-29 10:12:54.274 1570 3720 D PowerManagerService: updateWakeLockSummaryLocked: mWakefulness=Awake, mWakeLockSummary=0x1
06-29 10:12:54.274 1570 3720 D PowerManagerService: updateUserActivitySummaryLocked: groupId=0, mWakefulness=Awake, mUserActivitySummary=0x1, nextTimeout=119202 (in 49721 ms)
06-29 10:12:54.274 1570 3720 D PowerManagerNotifier: onScreenPolicyUpdate: newPolicy=3
06-29 10:12:54.274 1570 3720 D PowerManagerService: updateDisplayPowerStateLocked: displayReady=true, groupId=0, policy=BRIGHT, mWakefulness=Awake, mWakeLockSummary=0x1, mUserActivitySummary=0x1, mBootCompleted=true, screenBrightnessOverride=NaN, useAutoBrightness=false, mScreenBrightnessBoostInProgress=false, mIsVrModeEnabled= false, sQuiescent=false
06-29 10:12:54.274 1570 3720 D PowerManagerNotifier: onWakeLockAcquired: flags=1, tag="CalendarReceiver_Provider", packageName=com.android.providers.calendar, ownerUid=10036, ownerPid=5287, workSource=null
06-29 10:12:54.277 1570 4954 D CompatibilityChangeReporter: Compat change id reported: 171306433; UID 10036; state: ENABLED
06-29 10:12:54.278 1570 3720 D PowerManagerService: releaseWakeLockInternal: lock=61150609 [CalendarReceiver_Provider], flags=0x0
06-29 10:12:54.278 1570 3720 D PowerManagerNotifier: onWakeLockReleased: flags=1, tag="CalendarReceiver_Provider", packageName=com.android.providers.calendar, ownerUid=10036, ownerPid=5287, workSource=null
06-29 10:12:54.278 1570 3720 D PowerManagerService: updateWakeLockSummaryLocked: mWakefulness=Awake, mWakeLockSummary=0x1
06-29 10:12:54.278 1570 3720 D PowerManagerService: updateUserActivitySummaryLocked: groupId=0, mWakefulness=Awake, mUserActivitySummary=0x1, nextTimeout=119202 (in 49717 ms)
06-29 10:12:54.278 1570 3720 D PowerManagerNotifier: onScreenPolicyUpdate: newPolicy=3
06-29 10:12:54.278 1570 3720 D PowerManagerService: updateDisplayPowerStateLocked: displayReady=true, groupId=0, policy=BRIGHT, mWakefulness=Awake, mWakeLockSummary=0x1, mUserActivitySummary=0x1, mBootCompleted=true, screenBrightnessOverride=NaN, useAutoBrightness=false, mScreenBrightnessBoostInProgress=false, mIsVrModeEnabled= false, sQuiescent=false
06-29 10:12:54.278 1570 4954 I ActivityManager: Killing 5270:com.android.permissioncontroller/u0a92 (adj 905): empty #2
06-29 10:12:54.278 1570 4954 I am_kill : [0,5270,com.android.permissioncontroller,905,empty #2]
06-29 10:12:54.280 1570 3720 D CompatibilityChangeReporter: Compat change id reported: 143231523; UID 10036; state: DISABLED
06-29 10:12:54.284 1570 3720 D CompatibilityChangeReporter: Compat change id reported: 135634846; UID 1000; state: DISABLED
06-29 10:12:54.284 1570 3720 D CompatibilityChangeReporter: Compat change id reported: 177438394; UID 1000; state: DISABLED
06-29 10:12:54.284 1570 3720 D CompatibilityChangeReporter: Compat change id reported: 135772972; UID 1000; state: DISABLED
06-29 10:12:54.284 1570 3720 D CompatibilityChangeReporter: Compat change id reported: 135754954; UID 1000; state: ENABLED
06-29 10:12:54.289 1570 1725 I am_proc_start: [0,5306,1000,com.android.settings,broadcast,{com.android.settings/com.android.settings.fuelgauge.batterytip.AnomalyConfigReceiver}]
06-29 10:12:54.289 1570 1725 I ActivityManager: Start proc 5306:com.android.settings/1000 for broadcast {com.android.settings/com.android.settings.fuelgauge.batterytip.AnomalyConfigReceiver}
06-29 10:12:54.294 1570 3720 I am_proc_died: [0,5270,com.android.permissioncontroller,905,19]
06-29 10:12:54.294 1570 3720 I am_uid_stopped: 10092
06-29 10:12:54.299 1570 3720 I am_proc_bound: [0,5306,com.android.settings]
06-29 10:12:54.300 1570 3720 D CompatibilityChangeReporter: Compat change id reported: 168419799; UID 1000; state: DISABLED
06-29 10:12:54.300 0 0 I [ 69.504139] binder: 5306:5306 ioctl 40046210 7fe27a47d4 returned -22
