06-29 10:12:13.911 0 0 E [ 29.117863] [kworke][0x246053bb][02: 12:13.910940] wlan: [334:E:TXRX] hif_print_hal_shadow_register_cfg: num_config 28
06-29 10:12:13.911 0 0 I [ 29.117869] [kworke][0x2460542c][02: 12:13.910946] wlan: [334:I:TXRX] hif_print_hal_shadow_register_cfg: i 0, val a3b034
06-29 10:12:13.911 0 0 I [ 29.117883] [kworke][0x2460544e][02: 12:13.910948] wlan: [334:I:TXRX] hif_print_hal_shadow_register_cfg: i 1, val a3b03c
06-29 10:12:13.911 0 0 I [ 29.117885] [kworke][0x24605563][02: 12:13.910962] wlan: [334:I:TXRX] hif_print_hal_shadow_register_cfg: i 2, val a3b044
06-29 10:12:13.911 0 0 I [ 29.117886] [kworke][0x24605581][02: 12:13.910964] wlan: [334:I:TXRX] hif_print_hal_shadow_register_cfg: i 3, val a3b04c
06-29 10:12:13.911 0 0 I [ 29.117888] [kworke][0x2460559c][02: 12:13.910965] wlan: [334:I:TXRX] hif_print_hal_shadow_register_cfg: i 4, val a3b054
06-29 10:12:13.911 0 0 I [ 29.117889] [kworke][0x246055ba][02: 12:13.910967] wlan: [334:I:TXRX] hif_print_hal_shadow_register_cfg: i 5, val a3b028
06-29 10:12:13.911 0 0 I [ 29.117891] [kworke][0x246055d5][02: 12:13.910968] wlan: [334:I:TXRX] hif_print_hal_shadow_register_cfg: i 6, val a3b020
06-29 10:12:13.911 0 0 I [ 29.117892] [kworke][0x246055f1][02: 12:13.910970] wlan: [334:I:TXRX] hif_print_hal_shadow_register_cfg: i 7, val a3b06c
06-29 10:12:13.911 0 0 I [ 29.117894] [kworke][0x2460560e][02: 12:13.910971] wlan: [334:I:TXRX] hif_print_hal_shadow_register_cfg: i 8, val a46000
06-29 10:12:13.911 0 0 I [ 29.117895] [kworke][0x24605629][02: 12:13.910972] wlan: [334:I:TXRX] hif_print_hal_shadow_register_cfg: i 9, val a46008
06-29 10:12:13.911 0 0 I [ 29.117897] [kworke][0x24605646][02: 12:13.910974] wlan: [334:I:TXRX] hif_print_hal_shadow_register_cfg: i 10, val a46010
06-29 10:12:13.911 0 0 I [ 29.117898] [kworke][0x24605665][02: 12:13.910976] wlan: [334:I:TXRX] hif_print_hal_shadow_register_cfg: i 11, val a46018
06-29 10:12:13.911 0 0 I [ 29.117900] [kworke][0x24605682][02: 12:13.910977] wlan: [334:I:TXRX] hif_print_hal_shadow_register_cfg: i 12, val a46034
06-29 10:12:13.911 0 0 I [ 29.117901] [kworke][0x2460569f][02: 12:13.910979] wlan: [334:I:TXRX] hif_print_hal_shadow_register_cfg: i 13, val a370b0
06-29 10:12:13.911 0 0 I [ 29.117903] [kworke][0x246056bb][02: 12:13.910980] wlan: [334:I:TXRX] hif_print_hal_shadow_register_cfg: i 14, val a37018
06-29 10:12:13.911 0 0 I [ 29.117904] [kworke][0x246056d6][02: 12:13.910981] wlan: [334:I:TXRX] hif_print_hal_shadow_register_cfg: i 15, val a370c4
06-29 10:12:13.911 0 0 I [ 29.117906] [kworke][0x246056f2][02: 12:13.910983] wlan: [334:I:TXRX] hif_print_hal_shadow_register_cfg: i 16, val a370cc
06-29 10:12:13.911 0 0 I [ 29.117907] [kworke][0x2460570f][02: 12:13.910984] wlan: [334:I:TXRX] hif_print_hal_shadow_register_cfg: i 17, val a370d4
06-29 10:12:13.911 0 0 I [ 29.117909] [kworke][0x2460572c][02: 12:13.910986] wlan: [334:I:TXRX] hif_print_hal_shadow_register_cfg: i 18, val a370dc
06-29 10:12:13.911 0 0 I [ 29.117912] [kworke][0x24605747][02: 12:13.910987] wlan: [334:I:TXRX] hif_print_hal_shadow_register_cfg: i 19, val a00400
06-29 10:12:13.911 0 0 I [ 29.117913] [kworke][0x24605787][02: 12:13.910991] wlan: [334:I:TXRX] hif_print_hal_shadow_register_cfg: i 20, val a03400
06-29 10:12:13.911 0 0 I [ 29.117915] [kworke][0x246057a4][02: 12:13.910992] wlan: [334:I:TXRX] hif_print_hal_shadow_register_cfg: i 21, val a0340c
06-29 10:12:13.911 0 0 I [ 29.117916] [kworke][0x246057c1][02: 12:13.910994] wlan: [334:I:TXRX] hif_print_hal_shadow_register_cfg: i 22, val a05400
06-29 10:12:13.911 0 0 I [ 29.117918] [kworke][0x246057df][02: 12:13.910995] wlan: [334:I:TXRX] hif_print_hal_shadow_register_cfg: i 23, val a0540c
06-29 10:12:13.911 0 0 I [ 29.117919] [kworke][0x246057fc][02: 12:13.910997] wlan: [334:I:TXRX] hif_print_hal_shadow_register_cfg: i 24, val a06400
06-29 10:12:13.911 0 0 I [ 29.117921] [kworke][0x24605818][02: 12:13.910998] wlan: [334:I:TXRX] hif_print_hal_shadow_register_cfg: i 25, val a08400
06-29 10:12:13.911 0 0 I [ 29.117922] [kworke][0x24605833][02: 12:13.911000] wlan: [334:I:TXRX] hif_print_hal_shadow_register_cfg: i 26, val a0b400
06-29 10:12:13.911 0 0 I [ 29.117924] [kworke][0x2460584f][02: 12:13.911001] wlan: [334:I:TXRX] hif_print_hal_shadow_register_cfg: i 27, val a0b40c
06-29 10:12:13.911 0 0 D [ 29.117926] cnss: Mode: 0, config: 0000000000000000, host_version: 5.2.022.10G
06-29 10:12:13.911 0 0 D [ 29.117928] cnss: Sending WLAN config message, state: 0x17
06-29 10:12:13.913 0 0 D [ 29.118790] cnss: Sending mode message, mode: MISSION(0), state: 0x17
06-29 10:12:13.936 0 0 D [ 29.142103] cnss: Received QMI WLFW pin connect result indication
06-29 10:12:13.936 0 0 D [ 29.142106] cnss: Pin connect Result: pwr_pin: 0x1 phy_io_pin: 0x0 rf_io_pin: 0x0
06-29 10:12:13.936 0 0 D [ 29.142121] cnss: Assign MSI to user: CE, num_vectors: 10, user_base_data: 803, base_vector: 3
06-29 10:12:13.936 0 0 I [ 29.142196] [kworke][0x246774ab][02: 12:13.935273] wlan: [334:I:HIF] ce_srng_dest_ring_setup: ce_id 1
06-29 10:12:13.936 0 0 D [ 29.142197] cnss: Assign MSI to user: CE, num_vectors: 10, user_base_data: 803, base_vector: 3
06-29 10:12:13.936 0 0 I [ 29.142276] [kworke][0x24677aaf][02: 12:13.935353] wlan: [334:I:HIF] ce_srng_status_ring_setup: ce_id 1
06-29 10:12:13.936 0 0 D [ 29.142276] cnss: Assign MSI to user: CE, num_vectors: 10, user_base_data: 803, base_vector: 3
06-29 10:12:13.936 0 0 I [ 29.142335] [kworke][0x24677f27][02: 12:13.935412] wlan: [334:I:HIF] ce_srng_dest_ring_setup: ce_id 2
06-29 10:12:13.936 0 0 D [ 29.142336] cnss: Assign MSI to user: CE, num_vectors: 10, user_base_data: 803, base_vector: 3
06-29 10:12:13.936 0 0 I [ 29.142407] [kworke][0x24678491][02: 12:13.935485] wlan: [334:I:HIF] ce_srng_status_ring_setup: ce_id 2
06-29 10:12:13.936 0 0 D [ 29.142408] cnss: Assign MSI to user: CE, num_vectors: 10, user_base_data: 803, base_vector: 3
06-29 10:12:13.936 0 0 D [ 29.142467] cnss: Assign MSI to user: CE, num_vectors: 10, user_base_data: 803, base_vector: 3
06-29 10:12:13.936 0 0 I [ 29.142577] [kworke][0x2467914e][02: 12:13.935654] wlan: [334:I:HIF] ce_srng_dest_ring_setup: ce_id 5
06-29 10:12:13.936 0 0 D [ 29.142578] cnss: Assign MSI to user: CE, num_vectors: 10, user_base_data: 803, base_vector: 3
06-29 10:12:13.936 0 0 I [ 29.142651] [kworke][0x246796d5][02: 12:13.935728] wlan: [334:I:HIF] ce_srng_status_ring_setup: ce_id 5
06-29 10:12:13.936 0 0 D [ 29.142651] cnss: Assign MSI to user: CE, num_vectors: 10, user_base_data: 803, base_vector: 3
06-29 10:12:13.936 0 0 I [ 29.142714] [kworke][0x24679b8f][02: 12:13.935791] wlan: [334:I:HIF] hif_configure_irq: E
06-29 10:12:13.936 0 0 D [ 29.142715] cnss: Assign MSI to user: WAKE, num_vectors: 1, user_base_data: 813, base_vector: 13
06-29 10:12:13.936 0 0 D [ 29.142717] cnss: Get IRQ number 364 for vector index 13
06-29 10:12:13.936 0 0 D [ 29.142742] cnss: Assign MSI to user: CE, num_vectors: 10, user_base_data: 803, base_vector: 3
06-29 10:12:13.936 0 0 D [ 29.142743] cnss: Get IRQ number 354 for vector index 3
06-29 10:12:13.936 0 0 D [ 29.142755] cnss: Get IRQ number 355 for vector index 4
06-29 10:12:13.936 0 0 D [ 29.142766] cnss: Get IRQ number 356 for vector index 5
06-29 10:12:13.936 0 0 D [ 29.142778] cnss: Get IRQ number 357 for vector index 6
06-29 10:12:13.936 0 0 D [ 29.142789] cnss: Get IRQ number 359 for vector index 8
06-29 10:12:13.936 0 0 D [ 29.142800] cnss: Get IRQ number 360 for vector index 9
06-29 10:12:13.936 0 0 D [ 29.142809] cnss: Get IRQ number 362 for vector index 11
06-29 10:12:13.936 0 0 E [ 29.142857] [kworke][0x2467a64f][02: 12:13.935934] wlan: [334:E:mlme] mlme_init_reg_cfg: 2374: null pdev
06-29 10:12:13.936 0 0 E [ 29.142873] [kworke][0x2467a779][02: 12:13.935950] wlan: [334:E:WMI] WMI handle is NULL
06-29 10:12:13.936 0 0 I [ 29.142881] [kworke][0x2467a819][02: 12:13.935958] wlan: [334:I:HIF] Initializing Runtime PM wakelock &p2p_soc_obj->roc_runtime_lock
06-29 10:12:13.936 0 0 D [ 29.142887] cnss: Platform cap_flag is 0x4
06-29 10:12:13.936 0 0 E [ 29.142889] [kworke][0x2467a8ba][02: 12:13.935967] wlan: [334:E:QDF] cds_get_context: 1486: Module ID 66 context is Null
06-29 10:12:13.936 0 0 E [ 29.143449] [kworke][0x2467d2a3][02: 12:13.936525] wlan: [334:E:QDF] cds_get_context: 1486: Module ID 66 context is Null
06-29 10:12:13.941 0 0 E [ 29.145514] init: Control message: Could not find 'android.frameworks.sensorservice@1.0::ISensorManager/default' for ctl.interface_start from pid: 533 (/system/bin/hwservicemanager)
06-29 10:12:13.941 0 0 I [ 29.148131] [kworke][0x246931a2][02: 12:13.941206] wlan: [334:I:HIF] Initializing Runtime PM wakelock &psoc_wakelock->wmi_cmd_rsp_runtime_lock
06-29 10:12:13.941 0 0 F [ 29.148177] [kworke][0x2469354c][02: 12:13.941254] wlan: [334:F:WMA] WMA --> wmi_unified_attach - success
06-29 10:12:13.943 0 0 I [ 29.148277] [kworke][0x24693cab][02: 12:13.941353] wlan: [334:I:HIF] Initializing Runtime PM wakelock &vdev->vdev_set_key_runtime_wakelock
06-29 10:12:13.943 0 0 E [ 29.148533] init: Control message: Could not find 'android.frameworks.sensorservice@1.0::ISensorManager/default' for ctl.interface_start from pid: 533 (/system/bin/hwservicemanager)
06-29 10:12:13.943 0 0 I [ 29.148635] [kworke][0x2469578e][02: 12:13.941711] wlan: [334:I:HIF] Initializing Runtime PM wakelock &vdev->vdev_set_key_runtime_wakelock
06-29 10:12:13.943 0 0 I [ 29.148998] [kworke][0x2469724d][02: 12:13.942068] wlan: [334:I:HIF] Initializing Runtime PM wakelock &vdev->vdev_set_key_runtime_wakelock
06-29 10:12:13.943 0 0 I [ 29.149350] [kworke][0x24698d20][02: 12:13.942425] wlan: [334:I:HIF] Initializing Runtime PM wakelock &vdev->vdev_set_key_runtime_wakelock
06-29 10:12:13.943 0 0 I [ 29.149697] [kworke][0x2469a735][02: 12:13.942773] wlan: [334:I:HIF] Initializing Runtime PM wakelock &vdev->vdev_set_key_runtime_wakelock
06-29 10:12:13.943 0 0 I [ 29.150046] [kworke][0x2469c162][02: 12:13.943122] wlan: [334:I:HIF] Initializing Runtime PM wakelock &vdev->vdev_set_key_runtime_wakelock
06-29 10:12:13.944 0 0 I [ 29.150456] [kworke][0x2469df81][02: 12:13.943524] wlan: [334:I:HIF] Initializing Runtime PM wakelock &wma_handle->wmi_cmd_rsp_runtime_lock
06-29 10:12:13.944 0 0 I [ 29.150459] [kworke][0x2469e061][02: 12:13.943535] wlan: [334:I:HIF] Initializing Runtime PM wakelock &wma_handle->sap_prevent_runtime_pm_lock
06-29 10:12:13.944 0 0 E [ 29.151439] [kworke][0x246a29f3][02: 12:13.944516] wlan: [334:E:QDF] htc_wait_target: 684: Target Ready! TX resource : 1 size:2176, MaxMsgsPerHTCBundle = 1
06-29 10:12:13.944 0 0 E [ 29.151447] [kworke][0x246a2a50][02: 12:13.944521] wlan: [334:E:QDF] htc_setup_target_buffer_assignments: 576: SVS Index : 1 TX : 0x100 : alloc:1
06-29 10:12:13.944 0 0 D [ 29.151458] cnss: Assign MSI to user: DP, num_vectors: 18, user_base_data: 814, base_vector: 14
06-29 10:12:13.944 0 0 I [ 29.151565] [kworke][0x246a332d][02: 12:13.944639] wlan: [334:I:HIF] +hif_update_pipe_callback pipeid 5
06-29 10:12:13.944 0 0 I : [ 29.151565]
06-29 10:12:13.944 0 0 I [ 29.151568] [kworke][0x246a3391][02: 12:13.944645] wlan: [334:I:HIF] -hif_update_pipe_callback
06-29 10:12:13.944 0 0 I : [ 29.151568]
06-29 10:12:13.944 0 0 D [ 29.151571] cnss: Assign MSI to user: DP, num_vectors: 18, user_base_data: 814, base_vector: 14
06-29 10:12:13.945 0 0 E [ 29.151908] [kworke][0x246a4d10][02: 12:13.944984] wlan: [334:E:DP] dp_srng_get_str_from_hal_ring_type: 7726: Invalid ring type
06-29 10:12:13.945 0 0 D [ 29.151916] cnss: Assign MSI to user: DP, num_vectors: 18, user_base_data: 814, base_vector: 14
06-29 10:12:13.947 0 0 D [ 29.152546] cnss: Assign MSI to user: DP, num_vectors: 18, user_base_data: 814, base_vector: 14
06-29 10:12:13.947 0 0 D [ 29.152601] cnss: Assign MSI to user: DP, num_vectors: 18, user_base_data: 814, base_vector: 14
06-29 10:12:13.947 0 0 D [ 29.152655] cnss: Assign MSI to user: DP, num_vectors: 18, user_base_data: 814, base_vector: 14
06-29 10:12:13.947 0 0 D [ 29.152727] cnss: Assign MSI to user: DP, num_vectors: 18, user_base_data: 814, base_vector: 14
06-29 10:12:13.947 0 0 D [ 29.152775] cnss: Assign MSI to user: DP, num_vectors: 18, user_base_data: 814, base_vector: 14
06-29 10:12:13.947 0 0 D [ 29.152821] cnss: Assign MSI to user: DP, num_vectors: 18, user_base_data: 814, base_vector: 14
06-29 10:12:13.947 0 0 D [ 29.152870] cnss: Assign MSI to user: DP, num_vectors: 18, user_base_data: 814, base_vector: 14
06-29 10:12:13.947 0 0 I [ 29.152910] [kworke][0x246a984c][02: 12:13.945988] wlan: [334:I:DP] dp_tx_soc_attach Tx Desc Alloc num_pool = 4, descs = 4096
06-29 10:12:13.947 0 0 I [ 29.153065] [kworke][0x246aa3e6][02: 12:13.946142] wlan: [334:I:DP] dp_tx_soc_attach MSDU Ext Desc Alloc 4, descs = 4096
06-29 10:12:13.947 0 0 I [ 29.153326] [kworke][0x246ab770][02: 12:13.946403] wlan: [334:I:DP] dp_tx_soc_attach HAL Tx init Success
06-29 10:12:13.947 0 0 D [ 29.153345] cnss: Assign MSI to user: DP, num_vectors: 18, user_base_data: 814, base_vector: 14
06-29 10:12:13.947 0 0 D [ 29.153392] cnss: Assign MSI to user: DP, num_vectors: 18, user_base_data: 814, base_vector: 14
06-29 10:12:13.947 0 0 I [ 29.153430] [kworke][0x246abf4a][02: 12:13.946508] wlan: [334:I:DP] dp_soc_cmn_setup: 3274: num_reo_dest_rings 4
06-29 10:12:13.947 0 0 D [ 29.153434] cnss: Assign MSI to user: DP, num_vectors: 18, user_base_data: 814, base_vector: 14
06-29 10:12:13.947 0 0 D [ 29.153499] cnss: Assign MSI to user: DP, num_vectors: 18, user_base_data: 814, base_vector: 14
06-29 10:12:13.947 0 0 D [ 29.153559] cnss: Assign MSI to user: DP, num_vectors: 18, user_base_data: 814, base_vector: 14
06-29 10:12:13.947 0 0 D [ 29.153619] cnss: Assign MSI to user: DP, num_vectors: 18, user_base_data: 814, base_vector: 14
06-29 10:12:13.947 0 0 D [ 29.153664] cnss: Assign MSI to user: DP, num_vectors: 18, user_base_data: 814, base_vector: 14
06-29 10:12:13.947 0 0 D [ 29.153675] cnss: Assign MSI to user: DP, num_vectors: 18, user_base_data: 814, base_vector: 14
06-29 10:12:13.947 0 0 D [ 29.153688] cnss: Assign MSI to user: DP, num_vectors: 18, user_base_data: 814, base_vector: 14
06-29 10:12:13.947 0 0 D [ 29.153733] cnss: Assign MSI to user: DP, num_vectors: 18, user_base_data: 814, base_vector: 14
06-29 10:12:13.947 0 0 D [ 29.153794] cnss: Assign MSI to user: DP, num_vectors: 18, user_base_data: 814, base_vector: 14
06-29 10:12:13.947 0 0 D [ 29.153853] cnss: Assign MSI to user: DP, num_vectors: 18, user_base_data: 814, base_vector: 14
06-29 10:12:13.947 0 0 D [ 29.153909] cnss: Assign MSI to user: DP, num_vectors: 18, user_base_data: 814, base_vector: 14
06-29 10:12:13.947 0 0 I [ 29.154034] [kworke][0x246aec8e][02: 12:13.947111] wlan: [334:I:HAL] hal_reo_set_err_dst_remap_6390: 1024: HWIO_REO_R0_ERROR_DESTINATION_MAPPING_IX_0 0x28005b6d
06-29 10:12:13.947 0 0 D [ 29.154041] cnss: Assign MSI to user: DP, num_vectors: 18, user_base_data: 814, base_vector: 14
06-29 10:12:13.947 0 0 D [ 29.154048] cnss: Assign MSI to user: DP, num_vectors: 18, user_base_data: 814, base_vector: 14
06-29 10:12:13.947 0 0 D [ 29.154054] cnss: Assign MSI to user: DP, num_vectors: 18, user_base_data: 814, base_vector: 14
06-29 10:12:13.947 0 0 D [ 29.154059] cnss: Assign MSI to user: DP, num_vectors: 18, user_base_data: 814, base_vector: 14
06-29 10:12:13.947 0 0 D [ 29.154069] cnss: Assign MSI to user: DP, num_vectors: 18, user_base_data: 814, base_vector: 14
06-29 10:12:13.947 0 0 D [ 29.154080] cnss: Assign MSI to user: DP, num_vectors: 18, user_base_data: 814, base_vector: 14
06-29 10:12:13.951 0 0 I [ 29.158772] [kworke][0x246c4fc5][02: 12:13.951847] wlan: [334:I:DP] Peer pool init
06-29 10:12:13.952 0 0 W [ 29.158869] [kworke][0x246c572a][02: 12:13.951946] wlan: [334:W:DP] dp_rx_pdev_mon_attach: pdev attach id=0
06-29 10:12:13.953 0 0 D [ 29.160148] cnss: Assign MSI to user: DP, num_vectors: 18, user_base_data: 814, base_vector: 14
06-29 10:12:13.954 0 0 D [ 29.160152] cnss: Get IRQ number 365 for vector index 14
06-29 10:12:13.954 0 0 D [ 29.160157] cnss: Assign MSI to user: DP, num_vectors: 18, user_base_data: 814, base_vector: 14
06-29 10:12:13.954 0 0 D [ 29.160158] cnss: Get IRQ number 366 for vector index 15
06-29 10:12:13.954 0 0 D [ 29.160159] cnss: Assign MSI to user: DP, num_vectors: 18, user_base_data: 814, base_vector: 14
06-29 10:12:13.954 0 0 D [ 29.160160] cnss: Get IRQ number 367 for vector index 16
06-29 10:12:13.954 0 0 D [ 29.160163] cnss: Assign MSI to user: DP, num_vectors: 18, user_base_data: 814, base_vector: 14
06-29 10:12:13.954 0 0 D [ 29.160164] cnss: Get IRQ number 368 for vector index 17
06-29 10:12:13.954 0 0 D [ 29.160166] cnss: Assign MSI to user: DP, num_vectors: 18, user_base_data: 814, base_vector: 14
06-29 10:12:13.954 0 0 D [ 29.160168] cnss: Assign MSI to user: DP, num_vectors: 18, user_base_data: 814, base_vector: 14
06-29 10:12:13.954 0 0 D [ 29.160169] cnss: Get IRQ number 370 for vector index 19
06-29 10:12:13.954 0 0 D [ 29.160171] cnss: Assign MSI to user: DP, num_vectors: 18, user_base_data: 814, base_vector: 14
06-29 10:12:13.954 0 0 D [ 29.160171] cnss: Get IRQ number 371 for vector index 20
06-29 10:12:13.957 0 0 I [ 29.161369] [kworke][0x246d125b][02: 12:13.954442] wlan: [80:I:WMA] wma_rx_service_ready_event: Firmware build version : 101a0521
06-29 10:12:13.957 0 0 I [ 29.161372] [kworke][0x246d12e5][02: 12:13.954449] wlan: [80:I:WMA] wma_rx_service_ready_event: Board id: 0, Board version: 8 0 0 0 6
06-29 10:12:13.957 0 0 I [ 29.161932] [kworke][0x246d3cde][02: 12:13.955009] wlan: [7:I:WMA] wma_is_dbs_mandatory: 5417: MAC0 does not support both bands 2 DBS is mandatory
06-29 10:12:13.957 0 0 E [ 29.161949] [kworke][0x246d3e36][02: 12:13.955026] wlan: [7:E:QDF] copy_fw_abi_version_tlv: 6979: copy_fw_abi_version_tlv: INIT_CMD version: 1, 0, 0x5f414351, 0x4c4d, 0x0, 0x0
06-29 10:12:14.142 0 0 E [ 29.349666] [kworke][0x24a43ce6][02: 12:14.142742] wlan: [80:E:QDF] ready_extract_init_status_tlv: 8884: ready_extract_init_status_tlv:0
06-29 10:12:14.143 0 0 E [ 29.349695] [kworke][0x24a43f2c][02: 12:14.142773] wlan: [80:E:QDF] cds_get_context: 1486: Module ID 65 context is Null
06-29 10:12:14.143 0 0 F [ 29.349699] [kworke][0x24a43f6b][02: 12:14.142776] wlan: [80:F:DP] cdp_ipa_set_uc_tx_partition_base invalid instance
06-29 10:12:14.143 0 0 I [ 29.349702] [kworke][0x24a43fb4][02: 12:14.142780] wlan: [80:I:WMA] wma_he_update_tgt_services: 996: 11ax is enabled
06-29 10:12:14.144 0 0 I [ 29.350566] [kworke][0x24a48055][02: 12:14.143641] wlan: [80:I:HIF] Initializing Runtime PM wakelock &mgmt_txrx_pdev_ctx->wakelock_tx_runtime_cmp
06-29 10:12:14.144 0 0 I [ 29.350614] [kworke][0x24a4840e][02: 12:14.143691] wlan: [80:I:dfs] WLAN_DEBUG_DFS_ALWAYS : wlan_dfs_pdev_obj_create_notification: 421: dfs_offload 1
06-29 10:12:14.144 0 0 I [ 29.350620] [kworke][0x24a48478][02: 12:14.143697] wlan: [80:I:SPECTRAL] null_get_capability: 1715: SPECTRAL : get_capability not registered
06-29 10:12:14.144 0 0 I : [ 29.350620]
06-29 10:12:14.144 0 0 I [ 29.350621] [kworke][0x24a484a1][02: 12:14.143699] wlan: [80:I:SPECTRAL] target_if_pdev_spectral_init: 2249: HAL_CAP_PHYDIAG : Capable
06-29 10:12:14.144 0 0 I [ 29.350627] [kworke][0x24a484c0][02: 12:14.143700] wlan: [80:I:SPECTRAL] null_get_capability: 1715: SPECTRAL : get_capability not registered
06-29 10:12:14.144 0 0 I : [ 29.350627]
06-29 10:12:14.144 0 0 I [ 29.350628] [kworke][0x24a48521][02: 12:14.143705] wlan: [80:I:SPECTRAL] target_if_pdev_spectral_init: 2253: HAL_CAP_RADAR : Capable
06-29 10:12:14.144 0 0 I [ 29.350629] [kworke][0x24a4853b][02: 12:14.143707] wlan: [80:I:SPECTRAL] null_get_capability: 1715: SPECTRAL : get_capability not registered
06-29 10:12:14.144 0 0 I : [ 29.350629]
06-29 10:12:14.144 0 0 I [ 29.350630] [kworke][0x24a48553][02: 12:14.143708] wlan: [80:I:SPECTRAL] target_if_pdev_spectral_init: 2258: HAL_CAP_SPECTRAL_SCAN : Capable
06-29 10:12:14.144 0 0 I [ 29.350632] [kworke][0x24a4856e][02: 12:14.143709] wlan: [80:I:SPECTRAL] null_get_tsf64: 1703: SPECTRAL : get_tsf64 not registered
06-29 10:12:14.144 0 0 I : [ 29.350632]
06-29 10:12:14.144 0 0 I [ 29.350635] [kworke][0x24a485ab][02: 12:14.143713] wlan: [80:I:GREEN_AP] wlan_green_ap_pdev_obj_create_notification: 106: Green AP creation successful, green ap ctx: 0000000000000000, pdev: 0000000000000000
06-29 10:12:14.144 0 0 I [ 29.350644] [kworke][0x24a4865d][02: 12:14.143722] wlan: [80:I:IPA] wlan_ipa_wdi_init: 540: ipa_over_gsi: 1, is_smmu_enabled: 1
06-29 10:12:14.144 0 0 I [ 29.351102] [kworke][0x24a4a89c][02: 12:14.144178] wlan: [80:I:REGULATORY] reg_set_band: 483: set band bitmap: 3
06-29 10:12:14.144 0 0 I [ 29.351175] [kworke][0x24a4ae1f][02: 12:14.144252] wlan: [80:I:HIF] Initializing Runtime PM wakelock &ctx->dfs
06-29 10:12:14.144 0 0 I [ 29.351176] [kworke][0x24a4ae3a][02: 12:14.144253] wlan: [80:I:HIF] Initializing Runtime PM wakelock &ctx->connect
06-29 10:12:14.144 0 0 I [ 29.351177] [kworke][0x24a4ae51][02: 12:14.144255] wlan: [80:I:HIF] Initializing Runtime PM wakelock &ctx->user
06-29 10:12:14.144 0 0 I [ 29.351178] [kworke][0x24a4ae6b][02: 12:14.144256] wlan: [80:I:HIF] Initializing Runtime PM wakelock &scan_priv->runtime_pm_lock
06-29 10:12:14.144 0 0 I [ 29.351185] [kworke][0x24a4aee4][02: 12:14.144262] wlan: [80:I:GREEN_AP] target_if_green_ap_register_egap_event_handler: 131: Set the Enhance Green AP event handler
06-29 10:12:14.144 0 0 E [ 29.351190] [kworke][0x24a4af4e][02: 12:14.144268] wlan: [80:E:QDF] dp_peer_map_attach_wifi3: 10048: dp_peer_map_attach_wifi3 max_peers 55, max_ast_index: 144
06-29 10:12:14.144 0 0 E : [ 29.351190]
06-29 10:12:14.144 0 0 I [ 29.351195] [kworke][0x24a4afa8][02: 12:14.144272] wlan: [80:I:DP]
06-29 10:12:14.144 0 0 I : [ 29.351195] <=== cfg max peer id 55 ====>
06-29 10:12:14.144 0 0 I [ 29.351197] [kworke][0x24a4afd5][02: 12:14.144275] wlan: [80:I:DP]
06-29 10:12:14.144 0 0 I : [ 29.351197] <=== cfg max ast idx 144 ====>
06-29 10:12:14.144 0 0 I [ 29.351199] [kworke][0x24a4aff5][02: 12:14.144276] wlan: [80:I:DP] ast hash_elems: 512, max_ast_idx: 144
06-29 10:12:14.144 0 0 I [ 29.351215] [kworke][0x24a4b10f][02: 12:14.144291] wlan: [334:I:WMA] wma_wait_for_ready_event: 6926: FW ready event received
06-29 10:12:14.144 0 0 E [ 29.351747] [kworke][0x24a4d903][02: 12:14.144824] wlan: [334:E:WMI] send_action_oui_cmd_tlv: 220: Invalid action id
06-29 10:12:14.144 0 0 E [ 29.351752] [kworke][0x24a4d96c][02: 12:14.144829] wlan: [334:E:action_oui] ucfg_action_oui_send: 160: Failed to send: 7
06-29 10:12:14.144 0 0 E [ 29.351756] [kworke][0x24a4d9c1][02: 12:14.144834] wlan: [334:E:WMI] send_action_oui_cmd_tlv: 220: Invalid action id
06-29 10:12:14.144 0 0 E [ 29.351760] [kworke][0x24a4da0c][02: 12:14.144838] wlan: [334:E:action_oui] ucfg_action_oui_send: 160: Failed to send: 9
06-29 10:12:14.144 0 0 E [ 29.351766] [kworke][0x24a4da4a][02: 12:14.144841] wlan: [334:E:HDD] hdd_action_oui_send: 13281: Failed to send one or all action_ouis
06-29 10:12:14.146 0 0 D [ 29.353088] cnss: dma-coherent is enabled
06-29 10:12:14.146 0 0 D [ 29.353090] cnss: IOMMU map: iova b0000000, len 4096
06-29 10:12:14.146 0 0 D [ 29.353092] cnss: IOMMU map: iova_addr b0000040
06-29 10:12:14.146 0 0 D [ 29.353094] cnss: dma-coherent is enabled
06-29 10:12:14.146 0 0 D [ 29.353095] cnss: IOMMU map: iova b0001000, len 4096
06-29 10:12:14.146 0 0 D [ 29.353096] cnss: IOMMU map: iova_addr b0001018
06-29 10:12:14.146 0 0 I [ 29.353190] [kworke][0x24a54547][02: 12:14.146267] wlan: [334:I:SYS] Creating periodic timer for OLBC UPDATE CACHE TIMEOUT
06-29 10:12:14.146 0 0 I : [ 29.353190]
06-29 10:12:14.146 0 0 E [ 29.353246] [kworke][0x24a54976][02: 12:14.146323] wlan: [334:E:TXRX] dp_rxdma_ring_config: 5022: DBS enabled max_mac_rings 2
06-29 10:12:14.146 0 0 E [ 29.353249] [kworke][0x24a549b5][02: 12:14.146326] wlan: [334:E:TXRX] dp_rxdma_ring_config: 5033: pdev_id 0 max_mac_rings 2
06-29 10:12:14.146 0 0 E [ 29.353252] [kworke][0x24a549e6][02: 12:14.146329] wlan: [334:E:TXRX] dp_rxdma_ring_config: 5050: mac_id 0
06-29 10:12:14.146 0 0 E [ 29.353271] [kworke][0x24a54b5c][02: 12:14.146348] wlan: [334:E:TXRX] dp_rxdma_ring_config: 5050: mac_id 1
06-29 10:12:14.146 0 0 I [ 29.353347] [kworke][0x24a5510a][02: 12:14.146424] wlan: [334:I:POLICY_MGR] policy_mgr_update_5g_scc_prefer: 398: overwrite pm_second_connection_pcl_dbs_2x2_table, index 2 mode 3 system prefer 0 new pcl 6
06-29 10:12:14.146 0 0 I [ 29.353349] [kworke][0x24a5512a][02: 12:14.146426] wlan: [334:I:POLICY_MGR] policy_mgr_update_5g_scc_prefer: 404: overwrite pm_second_connection_pcl_dbs_2x2_table, index 3 mode 3 system prefer 0 new pcl 6
06-29 10:12:14.146 0 0 E [ 29.353422] [kworke][0x24a556ad][02: 12:14.146499] wlan: [334:E:REGULATORY] reg_freq_width_to_chan_op_class: 512: no op class for frequency 5745
06-29 10:12:14.146 0 0 I [ 29.353507] [kworke][0x24a55d0e][02: 12:14.146584] wlan: [334:I:HIF] hif_pm_runtime_start: Enabling RUNTIME PM, Delay: 500 ms
06-29 10:12:14.148 0 0 E [ 29.354667] cnss_utils: WLAN MAC address is not set, type 0
06-29 10:12:14.148 0 0 W : [ 29.354680] cnss_pci 0000:01:00.0: Falling back to syfs fallback for: wlan/qca_cld/qca6390/wlan_mac.bin
06-29 10:12:14.149 0 0 I [ 29.356072] [kworke][0x24a61d52][02: 12:14.149148] wlan: [334:I:HDD] hdd_initialize_mac_address: 12589: using default MAC address
06-29 10:12:14.159 0 0 D [ 29.366079] cnss: Host time = 32034250 us, device time = 1924290 us, offset = 30109960 us
06-29 10:12:14.159 0 0 D [ 29.366098] cnss: Updated time sync regs [0x984] = 0x1cb7108, [0x988] = 0x0
06-29 10:12:14.159 0 0 D [ 29.366106] cnss: Removing vote for Regulator vdd-wlan-rfa2
06-29 10:12:14.159 0 0 D [ 29.366126] cnss: Removing vote for Regulator vdd-wlan-rfa1
06-29 10:12:14.159 0 0 D [ 29.366136] cnss: Removing vote for Regulator vdd-wlan-dig
06-29 10:12:14.159 0 0 D [ 29.366144] cnss: Removing vote for Regulator vdd-wlan-aon
06-29 10:12:14.159 0 0 D [ 29.366153] cnss: Removing vote for Regulator vdd-wlan-io
06-29 10:12:14.159 0 0 D [ 29.366157] cnss: PM relax, state: 0x107, count: 0
06-29 10:12:16.509 0 0 E [ 31.712055] link_delay_work_func: DTC_ETH: SQI=0, link=0
06-29 10:12:16.509 0 0 I [ 31.712170] display_panel_avdd: disabling
06-29 10:12:16.509 0 0 I [ 31.712799] vdd_tof: disabling
06-29 10:12:16.942 0 0 E [ 32.149303] init: Control message: Could not find 'android.frameworks.sensorservice@1.0::ISensorManager/default' for ctl.interface_start from pid: 533 (/system/bin/hwservicemanager)
06-29 10:12:17.809 1570 1570 I boot_progress_pms_scan_end: 33015
06-29 10:12:17.940 0 0 E [ 33.146893] init: Control message: Could not find 'android.frameworks.sensorservice@1.0::ISensorManager/default' for ctl.interface_start from pid: 533 (/system/bin/hwservicemanager)
06-29 10:12:17.942 0 0 E [ 33.149452] init: Control message: Could not find 'android.frameworks.sensorservice@1.0::ISensorManager/default' for ctl.interface_start from pid: 533 (/system/bin/hwservicemanager)
06-29 10:12:18.014 1570 1570 I commit_sys_config_file: [package-user-0,2]
06-29 10:12:18.014 1570 1570 I commit_sys_config_file: [package,20]
06-29 10:12:18.014 1570 1570 I boot_progress_pms_ready: 33221
06-29 10:12:18.167 1570 1570 I am_uid_running: 1000
06-29 10:12:18.170 1570 1570 I am_uid_active: 1000
06-29 10:12:18.178 0 0 I [ 33.385684] init: Control message: Processed ctl.start for 'idmap2d' from pid: 1570 (system_server)
06-29 10:12:18.195 1570 1570 I commit_sys_config_file: [overlays,0]
06-29 10:12:18.213 0 0 E [ 33.419940] HL6111R: is_dc_online: DC psy unavailable
06-29 10:12:18.213 0 0 E [ 33.420375] HL6111R: is_dc_online: DC psy unavailable
06-29 10:12:18.213 0 0 W [ 33.420402] healthd: battery none chg=
06-29 10:12:18.213 0 0 E [ 33.420416] HL6111R: is_dc_online: DC psy unavailable
06-29 10:12:18.213 1570 1722 I battery_status: [1,1,0,0,]
06-29 10:12:18.284 0 0 I [ 33.490623] binder: 1570:1570 ioctl c00c620f 7fe27a4498 returned -22
06-29 10:12:18.359 1570 1570 I wm_task_created: [1,-1]
06-29 10:12:18.364 1570 1717 I sysui_multi_action: [757,1594,758,4,759,0,806,NULL]
06-29 10:12:18.397 1570 1570 I configuration_changed: 536894968
06-29 10:12:18.398 1570 1570 I sysui_multi_action: [757,1659,758,4,759,2,1660,0]
06-29 10:12:18.403 1570 1570 I configuration_changed: 8
06-29 10:12:18.407 0 0 I [ 33.612954] init: processing action (sys.sysctl.extra_free_kbytes=*) from (/system/etc/init/hw/init.rc:1175)
06-29 10:12:18.579 1570 1887 I commit_sys_config_file: [settings-0-0,2]
06-29 10:12:19.677 1570 1774 I commit_sys_config_file: [package-user-0,1]
06-29 10:12:19.677 1570 1774 I commit_sys_config_file: [package,16]
06-29 10:12:21.629 0 0 E [ 36.832063] link_delay_work_func: DTC_ETH: SQI=0, link=0
06-29 10:12:25.209 0 0 I [ 40.416040] [kworke][0x314e569e][10: 12:25.209112] wlan: [763:I:HDD] hdd_psoc_idle_timeout_callback: 11422: Psoc idle timeout elapsed; starting psoc shutdown
06-29 10:12:25.209 0 0 D [ 40.416043] cnss: Doing idle shutdown
06-29 10:12:25.209 0 0 D [ 40.416047] cnss: Posting event: IDLE_SHUTDOWN(14)-sync, state: 0x107 flags: 0x3
06-29 10:12:25.209 0 0 D [ 40.416050] cnss: PM stay awake, state: 0x107, count: 1
06-29 10:12:25.209 0 0 D [ 40.416064] cnss: Processing driver event: IDLE_SHUTDOWN-sync(14), state: 0x107
06-29 10:12:25.209 0 0 E [ 40.416465] [schedu][0x314e76e6][10: 12:25.209542] wlan: [1845:E:SYS] Processing SYS MC STOP
06-29 10:12:25.209 0 0 I [ 40.416533] [kworke][0x314e7bdf][10: 12:25.209609] wlan: [7:I:IPA] wlan_ipa_uc_disable_pipes: 1379: IPA WDI Pipes are already deactivated
06-29 10:12:25.229 0 0 D [ 40.432529] cnss: IOMMU unmap: iova b0001000, len 4096
06-29 10:12:25.229 0 0 D [ 40.432542] cnss: IOMMU unmap: iova b0000000, len 4096
06-29 10:12:25.235 0 0 D [ 40.441937] cnss: Assign MSI to user: CE, num_vectors: 10, user_base_data: 803, base_vector: 3
06-29 10:12:25.235 0 0 D [ 40.441941] cnss: Get IRQ number 354 for vector index 3
06-29 10:12:25.235 0 0 D [ 40.441949] cnss: Get IRQ number 355 for vector index 4
06-29 10:12:25.235 0 0 D [ 40.441956] cnss: Get IRQ number 356 for vector index 5
06-29 10:12:25.235 0 0 D [ 40.441963] cnss: Get IRQ number 357 for vector index 6
06-29 10:12:25.235 0 0 D [ 40.441970] cnss: Get IRQ number 359 for vector index 8
06-29 10:12:25.235 0 0 D [ 40.441977] cnss: Get IRQ number 360 for vector index 9
06-29 10:12:25.235 0 0 D [ 40.441984] cnss: Get IRQ number 362 for vector index 11
06-29 10:12:25.235 0 0 I [ 40.442002] [kworke][0x3155f220][10: 12:25.235079] wlan: [7:I:WMI] WMI Stop
06-29 10:12:25.235 0 0 I [ 40.442005] [kworke][0x3155f25c][10: 12:25.235082] wlan: [7:I:HTC] htc_stop: endpoints cleanup
06-29 10:12:25.235 0 0 I : [ 40.442005]
06-29 10:12:25.235 0 0 I [ 40.442008] [kworke][0x3155f2a3][10: 12:25.235085] wlan: [7:I:HTC] htc_stop: stopping hif layer
06-29 10:12:25.235 0 0 I : [ 40.442008]
06-29 10:12:25.235 0 0 I [ 40.442418] [kworke][0x31561152][10: 12:25.235495] wlan: [7:I:HTC] htc_stop: flush endpoints Tx lookup queue
06-29 10:12:25.235 0 0 I : [ 40.442418]
06-29 10:12:25.235 0 0 I [ 40.442420] [kworke][0x31561189][10: 12:25.235497] wlan: [7:I:HTC] htc_stop: resetting endpoints state
06-29 10:12:25.235 0 0 I : [ 40.442420]
06-29 10:12:25.236 0 0 I [ 40.442959] [kworke][0x315639e8][10: 12:25.236036] wlan: [7:I:HIF] Deinitializing Runtime PM wakelock &ctx->user
06-29 10:12:25.236 0 0 I [ 40.442962] [kworke][0x31563a2f][10: 12:25.236039] wlan: [7:I:HIF] Deinitializing Runtime PM wakelock &ctx->connect
06-29 10:12:25.236 0 0 I [ 40.442964] [kworke][0x31563a55][10: 12:25.236041] wlan: [7:I:HIF] Deinitializing Runtime PM wakelock &ctx->dfs
06-29 10:12:25.236 0 0 I [ 40.442967] [kworke][0x31563a8c][10: 12:25.236044] wlan: [7:I:HIF] Deinitializing Runtime PM wakelock &scan_priv->runtime_pm_lock
06-29 10:12:25.244 0 0 E [ 40.450325] [kworke][0x31586239][10: 12:25.243400] wlan: [7:E:DP] dp_srng_cleanup: 1669: Ring type: 14, num:1 not setup
06-29 10:12:25.244 0 0 E [ 40.450338] [kworke][0x315862ec][10: 12:25.243409] wlan: [7:E:DP] dp_srng_cleanup: 1669: Ring type: 14, num:1 not setup
06-29 10:12:25.244 0 0 E [ 40.450345] [kworke][0x315863df][10: 12:25.243422] wlan: [7:E:DP] dp_srng_cleanup: 1669: Ring type: 14, num:2 not setup
06-29 10:12:25.244 0 0 E [ 40.450352] [kworke][0x31586471][10: 12:25.243430] wlan: [7:E:DP] dp_srng_cleanup: 1669: Ring type: 15, num:0 not setup
06-29 10:12:25.244 0 0 E [ 40.450360] [kworke][0x31586500][10: 12:25.243437] wlan: [7:E:DP] dp_srng_cleanup: 1669: Ring type: 15, num:0 not setup
06-29 10:12:25.244 0 0 I [ 40.450363] [kworke][0x31586547][10: 12:25.243441] wlan: [7:I:DP] dp_tx_soc_detach Tx Desc Pool Free num_pool = 4, descs = 4096
06-29 10:12:25.244 0 0 I [ 40.450486] [kworke][0x31586e70][10: 12:25.243563] wlan: [7:I:DP] dp_tx_soc_detach MSDU Ext Desc Pool 4 Free descs = 4096
06-29 10:12:25.245 0 0 E [ 40.451350] [kworke][0x3158af30][10: 12:25.244426] wlan: [7:E:DP] dp_srng_cleanup: 1669: Ring type: 13, num:3 not setup
06-29 10:12:25.246 0 0 I [ 40.452843] [kworke][0x31591f1b][10: 12:25.245918] wlan: [7:I:HIF] Deinitializing Runtime PM wakelock &wma_handle->sap_prevent_runtime_pm_lock
06-29 10:12:25.246 0 0 I [ 40.452848] [kworke][0x31591f81][10: 12:25.245924] wlan: [7:I:HIF] Deinitializing Runtime PM wakelock &wma_handle->wmi_cmd_rsp_runtime_lock
06-29 10:12:25.246 0 0 I [ 40.452967] [kworke][0x31592866][10: 12:25.246042] wlan: [7:I:HIF] Deinitializing Runtime PM wakelock &vdev->vdev_set_key_runtime_wakelock
06-29 10:12:25.246 0 0 I [ 40.453100] [kworke][0x31593264][10: 12:25.246176] wlan: [7:I:HIF] Deinitializing Runtime PM wakelock &vdev->vdev_set_key_runtime_wakelock
06-29 10:12:25.246 0 0 I [ 40.453230] [kworke][0x31593c18][10: 12:25.246305] wlan: [7:I:HIF] Deinitializing Runtime PM wakelock &vdev->vdev_set_key_runtime_wakelock
06-29 10:12:25.246 0 0 I [ 40.453374] [kworke][0x315946f1][10: 12:25.246450] wlan: [7:I:HIF] Deinitializing Runtime PM wakelock &vdev->vdev_set_key_runtime_wakelock
06-29 10:12:25.246 0 0 I [ 40.453495] [kworke][0x3159500a][10: 12:25.246571] wlan: [7:I:HIF] Deinitializing Runtime PM wakelock &vdev->vdev_set_key_runtime_wakelock
06-29 10:12:25.246 0 0 I [ 40.453616] [kworke][0x3159590d][10: 12:25.246691] wlan: [7:I:HIF] Deinitializing Runtime PM wakelock &vdev->vdev_set_key_runtime_wakelock
06-29 10:12:25.246 0 0 I [ 40.453771] [kworke][0x315964ca][10: 12:25.246848] wlan: [7:I:HIF] Deinitializing Runtime PM wakelock &p2p_soc_obj->roc_runtime_lock
06-29 10:12:25.246 0 0 E [ 40.453779] [kworke][0x31596579][10: 12:25.246857] wlan: [7:E:WMI] WMI handle is NULL
06-29 10:12:25.246 0 0 I [ 40.453796] [kworke][0x315966ad][10: 12:25.246873] wlan: [7:I:OSIF] os_if_spectral_free_skb: 558: Socket buffer is null, msg_type= 0
06-29 10:12:25.246 0 0 I [ 40.453799] [kworke][0x315966ea][10: 12:25.246876] wlan: [7:I:OSIF] os_if_spectral_free_skb: 558: Socket buffer is null, msg_type= 1
06-29 10:12:25.246 0 0 I [ 40.453800] [kworke][0x31596708][10: 12:25.246877] wlan: [7:I:OSIF] os_if_spectral_free_skb: 558: Socket buffer is null, msg_type= 2
06-29 10:12:25.249 0 0 I [ 40.454033] [kworke][0x3159785b][10: 12:25.247108] wlan: [7:I:HIF] Deinitializing Runtime PM wakelock &mgmt_txrx_pdev_ctx->wakelock_tx_runtime_cmp
06-29 10:12:25.249 0 0 I [ 40.454417] [kworke][0x31599549][10: 12:25.247494] wlan: [7:I:SPECTRAL] target_if_spectral_detach: 2036: spectral detach
06-29 10:12:25.249 0 0 I [ 40.454421] [kworke][0x31599596][10: 12:25.247498] wlan: [7:I:GREEN_AP] wlan_green_ap_pdev_obj_destroy_notification: 146: Deleting green ap pdev obj, green ap ctx: 0000000000000000, pdev: 0000000000000000
06-29 10:12:25.249 0 0 I [ 40.454423] [kworke][0x315995bd][10: 12:25.247500] wlan: [7:I:GREEN_AP] wlan_green_ap_pdev_obj_destroy_notification: 159: green ap deletion successful
06-29 10:12:25.249 0 0 I [ 40.454803] [kworke][0x3159b218][10: 12:25.247878] wlan: [7:I:HIF] Deinitializing Runtime PM wakelock &psoc_wakelock->wmi_cmd_rsp_runtime_lock
06-29 10:12:25.249 0 0 I [ 40.454862] [kworke][0x3159b68a][10: 12:25.247938] wlan: [7:I:HIF] hif_pci_disable_bus: X
06-29 10:12:25.249 0 0 D [ 40.454866] cnss: Sending mode message, mode: OFF(4), state: 0x187
06-29 10:12:25.261 0 0 E [ 40.467792] [kworke][0x315d802e][10: 12:25.260866] wlan: [7:E:QDF] cds_get_context: 1486: Module ID 61 context is Null
06-29 10:12:25.261 0 0 I [ 40.467801] [kworke][0x315d80fc][10: 12:25.260877] wlan: [7:I:HIF] Deinitializing Runtime PM wakelock &sc->prevent_linkdown_lock
06-29 10:12:25.261 0 0 D [ 40.468048] cnss: Read register offset 0x1f8031c, val = 0x2
06-29 10:12:25.261 0 0 D [ 40.468053] cnss: Write val 0x3 to register offset 0x1f8031c
06-29 10:12:25.261 0 0 D [ 40.468271] cnss: WLFW server exiting
06-29 10:12:25.261 0 0 D [ 40.468274] cnss: Posting event: SERVER_EXIT(1), state: 0x20187 flags: 0x0
06-29 10:12:25.264 0 0 W [ 40.468403] cnss-daemon: wlfw_qmi_err_cb: Server disconnect, err -2 client 0x6K
06-29 10:12:25.264 0 0 D [ 40.470220] cnss: Setting MHI state: POWER_OFF(4)
06-29 10:12:25.281 0 0 D [ 40.484033] cnss: Suspending PCI link
06-29 10:12:25.286 0 0 I [ 40.492803] msm_pcie_disable: PCIe: Assert the reset of endpoint of RC0.
06-29 10:12:25.286 0 0 D [ 40.492979] cnss: Setting MHI state: DEINIT(1)
06-29 10:12:25.286 0 0 D [ 40.493022] cnss: De-assert WLAN_EN GPIO successfully
06-29 10:12:25.286 0 0 D [ 40.493024] cnss: Regulator vdd-wlan-rfa2 is being disabled
06-29 10:12:25.286 0 0 D [ 40.493040] cnss: Regulator vdd-wlan-rfa1 is being disabled
06-29 10:12:25.286 0 0 D [ 40.493048] cnss: Regulator vdd-wlan-dig is being disabled
06-29 10:12:25.286 0 0 D [ 40.493056] cnss: Regulator vdd-wlan-aon is being disabled
06-29 10:12:25.286 0 0 D [ 40.493064] cnss: Regulator wlan-ant-switch is being disabled
06-29 10:12:25.286 0 0 D [ 40.493072] cnss: Regulator vdd-wlan-io is being disabled
06-29 10:12:25.286 0 0 D [ 40.493078] cnss: Processing driver event: SERVER_EXIT(1), state: 0x20101
06-29 10:12:25.286 0 0 I [ 40.493080] cnss: QMI WLFW service disconnected, state: 0x20100
06-29 10:12:25.286 0 0 D [ 40.493084] cnss: Completed event: IDLE_SHUTDOWN(14), state: 0x20100, ret: 0/0
06-29 10:12:25.288 0 0 D [ 40.493447] cnss: PM relax, state: 0x100, count: 0
06-29 10:12:25.288 0 0 D [ 40.493450] cnss: PM stay awake, state: 0x100, count: 1
06-29 10:12:25.288 0 0 D [ 40.493451] cnss: PM relax, state: 0x100, count: 0
06-29 10:12:25.850 0 0 W [ 41.057352] cnss-daemon: DMS thread joined succesfully
06-29 10:12:25.850 0 0 W [ 41.057365] cnss-daemon: wlfw_stop: Stop done: 0
06-29 10:12:25.850 0 0 W [ 41.057370] cnss-daemon: wlfw_start: Starting
06-29 10:12:25.853 0 0 W [ 41.057474] cnss-daemon: wlfw_service_request: Start the pthread: 0x0K
06-29 10:12:25.853 0 0 W [ 41.059822] cnss-daemon: ro.baseband : [apq]
06-29 10:12:26.749 0 0 W [ 41.059834] cnss-daemon: Hardware supports external modem
06-29 10:12:26.749 0 0 E [ 41.952070] link_delay_work_func: DTC_ETH: SQI=0, link=0
06-29 10:12:28.201 0 0 I [ 43.407642] init: Sending signal 9 to service 'idmap2d' (pid 1215) process group...
06-29 10:12:28.206 0 0 I [ 43.412876] libprocessgroup: Successfully killed process cgroup uid 1000 pid 1215 in 5ms
06-29 10:12:28.207 0 0 I [ 43.413922] init: Control message: Processed ctl.stop for 'idmap2d' from pid: 1570 (system_server)
06-29 10:12:28.207 0 0 I [ 43.414015] init: Service 'idmap2d' (pid 1215) received signal 9
06-29 10:12:31.869 0 0 E [ 47.072066] link_delay_work_func: DTC_ETH: SQI=0, link=0
06-29 10:12:36.989 0 0 E [ 52.192072] link_delay_work_func: DTC_ETH: SQI=0, link=0
06-29 10:12:37.773 0 0 I [ 52.980007] init: processing action (sys.tlog.tlogdshc.active=1) from (/system/etc/init/tlogd.rc:197)
06-29 10:12:37.774 0 0 I [ 52.980532] init: starting service 'tlogdshc'...
06-29 10:12:37.814 0 0 I [ 53.021491] init: Service 'tlogdshc' (pid 1937) exited with status 0 oneshot service took 0.040000 seconds in background
06-29 10:12:37.814 0 0 I [ 53.021499] init: Sending signal 9 to service 'tlogdshc' (pid 1937) process group...
06-29 10:12:37.814 0 0 I [ 53.021563] libprocessgroup: Successfully killed process cgroup uid 0 pid 1937 in 0ms
06-29 10:12:40.729 1570 1570 I sysui_multi_action: [757,804,799,opt_dialog_num_dexopted,801,2,802,1]
06-29 10:12:40.729 1570 1570 I sysui_multi_action: [757,804,799,opt_dialog_num_skipped,801,82,802,1]
06-29 10:12:40.729 1570 1570 I sysui_multi_action: [757,804,799,opt_dialog_num_failed,801,0,802,1]
06-29 10:12:40.730 1570 1570 I sysui_multi_action: [757,804,799,opt_dialog_num_total,801,166,802,1]
06-29 10:12:40.730 1570 1570 I sysui_multi_action: [757,804,799,opt_dialog_time_s,801,22,802,1] --------- beginning of radio
06-29 10:12:40.967 1570 1570 D TelephonyRegistry: listen oscl: mHasNotifySubscriptionInfoChangedOccurred==false no callback
06-29 10:12:41.029 1570 1976 I storage_state: [41217664-9172-527a-b3d5-edabb50a7d69,0,0,52708696064,118610538496]
06-29 10:12:41.078 1570 1570 I service_manager_stats: [100,20,27257]
06-29 10:12:41.079 0 0 I : [ 56.285629] acc_open
06-29 10:12:41.079 0 0 I : [ 56.285636] acc_release
06-29 10:12:41.124 1570 1979 I stream_devices_changed: [3,0,2]
06-29 10:12:41.134 1570 1979 I stream_devices_changed: [6,0,1]
06-29 10:12:41.144 1570 1570 I configuration_changed: 512
06-29 10:12:41.180 0 0 I : [ 56.387416] Wifi Turning On from UI
06-29 10:12:41.185 0 0 I : [ 56.391615] Wifi Turning On from UI
06-29 10:12:41.186 0 0 D [ 56.392993] cnss: Doing idle restart
06-29 10:12:41.186 0 0 D [ 56.392998] cnss: Posting event: IDLE_RESTART(13)-sync, state: 0x100 flags: 0x3
06-29 10:12:41.186 0 0 D [ 56.393000] cnss: PM stay awake, state: 0x100, count: 1
06-29 10:12:41.186 0 0 D [ 56.393181] cnss: Processing driver event: IDLE_RESTART-sync(13), state: 0x100
06-29 10:12:41.186 0 0 D [ 56.393193] cnss: Regulator vdd-wlan-io is being enabled
06-29 10:12:41.186 0 0 D [ 56.393196] cnss: Regulator wlan-ant-switch is being enabled
06-29 10:12:41.186 0 0 D [ 56.393294] cnss: Regulator vdd-wlan-aon is being enabled
06-29 10:12:41.186 0 0 D [ 56.393343] cnss: Regulator vdd-wlan-dig is being enabled
06-29 10:12:41.187 0 0 D [ 56.394279] cnss: Regulator vdd-wlan-rfa1 is being enabled
06-29 10:12:41.187 0 0 D [ 56.394361] cnss: Regulator vdd-wlan-rfa2 is being enabled
06-29 10:12:41.187 0 0 D [ 56.394429] cnss: BT_EN_GPIO State: Off. Delay WLAN_GPIO enable
06-29 10:12:41.187 1570 1570 I auditd : type=1400 audit(0.0:86): avc: denied { getattr } for comm=4572726F722064756D703A20737973 path="/data/tlog/fatal/dropbox" dev="dm-21" ino=499138 scontext=u:r:system_server:s0 tcontext=u:object_r:tlog_data_file:s0 tclass=dir permissive=0
06-29 10:12:41.191 1570 1570 I auditd : type=1400 audit(0.0:87): avc: denied { getattr } for comm=4572726F722064756D703A20737973 path="/data/tlog/fatal/dropbox" dev="dm-21" ino=499138 scontext=u:r:system_server:s0 tcontext=u:object_r:tlog_data_file:s0 tclass=dir permissive=0
06-29 10:12:41.252 1570 1570 I commit_sys_config_file: [package-session,0]
06-29 10:12:41.270 1570 1716 I commit_sys_config_file: [notification-policy,2]
06-29 10:12:41.293 0 0 D [ 56.497045] cnss: Assert WLAN_EN GPIO successfully
06-29 10:12:41.293 0 0 D [ 56.497050] cnss: Resuming PCI link
06-29 10:12:41.293 0 0 I [ 56.497072] msm_pcie_enable: PCIe: Assert the reset of endpoint of RC0.
06-29 10:12:41.293 0 0 I [ 56.500288] msm_pcie_enable: PCIe: RC0: PCIE20_PARF_INT_ALL_MASK: 0x7f80d202
06-29 10:12:41.296 0 0 I [ 56.502354] pcie_phy_init: PCIe RC0 PHY is ready!
06-29 10:12:41.309 0 0 I [ 56.512370] msm_pcie_enable: PCIe: Release the reset of endpoint of RC0.
06-29 10:12:41.325 0 0 I [ 56.528757] msm_pcie_link_train: PCIe RC0 link initialized
06-29 10:12:41.339 0 0 I : [ 56.544041] cnss_pci 0000:01:00.0: enabling device (0000 -> 0002)
06-29 10:12:41.339 0 0 D [ 56.544233] cnss: Config PCIe remap window register to 0x4000003f
06-29 10:12:41.339 0 0 D [ 56.544247] cnss: Read register offset 0x1f8031c, val = 0x6
06-29 10:12:41.339 0 0 D [ 56.544251] cnss: Write val 0x2 to register offset 0x1f8031c
06-29 10:12:41.339 0 0 D [ 56.544254] cnss: Setting MHI state: INIT(0)
06-29 10:12:41.339 0 0 D [ 56.544303] cnss: Setting MHI state: POWER_ON(2)
06-29 10:12:41.339 0 0 W : [ 56.544493] cnss_pci 0000:01:00.0: Falling back to syfs fallback for: qca6390/amss20.bin
06-29 10:12:41.340 0 0 I [ 56.546986] ueventd: firmware: loading 'qca6390/amss20.bin' for '/devices/platform/soc/1c00000.qcom,pcie/pci0000:00/0000:00:00.0/0000:01:00.0/firmware/qca6390!amss20.bin'
06-29 10:12:41.349 0 0 I [ 56.552358] ueventd: loading /devices/platform/soc/1c00000.qcom,pcie/pci0000:00/0000:00:00.0/0000:01:00.0/firmware/qca6390!amss20.bin took 6ms
06-29 10:12:41.463 1570 1570 I snet_event_log: [35028827,-1,account:Account {name=应用宝, type=com.tencent.android.qqdownloader.YYBLiveAccountProvider.account} provider:com.tencent.android.qqdownloader.YYBLiveAccountProvider1 user:0]
06-29 10:12:41.463 1570 1570 I snet_event_log: [26513719,-1,Malformed authority]
06-29 10:12:41.479 1570 1570 I auditd : type=1400 audit(0.0:88): avc: denied { read } for comm="android.display" name="u:object_r:vendor_wfd_sys_debug_prop:s0" dev="tmpfs" ino=15808 scontext=u:r:system_server:s0 tcontext=u:object_r:vendor_wfd_sys_debug_prop:s0 tclass=file permissive=0
06-29 10:12:41.479 1570 1570 I auditd : type=1400 audit(0.0:89): avc: denied { read } for comm="android.display" name="u:object_r:vendor_wfd_sys_debug_prop:s0" dev="tmpfs" ino=15808 scontext=u:r:system_server:s0 tcontext=u:object_r:vendor_wfd_sys_debug_prop:s0 tclass=file permissive=0
06-29 10:12:41.493 1570 1570 I boot_progress_ams_ready: 56700
06-29 10:12:41.494 1570 1570 I configuration_changed: 268435716
06-29 10:12:41.515 1570 1716 I am_uid_running: 1002
06-29 10:12:41.520 1570 1725 I am_proc_start: [0,2029,1002,com.android.bluetooth,service,{com.android.bluetooth/com.android.bluetooth.btservice.AdapterService}]
06-29 10:12:41.523 1570 1570 I am_uid_running: 10080
06-29 10:12:41.527 1570 1725 I am_proc_start: [0,2031,10080,com.android.systemui,service,{com.android.systemui/com.android.systemui.ImageWallpaper}]
06-29 10:12:41.530 1570 1714 I am_uid_running: 10092
06-29 10:12:41.537 1570 1725 I am_proc_start: [0,2039,10092,com.android.permissioncontroller,service,{com.android.permissioncontroller/com.android.permissioncontroller.permission.service.PermissionControllerServiceImpl}]
06-29 10:12:41.539 0 0 I [ 56.746688] binder: 2029:2029 ioctl 40046210 7fe27a47d4 returned -22
06-29 10:12:41.542 1570 2026 I am_proc_bound: [0,2029,com.android.bluetooth]
06-29 10:12:41.549 0 0 I [ 56.754907] binder: 2031:2031 ioctl 40046210 7fe27a47d4 returned -22
06-29 10:12:41.550 0 0 I [ 56.756231] binder: 2039:2039 ioctl 40046210 7fe27a47d4 returned -22
06-29 10:12:41.551 1570 2026 I am_uid_active: 1002
06-29 10:12:41.553 1570 2017 I am_proc_bound: [0,2039,com.android.permissioncontroller]
06-29 10:12:41.556 1570 2017 I am_uid_active: 10092
06-29 10:12:41.557 1570 1605 I am_proc_bound: [0,2031,com.android.systemui]
06-29 10:12:41.560 1570 1605 I am_uid_active: 10080
06-29 10:12:41.599 0 0 I [ 56.805620] binder: 1247:1269 ioctl 40046210 76cd48afc4 returned -22
06-29 10:12:41.613 0 0 E [ 56.819897] init: Control message: Could not find 'vendor.qti.hardware.iop@2.0::IIop/default' for ctl.interface_start from pid: 533 (/system/bin/hwservicemanager)
06-29 10:12:41.619 1570 1605 I wm_task_created: [2,-1]
06-29 10:12:41.621 1570 1605 I wm_task_created: [3,-1]
06-29 10:12:41.642 1570 2109 I wm_task_created: [4,-1]
06-29 10:12:41.643 1570 2109 I wm_task_created: [5,-1]
06-29 10:12:41.646 1570 2109 I wm_task_created: [6,-1]
06-29 10:12:41.654 0 0 E [ 56.861312] init: Control message: Could not find 'vendor.qti.hardware.iop@2.0::IIop/default' for ctl.interface_start from pid: 533 (/system/bin/hwservicemanager)
06-29 10:12:41.680 2029 2141 I bt_config_source: 1
06-29 10:12:41.681 2029 2141 I bt_config_source: 1
06-29 10:12:41.713 0 0 I [ 56.920032] msm_vidc: high: 00000001: ....e: Opening video instance: 0000000000000000, 0
06-29 10:12:41.713 0 0 I [ 56.920086] msm_vidc: err : 00000001: ....e: Failed to create debugfs for msm_vidc
06-29 10:12:41.725 0 0 I [ 56.924533] msm_vidc: high: 00000001: h265e: Closed video instance: 0000000000000000
06-29 10:12:41.725 0 0 D [ 56.931774] cnss: MHI status cb is called with reason MISSION_MODE(6)
06-29 10:12:41.726 0 0 D [ 56.932172] cnss: Completed event: IDLE_RESTART(13), state: 0x140, ret: 0/0
06-29 10:12:41.726 0 0 D [ 56.932175] cnss: PM relax, state: 0x140, count: 0
06-29 10:12:41.728 0 0 E [ 56.935213] [drm: dp_display_init_aux_switch][msm-dp-err][766 ]failed to register notifier (-22)
06-29 10:12:41.728 0 0 E [ 56.935315] register_client_adhoc: find path.src 1 dest 589
06-29 10:12:41.729 1570 1605 D TelephonyRegistry: listen oscl: mHasNotifySubscriptionInfoChangedOccurred==false no callback
06-29 10:12:41.730 1570 1885 I am_uid_running: 1037
06-29 10:12:41.732 1570 1960 I commit_sys_config_file: [net-policy,0]
06-29 10:12:41.736 0 0 E [ 56.935376] register_client_adhoc: Failed to find path.src 1 dest 589
06-29 10:12:41.736 0 0 E [ 56.942418] [drm: dp_display_init_aux_switch][msm-dp-err][706 ]failed to register notifier (-22)
06-29 10:12:41.736 0 0 E [ 56.942531] register_client_adhoc: find path.src 1 dest 589
06-29 10:12:41.741 1570 1959 D TelephonyRegistry: listen oscl: mHasNotifySubscriptionInfoChangedOccurred==false no callback
06-29 10:12:41.748 0 0 E [ 56.942574] register_client_adhoc: Failed to find path.src 1 dest 589
06-29 10:12:41.748 0 0 I [ 56.955250] msm_vidc: high: 00000001: ....d: Opening video instance: 0000000000000000, 1
06-29 10:12:41.748 0 0 I [ 56.955287] msm_vidc: err : 00000001: ....d: Failed to create debugfs for msm_vidc
06-29 10:12:41.755 0 0 I [ 56.961437] binder: 2029:2029 ioctl 40046210 7fe27a3e44 returned -22
06-29 10:12:41.759 0 0 I [ 56.962530] msm_vidc: high: 00000001: h264d: Closed video instance: 0000000000000000
06-29 10:12:41.762 0 0 I [ 56.968756] msm_vidc: high: 00000001: ....d: Opening video instance: 0000000000000000, 1
06-29 10:12:41.762 0 0 I [ 56.968788] msm_vidc: err : 00000001: ....d: Failed to create debugfs for msm_vidc
06-29 10:12:41.767 0 0 I [ 56.974089] msm_vidc: high: 00000001: h264d: Closed video instance: 0000000000000000
