06-29 10:12:45.737 3687 3687 W PackageParsing: Ignoring duplicate uses-permissions/uses-permissions-sdk-m: android.permission.ACCESS_COARSE_LOCATION in package: com.tencent.android.qqdownloader at: Binary XML file line #241
06-29 10:12:45.737 3687 3687 W PackageParsing: Ignoring duplicate uses-permissions/uses-permissions-sdk-m: android.permission.ACCESS_FINE_LOCATION in package: com.tencent.android.qqdownloader at: Binary XML file line #242
06-29 10:12:45.737 3687 3687 W PackageParsing: Ignoring duplicate uses-permissions/uses-permissions-sdk-m: android.permission.ACCESS_NETWORK_STATE in package: com.tencent.android.qqdownloader at: Binary XML file line #243
06-29 10:12:45.737 3687 3687 W PackageParsing: Ignoring duplicate uses-permissions/uses-permissions-sdk-m: android.permission.ACCESS_WIFI_STATE in package: com.tencent.android.qqdownloader at: Binary XML file line #244
06-29 10:12:45.737 3687 3687 W PackageParsing: Ignoring duplicate uses-permissions/uses-permissions-sdk-m: android.permission.CAMERA in package: com.tencent.android.qqdownloader at: Binary XML file line #246
06-29 10:12:45.737 3687 3687 W PackageParsing: Ignoring duplicate uses-permissions/uses-permissions-sdk-m: android.permission.WRITE_EXTERNAL_STORAGE in package: com.tencent.android.qqdownloader at: Binary XML file line #247
06-29 10:12:45.738 3687 3687 W PackageParsing: No actions in intent-filter at /data/user/0/com.tencent.android.qqdownloader/files/shell/8_8454130_1346/base.apk Binary XML file line #444
06-29 10:12:45.761 0 0 E [ 60.965184] [wifi@1][0x48d298b3][10: 12:45.758260] wlan: [863:E:HDD] hdd_enable_ns_offload: 484: Failed to cache ns request; status:4
06-29 10:12:45.738 3687 3687 W PackageParsing: No actions in intent-filter at /data/user/0/com.tencent.android.qqdownloader/files/shell/8_8454130_1346/base.apk Binary XML file line #464
06-29 10:12:45.739 3687 3687 W PackageParsing: No actions in intent-filter at /data/user/0/com.tencent.android.qqdownloader/files/shell/8_8454130_1346/base.apk Binary XML file line #501
06-29 10:12:45.739 3687 3687 W PackageParsing: No actions in intent-filter at /data/user/0/com.tencent.android.qqdownloader/files/shell/8_8454130_1346/base.apk Binary XML file line #537
06-29 10:12:45.739 3687 3687 W PackageParsing: No actions in intent-filter at /data/user/0/com.tencent.android.qqdownloader/files/shell/8_8454130_1346/base.apk Binary XML file line #573
06-29 10:12:45.739 3687 3687 W PackageParsing: No actions in intent-filter at /data/user/0/com.tencent.android.qqdownloader/files/shell/8_8454130_1346/base.apk Binary XML file line #609
06-29 10:12:45.742 3687 3687 W PackageParsing: No actions in intent-filter at /data/user/0/com.tencent.android.qqdownloader/files/shell/8_8454130_1346/base.apk Binary XML file line #1712
06-29 10:12:45.745 1570 2017 D CompatibilityChangeReporter: Compat change id reported: 171306433; UID 1073; state: ENABLED
06-29 10:12:45.775 1570 1725 W ActivityManager: Slow operation: 71ms so far, now at startProcess: returned from zygote!
06-29 10:12:45.775 1570 1725 W ActivityManager: Slow operation: 71ms so far, now at startProcess: done updating battery stats
06-29 10:12:45.775 1570 1725 I am_proc_start: [0,3955,10018,android.process.media,broadcast,{com.android.providers.downloads/com.android.providers.downloads.DownloadReceiver}]
06-29 10:12:45.775 1570 1725 W ActivityManager: Slow operation: 71ms so far, now at startProcess: building log message
06-29 10:12:45.775 1570 1725 I ActivityManager: Start proc 3955:android.process.media/u0a18 for broadcast {com.android.providers.downloads/com.android.providers.downloads.DownloadReceiver}
06-29 10:12:45.775 1570 1725 W ActivityManager: Slow operation: 71ms so far, now at startProcess: starting to update pids map
06-29 10:12:45.775 1570 1725 W ActivityManager: Slow operation: 71ms so far, now at startProcess: done updating pids map
06-29 10:12:45.789 1570 3720 I sysui_multi_action: [757,128,758,1,793,3618,794,0,795,3618,796,26,798,0,806,android,857,DEVELOPER_IMPORTANT,858,4,947,0,1395,3,1500,1636,1688,1]
06-29 10:12:45.789 1570 3720 I sysui_multi_action: [757,804,799,note_freshness,801,3618,802,1]
06-29 10:12:45.789 1570 3720 I notification_visibility: [-1|android|26|null|1000,1,3618,3618,0,0]
06-29 10:12:45.810 0 0 I [ 61.014196] binder: 3955:3955 ioctl 40046210 7fe27a47d4 returned -22
06-29 10:12:45.816 1570 2995 I am_proc_bound: [0,3955,android.process.media]
06-29 10:12:45.819 1570 2995 D CompatibilityChangeReporter: Compat change id reported: 168419799; UID 10018; state: DISABLED
06-29 10:12:45.856 1570 2995 I am_proc_died: [0,3721,com.android.externalstorage,905,19]
06-29 10:12:45.856 1570 2995 I am_uid_stopped: 10026
06-29 10:12:45.859 3687 3687 I auditd : type=1400 audit(0.0:131): avc: granted { execute } for comm="id.qqdownloader" path="/data/user/0/com.tencent.android.qqdownloader/files/res_hub/yyb/online/wx_sdk_so_3_64_20/arm64-v8a/libwechatxlog.so" dev="dm-21" ino=50339 scontext=u:r:untrusted_app_27:s0:c512,c768 tcontext=u:object_r:app_data_file:s0:c512,c768 tclass=file app=com.tencent.android.qqdownloader
06-29 10:12:45.859 3994 3994 I auditd : type=1400 audit(0.0:132): avc: granted { execute } for comm="Thread-4" name="daemon2_64_v2.2.2" dev="dm-21" ino=36566 scontext=u:r:untrusted_app_27:s0:c512,c768 tcontext=u:object_r:app_data_file:s0:c512,c768 tclass=file
06-29 10:12:45.859 3994 3994 I auditd : type=1400 audit(0.0:133): avc: granted { execute_no_trans } for comm="Thread-4" path="/data/user/0/com.tencent.android.qqdownloader/app_bin/daemon2_64_v2.2.2" dev="dm-21" ino=36566 scontext=u:r:untrusted_app_27:s0:c512,c768 tcontext=u:object_r:app_data_file:s0:c512,c768 tclass=file
06-29 10:12:45.863 3994 3994 I auditd : type=1400 audit(0.0:134): avc: granted { execute } for comm="daemon2_64_v2.2" path="/data/user/0/com.tencent.android.qqdownloader/app_bin/daemon2_64_v2.2.2" dev="dm-21" ino=36566 scontext=u:r:untrusted_app_27:s0:c512,c768 tcontext=u:object_r:app_data_file:s0:c512,c768 tclass=file
06-29 10:12:45.878 0 0 I [ 61.080454] binder: 4004:4004 ioctl 40046210 7fc5054914 returned -22
06-29 10:12:45.863 1570 1969 D PowerManagerService: acquireWakeLockInternal: lock=38478618, flags=0x1, tag="NetworkStats", ws=null, uid=1000, pid=1570
06-29 10:12:45.863 1570 1969 D PowerManagerService: updateWakeLockSummaryLocked: mWakefulness=Awake, mWakeLockSummary=0x1
06-29 10:12:45.863 1570 1969 D PowerManagerService: updateUserActivitySummaryLocked: groupId=0, mWakefulness=Awake, mUserActivitySummary=0x1, nextTimeout=119202 (in 58132 ms)
06-29 10:12:45.863 1570 1969 D PowerManagerNotifier: onScreenPolicyUpdate: newPolicy=3
06-29 10:12:45.864 1570 1969 D PowerManagerService: updateDisplayPowerStateLocked: displayReady=true, groupId=0, policy=BRIGHT, mWakefulness=Awake, mWakeLockSummary=0x1, mUserActivitySummary=0x1, mBootCompleted=true, screenBrightnessOverride=NaN, useAutoBrightness=false, mScreenBrightnessBoostInProgress=false, mIsVrModeEnabled= false, sQuiescent=false
06-29 10:12:45.864 1570 1969 D PowerManagerNotifier: onWakeLockAcquired: flags=1, tag="NetworkStats", packageName=android, ownerUid=1000, ownerPid=1570, workSource=null
06-29 10:12:45.882 1570 1969 I netstats_mobile_sample: [0,0,0,0,0,0,0,0,0,0,0,0,1688004765882]
06-29 10:12:45.882 1570 1969 I netstats_wifi_sample: [0,0,0,0,0,0,0,0,0,0,0,0,1688004765882]
06-29 10:12:45.882 1570 1969 D PowerManagerService: releaseWakeLockInternal: lock=38478618 [NetworkStats], flags=0x0
06-29 10:12:45.882 1570 1969 D PowerManagerNotifier: onWakeLockReleased: flags=1, tag="NetworkStats", packageName=android, ownerUid=1000, ownerPid=1570, workSource=null
06-29 10:12:45.883 1570 1969 D PowerManagerService: updateWakeLockSummaryLocked: mWakefulness=Awake, mWakeLockSummary=0x1
06-29 10:12:45.883 1570 1969 D PowerManagerService: updateUserActivitySummaryLocked: groupId=0, mWakefulness=Awake, mUserActivitySummary=0x1, nextTimeout=119202 (in 58112 ms)
06-29 10:12:45.883 1570 1969 D PowerManagerNotifier: onScreenPolicyUpdate: newPolicy=3
06-29 10:12:45.883 1570 1969 D PowerManagerService: updateDisplayPowerStateLocked: displayReady=true, groupId=0, policy=BRIGHT, mWakefulness=Awake, mWakeLockSummary=0x1, mUserActivitySummary=0x1, mBootCompleted=true, screenBrightnessOverride=NaN, useAutoBrightness=false, mScreenBrightnessBoostInProgress=false, mIsVrModeEnabled= false, sQuiescent=false
06-29 10:12:45.885 0 0 I [ 61.089098] [soft_i][0x48f6e58e][10: 12:45.882165] wlan: [0:I:QDF] DHCP-R TX: SA:9a:c8:73:4b:8b:af DA:ff:ff:ff:ff:ff:ff msdu_id:1 status: succ
06-29 10:12:45.945 0 0 I [ 61.149415] [dp_rx_][0x4908919e][10: 12:45.942485] wlan: [2328:I:QDF] DHCP-R RX: SA:9a:c8:73:4b:8b:af DA:ff:ff:ff:ff:ff:ff
06-29 10:12:45.948 1570 1974 I GameModeConfig: isGameModeOn = true
06-29 10:12:45.949 1570 1974 I GameModeConfig: isGaming = false
06-29 10:12:45.949 1570 1974 I GameModeConfig: isGameModeOn = true
06-29 10:12:45.949 1570 1974 I GameModeConfig: isGaming = false
06-29 10:12:45.949 1570 1974 I GameModeConfig: isGameModeOn = true
06-29 10:12:45.949 1570 1974 I GameModeConfig: isGaming = false
06-29 10:12:45.989 1570 1974 I GameModeConfig: isGameModeOn = true
06-29 10:12:45.989 1570 1974 I GameModeConfig: isGaming = false
06-29 10:12:45.989 1570 1974 I GameModeConfig: isGameModeOn = true
06-29 10:12:45.989 1570 1974 I GameModeConfig: isGaming = false
06-29 10:12:45.989 1570 1974 I GameModeConfig: isGameModeOn = true
06-29 10:12:45.989 1570 1974 I GameModeConfig: isGaming = false
06-29 10:12:45.994 1570 1974 I GameModeConfig: isGameModeOn = true
06-29 10:12:45.994 1570 1974 I GameModeConfig: isGaming = false
06-29 10:12:45.994 1570 1974 I GameModeConfig: isGameModeOn = true
06-29 10:12:45.994 1570 1974 I GameModeConfig: isGaming = false
06-29 10:12:45.994 1570 1974 I GameModeConfig: isGameModeOn = true
06-29 10:12:45.994 1570 1974 I GameModeConfig: isGaming = false
06-29 10:12:45.995 1570 1974 I GameModeConfig: isGameModeOn = true
06-29 10:12:45.995 1570 1974 I GameModeConfig: isGaming = false
06-29 10:12:45.995 1570 1974 I GameModeConfig: isGameModeOn = true
06-29 10:12:45.995 1570 1974 I GameModeConfig: isGaming = false
06-29 10:12:45.995 1570 1974 I GameModeConfig: isGameModeOn = true
06-29 10:12:45.995 1570 1974 I GameModeConfig: isGaming = false
06-29 10:12:46.023 1570 2995 I ActivityManager: Killing 3777:com.android.settings/1000 (adj 915): empty #2
06-29 10:12:46.023 1570 2995 I am_kill : [0,3777,com.android.settings,915,empty #2]
06-29 10:12:46.029 0 0 I [ 61.235706] [dp_rx_][0x4921d941][10: 12:46.028774] wlan: [2328:I:QDF] DHCP-A RX: SA:38:a9:1c:35:03:04 DA:9a:c8:73:4b:8b:af
06-29 10:12:46.030 1570 2995 I am_uid_running: 10076
06-29 10:12:46.031 1570 2995 D CompatibilityChangeReporter: Compat change id reported: 135634846; UID 10076; state: DISABLED
06-29 10:12:46.031 1570 2995 D CompatibilityChangeReporter: Compat change id reported: 177438394; UID 10076; state: DISABLED
06-29 10:12:46.031 1570 2995 D CompatibilityChangeReporter: Compat change id reported: 135772972; UID 10076; state: DISABLED
06-29 10:12:46.031 1570 2995 D CompatibilityChangeReporter: Compat change id reported: 135754954; UID 10076; state: ENABLED
06-29 10:12:46.033 1570 1725 D CompatibilityChangeReporter: Compat change id reported: 143937733; UID 10076; state: ENABLED
06-29 10:12:46.054 1570 1725 I am_proc_start: [0,4048,10076,com.qti.ltebc,broadcast,{com.qti.ltebc/com.qualcomm.ltebc.LTEBroadcastReceiver}]
06-29 10:12:46.054 1570 1725 I ActivityManager: Start proc 4048:com.qti.ltebc/u0a76 for broadcast {com.qti.ltebc/com.qualcomm.ltebc.LTEBroadcastReceiver}
06-29 10:12:46.056 1570 1969 D PowerManagerService: acquireWakeLockInternal: lock=38478618, flags=0x1, tag="NetworkStats", ws=null, uid=1000, pid=1570
06-29 10:12:46.056 1570 1969 D PowerManagerService: updateWakeLockSummaryLocked: mWakefulness=Awake, mWakeLockSummary=0x1
06-29 10:12:46.056 1570 1969 D PowerManagerService: updateUserActivitySummaryLocked: groupId=0, mWakefulness=Awake, mUserActivitySummary=0x1, nextTimeout=119202 (in 57939 ms)
06-29 10:12:46.056 1570 1969 D PowerManagerNotifier: onScreenPolicyUpdate: newPolicy=3
06-29 10:12:46.056 1570 1969 D PowerManagerService: updateDisplayPowerStateLocked: displayReady=true, groupId=0, policy=BRIGHT, mWakefulness=Awake, mWakeLockSummary=0x1, mUserActivitySummary=0x1, mBootCompleted=true, screenBrightnessOverride=NaN, useAutoBrightness=false, mScreenBrightnessBoostInProgress=false, mIsVrModeEnabled= false, sQuiescent=false
06-29 10:12:46.056 1570 1969 D PowerManagerNotifier: onWakeLockAcquired: flags=1, tag="NetworkStats", packageName=android, ownerUid=1000, ownerPid=1570, workSource=null
06-29 10:12:46.061 1570 2109 D CompatibilityChangeReporter: Compat change id reported: 171306433; UID 10131; state: DISABLED
06-29 10:12:46.071 4047 4047 I auditd : type=1400 audit(0.0:135): avc: denied { search } for comm="mount" name="vendor" dev="tmpfs" ino=13325 scontext=u:r:untrusted_app_27:s0:c512,c768 tcontext=u:object_r:mnt_vendor_file:s0 tclass=dir permissive=0 app=com.tencent.android.qqdownloader
06-29 10:12:46.114 0 0 I [ 61.316680] binder: undelivered transaction 62819, process died.
06-29 10:12:46.083 1570 1969 I service_manager_stats: [438,438,5005]
06-29 10:12:46.083 1570 1969 I netstats_mobile_sample: [0,0,0,0,0,0,0,0,0,0,0,0,1688004766083]
06-29 10:12:46.083 1570 1969 I netstats_wifi_sample: [0,0,0,0,0,0,0,0,0,0,0,0,1688004766083]
06-29 10:12:46.083 1570 1969 D PowerManagerService: releaseWakeLockInternal: lock=38478618 [NetworkStats], flags=0x0
06-29 10:12:46.083 1570 1969 D PowerManagerNotifier: onWakeLockReleased: flags=1, tag="NetworkStats", packageName=android, ownerUid=1000, ownerPid=1570, workSource=null
06-29 10:12:46.084 1570 1969 D PowerManagerService: updateWakeLockSummaryLocked: mWakefulness=Awake, mWakeLockSummary=0x1
06-29 10:12:46.084 1570 1969 D PowerManagerService: updateUserActivitySummaryLocked: groupId=0, mWakefulness=Awake, mUserActivitySummary=0x1, nextTimeout=119202 (in 57911 ms)
06-29 10:12:46.084 1570 1969 D PowerManagerNotifier: onScreenPolicyUpdate: newPolicy=3
06-29 10:12:46.085 1570 1969 D PowerManagerService: updateDisplayPowerStateLocked: displayReady=true, groupId=0, policy=BRIGHT, mWakefulness=Awake, mWakeLockSummary=0x1, mUserActivitySummary=0x1, mBootCompleted=true, screenBrightnessOverride=NaN, useAutoBrightness=false, mScreenBrightnessBoostInProgress=false, mIsVrModeEnabled= false, sQuiescent=false
06-29 10:12:46.087 1570 1969 D PowerManagerService: acquireWakeLockInternal: lock=38478618, flags=0x1, tag="NetworkStats", ws=null, uid=1000, pid=1570
06-29 10:12:46.088 1570 1969 D PowerManagerService: updateWakeLockSummaryLocked: mWakefulness=Awake, mWakeLockSummary=0x1
06-29 10:12:46.088 1570 1969 D PowerManagerService: updateUserActivitySummaryLocked: groupId=0, mWakefulness=Awake, mUserActivitySummary=0x1, nextTimeout=119202 (in 57908 ms)
06-29 10:12:46.088 1570 1969 D PowerManagerNotifier: onScreenPolicyUpdate: newPolicy=3
06-29 10:12:46.088 1570 1969 D PowerManagerService: updateDisplayPowerStateLocked: displayReady=true, groupId=0, policy=BRIGHT, mWakefulness=Awake, mWakeLockSummary=0x1, mUserActivitySummary=0x1, mBootCompleted=true, screenBrightnessOverride=NaN, useAutoBrightness=false, mScreenBrightnessBoostInProgress=false, mIsVrModeEnabled= false, sQuiescent=false
06-29 10:12:46.088 1570 1969 D PowerManagerNotifier: onWakeLockAcquired: flags=1, tag="NetworkStats", packageName=android, ownerUid=1000, ownerPid=1570, workSource=null
06-29 10:12:46.106 1570 1969 I netstats_mobile_sample: [0,0,0,0,0,0,0,0,0,0,0,0,1688004766106]
06-29 10:12:46.106 1570 1969 I netstats_wifi_sample: [0,0,0,0,0,0,0,0,0,0,0,0,1688004766106]
06-29 10:12:46.106 1570 1969 D PowerManagerService: releaseWakeLockInternal: lock=38478618 [NetworkStats], flags=0x0
06-29 10:12:46.106 1570 1969 D PowerManagerNotifier: onWakeLockReleased: flags=1, tag="NetworkStats", packageName=android, ownerUid=1000, ownerPid=1570, workSource=null
06-29 10:12:46.106 1570 1969 D PowerManagerService: updateWakeLockSummaryLocked: mWakefulness=Awake, mWakeLockSummary=0x1
06-29 10:12:46.106 1570 1969 D PowerManagerService: updateUserActivitySummaryLocked: groupId=0, mWakefulness=Awake, mUserActivitySummary=0x1, nextTimeout=119202 (in 57889 ms)
06-29 10:12:46.106 1570 1969 D PowerManagerNotifier: onScreenPolicyUpdate: newPolicy=3
06-29 10:12:46.106 1570 1969 D PowerManagerService: updateDisplayPowerStateLocked: displayReady=true, groupId=0, policy=BRIGHT, mWakefulness=Awake, mWakeLockSummary=0x1, mUserActivitySummary=0x1, mBootCompleted=true, screenBrightnessOverride=NaN, useAutoBrightness=false, mScreenBrightnessBoostInProgress=false, mIsVrModeEnabled= false, sQuiescent=false
06-29 10:12:46.110 1570 2995 I am_proc_died: [0,3777,com.android.settings,915,19]
06-29 10:12:46.125 0 0 I [ 61.328754] binder: 4048:4048 ioctl 40046210 7fe27a47d4 returned -22
06-29 10:12:46.125 1570 3720 I am_proc_bound: [0,4048,com.qti.ltebc]
06-29 10:12:46.132 1570 3720 D CompatibilityChangeReporter: Compat change id reported: 168419799; UID 10076; state: DISABLED
06-29 10:12:46.140 1570 1969 D PowerManagerService: acquireWakeLockInternal: lock=38478618, flags=0x1, tag="NetworkStats", ws=null, uid=1000, pid=1570
06-29 10:12:46.140 1570 1969 D PowerManagerService: updateWakeLockSummaryLocked: mWakefulness=Awake, mWakeLockSummary=0x1
06-29 10:12:46.140 1570 1969 D PowerManagerService: updateUserActivitySummaryLocked: groupId=0, mWakefulness=Awake, mUserActivitySummary=0x1, nextTimeout=119202 (in 57855 ms)
06-29 10:12:46.140 1570 1969 D PowerManagerNotifier: onScreenPolicyUpdate: newPolicy=3
06-29 10:12:46.140 1570 1969 D PowerManagerService: updateDisplayPowerStateLocked: displayReady=true, groupId=0, policy=BRIGHT, mWakefulness=Awake, mWakeLockSummary=0x1, mUserActivitySummary=0x1, mBootCompleted=true, screenBrightnessOverride=NaN, useAutoBrightness=false, mScreenBrightnessBoostInProgress=false, mIsVrModeEnabled= false, sQuiescent=false
06-29 10:12:46.140 1570 1969 D PowerManagerNotifier: onWakeLockAcquired: flags=1, tag="NetworkStats", packageName=android, ownerUid=1000, ownerPid=1570, workSource=null
06-29 10:12:46.150 1570 1969 I netstats_mobile_sample: [0,0,0,0,0,0,0,0,0,0,0,0,1688004766150]
06-29 10:12:46.150 1570 1969 I netstats_wifi_sample: [0,0,0,0,0,0,0,0,0,0,0,0,1688004766150]
06-29 10:12:46.151 1570 1969 D PowerManagerService: releaseWakeLockInternal: lock=38478618 [NetworkStats], flags=0x0
06-29 10:12:46.151 1570 1969 D PowerManagerNotifier: onWakeLockReleased: flags=1, tag="NetworkStats", packageName=android, ownerUid=1000, ownerPid=1570, workSource=null
06-29 10:12:46.151 1570 1969 D PowerManagerService: updateWakeLockSummaryLocked: mWakefulness=Awake, mWakeLockSummary=0x1
06-29 10:12:46.151 1570 1969 D PowerManagerService: updateUserActivitySummaryLocked: groupId=0, mWakefulness=Awake, mUserActivitySummary=0x1, nextTimeout=119202 (in 57844 ms)
06-29 10:12:46.151 1570 1969 D PowerManagerNotifier: onScreenPolicyUpdate: newPolicy=3
06-29 10:12:46.151 1570 1969 D PowerManagerService: updateDisplayPowerStateLocked: displayReady=true, groupId=0, policy=BRIGHT, mWakefulness=Awake, mWakeLockSummary=0x1, mUserActivitySummary=0x1, mBootCompleted=true, screenBrightnessOverride=NaN, useAutoBrightness=false, mScreenBrightnessBoostInProgress=false, mIsVrModeEnabled= false, sQuiescent=false
06-29 10:12:46.155 701 770 E NetlinkEvent: NetlinkEvent::FindParam(): Parameter 'INTERFACE' not found
06-29 10:12:46.155 701 770 E NetlinkEvent: NetlinkEvent::FindParam(): Parameter 'STATE' not found
06-29 10:12:46.155 701 770 E NetlinkEvent: NetlinkEvent::FindParam(): Parameter 'TIME_NS' not found
06-29 10:12:46.155 701 770 E NetlinkEvent: NetlinkEvent::FindParam(): Parameter 'UID' not found
06-29 10:12:46.156 1570 1714 I AppWidgetServiceImpl: Processing of handleUserUnlocked u0 took 453 ms
06-29 10:12:46.156 1570 1714 W Looper : Slow dispatch took 453ms android.fg h=android.os.Handler c=com.android.server.am.UserController$Injector$$ExternalSyntheticLambda0@38b878a m=0
06-29 10:12:46.156 1570 1714 I uc_send_user_broadcast: [0,android.intent.action.BOOT_COMPLETED]
06-29 10:12:46.161 1570 1969 D PowerManagerService: acquireWakeLockInternal: lock=38478618, flags=0x1, tag="NetworkStats", ws=null, uid=1000, pid=1570
06-29 10:12:46.161 1570 1969 D PowerManagerService: updateWakeLockSummaryLocked: mWakefulness=Awake, mWakeLockSummary=0x1
06-29 10:12:46.161 1570 1969 D PowerManagerService: updateUserActivitySummaryLocked: groupId=0, mWakefulness=Awake, mUserActivitySummary=0x1, nextTimeout=119202 (in 57834 ms)
06-29 10:12:46.161 1570 1969 D PowerManagerNotifier: onScreenPolicyUpdate: newPolicy=3
06-29 10:12:46.161 1570 1969 D PowerManagerService: updateDisplayPowerStateLocked: displayReady=true, groupId=0, policy=BRIGHT, mWakefulness=Awake, mWakeLockSummary=0x1, mUserActivitySummary=0x1, mBootCompleted=true, screenBrightnessOverride=NaN, useAutoBrightness=false, mScreenBrightnessBoostInProgress=false, mIsVrModeEnabled= false, sQuiescent=false
06-29 10:12:46.161 1570 1969 D PowerManagerNotifier: onWakeLockAcquired: flags=1, tag="NetworkStats", packageName=android, ownerUid=1000, ownerPid=1570, workSource=null
06-29 10:12:46.165 1570 1714 W Looper : Slow delivery took 453ms android.fg h=android.os.Handler c=com.android.server.am.UserController$$ExternalSyntheticLambda9@e965471 m=0
06-29 10:12:46.166 1570 1969 I netstats_mobile_sample: [0,0,0,0,0,0,0,0,0,0,0,0,1688004766166]
06-29 10:12:46.166 1570 1969 I netstats_wifi_sample: [0,0,0,0,0,0,0,0,0,0,0,0,1688004766166]
06-29 10:12:46.167 1570 1969 D PowerManagerService: releaseWakeLockInternal: lock=38478618 [NetworkStats], flags=0x0
06-29 10:12:46.167 1570 1969 D PowerManagerNotifier: onWakeLockReleased: flags=1, tag="NetworkStats", packageName=android, ownerUid=1000, ownerPid=1570, workSource=null
06-29 10:12:46.167 1570 1969 D PowerManagerService: updateWakeLockSummaryLocked: mWakefulness=Awake, mWakeLockSummary=0x1
06-29 10:12:46.167 1570 1969 D PowerManagerService: updateUserActivitySummaryLocked: groupId=0, mWakefulness=Awake, mUserActivitySummary=0x1, nextTimeout=119202 (in 57828 ms)
06-29 10:12:46.167 1570 1969 D PowerManagerNotifier: onScreenPolicyUpdate: newPolicy=3
06-29 10:12:46.167 1570 1969 D PowerManagerService: updateDisplayPowerStateLocked: displayReady=true, groupId=0, policy=BRIGHT, mWakefulness=Awake, mWakeLockSummary=0x1, mUserActivitySummary=0x1, mBootCompleted=true, screenBrightnessOverride=NaN, useAutoBrightness=false, mScreenBrightnessBoostInProgress=false, mIsVrModeEnabled= false, sQuiescent=false
06-29 10:12:46.175 1570 2252 D PowerManagerService: acquireWakeLockInternal: lock=220570995, flags=0x1, tag="NetworkTimeUpdateService", ws=null, uid=1000, pid=1570
06-29 10:12:46.175 1570 2252 D PowerManagerService: updateWakeLockSummaryLocked: mWakefulness=Awake, mWakeLockSummary=0x1
06-29 10:12:46.175 1570 2252 D PowerManagerService: updateUserActivitySummaryLocked: groupId=0, mWakefulness=Awake, mUserActivitySummary=0x1, nextTimeout=119202 (in 57820 ms)
06-29 10:12:46.175 1570 2252 D PowerManagerNotifier: onScreenPolicyUpdate: newPolicy=3
06-29 10:12:46.175 1570 2252 D PowerManagerService: updateDisplayPowerStateLocked: displayReady=true, groupId=0, policy=BRIGHT, mWakefulness=Awake, mWakeLockSummary=0x1, mUserActivitySummary=0x1, mBootCompleted=true, screenBrightnessOverride=NaN, useAutoBrightness=false, mScreenBrightnessBoostInProgress=false, mIsVrModeEnabled= false, sQuiescent=false
06-29 10:12:46.175 1570 2252 D PowerManagerNotifier: onWakeLockAcquired: flags=1, tag="NetworkTimeUpdateService", packageName=android, ownerUid=1000, ownerPid=1570, workSource=null
06-29 10:12:46.181 2589 2977 W ContextImpl: Calling a method in the system process without a qualified user: android.app.ContextImpl.startService:1816 android.content.ContextWrapper.startService:774 com.qualcomm.qti.qdma.util.PeriodicCI.run:477 com.qualcomm.qti.qdma.util.PeriodicCI.checkRun:435 com.qualcomm.qti.qdma.util.PeriodicCI$1.onAvailable:131
06-29 10:12:46.183 1570 2109 D CompatibilityChangeReporter: Compat change id reported: 168419799; UID 1000; state: DISABLED
06-29 10:12:46.187 1570 1969 W ContextImpl: Calling a method in the system process without a qualified user: android.app.ContextImpl.sendStickyBroadcast:1559 com.android.server.ConnectivityService.sendStickyBroadcast:2811 com.android.server.ConnectivityService.sendGeneralBroadcast:2786 com.android.server.ConnectivityService.sendConnectedBroadcast:2759 com.android.server.ConnectivityService.sendLegacyNetworkBroadcast:8704
06-29 10:12:46.190 1570 2024 D PowerManagerService: acquireWakeLockInternal: lock=57184586, flags=0x1, tag="SyncLoopWakeLock", ws=null, uid=1000, pid=1570
06-29 10:12:46.191 1570 2024 D PowerManagerService: updateWakeLockSummaryLocked: mWakefulness=Awake, mWakeLockSummary=0x1
06-29 10:12:46.191 1570 2024 D PowerManagerService: updateUserActivitySummaryLocked: groupId=0, mWakefulness=Awake, mUserActivitySummary=0x1, nextTimeout=119202 (in 57804 ms)
06-29 10:12:46.191 1570 2024 D PowerManagerNotifier: onScreenPolicyUpdate: newPolicy=3
06-29 10:12:46.191 1570 2024 D PowerManagerService: updateDisplayPowerStateLocked: displayReady=true, groupId=0, policy=BRIGHT, mWakefulness=Awake, mWakeLockSummary=0x1, mUserActivitySummary=0x1, mBootCompleted=true, screenBrightnessOverride=NaN, useAutoBrightness=false, mScreenBrightnessBoostInProgress=false, mIsVrModeEnabled= false, sQuiescent=false
06-29 10:12:46.191 1570 2024 D PowerManagerNotifier: onWakeLockAcquired: flags=1, tag="SyncLoopWakeLock", packageName=android, ownerUid=1000, ownerPid=1570, workSource=null
06-29 10:12:46.196 3626 4038 E ActivityThread: Failed to find provider info for telephony
06-29 10:12:46.211 1570 1714 D PowerManagerService: acquireWakeLockInternal: lock=248192613, flags=0x1, tag="NtpTimeHelper", ws=null, uid=1000, pid=1570
06-29 10:12:46.211 1570 1714 D PowerManagerService: updateWakeLockSummaryLocked: mWakefulness=Awake, mWakeLockSummary=0x1
06-29 10:12:46.211 1570 1714 D PowerManagerService: updateUserActivitySummaryLocked: groupId=0, mWakefulness=Awake, mUserActivitySummary=0x1, nextTimeout=119202 (in 57784 ms)
06-29 10:12:46.211 1570 1714 D PowerManagerNotifier: onScreenPolicyUpdate: newPolicy=3
06-29 10:12:46.211 1570 1714 D PowerManagerService: updateDisplayPowerStateLocked: displayReady=true, groupId=0, policy=BRIGHT, mWakefulness=Awake, mWakeLockSummary=0x1, mUserActivitySummary=0x1, mBootCompleted=true, screenBrightnessOverride=NaN, useAutoBrightness=false, mScreenBrightnessBoostInProgress=false, mIsVrModeEnabled= false, sQuiescent=false
06-29 10:12:46.211 1570 1714 D PowerManagerNotifier: onWakeLockAcquired: flags=1, tag="NtpTimeHelper", packageName=android, ownerUid=1000, ownerPid=1570, workSource=null
06-29 10:12:46.214 1570 1714 W Looper : Drained
06-29 10:12:46.214 1570 4087 D PowerManagerService: releaseWakeLockInternal: lock=248192613 [NtpTimeHelper], flags=0x0
06-29 10:12:46.214 1570 4087 D PowerManagerNotifier: onWakeLockReleased: flags=1, tag="NtpTimeHelper", packageName=android, ownerUid=1000, ownerPid=1570, workSource=null
06-29 10:12:46.214 1570 4087 D PowerManagerService: updateWakeLockSummaryLocked: mWakefulness=Awake, mWakeLockSummary=0x1
06-29 10:12:46.214 1570 4087 D PowerManagerService: updateUserActivitySummaryLocked: groupId=0, mWakefulness=Awake, mUserActivitySummary=0x1, nextTimeout=119202 (in 57781 ms)
06-29 10:12:46.214 1570 4087 D PowerManagerNotifier: onScreenPolicyUpdate: newPolicy=3
06-29 10:12:46.214 1570 4087 D PowerManagerService: updateDisplayPowerStateLocked: displayReady=true, groupId=0, policy=BRIGHT, mWakefulness=Awake, mWakeLockSummary=0x1, mUserActivitySummary=0x1, mBootCompleted=true, screenBrightnessOverride=NaN, useAutoBrightness=false, mScreenBrightnessBoostInProgress=false, mIsVrModeEnabled= false, sQuiescent=false
06-29 10:12:46.237 1570 1969 W ContextImpl: Calling a method in the system process without a qualified user: android.app.ContextImpl.sendStickyBroadcast:1559 com.android.server.ConnectivityService.sendStickyBroadcast:2811 com.android.server.ConnectivityService.sendGeneralBroadcast:2786 com.android.server.ConnectivityService.sendInetConditionBroadcast:2763 com.android.server.ConnectivityService.updateInetCondition:8451
06-29 10:12:46.249 2589 4082 W ContextImpl: Calling a method in the system process without a qualified user: android.app.ContextImpl.sendBroadcast:1188 android.content.ContextWrapper.sendBroadcast:484 com.qualcomm.qti.qdma.app.ActiveCareService$ProcessSessionRequest.run:536 java.lang.Thread.run:920
06-29 10:12:46.253 1570 2024 D PowerManagerService: releaseWakeLockInternal: lock=57184586 [SyncLoopWakeLock], flags=0x0
06-29 10:12:46.253 1570 2024 D PowerManagerNotifier: onWakeLockReleased: flags=1, tag="SyncLoopWakeLock", packageName=android, ownerUid=1000, ownerPid=1570, workSource=null
06-29 10:12:46.253 1570 2024 D PowerManagerService: updateWakeLockSummaryLocked: mWakefulness=Awake, mWakeLockSummary=0x1
06-29 10:12:46.253 1570 2024 D PowerManagerService: updateUserActivitySummaryLocked: groupId=0, mWakefulness=Awake, mUserActivitySummary=0x1, nextTimeout=119202 (in 57742 ms)
06-29 10:12:46.253 1570 2024 D PowerManagerNotifier: onScreenPolicyUpdate: newPolicy=3
06-29 10:12:46.253 1570 2024 D PowerManagerService: updateDisplayPowerStateLocked: displayReady=true, groupId=0, policy=BRIGHT, mWakefulness=Awake, mWakeLockSummary=0x1, mUserActivitySummary=0x1, mBootCompleted=true, screenBrightnessOverride=NaN, useAutoBrightness=false, mScreenBrightnessBoostInProgress=false, mIsVrModeEnabled= false, sQuiescent=false
06-29 10:12:46.253 1570 1570 D PowerManagerService: acquireWakeLockInternal: lock=98428638, flags=0x1, tag="*job*/com.tencent.android.qqdownloader.YYBLiveAccountProvider/com.tencent.android.qqdownloader.YYBLiveAccountProvider.account/应用宝:android", ws=WorkSource{10101}, uid=1000, pid=1570
06-29 10:12:46.253 1570 1570 D PowerManagerService: updateWakeLockSummaryLocked: mWakefulness=Awake, mWakeLockSummary=0x1
06-29 10:12:46.253 1570 1570 D PowerManagerService: updateUserActivitySummaryLocked: groupId=0, mWakefulness=Awake, mUserActivitySummary=0x1, nextTimeout=119202 (in 57742 ms)
06-29 10:12:46.253 1570 1570 D PowerManagerNotifier: onScreenPolicyUpdate: newPolicy=3
06-29 10:12:46.253 1570 1570 D PowerManagerService: updateDisplayPowerStateLocked: displayReady=true, groupId=0, policy=BRIGHT, mWakefulness=Awake, mWakeLockSummary=0x1, mUserActivitySummary=0x1, mBootCompleted=true, screenBrightnessOverride=NaN, useAutoBrightness=false, mScreenBrightnessBoostInProgress=false, mIsVrModeEnabled= false, sQuiescent=false
06-29 10:12:46.253 1570 1570 D PowerManagerNotifier: onWakeLockAcquired: flags=1, tag="*job*/com.tencent.android.qqdownloader.YYBLiveAccountProvider/com.tencent.android.qqdownloader.YYBLiveAccountProvider.account/应用宝:android", packageName=android, ownerUid=1000, ownerPid=1570, workSource=WorkSource{10101}
06-29 10:12:46.255 1570 2024 D PowerManagerService: acquireWakeLockInternal: lock=57184586, flags=0x1, tag="SyncLoopWakeLock", ws=null, uid=1000, pid=1570
06-29 10:12:46.255 1570 2024 D PowerManagerService: updateWakeLockSummaryLocked: mWakefulness=Awake, mWakeLockSummary=0x1
06-29 10:12:46.255 1570 2024 D PowerManagerService: updateUserActivitySummaryLocked: groupId=0, mWakefulness=Awake, mUserActivitySummary=0x1, nextTimeout=119202 (in 57740 ms)
06-29 10:12:46.255 1570 2024 D PowerManagerNotifier: onScreenPolicyUpdate: newPolicy=3
06-29 10:12:46.255 1570 2024 D PowerManagerService: updateDisplayPowerStateLocked: displayReady=true, groupId=0, policy=BRIGHT, mWakefulness=Awake, mWakeLockSummary=0x1, mUserActivitySummary=0x1, mBootCompleted=true, screenBrightnessOverride=NaN, useAutoBrightness=false, mScreenBrightnessBoostInProgress=false, mIsVrModeEnabled= false, sQuiescent=false
06-29 10:12:46.255 1570 2024 D PowerManagerNotifier: onWakeLockAcquired: flags=1, tag="SyncLoopWakeLock", packageName=android, ownerUid=1000, ownerPid=1570, workSource=null
06-29 10:12:46.256 1570 2024 W SyncManager: Clock is valid now.
06-29 10:12:46.257 1570 2024 I sync : [com.tencent.android.qqdownloader.YYBLiveAccountProvider,0,3,24220937]
06-29 10:12:46.257 1570 2024 D PowerManagerService: acquireWakeLockInternal: lock=222122892, flags=0x1, tag="*sync*/com.tencent.android.qqdownloader.YYBLiveAccountProvider/com.tencent.android.qqdownloader.YYBLiveAccountProvider.account/应用宝", ws=WorkSource{10101}, uid=1000, pid=1570
06-29 10:12:46.257 1570 2024 D PowerManagerService: updateWakeLockSummaryLocked: mWakefulness=Awake, mWakeLockSummary=0x1
06-29 10:12:46.257 1570 2024 D PowerManagerService: updateUserActivitySummaryLocked: groupId=0, mWakefulness=Awake, mUserActivitySummary=0x1, nextTimeout=119202 (in 57738 ms)
06-29 10:12:46.257 1570 2024 D PowerManagerNotifier: onScreenPolicyUpdate: newPolicy=3
06-29 10:12:46.257 1570 2024 D PowerManagerService: updateDisplayPowerStateLocked: displayReady=true, groupId=0, policy=BRIGHT, mWakefulness=Awake, mWakeLockSummary=0x1, mUserActivitySummary=0x1, mBootCompleted=true, screenBrightnessOverride=NaN, useAutoBrightness=false, mScreenBrightnessBoostInProgress=false, mIsVrModeEnabled= false, sQuiescent=false
06-29 10:12:46.257 1570 2024 D PowerManagerNotifier: onWakeLockAcquired: flags=1, tag="*sync*/com.tencent.android.qqdownloader.YYBLiveAccountProvider/com.tencent.android.qqdownloader.YYBLiveAccountProvider.account/应用宝", packageName=android, ownerUid=1000, ownerPid=1570, workSource=WorkSource{10101}
06-29 10:12:46.262 1570 2024 D PowerManagerService: releaseWakeLockInternal: lock=57184586 [SyncLoopWakeLock], flags=0x0
06-29 10:12:46.262 1570 2024 D PowerManagerNotifier: onWakeLockReleased: flags=1, tag="SyncLoopWakeLock", packageName=android, ownerUid=1000, ownerPid=1570, workSource=null
06-29 10:12:46.262 1570 2024 D PowerManagerService: updateWakeLockSummaryLocked: mWakefulness=Awake, mWakeLockSummary=0x1
06-29 10:12:46.262 1570 2024 D PowerManagerService: updateUserActivitySummaryLocked: groupId=0, mWakefulness=Awake, mUserActivitySummary=0x1, nextTimeout=119202 (in 57733 ms)
06-29 10:12:46.262 1570 2024 D PowerManagerNotifier: onScreenPolicyUpdate: newPolicy=3
06-29 10:12:46.262 1570 2024 D PowerManagerService: updateDisplayPowerStateLocked: displayReady=true, groupId=0, policy=BRIGHT, mWakefulness=Awake, mWakeLockSummary=0x1, mUserActivitySummary=0x1, mBootCompleted=true, screenBrightnessOverride=NaN, useAutoBrightness=false, mScreenBrightnessBoostInProgress=false, mIsVrModeEnabled= false, sQuiescent=false
06-29 10:12:46.263 1570 2024 D PowerManagerService: acquireWakeLockInternal: lock=57184586, flags=0x1, tag="SyncLoopWakeLock", ws=null, uid=1000, pid=1570
06-29 10:12:46.264 1570 2024 D PowerManagerService: updateWakeLockSummaryLocked: mWakefulness=Awake, mWakeLockSummary=0x1
06-29 10:12:46.264 1570 2024 D PowerManagerService: updateUserActivitySummaryLocked: groupId=0, mWakefulness=Awake, mUserActivitySummary=0x1, nextTimeout=119202 (in 57732 ms)
06-29 10:12:46.264 1570 2024 D PowerManagerNotifier: onScreenPolicyUpdate: newPolicy=3
06-29 10:12:46.264 1570 2024 D PowerManagerService: updateDisplayPowerStateLocked: displayReady=true, groupId=0, policy=BRIGHT, mWakefulness=Awake, mWakeLockSummary=0x1, mUserActivitySummary=0x1, mBootCompleted=true, screenBrightnessOverride=NaN, useAutoBrightness=false, mScreenBrightnessBoostInProgress=false, mIsVrModeEnabled= false, sQuiescent=false
06-29 10:12:46.264 1570 2024 D PowerManagerNotifier: onWakeLockAcquired: flags=1, tag="SyncLoopWakeLock", packageName=android, ownerUid=1000, ownerPid=1570, workSource=null
06-29 10:12:46.268 1570 2024 D PowerManagerService: releaseWakeLockInternal: lock=57184586 [SyncLoopWakeLock], flags=0x0
06-29 10:12:46.268 1570 2024 D PowerManagerNotifier: onWakeLockReleased: flags=1, tag="SyncLoopWakeLock", packageName=android, ownerUid=1000, ownerPid=1570, workSource=null
06-29 10:12:46.268 1570 2024 D PowerManagerService: updateWakeLockSummaryLocked: mWakefulness=Awake, mWakeLockSummary=0x1
06-29 10:12:46.268 1570 2024 D PowerManagerService: updateUserActivitySummaryLocked: groupId=0, mWakefulness=Awake, mUserActivitySummary=0x1, nextTimeout=119202 (in 57727 ms)
06-29 10:12:46.268 1570 2024 D PowerManagerNotifier: onScreenPolicyUpdate: newPolicy=3
06-29 10:12:46.268 1570 2024 D PowerManagerService: updateDisplayPowerStateLocked: displayReady=true, groupId=0, policy=BRIGHT, mWakefulness=Awake, mWakeLockSummary=0x1, mUserActivitySummary=0x1, mBootCompleted=true, screenBrightnessOverride=NaN, useAutoBrightness=false, mScreenBrightnessBoostInProgress=false, mIsVrModeEnabled= false, sQuiescent=false
06-29 10:12:46.269 1570 2024 D PowerManagerService: acquireWakeLockInternal: lock=57184586, flags=0x1, tag="SyncLoopWakeLock", ws=null, uid=1000, pid=1570
06-29 10:12:46.269 1570 2024 D PowerManagerService: updateWakeLockSummaryLocked: mWakefulness=Awake, mWakeLockSummary=0x1
06-29 10:12:46.269 1570 2024 D PowerManagerService: updateUserActivitySummaryLocked: groupId=0, mWakefulness=Awake, mUserActivitySummary=0x1, nextTimeout=119202 (in 57726 ms)
06-29 10:12:46.269 1570 2024 D PowerManagerNotifier: onScreenPolicyUpdate: newPolicy=3
06-29 10:12:46.269 1570 2024 D PowerManagerService: updateDisplayPowerStateLocked: displayReady=true, groupId=0, policy=BRIGHT, mWakefulness=Awake, mWakeLockSummary=0x1, mUserActivitySummary=0x1, mBootCompleted=true, screenBrightnessOverride=NaN, useAutoBrightness=false, mScreenBrightnessBoostInProgress=false, mIsVrModeEnabled= false, sQuiescent=false
06-29 10:12:46.269 1570 2024 D PowerManagerNotifier: onWakeLockAcquired: flags=1, tag="SyncLoopWakeLock", packageName=android, ownerUid=1000, ownerPid=1570, workSource=null
06-29 10:12:46.270 1570 1570 D PowerManagerService: releaseWakeLockInternal: lock=98428638 [*job*/com.tencent.android.qqdownloader.YYBLiveAccountProvider/com.tencent.android.qqdownloader.YYBLiveAccountProvider.account/应用宝:android], flags=0x0
06-29 10:12:46.270 1570 1570 D PowerManagerNotifier: onWakeLockReleased: flags=1, tag="*job*/com.tencent.android.qqdownloader.YYBLiveAccountProvider/com.tencent.android.qqdownloader.YYBLiveAccountProvider.account/应用宝:android", packageName=android, ownerUid=1000, ownerPid=1570, workSource=WorkSource{10101}
06-29 10:12:46.270 1570 1570 D PowerManagerService: updateWakeLockSummaryLocked: mWakefulness=Awake, mWakeLockSummary=0x1
06-29 10:12:46.270 1570 1570 D PowerManagerService: updateUserActivitySummaryLocked: groupId=0, mWakefulness=Awake, mUserActivitySummary=0x1, nextTimeout=119202 (in 57725 ms)
06-29 10:12:46.270 1570 1570 D PowerManagerNotifier: onScreenPolicyUpdate: newPolicy=3
06-29 10:12:46.270 1570 1570 D PowerManagerService: updateDisplayPowerStateLocked: displayReady=true, groupId=0, policy=BRIGHT, mWakefulness=Awake, mWakeLockSummary=0x1, mUserActivitySummary=0x1, mBootCompleted=true, screenBrightnessOverride=NaN, useAutoBrightness=false, mScreenBrightnessBoostInProgress=false, mIsVrModeEnabled= false, sQuiescent=false
06-29 10:12:46.277 0 0 E [ 61.478967] [wifi@1][0x49691e70][10: 12:46.272043] wlan: [863:E:QDF] Cannot malloc 0 bytes @ csr_get_cfg_max_tx_power:14199
06-29 10:12:46.277 0 0 E [ 61.479087] [wifi@1][0x4969276e][10: 12:46.272163] wlan: [863:E:QDF] Cannot malloc 0 bytes @ csr_get_cfg_max_tx_power:14199
06-29 10:12:46.277 0 0 I [ 61.479222] [schedu][0x496931aa][10: 12:46.272299] wlan: [2309:I:WMI] LFR3:OKC enabled
06-29 10:12:46.277 0 0 I [ 61.479224] [schedu][0x496931d3][10: 12:46.272301] wlan: [2309:I:WMI] LFR3:PMKSA caching enabled
06-29 10:12:46.277 0 0 I [ 61.479316] [schedu][0x496938b5][10: 12:46.272393] wlan: [2309:I:WMI] LFR3:OKC enabled
06-29 10:12:46.277 0 0 I [ 61.479318] [schedu][0x496938d8][10: 12:46.272395] wlan: [2309:I:WMI] LFR3:PMKSA caching enabled
06-29 10:12:46.273 1570 2024 D PowerManagerService: releaseWakeLockInternal: lock=222122892 [*sync*/com.tencent.android.qqdownloader.YYBLiveAccountProvider/com.tencent.android.qqdownloader.YYBLiveAccountProvider.account/应用宝], flags=0x0
06-29 10:12:46.273 1570 2024 D PowerManagerNotifier: onWakeLockReleased: flags=1, tag="*sync*/com.tencent.android.qqdownloader.YYBLiveAccountProvider/com.tencent.android.qqdownloader.YYBLiveAccountProvider.account/应用宝", packageName=android, ownerUid=1000, ownerPid=1570, workSource=WorkSource{10101}
06-29 10:12:46.273 1570 2024 D PowerManagerService: updateWakeLockSummaryLocked: mWakefulness=Awake, mWakeLockSummary=0x1
06-29 10:12:46.273 1570 2024 D PowerManagerService: updateUserActivitySummaryLocked: groupId=0, mWakefulness=Awake, mUserActivitySummary=0x1, nextTimeout=119202 (in 57722 ms)
06-29 10:12:46.273 1570 2024 D PowerManagerNotifier: onScreenPolicyUpdate: newPolicy=3
06-29 10:12:46.273 1570 2024 D PowerManagerService: updateDisplayPowerStateLocked: displayReady=true, groupId=0, policy=BRIGHT, mWakefulness=Awake, mWakeLockSummary=0x1, mUserActivitySummary=0x1, mBootCompleted=true, screenBrightnessOverride=NaN, useAutoBrightness=false, mScreenBrightnessBoostInProgress=false, mIsVrModeEnabled= false, sQuiescent=false
06-29 10:12:46.273 1570 2024 I sync : [com.tencent.android.qqdownloader.YYBLiveAccountProvider,1,3,24220937]
06-29 10:12:46.277 1570 2024 I commit_sys_config_file: [sync-status,3]
06-29 10:12:46.277 1570 2024 D PowerManagerService: releaseWakeLockInternal: lock=57184586 [SyncLoopWakeLock], flags=0x0
06-29 10:12:46.278 1570 2024 D PowerManagerNotifier: onWakeLockReleased: flags=1, tag="SyncLoopWakeLock", packageName=android, ownerUid=1000, ownerPid=1570, workSource=null
06-29 10:12:46.278 1570 2024 D PowerManagerService: updateWakeLockSummaryLocked: mWakefulness=Awake, mWakeLockSummary=0x1
06-29 10:12:46.278 1570 2024 D PowerManagerService: updateUserActivitySummaryLocked: groupId=0, mWakefulness=Awake, mUserActivitySummary=0x1, nextTimeout=119202 (in 57717 ms)
06-29 10:12:46.278 1570 2024 D PowerManagerNotifier: onScreenPolicyUpdate: newPolicy=3
06-29 10:12:46.278 1570 2024 D PowerManagerService: updateDisplayPowerStateLocked: displayReady=true, groupId=0, policy=BRIGHT, mWakefulness=Awake, mWakeLockSummary=0x1, mUserActivitySummary=0x1, mBootCompleted=true, screenBrightnessOverride=NaN, useAutoBrightness=false, mScreenBrightnessBoostInProgress=false, mIsVrModeEnabled= false, sQuiescent=false
06-29 10:12:46.278 1570 2024 D PowerManagerService: acquireWakeLockInternal: lock=57184586, flags=0x1, tag="SyncLoopWakeLock", ws=null, uid=1000, pid=1570
06-29 10:12:46.278 1570 2024 D PowerManagerService: updateWakeLockSummaryLocked: mWakefulness=Awake, mWakeLockSummary=0x1
06-29 10:12:46.278 1570 2024 D PowerManagerService: updateUserActivitySummaryLocked: groupId=0, mWakefulness=Awake, mUserActivitySummary=0x1, nextTimeout=119202 (in 57717 ms)
06-29 10:12:46.278 1570 2024 D PowerManagerNotifier: onScreenPolicyUpdate: newPolicy=3
06-29 10:12:46.278 1570 2024 D PowerManagerService: updateDisplayPowerStateLocked: displayReady=true, groupId=0, policy=BRIGHT, mWakefulness=Awake, mWakeLockSummary=0x1, mUserActivitySummary=0x1, mBootCompleted=true, screenBrightnessOverride=NaN, useAutoBrightness=false, mScreenBrightnessBoostInProgress=false, mIsVrModeEnabled= false, sQuiescent=false
06-29 10:12:46.278 1570 2024 D PowerManagerNotifier: onWakeLockAcquired: flags=1, tag="SyncLoopWakeLock", packageName=android, ownerUid=1000, ownerPid=1570, workSource=null
06-29 10:12:46.281 1570 2024 D PowerManagerService: releaseWakeLockInternal: lock=57184586 [SyncLoopWakeLock], flags=0x0
06-29 10:12:46.281 1570 2024 D PowerManagerNotifier: onWakeLockReleased: flags=1, tag="SyncLoopWakeLock", packageName=android, ownerUid=1000, ownerPid=1570, workSource=null
06-29 10:12:46.281 1570 2024 D PowerManagerService: updateWakeLockSummaryLocked: mWakefulness=Awake, mWakeLockSummary=0x1
06-29 10:12:46.281 1570 2024 D PowerManagerService: updateUserActivitySummaryLocked: groupId=0, mWakefulness=Awake, mUserActivitySummary=0x1, nextTimeout=119202 (in 57714 ms)
06-29 10:12:46.281 1570 2024 D PowerManagerNotifier: onScreenPolicyUpdate: newPolicy=3
06-29 10:12:46.281 1570 2024 D PowerManagerService: updateDisplayPowerStateLocked: displayReady=true, groupId=0, policy=BRIGHT, mWakefulness=Awake, mWakeLockSummary=0x1, mUserActivitySummary=0x1, mBootCompleted=true, screenBrightnessOverride=NaN, useAutoBrightness=false, mScreenBrightnessBoostInProgress=false, mIsVrModeEnabled= false, sQuiescent=false
06-29 10:12:46.281 1570 1570 D PowerManagerService: acquireWakeLockInternal: lock=100174490, flags=0x1, tag="*job*/com.tencent.android.qqdownloader.YYBLiveAccountProvider/com.tencent.android.qqdownloader.YYBLiveAccountProvider.account/应用宝:android", ws=WorkSource{10101}, uid=1000, pid=1570
06-29 10:12:46.281 1570 1570 D PowerManagerService: updateWakeLockSummaryLocked: mWakefulness=Awake, mWakeLockSummary=0x1
06-29 10:12:46.281 1570 1570 D PowerManagerService: updateUserActivitySummaryLocked: groupId=0, mWakefulness=Awake, mUserActivitySummary=0x1, nextTimeout=119202 (in 57714 ms)
06-29 10:12:46.281 1570 1570 D PowerManagerNotifier: onScreenPolicyUpdate: newPolicy=3
06-29 10:12:46.281 1570 1570 D PowerManagerService: updateDisplayPowerStateLocked: displayReady=true, groupId=0, policy=BRIGHT, mWakefulness=Awake, mWakeLockSummary=0x1, mUserActivitySummary=0x1, mBootCompleted=true, screenBrightnessOverride=NaN, useAutoBrightness=false, mScreenBrightnessBoostInProgress=false, mIsVrModeEnabled= false, sQuiescent=false
06-29 10:12:46.281 1570 1570 D PowerManagerNotifier: onWakeLockAcquired: flags=1, tag="*job*/com.tencent.android.qqdownloader.YYBLiveAccountProvider/com.tencent.android.qqdownloader.YYBLiveAccountProvider.account/应用宝:android", packageName=android, ownerUid=1000, ownerPid=1570, workSource=WorkSource{10101}
06-29 10:12:46.282 1570 2024 D PowerManagerService: acquireWakeLockInternal: lock=57184586, flags=0x1, tag="SyncLoopWakeLock", ws=null, uid=1000, pid=1570
06-29 10:12:46.282 1570 2024 D PowerManagerService: updateWakeLockSummaryLocked: mWakefulness=Awake, mWakeLockSummary=0x1
06-29 10:12:46.282 1570 2024 D PowerManagerService: updateUserActivitySummaryLocked: groupId=0, mWakefulness=Awake, mUserActivitySummary=0x1, nextTimeout=119202 (in 57713 ms)
06-29 10:12:46.282 1570 2024 D PowerManagerNotifier: onScreenPolicyUpdate: newPolicy=3
06-29 10:12:46.282 1570 2024 D PowerManagerService: updateDisplayPowerStateLocked: displayReady=true, groupId=0, policy=BRIGHT, mWakefulness=Awake, mWakeLockSummary=0x1, mUserActivitySummary=0x1, mBootCompleted=true, screenBrightnessOverride=NaN, useAutoBrightness=false, mScreenBrightnessBoostInProgress=false, mIsVrModeEnabled= false, sQuiescent=false
06-29 10:12:46.282 1570 2024 D PowerManagerNotifier: onWakeLockAcquired: flags=1, tag="SyncLoopWakeLock", packageName=android, ownerUid=1000, ownerPid=1570, workSource=null
06-29 10:12:46.283 1570 2024 I sync : [com.tencent.android.qqdownloader.YYBLiveAccountProvider,0,3,24220937]
06-29 10:12:46.283 1570 2024 D PowerManagerService: acquireWakeLockInternal: lock=222122892, flags=0x1, tag="*sync*/com.tencent.android.qqdownloader.YYBLiveAccountProvider/com.tencent.android.qqdownloader.YYBLiveAccountProvider.account/应用宝", ws=WorkSource{10101}, uid=1000, pid=1570
06-29 10:12:46.283 1570 2024 D PowerManagerService: updateWakeLockSummaryLocked: mWakefulness=Awake, mWakeLockSummary=0x1
06-29 10:12:46.283 1570 2024 D PowerManagerService: updateUserActivitySummaryLocked: groupId=0, mWakefulness=Awake, mUserActivitySummary=0x1, nextTimeout=119202 (in 57712 ms)
06-29 10:12:46.283 1570 2024 D PowerManagerNotifier: onScreenPolicyUpdate: newPolicy=3
06-29 10:12:46.283 1570 2024 D PowerManagerService: updateDisplayPowerStateLocked: displayReady=true, groupId=0, policy=BRIGHT, mWakefulness=Awake, mWakeLockSummary=0x1, mUserActivitySummary=0x1, mBootCompleted=true, screenBrightnessOverride=NaN, useAutoBrightness=false, mScreenBrightnessBoostInProgress=false, mIsVrModeEnabled= false, sQuiescent=false
06-29 10:12:46.283 1570 2024 D PowerManagerNotifier: onWakeLockAcquired: flags=1, tag="*sync*/com.tencent.android.qqdownloader.YYBLiveAccountProvider/com.tencent.android.qqdownloader.YYBLiveAccountProvider.account/应用宝", packageName=android, ownerUid=1000, ownerPid=1570, workSource=WorkSource{10101}
06-29 10:12:46.285 1570 2024 D PowerManagerService: releaseWakeLockInternal: lock=57184586 [SyncLoopWakeLock], flags=0x0
06-29 10:12:46.286 1570 2024 D PowerManagerNotifier: onWakeLockReleased: flags=1, tag="SyncLoopWakeLock", packageName=android, ownerUid=1000, ownerPid=1570, workSource=null
06-29 10:12:46.286 1570 2024 D PowerManagerService: updateWakeLockSummaryLocked: mWakefulness=Awake, mWakeLockSummary=0x1
06-29 10:12:46.286 1570 2024 D PowerManagerService: updateUserActivitySummaryLocked: groupId=0, mWakefulness=Awake, mUserActivitySummary=0x1, nextTimeout=119202 (in 57709 ms)
06-29 10:12:46.286 1570 2024 D PowerManagerNotifier: onScreenPolicyUpdate: newPolicy=3
06-29 10:12:46.286 1570 2024 D PowerManagerService: updateDisplayPowerStateLocked: displayReady=true, groupId=0, policy=BRIGHT, mWakefulness=Awake, mWakeLockSummary=0x1, mUserActivitySummary=0x1, mBootCompleted=true, screenBrightnessOverride=NaN, useAutoBrightness=false, mScreenBrightnessBoostInProgress=false, mIsVrModeEnabled= false, sQuiescent=false
06-29 10:12:46.288 1570 2024 D PowerManagerService: acquireWakeLockInternal: lock=57184586, flags=0x1, tag="SyncLoopWakeLock", ws=null, uid=1000, pid=1570
06-29 10:12:46.288 1570 2024 D PowerManagerService: updateWakeLockSummaryLocked: mWakefulness=Awake, mWakeLockSummary=0x1
06-29 10:12:46.288 1570 2024 D PowerManagerService: updateUserActivitySummaryLocked: groupId=0, mWakefulness=Awake, mUserActivitySummary=0x1, nextTimeout=119202 (in 57707 ms)
06-29 10:12:46.288 1570 2024 D PowerManagerNotifier: onScreenPolicyUpdate: newPolicy=3
