06-29 10:12:42.261 1570 1725 I am_proc_start: [0,2509,10081,com.qti.qualcomm.mstatssystemservice,added application,com.qti.qualcomm.mstatssystemservice]
06-29 10:12:42.282 0 0 I [ 57.486518] binder: 2501:2501 ioctl 40046210 7fe27a47d4 returned -22
06-29 10:12:42.263 1570 1570 I notification_enqueue: [10080,2031,com.android.systemui,1,empty_media,0,Notification(channel=empty_media_style_id shortcut=null contentView=null vibrate=null sound=null defaults=0x0 flags=0x20 color=0x00000000 category=transport groupKey=empty_media actions=5 vis=PRIVATE),0]
06-29 10:12:42.270 1570 2485 I am_proc_bound: [0,2480,com.thundercomm.tcsetupwizard]
06-29 10:12:42.275 1570 1570 I service_manager_slow: [10,network_management]
06-29 10:12:42.291 1570 1605 I am_proc_bound: [0,2501,vendor.qti.qesdk.sysservice]
06-29 10:12:42.305 1570 2478 I am_proc_bound: [0,2509,com.qti.qualcomm.mstatssystemservice]
06-29 10:12:42.313 0 0 I [ 57.519643] binder: 2546:2546 ioctl 40046210 7fe27a47d4 returned -22
06-29 10:12:42.317 1570 2478 I am_uid_active: 10081
06-29 10:12:42.322 1570 1725 I am_proc_start: [0,2546,1068,com.android.se,added application,com.android.se]
06-29 10:12:42.328 1570 2478 I am_proc_bound: [0,2546,com.android.se]
06-29 10:12:42.339 1570 2478 I am_uid_active: 1068
06-29 10:12:42.340 1570 1725 I am_proc_start: [0,2569,1000,com.thundercomm.remotecontrolservice,added application,com.thundercomm.remotecontrolservice]
06-29 10:12:42.356 0 0 D [ 57.562588] qbt: qbt_open: entry minor_no=0 fd_available=1
06-29 10:12:42.356 0 0 D [ 57.562592] qbt: qbt_open: exit : 0 fd_available=0
06-29 10:12:42.356 0 0 D [ 57.562611] qbt: qbt_open: entry minor_no=1 fd_available=0
06-29 10:12:42.356 0 0 D [ 57.562612] qbt: qbt_open: exit : 0 fd_available=0
06-29 10:12:42.356 0 0 D [ 57.562626] qbt: qbt_ioctl: cmd received 107
06-29 10:12:42.356 0 0 D [ 57.562629] qbt: qbt_ioctl: Acquiring wakelock
06-29 10:12:42.359 1570 1725 I am_proc_start: [0,2572,1000,com.thundercomm.tcservice,added application,com.thundercomm.tcservice]
06-29 10:12:42.366 1570 1725 I am_proc_start: [0,2576,10067,com.qualcomm.qti.devicestatisticsservice,added application,com.qualcomm.qti.devicestatisticsservice]
06-29 10:12:42.382 2546 2546 I service_manager_slow: [17,vendor.perfservice]
06-29 10:12:42.383 1570 1725 I am_proc_start: [0,2589,1000,com.qualcomm.qti.qdma,added application,com.qualcomm.qti.qdma]
06-29 10:12:42.388 0 0 I [ 57.593060] binder: 2569:2569 ioctl 40046210 7fe27a47d4 returned -22
06-29 10:12:42.400 1570 2478 I am_proc_bound: [0,2569,com.thundercomm.remotecontrolservice]
06-29 10:12:42.402 0 0 I [ 57.605932] binder: 2572:2572 ioctl 40046210 7fe27a47d4 returned -22
06-29 10:12:42.402 0 0 I [ 57.607699] binder: 2546:2546 ioctl 40046210 7fe27a3784 returned -22
06-29 10:12:42.414 1570 2485 I am_proc_bound: [0,2572,com.thundercomm.tcservice]
06-29 10:12:42.417 0 0 E [ 57.622146] bt_ioctl: BT_CMD_PWR_CTRL pwr_cntrl:0
06-29 10:12:42.417 0 0 E [ 57.622155] bt_ioctl: BT state already:0 no change done
06-29 10:12:42.417 0 0 E : [ 57.622155]
06-29 10:12:42.417 0 0 E [ 57.622186] bt_ioctl: BT_CMD_PWR_CTRL pwr_cntrl:1
06-29 10:12:42.417 0 0 I : [ 57.622259] bt_power vendor:bt_qca6390: Linked as a consumer to regulator.9
06-29 10:12:42.417 0 0 E [ 57.622435] bt_vreg_enable: vreg_en successful for : qca,bt-vdd-aon
06-29 10:12:42.417 0 0 I : [ 57.622462] bt_power vendor:bt_qca6390: Linked as a consumer to regulator.51
06-29 10:12:42.417 0 0 E [ 57.622505] bt_vreg_enable: vreg_en successful for : qca,bt-vdd-dig
06-29 10:12:42.417 0 0 I : [ 57.622519] bt_power vendor:bt_qca6390: Linked as a consumer to regulator.8
06-29 10:12:42.417 0 0 E [ 57.622577] bt_vreg_enable: vreg_en successful for : qca,bt-vdd-rfa1
06-29 10:12:42.417 0 0 I : [ 57.622597] bt_power vendor:bt_qca6390: Linked as a consumer to regulator.36
06-29 10:12:42.417 0 0 E [ 57.623255] bt_vreg_enable: vreg_en successful for : qca,bt-vdd-rfa2
06-29 10:12:42.417 0 0 I : [ 57.623294] bt_power vendor:bt_qca6390: Linked as a consumer to regulator.27
06-29 10:12:42.417 0 0 E [ 57.623727] bt_vreg_enable: vreg_en successful for : qca,bt-vdd-asd
06-29 10:12:42.419 0 0 I [ 57.625481] binder: 2576:2576 ioctl 40046210 7fe27a47d4 returned -22
06-29 10:12:42.419 0 0 I [ 57.625723] binder: 2589:2589 ioctl 40046210 7fe27a47d4 returned -22
06-29 10:12:42.433 0 0 W [ 57.639274] QSEECOM: qseecom_load_app: App (fingerpr) does'nt exist, loading apps for first time
06-29 10:12:42.438 1570 1725 I am_proc_start: [0,2640,1000,com.android.settings,top-activity,{com.android.settings/com.android.settings.FallbackHome}]
06-29 10:12:42.438 1570 1605 I am_proc_bound: [0,2589,com.qualcomm.qti.qdma]
06-29 10:12:42.441 1570 1870 I am_proc_bound: [0,2576,com.qualcomm.qti.devicestatisticsservice]
06-29 10:12:42.447 1570 1870 I am_uid_active: 10067
06-29 10:12:42.453 0 0 I [ 57.656665] binder: 2640:2640 ioctl 40046210 7fe27a47d4 returned -22
06-29 10:12:42.448 1570 1725 I am_proc_start: [0,2658,10094,android.ext.services,service,{android.ext.services/android.ext.services.autofill.InlineSuggestionRenderServiceImpl}]
06-29 10:12:42.456 1570 1725 I am_proc_start: [0,2667,10075,com.android.launcher3,service,{com.android.launcher3/com.android.quickstep.TouchInteractionService}]
06-29 10:12:42.468 0 0 I [ 57.675138] binder: 2658:2658 ioctl 40046210 7fe27a47d4 returned -22
06-29 10:12:42.469 0 0 I [ 57.676078] bt_configure_gpios: BTON:Turn Bt Off bt-reset-gpio(1121) value(0)
06-29 10:12:42.469 0 0 I [ 57.676081] bt_configure_gpios: BTON:Turn Bt Off
06-29 10:12:42.469 0 0 I [ 57.676084] bt_configure_gpios: bt-sw-ctrl-gpio(1224) value(1)
06-29 10:12:42.469 0 0 I [ 57.676086] bt_enable_bt_reset_gpios_safely: bt_enable_bt_reset_gpios_safely: BTON:Turn Bt On
06-29 10:12:42.469 0 0 I [ 57.676089] bt_enable_bt_reset_gpios_safely: bt_enable_bt_reset_gpios_safely: wl-reset-gpio(1120) value(1)
06-29 10:12:42.466 1570 2478 I am_proc_bound: [0,2640,com.android.settings]
06-29 10:12:42.469 0 0 I [ 57.676092] bt_enable_bt_reset_gpios_safely: bt_enable_bt_reset_gpios_safely: BTON: Asserting BT_EN
06-29 10:12:42.471 1570 2478 I wm_restart_activity: [0,123311653,7,com.android.settings/.FallbackHome]
06-29 10:12:42.473 1570 2478 I wm_set_resumed_activity: [0,com.android.settings/.FallbackHome,minimalResumeActivityLocked]
06-29 10:12:42.474 1570 1725 I am_proc_start: [0,2682,10064,com.thundercomm.gamemode.provider,content provider,{com.thundercomm.gamemode.provider/com.thundercomm.gamemode.provider.SettingsProvider}]
06-29 10:12:42.477 1570 1870 I am_proc_bound: [0,2658,android.ext.services]
06-29 10:12:42.483 1570 1870 I am_uid_active: 10094
06-29 10:12:42.489 0 0 I [ 57.695646] input: Remote Mouse Controller as /devices/virtual/input/input4
06-29 10:12:42.494 0 0 I [ 57.701106] binder: 2667:2667 ioctl 40046210 7fe27a47d4 returned -22
06-29 10:12:42.494 0 0 I [ 57.701341] input: Remote Keyboard Controller as /devices/virtual/input/input5
06-29 10:12:42.513 0 0 I [ 57.717066] binder: 2682:2682 ioctl 40046210 7fe27a47d4 returned -22
06-29 10:12:42.498 1570 2478 I am_proc_bound: [0,2667,com.android.launcher3]
06-29 10:12:42.502 1570 2478 I am_uid_active: 10075
06-29 10:12:42.514 2031 2031 W CarrierConfigManager: Error getting config for subId -1 ICarrierConfigLoader is null
06-29 10:12:42.527 0 0 I [ 57.732111] bt_configure_gpios: BTON:Turn Bt On bt-reset-gpio(1121) value(1)
06-29 10:12:42.527 0 0 I : [ 57.732111]
06-29 10:12:42.527 0 0 I [ 57.732116] bt_configure_gpios: BTON:Turn Bt On
06-29 10:12:42.527 0 0 I [ 57.732120] bt_configure_gpios: bt-sw-ctrl-gpio(1224) value(1)
06-29 10:12:42.527 0 0 I [ 57.732123] bt_configure_gpios: bt_gpio= 1121 on: 1 is successful
06-29 10:12:42.529 1570 1604 D TelephonyRegistry: listen oscl: mHasNotifySubscriptionInfoChangedOccurred==false no callback
06-29 10:12:42.531 1570 1605 I am_proc_bound: [0,2682,com.thundercomm.gamemode.provider]
06-29 10:12:42.536 1570 1605 I am_uid_active: 10064
06-29 10:12:42.557 0 0 E [ 57.763797] bt_ioctl: unified Current SOC Version : 400a0200
06-29 10:12:42.603 0 0 I [ 57.809733] binder: 2572:2572 ioctl 40046210 7fe27a3344 returned -22
06-29 10:12:42.609 0 0 W [ 57.815380] QSEECOM: qseecom_load_app: App with id 7 (fingerpr) now loaded
06-29 10:12:42.652 0 0 I [ 57.858791] binder: 2031:2484 ioctl 40046210 74a421e124 returned -22
06-29 10:12:42.652 0 0 I [ 57.859642] binder: 2589:2589 ioctl 40046210 7fe27a27b4 returned -22
06-29 10:12:42.656 2640 2640 I wm_on_create_called: [123311653,com.android.settings.FallbackHome,performCreate]
06-29 10:12:42.658 2640 2640 I wm_on_start_called: [123311653,com.android.settings.FallbackHome,handleStartActivity]
06-29 10:12:42.659 2640 2640 I wm_on_resume_called: [123311653,com.android.settings.FallbackHome,RESUME_ACTIVITY]
06-29 10:12:42.674 2640 2640 I wm_on_top_resumed_gained_called: [123311653,com.android.settings.FallbackHome,topStateChangedWhenResumed]
06-29 10:12:42.686 1570 1718 I input_focus: [Focus request db7201c com.android.settings/com.android.settings.FallbackHome,reason=UpdateInputWindows]
06-29 10:12:42.725 0 0 I [ 57.932426] binder: 2640:2757 ioctl 40046210 751af5f1f4 returned -22
06-29 10:12:42.749 1570 1717 I boot_progress_enable_screen: 57956
06-29 10:12:42.750 1570 1717 I screen_toggled: 1
06-29 10:12:42.757 1570 1870 I am_uid_running: 10086
06-29 10:12:42.769 1570 1725 I am_proc_start: [0,2816,10086,com.qualcomm.qti.qccauthmgr,content provider,{com.qualcomm.qti.qccauthmgr/com.qualcomm.qti.qccauthmgr.providers.SMQContentProvider}]
06-29 10:12:42.798 0 0 I [ 58.004868] binder: 2816:2816 ioctl 40046210 7fe27a47d4 returned -22
06-29 10:12:42.801 1570 2109 I am_proc_bound: [0,2816,com.qualcomm.qti.qccauthmgr]
06-29 10:12:42.804 1570 2109 I am_uid_active: 10086
06-29 10:12:42.844 0 0 E [ 58.051607] init: Control message: Could not find 'vendor.qti.hardware.iop@2.0::IIop/default' for ctl.interface_start from pid: 533 (/system/bin/hwservicemanager)
06-29 10:12:42.854 0 0 W [ 58.052425] QSEECOM: __qseecom_unload_app: App (7) is unloaded
06-29 10:12:42.854 0 0 D [ 58.053084] qbt: qbt_release: entry minor_no=0 fd_available=0
06-29 10:12:42.854 0 0 D [ 58.053087] qbt: qbt_release: Releasing wakelock
06-29 10:12:42.854 0 0 D [ 58.053090] qbt: qbt_release: exit : fd_available=1
06-29 10:12:42.854 0 0 D [ 58.053096] qbt: qbt_release: entry minor_no=1 fd_available=1
06-29 10:12:42.854 0 0 D [ 58.053098] qbt: qbt_release: exit : fd_available=1
06-29 10:12:42.873 0 0 E [ 58.080489] init: Control message: Could not find 'vendor.qti.hardware.iop@2.0::IIop/default' for ctl.interface_start from pid: 533 (/system/bin/hwservicemanager)
06-29 10:12:43.106 1570 1570 I notification_cancel_all: [1000,1570,com.android.systemui,0,0,0,20,NULL]
06-29 10:12:43.103 1570 1570 I auditd : type=1400 audit(0.0:91): avc: denied { getattr } for comm="Thread-22" path="/data/tlog/fatal/dropbox" dev="dm-21" ino=499138 scontext=u:r:system_server:s0 tcontext=u:object_r:tlog_data_file:s0 tclass=dir permissive=0
06-29 10:12:43.113 1570 1570 I notification_enqueue: [1000,1570,android,26,NULL,-1,Notification(channel=DEVELOPER_IMPORTANT shortcut=null contentView=null vibrate=null sound=null tick defaults=0x0 flags=0x2 color=0x00000000 vis=PUBLIC),0]
06-29 10:12:43.113 1570 1570 I notification_enqueue: [1000,1570,android,32,NULL,-1,Notification(channel=USB shortcut=null contentView=null vibrate=null sound=null tick defaults=0x0 flags=0x2 color=0x00000000 vis=PUBLIC),0]
06-29 10:12:43.144 1570 1570 D TelephonyRegistry: listen oscl: mHasNotifySubscriptionInfoChangedOccurred==false no callback
06-29 10:12:43.148 1570 1570 W CarrierConfigManager: Error getting config for subId -1 ICarrierConfigLoader is null
06-29 10:12:43.149 1570 1570 I sysui_multi_action: [757,1501,758,1,793,1327,794,0,795,1327,796,1,797,empty_media,806,com.android.systemui,857,empty_media_style_id,858,4,946,empty_media,947,0,1500,0,1641,transport,1745,1043716538]
06-29 10:12:43.149 1570 1570 I sysui_multi_action: [757,804,799,note_interruptive,801,0,802,1]
06-29 10:12:43.147 1570 1570 I auditd : type=1400 audit(0.0:92): avc: denied { getattr } for comm="Thread-24" path="/data/tlog/fatal/dropbox" dev="dm-21" ino=499138 scontext=u:r:system_server:s0 tcontext=u:object_r:tlog_data_file:s0 tclass=dir permissive=0
06-29 10:12:43.147 1570 1570 I auditd : type=1400 audit(0.0:93): avc: denied { getattr } for comm="Thread-23" path="/data/tlog/fatal/dropbox" dev="dm-21" ino=499138 scontext=u:r:system_server:s0 tcontext=u:object_r:tlog_data_file:s0 tclass=dir permissive=0
06-29 10:12:43.171 1570 1717 I wm_boot_animation_done: 58378
06-29 10:12:43.271 0 0 I : [ 58.476520] F2FS-fs (dm-21): Preserve previous reserve_root=76800
06-29 10:12:43.284 0 0 I : [ 58.489251] F2FS-fs (dm-21): Adjust unusable cap for checkpoint=disable = 5698340 / 20%
06-29 10:12:43.325 0 0 I [ 58.531966] init: processing action (sys.boot_completed=1) from (/system/etc/init/hw/init.rc:1166)
06-29 10:12:43.325 1570 1717 I uc_finish_user_boot: 0
06-29 10:12:43.325 1570 1717 I am_user_state_changed: [0,1]
06-29 10:12:43.326 1570 1717 I uc_send_user_broadcast: [0,android.intent.action.LOCKED_BOOT_COMPLETED]
06-29 10:12:43.327 0 0 I [ 58.533364] init: starting service 'exec 28 (/bin/rm -rf /data/per_boot)'...
06-29 10:12:43.328 0 0 I [ 58.534934] init: SVC_EXEC service 'exec 28 (/bin/rm -rf /data/per_boot)' pid 2888 (uid 1000 gid 1000+0 context default) started; waiting...
06-29 10:12:43.338 0 0 I [ 58.544463] [schedu][0x460d668f][10: 12:43.337538] wlan: [2309:I:HIF] Deinitializing Runtime PM wakelock &vdev->vdev_set_key_runtime_wakelock
06-29 10:12:43.338 0 0 I [ 58.544727] [schedu][0x460d7a76][10: 12:43.337803] wlan: [2309:I:HIF] Initializing Runtime PM wakelock &vdev->vdev_set_key_runtime_wakelock
06-29 10:12:43.342 0 0 I [ 58.547735] [wifi@1][0x460e5c0c][10: 12:43.340811] wlan: [863:I:DP] dp_vdev_attach_wifi3: wlan_cfg_ap_bridge_enabled 0
06-29 10:12:43.350 0 0 E [ 58.557276] [wifi@1][0x46112778][10: 12:43.350350] wlan: [2491:E:wifipos] wifi_pos_process_app_reg_req: 608: Received App Req Req pid(-880802977), len(16)
06-29 10:12:43.352 0 0 I [ 58.558205] init: Service 'exec 28 (/bin/rm -rf /data/per_boot)' (pid 2888) exited with status 0 waiting took 0.023000 seconds
06-29 10:12:43.352 0 0 I [ 58.558213] init: Sending signal 9 to service 'exec 28 (/bin/rm -rf /data/per_boot)' (pid 2888) process group...
06-29 10:12:43.352 0 0 I [ 58.558312] libprocessgroup: Successfully killed process cgroup uid 1000 pid 2888 in 0ms
06-29 10:12:43.354 0 0 I [ 58.560421] [wifi@1][0x46121381][10: 12:43.353497] wlan: [863:I:DP] dp_vdev_attach_wifi3: wlan_cfg_ap_bridge_enabled 1
06-29 10:12:43.354 0 0 E [ 58.560527] [wifi@1][0x46121b8d][10: 12:43.353604] wlan: [863:E:PMO] pmo_register_wow_wakeup_events: 88: Skipping wake event configuration for vdev_opmode 16
06-29 10:12:43.354 0 0 E [ 58.560577] [wifi@1][0x46121f47][10: 12:43.353654] wlan: [863:E:SME] sme_get_nss_chain_shift: 4045: Device mode 16 invalid
06-29 10:12:43.354 0 0 E [ 58.560588] [wifi@1][0x46121f82][10: 12:43.353657] wlan: [863:E:SME] sme_get_nss_chain_shift: 4045: Device mode 16 invalid
06-29 10:12:43.354 0 0 I [ 58.561382] IPv6: ADDRCONF(NETDEV_UP): wifi-aware0: link is not ready
06-29 10:12:43.356 0 0 I [ 58.562611] [wifi@1][0x4612b7c3][10: 12:43.355687] wlan: [2491:I:wifipos] wifi_pos_get_ch_info: 461: num channels: 26
06-29 10:12:43.356 0 0 I [ 58.563421] [wifi@1][0x4612f470][10: 12:43.356496] wlan: [2491:I:wifipos] wifi_pos_get_ch_info: 461: num channels: 26
06-29 10:12:43.361 0 0 I [ 58.567841] init: Encryption policy of /data/per_boot set to a8e4215b0392776c8643cf8fbdc5216b v2 modes 1/4 flags 0xa
06-29 10:12:43.361 0 0 I [ 58.567877] init: processing action (sys.boot_completed=1) from (/vendor/etc/init/hw/init.qcom.rc:473)
06-29 10:12:43.362 1570 1717 I uc_finish_user_unlocking: 0
06-29 10:12:43.367 1570 2109 I am_uid_running: 10073
06-29 10:12:43.377 1570 1725 I am_proc_start: [0,2896,10073,com.qualcomm.location,broadcast,{com.qualcomm.location/com.qualcomm.location.LocationServiceReceiver}]
06-29 10:12:43.377 2895 2895 F libc : Fatal signal 6 (SIGABRT), code -1 (SI_QUEUE) in tid 2895 (init), pid 2895 (init)
06-29 10:12:43.397 0 0 W : [ 58.568139] Boot completed
06-29 10:12:43.397 0 0 I [ 58.603643] binder: 2896:2896 ioctl 40046210 7fe27a47d4 returned -22
06-29 10:12:43.399 1570 2485 I am_proc_bound: [0,2896,com.qualcomm.location]
06-29 10:12:43.403 1570 2485 I am_uid_active: 10073
06-29 10:12:43.415 2923 2923 I auditd : type=1400 audit(0.0:94): avc: denied { ptrace } for comm="crash_dump64" scontext=u:r:crash_dump:s0 tcontext=u:r:init:s0 tclass=process permissive=0
06-29 10:12:43.421 2895 2895 F libc : crash_dump helper failed to exec, or was killed
06-29 10:12:43.493 0 0 I [ 58.699588] binder: 2896:2930 ioctl 40046210 7515c0c934 returned -22
06-29 10:12:43.526 1570 2017 I am_uid_running: 10084
06-29 10:12:43.533 1570 1725 I am_proc_start: [0,2951,10084,com.qualcomm.qtil.aptxui,broadcast,{com.qualcomm.qtil.aptxui/com.qualcomm.qtil.aptxui.aptxuiBootReceiver}]
06-29 10:12:43.555 1570 2485 I am_proc_bound: [0,2951,com.qualcomm.qtil.aptxui]
06-29 10:12:43.558 0 0 I [ 58.759627] binder: 2951:2951 ioctl 40046210 7fe27a47d4 returned -22
06-29 10:12:43.567 0 0 I [ 58.773615] init: qssi copy & sync /metadata/vold/metadata_encryption/key/encrypted_key to /persist/key/encrypted_key_bak: No such file or directory
06-29 10:12:43.570 0 0 I [ 58.776698] init: qssi copy & sync /metadata/vold/metadata_encryption/key/keymaster_key_blob to /persist/key/keymaster_key_blob_bak: No such file or directory
06-29 10:12:43.561 1570 2485 I am_uid_active: 10084
06-29 10:12:43.574 0 0 I [ 58.781280] init: qssi copy & sync /metadata/vold/metadata_encryption/key/secdiscardable to /persist/key/secdiscardable_bak: No such file or directory
06-29 10:12:43.577 0 0 I [ 58.784090] init: qssi copy & sync /metadata/vold/metadata_encryption/key/stretching to /persist/key/stretching_bak: No such file or directory
06-29 10:12:43.581 0 0 I [ 58.786491] init: qssi copy & sync /metadata/vold/metadata_encryption/key/version to /persist/key/version_bak: No such file or directory
06-29 10:12:43.585 0 0 I : [ 58.791942] read descriptors
06-29 10:12:43.585 0 0 I : [ 58.791980] read strings
06-29 10:12:43.591 1570 2485 D TelephonyRegistry: listen oscl: mHasNotifySubscriptionInfoChangedOccurred==false no callback
06-29 10:12:43.615 1 1 I auditd : type=1107 audit(0.0:95): uid=0 auid=4294967295 ses=4294967295 subj=u:r:init:s0 msg='avc: denied { set } for property=sys.dtc.code.bt pid=2029 uid=1002 gid=1002 scontext=u:r:bluetooth:s0 tcontext=u:object_r:system_prop:s0 tclass=property_service permissive=0'
06-29 10:12:43.617 0 0 E [ 58.821997] bt_ioctl: BT_CMD_PWR_CTRL pwr_cntrl:2
06-29 10:12:43.617 0 0 E [ 58.822049] bt_vreg_unvote: vreg_unvote successful for : qca,bt-vdd-rfa2
06-29 10:12:43.617 0 0 E [ 58.822069] bt_vreg_unvote: vreg_unvote successful for : qca,bt-vdd-rfa1
06-29 10:12:43.617 0 0 E [ 58.822088] bt_vreg_unvote: vreg_unvote successful for : qca,bt-vdd-dig
06-29 10:12:43.617 0 0 E [ 58.822105] bt_vreg_unvote: vreg_unvote successful for : qca,bt-vdd-aon
06-29 10:12:43.646 0 0 I [ 58.852905] [schedu][0x4667c35d][10: 12:43.645975] wlan: [2309:I:OSIF] scan start scan id 40961
06-29 10:12:43.659 0 0 I [ 58.866242] binder: 2378:2378 ioctl 40046210 7fe27a3754 returned -22
06-29 10:12:43.665 0 0 I [ 58.868934] zram0: detected capacity change from 0 to 4294967296
06-29 10:12:43.678 0 0 I [ 58.884637] binder: 3007:3007 ioctl 40046210 7fcd7025f4 returned -22
06-29 10:12:43.695 0 0 I [ 58.901363] [schedu][0x4675f5cc][10: 12:43.694434] wlan: [2309:I:HIF] Deinitializing Runtime PM wakelock &vdev->vdev_set_key_runtime_wakelock
06-29 10:12:43.695 0 0 I [ 58.901756] [schedu][0x4676134f][10: 12:43.694828] wlan: [2309:I:HIF] Initializing Runtime PM wakelock &vdev->vdev_set_key_runtime_wakelock
06-29 10:12:43.721 0 0 I : [ 58.916674] devfreq-qcom-fw 18590000.qcom,devfreq-l3:qcom,cdsp-cdsp-l3-lat: Successfully started CDSP L3 governor
06-29 10:12:43.721 0 0 I : [ 58.927539] Adding 4194300k swap on /dev/block/zram0. Priority:32758 extents:1 across:4194300k SS
06-29 10:12:43.721 0 0 D [ 58.928168] qbt: qbt_open: entry minor_no=0 fd_available=1
06-29 10:12:43.721 0 0 D [ 58.928169] qbt: qbt_open: exit : 0 fd_available=0
06-29 10:12:43.721 0 0 D [ 58.928178] qbt: qbt_open: entry minor_no=1 fd_available=0
06-29 10:12:43.721 0 0 D [ 58.928179] qbt: qbt_open: exit : 0 fd_available=0
06-29 10:12:43.721 0 0 D [ 58.928186] qbt: qbt_ioctl: cmd received 107
06-29 10:12:43.721 0 0 D [ 58.928187] qbt: qbt_ioctl: Acquiring wakelock
06-29 10:12:43.722 1570 2465 I service_manager_slow: [13,phone]
06-29 10:12:43.759 0 0 I [ 58.961798] android_work: sent uevent USB_STATE=DISCONNECTED
06-29 10:12:43.769 0 0 W [ 58.974323] QSEECOM: qseecom_load_app: App (fingerpr) does'nt exist, loading apps for first time
06-29 10:12:43.839 1570 1714 I am_user_state_changed: [0,2]
06-29 10:12:43.840 1570 1724 I ssm_user_unlocking: 0
06-29 10:12:43.863 0 0 E : [ 59.070276] msm-dwc3 a600000.ssusb: Could not get usb psy
06-29 10:12:43.896 0 0 W [ 59.100421] QSEECOM: qseecom_load_app: App with id 8 (fingerpr) now loaded
06-29 10:12:43.908 0 0 I : [ 59.107099] sdcardfs version 2.0
06-29 10:12:43.908 0 0 I [ 59.107102] sdcardfs: dev_name -> /data/media
06-29 10:12:43.908 0 0 I [ 59.107104] sdcardfs: options -> fsuid=1023,fsgid=1023,multiuser,derive_gid,default_normal,unshared_obb,mask=6,userid=0,gid=1015
06-29 10:12:43.908 0 0 I [ 59.107106] sdcardfs: mnt -> 00000000a68fa3ea
06-29 10:12:43.908 0 0 I [ 59.107140] sdcardfs: mounted on top of /data/media type f2fs
06-29 10:12:43.908 0 0 I : [ 59.107447] Remount options were mask=23,gid=9997 for vfsmnt 0000000087818cc7.
06-29 10:12:43.908 0 0 I [ 59.107452] sdcardfs: options - debug:1
06-29 10:12:43.908 0 0 I [ 59.107454] sdcardfs: options - gid:9997
06-29 10:12:43.908 0 0 I [ 59.107456] sdcardfs: options - mask:23
06-29 10:12:43.908 0 0 I : [ 59.107581] Remount options were mask=7,gid=9997 for vfsmnt 00000000f9d8812f.
06-29 10:12:43.908 0 0 I [ 59.107585] sdcardfs: options - debug:1
06-29 10:12:43.908 0 0 I [ 59.107587] sdcardfs: options - gid:9997
06-29 10:12:43.908 0 0 I [ 59.107588] sdcardfs: options - mask:7
06-29 10:12:43.908 0 0 I : [ 59.107699] Remount options were mask=7,gid=9997 for vfsmnt 000000005aba1ee6.
06-29 10:12:43.908 0 0 I [ 59.107701] sdcardfs: options - debug:1
06-29 10:12:43.908 0 0 I [ 59.107702] sdcardfs: options - gid:9997
06-29 10:12:43.908 0 0 I [ 59.107703] sdcardfs: options - mask:7
06-29 10:12:43.912 1570 1911 I am_uid_running: 10093
06-29 10:12:43.919 1570 1723 I am_meminfo: [1984159744,2378477568,12288,334557184,1342497792]
06-29 10:12:43.922 1570 1725 I am_proc_start: [0,3125,10093,com.android.providers.media.module,service,{com.android.providers.media.module/com.android.providers.media.fuse.ExternalStorageServiceImpl}]
06-29 10:12:43.927 1570 1723 I am_pss : [2640,1000,com.android.settings,36808704,28426240,0,137945088,2,2,8]
06-29 10:12:43.933 1570 1723 I am_pss : [2682,10064,com.thundercomm.gamemode.provider,8961024,5656576,0,93847552,2,5,6]
06-29 10:12:43.941 0 0 I [ 59.146276] binder: 3125:3125 ioctl 40046210 7fe27a47d4 returned -22
06-29 10:12:43.941 1570 1723 I am_pss : [2658,10094,android.ext.services,7895040,4575232,0,93437952,2,5,6]
06-29 10:12:43.948 1570 1723 I am_pss : [2667,10075,com.android.launcher3,14334976,10596352,0,101810176,2,5,6]
06-29 10:12:43.954 1570 2465 I am_proc_bound: [0,3125,com.android.providers.media.module]
06-29 10:12:43.960 0 0 E : [ 59.164815] msm-dwc3 a600000.ssusb: Could not get usb psy
06-29 10:12:43.960 0 0 I [ 59.164823] android_work: did not send uevent (0 0 0000000000000000)
06-29 10:12:43.957 1570 1723 I am_pss : [2576,10067,com.qualcomm.qti.devicestatisticsservice,6459392,3600384,0,87941120,2,0,6]
06-29 10:12:43.964 1570 1724 I uc_finish_user_unlocked: 0
06-29 10:12:43.964 1570 1724 I am_user_state_changed: [0,3]
06-29 10:12:43.966 1570 1723 I am_pss : [2589,1000,com.qualcomm.qti.qdma,12928000,8454144,0,103956480,2,0,7]
06-29 10:12:43.969 1570 2465 I am_uid_active: 10093
06-29 10:12:43.972 1570 1714 I wm_task_created: [163,-1]
06-29 10:12:43.973 1570 1714 I wm_task_created: [167,-1]
06-29 10:12:43.974 1570 1723 I am_pss : [2572,1000,com.thundercomm.tcservice,11544576,8359936,0,96354304,2,0,6]
06-29 10:12:43.975 1570 1724 I am_uid_running: 10056
06-29 10:12:43.977 1570 1724 I am_uid_running: 10060
06-29 10:12:43.977 1570 1724 I am_uid_running: 10070
06-29 10:12:43.978 1570 1724 I am_uid_running: 10087
06-29 10:12:43.978 1570 1724 I am_uid_running: 10083
06-29 10:12:43.978 1570 1724 I am_uid_running: 10082
06-29 10:12:43.980 1570 1724 I uc_send_user_broadcast: [0,android.intent.action.USER_UNLOCKED]
06-29 10:12:43.980 1570 1724 I uc_send_user_broadcast: [0,android.intent.action.PRE_BOOT_COMPLETED]
06-29 10:12:43.980 1570 1724 I am_pre_boot: [0,com.android.documentsui]
06-29 10:12:43.981 1570 1723 I am_pss : [2569,1000,com.thundercomm.remotecontrolservice,10696704,6926336,0,99524608,2,0,5]
06-29 10:12:43.986 1570 1724 I am_uid_running: 10022
06-29 10:12:43.990 1570 1723 I am_pss : [2546,1068,com.android.se,6988800,4096000,0,90050560,2,0,6]
06-29 10:12:43.993 1570 1714 I am_mem_factor: [0,1]
06-29 10:12:43.999 1570 1723 I am_pss : [2029,1002,com.android.bluetooth,24606720,18980864,0,122912768,2,0,8]
06-29 10:12:44.000 1570 2465 I wm_finish_activity: [0,123311653,7,com.android.settings/.FallbackHome,app-request]
06-29 10:12:44.001 1570 2465 I wm_pause_activity: [0,123311653,com.android.settings/.FallbackHome,userLeaving=false,finish]
06-29 10:12:44.002 1570 1725 I am_proc_start: [0,3159,10056,ts.car.uart,added application,ts.car.uart]
06-29 10:12:44.005 2640 2640 I wm_on_top_resumed_lost_called: [123311653,com.android.settings.FallbackHome,topStateChangedWhenResumed]
06-29 10:12:44.006 1570 1717 I sysui_multi_action: [757,1144,758,7,806,com.android.settings,871,com.android.settings.FallbackHome]
06-29 10:12:44.006 1570 1723 I am_pss : [2509,10081,com.qti.qualcomm.mstatssystemservice,6529024,3743744,0,88354816,2,0,5]
06-29 10:12:44.006 2640 2640 I wm_on_paused_called: [123311653,com.android.settings.FallbackHome,performPause]
06-29 10:12:44.041 0 0 I [ 59.240693] binder: 3164:3164 ioctl 40046210 7fe27a47d4 returned -22
06-29 10:12:44.014 1570 1723 I am_pss : [2501,1000,vendor.qti.qesdk.sysservice,6683648,3792896,0,89751552,2,0,5]
06-29 10:12:44.050 0 0 I [ 59.253127] android_work: sent uevent USB_STATE=CONNECTED
06-29 10:12:44.020 1570 1605 I wm_task_created: [168,-1]
06-29 10:12:44.021 1570 1605 I wm_task_moved: [168,1,2147483647]
06-29 10:12:44.022 1570 1723 I am_pss : [2480,1000,com.thundercomm.tcsetupwizard,7689216,4968448,0,89632768,2,0,6]
06-29 10:12:44.023 1570 1605 I wm_task_moved: [1,1,5]
06-29 10:12:44.023 1570 1605 I wm_create_task: [0,168]
06-29 10:12:44.023 1570 1605 I wm_create_activity: [0,157777106,168,com.android.launcher3/.uioverrides.QuickstepLauncher,android.intent.action.MAIN,NULL,NULL,268435712]
06-29 10:12:44.023 1570 1605 I wm_task_moved: [1,1,5]
06-29 10:12:44.023 1570 1605 I wm_task_moved: [168,1,2147483647]
06-29 10:12:44.023 1570 1605 I wm_task_to_front: [0,168]
06-29 10:12:44.030 1570 1723 I am_pss : [2417,1000,com.tc.logclient,7350272,4636672,0,89309184,2,0,5]
06-29 10:12:44.037 1570 1605 I wm_restart_activity: [0,157777106,168,com.android.launcher3/.uioverrides.QuickstepLauncher]
06-29 10:12:44.038 1570 1723 I am_pss : [2437,1073,com.android.networkstack.process,11976704,8105984,0,101322752,2,0,6]
06-29 10:12:44.039 1570 1605 I wm_set_resumed_activity: [0,com.android.launcher3/.uioverrides.QuickstepLauncher,minimalResumeActivityLocked]
06-29 10:12:44.046 1570 1723 I am_pss : [2396,1000,com.thundercomm.tchttpserver,8123392,5435392,0,90152960,2,0,6]
06-29 10:12:44.051 1570 2465 I am_uid_running: 10078
06-29 10:12:44.052 1570 1725 I am_proc_start: [0,3164,1000,com.hryt.hiphishowfsecontrol,added application,com.hryt.hiphishowfsecontrol] --------- beginning of system
06-29 10:12:44.052 1570 1725 W ActivityManager: Slow operation: 76ms so far, now at startProcess: done updating pids map
06-29 10:12:44.052 1570 1725 W ActivityManager: Slow operation: 75ms so far, now at startProcess: asking zygote to start proc
06-29 10:12:44.052 1570 1725 D CompatibilityChangeReporter: Compat change id reported: 143937733; UID 10060; state: ENABLED
06-29 10:12:44.052 1570 1723 I am_pss : [2378,10055,.qtidataservices,6951936,4161536,0,90300416,2,0,5]
06-29 10:12:44.053 1570 1605 I am_proc_bound: [0,3164,com.hryt.hiphishowfsecontrol]
06-29 10:12:44.061 0 0 I [ 59.261714] binder: 3159:3159 ioctl 40046210 7fe27a47d4 returned -22
06-29 10:12:44.059 1570 1723 I am_pss : [2370,1001,.dataservices,7808000,5042176,0,90902528,2,0,6]
06-29 10:12:44.065 1570 1717 I sysui_multi_action: [757,803,799,window_time_0,802,35]
06-29 10:12:44.069 0 0 E : [ 59.275785] msm-dwc3 a600000.ssusb: Could not get usb psy
06-29 10:12:44.067 1570 1723 I am_pss : [2361,1000,com.thundercomm.microsettings,41475072,35954688,0,131276800,2,0,7]
06-29 10:12:44.069 1570 1725 W ActivityManager: Slow operation: 92ms so far, now at startProcess: returned from zygote!
06-29 10:12:44.070 1570 1724 I am_uid_running: 10018
06-29 10:12:44.070 1570 2485 D CompatibilityChangeReporter: Compat change id reported: 73144566; UID 1000; state: ENABLED
06-29 10:12:44.070 1570 1724 D CompatibilityChangeReporter: Compat change id reported: 135634846; UID 10018; state: DISABLED
06-29 10:12:44.070 1570 1724 D CompatibilityChangeReporter: Compat change id reported: 177438394; UID 10018; state: DISABLED
06-29 10:12:44.070 1570 1724 D CompatibilityChangeReporter: Compat change id reported: 135772972; UID 10018; state: DISABLED
06-29 10:12:44.070 1570 1724 D CompatibilityChangeReporter: Compat change id reported: 135754954; UID 10018; state: ENABLED
06-29 10:12:44.070 1570 2485 D CompatibilityChangeReporter: Compat change id reported: 73144566; UID 1000; state: DISABLED
06-29 10:12:44.080 1570 1723 I am_pss : [2351,1000,com.thundercomm.microservice,9804800,6893568,0,94343168,2,0,6]
06-29 10:12:44.082 1570 1991 V BackupManagerService: [UserID:0] No ancestral data
06-29 10:12:44.086 0 0 I : [ 59.292243] configfs-gadget gadget: high-speed config #1: b
06-29 10:12:44.085 1570 2109 I am_proc_bound: [0,3159,ts.car.uart]
06-29 10:12:44.092 1570 2109 D CompatibilityChangeReporter: Compat change id reported: 168419799; UID 10056; state: DISABLED
06-29 10:12:44.093 0 0 E : [ 59.295011] msm-dwc3 a600000.ssusb: Could not get usb psy
06-29 10:12:44.093 0 0 I [ 59.295169] android_work: sent uevent USB_STATE=CONFIGURED
06-29 10:12:44.095 1570 2109 I am_uid_active: 10056
06-29 10:12:44.097 1570 1725 W ActivityManager: Slow operation: 120ms so far, now at startProcess: done updating battery stats
06-29 10:12:44.097 1570 1725 I am_proc_start: [0,3206,10060,.pasr,added application,.pasr]
06-29 10:12:44.097 1570 1725 W ActivityManager: Slow operation: 120ms so far, now at startProcess: building log message
06-29 10:12:44.097 1570 1725 I ActivityManager: Start proc 3206:.pasr/u0a60 for added application .pasr
06-29 10:12:44.097 1570 1725 W ActivityManager: Slow operation: 120ms so far, now at startProcess: starting to update pids map
06-29 10:12:44.097 1570 1725 W ActivityManager: Slow operation: 120ms so far, now at startProcess: done updating pids map
06-29 10:12:44.097 1570 1725 W ActivityManager: Slow operation: 120ms so far, now at startProcess: asking zygote to start proc
06-29 10:12:44.097 1570 1725 D CompatibilityChangeReporter: Compat change id reported: 143937733; UID 10070; state: DISABLED
06-29 10:12:44.100 1570 3148 V BackupManagerConstants: getKeyValueBackupIntervalMilliseconds(...) returns 14400000
06-29 10:12:44.100 1570 3148 V BackupManagerConstants: getKeyValueBackupFuzzMilliseconds(...) returns 600000
06-29 10:12:44.100 1570 3148 V BackupManagerConstants: getKeyValueBackupRequiredNetworkType(...) returns 1
06-29 10:12:44.100 1570 3148 V BackupManagerConstants: getKeyValueBackupRequireCharging(...) returns true
06-29 10:12:44.100 1570 3148 V KeyValueBackupJob: Scheduling k/v pass in 245 minutes
06-29 10:12:44.105 0 0 I [ 59.311182] binder: 3206:3206 ioctl 40046210 7fe27a47d4 returned -22
06-29 10:12:44.109 0 0 W [ 59.314227] device-mapper: table: 252:15: adding target device dm-14 caused an alignment inconsistency: physical_block_size=4096, logical_block_size=4096, alignment_offset=163840, start=0
06-29 10:12:44.109 0 0 W [ 59.314235] device-mapper: table: 252:15: adding target device dm-14 caused an alignment inconsistency: physical_block_size=4096, logical_block_size=4096, alignment_offset=163840, start=0
06-29 10:12:44.106 1570 1725 W ActivityManager: Slow operation: 129ms so far, now at startProcess: returned from zygote!
06-29 10:12:44.106 1570 1725 W ActivityManager: Slow operation: 129ms so far, now at startProcess: done updating battery stats
06-29 10:12:44.106 1570 1725 I am_proc_start: [0,3232,10070,com.qualcomm.qti.services.systemhelper:systemhelper_service,added application,com.qualcomm.qti.services.systemhelper:systemhelper_service]
06-29 10:12:44.106 1570 1725 W ActivityManager: Slow operation: 129ms so far, now at startProcess: building log message
06-29 10:12:44.106 1570 1725 I ActivityManager: Start proc 3232:com.qualcomm.qti.services.systemhelper:systemhelper_service/u0a70 for added application com.qualcomm.qti.services.systemhelper:systemhelper_service
06-29 10:12:44.113 1570 1725 W ActivityManager: Slow operation: 136ms so far, now at startProcess: starting to update pids map
06-29 10:12:44.113 1570 1725 W ActivityManager: Slow operation: 136ms so far, now at startProcess: done updating pids map
06-29 10:12:44.113 1570 1725 W ActivityManager: Slow operation: 136ms so far, now at startProcess: asking zygote to start proc
06-29 10:12:44.113 1570 2109 I am_proc_bound: [0,3206,.pasr]
06-29 10:12:44.113 1570 1725 D CompatibilityChangeReporter: Compat change id reported: 143937733; UID 10087; state: ENABLED
06-29 10:12:44.120 1570 1974 I GameModeConfig: isGameModeOn = false
06-29 10:12:44.121 1570 1974 I GameModeConfig: isGameModeOn = false
06-29 10:12:44.122 1570 2109 D CompatibilityChangeReporter: Compat change id reported: 168419799; UID 10060; state: DISABLED
06-29 10:12:44.124 1570 2109 I am_uid_active: 10060
06-29 10:12:44.127 1570 1723 I am_pss : [2263,1000,com.thundercomm.gamemode,9499648,6737920,0,93077504,2,0,6]
06-29 10:12:44.133 0 0 W [ 59.335191] QSEECOM: __qseecom_unload_app: App (8) is unloaded
06-29 10:12:44.133 0 0 I [ 59.335520] binder: 3232:3232 ioctl 40046210 7fe27a47d4 returned -22
06-29 10:12:44.133 0 0 D [ 59.340081] qbt: qbt_release: entry minor_no=0 fd_available=0
06-29 10:12:44.133 0 0 D [ 59.340082] qbt: qbt_release: Releasing wakelock
06-29 10:12:44.133 0 0 D [ 59.340084] qbt: qbt_release: exit : fd_available=1
06-29 10:12:44.133 0 0 D [ 59.340086] qbt: qbt_release: entry minor_no=1 fd_available=1
06-29 10:12:44.133 0 0 D [ 59.340086] qbt: qbt_release: exit : fd_available=1
06-29 10:12:44.152 0 0 I [ 59.357055] binder: 3252:3252 ioctl 40046210 7fe27a47d4 returned -22
06-29 10:12:44.132 1570 1725 W ActivityManager: Slow operation: 155ms so far, now at startProcess: returned from zygote!
06-29 10:12:44.132 1570 1725 W ActivityManager: Slow operation: 155ms so far, now at startProcess: done updating battery stats
06-29 10:12:44.132 1570 1725 I am_proc_start: [0,3252,10087,com.qualcomm.qti.qccnetstat,added application,com.qualcomm.qti.qccnetstat]
06-29 10:12:44.132 1570 1725 W ActivityManager: Slow operation: 155ms so far, now at startProcess: building log message
06-29 10:12:44.132 1570 1725 I ActivityManager: Start proc 3252:com.qualcomm.qti.qccnetstat/u0a87 for added application com.qualcomm.qti.qccnetstat
06-29 10:12:44.132 1570 1725 W ActivityManager: Slow operation: 155ms so far, now at startProcess: starting to update pids map
06-29 10:12:44.132 1570 1725 W ActivityManager: Slow operation: 155ms so far, now at startProcess: done updating pids map
06-29 10:12:44.132 1570 1725 W ActivityManager: Slow operation: 154ms so far, now at startProcess: asking zygote to start proc
06-29 10:12:44.133 1570 1725 D CompatibilityChangeReporter: Compat change id reported: 143937733; UID 10083; state: ENABLED
06-29 10:12:44.135 1570 1570 W Looper : Slow dispatch took 420ms main h=android.os.Handler c=com.android.server.biometrics.sensors.BiometricScheduler$InternalCallback$$ExternalSyntheticLambda0@21a0f3a m=0
06-29 10:12:44.135 1570 1570 I AutofillManagerService: Updating for user 0: disabled=false
06-29 10:12:44.140 1570 2109 I am_proc_bound: [0,3232,com.qualcomm.qti.services.systemhelper:systemhelper_service]
06-29 10:12:44.142 1570 2109 D CompatibilityChangeReporter: Compat change id reported: 168419799; UID 10070; state: DISABLED
06-29 10:12:44.143 1570 2109 I am_uid_active: 10070
06-29 10:12:44.151 1570 1570 V NotificationAssistants: 0 notification assistant service connected: ComponentInfo{android.ext.services/android.ext.services.notification.Assistant}
06-29 10:12:44.153 1570 1570 D TelephonyRegistry: notifyCellLocationForSubscriber: subId=2147483647 cellIdentity=null
06-29 10:12:44.153 1570 1570 I sysui_multi_action: [757,1501,758,1,793,1982,794,0,795,1982,796,26,806,android,857,DEVELOPER_IMPORTANT,858,4,947,0,1500,0]
06-29 10:12:44.154 1570 1570 I sysui_multi_action: [757,804,799,note_interruptive,801,0,802,1]
06-29 10:12:44.154 1570 1570 I GameModeConfig: isGameModeOn = false
06-29 10:12:44.154 1570 1725 W ActivityManager: Slow operation: 176ms so far, now at startProcess: returned from zygote!
06-29 10:12:44.154 1570 1725 W ActivityManager: Slow operation: 176ms so far, now at startProcess: done updating battery stats
06-29 10:12:44.154 1570 1725 I am_proc_start: [0,3270,10083,com.qualcomm.qti.workloadclassifier,added application,com.qualcomm.qti.workloadclassifier]
06-29 10:12:44.154 1570 1725 W ActivityManager: Slow operation: 176ms so far, now at startProcess: building log message
06-29 10:12:44.154 1570 1725 I ActivityManager: Start proc 3270:com.qualcomm.qti.workloadclassifier/u0a83 for added application com.qualcomm.qti.workloadclassifier
06-29 10:12:44.154 1570 1725 W ActivityManager: Slow operation: 176ms so far, now at startProcess: starting to update pids map
06-29 10:12:44.154 1570 1725 W ActivityManager: Slow operation: 176ms so far, now at startProcess: done updating pids map
06-29 10:12:44.154 1570 1725 W ActivityManager: Slow operation: 176ms so far, now at startProcess: asking zygote to start proc
06-29 10:12:44.154 1570 1725 D CompatibilityChangeReporter: Compat change id reported: 143937733; UID 10082; state: ENABLED
06-29 10:12:44.154 1570 1991 I BackupManagerService: isBackupEnabled() => false due to absent settings file
06-29 10:12:44.155 1570 1991 D BackupManagerService: user:0 readBackupEnableState enabled:false
06-29 10:12:44.155 1570 1991 I BackupManagerService: [UserID:0] Backup enabled => false
06-29 10:12:44.158 1570 2109 I am_proc_bound: [0,3252,com.qualcomm.qti.qccnetstat]
06-29 10:12:44.160 1570 2995 D CompatibilityChangeReporter: Compat change id reported: 157233955; UID 10073; state: DISABLED
06-29 10:12:44.160 1570 1570 W NotificationHistory: Attempted to add notif for locked/gone/disabled user 0
06-29 10:12:44.160 1570 1570 I sysui_multi_action: [757,1501,758,1,793,1988,794,0,795,1988,796,32,806,android,857,USB,858,1,947,0,1500,0]
06-29 10:12:44.161 1570 1570 I sysui_multi_action: [757,804,799,note_interruptive,801,0,802,1]
06-29 10:12:44.161 1570 1570 I GameModeConfig: isGameModeOn = false
06-29 10:12:44.161 1570 1570 W NotificationHistory: Attempted to add notif for locked/gone/disabled user 0
06-29 10:12:44.161 1570 2109 D CompatibilityChangeReporter: Compat change id reported: 168419799; UID 10087; state: DISABLED
06-29 10:12:44.161 1570 1570 I Telecom : WiredHeadsetManager: ACTION_HEADSET_PLUG event, plugged in: false, : WHC.oADA@AAQ
06-29 10:12:44.162 1570 2109 I am_uid_active: 10087
06-29 10:12:44.164 1570 1725 W ActivityManager: Slow operation: 186ms so far, now at startProcess: returned from zygote!
06-29 10:12:44.164 1570 1725 W ActivityManager: Slow operation: 186ms so far, now at startProcess: done updating battery stats
06-29 10:12:44.164 1570 1725 I am_proc_start: [0,3275,10082,com.hryt.lebotp,added application,com.hryt.lebotp]
06-29 10:12:44.164 1570 1725 W ActivityManager: Slow operation: 186ms so far, now at startProcess: building log message
06-29 10:12:44.164 1570 1725 I ActivityManager: Start proc 3275:com.hryt.lebotp/u0a82 for added application com.hryt.lebotp
06-29 10:12:44.164 1570 1725 W ActivityManager: Slow operation: 186ms so far, now at startProcess: starting to update pids map
06-29 10:12:44.164 1570 1723 I am_pss : [2031,10080,com.android.systemui,203530240,185163776,0,329625600,2,0,14]
06-29 10:12:44.165 1570 1725 W ActivityManager: Slow operation: 187ms so far, now at startProcess: done updating pids map
06-29 10:12:44.165 1570 1725 W ActivityManager: Slow operation: 176ms so far, now at startProcess: asking zygote to start proc
06-29 10:12:44.165 1570 1725 D CompatibilityChangeReporter: Compat change id reported: 143937733; UID 10022; state: ENABLED
06-29 10:12:44.172 1570 1570 I PackageWatchdog: Syncing health check requests for packages: {}
06-29 10:12:44.172 1570 1570 D ExplicitHealthCheckController: Getting health check supported packages
06-29 10:12:44.178 1570 1724 I am_wtf : [0,1570,system_server,-1,ActivityManager,Sending non-protected broadcast android.location.HIGH_POWER_REQUEST_CHANGE from system 2896:com.qualcomm.location/u0a73 pkg com.qualcomm.location]
06-29 10:12:44.175 1570 1570 I auditd : type=1400 audit(0.0:96): avc: denied { getattr } for comm="ActivityManager" path="/data/tlog/fatal/dropbox" dev="dm-21" ino=499138 scontext=u:r:system_server:s0 tcontext=u:object_r:tlog_data_file:s0 tclass=dir permissive=0
06-29 10:12:44.179 1570 1724 I DropBoxManagerService: add tag=system_server_wtf isTagEnabled=true flags=0x2
06-29 10:12:44.179 1570 1724 E DropBoxManagerService: Can't write: system_server_wtf
06-29 10:12:44.179 1570 1724 E DropBoxManagerService: java.io.IOException: Can't mkdir: /data/tlog/fatal/dropbox
06-29 10:12:44.179 1570 1724 E DropBoxManagerService: at com.android.server.DropBoxManagerService.init(DropBoxManagerService.java:1011)
06-29 10:12:44.179 1570 1724 E DropBoxManagerService: at com.android.server.DropBoxManagerService.addEntry(DropBoxManagerService.java:470)
06-29 10:12:44.179 1570 1724 E DropBoxManagerService: at com.android.server.DropBoxManagerService.addEntry(DropBoxManagerService.java:421)
06-29 10:12:44.179 1570 1724 E DropBoxManagerService: at com.android.server.DropBoxManagerService.addData(DropBoxManagerService.java:392)
06-29 10:12:44.179 1570 1724 E DropBoxManagerService: at com.android.server.DropBoxManagerService$2.addData(DropBoxManagerService.java:161)
06-29 10:12:44.179 1570 1724 E DropBoxManagerService: at android.os.DropBoxManager.addData(DropBoxManager.java:333)
06-29 10:12:44.179 1570 1724 E DropBoxManagerService: at android.os.DropBoxManager.addText(DropBoxManager.java:320)
06-29 10:12:44.179 1570 1724 E DropBoxManagerService: at com.android.server.am.ActivityManagerService$16.run(ActivityManagerService.java:8479)
06-29 10:12:44.179 1570 1724 E DropBoxManagerService: at com.android.server.am.ActivityManagerService.addErrorToDropBox(ActivityManagerService.java:8488)
06-29 10:12:44.179 1570 1724 E DropBoxManagerService: at com.android.server.am.ActivityManagerService.handleApplicationWtfInner(ActivityManagerService.java:8221)
06-29 10:12:44.179 1570 1724 E DropBoxManagerService: at com.android.server.am.ActivityManagerService$15.run(ActivityManagerService.java:8187)
06-29 10:12:44.179 1570 1724 E DropBoxManagerService: at android.os.Handler.handleCallback(Handler.java:938)
06-29 10:12:44.179 1570 1724 E DropBoxManagerService: at android.os.Handler.dispatchMessage(Handler.java:99)
06-29 10:12:44.179 1570 1724 E DropBoxManagerService: at android.os.Looper.loopOnce(Looper.java:201)
06-29 10:12:44.179 1570 1724 E DropBoxManagerService: at android.os.Looper.loop(Looper.java:288)
06-29 10:12:44.179 1570 1724 E DropBoxManagerService: at android.os.HandlerThread.run(HandlerThread.java:67)
06-29 10:12:44.179 1570 1724 E DropBoxManagerService: at com.android.server.ServiceThread.run(ServiceThread.java:44)
06-29 10:12:44.180 1570 1605 I ExplicitHealthCheckController: Explicit health check supported packages [PackageConfig{com.android.networkstack, 86400000}]
06-29 10:12:44.180 1570 1605 D PackageWatchdog: Received supported packages [PackageConfig{com.android.networkstack, 86400000}]
06-29 10:12:44.180 1570 1605 D ExplicitHealthCheckController: Getting health check requested packages
06-29 10:12:44.184 1570 1605 I ExplicitHealthCheckController: Explicit health check requested packages []
06-29 10:12:44.184 1570 1605 I ExplicitHealthCheckController: No more health check requests, unbinding...
06-29 10:12:44.185 1570 1605 I ExplicitHealthCheckController: Explicit health check service is unbound
06-29 10:12:44.191 1570 1723 I am_pss : [2039,10092,com.android.permissioncontroller,14818304,10936320,0,104243200,2,6,8]
06-29 10:12:44.199 0 0 I [ 59.402189] binder: 3159:3159 ioctl 40046210 7fe27a3284 returned -22
06-29 10:12:44.200 1570 3120 I StorageUserConnection: Service: [ComponentInfo{com.android.providers.media.module/com.android.providers.media.fuse.ExternalStorageServiceImpl}] connected. User [0]
06-29 10:12:44.201 0 0 I [ 59.407356] binder: 3275:3275 ioctl 40046210 ff7f8b18 returned -22
06-29 10:12:44.207 1570 2465 I am_proc_bound: [0,3275,com.hryt.lebotp]
06-29 10:12:44.209 1570 2465 D CompatibilityChangeReporter: Compat change id reported: 168419799; UID 10082; state: DISABLED
06-29 10:12:44.211 1570 2465 I am_uid_active: 10082
06-29 10:12:44.213 0 0 W [ 59.420046] ALERT: changing window size from 20000000 to 16000000 at 59420032684
06-29 10:12:44.217 1570 1725 W ActivityManager: Slow operation: 228ms so far, now at startProcess: returned from zygote!
06-29 10:12:44.218 0 0 I [ 59.420888] binder: 3270:3270 ioctl 40046210 7fe27a47d4 returned -22
06-29 10:12:44.217 1570 1725 W ActivityManager: Slow operation: 228ms so far, now at startProcess: done updating battery stats
06-29 10:12:44.217 1570 1725 I am_proc_start: [0,3304,10022,com.android.documentsui,broadcast,{com.android.documentsui/com.android.documentsui.PreBootReceiver}]
06-29 10:12:44.217 1570 1725 W ActivityManager: Slow operation: 228ms so far, now at startProcess: building log message
06-29 10:12:44.217 1570 1725 I ActivityManager: Start proc 3304:com.android.documentsui/u0a22 for broadcast {com.android.documentsui/com.android.documentsui.PreBootReceiver}
06-29 10:12:44.217 1570 1725 W ActivityManager: Slow operation: 228ms so far, now at startProcess: starting to update pids map
06-29 10:12:44.218 1570 1725 W ActivityManager: Slow operation: 229ms so far, now at startProcess: done updating pids map
06-29 10:12:44.218 1570 1725 W ActivityManager: Slow operation: 173ms so far, now at startProcess: asking zygote to start proc
06-29 10:12:44.222 1570 2465 I am_proc_bound: [0,3270,com.qualcomm.qti.workloadclassifier]
06-29 10:12:44.223 1570 2465 D CompatibilityChangeReporter: Compat change id reported: 168419799; UID 10083; state: DISABLED
06-29 10:12:44.224 1570 2465 I am_uid_active: 10083
06-29 10:12:44.234 1570 1725 W ActivityManager: Slow operation: 189ms so far, now at startProcess: returned from zygote!
06-29 10:12:44.234 1570 1725 W ActivityManager: Slow operation: 189ms so far, now at startProcess: done updating battery stats
06-29 10:12:44.234 1570 1725 I am_proc_start: [0,3325,1000,com.android.keychain,service,{com.android.keychain/com.android.keychain.KeyChainService}]
06-29 10:12:44.234 1570 1725 W ActivityManager: Slow operation: 189ms so far, now at startProcess: building log message
06-29 10:12:44.234 1570 1725 I ActivityManager: Start proc 3325:com.android.keychain/1000 for service {com.android.keychain/com.android.keychain.KeyChainService}
06-29 10:12:44.234 1570 1725 W ActivityManager: Slow operation: 189ms so far, now at startProcess: starting to update pids map
06-29 10:12:44.234 1570 1725 W ActivityManager: Slow operation: 189ms so far, now at startProcess: done updating pids map
06-29 10:12:44.234 1570 1725 W ActivityManager: Slow operation: 183ms so far, now at startProcess: asking zygote to start proc
06-29 10:12:44.234 1570 1725 D CompatibilityChangeReporter: Compat change id reported: 143937733; UID 10078; state: ENABLED
06-29 10:12:44.249 0 0 I [ 59.453407] binder: 3304:3304 ioctl 40046210 7fe27a47d4 returned -22
06-29 10:12:44.255 0 0 I [ 59.460900] binder: 3325:3325 ioctl 40046210 7fe27a47d4 returned -22
06-29 10:12:44.242 1570 1725 W ActivityManager: Slow operation: 191ms so far, now at startProcess: returned from zygote!
06-29 10:12:44.242 1570 1725 W ActivityManager: Slow operation: 191ms so far, now at startProcess: done updating battery stats
06-29 10:12:44.242 1570 1725 I am_proc_start: [0,3338,10078,com.qualcomm.location.XT,service,{com.qualcomm.location.XT/com.qualcomm.location.XT.XTSrv}]
06-29 10:12:44.242 1570 1725 W ActivityManager: Slow operation: 191ms so far, now at startProcess: building log message
06-29 10:12:44.242 1570 1725 I ActivityManager: Start proc 3338:com.qualcomm.location.XT/u0a78 for service {com.qualcomm.location.XT/com.qualcomm.location.XT.XTSrv}
06-29 10:12:44.242 1570 1725 W ActivityManager: Slow operation: 191ms so far, now at startProcess: starting to update pids map
06-29 10:12:44.242 1570 1725 W ActivityManager: Slow operation: 191ms so far, now at startProcess: done updating pids map
06-29 10:12:44.242 1570 1725 W ActivityManager: Slow operation: 172ms so far, now at startProcess: asking zygote to start proc
06-29 10:12:44.242 1570 1725 D CompatibilityChangeReporter: Compat change id reported: 143937733; UID 10018; state: ENABLED
06-29 10:12:44.249 1570 1725 W ActivityManager: Slow operation: 179ms so far, now at startProcess: returned from zygote!
