06-29 10:13:36.357 1570 8334 I ActivityTaskManager: The Process com.kugou.android Already Exists in BG. So sending its PID: 10712
06-29 10:13:36.358 1570 8334 I wm_restart_activity: [0,160296069,176,com.kugou.android/.app.splash.SplashActivity]
06-29 10:13:36.359 1570 8334 I wm_set_resumed_activity: [0,com.kugou.android/.app.splash.SplashActivity,minimalResumeActivityLocked]
06-29 10:13:36.360 1570 8334 I wm_add_to_stopping: [0,190040060,com.baidu.appsearch/.LauncherActivity,makeInvisible]
06-29 10:13:36.364 1570 1717 I am_uid_active: 10115
06-29 10:13:36.380 1570 1898 I input_focus: [Focus leaving 10076db com.baidu.appsearch/com.baidu.appsearch.LauncherActivity (server),reason=NO_WINDOW]
06-29 10:13:36.410 10712 10712 I wm_on_create_called: [160296069,com.kugou.android.app.splash.SplashActivity,performCreate]
06-29 10:13:36.423 1570 3720 I thunderperf: PlatormCompat.setOverrides: Uid1=10108 Pid1=10774 Uid2=10108 Pid2=10774
06-29 10:13:36.423 1570 3720 I thunderperf: PlatormCompat.setOverrides: needCheck:false
06-29 10:13:36.423 1570 3720 W PackageManager: MATCH_ANY_USER flag requires INTERACT_ACROSS_USERS permission: UID 10108 requires android.permission.INTERACT_ACROSS_USERS_FULL or android.permission.INTERACT_ACROSS_USERS to access user 0.
06-29 10:13:36.424 1570 3720 I ActivityTaskManager: START u0 {flg=0x4000000 cmp=com.baidu.appsearch/.MainActivity (has extras)} from uid 10108
06-29 10:13:36.425 1570 3720 D ActivityTaskManager: TaskLaunchParamsModifier:task=null activity=ActivityRecord{14d7b32 u0 com.baidu.appsearch/.MainActivity taskAffinity=10108:com.baidu.appsearch display-area-from-source=DefaultTaskDisplayArea@48565985 display-id=0 display-windowing-mode=1 suggested-display-area=DefaultTaskDisplayArea@48565985
06-29 10:13:36.428 10712 10712 I wm_on_start_called: [160296069,com.kugou.android.app.splash.SplashActivity,handleStartActivity]
06-29 10:13:36.428 1570 3720 D ActivityTaskManager: TaskLaunchParamsModifier:task=Task{bc4d658 #175 type=standard A=10108:com.baidu.appsearch U=0 visible=true mode=freeform translucent=true sz=1 visible freeform task=false rootAffinity=10108:com.baidu.appsearch isMini=false} activity=ActivityRecord{14d7b32 u0 com.baidu.appsearch/.MainActivity taskAffinity=10108:com.baidu.appsearch t-1} display-area-from-source=DefaultTaskDisplayArea@48565985 display-id=0 display-windowing-mode=1 suggested-display-area=DefaultTaskDisplayArea@48565985 non-freeform-display display-area=DefaultTaskDisplayArea@48565985
06-29 10:13:36.428 1570 3720 I wm_task_moved: [175,1,7]
06-29 10:13:36.428 1570 3720 I wm_task_to_front: [0,175]
06-29 10:13:36.429 1570 3720 I wm_set_resumed_activity: [0,com.baidu.appsearch/.LauncherActivity,positionChildAt]
06-29 10:13:36.429 1570 3720 I wm_focused_root_task: [0,0,175,176,bringingFoundTaskToFront]
06-29 10:13:36.429 1570 3720 I wm_set_resumed_activity: [0,com.baidu.appsearch/.LauncherActivity,bringingFoundTaskToFront]
06-29 10:13:36.429 10712 10712 I wm_on_resume_called: [160296069,com.kugou.android.app.splash.SplashActivity,RESUME_ACTIVITY]
06-29 10:13:36.431 1570 3720 D CompatibilityChangeReporter: Compat change id reported: 174042980; UID 10108; state: DISABLED
06-29 10:13:36.434 1570 3720 D CompatibilityChangeReporter: Compat change id reported: 184838306; UID 10108; state: DISABLED
06-29 10:13:36.442 1570 3720 D CompatibilityChangeReporter: Compat change id reported: 185004937; UID 10108; state: DISABLED
06-29 10:13:36.443 1570 3720 D CompatibilityChangeReporter: Compat change id reported: 181136395; UID 10108; state: DISABLED
06-29 10:13:36.443 1570 3720 D CompatibilityChangeReporter: Compat change id reported: 174042936; UID 10108; state: DISABLED
06-29 10:13:36.444 1570 3720 I wm_task_moved: [175,1,7]
06-29 10:13:36.444 1570 3720 I wm_set_resumed_activity: [0,com.baidu.appsearch/.LauncherActivity,positionChildAt]
06-29 10:13:36.444 1570 3720 I wm_create_activity: [0,21855026,175,com.baidu.appsearch/.MainActivity,NULL,NULL,NULL,339738624]
06-29 10:13:36.445 1570 3720 D CompatibilityChangeReporter: Compat change id reported: 168419799; UID 10108; state: DISABLED
06-29 10:13:36.445 1570 3720 I wm_pause_activity: [0,190040060,com.baidu.appsearch/.LauncherActivity,userLeaving=true,resumeTopActivityInnerLocked]
06-29 10:13:36.445 1570 3720 D PowerManagerService: acquireWakeLockInternal: lock=61511091, flags=0x1, tag="*launch*", ws=WorkSource{10108}, uid=1000, pid=1570
06-29 10:13:36.445 1570 3720 D PowerManagerService: updateWakeLockSummaryLocked: mWakefulness=Awake, mWakeLockSummary=0x1
06-29 10:13:36.445 1570 3720 D PowerManagerService: updateUserActivitySummaryLocked: groupId=0, mWakefulness=Awake, mUserActivitySummary=0x1, nextTimeout=171538 (in 59886 ms)
06-29 10:13:36.445 1570 3720 D PowerManagerNotifier: onScreenPolicyUpdate: newPolicy=3
06-29 10:13:36.445 1570 3720 D PowerManagerService: updateDisplayPowerStateLocked: displayReady=true, groupId=0, policy=BRIGHT, mWakefulness=Awake, mWakeLockSummary=0x1, mUserActivitySummary=0x1, mBootCompleted=true, screenBrightnessOverride=NaN, useAutoBrightness=false, mScreenBrightnessBoostInProgress=false, mIsVrModeEnabled= false, sQuiescent=false
06-29 10:13:36.445 1570 3720 D PowerManagerNotifier: onWakeLockAcquired: flags=1, tag="*launch*", packageName=android, ownerUid=1000, ownerPid=1570, workSource=WorkSource{10108}
06-29 10:13:36.451 1570 3720 I wm_finish_activity: [0,190040060,175,com.baidu.appsearch/.LauncherActivity,app-request]
06-29 10:13:36.455 1570 3720 W WindowManager: Failed looking up window session=Session{b7c00f5 10712:u0a10115} callers=com.android.server.wm.WindowManagerService.windowForClientLocked:5628 com.android.server.wm.Session.insetsModified:629 android.view.IWindowSession$Stub.onTransact:1151
06-29 10:13:36.458 10712 10712 I wm_on_top_resumed_gained_called: [160296069,com.kugou.android.app.splash.SplashActivity,topStateChangedWhenResumed]
06-29 10:13:36.458 10774 10774 I wm_on_paused_called: [190040060,com.baidu.appsearch.LauncherActivity,performPause]
06-29 10:13:36.459 10712 10712 I wm_on_top_resumed_lost_called: [160296069,com.kugou.android.app.splash.SplashActivity,topStateChangedWhenResumed]
06-29 10:13:36.461 1570 8334 I ActivityTaskManager: FOREGROUND_APPLICATION_CHANGED to com.baidu.appsearch.MainActivity
06-29 10:13:36.461 1570 8334 I ActivityTaskManager: The Process com.baidu.appsearch Already Exists in BG. So sending its PID: 10774
06-29 10:13:36.461 1570 8334 W ActivityTaskManager: Tried to set launchTime (0) < mLastActivityLaunchTime (111086)
06-29 10:13:36.462 1570 8334 I wm_restart_activity: [0,21855026,175,com.baidu.appsearch/.MainActivity]
06-29 10:13:36.462 1570 8334 I wm_set_resumed_activity: [0,com.baidu.appsearch/.MainActivity,minimalResumeActivityLocked]
06-29 10:13:36.463 1570 8334 I wm_add_to_stopping: [0,160296069,com.kugou.android/.app.splash.SplashActivity,makeInvisible]
06-29 10:13:36.467 1570 1717 I sysui_multi_action: [757,1144,758,8,806,com.kugou.android,871,com.kugou.android.app.splash.SplashActivity]
06-29 10:13:36.468 1570 1717 I wm_stop_activity: [0,160296069,com.kugou.android/.app.splash.SplashActivity]
06-29 10:13:36.468 1570 1717 I sysui_multi_action: [757,803,799,window_time_2,802,0]
06-29 10:13:36.501 10774 10774 I wm_on_create_called: [21855026,com.baidu.appsearch.MainActivity,performCreate]
06-29 10:13:36.503 10774 10774 I wm_on_start_called: [21855026,com.baidu.appsearch.MainActivity,handleStartActivity]
06-29 10:13:36.506 10774 10774 I wm_on_resume_called: [21855026,com.baidu.appsearch.MainActivity,RESUME_ACTIVITY]
06-29 10:13:36.509 10774 10774 I wm_on_top_resumed_gained_called: [21855026,com.baidu.appsearch.MainActivity,topStateChangedWhenResumed]
06-29 10:13:36.514 0 0 I [ 111.714190] binder: 10712:10998 ioctl 40046210 74aca591f4 returned -22
06-29 10:13:36.526 1570 2017 D PowerManagerService: acquireWakeLockInternal: lock=146415566, flags=0x1, tag="WakeLock2", ws=null, uid=10108, pid=10774
06-29 10:13:36.526 1570 2017 D PowerManagerService: updateWakeLockSummaryLocked: mWakefulness=Awake, mWakeLockSummary=0x1
06-29 10:13:36.526 1570 2017 D PowerManagerService: updateUserActivitySummaryLocked: groupId=0, mWakefulness=Awake, mUserActivitySummary=0x1, nextTimeout=171538 (in 59805 ms)
06-29 10:13:36.527 1570 2017 D PowerManagerNotifier: onScreenPolicyUpdate: newPolicy=3
06-29 10:13:36.527 1570 2017 D PowerManagerService: updateDisplayPowerStateLocked: displayReady=true, groupId=0, policy=BRIGHT, mWakefulness=Awake, mWakeLockSummary=0x1, mUserActivitySummary=0x1, mBootCompleted=true, screenBrightnessOverride=NaN, useAutoBrightness=false, mScreenBrightnessBoostInProgress=false, mIsVrModeEnabled= false, sQuiescent=false
06-29 10:13:36.527 1570 2017 D PowerManagerNotifier: onWakeLockAcquired: flags=1, tag="WakeLock2", packageName=com.baidu.appsearch, ownerUid=10108, ownerPid=10774, workSource=null
06-29 10:13:36.528 1570 9392 D PowerManagerService: releaseWakeLockInternal: lock=157381840 [WakeLock1], flags=0x0
06-29 10:13:36.528 1570 9392 D PowerManagerNotifier: onWakeLockReleased: flags=1, tag="WakeLock1", packageName=com.baidu.appsearch, ownerUid=10108, ownerPid=10774, workSource=null
06-29 10:13:36.529 1570 9392 D PowerManagerService: updateWakeLockSummaryLocked: mWakefulness=Awake, mWakeLockSummary=0x1
06-29 10:13:36.529 1570 9392 D PowerManagerService: updateUserActivitySummaryLocked: groupId=0, mWakefulness=Awake, mUserActivitySummary=0x1, nextTimeout=171538 (in 59802 ms)
06-29 10:13:36.529 1570 9392 D PowerManagerNotifier: onScreenPolicyUpdate: newPolicy=3
06-29 10:13:36.529 1570 9392 D PowerManagerService: updateDisplayPowerStateLocked: displayReady=true, groupId=0, policy=BRIGHT, mWakefulness=Awake, mWakeLockSummary=0x1, mUserActivitySummary=0x1, mBootCompleted=true, screenBrightnessOverride=NaN, useAutoBrightness=false, mScreenBrightnessBoostInProgress=false, mIsVrModeEnabled= false, sQuiescent=false
06-29 10:13:36.537 1570 9392 D PowerManagerService: releaseWakeLockInternal: lock=146415566 [WakeLock2], flags=0x0
06-29 10:13:36.537 1570 9392 D PowerManagerNotifier: onWakeLockReleased: flags=1, tag="WakeLock2", packageName=com.baidu.appsearch, ownerUid=10108, ownerPid=10774, workSource=null
06-29 10:13:36.537 1570 9392 D PowerManagerService: updateWakeLockSummaryLocked: mWakefulness=Awake, mWakeLockSummary=0x1
06-29 10:13:36.537 1570 9392 D PowerManagerService: updateUserActivitySummaryLocked: groupId=0, mWakefulness=Awake, mUserActivitySummary=0x1, nextTimeout=171538 (in 59794 ms)
06-29 10:13:36.537 1570 9392 D PowerManagerNotifier: onScreenPolicyUpdate: newPolicy=3
06-29 10:13:36.537 1570 9392 D PowerManagerService: updateDisplayPowerStateLocked: displayReady=true, groupId=0, policy=BRIGHT, mWakefulness=Awake, mWakeLockSummary=0x1, mUserActivitySummary=0x1, mBootCompleted=true, screenBrightnessOverride=NaN, useAutoBrightness=false, mScreenBrightnessBoostInProgress=false, mIsVrModeEnabled= false, sQuiescent=false
06-29 10:13:36.538 1570 9392 D PowerManagerService: acquireWakeLockInternal: lock=157381840, flags=0x1, tag="WakeLock1", ws=null, uid=10108, pid=10774
06-29 10:13:36.538 1570 9392 D PowerManagerService: updateWakeLockSummaryLocked: mWakefulness=Awake, mWakeLockSummary=0x1
06-29 10:13:36.538 1570 9392 D PowerManagerService: updateUserActivitySummaryLocked: groupId=0, mWakefulness=Awake, mUserActivitySummary=0x1, nextTimeout=171538 (in 59793 ms)
06-29 10:13:36.538 1570 9392 D PowerManagerNotifier: onScreenPolicyUpdate: newPolicy=3
06-29 10:13:36.538 1570 9392 D PowerManagerService: updateDisplayPowerStateLocked: displayReady=true, groupId=0, policy=BRIGHT, mWakefulness=Awake, mWakeLockSummary=0x1, mUserActivitySummary=0x1, mBootCompleted=true, screenBrightnessOverride=NaN, useAutoBrightness=false, mScreenBrightnessBoostInProgress=false, mIsVrModeEnabled= false, sQuiescent=false
06-29 10:13:36.538 1570 9392 D PowerManagerNotifier: onWakeLockAcquired: flags=1, tag="WakeLock1", packageName=com.baidu.appsearch, ownerUid=10108, ownerPid=10774, workSource=null
06-29 10:13:36.575 1570 9392 D ActivityTaskManager: Skipping, freeform mode : Task{bc4d658 #175 type=standard A=10108:com.baidu.appsearch U=0 visible=true mode=freeform translucent=true sz=2 visible freeform task=true rootAffinity=10108:com.baidu.appsearch isMini=false}
06-29 10:13:36.575 1570 9392 D ActivityTaskManager: Skipping, freeform mode : Task{35c6ada #176 type=standard A=10115:android.task.kugou U=0 visible=true mode=freeform translucent=false sz=1 visible freeform task=false rootAffinity=10115:android.task.kugou isMini=false}
06-29 10:13:36.575 1570 9392 D ActivityTaskManager: Skipping, freeform mode : Task{8a4e915 #163 type=undefined A=10109:com.netease.cloudmusic U=0 visible=false mode=freeform translucent=true sz=0 visible freeform task=true rootAffinity=10109:com.netease.cloudmusic isMini=false}
06-29 10:13:36.589 1570 1718 I input_focus: [Focus request 2d3faeb com.baidu.appsearch/com.baidu.appsearch.MainActivity,reason=UpdateInputWindows]
06-29 10:13:36.593 1570 1724 V ActivityManager: Attempted to start a foreground service (com.kugou.android/com.kugou.framework.service.ipc.peripheral.connect.EmptyService) with a broken notification (no icon: Notification(channel=kg_normal shortcut=null contentView=null vibrate=null sound=null defaults=0x0 flags=0x40 color=0x00000000 vis=PRIVATE))
06-29 10:13:36.594 1570 1570 I notification_enqueue: [10115,10712,com.kugou.android,99,NULL,0,Notification(channel=kg_normal shortcut=null contentView=null vibrate=null sound=null defaults=0x0 flags=0x40 color=0x00000000 vis=PRIVATE),0]
06-29 10:13:36.597 10712 10712 I wm_on_paused_called: [160296069,com.kugou.android.app.splash.SplashActivity,performPause]
06-29 10:13:36.603 10712 10712 I wm_on_stop_called: [160296069,com.kugou.android.app.splash.SplashActivity,STOP_ACTIVITY_ITEM]
06-29 10:13:36.661 1570 1714 I wm_activity_launch_time: [0,21855026,com.baidu.appsearch/.MainActivity,235]
06-29 10:13:36.666 1570 1898 I input_focus: [Focus entering 2d3faeb com.baidu.appsearch/com.baidu.appsearch.MainActivity (server),reason=Window became focusable. Previous reason: NOT_VISIBLE]
06-29 10:13:36.670 1570 1717 I wm_destroy_activity: [0,190040060,175,com.baidu.appsearch/.LauncherActivity,finish-imm:transit]
06-29 10:13:36.728 10774 10774 I wm_on_stop_called: [190040060,com.baidu.appsearch.LauncherActivity,LIFECYCLER_STOP_ACTIVITY]
06-29 10:13:36.730 10774 10774 I wm_on_destroy_called: [190040060,com.baidu.appsearch.LauncherActivity,performDestroy]
06-29 10:13:36.741 1570 8334 D PowerManagerService: updateWakeLockWorkSourceInternal: lock=61511091 [*launch*], ws=WorkSource{10115}
06-29 10:13:36.742 1570 8334 D PowerManagerNotifier: onWakeLockChanging: flags=1, tag="*launch*", packageName=android, ownerUid=1000, ownerPid=1570, workSource=WorkSource{10115}
06-29 10:13:36.742 1570 8334 I ActivityTaskManager: FOREGROUND_APPLICATION_CHANGED to com.kugou.android.app.splash.SplashActivity
06-29 10:13:36.743 1570 8334 I wm_add_to_stopping: [0,160296069,com.kugou.android/.app.splash.SplashActivity,makeInvisible]
06-29 10:13:36.745 1570 8334 I wm_resume_activity: [0,160296069,176,com.kugou.android/.app.splash.SplashActivity]
06-29 10:13:36.746 1570 8334 I wm_add_to_stopping: [0,160296069,com.kugou.android/.app.splash.SplashActivity,makeInvisible]
06-29 10:13:36.747 1570 2478 D PowerManagerService: releaseWakeLockInternal: lock=61511091 [*launch*], flags=0x0
06-29 10:13:36.747 1570 2478 D PowerManagerNotifier: onWakeLockReleased: flags=1, tag="*launch*", packageName=android, ownerUid=1000, ownerPid=1570, workSource=WorkSource{10115}
06-29 10:13:36.747 1570 2478 D PowerManagerService: updateWakeLockSummaryLocked: mWakefulness=Awake, mWakeLockSummary=0x1
06-29 10:13:36.747 1570 2478 D PowerManagerService: updateUserActivitySummaryLocked: groupId=0, mWakefulness=Awake, mUserActivitySummary=0x1, nextTimeout=171538 (in 59584 ms)
06-29 10:13:36.747 1570 2478 D PowerManagerNotifier: onScreenPolicyUpdate: newPolicy=3
06-29 10:13:36.747 1570 2478 D PowerManagerService: updateDisplayPowerStateLocked: displayReady=true, groupId=0, policy=BRIGHT, mWakefulness=Awake, mWakeLockSummary=0x1, mUserActivitySummary=0x1, mBootCompleted=true, screenBrightnessOverride=NaN, useAutoBrightness=false, mScreenBrightnessBoostInProgress=false, mIsVrModeEnabled= false, sQuiescent=false
06-29 10:13:36.747 1570 2478 I wm_stop_activity: [0,160296069,com.kugou.android/.app.splash.SplashActivity]
06-29 10:13:36.795 1570 1570 I sysui_multi_action: [757,1501,758,1,793,201,794,0,795,201,796,99,806,com.kugou.android,857,kg_normal,858,2,947,0,1500,0,1688,1]
06-29 10:13:36.795 1570 1570 I sysui_multi_action: [757,804,799,note_interruptive,801,0,802,1]
06-29 10:13:36.795 1570 1570 I GameModeConfig: isGameModeOn = true
06-29 10:13:36.795 1570 1570 I GameModeConfig: isGaming = false
06-29 10:13:36.796 1570 1570 W NotificationHistory: Attempted to add notif for locked/gone/disabled user 0
06-29 10:13:36.846 1570 3720 D PowerManagerService: releaseWakeLockInternal: lock=157381840 [WakeLock1], flags=0x0
06-29 10:13:36.846 1570 3720 D PowerManagerNotifier: onWakeLockReleased: flags=1, tag="WakeLock1", packageName=com.baidu.appsearch, ownerUid=10108, ownerPid=10774, workSource=null
06-29 10:13:36.846 1570 3720 D PowerManagerService: updateWakeLockSummaryLocked: mWakefulness=Awake, mWakeLockSummary=0x1
06-29 10:13:36.846 1570 3720 D PowerManagerService: updateUserActivitySummaryLocked: groupId=0, mWakefulness=Awake, mUserActivitySummary=0x1, nextTimeout=171538 (in 59485 ms)
06-29 10:13:36.846 1570 3720 D PowerManagerNotifier: onScreenPolicyUpdate: newPolicy=3
06-29 10:13:36.846 1570 3720 D PowerManagerService: updateDisplayPowerStateLocked: displayReady=true, groupId=0, policy=BRIGHT, mWakefulness=Awake, mWakeLockSummary=0x1, mUserActivitySummary=0x1, mBootCompleted=true, screenBrightnessOverride=NaN, useAutoBrightness=false, mScreenBrightnessBoostInProgress=false, mIsVrModeEnabled= false, sQuiescent=false
06-29 10:13:36.847 1570 2478 D PowerManagerService: acquireWakeLockInternal: lock=146415566, flags=0x1, tag="WakeLock2", ws=null, uid=10108, pid=10774
06-29 10:13:36.847 1570 2478 D PowerManagerService: updateWakeLockSummaryLocked: mWakefulness=Awake, mWakeLockSummary=0x1
06-29 10:13:36.847 1570 2478 D PowerManagerService: updateUserActivitySummaryLocked: groupId=0, mWakefulness=Awake, mUserActivitySummary=0x1, nextTimeout=171538 (in 59484 ms)
06-29 10:13:36.847 1570 2478 D PowerManagerNotifier: onScreenPolicyUpdate: newPolicy=3
06-29 10:13:36.847 1570 2478 D PowerManagerService: updateDisplayPowerStateLocked: displayReady=true, groupId=0, policy=BRIGHT, mWakefulness=Awake, mWakeLockSummary=0x1, mUserActivitySummary=0x1, mBootCompleted=true, screenBrightnessOverride=NaN, useAutoBrightness=false, mScreenBrightnessBoostInProgress=false, mIsVrModeEnabled= false, sQuiescent=false
06-29 10:13:36.847 1570 2478 D PowerManagerNotifier: onWakeLockAcquired: flags=1, tag="WakeLock2", packageName=com.baidu.appsearch, ownerUid=10108, ownerPid=10774, workSource=null
06-29 10:13:36.853 1570 1898 D PowerManagerService: userActivityNoUpdateLocked: groupId=0, eventTime=112059, event=2, flags=0x0, uid=1000
06-29 10:13:36.853 1570 1898 D PowerManagerNotifier: onUserActivity: event=2, uid=1000
06-29 10:13:36.853 1570 1898 D PowerManagerService: updateUserActivitySummaryLocked: groupId=0, mWakefulness=Awake, mUserActivitySummary=0x1, nextTimeout=172059 (in 59999 ms)
06-29 10:13:36.853 1570 1898 D PowerManagerNotifier: onScreenPolicyUpdate: newPolicy=3
06-29 10:13:36.853 1570 1898 D PowerManagerService: updateDisplayPowerStateLocked: displayReady=true, groupId=0, policy=BRIGHT, mWakefulness=Awake, mWakeLockSummary=0x1, mUserActivitySummary=0x1, mBootCompleted=true, screenBrightnessOverride=NaN, useAutoBrightness=false, mScreenBrightnessBoostInProgress=false, mIsVrModeEnabled= false, sQuiescent=false
06-29 10:13:36.863 1570 3720 D PowerManagerService: releaseWakeLockInternal: lock=146415566 [WakeLock2], flags=0x0
06-29 10:13:36.863 1570 3720 D PowerManagerNotifier: onWakeLockReleased: flags=1, tag="WakeLock2", packageName=com.baidu.appsearch, ownerUid=10108, ownerPid=10774, workSource=null
06-29 10:13:36.863 1570 3720 D PowerManagerService: updateWakeLockSummaryLocked: mWakefulness=Awake, mWakeLockSummary=0x1
06-29 10:13:36.863 1570 3720 D PowerManagerService: updateUserActivitySummaryLocked: groupId=0, mWakefulness=Awake, mUserActivitySummary=0x1, nextTimeout=172059 (in 59989 ms)
06-29 10:13:36.863 1570 3720 D PowerManagerNotifier: onScreenPolicyUpdate: newPolicy=3
06-29 10:13:36.863 1570 3720 D PowerManagerService: updateDisplayPowerStateLocked: displayReady=true, groupId=0, policy=BRIGHT, mWakefulness=Awake, mWakeLockSummary=0x1, mUserActivitySummary=0x1, mBootCompleted=true, screenBrightnessOverride=NaN, useAutoBrightness=false, mScreenBrightnessBoostInProgress=false, mIsVrModeEnabled= false, sQuiescent=false
06-29 10:13:36.869 1570 3720 D PowerManagerService: acquireWakeLockInternal: lock=157381840, flags=0x1, tag="WakeLock1", ws=null, uid=10108, pid=10774
06-29 10:13:36.869 1570 3720 D PowerManagerService: updateWakeLockSummaryLocked: mWakefulness=Awake, mWakeLockSummary=0x1
06-29 10:13:36.869 1570 3720 D PowerManagerService: updateUserActivitySummaryLocked: groupId=0, mWakefulness=Awake, mUserActivitySummary=0x1, nextTimeout=172059 (in 59983 ms)
06-29 10:13:36.870 1570 3720 D PowerManagerNotifier: onScreenPolicyUpdate: newPolicy=3
06-29 10:13:36.870 1570 3720 D PowerManagerService: updateDisplayPowerStateLocked: displayReady=true, groupId=0, policy=BRIGHT, mWakefulness=Awake, mWakeLockSummary=0x1, mUserActivitySummary=0x1, mBootCompleted=true, screenBrightnessOverride=NaN, useAutoBrightness=false, mScreenBrightnessBoostInProgress=false, mIsVrModeEnabled= false, sQuiescent=false
06-29 10:13:36.870 1570 3720 D PowerManagerNotifier: onWakeLockAcquired: flags=1, tag="WakeLock1", packageName=com.baidu.appsearch, ownerUid=10108, ownerPid=10774, workSource=null
06-29 10:13:36.895 1570 9400 D ActivityTaskManager: Skipping, freeform mode : Task{35c6ada #176 type=standard A=10115:android.task.kugou U=0 visible=true mode=freeform translucent=false sz=1 visible freeform task=false rootAffinity=10115:android.task.kugou isMini=false}
06-29 10:13:36.895 1570 9400 D ActivityTaskManager: Skipping, freeform mode : Task{bc4d658 #175 type=standard A=10108:com.baidu.appsearch U=0 visible=true mode=freeform translucent=true sz=1 visible freeform task=true rootAffinity=10108:com.baidu.appsearch isMini=false}
06-29 10:13:36.895 1570 9400 D ActivityTaskManager: Skipping, freeform mode : Task{8a4e915 #163 type=undefined A=10109:com.netease.cloudmusic U=0 visible=false mode=freeform translucent=true sz=0 visible freeform task=true rootAffinity=10109:com.netease.cloudmusic isMini=false}
06-29 10:13:36.933 1570 1898 I input_interaction: Interaction with: edge-swipe (server), swipe-up (server), PointerEventDispatcher0 (server),
06-29 10:13:36.934 2667 2667 I view_enqueue_input_event: [Motion - Cancel,com.android.launcher3/com.android.launcher3.uioverrides.QuickstepLauncher]
06-29 10:13:36.941 1570 3720 W ActivityTaskManager: getTaskSnapshot: taskId=608 not found
06-29 10:13:36.960 1570 1898 D PowerManagerService: userActivityNoUpdateLocked: groupId=0, eventTime=112162, event=2, flags=0x0, uid=1000
06-29 10:13:36.960 1570 1898 D PowerManagerNotifier: onUserActivity: event=2, uid=1000
06-29 10:13:36.961 1570 1898 D PowerManagerService: updateUserActivitySummaryLocked: groupId=0, mWakefulness=Awake, mUserActivitySummary=0x1, nextTimeout=172162 (in 59995 ms)
06-29 10:13:36.961 1570 1898 D PowerManagerNotifier: onScreenPolicyUpdate: newPolicy=3
06-29 10:13:36.961 1570 1898 D PowerManagerService: updateDisplayPowerStateLocked: displayReady=true, groupId=0, policy=BRIGHT, mWakefulness=Awake, mWakeLockSummary=0x1, mUserActivitySummary=0x1, mBootCompleted=true, screenBrightnessOverride=NaN, useAutoBrightness=false, mScreenBrightnessBoostInProgress=false, mIsVrModeEnabled= false, sQuiescent=false
06-29 10:13:36.966 1570 2478 W ActivityTaskManager: getTaskSnapshot: taskId=609 not found
06-29 10:13:36.972 1570 2478 W ActivityTaskManager: getTaskSnapshot: taskId=609 not found
06-29 10:13:36.990 1570 2478 W ActivityTaskManager: getTaskSnapshot: taskId=609 not found
06-29 10:13:37.048 1570 11140 D PowerManagerService: acquireWakeLockInternal: lock=209448680, flags=0x1, tag="*vibrator*", ws=WorkSource{10075}, uid=1000, pid=1570
06-29 10:13:37.048 1570 11140 D PowerManagerService: updateWakeLockSummaryLocked: mWakefulness=Awake, mWakeLockSummary=0x1
06-29 10:13:37.048 1570 11140 D PowerManagerService: updateUserActivitySummaryLocked: groupId=0, mWakefulness=Awake, mUserActivitySummary=0x1, nextTimeout=172162 (in 59907 ms)
06-29 10:13:37.048 1570 11140 D PowerManagerNotifier: onScreenPolicyUpdate: newPolicy=3
06-29 10:13:37.049 1570 11140 D PowerManagerService: updateDisplayPowerStateLocked: displayReady=true, groupId=0, policy=BRIGHT, mWakefulness=Awake, mWakeLockSummary=0x1, mUserActivitySummary=0x1, mBootCompleted=true, screenBrightnessOverride=NaN, useAutoBrightness=false, mScreenBrightnessBoostInProgress=false, mIsVrModeEnabled= false, sQuiescent=false
06-29 10:13:37.049 1570 11140 D PowerManagerNotifier: onWakeLockAcquired: flags=1, tag="*vibrator*", packageName=android, ownerUid=1000, ownerPid=1570, workSource=WorkSource{10075}
06-29 10:13:37.060 1570 1898 D PowerManagerService: userActivityNoUpdateLocked: groupId=0, eventTime=112262, event=2, flags=0x0, uid=1000
06-29 10:13:37.060 1570 1898 D PowerManagerNotifier: onUserActivity: event=2, uid=1000
06-29 10:13:37.061 1570 1898 D PowerManagerService: updateUserActivitySummaryLocked: groupId=0, mWakefulness=Awake, mUserActivitySummary=0x1, nextTimeout=172262 (in 59995 ms)
06-29 10:13:37.061 1570 1898 D PowerManagerNotifier: onScreenPolicyUpdate: newPolicy=3
06-29 10:13:37.061 1570 1898 D PowerManagerService: updateDisplayPowerStateLocked: displayReady=true, groupId=0, policy=BRIGHT, mWakefulness=Awake, mWakeLockSummary=0x1, mUserActivitySummary=0x1, mBootCompleted=true, screenBrightnessOverride=NaN, useAutoBrightness=false, mScreenBrightnessBoostInProgress=false, mIsVrModeEnabled= false, sQuiescent=false
06-29 10:13:37.101 1570 1887 I commit_sys_config_file: [settings-1-0,3]
06-29 10:13:37.113 1570 11140 D PowerManagerService: releaseWakeLockInternal: lock=209448680 [*vibrator*], flags=0x0
06-29 10:13:37.113 1570 11140 D PowerManagerNotifier: onWakeLockReleased: flags=1, tag="*vibrator*", packageName=android, ownerUid=1000, ownerPid=1570, workSource=WorkSource{10075}
06-29 10:13:37.113 1570 11140 D PowerManagerService: updateWakeLockSummaryLocked: mWakefulness=Awake, mWakeLockSummary=0x1
06-29 10:13:37.113 1570 11140 D PowerManagerService: updateUserActivitySummaryLocked: groupId=0, mWakefulness=Awake, mUserActivitySummary=0x1, nextTimeout=172262 (in 59942 ms)
06-29 10:13:37.113 1570 11140 D PowerManagerNotifier: onScreenPolicyUpdate: newPolicy=3
06-29 10:13:37.113 1570 11140 D PowerManagerService: updateDisplayPowerStateLocked: displayReady=true, groupId=0, policy=BRIGHT, mWakefulness=Awake, mWakeLockSummary=0x1, mUserActivitySummary=0x1, mBootCompleted=true, screenBrightnessOverride=NaN, useAutoBrightness=false, mScreenBrightnessBoostInProgress=false, mIsVrModeEnabled= false, sQuiescent=false
06-29 10:13:37.131 1570 8334 D PowerManagerService: releaseWakeLockInternal: lock=157381840 [WakeLock1], flags=0x0
06-29 10:13:37.131 1570 8334 D PowerManagerNotifier: onWakeLockReleased: flags=1, tag="WakeLock1", packageName=com.baidu.appsearch, ownerUid=10108, ownerPid=10774, workSource=null
06-29 10:13:37.131 1570 8334 D PowerManagerService: updateWakeLockSummaryLocked: mWakefulness=Awake, mWakeLockSummary=0x1
06-29 10:13:37.131 1570 8334 D PowerManagerService: updateUserActivitySummaryLocked: groupId=0, mWakefulness=Awake, mUserActivitySummary=0x1, nextTimeout=172262 (in 59924 ms)
06-29 10:13:37.131 1570 8334 D PowerManagerNotifier: onScreenPolicyUpdate: newPolicy=3
06-29 10:13:37.131 1570 8334 D PowerManagerService: updateDisplayPowerStateLocked: displayReady=true, groupId=0, policy=BRIGHT, mWakefulness=Awake, mWakeLockSummary=0x1, mUserActivitySummary=0x1, mBootCompleted=true, screenBrightnessOverride=NaN, useAutoBrightness=false, mScreenBrightnessBoostInProgress=false, mIsVrModeEnabled= false, sQuiescent=false
06-29 10:13:37.132 1570 3720 D PowerManagerService: acquireWakeLockInternal: lock=146415566, flags=0x1, tag="WakeLock2", ws=null, uid=10108, pid=10774
06-29 10:13:37.132 1570 3720 D PowerManagerService: updateWakeLockSummaryLocked: mWakefulness=Awake, mWakeLockSummary=0x1
06-29 10:13:37.132 1570 3720 D PowerManagerService: updateUserActivitySummaryLocked: groupId=0, mWakefulness=Awake, mUserActivitySummary=0x1, nextTimeout=172262 (in 59924 ms)
06-29 10:13:37.132 1570 3720 D PowerManagerNotifier: onScreenPolicyUpdate: newPolicy=3
06-29 10:13:37.132 1570 3720 D PowerManagerService: updateDisplayPowerStateLocked: displayReady=true, groupId=0, policy=BRIGHT, mWakefulness=Awake, mWakeLockSummary=0x1, mUserActivitySummary=0x1, mBootCompleted=true, screenBrightnessOverride=NaN, useAutoBrightness=false, mScreenBrightnessBoostInProgress=false, mIsVrModeEnabled= false, sQuiescent=false
06-29 10:13:37.132 1570 3720 D PowerManagerNotifier: onWakeLockAcquired: flags=1, tag="WakeLock2", packageName=com.baidu.appsearch, ownerUid=10108, ownerPid=10774, workSource=null
06-29 10:13:37.135 1570 3720 D PowerManagerService: releaseWakeLockInternal: lock=146415566 [WakeLock2], flags=0x0
06-29 10:13:37.135 1570 3720 D PowerManagerNotifier: onWakeLockReleased: flags=1, tag="WakeLock2", packageName=com.baidu.appsearch, ownerUid=10108, ownerPid=10774, workSource=null
06-29 10:13:37.135 1570 3720 D PowerManagerService: updateWakeLockSummaryLocked: mWakefulness=Awake, mWakeLockSummary=0x1
06-29 10:13:37.135 1570 3720 D PowerManagerService: updateUserActivitySummaryLocked: groupId=0, mWakefulness=Awake, mUserActivitySummary=0x1, nextTimeout=172262 (in 59920 ms)
06-29 10:13:37.135 1570 3720 D PowerManagerNotifier: onScreenPolicyUpdate: newPolicy=3
06-29 10:13:37.135 1570 3720 D PowerManagerService: updateDisplayPowerStateLocked: displayReady=true, groupId=0, policy=BRIGHT, mWakefulness=Awake, mWakeLockSummary=0x1, mUserActivitySummary=0x1, mBootCompleted=true, screenBrightnessOverride=NaN, useAutoBrightness=false, mScreenBrightnessBoostInProgress=false, mIsVrModeEnabled= false, sQuiescent=false
06-29 10:13:37.150 1570 3720 D PowerManagerService: acquireWakeLockInternal: lock=157381840, flags=0x1, tag="WakeLock1", ws=null, uid=10108, pid=10774
06-29 10:13:37.150 1570 3720 D PowerManagerService: updateWakeLockSummaryLocked: mWakefulness=Awake, mWakeLockSummary=0x1
06-29 10:13:37.150 1570 3720 D PowerManagerService: updateUserActivitySummaryLocked: groupId=0, mWakefulness=Awake, mUserActivitySummary=0x1, nextTimeout=172262 (in 59905 ms)
06-29 10:13:37.150 1570 3720 D PowerManagerNotifier: onScreenPolicyUpdate: newPolicy=3
06-29 10:13:37.150 1570 3720 D PowerManagerService: updateDisplayPowerStateLocked: displayReady=true, groupId=0, policy=BRIGHT, mWakefulness=Awake, mWakeLockSummary=0x1, mUserActivitySummary=0x1, mBootCompleted=true, screenBrightnessOverride=NaN, useAutoBrightness=false, mScreenBrightnessBoostInProgress=false, mIsVrModeEnabled= false, sQuiescent=false
06-29 10:13:37.150 1570 3720 D PowerManagerNotifier: onWakeLockAcquired: flags=1, tag="WakeLock1", packageName=com.baidu.appsearch, ownerUid=10108, ownerPid=10774, workSource=null
06-29 10:13:37.172 1570 1898 D PowerManagerService: userActivityNoUpdateLocked: groupId=0, eventTime=112378, event=2, flags=0x0, uid=1000
06-29 10:13:37.172 1570 1898 D PowerManagerNotifier: onUserActivity: event=2, uid=1000
06-29 10:13:37.172 1570 1898 D PowerManagerService: updateUserActivitySummaryLocked: groupId=0, mWakefulness=Awake, mUserActivitySummary=0x1, nextTimeout=172378 (in 59999 ms)
06-29 10:13:37.172 1570 1898 D PowerManagerNotifier: onScreenPolicyUpdate: newPolicy=3
06-29 10:13:37.172 1570 1898 D PowerManagerService: updateDisplayPowerStateLocked: displayReady=true, groupId=0, policy=BRIGHT, mWakefulness=Awake, mWakeLockSummary=0x1, mUserActivitySummary=0x1, mBootCompleted=true, screenBrightnessOverride=NaN, useAutoBrightness=false, mScreenBrightnessBoostInProgress=false, mIsVrModeEnabled= false, sQuiescent=false
06-29 10:13:37.331 1570 10709 D CompatibilityChangeReporter: Compat change id reported: 135634846; UID 10115; state: DISABLED
06-29 10:13:37.331 1570 10709 D CompatibilityChangeReporter: Compat change id reported: 177438394; UID 10115; state: DISABLED
06-29 10:13:37.331 1570 10709 D CompatibilityChangeReporter: Compat change id reported: 135772972; UID 10115; state: DISABLED
06-29 10:13:37.331 1570 10709 D CompatibilityChangeReporter: Compat change id reported: 135754954; UID 10115; state: DISABLED
06-29 10:13:37.331 1570 1725 D CompatibilityChangeReporter: Compat change id reported: 143937733; UID 10115; state: DISABLED
06-29 10:13:37.338 1570 9400 D PowerManagerService: releaseWakeLockInternal: lock=157381840 [WakeLock1], flags=0x0
06-29 10:13:37.338 1570 9400 D PowerManagerNotifier: onWakeLockReleased: flags=1, tag="WakeLock1", packageName=com.baidu.appsearch, ownerUid=10108, ownerPid=10774, workSource=null
06-29 10:13:37.338 1570 9400 D PowerManagerService: updateWakeLockSummaryLocked: mWakefulness=Awake, mWakeLockSummary=0x1
06-29 10:13:37.338 1570 9400 D PowerManagerService: updateUserActivitySummaryLocked: groupId=0, mWakefulness=Awake, mUserActivitySummary=0x1, nextTimeout=172378 (in 59833 ms)
06-29 10:13:37.338 1570 9400 D PowerManagerNotifier: onScreenPolicyUpdate: newPolicy=3
06-29 10:13:37.338 1570 9400 D PowerManagerService: updateDisplayPowerStateLocked: displayReady=true, groupId=0, policy=BRIGHT, mWakefulness=Awake, mWakeLockSummary=0x1, mUserActivitySummary=0x1, mBootCompleted=true, screenBrightnessOverride=NaN, useAutoBrightness=false, mScreenBrightnessBoostInProgress=false, mIsVrModeEnabled= false, sQuiescent=false
06-29 10:13:37.339 1570 9400 D PowerManagerService: acquireWakeLockInternal: lock=146415566, flags=0x1, tag="WakeLock2", ws=null, uid=10108, pid=10774
06-29 10:13:37.339 1570 9400 D PowerManagerService: updateWakeLockSummaryLocked: mWakefulness=Awake, mWakeLockSummary=0x1
06-29 10:13:37.339 1570 9400 D PowerManagerService: updateUserActivitySummaryLocked: groupId=0, mWakefulness=Awake, mUserActivitySummary=0x1, nextTimeout=172378 (in 59832 ms)
06-29 10:13:37.339 1570 9400 D PowerManagerNotifier: onScreenPolicyUpdate: newPolicy=3
06-29 10:13:37.339 1570 9400 D PowerManagerService: updateDisplayPowerStateLocked: displayReady=true, groupId=0, policy=BRIGHT, mWakefulness=Awake, mWakeLockSummary=0x1, mUserActivitySummary=0x1, mBootCompleted=true, screenBrightnessOverride=NaN, useAutoBrightness=false, mScreenBrightnessBoostInProgress=false, mIsVrModeEnabled= false, sQuiescent=false
06-29 10:13:37.339 1570 9400 D PowerManagerNotifier: onWakeLockAcquired: flags=1, tag="WakeLock2", packageName=com.baidu.appsearch, ownerUid=10108, ownerPid=10774, workSource=null
06-29 10:13:37.341 10712 10712 I wm_on_restart_called: [160296069,com.kugou.android.app.splash.SplashActivity,performRestartActivity]
06-29 10:13:37.342 10712 10712 I wm_on_start_called: [160296069,com.kugou.android.app.splash.SplashActivity,handleStartActivity]
06-29 10:13:37.346 1570 1725 I am_proc_start: [0,11225,10115,com.kugou.android.support,service,{com.kugou.android/com.kugou.framework.service.ipc.peripheral.connect.SupportService}]
06-29 10:13:37.346 1570 1725 I ActivityManager: Start proc 11225:com.kugou.android.support/u0a115 for service {com.kugou.android/com.kugou.framework.service.ipc.peripheral.connect.SupportService}
06-29 10:13:37.358 1570 9400 D PowerManagerService: releaseWakeLockInternal: lock=146415566 [WakeLock2], flags=0x0
06-29 10:13:37.358 1570 9400 D PowerManagerNotifier: onWakeLockReleased: flags=1, tag="WakeLock2", packageName=com.baidu.appsearch, ownerUid=10108, ownerPid=10774, workSource=null
06-29 10:13:37.358 1570 9400 D PowerManagerService: updateWakeLockSummaryLocked: mWakefulness=Awake, mWakeLockSummary=0x1
06-29 10:13:37.358 1570 9400 D PowerManagerService: updateUserActivitySummaryLocked: groupId=0, mWakefulness=Awake, mUserActivitySummary=0x1, nextTimeout=172378 (in 59813 ms)
06-29 10:13:37.358 1570 9400 D PowerManagerNotifier: onScreenPolicyUpdate: newPolicy=3
06-29 10:13:37.358 1570 9400 D PowerManagerService: updateDisplayPowerStateLocked: displayReady=true, groupId=0, policy=BRIGHT, mWakefulness=Awake, mWakeLockSummary=0x1, mUserActivitySummary=0x1, mBootCompleted=true, screenBrightnessOverride=NaN, useAutoBrightness=false, mScreenBrightnessBoostInProgress=false, mIsVrModeEnabled= false, sQuiescent=false
06-29 10:13:37.364 1570 9400 D PowerManagerService: acquireWakeLockInternal: lock=157381840, flags=0x1, tag="WakeLock1", ws=null, uid=10108, pid=10774
06-29 10:13:37.364 1570 9400 D PowerManagerService: updateWakeLockSummaryLocked: mWakefulness=Awake, mWakeLockSummary=0x1
06-29 10:13:37.364 1570 9400 D PowerManagerService: updateUserActivitySummaryLocked: groupId=0, mWakefulness=Awake, mUserActivitySummary=0x1, nextTimeout=172378 (in 59807 ms)
06-29 10:13:37.364 1570 9400 D PowerManagerNotifier: onScreenPolicyUpdate: newPolicy=3
06-29 10:13:37.364 1570 9400 D PowerManagerService: updateDisplayPowerStateLocked: displayReady=true, groupId=0, policy=BRIGHT, mWakefulness=Awake, mWakeLockSummary=0x1, mUserActivitySummary=0x1, mBootCompleted=true, screenBrightnessOverride=NaN, useAutoBrightness=false, mScreenBrightnessBoostInProgress=false, mIsVrModeEnabled= false, sQuiescent=false
06-29 10:13:37.364 1570 9400 D PowerManagerNotifier: onWakeLockAcquired: flags=1, tag="WakeLock1", packageName=com.baidu.appsearch, ownerUid=10108, ownerPid=10774, workSource=null
06-29 10:13:37.369 0 0 I [ 112.573868] binder: 11225:11225 ioctl 40046210 7fe27a47d4 returned -22
06-29 10:13:37.368 10712 10712 I wm_on_resume_called: [160296069,com.kugou.android.app.splash.SplashActivity,RESUME_ACTIVITY]
06-29 10:13:37.370 10712 10712 I wm_on_paused_called: [160296069,com.kugou.android.app.splash.SplashActivity,performPause]
06-29 10:13:37.371 10712 10712 I wm_on_stop_called: [160296069,com.kugou.android.app.splash.SplashActivity,STOP_ACTIVITY_ITEM]
06-29 10:13:37.373 1570 9400 I am_proc_bound: [0,11225,com.kugou.android.support]
06-29 10:13:37.417 1570 1959 D PowerManagerService: acquireWakeLockInternal: lock=38478618, flags=0x1, tag="NetworkStats", ws=null, uid=1000, pid=1570
06-29 10:13:37.417 1570 1959 D PowerManagerService: updateWakeLockSummaryLocked: mWakefulness=Awake, mWakeLockSummary=0x1
06-29 10:13:37.417 1570 1959 D PowerManagerService: updateUserActivitySummaryLocked: groupId=0, mWakefulness=Awake, mUserActivitySummary=0x1, nextTimeout=172378 (in 59754 ms)
06-29 10:13:37.417 1570 1959 D PowerManagerNotifier: onScreenPolicyUpdate: newPolicy=3
06-29 10:13:37.417 1570 1959 D PowerManagerService: updateDisplayPowerStateLocked: displayReady=true, groupId=0, policy=BRIGHT, mWakefulness=Awake, mWakeLockSummary=0x1, mUserActivitySummary=0x1, mBootCompleted=true, screenBrightnessOverride=NaN, useAutoBrightness=false, mScreenBrightnessBoostInProgress=false, mIsVrModeEnabled= false, sQuiescent=false
06-29 10:13:37.417 1570 1959 D PowerManagerNotifier: onWakeLockAcquired: flags=1, tag="NetworkStats", packageName=android, ownerUid=1000, ownerPid=1570, workSource=null
06-29 10:13:37.432 1570 1959 I netstats_mobile_sample: [0,0,0,0,0,0,0,0,0,0,0,0,1688004817432]
06-29 10:13:37.432 1570 1959 I netstats_wifi_sample: [12128738,13234,3033523,10042,12128738,13234,3033523,10042,12267878,13611,2894369,9758,1688004817432]
06-29 10:13:37.432 1570 1959 D PowerManagerService: releaseWakeLockInternal: lock=38478618 [NetworkStats], flags=0x0
06-29 10:13:37.432 1570 1959 D PowerManagerNotifier: onWakeLockReleased: flags=1, tag="NetworkStats", packageName=android, ownerUid=1000, ownerPid=1570, workSource=null
06-29 10:13:37.432 1570 1959 D PowerManagerService: updateWakeLockSummaryLocked: mWakefulness=Awake, mWakeLockSummary=0x1
06-29 10:13:37.432 1570 1959 D PowerManagerService: updateUserActivitySummaryLocked: groupId=0, mWakefulness=Awake, mUserActivitySummary=0x1, nextTimeout=172378 (in 59739 ms)
06-29 10:13:37.432 1570 1959 D PowerManagerNotifier: onScreenPolicyUpdate: newPolicy=3
06-29 10:13:37.433 1570 1959 D PowerManagerService: updateDisplayPowerStateLocked: displayReady=true, groupId=0, policy=BRIGHT, mWakefulness=Awake, mWakeLockSummary=0x1, mUserActivitySummary=0x1, mBootCompleted=true, screenBrightnessOverride=NaN, useAutoBrightness=false, mScreenBrightnessBoostInProgress=false, mIsVrModeEnabled= false, sQuiescent=false
06-29 10:13:37.452 1570 1604 W ActivityManager: Receiver with filter android.content.IntentFilter@c5c39b4 already registered for pid 10712, callerPackage is com.kugou.android
06-29 10:13:37.460 1570 1887 I commit_sys_config_file: [settings-1-0,24]
06-29 10:13:37.547 1570 9455 I ActivityTaskManager: START u0 {flg=0x10010000 cmp=com.android.launcher3/com.android.quickstep.RecentsActivity} from uid 10075
06-29 10:13:37.548 1570 9455 D ActivityTaskManager: TaskLaunchParamsModifier:task=null activity=ActivityRecord{9f0f49b u0 com.android.launcher3/com.android.quickstep.RecentsActivity taskAffinity=null display-id=0 display-windowing-mode=1 suggested-display-area=DefaultTaskDisplayArea@48565985
06-29 10:13:37.550 1570 1723 I am_pss : [8309,10101,com.tencent.android.qqdownloader:daemon,208900096,180727808,0,373981184,0,4,20]
06-29 10:13:37.550 1570 9455 D ActivityTaskManager: TaskLaunchParamsModifier:task=null activity=ActivityRecord{9f0f49b u0 com.android.launcher3/com.android.quickstep.RecentsActivity taskAffinity=null t-1} display-id=0 display-windowing-mode=1 suggested-display-area=DefaultTaskDisplayArea@48565985 non-freeform-display display-area=DefaultTaskDisplayArea@48565985
06-29 10:13:37.550 1570 9455 I wm_task_created: [177,-1]
06-29 10:13:37.550 1570 9455 W ActivityTaskManager: Can't find TaskDisplayArea to determine support for multi window. Task id=177 attached=false
06-29 10:13:37.551 1570 9455 I wm_task_created: [178,-1]
06-29 10:13:37.552 1570 9455 I wm_task_moved: [178,0,-2147483648]
06-29 10:13:37.552 1570 9455 D ActivityTaskManager: TaskLaunchParamsModifier:task=Task{1019038 #178 type=recents I=com.android.launcher3/com.android.quickstep.RecentsActivity U=0 rootTaskId=177 visible=false mode=fullscreen translucent=true sz=0 visible freeform task=true rootAffinity=null isMini=false} activity=ActivityRecord{9f0f49b u0 com.android.launcher3/com.android.quickstep.RecentsActivity taskAffinity=null t-1} display-from-task=0 display-id=0 display-windowing-mode=1 suggested-display-area=DefaultTaskDisplayArea@48565985 non-freeform-display display-area=DefaultTaskDisplayArea@48565985
06-29 10:13:37.553 1570 9455 I wm_create_task: [0,178]
06-29 10:13:37.553 1570 9455 I wm_create_activity: [0,166786203,178,com.android.launcher3/com.android.quickstep.RecentsActivity,NULL,NULL,NULL,276889600]
06-29 10:13:37.553 1570 9455 I wm_task_moved: [177,0,0]
06-29 10:13:37.553 1570 9455 I wm_task_moved: [177,0,5]
06-29 10:13:37.555 1570 9455 I ActivityTaskManager: The Process com.android.launcher3 Already Exists in BG. So sending its PID: 2667
06-29 10:13:37.555 1570 9455 W ActivityTaskManager: Tried to set launchTime (0) < mLastActivityLaunchTime (107606)
06-29 10:13:37.556 1570 9455 I wm_restart_activity: [0,166786203,178,com.android.launcher3/com.android.quickstep.RecentsActivity]
06-29 10:13:37.558 1570 1723 I am_pss : [8333,10101,com.tencent.android.qqdownloader:live,28901376,18300928,0,148205568,0,5,8]
06-29 10:13:37.605 0 0 E [ 112.808107] msm_pcm_playback_close: CMD_EOS failed, cmd_pending 0x8
06-29 10:13:37.612 0 0 I [ 112.815135] afe_close: port_id = 0x9000
06-29 10:13:37.632 0 0 I [ 112.837269] afe_find_cal_topo_id_by_port: port id: 0x9000, dev_acdb_id: 15
06-29 10:13:37.632 0 0 I [ 112.837275] afe_find_cal_topo_id_by_port: top_id:112fc acdb_id:15 afe_port_id:0x9000
06-29 10:13:37.632 0 0 I [ 112.837279] afe_get_cal_topology_id: port_id = 0x9000 acdb_id = 15 topology_id = 0x112fc cal_type_index=8 ret=0
06-29 10:13:37.632 0 0 I [ 112.837489] afe_send_port_topology_id: AFE set topology id 0x112fc enable for port 0x9000 ret 0
06-29 10:13:37.632 0 0 I [ 112.837492] send_afe_cal_type: cal_index is 0
06-29 10:13:37.632 0 0 I [ 112.837496] send_afe_cal_type: dev_acdb_id[55] is 15
06-29 10:13:37.632 0 0 I [ 112.837499] afe_find_cal: cal_index 0 port_id 0x9000 port_index 55
06-29 10:13:37.632 0 0 I [ 112.837504] afe_find_cal: acdb_id 15 dev_acdb_id 15 sample_rate 48000 afe_sample_rates 48000
06-29 10:13:37.632 0 0 I [ 112.837507] afe_find_cal: cal block is a match, size is 0
06-29 10:13:37.632 0 0 I [ 112.837509] send_afe_cal_type: Sending cal_index cal 0
06-29 10:13:37.632 0 0 E [ 112.837512] send_afe_cal_type: No cal sent for cal_index 0, port_id = 0x9000! ret -22
06-29 10:13:37.632 0 0 I [ 112.837724] afe_send_hw_delay: port_id 0x9000 rate 48000 delay_usec 474 status 0
06-29 10:13:37.603 1570 10709 I wm_task_moved: [177,1,8]
06-29 10:13:37.603 1570 10709 I wm_focused_root_task: [0,0,177,175,RecentsAnimation.onAnimationFinished()]
06-29 10:13:37.604 1570 10709 I wm_pause_activity: [0,157777106,com.android.launcher3/.uioverrides.QuickstepLauncher,userLeaving=false,pauseBackTasks]
06-29 10:13:37.604 1570 10709 D PowerManagerService: acquireWakeLockInternal: lock=61511091, flags=0x1, tag="*launch*", ws=WorkSource{10075}, uid=1000, pid=1570
06-29 10:13:37.604 1570 10709 D PowerManagerService: updateWakeLockSummaryLocked: mWakefulness=Awake, mWakeLockSummary=0x1
06-29 10:13:37.604 1570 10709 D PowerManagerService: updateUserActivitySummaryLocked: groupId=0, mWakefulness=Awake, mUserActivitySummary=0x1, nextTimeout=172378 (in 59567 ms)
06-29 10:13:37.604 1570 10709 D PowerManagerNotifier: onScreenPolicyUpdate: newPolicy=3
06-29 10:13:37.604 1570 10709 D PowerManagerService: updateDisplayPowerStateLocked: displayReady=true, groupId=0, policy=BRIGHT, mWakefulness=Awake, mWakeLockSummary=0x1, mUserActivitySummary=0x1, mBootCompleted=true, screenBrightnessOverride=NaN, useAutoBrightness=false, mScreenBrightnessBoostInProgress=false, mIsVrModeEnabled= false, sQuiescent=false
06-29 10:13:37.604 1570 10709 D PowerManagerNotifier: onWakeLockAcquired: flags=1, tag="*launch*", packageName=android, ownerUid=1000, ownerPid=1570, workSource=WorkSource{10075}
06-29 10:13:37.604 1570 10709 I ActivityTaskManager: FOREGROUND_APPLICATION_CHANGED to com.android.quickstep.RecentsActivity
06-29 10:13:37.606 1570 10709 I wm_set_resumed_activity: [0,com.android.launcher3/com.android.quickstep.RecentsActivity,resumeTopActivityInnerLocked]
06-29 10:13:37.607 1570 10709 I wm_resume_activity: [0,166786203,178,com.android.launcher3/com.android.quickstep.RecentsActivity]
06-29 10:13:37.607 1570 10709 I wm_add_to_stopping: [0,21855026,com.baidu.appsearch/.MainActivity,makeInvisible]
06-29 10:13:37.609 1570 1717 I sysui_multi_action: [757,803,799,window_time_2,802,1]
06-29 10:13:37.610 1570 1717 I sysui_multi_action: [757,803,799,window_time_0,802,0]
06-29 10:13:37.611 1570 10709 I wm_finish_activity: [0,166786203,178,com.android.launcher3/com.android.quickstep.RecentsActivity,app-request]
06-29 10:13:37.611 1570 10709 I wm_task_moved: [175,1,8]
06-29 10:13:37.611 1570 10709 I wm_set_resumed_activity: [0,com.baidu.appsearch/.MainActivity,positionChildAt]
06-29 10:13:37.611 1570 10709 I wm_focused_root_task: [0,0,175,177,finish-top adjustFocusToNextFocusableTask]
06-29 10:13:37.611 1570 10709 I wm_set_resumed_activity: [0,com.baidu.appsearch/.MainActivity,finish-top]
06-29 10:13:37.612 1570 10709 I wm_pause_activity: [0,166786203,com.android.launcher3/com.android.quickstep.RecentsActivity,userLeaving=false,finish]
06-29 10:13:37.612 1570 10709 D PowerManagerService: acquireWakeLockInternal: lock=61511091, flags=0x1, tag="*launch*", ws=WorkSource{10075}, uid=1000, pid=1570
06-29 10:13:37.612 1570 10709 D PowerManagerService: updateWakeLockSummaryLocked: mWakefulness=Awake, mWakeLockSummary=0x1
06-29 10:13:37.612 1570 10709 D PowerManagerService: updateUserActivitySummaryLocked: groupId=0, mWakefulness=Awake, mUserActivitySummary=0x1, nextTimeout=172378 (in 59559 ms)
06-29 10:13:37.612 1570 10709 D PowerManagerNotifier: onScreenPolicyUpdate: newPolicy=3
06-29 10:13:37.612 1570 10709 D PowerManagerService: updateDisplayPowerStateLocked: displayReady=true, groupId=0, policy=BRIGHT, mWakefulness=Awake, mWakeLockSummary=0x1, mUserActivitySummary=0x1, mBootCompleted=true, screenBrightnessOverride=NaN, useAutoBrightness=false, mScreenBrightnessBoostInProgress=false, mIsVrModeEnabled= false, sQuiescent=false
06-29 10:13:37.614 2667 2667 I wm_on_create_called: [166786203,com.android.quickstep.RecentsActivity,performCreate]
06-29 10:13:37.616 1570 1717 I sysui_multi_action: [757,1144,758,8,806,com.android.launcher3,871,com.android.quickstep.RecentsActivity]
06-29 10:13:37.619 2667 2667 I wm_on_paused_called: [157777106,com.android.launcher3.uioverrides.QuickstepLauncher,performPause]
06-29 10:13:37.619 1570 9356 I wm_add_to_stopping: [0,166786203,com.android.launcher3/com.android.quickstep.RecentsActivity,completeFinishing]
06-29 10:13:37.620 1570 9356 I ActivityTaskManager: FOREGROUND_APPLICATION_CHANGED to com.baidu.appsearch.MainActivity
06-29 10:13:37.620 1570 9356 D PowerManagerService: updateWakeLockWorkSourceInternal: lock=61511091 [*launch*], ws=WorkSource{10115}
06-29 10:13:37.620 1570 9356 D PowerManagerNotifier: onWakeLockChanging: flags=1, tag="*launch*", packageName=android, ownerUid=1000, ownerPid=1570, workSource=WorkSource{10115}
06-29 10:13:37.620 1570 9356 I ActivityTaskManager: FOREGROUND_APPLICATION_CHANGED to com.kugou.android.app.splash.SplashActivity
06-29 10:13:37.629 1570 9356 I wm_add_to_stopping: [0,160296069,com.kugou.android/.app.splash.SplashActivity,makeInvisible]
