06-29 10:13:03.061 1570 6164 D CompatibilityChangeReporter: Compat change id reported: 135772972; UID 10117; state: DISABLED
06-29 10:13:03.061 1570 6164 D CompatibilityChangeReporter: Compat change id reported: 135754954; UID 10117; state: DISABLED
06-29 10:13:03.061 1570 1725 D CompatibilityChangeReporter: Compat change id reported: 143937733; UID 10117; state: DISABLED
06-29 10:13:03.067 1570 1725 I am_proc_start: [0,6531,10117,com.taobao.taobao:channel,broadcast,{com.taobao.taobao/com.taobao.accs.EventReceiver}]
06-29 10:13:03.067 1570 1725 I ActivityManager: Start proc 6531:com.taobao.taobao:channel/u0a117 for broadcast {com.taobao.taobao/com.taobao.accs.EventReceiver}
06-29 10:13:03.081 0 0 I [ 78.285182] binder: 6531:6531 ioctl 40046210 7fe27a47d4 returned -22
06-29 10:13:03.080 1570 6164 I am_proc_bound: [0,6531,com.taobao.taobao:channel]
06-29 10:13:03.082 1570 6164 D CompatibilityChangeReporter: Compat change id reported: 168419799; UID 10117; state: DISABLED
06-29 10:13:03.085 1570 6164 I am_uid_active: 10117
06-29 10:13:03.227 6202 6202 I auditd : type=1400 audit(0.0:917): avc: denied { read } for comm="pool-9-thread-1" name="version" dev="proc" ino=4026532247 scontext=u:r:untrusted_app_27:s0:c512,c768 tcontext=u:object_r:proc_version:s0 tclass=file permissive=0 app=com.tencent.android.qqdownloader
06-29 10:13:03.235 6202 6202 I auditd : type=1400 audit(0.0:918): avc: denied { read } for comm="pool-9-thread-1" name="version" dev="proc" ino=4026532247 scontext=u:r:untrusted_app_27:s0:c512,c768 tcontext=u:object_r:proc_version:s0 tclass=file permissive=0 app=com.tencent.android.qqdownloader
06-29 10:13:03.248 1570 1974 I GameModeConfig: isGameModeOn = true
06-29 10:13:03.248 1570 1974 I GameModeConfig: isGaming = false
06-29 10:13:03.248 1570 1974 I GameModeConfig: isGameModeOn = true
06-29 10:13:03.248 1570 1974 I GameModeConfig: isGaming = false
06-29 10:13:03.257 1570 6164 E PackageDexUsage: Unsupported context?
06-29 10:13:03.267 1570 1974 I GameModeConfig: isGameModeOn = true
06-29 10:13:03.267 1570 1974 I GameModeConfig: isGaming = false
06-29 10:13:03.267 1570 1974 I GameModeConfig: isGameModeOn = true
06-29 10:13:03.267 1570 1974 I GameModeConfig: isGaming = false
06-29 10:13:03.272 1570 1974 I GameModeConfig: isGameModeOn = true
06-29 10:13:03.272 1570 1974 I GameModeConfig: isGaming = false
06-29 10:13:03.272 1570 1974 I GameModeConfig: isGameModeOn = true
06-29 10:13:03.272 1570 1974 I GameModeConfig: isGaming = false
06-29 10:13:03.272 1570 1974 I GameModeConfig: isGameModeOn = true
06-29 10:13:03.272 1570 1974 I GameModeConfig: isGaming = false
06-29 10:13:03.272 1570 1974 I GameModeConfig: isGameModeOn = true
06-29 10:13:03.272 1570 1974 I GameModeConfig: isGaming = false
06-29 10:13:03.335 5698 5698 I auditd : type=1400 audit(0.0:919): avc: granted { nlmsg_readpriv } for comm="ThreadPoolForeg" scontext=u:r:untrusted_app_29:s0:c103,c256,c512,c768 tcontext=u:r:untrusted_app_29:s0:c103,c256,c512,c768 tclass=netlink_route_socket app=com.smile.gifmaker
06-29 10:13:03.656 1570 1974 I GameModeConfig: isGameModeOn = true
06-29 10:13:03.651 6531 6531 I auditd : type=1400 audit(0.0:920): avc: denied { read } for comm=".taobao:channel" name="version" dev="proc" ino=4026532247 scontext=u:r:untrusted_app_27:s0:c117,c256,c512,c768 tcontext=u:object_r:proc_version:s0 tclass=file permissive=0 app=com.taobao.taobao
06-29 10:13:03.656 1570 1974 I GameModeConfig: isGaming = false
06-29 10:13:03.656 1570 1974 I GameModeConfig: isGameModeOn = true
06-29 10:13:03.656 1570 1974 I GameModeConfig: isGaming = false
06-29 10:13:03.656 1570 1974 I GameModeConfig: isGameModeOn = true
06-29 10:13:03.656 1570 1974 I GameModeConfig: isGaming = false
06-29 10:13:03.656 1570 1974 I GameModeConfig: isGameModeOn = true
06-29 10:13:03.656 1570 1974 I GameModeConfig: isGaming = false
06-29 10:13:03.663 1570 1974 I GameModeConfig: isGameModeOn = true
06-29 10:13:03.663 1570 1974 I GameModeConfig: isGaming = false
06-29 10:13:03.663 1570 1974 I GameModeConfig: isGameModeOn = true
06-29 10:13:03.663 1570 1974 I GameModeConfig: isGaming = false
06-29 10:13:03.664 1570 1974 I GameModeConfig: isGameModeOn = true
06-29 10:13:03.664 1570 1974 I GameModeConfig: isGaming = false
06-29 10:13:03.664 1570 1974 I GameModeConfig: isGameModeOn = true
06-29 10:13:03.664 1570 1974 I GameModeConfig: isGaming = false
06-29 10:13:03.725 1570 6164 D PowerManagerService: releaseWakeLockInternal: lock=93868336 [*job*/com.smile.gifmaker/androidx.work.impl.background.systemjob.SystemJobService], flags=0x0
06-29 10:13:03.725 1570 6164 D PowerManagerNotifier: onWakeLockReleased: flags=1, tag="*job*/com.smile.gifmaker/androidx.work.impl.background.systemjob.SystemJobService", packageName=android, ownerUid=1000, ownerPid=1570, workSource=WorkSource{10103}
06-29 10:13:03.725 1570 6164 D PowerManagerService: updateWakeLockSummaryLocked: mWakefulness=Awake, mWakeLockSummary=0x1
06-29 10:13:03.725 1570 6164 D PowerManagerService: updateUserActivitySummaryLocked: groupId=0, mWakefulness=Awake, mUserActivitySummary=0x1, nextTimeout=119202 (in 40270 ms)
06-29 10:13:03.725 1570 6164 D PowerManagerNotifier: onScreenPolicyUpdate: newPolicy=3
06-29 10:13:03.725 1570 6164 D PowerManagerService: updateDisplayPowerStateLocked: displayReady=true, groupId=0, policy=BRIGHT, mWakefulness=Awake, mWakeLockSummary=0x1, mUserActivitySummary=0x1, mBootCompleted=true, screenBrightnessOverride=NaN, useAutoBrightness=false, mScreenBrightnessBoostInProgress=false, mIsVrModeEnabled= false, sQuiescent=false
06-29 10:13:03.764 1570 1974 I GameModeConfig: isGameModeOn = true
06-29 10:13:03.764 1570 1974 I GameModeConfig: isGaming = false
06-29 10:13:03.764 1570 1974 I GameModeConfig: isGameModeOn = true
06-29 10:13:03.764 1570 1974 I GameModeConfig: isGaming = false
06-29 10:13:03.781 1570 6190 I ActivityManager: Killing 6123:com.android.webview:webview_service/u0a69 (adj 915): empty #2
06-29 10:13:03.781 1570 6190 I am_kill : [0,6123,com.android.webview:webview_service,915,empty #2]
06-29 10:13:03.916 1570 1723 I am_pss : [2658,10094,android.ext.services,16537600,9986048,0,133111808,0,5,7]
06-29 10:13:04.042 1570 6190 I am_proc_died: [0,6123,com.android.webview:webview_service,915,19]
06-29 10:13:04.019 6531 6531 I auditd : type=1400 audit(0.0:922): avc: denied { read } for comm="CrashSDKBkgdHan" name="loadavg" dev="proc" ino=4026532243 scontext=u:r:untrusted_app_27:s0:c117,c256,c512,c768 tcontext=u:object_r:proc_loadavg:s0 tclass=file permissive=0 app=com.taobao.taobao
06-29 10:13:04.051 5698 5698 I auditd : type=1400 audit(0.0:923): avc: granted { execute } for comm="pool-21-thread-" path="/data/user/0/com.smile.gifmaker/files/sec_kste/official/armeabi-v7a/1.7.3.118/libkste.so" dev="dm-21" ino=75892 scontext=u:r:untrusted_app_29:s0:c103,c256,c512,c768 tcontext=u:object_r:app_data_file:s0:c103,c256,c512,c768 tclass=file app=com.smile.gifmaker
06-29 10:13:04.187 6202 6202 I auditd : type=1400 audit(0.0:924): avc: granted { nlmsg_readpriv } for comm="halley_2800_Tem" scontext=u:r:untrusted_app_27:s0:c512,c768 tcontext=u:r:untrusted_app_27:s0:c512,c768 tclass=netlink_route_socket app=com.tencent.android.qqdownloader
06-29 10:13:04.204 1570 6190 D CompatibilityChangeReporter: Compat change id reported: 149924527; UID 10117; state: ENABLED
06-29 10:13:04.204 1570 6190 D CompatibilityChangeReporter: Compat change id reported: 132649864; UID 10117; state: DISABLED
06-29 10:13:04.398 0 0 W [ 79.605178] audit: audit_lost=752 audit_rate_limit=5 audit_backlog_limit=64
06-29 10:13:04.398 0 0 E [ 79.605182] audit: rate limit exceeded
06-29 10:13:04.395 5698 5698 I auditd : type=1400 audit(0.0:925): avc: denied { write } for comm="pool-21-thread-" name="fd" dev="proc" ino=79256 scontext=u:r:untrusted_app_29:s0:c103,c256,c512,c768 tcontext=u:r:untrusted_app_29:s0:c103,c256,c512,c768 tclass=dir permissive=0 app=com.smile.gifmaker
06-29 10:13:04.704 1570 1974 I GameModeConfig: isGameModeOn = true
06-29 10:13:04.704 1570 1974 I GameModeConfig: isGaming = false
06-29 10:13:04.704 1570 1974 I GameModeConfig: isGameModeOn = true
06-29 10:13:04.704 1570 1974 I GameModeConfig: isGaming = false
06-29 10:13:04.704 1570 1974 I GameModeConfig: isGameModeOn = true
06-29 10:13:04.705 1570 1974 I GameModeConfig: isGaming = false
06-29 10:13:04.705 1570 1974 I GameModeConfig: isGameModeOn = true
06-29 10:13:04.705 1570 1974 I GameModeConfig: isGaming = false
06-29 10:13:04.857 1570 1723 I am_pss : [2667,10075,com.android.launcher3,147069952,128331776,0,280133632,0,2,11]
06-29 10:13:04.864 1570 1723 I am_pss : [3338,10078,com.qualcomm.location.XT,6748160,4534272,0,92737536,0,6,5]
06-29 10:13:04.993 1570 1974 I GameModeConfig: isGameModeOn = true
06-29 10:13:04.993 1570 1974 I GameModeConfig: isGaming = false
06-29 10:13:04.993 1570 1974 I GameModeConfig: isGameModeOn = true
06-29 10:13:04.993 1570 1974 I GameModeConfig: isGaming = false
06-29 10:13:05.215 6202 6202 I auditd : type=1400 audit(0.0:929): avc: denied { read } for comm="Shark-Looper-Ma" name="version" dev="proc" ino=4026532247 scontext=u:r:untrusted_app_27:s0:c512,c768 tcontext=u:object_r:proc_version:s0 tclass=file permissive=0 app=com.tencent.android.qqdownloader
06-29 10:13:05.223 6202 6202 I auditd : type=1400 audit(0.0:930): avc: denied { read } for comm="Shark-Looper-Ma" name="version" dev="proc" ino=4026532247 scontext=u:r:untrusted_app_27:s0:c512,c768 tcontext=u:object_r:proc_version:s0 tclass=file permissive=0 app=com.tencent.android.qqdownloader
06-29 10:13:05.387 1570 1723 I am_pss : [3626,10131,com.baidu.input_hryt,95858688,82227200,0,214884352,0,7,11]
06-29 10:13:06.055 1570 1959 D PowerManagerService: acquireWakeLockInternal: lock=38478618, flags=0x1, tag="NetworkStats", ws=null, uid=1000, pid=1570
06-29 10:13:06.055 1570 1959 D PowerManagerService: updateWakeLockSummaryLocked: mWakefulness=Awake, mWakeLockSummary=0x1
06-29 10:13:06.055 1570 1959 D PowerManagerService: updateUserActivitySummaryLocked: groupId=0, mWakefulness=Awake, mUserActivitySummary=0x1, nextTimeout=119202 (in 37940 ms)
06-29 10:13:06.055 1570 1959 D PowerManagerNotifier: onScreenPolicyUpdate: newPolicy=3
06-29 10:13:06.055 1570 1959 D PowerManagerService: updateDisplayPowerStateLocked: displayReady=true, groupId=0, policy=BRIGHT, mWakefulness=Awake, mWakeLockSummary=0x1, mUserActivitySummary=0x1, mBootCompleted=true, screenBrightnessOverride=NaN, useAutoBrightness=false, mScreenBrightnessBoostInProgress=false, mIsVrModeEnabled= false, sQuiescent=false
06-29 10:13:06.055 1570 1959 D PowerManagerNotifier: onWakeLockAcquired: flags=1, tag="NetworkStats", packageName=android, ownerUid=1000, ownerPid=1570, workSource=null
06-29 10:13:06.064 1570 1959 I netstats_mobile_sample: [0,0,0,0,0,0,0,0,0,0,0,0,1688004786064]
06-29 10:13:06.065 1570 1959 I netstats_wifi_sample: [746775,2393,1070667,2879,746775,2393,1070667,2879,1036352,2817,1014653,2755,1688004786064]
06-29 10:13:06.065 1570 1959 D PowerManagerService: releaseWakeLockInternal: lock=38478618 [NetworkStats], flags=0x0
06-29 10:13:06.065 1570 1959 D PowerManagerNotifier: onWakeLockReleased: flags=1, tag="NetworkStats", packageName=android, ownerUid=1000, ownerPid=1570, workSource=null
06-29 10:13:06.065 1570 1959 D PowerManagerService: updateWakeLockSummaryLocked: mWakefulness=Awake, mWakeLockSummary=0x1
06-29 10:13:06.065 1570 1959 D PowerManagerService: updateUserActivitySummaryLocked: groupId=0, mWakefulness=Awake, mUserActivitySummary=0x1, nextTimeout=119202 (in 37930 ms)
06-29 10:13:06.065 1570 1959 D PowerManagerNotifier: onScreenPolicyUpdate: newPolicy=3
06-29 10:13:06.065 1570 1959 D PowerManagerService: updateDisplayPowerStateLocked: displayReady=true, groupId=0, policy=BRIGHT, mWakefulness=Awake, mWakeLockSummary=0x1, mUserActivitySummary=0x1, mBootCompleted=true, screenBrightnessOverride=NaN, useAutoBrightness=false, mScreenBrightnessBoostInProgress=false, mIsVrModeEnabled= false, sQuiescent=false
06-29 10:13:06.489 0 0 I [ 81.694193] init: Untracked pid 6684 exited with status 0
06-29 10:13:06.843 6145 6145 I auditd : type=1400 audit(0.0:931): avc: granted { execute } for comm="temporary-8" path="/data/user/0/com.tencent.android.qqdownloader/files/shell/8_8454130_1346/lib/arm64-v8a/libqmp.so" dev="dm-21" ino=39391 scontext=u:r:untrusted_app_27:s0:c512,c768 tcontext=u:object_r:app_data_file:s0:c512,c768 tclass=file app=com.tencent.android.qqdownloader
06-29 10:13:06.857 1570 6164 W ActivityManager: Receiver with filter android.content.IntentFilter@7776267 already registered for pid 6145, callerPackage is com.tencent.android.qqdownloader
06-29 10:13:06.863 6145 6145 I auditd : type=1400 audit(0.0:932): avc: granted { execute } for comm="FloatingWindow-" path="/data/user/0/com.tencent.android.qqdownloader/files/shell/8_8454130_1346/lib/arm64-v8a/libps.so" dev="dm-21" ino=39390 scontext=u:r:untrusted_app_27:s0:c512,c768 tcontext=u:object_r:app_data_file:s0:c512,c768 tclass=file app=com.tencent.android.qqdownloader
06-29 10:13:06.875 6145 6145 I auditd : type=1400 audit(0.0:933): avc: granted { execute } for comm="temporary-8" path="/data/user/0/com.tencent.android.qqdownloader/files/shell/8_8454130_1346/lib/arm64-v8a/libbeaconid.so" dev="dm-21" ino=39379 scontext=u:r:untrusted_app_27:s0:c512,c768 tcontext=u:object_r:app_data_file:s0:c512,c768 tclass=file app=com.tencent.android.qqdownloader
06-29 10:13:06.896 1570 6190 D CompatibilityChangeReporter: Compat change id reported: 171306433; UID 10101; state: DISABLED
06-29 10:13:06.899 6145 6145 I auditd : type=1400 audit(0.0:934): avc: denied { read } for comm="StartThread-56" name="drivers" dev="proc" ino=4026531852 scontext=u:r:untrusted_app_27:s0:c512,c768 tcontext=u:object_r:proc_tty_drivers:s0 tclass=file permissive=0 app=com.tencent.android.qqdownloader
06-29 10:13:06.899 6145 6145 I auditd : type=1400 audit(0.0:935): avc: denied { read } for comm="qimei-thread-1" name="/" dev="dm-16" ino=2 scontext=u:r:untrusted_app_27:s0:c512,c768 tcontext=u:object_r:rootfs:s0 tclass=dir permissive=0 app=com.tencent.android.qqdownloader
06-29 10:13:06.903 6145 6145 I auditd : type=1400 audit(0.0:936): avc: granted { nlmsg_readpriv } for comm="qimei-thread-1" scontext=u:r:untrusted_app_27:s0:c512,c768 tcontext=u:r:untrusted_app_27:s0:c512,c768 tclass=netlink_route_socket app=com.tencent.android.qqdownloader
06-29 10:13:06.926 1570 1570 I sysui_multi_action: [757,128,758,5,759,8,793,15260,794,0,795,9238,796,127,806,com.tencent.android.qqdownloader,857,channel_id_default_silent,858,3,946,com.tencent.android.qqdownloader,947,1,1500,9238,1688,1]
06-29 10:13:06.926 1570 1570 I notification_canceled: [0|com.tencent.android.qqdownloader|127|null|10101,8,15260,9238,0,-1,-1,NULL]
06-29 10:13:06.930 1570 1570 D CompatibilityChangeReporter: Compat change id reported: 175319604; UID 1000; state: ENABLED
06-29 10:13:06.931 1570 1570 D CompatibilityChangeReporter: Compat change id reported: 175319604; UID 1000; state: DISABLED
06-29 10:13:06.961 1570 1570 I notification_enqueue: [10101,6145,com.tencent.android.qqdownloader,127,NULL,0,Notification(channel=channel_id_default_silent shortcut=null contentView=com.tencent.android.qqdownloader/0x7f0a01c2 vibrate=null sound=null defaults=0x0 flags=0x2a2 color=0x00000000 groupKey=com.tencent.android.qqdownloader vis=PRIVATE),0]
06-29 10:13:06.966 1570 1570 I sysui_multi_action: [757,128,758,5,759,8,793,7,794,0,795,7,796,127,806,com.tencent.android.qqdownloader,857,channel_id_default_silent,858,3,946,com.tencent.android.qqdownloader,947,1,1500,7,1688,1]
06-29 10:13:06.966 1570 1570 I notification_canceled: [0|com.tencent.android.qqdownloader|127|null|10101,8,7,7,0,-1,-1,NULL]
06-29 10:13:06.979 6202 6202 I auditd : type=1400 audit(0.0:937): avc: granted { execute } for comm="temporary-6" path="/data/user/0/com.tencent.android.qqdownloader/files/shell/8_8454130_1346/lib/arm64-v8a/libqmp.so" dev="dm-21" ino=39391 scontext=u:r:untrusted_app_27:s0:c512,c768 tcontext=u:object_r:app_data_file:s0:c512,c768 tclass=file app=com.tencent.android.qqdownloader
06-29 10:13:06.987 6810 6810 I auditd : type=1400 audit(0.0:938): avc: denied { search } for comm="mount" name="vendor" dev="tmpfs" ino=13325 scontext=u:r:untrusted_app_27:s0:c512,c768 tcontext=u:object_r:mnt_vendor_file:s0 tclass=dir permissive=0 app=com.tencent.android.qqdownloader
06-29 10:13:06.993 0 0 W [ 82.198018] audit: audit_lost=755 audit_rate_limit=5 audit_backlog_limit=64
06-29 10:13:06.993 0 0 E [ 82.198021] audit: rate limit exceeded
06-29 10:13:07.000 6167 6347 I service_manager_slow: [60,media_router]
06-29 10:13:07.007 1570 6190 D PowerManagerService: acquireWakeLockInternal: lock=99616890, flags=0x1, tag="i", ws=null, uid=10101, pid=6145
06-29 10:13:07.007 1570 6190 D PowerManagerService: updateWakeLockSummaryLocked: mWakefulness=Awake, mWakeLockSummary=0x1
06-29 10:13:07.007 1570 6190 D PowerManagerService: updateUserActivitySummaryLocked: groupId=0, mWakefulness=Awake, mUserActivitySummary=0x1, nextTimeout=119202 (in 36988 ms)
06-29 10:13:07.007 1570 6190 D PowerManagerNotifier: onScreenPolicyUpdate: newPolicy=3
06-29 10:13:07.007 1570 6190 D PowerManagerService: updateDisplayPowerStateLocked: displayReady=true, groupId=0, policy=BRIGHT, mWakefulness=Awake, mWakeLockSummary=0x1, mUserActivitySummary=0x1, mBootCompleted=true, screenBrightnessOverride=NaN, useAutoBrightness=false, mScreenBrightnessBoostInProgress=false, mIsVrModeEnabled= false, sQuiescent=false
06-29 10:13:07.007 1570 6190 D PowerManagerNotifier: onWakeLockAcquired: flags=1, tag="i", packageName=com.tencent.android.qqdownloader, ownerUid=10101, ownerPid=6145, workSource=null
06-29 10:13:07.087 1570 6190 I am_uid_running: 10102
06-29 10:13:07.087 1570 6190 D CompatibilityChangeReporter: Compat change id reported: 135634846; UID 10102; state: DISABLED
06-29 10:13:07.087 1570 6190 D CompatibilityChangeReporter: Compat change id reported: 177438394; UID 10102; state: DISABLED
06-29 10:13:07.087 1570 6190 D CompatibilityChangeReporter: Compat change id reported: 135772972; UID 10102; state: DISABLED
06-29 10:13:07.088 1570 1725 D CompatibilityChangeReporter: Compat change id reported: 143937733; UID 10102; state: DISABLED
06-29 10:13:07.100 1570 1725 I am_proc_start: [0,6867,10102,com.tencent.mm:push,broadcast,{com.tencent.mm/com.tencent.mm.booter.MMReceivers$BootReceiver}]
06-29 10:13:07.100 1570 1725 I ActivityManager: Start proc 6867:com.tencent.mm:push/u0a102 for broadcast {com.tencent.mm/com.tencent.mm.booter.MMReceivers$BootReceiver}
06-29 10:13:07.118 0 0 I [ 82.318186] binder: 6867:6867 ioctl 40046210 7fe27a47d4 returned -22
06-29 10:13:07.115 1570 2478 I am_proc_bound: [0,6867,com.tencent.mm:push]
06-29 10:13:07.128 1570 2478 I service_manager_slow: [11,platform_compat]
06-29 10:13:07.128 1570 2478 D CompatibilityChangeReporter: Compat change id reported: 168419799; UID 10102; state: DISABLED
06-29 10:13:07.132 1570 2478 I am_uid_active: 10102
06-29 10:13:07.161 1570 1570 I NotificationService: Cannot find enqueued record for key: 0|com.tencent.android.qqdownloader|127|null|10101
06-29 10:13:07.166 1570 2478 I ActivityManager: Killing 5698:com.smile.gifmaker/u0a103 (adj 905): empty #2
06-29 10:13:07.166 1570 2478 I am_kill : [0,5698,com.smile.gifmaker,905,empty #2]
06-29 10:13:07.205 1570 6190 D PowerManagerService: acquireWakeLockInternal: lock=200262089, flags=0x1, tag="p", ws=null, uid=10101, pid=6145
06-29 10:13:07.205 1570 6190 D PowerManagerService: updateWakeLockSummaryLocked: mWakefulness=Awake, mWakeLockSummary=0x1
06-29 10:13:07.205 1570 6190 D PowerManagerService: updateUserActivitySummaryLocked: groupId=0, mWakefulness=Awake, mUserActivitySummary=0x1, nextTimeout=119202 (in 36790 ms)
06-29 10:13:07.205 1570 6190 D PowerManagerNotifier: onScreenPolicyUpdate: newPolicy=3
06-29 10:13:07.205 1570 6190 D PowerManagerService: updateDisplayPowerStateLocked: displayReady=true, groupId=0, policy=BRIGHT, mWakefulness=Awake, mWakeLockSummary=0x1, mUserActivitySummary=0x1, mBootCompleted=true, screenBrightnessOverride=NaN, useAutoBrightness=false, mScreenBrightnessBoostInProgress=false, mIsVrModeEnabled= false, sQuiescent=false
06-29 10:13:07.205 1570 6190 D PowerManagerNotifier: onWakeLockAcquired: flags=1, tag="p", packageName=com.tencent.android.qqdownloader, ownerUid=10101, ownerPid=6145, workSource=null
06-29 10:13:07.205 1570 6190 D PowerManagerService: releaseWakeLockInternal: lock=99616890 [i], flags=0x0
06-29 10:13:07.206 1570 6190 D PowerManagerNotifier: onWakeLockReleased: flags=1, tag="i", packageName=com.tencent.android.qqdownloader, ownerUid=10101, ownerPid=6145, workSource=null
06-29 10:13:07.206 1570 6190 D PowerManagerService: updateWakeLockSummaryLocked: mWakefulness=Awake, mWakeLockSummary=0x1
06-29 10:13:07.206 1570 6190 D PowerManagerService: updateUserActivitySummaryLocked: groupId=0, mWakefulness=Awake, mUserActivitySummary=0x1, nextTimeout=119202 (in 36789 ms)
06-29 10:13:07.206 1570 6190 D PowerManagerNotifier: onScreenPolicyUpdate: newPolicy=3
06-29 10:13:07.206 1570 6190 D PowerManagerService: updateDisplayPowerStateLocked: displayReady=true, groupId=0, policy=BRIGHT, mWakefulness=Awake, mWakeLockSummary=0x1, mUserActivitySummary=0x1, mBootCompleted=true, screenBrightnessOverride=NaN, useAutoBrightness=false, mScreenBrightnessBoostInProgress=false, mIsVrModeEnabled= false, sQuiescent=false
06-29 10:13:07.206 1570 2478 D PowerManagerService: acquireWakeLockInternal: lock=211218638, flags=0x1, tag="i", ws=null, uid=10101, pid=6145
06-29 10:13:07.206 1570 2478 D PowerManagerService: updateWakeLockSummaryLocked: mWakefulness=Awake, mWakeLockSummary=0x1
06-29 10:13:07.206 1570 2478 D PowerManagerService: updateUserActivitySummaryLocked: groupId=0, mWakefulness=Awake, mUserActivitySummary=0x1, nextTimeout=119202 (in 36789 ms)
06-29 10:13:07.206 1570 2478 D PowerManagerNotifier: onScreenPolicyUpdate: newPolicy=3
06-29 10:13:07.206 1570 2478 D PowerManagerService: updateDisplayPowerStateLocked: displayReady=true, groupId=0, policy=BRIGHT, mWakefulness=Awake, mWakeLockSummary=0x1, mUserActivitySummary=0x1, mBootCompleted=true, screenBrightnessOverride=NaN, useAutoBrightness=false, mScreenBrightnessBoostInProgress=false, mIsVrModeEnabled= false, sQuiescent=false
06-29 10:13:07.206 1570 2478 D PowerManagerNotifier: onWakeLockAcquired: flags=1, tag="i", packageName=com.tencent.android.qqdownloader, ownerUid=10101, ownerPid=6145, workSource=null
06-29 10:13:07.207 1570 2478 D PowerManagerService: acquireWakeLockInternal: lock=116882415, flags=0x1, tag="i", ws=null, uid=10101, pid=6145
06-29 10:13:07.207 1570 2478 D PowerManagerService: updateWakeLockSummaryLocked: mWakefulness=Awake, mWakeLockSummary=0x1
06-29 10:13:07.207 1570 2478 D PowerManagerService: updateUserActivitySummaryLocked: groupId=0, mWakefulness=Awake, mUserActivitySummary=0x1, nextTimeout=119202 (in 36788 ms)
06-29 10:13:07.207 1570 2478 D PowerManagerNotifier: onScreenPolicyUpdate: newPolicy=3
06-29 10:13:07.207 1570 2478 D PowerManagerService: updateDisplayPowerStateLocked: displayReady=true, groupId=0, policy=BRIGHT, mWakefulness=Awake, mWakeLockSummary=0x1, mUserActivitySummary=0x1, mBootCompleted=true, screenBrightnessOverride=NaN, useAutoBrightness=false, mScreenBrightnessBoostInProgress=false, mIsVrModeEnabled= false, sQuiescent=false
06-29 10:13:07.207 1570 2478 D PowerManagerNotifier: onWakeLockAcquired: flags=1, tag="i", packageName=com.tencent.android.qqdownloader, ownerUid=10101, ownerPid=6145, workSource=null
06-29 10:13:07.207 1570 2109 D PowerManagerService: acquireWakeLockInternal: lock=150783740, flags=0x1, tag="i", ws=null, uid=10101, pid=6145
06-29 10:13:07.208 1570 2109 D PowerManagerService: updateWakeLockSummaryLocked: mWakefulness=Awake, mWakeLockSummary=0x1
06-29 10:13:07.208 1570 2109 D PowerManagerService: updateUserActivitySummaryLocked: groupId=0, mWakefulness=Awake, mUserActivitySummary=0x1, nextTimeout=119202 (in 36787 ms)
06-29 10:13:07.208 1570 2109 D PowerManagerNotifier: onScreenPolicyUpdate: newPolicy=3
06-29 10:13:07.208 1570 2109 D PowerManagerService: updateDisplayPowerStateLocked: displayReady=true, groupId=0, policy=BRIGHT, mWakefulness=Awake, mWakeLockSummary=0x1, mUserActivitySummary=0x1, mBootCompleted=true, screenBrightnessOverride=NaN, useAutoBrightness=false, mScreenBrightnessBoostInProgress=false, mIsVrModeEnabled= false, sQuiescent=false
06-29 10:13:07.208 1570 2109 D PowerManagerNotifier: onWakeLockAcquired: flags=1, tag="i", packageName=com.tencent.android.qqdownloader, ownerUid=10101, ownerPid=6145, workSource=null
06-29 10:13:07.208 1570 2478 D PowerManagerService: releaseWakeLockInternal: lock=200262089 [p], flags=0x0
06-29 10:13:07.208 1570 2478 D PowerManagerNotifier: onWakeLockReleased: flags=1, tag="p", packageName=com.tencent.android.qqdownloader, ownerUid=10101, ownerPid=6145, workSource=null
06-29 10:13:07.208 1570 2478 D PowerManagerService: updateWakeLockSummaryLocked: mWakefulness=Awake, mWakeLockSummary=0x1
06-29 10:13:07.208 1570 2478 D PowerManagerService: updateUserActivitySummaryLocked: groupId=0, mWakefulness=Awake, mUserActivitySummary=0x1, nextTimeout=119202 (in 36787 ms)
06-29 10:13:07.208 1570 2478 D PowerManagerNotifier: onScreenPolicyUpdate: newPolicy=3
06-29 10:13:07.208 1570 2478 D PowerManagerService: updateDisplayPowerStateLocked: displayReady=true, groupId=0, policy=BRIGHT, mWakefulness=Awake, mWakeLockSummary=0x1, mUserActivitySummary=0x1, mBootCompleted=true, screenBrightnessOverride=NaN, useAutoBrightness=false, mScreenBrightnessBoostInProgress=false, mIsVrModeEnabled= false, sQuiescent=false
06-29 10:13:07.209 1570 6190 D PowerManagerService: acquireWakeLockInternal: lock=187281797, flags=0x1, tag="i", ws=null, uid=10101, pid=6145
06-29 10:13:07.209 1570 6190 D PowerManagerService: updateWakeLockSummaryLocked: mWakefulness=Awake, mWakeLockSummary=0x1
06-29 10:13:07.209 1570 6190 D PowerManagerService: updateUserActivitySummaryLocked: groupId=0, mWakefulness=Awake, mUserActivitySummary=0x1, nextTimeout=119202 (in 36786 ms)
06-29 10:13:07.209 1570 6190 D PowerManagerNotifier: onScreenPolicyUpdate: newPolicy=3
06-29 10:13:07.209 1570 6190 D PowerManagerService: updateDisplayPowerStateLocked: displayReady=true, groupId=0, policy=BRIGHT, mWakefulness=Awake, mWakeLockSummary=0x1, mUserActivitySummary=0x1, mBootCompleted=true, screenBrightnessOverride=NaN, useAutoBrightness=false, mScreenBrightnessBoostInProgress=false, mIsVrModeEnabled= false, sQuiescent=false
06-29 10:13:07.209 1570 6190 D PowerManagerNotifier: onWakeLockAcquired: flags=1, tag="i", packageName=com.tencent.android.qqdownloader, ownerUid=10101, ownerPid=6145, workSource=null
06-29 10:13:07.251 6145 6406 I snet_event_log: [172655291,-1,]
06-29 10:13:07.253 6145 6406 I snet_event_log: [172655291,-1,]
06-29 10:13:07.309 1570 6190 I am_proc_died: [0,5698,com.smile.gifmaker,905,19]
06-29 10:13:07.310 1570 6190 I am_uid_stopped: 10103
06-29 10:13:07.328 1570 6190 D PowerManagerService: releaseWakeLockInternal: lock=211218638 [i], flags=0x0
06-29 10:13:07.328 1570 6190 D PowerManagerNotifier: onWakeLockReleased: flags=1, tag="i", packageName=com.tencent.android.qqdownloader, ownerUid=10101, ownerPid=6145, workSource=null
06-29 10:13:07.329 1570 6190 D PowerManagerService: updateWakeLockSummaryLocked: mWakefulness=Awake, mWakeLockSummary=0x1
06-29 10:13:07.329 1570 6190 D PowerManagerService: updateUserActivitySummaryLocked: groupId=0, mWakefulness=Awake, mUserActivitySummary=0x1, nextTimeout=119202 (in 36666 ms)
06-29 10:13:07.329 1570 6190 D PowerManagerNotifier: onScreenPolicyUpdate: newPolicy=3
06-29 10:13:07.329 1570 6190 D PowerManagerService: updateDisplayPowerStateLocked: displayReady=true, groupId=0, policy=BRIGHT, mWakefulness=Awake, mWakeLockSummary=0x1, mUserActivitySummary=0x1, mBootCompleted=true, screenBrightnessOverride=NaN, useAutoBrightness=false, mScreenBrightnessBoostInProgress=false, mIsVrModeEnabled= false, sQuiescent=false
06-29 10:13:07.331 1570 6190 D PowerManagerService: releaseWakeLockInternal: lock=150783740 [i], flags=0x0
06-29 10:13:07.331 1570 6190 D PowerManagerNotifier: onWakeLockReleased: flags=1, tag="i", packageName=com.tencent.android.qqdownloader, ownerUid=10101, ownerPid=6145, workSource=null
06-29 10:13:07.331 1570 6190 D PowerManagerService: updateWakeLockSummaryLocked: mWakefulness=Awake, mWakeLockSummary=0x1
06-29 10:13:07.331 1570 6190 D PowerManagerService: updateUserActivitySummaryLocked: groupId=0, mWakefulness=Awake, mUserActivitySummary=0x1, nextTimeout=119202 (in 36664 ms)
06-29 10:13:07.331 1570 6190 D PowerManagerNotifier: onScreenPolicyUpdate: newPolicy=3
06-29 10:13:07.331 1570 6190 D PowerManagerService: updateDisplayPowerStateLocked: displayReady=true, groupId=0, policy=BRIGHT, mWakefulness=Awake, mWakeLockSummary=0x1, mUserActivitySummary=0x1, mBootCompleted=true, screenBrightnessOverride=NaN, useAutoBrightness=false, mScreenBrightnessBoostInProgress=false, mIsVrModeEnabled= false, sQuiescent=false
06-29 10:13:07.610 1570 6190 D CompatibilityChangeReporter: Compat change id reported: 149924527; UID 10102; state: ENABLED
06-29 10:13:07.611 1570 6190 D CompatibilityChangeReporter: Compat change id reported: 132649864; UID 10102; state: DISABLED
06-29 10:13:07.682 1570 6190 D PowerManagerService: releaseWakeLockInternal: lock=116882415 [i], flags=0x0
06-29 10:13:07.682 1570 6190 D PowerManagerNotifier: onWakeLockReleased: flags=1, tag="i", packageName=com.tencent.android.qqdownloader, ownerUid=10101, ownerPid=6145, workSource=null
06-29 10:13:07.682 1570 6190 D PowerManagerService: updateWakeLockSummaryLocked: mWakefulness=Awake, mWakeLockSummary=0x1
06-29 10:13:07.683 1570 6190 D PowerManagerService: updateUserActivitySummaryLocked: groupId=0, mWakefulness=Awake, mUserActivitySummary=0x1, nextTimeout=119202 (in 36313 ms)
06-29 10:13:07.683 1570 6190 D PowerManagerNotifier: onScreenPolicyUpdate: newPolicy=3
06-29 10:13:07.683 1570 6190 D PowerManagerService: updateDisplayPowerStateLocked: displayReady=true, groupId=0, policy=BRIGHT, mWakefulness=Awake, mWakeLockSummary=0x1, mUserActivitySummary=0x1, mBootCompleted=true, screenBrightnessOverride=NaN, useAutoBrightness=false, mScreenBrightnessBoostInProgress=false, mIsVrModeEnabled= false, sQuiescent=false
06-29 10:13:07.683 1570 6190 D PowerManagerService: releaseWakeLockInternal: lock=187281797 [i], flags=0x0
06-29 10:13:07.683 1570 6190 D PowerManagerNotifier: onWakeLockReleased: flags=1, tag="i", packageName=com.tencent.android.qqdownloader, ownerUid=10101, ownerPid=6145, workSource=null
06-29 10:13:07.683 1570 6190 D PowerManagerService: updateWakeLockSummaryLocked: mWakefulness=Awake, mWakeLockSummary=0x1
06-29 10:13:07.684 1570 6190 D PowerManagerService: updateUserActivitySummaryLocked: groupId=0, mWakefulness=Awake, mUserActivitySummary=0x1, nextTimeout=119202 (in 36312 ms)
06-29 10:13:07.684 1570 6190 D PowerManagerNotifier: onScreenPolicyUpdate: newPolicy=3
06-29 10:13:07.684 1570 6190 D PowerManagerService: updateDisplayPowerStateLocked: displayReady=true, groupId=0, policy=BRIGHT, mWakefulness=Awake, mWakeLockSummary=0x1, mUserActivitySummary=0x1, mBootCompleted=true, screenBrightnessOverride=NaN, useAutoBrightness=false, mScreenBrightnessBoostInProgress=false, mIsVrModeEnabled= false, sQuiescent=false
06-29 10:13:07.693 1570 6190 D PowerManagerService: acquireWakeLockInternal: lock=6255452, flags=0x1, tag="push_wake", ws=null, uid=10102, pid=6867
06-29 10:13:07.693 1570 6190 D PowerManagerService: updateWakeLockSummaryLocked: mWakefulness=Awake, mWakeLockSummary=0x1
06-29 10:13:07.693 1570 6190 D PowerManagerService: updateUserActivitySummaryLocked: groupId=0, mWakefulness=Awake, mUserActivitySummary=0x1, nextTimeout=119202 (in 36302 ms)
06-29 10:13:07.693 1570 6190 D PowerManagerNotifier: onScreenPolicyUpdate: newPolicy=3
06-29 10:13:07.693 1570 6190 D PowerManagerService: updateDisplayPowerStateLocked: displayReady=true, groupId=0, policy=BRIGHT, mWakefulness=Awake, mWakeLockSummary=0x1, mUserActivitySummary=0x1, mBootCompleted=true, screenBrightnessOverride=NaN, useAutoBrightness=false, mScreenBrightnessBoostInProgress=false, mIsVrModeEnabled= false, sQuiescent=false
06-29 10:13:07.693 1570 6190 D PowerManagerNotifier: onWakeLockAcquired: flags=1, tag="push_wake", packageName=com.tencent.mm, ownerUid=10102, ownerPid=6867, workSource=null
06-29 10:13:07.709 0 0 E [ 82.912105] link_delay_work_func: DTC_ETH: SQI=0, link=0
06-29 10:13:07.777 0 0 I [ 82.980988] init: processing action (sys.tlog.tlogdshc.active=1) from (/system/etc/init/tlogd.rc:197)
06-29 10:13:07.777 0 0 I [ 82.981181] init: starting service 'tlogdshc'...
06-29 10:13:07.809 0 0 I [ 83.012976] init: Service 'tlogdshc' (pid 6976) exited with status 0 oneshot service took 0.030000 seconds in background
06-29 10:13:07.809 0 0 I [ 83.013000] init: Sending signal 9 to service 'tlogdshc' (pid 6976) process group...
06-29 10:13:07.809 0 0 I [ 83.013147] libprocessgroup: Successfully killed process cgroup uid 0 pid 6976 in 0ms
06-29 10:13:07.965 1570 1570 I notification_enqueue: [10101,6145,com.tencent.android.qqdownloader,127,NULL,0,Notification(channel=channel_id_default_silent shortcut=null contentView=com.tencent.android.qqdownloader/0x7f0a01c2 vibrate=null sound=null defaults=0x0 flags=0x2a2 color=0x00000000 groupKey=com.tencent.android.qqdownloader vis=PRIVATE),0]
06-29 10:13:08.143 1570 2017 D PowerManagerService: acquireWakeLockInternal: lock=38478618, flags=0x1, tag="NetworkStats", ws=null, uid=1000, pid=1570
06-29 10:13:08.143 1570 2017 D PowerManagerService: updateWakeLockSummaryLocked: mWakefulness=Awake, mWakeLockSummary=0x1
06-29 10:13:08.143 1570 2017 D PowerManagerService: updateUserActivitySummaryLocked: groupId=0, mWakefulness=Awake, mUserActivitySummary=0x1, nextTimeout=119202 (in 35852 ms)
06-29 10:13:08.143 1570 2017 D PowerManagerNotifier: onScreenPolicyUpdate: newPolicy=3
06-29 10:13:08.143 1570 2017 D PowerManagerService: updateDisplayPowerStateLocked: displayReady=true, groupId=0, policy=BRIGHT, mWakefulness=Awake, mWakeLockSummary=0x1, mUserActivitySummary=0x1, mBootCompleted=true, screenBrightnessOverride=NaN, useAutoBrightness=false, mScreenBrightnessBoostInProgress=false, mIsVrModeEnabled= false, sQuiescent=false
06-29 10:13:08.143 1570 2017 D PowerManagerNotifier: onWakeLockAcquired: flags=1, tag="NetworkStats", packageName=android, ownerUid=1000, ownerPid=1570, workSource=null
06-29 10:13:08.159 1570 4954 D PowerManagerService: acquireWakeLockInternal: lock=236285250, flags=0x1, tag="i", ws=null, uid=10101, pid=6145
06-29 10:13:08.159 1570 4954 D PowerManagerService: updateWakeLockSummaryLocked: mWakefulness=Awake, mWakeLockSummary=0x1
06-29 10:13:08.159 1570 4954 D PowerManagerService: updateUserActivitySummaryLocked: groupId=0, mWakefulness=Awake, mUserActivitySummary=0x1, nextTimeout=119202 (in 35836 ms)
06-29 10:13:08.159 1570 4954 D PowerManagerNotifier: onScreenPolicyUpdate: newPolicy=3
06-29 10:13:08.159 1570 4954 D PowerManagerService: updateDisplayPowerStateLocked: displayReady=true, groupId=0, policy=BRIGHT, mWakefulness=Awake, mWakeLockSummary=0x1, mUserActivitySummary=0x1, mBootCompleted=true, screenBrightnessOverride=NaN, useAutoBrightness=false, mScreenBrightnessBoostInProgress=false, mIsVrModeEnabled= false, sQuiescent=false
06-29 10:13:08.159 1570 4954 D PowerManagerNotifier: onWakeLockAcquired: flags=1, tag="i", packageName=com.tencent.android.qqdownloader, ownerUid=10101, ownerPid=6145, workSource=null
06-29 10:13:08.167 1570 1570 I GameModeConfig: isGameModeOn = true
06-29 10:13:08.167 1570 1570 I GameModeConfig: isGaming = false
06-29 10:13:08.170 1570 4954 I am_uid_running: 10096
06-29 10:13:08.171 1570 4954 D CompatibilityChangeReporter: Compat change id reported: 135634846; UID 10096; state: DISABLED
06-29 10:13:08.171 1570 1725 D CompatibilityChangeReporter: Compat change id reported: 143937733; UID 10096; state: DISABLED
06-29 10:13:08.172 1570 2017 I service_manager_stats: [100,59,22089]
06-29 10:13:08.173 1570 2017 I netstats_mobile_sample: [0,0,0,0,0,0,0,0,0,0,0,0,1688004788173]
06-29 10:13:08.173 1570 2017 I netstats_wifi_sample: [855735,2707,1137371,3280,855735,2707,1137371,3280,1161888,3134,1078588,3150,1688004788173]
06-29 10:13:08.173 1570 2017 D PowerManagerService: releaseWakeLockInternal: lock=38478618 [NetworkStats], flags=0x0
06-29 10:13:08.173 1570 2017 D PowerManagerNotifier: onWakeLockReleased: flags=1, tag="NetworkStats", packageName=android, ownerUid=1000, ownerPid=1570, workSource=null
06-29 10:13:08.173 1570 2017 D PowerManagerService: updateWakeLockSummaryLocked: mWakefulness=Awake, mWakeLockSummary=0x1
06-29 10:13:08.173 1570 2017 D PowerManagerService: updateUserActivitySummaryLocked: groupId=0, mWakefulness=Awake, mUserActivitySummary=0x1, nextTimeout=119202 (in 35822 ms)
06-29 10:13:08.173 1570 2017 D PowerManagerNotifier: onScreenPolicyUpdate: newPolicy=3
06-29 10:13:08.173 1570 2017 D PowerManagerService: updateDisplayPowerStateLocked: displayReady=true, groupId=0, policy=BRIGHT, mWakefulness=Awake, mWakeLockSummary=0x1, mUserActivitySummary=0x1, mBootCompleted=true, screenBrightnessOverride=NaN, useAutoBrightness=false, mScreenBrightnessBoostInProgress=false, mIsVrModeEnabled= false, sQuiescent=false
06-29 10:13:08.176 1570 1725 I am_proc_start: [0,7028,10096,com.tencent.qqmusicpad,broadcast,{com.tencent.qqmusicpad/com.tencent.qqmusicpad.BootBroadcastReceiver}]
06-29 10:13:08.176 1570 1725 I ActivityManager: Start proc 7028:com.tencent.qqmusicpad/u0a96 for broadcast {com.tencent.qqmusicpad/com.tencent.qqmusicpad.BootBroadcastReceiver}
06-29 10:13:08.194 0 0 I [ 83.399766] binder: 7028:7028 ioctl 40046210 ff7f8b18 returned -22
06-29 10:13:08.195 1570 2017 I am_proc_bound: [0,7028,com.tencent.qqmusicpad]
06-29 10:13:08.197 1570 2017 D CompatibilityChangeReporter: Compat change id reported: 168419799; UID 10096; state: DISABLED
06-29 10:13:08.199 1570 2017 I am_uid_active: 10096
06-29 10:13:08.225 1570 4954 D PowerManagerService: acquireWakeLockInternal: lock=47031882, flags=0x1, tag="i", ws=null, uid=10101, pid=6145
06-29 10:13:08.225 1570 4954 D PowerManagerService: updateWakeLockSummaryLocked: mWakefulness=Awake, mWakeLockSummary=0x1
06-29 10:13:08.225 1570 4954 D PowerManagerService: updateUserActivitySummaryLocked: groupId=0, mWakefulness=Awake, mUserActivitySummary=0x1, nextTimeout=119202 (in 35770 ms)
06-29 10:13:08.225 1570 4954 D PowerManagerNotifier: onScreenPolicyUpdate: newPolicy=3
06-29 10:13:08.225 1570 4954 D PowerManagerService: updateDisplayPowerStateLocked: displayReady=true, groupId=0, policy=BRIGHT, mWakefulness=Awake, mWakeLockSummary=0x1, mUserActivitySummary=0x1, mBootCompleted=true, screenBrightnessOverride=NaN, useAutoBrightness=false, mScreenBrightnessBoostInProgress=false, mIsVrModeEnabled= false, sQuiescent=false
06-29 10:13:08.225 1570 4954 D PowerManagerNotifier: onWakeLockAcquired: flags=1, tag="i", packageName=com.tencent.android.qqdownloader, ownerUid=10101, ownerPid=6145, workSource=null
06-29 10:13:08.226 1570 2017 D CompatibilityChangeReporter: Compat change id reported: 157233955; UID 10102; state: DISABLED
06-29 10:13:08.235 1570 4954 D PowerManagerService: releaseWakeLockInternal: lock=236285250 [i], flags=0x0
06-29 10:13:08.235 1570 4954 D PowerManagerNotifier: onWakeLockReleased: flags=1, tag="i", packageName=com.tencent.android.qqdownloader, ownerUid=10101, ownerPid=6145, workSource=null
06-29 10:13:08.235 1570 4954 D PowerManagerService: updateWakeLockSummaryLocked: mWakefulness=Awake, mWakeLockSummary=0x1
06-29 10:13:08.235 1570 4954 D PowerManagerService: updateUserActivitySummaryLocked: groupId=0, mWakefulness=Awake, mUserActivitySummary=0x1, nextTimeout=119202 (in 35760 ms)
06-29 10:13:08.235 1570 4954 D PowerManagerNotifier: onScreenPolicyUpdate: newPolicy=3
06-29 10:13:08.235 1570 4954 D PowerManagerService: updateDisplayPowerStateLocked: displayReady=true, groupId=0, policy=BRIGHT, mWakefulness=Awake, mWakeLockSummary=0x1, mUserActivitySummary=0x1, mBootCompleted=true, screenBrightnessOverride=NaN, useAutoBrightness=false, mScreenBrightnessBoostInProgress=false, mIsVrModeEnabled= false, sQuiescent=false
06-29 10:13:08.284 1570 6190 D CompatibilityChangeReporter: Compat change id reported: 171306433; UID 10102; state: DISABLED
06-29 10:13:08.293 1570 6190 D PowerManagerService: releaseWakeLockInternal: lock=47031882 [i], flags=0x0
06-29 10:13:08.293 1570 6190 D PowerManagerNotifier: onWakeLockReleased: flags=1, tag="i", packageName=com.tencent.android.qqdownloader, ownerUid=10101, ownerPid=6145, workSource=null
06-29 10:13:08.294 1570 6190 D PowerManagerService: updateWakeLockSummaryLocked: mWakefulness=Awake, mWakeLockSummary=0x1
06-29 10:13:08.294 1570 6190 D PowerManagerService: updateUserActivitySummaryLocked: groupId=0, mWakefulness=Awake, mUserActivitySummary=0x1, nextTimeout=119202 (in 35701 ms)
06-29 10:13:08.294 1570 6190 D PowerManagerNotifier: onScreenPolicyUpdate: newPolicy=3
06-29 10:13:08.294 1570 6190 D PowerManagerService: updateDisplayPowerStateLocked: displayReady=true, groupId=0, policy=BRIGHT, mWakefulness=Awake, mWakeLockSummary=0x1, mUserActivitySummary=0x1, mBootCompleted=true, screenBrightnessOverride=NaN, useAutoBrightness=false, mScreenBrightnessBoostInProgress=false, mIsVrModeEnabled= false, sQuiescent=false
06-29 10:13:08.331 7053 7053 I auditd : type=1400 audit(0.0:1128): avc: granted { bind } for comm="ip" scontext=u:r:untrusted_app_29:s0:c102,c256,c512,c768 tcontext=u:r:untrusted_app_29:s0:c102,c256,c512,c768 tclass=netlink_route_socket app=com.tencent.mm
06-29 10:13:08.339 6867 6867 I auditd : type=1400 audit(0.0:1129): avc: granted { nlmsg_readpriv } for comm="mars::7051" scontext=u:r:untrusted_app_29:s0:c102,c256,c512,c768 tcontext=u:r:untrusted_app_29:s0:c102,c256,c512,c768 tclass=netlink_route_socket app=com.tencent.mm
06-29 10:13:08.339 6867 6867 I auditd : type=1400 audit(0.0:1130): avc: granted { nlmsg_readpriv } for comm="mars::7051" scontext=u:r:untrusted_app_29:s0:c102,c256,c512,c768 tcontext=u:r:untrusted_app_29:s0:c102,c256,c512,c768 tclass=netlink_route_socket app=com.tencent.mm
06-29 10:13:08.348 1570 6190 D PowerManagerService: acquireWakeLockInternal: lock=52367651, flags=0x1, tag="MicroMsg.MMAutoAuth", ws=null, uid=10102, pid=6867
06-29 10:13:08.348 1570 6190 D PowerManagerService: updateWakeLockSummaryLocked: mWakefulness=Awake, mWakeLockSummary=0x1
06-29 10:13:08.348 1570 6190 D PowerManagerService: updateUserActivitySummaryLocked: groupId=0, mWakefulness=Awake, mUserActivitySummary=0x1, nextTimeout=119202 (in 35647 ms)
06-29 10:13:08.348 1570 6190 D PowerManagerNotifier: onScreenPolicyUpdate: newPolicy=3
06-29 10:13:08.348 1570 6190 D PowerManagerService: updateDisplayPowerStateLocked: displayReady=true, groupId=0, policy=BRIGHT, mWakefulness=Awake, mWakeLockSummary=0x1, mUserActivitySummary=0x1, mBootCompleted=true, screenBrightnessOverride=NaN, useAutoBrightness=false, mScreenBrightnessBoostInProgress=false, mIsVrModeEnabled= false, sQuiescent=false
06-29 10:13:08.348 1570 6190 D PowerManagerNotifier: onWakeLockAcquired: flags=1, tag="MicroMsg.MMAutoAuth", packageName=com.tencent.mm, ownerUid=10102, ownerPid=6867, workSource=null
06-29 10:13:08.353 1570 6190 D PowerManagerService: acquireWakeLockInternal: lock=260384288, flags=0x1, tag="PlatformComm", ws=null, uid=10102, pid=6867
06-29 10:13:08.353 1570 6190 D PowerManagerService: updateWakeLockSummaryLocked: mWakefulness=Awake, mWakeLockSummary=0x1
06-29 10:13:08.353 1570 6190 D PowerManagerService: updateUserActivitySummaryLocked: groupId=0, mWakefulness=Awake, mUserActivitySummary=0x1, nextTimeout=119202 (in 35642 ms)
06-29 10:13:08.353 1570 6190 D PowerManagerNotifier: onScreenPolicyUpdate: newPolicy=3
06-29 10:13:08.353 1570 6190 D PowerManagerService: updateDisplayPowerStateLocked: displayReady=true, groupId=0, policy=BRIGHT, mWakefulness=Awake, mWakeLockSummary=0x1, mUserActivitySummary=0x1, mBootCompleted=true, screenBrightnessOverride=NaN, useAutoBrightness=false, mScreenBrightnessBoostInProgress=false, mIsVrModeEnabled= false, sQuiescent=false
06-29 10:13:08.353 1570 6190 D PowerManagerNotifier: onWakeLockAcquired: flags=1, tag="PlatformComm", packageName=com.tencent.mm, ownerUid=10102, ownerPid=6867, workSource=null
06-29 10:13:08.361 0 0 I : [ 83.564496] IRQ 5: no longer affine to CPU7
06-29 10:13:08.364 1570 6190 D PowerManagerService: releaseWakeLockInternal: lock=6255452 [push_wake], flags=0x0
06-29 10:13:08.364 1570 6190 D PowerManagerNotifier: onWakeLockReleased: flags=1, tag="push_wake", packageName=com.tencent.mm, ownerUid=10102, ownerPid=6867, workSource=null
06-29 10:13:08.364 1570 6190 D PowerManagerService: updateWakeLockSummaryLocked: mWakefulness=Awake, mWakeLockSummary=0x1
06-29 10:13:08.364 1570 6190 D PowerManagerService: updateUserActivitySummaryLocked: groupId=0, mWakefulness=Awake, mUserActivitySummary=0x1, nextTimeout=119202 (in 35631 ms)
06-29 10:13:08.364 1570 6190 D PowerManagerNotifier: onScreenPolicyUpdate: newPolicy=3
06-29 10:13:08.364 1570 6190 D PowerManagerService: updateDisplayPowerStateLocked: displayReady=true, groupId=0, policy=BRIGHT, mWakefulness=Awake, mWakeLockSummary=0x1, mUserActivitySummary=0x1, mBootCompleted=true, screenBrightnessOverride=NaN, useAutoBrightness=false, mScreenBrightnessBoostInProgress=false, mIsVrModeEnabled= false, sQuiescent=false
06-29 10:13:08.377 1570 1974 I GameModeConfig: isGameModeOn = true
06-29 10:13:08.377 1570 1974 I GameModeConfig: isGaming = false
06-29 10:13:08.377 1570 1974 I GameModeConfig: isGameModeOn = true
06-29 10:13:08.377 1570 1974 I GameModeConfig: isGaming = false
06-29 10:13:08.377 1570 1974 I GameModeConfig: isGameModeOn = true
06-29 10:13:08.377 1570 1974 I GameModeConfig: isGaming = false
06-29 10:13:08.377 1570 1974 I GameModeConfig: isGameModeOn = true
06-29 10:13:08.377 1570 1974 I GameModeConfig: isGaming = false
06-29 10:13:08.378 1570 6190 D PowerManagerService: releaseWakeLockInternal: lock=52367651 [MicroMsg.MMAutoAuth], flags=0x0
06-29 10:13:08.378 1570 6190 D PowerManagerNotifier: onWakeLockReleased: flags=1, tag="MicroMsg.MMAutoAuth", packageName=com.tencent.mm, ownerUid=10102, ownerPid=6867, workSource=null
06-29 10:13:08.378 1570 6190 D PowerManagerService: updateWakeLockSummaryLocked: mWakefulness=Awake, mWakeLockSummary=0x1
06-29 10:13:08.378 1570 6190 D PowerManagerService: updateUserActivitySummaryLocked: groupId=0, mWakefulness=Awake, mUserActivitySummary=0x1, nextTimeout=119202 (in 35617 ms)
06-29 10:13:08.378 1570 6190 D PowerManagerNotifier: onScreenPolicyUpdate: newPolicy=3
06-29 10:13:08.378 1570 6190 D PowerManagerService: updateDisplayPowerStateLocked: displayReady=true, groupId=0, policy=BRIGHT, mWakefulness=Awake, mWakeLockSummary=0x1, mUserActivitySummary=0x1, mBootCompleted=true, screenBrightnessOverride=NaN, useAutoBrightness=false, mScreenBrightnessBoostInProgress=false, mIsVrModeEnabled= false, sQuiescent=false
06-29 10:13:08.380 1570 6190 D PowerManagerService: acquireWakeLockInternal: lock=52367651, flags=0x1, tag="MicroMsg.MMAutoAuth", ws=null, uid=10102, pid=6867
06-29 10:13:08.380 1570 6190 D PowerManagerService: updateWakeLockSummaryLocked: mWakefulness=Awake, mWakeLockSummary=0x1
06-29 10:13:08.380 1570 6190 D PowerManagerService: updateUserActivitySummaryLocked: groupId=0, mWakefulness=Awake, mUserActivitySummary=0x1, nextTimeout=119202 (in 35615 ms)
06-29 10:13:08.380 1570 6190 D PowerManagerNotifier: onScreenPolicyUpdate: newPolicy=3
06-29 10:13:08.380 1570 6190 D PowerManagerService: updateDisplayPowerStateLocked: displayReady=true, groupId=0, policy=BRIGHT, mWakefulness=Awake, mWakeLockSummary=0x1, mUserActivitySummary=0x1, mBootCompleted=true, screenBrightnessOverride=NaN, useAutoBrightness=false, mScreenBrightnessBoostInProgress=false, mIsVrModeEnabled= false, sQuiescent=false
06-29 10:13:08.380 1570 6190 D PowerManagerNotifier: onWakeLockAcquired: flags=1, tag="MicroMsg.MMAutoAuth", packageName=com.tencent.mm, ownerUid=10102, ownerPid=6867, workSource=null
06-29 10:13:08.385 1570 6190 D PowerManagerService: acquireWakeLockInternal: lock=26836241, flags=0x1, tag="MicroMsg.CoreService", ws=null, uid=10102, pid=6867
06-29 10:13:08.386 1570 6190 D PowerManagerService: updateWakeLockSummaryLocked: mWakefulness=Awake, mWakeLockSummary=0x1
06-29 10:13:08.386 1570 6190 D PowerManagerService: updateUserActivitySummaryLocked: groupId=0, mWakefulness=Awake, mUserActivitySummary=0x1, nextTimeout=119202 (in 35609 ms)
06-29 10:13:08.386 1570 6190 D PowerManagerNotifier: onScreenPolicyUpdate: newPolicy=3
06-29 10:13:08.386 1570 6190 D PowerManagerService: updateDisplayPowerStateLocked: displayReady=true, groupId=0, policy=BRIGHT, mWakefulness=Awake, mWakeLockSummary=0x1, mUserActivitySummary=0x1, mBootCompleted=true, screenBrightnessOverride=NaN, useAutoBrightness=false, mScreenBrightnessBoostInProgress=false, mIsVrModeEnabled= false, sQuiescent=false
06-29 10:13:08.386 1570 6190 D PowerManagerNotifier: onWakeLockAcquired: flags=1, tag="MicroMsg.CoreService", packageName=com.tencent.mm, ownerUid=10102, ownerPid=6867, workSource=null
06-29 10:13:08.402 1570 2017 D CompatibilityChangeReporter: Compat change id reported: 135634846; UID 10102; state: DISABLED
06-29 10:13:08.402 1570 2017 D CompatibilityChangeReporter: Compat change id reported: 177438394; UID 10102; state: DISABLED
06-29 10:13:08.402 1570 2017 D CompatibilityChangeReporter: Compat change id reported: 135772972; UID 10102; state: DISABLED
06-29 10:13:08.403 1570 1725 D CompatibilityChangeReporter: Compat change id reported: 143937733; UID 10102; state: DISABLED
06-29 10:13:08.411 1570 1725 I am_proc_start: [0,7076,10102,com.tencent.mm,service,{com.tencent.mm/com.tencent.mm.service.ProcessService$MMProcessService}]
06-29 10:13:08.411 1570 1725 I ActivityManager: Start proc 7076:com.tencent.mm/u0a102 for service {com.tencent.mm/com.tencent.mm.service.ProcessService$MMProcessService}
