06-29 10:13:57.277 14283 14283 D small : paths info [/data/user/0/com.kugou.android/lib/libmodulekg.so, /data/user/0/com.kugou.android/lib/libmoduledlna.so, /data/user/0/com.kugou.android/lib/libmodulegame.so, /data/user/0/com.kugou.android/lib/libmoduleringtone.so, /data/user/0/com.kugou.android/lib/libmoduletransfer.so, /data/user/0/com.kugou.android/lib/libmodulenetworktest.so, /data/user/0/com.kugou.android/app_small_patch/androidlyricmaker_11669_1.apk, /data/user/0/com.kugou.android/lib/libandroidzego.so, /data/user/0/com.kugou.android/lib/libandroidh5.so, /data/user/0/com.kugou.android/lib/libandroidktvsecond.so, /data/user/0/com.kugou.android/lib/libandroidvoicehelper.so, /data/user/0/com.kugou.android/lib/libandroidfanxingdynamic.so, /data/user/0/com.kugou.android/lib/libandroidshortvideorecord.so, /data/user/0/com.kugou.android/lib/libandroiddynamicupay.so, /data/user/0/com.kugou.android/lib/libandroidmoduleks.so, /data/user/0/com.kugou.android/app_small_patch/androidmoduletag_11669_1.apk, /data/user/0/com.kugou.android/app_small_patch/androidshortvideoplay_11669_1.apk, /data/user/0/com.kugou.android/lib/libandroiddynamicfxplayer.so, /data/user/0/com.kugou.android/lib/libandroidcupid.so, /data/user/0/com.kugou.android/lib/libandroidsv.so, /data/user/0/com.kugou.android/app_small_patch/androidscheme_11669_1.apk, /data/user/0/com.kugou.android/lib/libandroidharmonywatch.so, /data/user/0/com.kugou.android/lib/libandroiddynamicdiygift.so, /data/user/0/com.kugou.android/lib/libmidimodule.so, /data/user/0/com.kugou.android/lib/libmusicscore.so, /data/user/0/com.kugou.android/lib/libandroidaibeauty.so, /data/user/0/com.kugou.android/lib/libandroidvipermcs.so, /data/app/~~_Jtj2vD9SU5BP94hSbaSkA==/com.kugou.android-jIys8pQ1Ais7KCu4JE1edA==/base.apk, /data/user/0/com.kugou.android/lib/libmodulekg.so, /data/user/0/com.kugou.android/lib/libmoduledlna.so, /data/user/0/com.kugou.android/lib/libmodulegame.so, /data/user/0/com.kugou.android/lib/libmoduleringtone.so, /data/user/0/com.kugou.android/lib/libmoduletransfer.so, /data/user/0/com.kugou.android/lib/libmodulenetworktest.so, /data/user/0/com.kugou.android/app_small_patch/androidlyricmaker_11669_1.apk, /data/user/0/com.kugou.android/lib/libandroidzego.so, /data/user/0/com.kugou.android/lib/libandroidh5.so, /data/user/0/com.kugou.android/lib/libandroidktvsecond.so, /data/user/0/com.kugou.android/lib/libandroidvoicehelper.so, /data/user/0/com.kugou.android/lib/libandroidfanxingdynamic.so, /data/user/0/com.kugou.android/lib/libandroidshortvideorecord.so, /data/user/0/com.kugou.android/lib/libandroiddynamicupay.so, /data/user/0/com.kugou.android/lib/libandroidmoduleks.so, /data/user/0/com.kugou.android/app_small_patch/androidmoduletag_11669_1.apk, /data/user/0/com.kugou.android/app_small_patch/androidshortvideoplay_11669_1.apk, /data/user/0/com.kugou.android/lib/libandroiddynamicfxplayer.so, /data/user/0/com.kugou.android/lib/libandroidcupid.so, /data/user/0/com.kugou.android/lib/libandroidsv.so, /data/user/0/com.kugou.android/app_small_patch/androidscheme_11669_1.apk, /data/user/0/com.kugou.android/lib/libandroidharmonywatch.so, /data/user/0/com.kugou.android/lib/libandroiddynamicdiygift.so, /data/user/0/com.kugou.android/lib/libmidimodule.so, /data/user/0/com.kugou.android/lib/libmusicscore.so, /data/user/0/com.kugou.android/lib/libandroidaibeauty.so, /data/user/0/com.kugou.android/lib/libandroidvipermcs.so, /data/app/~~_Jtj2vD9SU5BP94hSbaSkA==/com.kugou.android-jIys8pQ1Ais7KCu4JE1edA==/base.apk, /data/user/0/com.kugou.android/lib/libmodulekg.so, /data/user/0/com.kugou.android/lib/libmoduledlna.so, /data/user/0/com.kugou.android/lib/libmodulegame.so, /data/user/0/com.kugou.android/lib/libmoduleringtone.so, /data/user/0/com.kugou.android/lib/libmoduletransfer.so, /data/user/0/com.kugou.android/lib/libmodulenetworktest.so, /data/user/0/com.kugou.android/app_small_patch/androidlyricmaker_11669_1.apk, /data/user/0/com.kugou.android/lib/libandroidzego.so, /data/user/0/com.kugou.android/lib/libandroidh5.so, /data/user/0/com.kugou.android/lib/libandroidktvsecond.so, /data/user/0/com.kug
06-29 10:13:57.277 14283 14283 I exit : processType: 0 MAX_KUGOU_PROCESS_TYPE : 100
06-29 10:13:57.277 14283 14283 I exit : processType: 0 MAX_KUGOU_PROCESS_TYPE : 100
06-29 10:13:57.311 14283 14283 I Hack.Os : osInLibcoreOs = ForwardingOs{os=libcore.io.Linux@3d2e46f}
06-29 10:13:57.321 14283 14658 W jiese1990-KGLog: doInBackground
06-29 10:13:57.328 14283 14283 E JarClassMapper: jar.code = 605
06-29 10:13:57.328 14283 14283 I System.out: Hello, sdk-605 loaded
06-29 10:13:57.358 14283 14283 I Hack.Activity: inject [ActivityManager] success.
06-29 10:13:57.387 14127 14127 I auditd : type=1400 audit(0.0:2537): avc: denied { search } for comm="Thread-550" name="input" dev="tmpfs" ino=11377 scontext=u:r:untrusted_app_29:s0:c104,c256,c512,c768 tcontext=u:object_r:input_device:s0 tclass=dir permissive=0 app=com.ss.android.ugc.aweme
06-29 10:13:57.387 14127 14127 W Thread-550: type=1400 audit(0.0:2537): avc: denied { search } for name="input" dev="tmpfs" ino=11377 scontext=u:r:untrusted_app_29:s0:c104,c256,c512,c768 tcontext=u:object_r:input_device:s0 tclass=dir permissive=0 app=com.ss.android.ugc.aweme
06-29 10:13:57.390 14283 14283 I Hack.Package: inject [PackageManager] success.
06-29 10:13:57.390 14283 14283 I Hack.Package: modify package PackageManager instance in application's context.
06-29 10:13:57.391 14283 14283 E Hack.SFetcher: inject [ServiceFetcherHacker] start.
06-29 10:13:57.392 14283 14283 I System.out: mCacheIndex = 133
06-29 10:13:57.405 14283 14283 E Hack.SFetcher: fetcher replace >> name = phone, origin = android.app.SystemServiceRegistry$137@2ca2eb2, now = com.kugou.framework.hack.ServiceFetcherHacker$FetcherImplV23@9fc4e03
06-29 10:13:57.405 14283 14283 I System.out: mCacheIndex = 28
06-29 10:13:57.405 14283 14283 E Hack.SFetcher: fetcher replace >> name = location, origin = android.app.SystemServiceRegistry$34@9845180, now = com.kugou.framework.hack.ServiceFetcherHacker$FetcherImplV23@72be3b9
06-29 10:13:57.405 14283 14283 I System.out: mCacheIndex = 141
06-29 10:13:57.405 14283 14283 E Hack.SFetcher: fetcher replace >> name = wifi, origin = android.app.SystemServiceRegistry$136@72883fe, now = com.kugou.framework.hack.ServiceFetcherHacker$FetcherImplV23@8ebc75f
06-29 10:13:57.434 14283 14663 I Hack.Hub: file.create, name = /data/app/~~_Jtj2vD9SU5BP94hSbaSkA==/com.kugou.android-jIys8pQ1Ais7KCu4JE1edA==/lib/arm64/libjnihook.so
06-29 10:13:57.436 14283 14663 E JniHook : found the jni offset : 16
06-29 10:13:57.436 14283 14663 E JniHook : JNI_OnLoad init success !!
06-29 10:13:57.436 14283 14663 E JniHook : JniHacker_native_start_hook invorked
06-29 10:13:57.442 14283 14663 E JniHook : < hooked AudioRecord method : native_start(II)I
> 06-29 10:13:57.442 14283 14663 E JniHook : < hooked MediaRecorder method : _prepare()V
> 06-29 10:13:57.464 14283 14283 E Hack.Trace: not be picked, ignore trace invocation
06-29 10:13:57.464 14283 14283 I Hack.Manager: hack cost 158 ms
06-29 10:13:57.464 14283 14283 D FlutterUtil: startFlutterApplication()
06-29 10:13:57.464 14283 14283 D FlutterUtil: applyFlutter() false
06-29 10:13:57.518 14283 14283 I Hack.Activity: AMS >> refContentProvider
06-29 10:13:57.521 14283 14283 I Hack.Activity: AMS >> refContentProvider
06-29 10:13:57.521 14283 14658 E KGLog : setDebugFlag mIsLogcat false, mIsLogFile false, mInstance = null
06-29 10:13:57.526 14283 14283 I Hack.Activity: AMS >> refContentProvider
06-29 10:13:57.553 14283 14292 W android.suppor: Suspending all threads took: 8.383ms
06-29 10:13:57.562 14283 14283 D KGPackage: KGPackage.isKugouPackage() = true
06-29 10:13:57.584 14283 14283 I exit : processType: 0 MAX_KUGOU_PROCESS_TYPE : 100
06-29 10:13:57.584 14283 14283 E RConnector: onCreate processName: com.kugou.android.support
06-29 10:13:57.588 682 695 I mpu_uart: [MSG-P:RECV]:No message received in 1000 ms
06-29 10:13:57.594 14283 14283 I Hack.Activity: AMS >> registerReceiverWithFeature
06-29 10:13:57.597 14283 14283 D kg-crash: xCrash SDK init: start
06-29 10:13:57.603 14669 14669 I auditd : type=1400 audit(0.0:2538): avc: granted { bind } for comm="ip" scontext=u:r:untrusted_app_29:s0:c104,c256,c512,c768 tcontext=u:r:untrusted_app_29:s0:c104,c256,c512,c768 tclass=netlink_route_socket
06-29 10:13:57.603 14669 14669 W ip : type=1400 audit(0.0:2538): avc: granted { bind } for scontext=u:r:untrusted_app_29:s0:c104,c256,c512,c768 tcontext=u:r:untrusted_app_29:s0:c104,c256,c512,c768 tclass=netlink_route_socket
06-29 10:13:57.639 14670 14670 I auditd : type=1400 audit(0.0:2539): avc: granted { bind } for comm="ip" scontext=u:r:untrusted_app_29:s0:c104,c256,c512,c768 tcontext=u:r:untrusted_app_29:s0:c104,c256,c512,c768 tclass=netlink_route_socket
06-29 10:13:57.639 14670 14670 W ip : type=1400 audit(0.0:2539): avc: granted { bind } for scontext=u:r:untrusted_app_29:s0:c104,c256,c512,c768 tcontext=u:r:untrusted_app_29:s0:c104,c256,c512,c768 tclass=netlink_route_socket
06-29 10:13:57.639 14670 14670 I auditd : type=1400 audit(0.0:2540): avc: granted { nlmsg_readpriv } for comm="ip" scontext=u:r:untrusted_app_29:s0:c104,c256,c512,c768 tcontext=u:r:untrusted_app_29:s0:c104,c256,c512,c768 tclass=netlink_route_socket
06-29 10:13:57.639 14670 14670 W ip : type=1400 audit(0.0:2540): avc: granted { nlmsg_readpriv } for scontext=u:r:untrusted_app_29:s0:c104,c256,c512,c768 tcontext=u:r:untrusted_app_29:s0:c104,c256,c512,c768 tclass=netlink_route_socket
06-29 10:13:57.633 14383 14622 I EventbusInit: init index cost:1003
06-29 10:13:57.642 14283 14283 I Hack.Hub: file.create, name = /proc/14283/cmdline
06-29 10:13:57.646 14283 14283 D kg-crash: xCrash SDK init: end: 49
06-29 10:13:57.647 14283 14283 I exit : processType: 0 MAX_KUGOU_PROCESS_TYPE : 100
06-29 10:13:57.664 14383 14383 W System.err: java.lang.NumberFormatException: For input string: ""
06-29 10:13:57.664 14383 14383 W System.err: at java.lang.Integer.parseInt(Integer.java:627)
06-29 10:13:57.664 14383 14383 W System.err: at java.lang.Integer.parseInt(Integer.java:650)
06-29 10:13:57.664 14383 14383 W System.err: at com.kugou.common.config.g.a(SourceFile:346)
06-29 10:13:57.664 14383 14383 W System.err: at com.kugou.common.datacollect.d.e.G(SourceFile:145)
06-29 10:13:57.664 14383 14383 W System.err: at com.kugou.common.datacollect.d.e.(SourceFile:101)
06-29 10:13:57.664 14383 14383 W System.err: at com.kugou.common.datacollect.d.e.a(SourceFile:242)
06-29 10:13:57.664 14383 14383 W System.err: at com.kugou.common.statistics.e.b.a(SourceFile:232)
06-29 10:13:57.664 14383 14383 W System.err: at com.kugou.common.statistics.e.b.b(SourceFile:79)
06-29 10:13:57.664 14383 14383 W System.err: at com.kugou.common.statistics.e.a.b(SourceFile:45)
06-29 10:13:57.664 14383 14383 W System.err: at net.wequick.small.p.c(SourceFile:147)
06-29 10:13:57.664 14383 14383 W System.err: at net.wequick.small.p.e(SourceFile:174)
06-29 10:13:57.664 14383 14383 W System.err: at net.wequick.small.p$1.run(SourceFile:111)
06-29 10:13:57.665 14383 14383 W System.err: at android.os.Handler.handleCallback(Handler.java:938)
06-29 10:13:57.665 14383 14383 W System.err: at android.os.Handler.dispatchMessage(Handler.java:99)
06-29 10:13:57.665 14383 14383 W System.err: at android.os.Looper.loopOnce(Looper.java:201)
06-29 10:13:57.665 14383 14383 W System.err: at android.os.Looper.loop(Looper.java:288)
06-29 10:13:57.665 14383 14383 W System.err: at android.app.ActivityThread.main(ActivityThread.java:7880)
06-29 10:13:57.665 14383 14383 W System.err: at java.lang.reflect.Method.invoke(Native Method)
06-29 10:13:57.665 14383 14383 W System.err: at com.android.internal.os.RuntimeInit$MethodAndArgsCaller.run(RuntimeInit.java:548)
06-29 10:13:57.665 14383 14383 W System.err: at com.android.internal.os.ZygoteInit.main(ZygoteInit.java:1009)
06-29 10:13:57.665 14383 14383 E PrivacyValue: com.kugou.android Fake ? : true
06-29 10:13:57.666 14383 14383 W System.err: java.lang.NumberFormatException: empty String
06-29 10:13:57.666 14383 14383 W System.err: at sun.misc.FloatingDecimal.readJavaFormatString(FloatingDecimal.java:1842)
06-29 10:13:57.666 14383 14383 W System.err: at sun.misc.FloatingDecimal.parseFloat(FloatingDecimal.java:122)
06-29 10:13:57.666 14383 14383 W System.err: at java.lang.Float.parseFloat(Float.java:451)
06-29 10:13:57.666 14383 14383 W System.err: at com.kugou.common.config.g.a(SourceFile:380)
06-29 10:13:57.666 14383 14383 W System.err: at com.kugou.common.datacollect.d.e.C(SourceFile:357)
06-29 10:13:57.666 14383 14383 W System.err: at com.kugou.common.datacollect.d.e.(SourceFile:106)
06-29 10:13:57.666 14383 14383 W System.err: at com.kugou.common.datacollect.d.e.a(SourceFile:242)
06-29 10:13:57.666 14383 14383 W System.err: at com.kugou.common.statistics.e.b.a(SourceFile:232)
06-29 10:13:57.666 14383 14383 W System.err: at com.kugou.common.statistics.e.b.b(SourceFile:79)
06-29 10:13:57.666 14383 14383 W System.err: at com.kugou.common.statistics.e.a.b(SourceFile:45)
06-29 10:13:57.666 14383 14383 W System.err: at net.wequick.small.p.c(SourceFile:147)
06-29 10:13:57.666 14383 14383 W System.err: at net.wequick.small.p.e(SourceFile:174)
06-29 10:13:57.666 14383 14383 W System.err: at net.wequick.small.p$1.run(SourceFile:111)
06-29 10:13:57.666 14383 14383 W System.err: at android.os.Handler.handleCallback(Handler.java:938)
06-29 10:13:57.666 14383 14383 W System.err: at android.os.Handler.dispatchMessage(Handler.java:99)
06-29 10:13:57.666 14383 14383 W System.err: at android.os.Looper.loopOnce(Looper.java:201)
06-29 10:13:57.666 14383 14383 W System.err: at android.os.Looper.loop(Looper.java:288)
06-29 10:13:57.666 14383 14383 W System.err: at android.app.ActivityThread.main(ActivityThread.java:7880)
06-29 10:13:57.666 14383 14383 W System.err: at java.lang.reflect.Method.invoke(Native Method)
06-29 10:13:57.666 14383 14383 W System.err: at com.android.internal.os.RuntimeInit$MethodAndArgsCaller.run(RuntimeInit.java:548)
06-29 10:13:57.666 14383 14383 W System.err: at com.android.internal.os.ZygoteInit.main(ZygoteInit.java:1009)
06-29 10:13:57.666 14383 14383 W System.err: java.lang.NumberFormatException: empty String
06-29 10:13:57.666 14383 14383 W System.err: at sun.misc.FloatingDecimal.readJavaFormatString(FloatingDecimal.java:1842)
06-29 10:13:57.666 14383 14383 W System.err: at sun.misc.FloatingDecimal.parseFloat(FloatingDecimal.java:122)
06-29 10:13:57.666 14383 14383 W System.err: at java.lang.Float.parseFloat(Float.java:451)
06-29 10:13:57.666 14383 14383 W System.err: at com.kugou.common.config.g.a(SourceFile:380)
06-29 10:13:57.666 14383 14383 W System.err: at com.kugou.common.datacollect.d.e.C(SourceFile:357)
06-29 10:13:57.666 14383 14383 W System.err: at com.kugou.common.datacollect.d.e.(SourceFile:106)
06-29 10:13:57.666 14383 14383 W System.err: at com.kugou.common.datacollect.d.e.a(SourceFile:242)
06-29 10:13:57.666 14383 14383 W System.err: at com.kugou.common.statistics.e.b.a(SourceFile:232)
06-29 10:13:57.666 14383 14383 W System.err: at com.kugou.common.statistics.e.b.b(SourceFile:79)
06-29 10:13:57.666 14383 14383 W System.err: at com.kugou.common.statistics.e.a.b(SourceFile:45)
06-29 10:13:57.666 14383 14383 W System.err: at net.wequick.small.p.c(SourceFile:147)
06-29 10:13:57.666 14383 14383 W System.err: at net.wequick.small.p.e(SourceFile:174)
06-29 10:13:57.666 14383 14383 W System.err: at net.wequick.small.p$1.run(SourceFile:111)
06-29 10:13:57.666 14383 14383 W System.err: at android.os.Handler.handleCallback(Handler.java:938)
06-29 10:13:57.666 14383 14383 W System.err: at android.os.Handler.dispatchMessage(Handler.java:99)
06-29 10:13:57.666 14383 14383 W System.err: at android.os.Looper.loopOnce(Looper.java:201)
06-29 10:13:57.666 14383 14383 W System.err: at android.os.Looper.loop(Looper.java:288)
06-29 10:13:57.666 14383 14383 W System.err: at android.app.ActivityThread.main(ActivityThread.java:7880)
06-29 10:13:57.666 14383 14383 W System.err: at java.lang.reflect.Method.invoke(Native Method)
06-29 10:13:57.666 14383 14383 W System.err: at com.android.internal.os.RuntimeInit$MethodAndArgsCaller.run(RuntimeInit.java:548)
06-29 10:13:57.666 14383 14383 W System.err: at com.android.internal.os.ZygoteInit.main(ZygoteInit.java:1009)
06-29 10:13:57.667 14383 14383 W System.err: java.lang.NumberFormatException: For input string: ""
06-29 10:13:57.667 14383 14383 W System.err: at java.lang.Integer.parseInt(Integer.java:627)
06-29 10:13:57.667 14383 14383 W System.err: at java.lang.Integer.parseInt(Integer.java:650)
06-29 10:13:57.667 14383 14383 W System.err: at com.kugou.common.config.g.a(SourceFile:346)
06-29 10:13:57.667 14383 14383 W System.err: at com.kugou.common.datacollect.d.e.F(SourceFile:419)
06-29 10:13:57.667 14383 14383 W System.err: at com.kugou.common.datacollect.d.e.(SourceFile:109)
06-29 10:13:57.667 14383 14383 W System.err: at com.kugou.common.datacollect.d.e.a(SourceFile:242)
06-29 10:13:57.667 14383 14383 W System.err: at com.kugou.common.statistics.e.b.a(SourceFile:232)
06-29 10:13:57.667 14383 14383 W System.err: at com.kugou.common.statistics.e.b.b(SourceFile:79)
06-29 10:13:57.667 14383 14383 W System.err: at com.kugou.common.statistics.e.a.b(SourceFile:45)
06-29 10:13:57.667 14383 14383 W System.err: at net.wequick.small.p.c(SourceFile:147)
06-29 10:13:57.667 14383 14383 W System.err: at net.wequick.small.p.e(SourceFile:174)
06-29 10:13:57.667 14383 14383 W System.err: at net.wequick.small.p$1.run(SourceFile:111)
06-29 10:13:57.667 14383 14383 W System.err: at android.os.Handler.handleCallback(Handler.java:938)
06-29 10:13:57.667 14383 14383 W System.err: at android.os.Handler.dispatchMessage(Handler.java:99)
06-29 10:13:57.667 14383 14383 W System.err: at android.os.Looper.loopOnce(Looper.java:201)
06-29 10:13:57.667 14383 14383 W System.err: at android.os.Looper.loop(Looper.java:288)
06-29 10:13:57.667 14383 14383 W System.err: at android.app.ActivityThread.main(ActivityThread.java:7880)
06-29 10:13:57.667 14383 14383 W System.err: at java.lang.reflect.Method.invoke(Native Method)
06-29 10:13:57.667 14383 14383 W System.err: at com.android.internal.os.RuntimeInit$MethodAndArgsCaller.run(RuntimeInit.java:548)
06-29 10:13:57.667 14383 14383 W System.err: at com.android.internal.os.ZygoteInit.main(ZygoteInit.java:1009)
06-29 10:13:57.667 14383 14383 W System.err: java.lang.NumberFormatException: For input string: ""
06-29 10:13:57.668 14383 14383 W System.err: at java.lang.Integer.parseInt(Integer.java:627)
06-29 10:13:57.668 14383 14383 W System.err: at java.lang.Integer.parseInt(Integer.java:650)
06-29 10:13:57.668 14383 14383 W System.err: at com.kugou.common.config.g.a(SourceFile:346)
06-29 10:13:57.668 14383 14383 W System.err: at com.kugou.common.datacollect.d.e.I(SourceFile:438)
06-29 10:13:57.668 14383 14383 W System.err: at com.kugou.common.datacollect.d.e.(SourceFile:110)
06-29 10:13:57.668 14383 14383 W System.err: at com.kugou.common.datacollect.d.e.a(SourceFile:242)
06-29 10:13:57.668 14383 14383 W System.err: at com.kugou.common.statistics.e.b.a(SourceFile:232)
06-29 10:13:57.668 14383 14383 W System.err: at com.kugou.common.statistics.e.b.b(SourceFile:79)
06-29 10:13:57.668 14383 14383 W System.err: at com.kugou.common.statistics.e.a.b(SourceFile:45)
06-29 10:13:57.668 14383 14383 W System.err: at net.wequick.small.p.c(SourceFile:147)
06-29 10:13:57.668 14383 14383 W System.err: at net.wequick.small.p.e(SourceFile:174)
06-29 10:13:57.668 14383 14383 W System.err: at net.wequick.small.p$1.run(SourceFile:111)
06-29 10:13:57.668 14383 14383 W System.err: at android.os.Handler.handleCallback(Handler.java:938)
06-29 10:13:57.668 14383 14383 W System.err: at android.os.Handler.dispatchMessage(Handler.java:99)
06-29 10:13:57.668 14383 14383 W System.err: at android.os.Looper.loopOnce(Looper.java:201)
06-29 10:13:57.668 14383 14383 W System.err: at android.os.Looper.loop(Looper.java:288)
06-29 10:13:57.668 14383 14383 W System.err: at android.app.ActivityThread.main(ActivityThread.java:7880)
06-29 10:13:57.668 14383 14383 W System.err: at java.lang.reflect.Method.invoke(Native Method)
06-29 10:13:57.668 14383 14383 W System.err: at com.android.internal.os.RuntimeInit$MethodAndArgsCaller.run(RuntimeInit.java:548)
06-29 10:13:57.668 14383 14383 W System.err: at com.android.internal.os.ZygoteInit.main(ZygoteInit.java:1009)
06-29 10:13:57.668 14383 14383 E PrivacyValue: com.kugou.android Fake ? : true
06-29 10:13:57.668 14383 14383 W System.err: java.lang.NumberFormatException: For input string: ""
06-29 10:13:57.668 14383 14383 W System.err: at java.lang.Integer.parseInt(Integer.java:627)
06-29 10:13:57.668 14383 14383 W System.err: at java.lang.Integer.parseInt(Integer.java:650)
06-29 10:13:57.668 14383 14383 W System.err: at com.kugou.common.config.g.a(SourceFile:346)
06-29 10:13:57.668 14383 14383 W System.err: at com.kugou.common.datacollect.d.e.J(SourceFile:454)
06-29 10:13:57.668 14383 14383 W System.err: at com.kugou.common.datacollect.d.e.(SourceFile:111)
06-29 10:13:57.668 14383 14383 W System.err: at com.kugou.common.datacollect.d.e.a(SourceFile:242)
06-29 10:13:57.668 14383 14383 W System.err: at com.kugou.common.statistics.e.b.a(SourceFile:232)
06-29 10:13:57.668 14383 14383 W System.err: at com.kugou.common.statistics.e.b.b(SourceFile:79)
06-29 10:13:57.668 14383 14383 W System.err: at com.kugou.common.statistics.e.a.b(SourceFile:45)
06-29 10:13:57.668 14383 14383 W System.err: at net.wequick.small.p.c(SourceFile:147)
06-29 10:13:57.668 14383 14383 W System.err: at net.wequick.small.p.e(SourceFile:174)
06-29 10:13:57.668 14383 14383 W System.err: at net.wequick.small.p$1.run(SourceFile:111)
06-29 10:13:57.668 14383 14383 W System.err: at android.os.Handler.handleCallback(Handler.java:938)
06-29 10:13:57.668 14383 14383 W System.err: at android.os.Handler.dispatchMessage(Handler.java:99)
06-29 10:13:57.668 14383 14383 W System.err: at android.os.Looper.loopOnce(Looper.java:201)
06-29 10:13:57.668 14383 14383 W System.err: at android.os.Looper.loop(Looper.java:288)
06-29 10:13:57.668 14383 14383 W System.err: at android.app.ActivityThread.main(ActivityThread.java:7880)
06-29 10:13:57.668 14383 14383 W System.err: at java.lang.reflect.Method.invoke(Native Method)
06-29 10:13:57.668 14383 14383 W System.err: at com.android.internal.os.RuntimeInit$MethodAndArgsCaller.run(RuntimeInit.java:548)
06-29 10:13:57.668 14383 14383 W System.err: at com.android.internal.os.ZygoteInit.main(ZygoteInit.java:1009)
06-29 10:13:57.674 14383 14622 I EventbusInit: init index cost:41
06-29 10:13:57.675 14383 14622 I DynamicClassLoader: mappingNotFoundClass: com.kugou.common.KGEventbusKuqunIndex
06-29 10:13:57.677 14383 14383 E PrivacyValue: com.kugou.android Fake ? : true
06-29 10:13:57.679 14283 14283 E PrivacyValue: com.kugou.android.support Fake ? : true
06-29 10:13:57.679 14283 14283 I Process : Sending signal. PID: 14283 SIG: 9
06-29 10:13:57.688 14383 14383 I System.out: siganid init listener
06-29 10:13:57.697 14383 14383 I System.out: initListener 1
06-29 10:13:57.740 1570 9392 D ConnectivityService: ConnectivityService NetworkRequestInfo binderDied(uid/pid:10115/14283, android.os.BinderProxy@5fd6782)
06-29 10:13:57.740 702 702 I Zygote : Process 14283 exited due to signal 9 (Killed)
06-29 10:13:57.741 1570 9808 D ConnectivityService: ConnectivityService NetworkRequestInfo binderDied(uid/pid:10115/14283, android.os.BinderProxy@2fade93)
06-29 10:13:57.741 1570 1969 D ConnectivityService: releasing NetworkRequest [ REQUEST id=199, [ Capabilities: INTERNET&NOT_RESTRICTED&TRUSTED&NOT_VCN_MANAGED Uid: 10115 RequestorUid: 10115 RequestorPkg: com.kugou.android] ] (release request)
06-29 10:13:57.742 1570 1969 D ConnectivityService: releasing NetworkRequest [ REQUEST id=201, [ Capabilities: INTERNET&NOT_RESTRICTED&TRUSTED&NOT_VCN_MANAGED Uid: 10115 RequestorUid: 10115 RequestorPkg: com.kugou.android] ] (release request)
06-29 10:13:57.742 1570 10710 I ActivityManager: Process com.kugou.android.support (pid 14283) has died: fg SVC
06-29 10:13:57.743 1570 1726 I libprocessgroup: Successfully killed process cgroup uid 10115 pid 14283 in 0ms
06-29 10:13:57.743 1570 10710 I am_proc_died: [0,14283,com.kugou.android.support,0,10]
06-29 10:13:57.744 1570 10710 W ActivityManager: Scheduling restart of crashed service com.kugou.android/com.kugou.framework.service.ipc.peripheral.connect.SupportService in 9152ms for start-requested
06-29 10:13:57.744 1570 10710 I am_schedule_service_restart: [0,com.kugou.android/com.kugou.framework.service.ipc.peripheral.connect.SupportService,9152]
06-29 10:13:57.746 1570 10710 I ActivityManager: Killing 13999:com.baidu.appsearch/u0a108 (adj 925): empty #2
06-29 10:13:57.746 1570 10710 I am_kill : [0,13999,com.baidu.appsearch,925,empty #2]
06-29 10:13:57.749 1570 1724 W BroadcastQueue: Skipping deliver [background] BroadcastRecord{d53bed0 u0 com.baidu.sofire.x18.al.dy.nor} to ReceiverList{b34ec82 13999 com.baidu.appsearch/10108/u0 remote:3664bcd}: process gone or crashing
06-29 10:13:57.749 1570 1889 D PowerManagerService: acquireWakeLockInternal: lock=204342601, flags=0x1, tag="*alarm*", ws=WorkSource{10108}, uid=1000, pid=1570
06-29 10:13:57.749 1570 1889 D PowerManagerService: updateWakeLockSummaryLocked: mWakefulness=Awake, mWakeLockSummary=0x1
06-29 10:13:57.749 1570 1889 D PowerManagerService: updateUserActivitySummaryLocked: groupId=0, mWakefulness=Awake, mUserActivitySummary=0x1, nextTimeout=190805 (in 57849 ms)
06-29 10:13:57.749 1570 1889 D PowerManagerNotifier: onScreenPolicyUpdate: newPolicy=3
06-29 10:13:57.749 1570 1889 D PowerManagerService: updateDisplayPowerStateLocked: displayReady=true, groupId=0, policy=BRIGHT, mWakefulness=Awake, mWakeLockSummary=0x1, mUserActivitySummary=0x1, mBootCompleted=true, screenBrightnessOverride=NaN, useAutoBrightness=false, mScreenBrightnessBoostInProgress=false, mIsVrModeEnabled= false, sQuiescent=false
06-29 10:13:57.749 1570 1889 D PowerManagerNotifier: onWakeLockAcquired: flags=1, tag="*alarm*", packageName=android, ownerUid=1000, ownerPid=1570, workSource=WorkSource{10108}
06-29 10:13:57.749 14383 14383 E PrivacyValue: com.kugou.android Fake ? : true
06-29 10:13:57.750 1570 1570 D PowerManagerService: releaseWakeLockInternal: lock=204342601 [*alarm*], flags=0x0
06-29 10:13:57.750 1570 1570 D PowerManagerNotifier: onWakeLockReleased: flags=1, tag="*alarm*", packageName=android, ownerUid=1000, ownerPid=1570, workSource=WorkSource{10108}
06-29 10:13:57.750 1570 1570 D PowerManagerService: updateWakeLockSummaryLocked: mWakefulness=Awake, mWakeLockSummary=0x1
06-29 10:13:57.750 1570 1570 D PowerManagerService: updateUserActivitySummaryLocked: groupId=0, mWakefulness=Awake, mUserActivitySummary=0x1, nextTimeout=190805 (in 57848 ms)
06-29 10:13:57.750 1570 1570 D PowerManagerNotifier: onScreenPolicyUpdate: newPolicy=3
06-29 10:13:57.750 1570 1570 D PowerManagerService: updateDisplayPowerStateLocked: displayReady=true, groupId=0, policy=BRIGHT, mWakefulness=Awake, mWakeLockSummary=0x1, mUserActivitySummary=0x1, mBootCompleted=true, screenBrightnessOverride=NaN, useAutoBrightness=false, mScreenBrightnessBoostInProgress=false, mIsVrModeEnabled= false, sQuiescent=false
06-29 10:13:57.758 1570 1726 I libprocessgroup: Successfully killed process cgroup uid 10108 pid 13999 in 10ms
06-29 10:13:57.761 14127 14250 I WCDB.SQLiteConnectionPool: Max connection pool size is 1.
06-29 10:13:57.765 14383 14383 E PrivacyValue: com.kugou.android Fake ? : true
06-29 10:13:57.767 14127 14250 I WCDB : Initialize SQLite connection module 'MMFTS'...
06-29 10:13:57.775 14383 14383 I Hack.Hub: file.create, name = /data/user/0/com.kugou.android/files/skin_info/online_skin_info
06-29 10:13:57.776 14383 14383 E PrivacyValue: com.kugou.android Fake ? : true
06-29 10:13:57.801 14127 14250 I WCDB.SQLiteConnection: Opened connection 0x7621c17138 with label '/data/user/0/com.ss.android.ugc.aweme/databases/encrypted_im_biz_0.db'
06-29 10:13:57.801 14127 14250 I WCDB.SQLiteConnection: sqlite3_key verification passed.
06-29 10:13:57.824 1570 10710 D PowerManagerService: handleWakeLockDeath: lock=265965067 [WakeLock1]
06-29 10:13:57.824 1570 10710 D PowerManagerService: updateWakeLockSummaryLocked: mWakefulness=Awake, mWakeLockSummary=0x1
06-29 10:13:57.824 1570 10710 D PowerManagerService: updateUserActivitySummaryLocked: groupId=0, mWakefulness=Awake, mUserActivitySummary=0x1, nextTimeout=190805 (in 57774 ms)
06-29 10:13:57.825 1570 10710 D PowerManagerNotifier: onScreenPolicyUpdate: newPolicy=3
06-29 10:13:57.825 1570 10710 D PowerManagerService: updateDisplayPowerStateLocked: displayReady=true, groupId=0, policy=BRIGHT, mWakefulness=Awake, mWakeLockSummary=0x1, mUserActivitySummary=0x1, mBootCompleted=true, screenBrightnessOverride=NaN, useAutoBrightness=false, mScreenBrightnessBoostInProgress=false, mIsVrModeEnabled= false, sQuiescent=false
06-29 10:13:57.825 1570 2485 I am_proc_died: [0,13999,com.baidu.appsearch,925,19]
06-29 10:13:57.825 702 702 I Zygote : Process 13999 exited due to signal 9 (Killed)
06-29 10:13:57.826 1570 2485 I am_uid_stopped: 10108
06-29 10:13:57.842 1570 1717 I am_uid_running: 10108
06-29 10:13:57.842 1570 1717 D CompatibilityChangeReporter: Compat change id reported: 135634846; UID 10108; state: DISABLED
06-29 10:13:57.843 1570 1717 D CompatibilityChangeReporter: Compat change id reported: 177438394; UID 10108; state: DISABLED
06-29 10:13:57.843 1570 1717 D CompatibilityChangeReporter: Compat change id reported: 135772972; UID 10108; state: DISABLED
06-29 10:13:57.843 1570 1717 D CompatibilityChangeReporter: Compat change id reported: 135754954; UID 10108; state: DISABLED
06-29 10:13:57.843 1570 1725 D CompatibilityChangeReporter: Compat change id reported: 143937733; UID 10108; state: DISABLED
06-29 10:13:57.849 14127 14217 D traceroute-jni: start traceroute
06-29 10:13:57.853 702 702 D Zygote : Forked child process 14690
06-29 10:13:57.853 1570 1725 I am_proc_start: [0,14690,10108,com.baidu.appsearch,NULL,]
06-29 10:13:57.853 1570 1725 I ActivityManager: Start proc 14690:com.baidu.appsearch/u0a108 for null
06-29 10:13:57.857 14127 14687 D traceroute-jni: command size:3
06-29 10:13:57.858 14127 14687 D traceroute-jni: command 0 = location-traceroute-sg.bytedance.com
06-29 10:13:57.858 14127 14687 D traceroute-jni: command 1 = 1
06-29 10:13:57.858 14127 14687 D traceroute-jni: command 2 = 64
06-29 10:13:57.860 14383 14688 I Hack.Hub: file.remove, name = /data/user/0/com.kugou.android/cache/checkFileInTwo
06-29 10:13:57.860 14690 14690 I libc : SetHeapTaggingLevel: tag level set to 0
06-29 10:13:57.860 14383 14688 I Hack.Hub: file.remove, name = /data/user/0/com.kugou.android/cache/checkFileInTwo
06-29 10:13:57.864 1570 1723 I sysui_multi_action: [757,1717,758,1,759,0]
06-29 10:13:57.864 1570 1723 I sysui_multi_action: [757,1717,758,2,759,0]
06-29 10:13:57.864 1570 1723 I sysui_multi_action: [757,1717,758,3,759,0]
06-29 10:13:57.872 14690 14690 E baidu.appsearc: Not starting debugger since process cannot load the jdwp agent.
06-29 10:13:57.874 14690 14690 D ProcessState: Binder ioctl to enable oneway spam detection failed: Invalid argument
06-29 10:13:57.877 0 0 I [ 133.081452] binder: 14690:14690 ioctl 40046210 7fe27a47d4 returned -22
06-29 10:13:57.879 1570 2485 I am_proc_bound: [0,14690,com.baidu.appsearch]
06-29 10:13:57.885 1570 2485 D CompatibilityChangeReporter: Compat change id reported: 168419799; UID 10108; state: DISABLED
06-29 10:13:57.885 1570 2485 D CompatibilityInfo: mCompatibilityFlags - 4
06-29 10:13:57.885 1570 2485 D CompatibilityInfo: applicationDensity - 240
06-29 10:13:57.885 1570 2485 D CompatibilityInfo: applicationScale - 1.0
06-29 10:13:57.899 14690 14690 D CompatibilityChangeReporter: Compat change id reported: 171979766; UID 10108; state: DISABLED
06-29 10:13:57.913 1570 1723 I am_pss : [8333,10101,com.tencent.android.qqdownloader:live,25864192,18337792,0,141565952,0,5,9]
06-29 10:13:57.929 14690 14690 D ApplicationLoaders: Returning zygote-cached class loader: /system/framework/android.test.base.jar
06-29 10:13:57.944 14383 14709 D SQLiteOpenHelper: cannot make database dir.
06-29 10:13:57.974 14690 14690 I Perf : Connecting to perf service.
06-29 10:13:57.992 14383 14709 E JarClassMapper: jar.code = 530
06-29 10:13:57.992 14383 14709 I System.out: Hello, sdk-530 loaded
06-29 10:13:57.995 14690 14690 V GraphicsEnvironment: ANGLE Developer option for 'com.baidu.appsearch' set to: 'default'
06-29 10:13:57.996 14690 14690 V GraphicsEnvironment: ANGLE GameManagerService for com.baidu.appsearch: false
06-29 10:13:57.996 14690 14690 V GraphicsEnvironment: Updatable production driver is not supported on the device.
06-29 10:13:57.997 14690 14690 D NetworkSecurityConfig: Using Network Security Config from resource c debugBuild: false
06-29 10:13:57.998 14690 14690 D NetworkSecurityConfig: Using Network Security Config from resource c debugBuild: false
06-29 10:13:58.009 14717 14717 D ProcessState: Binder ioctl to enable oneway spam detection failed: Invalid argument
06-29 10:13:58.013 0 0 I [ 133.215799] binder: 14717:14717 ioctl 40046210 7fc843c9c4 returned -22
06-29 10:13:58.022 14690 14690 I MultiDex: VM with version 2.1.0 has multidex support
06-29 10:13:58.022 14690 14690 I MultiDex: Installing application
06-29 10:13:58.022 14690 14690 I MultiDex: VM has multidex support, MultiDex support library is disabled.
06-29 10:13:58.029 14690 14690 W HMSSDK_PushPreferences: get new sharedPreferences failed,start to get from context.
06-29 10:13:58.033 14690 14690 I Helios : provider onCreate
06-29 10:13:58.043 14690 14690 I AGConnectProvider: AGConnectInitializeProvider#onCreate
06-29 10:13:58.043 14690 14726 E HMSSDK_HMSPackageManager: Failed to find HMS apk
06-29 10:13:58.043 14690 14690 I AGConnectInstance: AGConnectInstance#initialize
06-29 10:13:58.044 14690 14690 I ServiceRegistrarParser: getServices
06-29 10:13:58.045 14690 14690 I ServiceRegistrarParser: services:0
06-29 10:13:58.085 14690 14690 V ASEventManager: register success permission_result_event
06-29 10:13:58.085 14690 14690 V ASEventManager: register success permission_dialog_confirm_event
06-29 10:13:58.085 14690 14690 V ASEventManager: register success permission_dialog_show_event
06-29 10:13:58.085 14690 14690 V ASEventManager: register success permission_system_dialog_show_event
06-29 10:13:58.110 14690 14734 I DpmTcmClient: RegisterTcmMonitor from: $Proxy2
06-29 10:13:58.249 14127 14244 W Settings: Setting development_settings_enabled has moved from android.provider.Settings.Secure to android.provider.Settings.Global.
06-29 10:13:58.250 14127 14244 W Settings: Setting adb_enabled has moved from android.provider.Settings.Secure to android.provider.Settings.Global.
06-29 10:13:58.295 14690 14690 I System.out: -----------1processName : com.baidu.appsearch; pkgName : com.baidu.appsearch
06-29 10:13:58.318 14690 14690 D BaiDuAbSDK: get sampleResult from sp
06-29 10:13:58.327 0 0 I [ 133.531217] binder: 14762:14762 ioctl 40046210 7fd7c6b1e4 returned -22
06-29 10:13:58.324 14762 14762 D ProcessState: Binder ioctl to enable oneway spam detection failed: Invalid argument
06-29 10:13:58.349 14690 14774 I WebViewFactory: Loading com.android.webview version 101.0.4951.61 (code 495156103)
06-29 10:13:58.351 14690 14773 D BaiDuAbSDK: insert one log app_launch
06-29 10:13:58.367 14127 14127 I auditd : type=1400 audit(0.0:2541): avc: denied { search } for comm="Thread-550" name="net" dev="sysfs" ino=46864 scontext=u:r:untrusted_app_29:s0:c104,c256,c512,c768 tcontext=u:object_r:sysfs_net:s0 tclass=dir permissive=0 app=com.ss.android.ugc.aweme
06-29 10:13:58.367 14127 14127 W Thread-550: type=1400 audit(0.0:2541): avc: denied { search } for name="net" dev="sysfs" ino=46864 scontext=u:r:untrusted_app_29:s0:c104,c256,c512,c768 tcontext=u:object_r:sysfs_net:s0 tclass=dir permissive=0 app=com.ss.android.ugc.aweme
06-29 10:13:58.367 14127 14127 I auditd : type=1400 audit(0.0:2542): avc: denied { search } for comm="Thread-550" name="net" dev="sysfs" ino=46864 scontext=u:r:untrusted_app_29:s0:c104,c256,c512,c768 tcontext=u:object_r:sysfs_net:s0 tclass=dir permissive=0 app=com.ss.android.ugc.aweme
06-29 10:13:58.367 14127 14127 W Thread-550: type=1400 audit(0.0:2542): avc: denied { search } for name="net" dev="sysfs" ino=46864 scontext=u:r:untrusted_app_29:s0:c104,c256,c512,c768 tcontext=u:object_r:sysfs_net:s0 tclass=dir permissive=0 app=com.ss.android.ugc.aweme
06-29 10:13:58.375 14690 14774 D nativeloader: classloader namespace configured for unbundled product apk. library_path=/product/app/webview/lib/arm64:/product/app/webview/webview.apk!/lib/arm64-v8a:/product/lib64:/system/product/lib64
06-29 10:13:58.393 833 9676 E audio_hw_primary: out_write: error -5, cannot write stream data: I/O error
06-29 10:13:58.393 833 9676 D audio_hw_primary: out_standby: enter: stream (0xed1c21a0) usecase(1: low-latency-playback)
06-29 10:13:58.404 14690 14788 D CompatibilityChangeReporter: Compat change id reported: 160794467; UID 10108; state: DISABLED
06-29 10:13:58.415 14690 14755 W baidu.appsearc: Class com.baidu.sofire.ac.U failed lock verification and will run slower.
06-29 10:13:58.415 14690 14755 W baidu.appsearc: Common causes for lock verification issues are non-optimized dex code
06-29 10:13:58.415 14690 14755 W baidu.appsearc: and incorrect proguard optimizations.
06-29 10:13:58.437 1570 1724 W BroadcastQueue: Permission Denial: broadcasting Intent { act=android.net.conn.CONNECTIVITY_CHANGE flg=0x4200010 (has extras) } from null (pid=-1, uid=-1) requires com.baidu.appsearch.permission.sofire.RECEIVE due to registered receiver BroadcastFilter{34cbccb 10108/u0 ReceiverList{3bf7b9a 14690 com.baidu.appsearch/10108/u0 remote:bc3c845}}
06-29 10:13:58.449 14690 14774 I cr_WVCFactoryProvider: Loaded version=101.0.4951.61 minSdkVersion=23 isBundle=false multiprocess=true packageId=2
06-29 10:13:58.483 14690 14774 I cr_LibraryLoader: Successfully loaded native library
06-29 10:13:58.483 14690 14774 I cr_CachingUmaRecorder: Flushed 8 samples from 8 histograms.
06-29 10:13:58.510 14690 14774 W baidu.appsearc: Unsupported class loader
06-29 10:13:58.512 14690 14774 W baidu.appsearc: Unsupported class loader
06-29 10:13:58.512 1570 2995 E system_server: Invalid class loader spec: =UnsupportedClassLoaderContext=
06-29 10:13:58.512 1570 2995 E PackageDexUsage: Unsupported context?
06-29 10:13:58.529 14127 14798 D NETECHO.NATIVE: parse cmsg, cmsg_level 1, cmsg_type 29
06-29 10:13:58.529 14127 14798 D NETECHO.NATIVE: recv icmp kernel recv time 1688004838s 529007us
06-29 10:13:58.529 14127 14798 D NETECHO.NATIVE: parse cmsg, cmsg_level 0, cmsg_type 2
06-29 10:13:58.529 14127 14798 D NETECHO.NATIVE: recv icmp ttl 44
06-29 10:13:58.529 14127 14798 D NETECHO.NATIVE: ping cost 63.729ms
06-29 10:13:58.529 14127 14798 D NETECHO.NATIVE: parse cmsg, cmsg_level 1, cmsg_type 29
06-29 10:13:58.529 14127 14798 D NETECHO.NATIVE: recv icmp kernel recv time 1688004838s 529048us
06-29 10:13:58.529 14127 14798 D NETECHO.NATIVE: parse cmsg, cmsg_level 0, cmsg_type 2
06-29 10:13:58.529 14127 14798 D NETECHO.NATIVE: recv icmp ttl 44
06-29 10:13:58.529 14127 14798 D NETECHO.NATIVE: ping cost 63.659ms
06-29 10:13:58.529 14127 14798 D NETECHO.NATIVE: parse cmsg, cmsg_level 1, cmsg_type 29
06-29 10:13:58.529 14127 14798 D NETECHO.NATIVE: recv icmp kernel recv time 1688004838s 529059us
06-29 10:13:58.529 14127 14798 D NETECHO.NATIVE: parse cmsg, cmsg_level 0, cmsg_type 2
06-29 10:13:58.529 14127 14798 D NETECHO.NATIVE: recv icmp ttl 44
06-29 10:13:58.529 14127 14798 D NETECHO.NATIVE: ping cost 63.611ms
06-29 10:13:58.583 14690 14690 I auditd : type=1400 audit(0.0:2543): avc: granted { nlmsg_readpriv } for comm="pass_pool_threa" scontext=u:r:untrusted_app_27:s0:c512,c768 tcontext=u:r:untrusted_app_27:s0:c512,c768 tclass=netlink_route_socket app=com.baidu.appsearch
06-29 10:13:58.583 14690 14690 W pass_pool_threa: type=1400 audit(0.0:2543): avc: granted { nlmsg_readpriv } for scontext=u:r:untrusted_app_27:s0:c512,c768 tcontext=u:r:untrusted_app_27:s0:c512,c768 tclass=netlink_route_socket app=com.baidu.appsearch
06-29 10:13:58.588 682 695 I mpu_uart: [MSG-P:RECV]:No message received in 1000 ms
06-29 10:13:58.593 0 0 E [ 133.800089] msm_pcm_playback_close: CMD_EOS failed, cmd_pending 0x8
06-29 10:13:58.601 0 0 I [ 133.807768] afe_close: port_id = 0x9000
06-29 10:13:58.607 833 9676 D audio_hw_primary: disable_audio_route: reset and update mixer path: low-latency-playback
06-29 10:13:58.608 833 9676 E soundtrigger: audio_extn_sound_trigger_update_stream_status: invalid input device 0x0, for event 2
06-29 10:13:58.608 833 9676 D soundtrigger: audio_extn_sound_trigger_update_stream_status: uc_info->id 1 of type 0 for Event 2, with Raise=0
06-29 10:13:58.608 833 9676 D msm8974_platform: platform_split_snd_device: snd_device(2) num devices(0) new_snd_devices(0)
06-29 10:13:58.608 833 9676 I msm8974_platform: platform_get_custom_mtmx_params: no matching param with id 0 ip_ch 2 op_ch 2 uc_id 1 snd_dev 2
06-29 10:13:58.608 833 9676 D hardware_info: hw_info_append_hw_type : device_name = speaker
06-29 10:13:58.608 833 9676 D audio_hw_primary: disable_snd_device: snd_device(2: speaker)
06-29 10:13:58.608 833 9676 D msm8974_platform: platform_split_snd_device: snd_device(2) num devices(0) new_snd_devices(0)
06-29 10:13:58.608 833 9676 I soundtrigger: audio_extn_sound_trigger_update_device_status: device 0x2 of type 0 for Event 0, with Raise=0
06-29 10:13:58.608 833 9676 D audio_hw_primary: out_standby: exit
06-29 10:13:58.612 833 9676 D audio_hw_primary: start_output_stream: enter: stream(0xed1c21a0)usecase(1: low-latency-playback) devices(0x2) is_haptic_usecase(0)
06-29 10:13:58.612 833 9676 D audio_hw_primary: select_devices for use case (low-latency-playback)
06-29 10:13:58.613 833 9676 I msm8974_platform: platform_check_and_set_codec_backend_cfg:becf: afe: bitwidth 16, samplerate 48000 channels 2, backend_idx 0 usecase = 1 device (speaker)
06-29 10:13:58.613 833 9676 D msm8974_platform: platform_split_snd_device: snd_device(2) num devices(1) new_snd_devices(0)
06-29 10:13:58.613 833 9676 I msm8974_platform: platform_check_and_set_codec_backend_cfg: new_snd_devices[0] is 2
06-29 10:13:58.613 833 9676 I msm8974_platform: platform_check_codec_backend_cfg:becf: afe: bitwidth 16, samplerate 48000 channels 2, backend_idx 0 usecase = 1 device (speaker)
06-29 10:13:58.613 1570 2995 W ActivityManager: Background start not allowed: service Intent { cmp=com.baidu.appsearch/.downloads.DownloadService (has extras) } to com.baidu.appsearch/.downloads.DownloadService from pid=14690 uid=10108 pkg=com.baidu.appsearch startFg?=false
06-29 10:13:58.614 833 9676 D audio_hw_extn: audio_extn_enable_hifi_filter: mixer_value set 0
06-29 10:13:58.614 833 9676 D msm8974_platform: platform_check_codec_backend_cfg:becf: updated afe: bitwidth 16, samplerate 48000 channels 2,backend_idx 0 usecase = 1 device (speaker)
06-29 10:13:58.614 833 9676 D msm8974_platform: platform_check_codec_backend_cfg:becf: afe: playback on codec device not supporting native playback set default Sample Rate(48k)
06-29 10:13:58.614 833 9676 I msm8974_platform: platform_check_codec_backend_cfg:becf: afe: Codec selected backend: 0 updated bit width: 16 and sample rate: 48000
06-29 10:13:58.614 833 9676 D audio_hw_primary: check_usecases_codec_backend:becf: force routing 0
06-29 10:13:58.614 833 9676 E msm8974_platform: platform_check_backends_match: Invalid snd_device =
06-29 10:13:58.614 833 9676 D audio_hw_primary: check_usecases_codec_backend:becf: (78) check_usecases curr device: speaker, usecase device: backends match 0
06-29 10:13:58.614 833 9676 D audio_hw_primary: check_usecases_codec_backend:becf: check_usecases num.of Usecases to switch 0
06-29 10:13:58.614 833 9676 D hardware_info: hw_info_append_hw_type : device_name = speaker
06-29 10:13:58.614 833 9676 D msm8974_platform: platform_split_snd_device: snd_device(2) num devices(0) new_snd_devices(0)
06-29 10:13:58.614 833 9676 D audio_hw_primary: enable_snd_device: snd_device(2: speaker)
06-29 10:13:58.614 833 9676 D msm8974_platform: platform_get_island_cfg_on_device:island cfg status on snd_device = (speaker 0)
06-29 10:13:58.614 833 9676 I soundtrigger: audio_extn_sound_trigger_update_device_status: device 0x2 of type 0 for Event 1, with Raise=0
06-29 10:13:58.614 833 9676 D audio_route: Apply path: speaker
06-29 10:13:58.614 833 9676 I audio_hw_utils: audio_extn_utils_update_stream_output_app_type_cfg Allowing 24 and above bits playback on speaker ONLY at default sampling rate
06-29 10:13:58.614 833 9676 E soundtrigger: audio_extn_sound_trigger_update_stream_status: invalid input device 0x0, for event 3
06-29 10:13:58.614 833 9676 D soundtrigger: audio_extn_sound_trigger_update_stream_status: uc_info->id 1 of type 0 for Event 3, with Raise=0
06-29 10:13:58.614 833 9676 D audio_hw_utils: audio_extn_utils_send_app_type_cfg: usecase->out_snd_device speaker
06-29 10:13:58.614 833 9676 D msm8974_platform: platform_split_snd_device: snd_device(2) num devices(0) new_snd_devices(0)
06-29 10:13:58.614 833 9676 D audio_hw_utils: audio_extn_btsco_get_sample_rate:Not a BT SCO device, need not update sampling rate
06-29 10:13:58.614 833 9676 I audio_hw_utils: send_app_type_cfg_for_device PLAYBACK app_type 69937, acdb_dev_id 15, sample_rate 48000, snd_device_be_idx 55
06-29 10:13:58.615 833 9676 D msm8974_platform: platform_split_snd_device: snd_device(2) num devices(1) new_snd_devices(0)
06-29 10:13:58.615 833 9676 D audio_hw_utils: audio_extn_btsco_get_sample_rate:Not a BT SCO device, need not update sampling rate
06-29 10:13:58.615 833 9676 D ACDB-LOADER: ACDB -> send_audio_cal, acdb_id = 15, path = 0, app id = 0x11131, sample rate = 48000, afe_sample_rate = 48000
06-29 10:13:58.615 833 9676 D ACDB-LOADER: ACDB -> send_asm_topology
06-29 10:13:58.615 833 9676 D ACDB-LOADER: ACDB -> ACDB_CMD_GET_AUDPROC_STREAM_TOPOLOGY_ID
06-29 10:13:58.615 833 9676 D ACDB-LOADER: ACDB -> send_adm_topology
06-29 10:13:58.615 833 9676 D ACDB-LOADER: ACDB -> ACDB_CMD_GET_AUDPROC_COMMON_TOPOLOGY_ID
06-29 10:13:58.615 833 9676 D ACDB-LOADER: ACDB -> send_audtable
06-29 10:13:58.615 833 9676 D ACDB-LOADER: ACDB -> ACDB_CMD_GET_AUDPROC_INSTANCE_COMMON_TABLE_SIZE
06-29 10:13:58.615 833 9676 D ACDB-LOADER: ACDB -> ACDB_CMD_GET_AUDPROC_INSTANCE_COMMON_TABLE
06-29 10:13:58.615 833 9676 D ACDB-LOADER: ACDB -> AUDIO_SET_AUDPROC_CAL cal_type[11] acdb_id[15] app_type[69937]
06-29 10:13:58.615 833 9676 D ACDB-LOADER: ACDB -> send_audvoltable
06-29 10:13:58.615 833 9676 D ACDB-LOADER: ACDB -> ACDB_CMD_GET_AUDPROC_INSTANCE_GAIN_DEP_STEP_TABLE_SIZE
06-29 10:13:58.615 833 9676 D ACDB-LOADER: ACDB -> ACDB_CMD_GET_AUDPROC_INSTANCE_GAIN_DEP_STEP_TABLE, vol index 0
06-29 10:13:58.615 833 9676 D ACDB-LOADER: ACDB -> AUDIO_SET_VOL_CAL cal type = 12
06-29 10:13:58.615 833 9676 D ACDB-LOADER: ACDB -> ACDB_CMD_GET_AUDPROC_INSTANCE_STREAM_TABLE_SIZE
06-29 10:13:58.615 833 9676 D ACDB-LOADER: ACDB -> send_audstrmtable
06-29 10:13:58.615 833 9676 D ACDB-LOADER: ACDB -> ACDB_CMD_GET_AUDPROC_INSTANCE_STREAM_TABLE
06-29 10:13:58.615 833 9676 D ACDB-LOADER: ACDB -> audstrm_cal->cal_type.cal_data.cal_size = 20
06-29 10:13:58.615 833 9676 D ACDB-LOADER: ACDB -> send_afe_topology
06-29 10:13:58.615 833 9676 D ACDB-LOADER: ACDB -> ACDB_CMD_GET_AFE_TOPOLOGY_ID
06-29 10:13:58.615 833 9676 D ACDB-LOADER: ACDB -> GET_AFE_TOPOLOGY_ID for adcd_id 15, Topology Id 112fc
06-29 10:13:58.615 833 9676 D ACDB-LOADER: ACDB -> send_afe_cal
06-29 10:13:58.615 833 9676 D ACDB-LOADER: ACDB -> ACDB_CMD_GET_AFE_INSTANCE_COMMON_TABLE_SIZE
06-29 10:13:58.615 833 9676 D android.hardware.audio.service: Failed to fetch the lookup information of the device 0000000F
06-29 10:13:58.615 833 9676 D ACDB-LOADER: Error: ACDB_CMD_GET_AFE_INSTANCE_COMMON_TABLE_SIZE Returned = -19
06-29 10:13:58.615 833 9676 D ACDB-LOADER: ACDB -> ACDB_CMD_GET_AFE_INSTANCE_COMMON_TABLE
06-29 10:13:58.615 833 9676 D android.hardware.audio.service: Failed to fetch the lookup information of the device 0000000F
06-29 10:13:58.615 833 9676 D ACDB-LOADER: Error: ACDB AFE returned = -19
06-29 10:13:58.615 833 9676 D ACDB-LOADER: ACDB -> AUDIO_SET_AFE_CAL cal_type[16] acdb_id[15]
06-29 10:13:58.615 833 9676 D ACDB-LOADER: ACDB -> send_hw_delay : acdb_id = 15 path = 0
06-29 10:13:58.615 833 9676 D ACDB-LOADER: ACDB -> ACDB_AVSYNC_INFO: ACDB_CMD_GET_DEVICE_PROPERTY
06-29 10:13:58.615 833 9676 D msm8974_platform: platform_split_snd_device: snd_device(2) num devices(0) new_snd_devices(0)
06-29 10:13:58.615 833 9676 I msm8974_platform: platform_get_custom_mtmx_params: no matching param with id 0 ip_ch 2 op_ch 2 uc_id 1 snd_dev 2
06-29 10:13:58.615 833 9676 D audio_hw_primary: enable_audio_route: apply mixer and update path: low-latency-playback
06-29 10:13:58.615 833 9676 D audio_route: Apply path: low-latency-playback
06-29 10:13:58.616 833 9676 D audio_hw_primary: select_devices: done
06-29 10:13:58.624 0 0 I [ 133.826736] afe_find_cal_topo_id_by_port: port id: 0x9000, dev_acdb_id: 15
06-29 10:13:58.624 0 0 I [ 133.826743] afe_find_cal_topo_id_by_port: top_id:112fc acdb_id:15 afe_port_id:0x9000
06-29 10:13:58.624 0 0 I [ 133.826746] afe_get_cal_topology_id: port_id = 0x9000 acdb_id = 15 topology_id = 0x112fc cal_type_index=8 ret=0
06-29 10:13:58.624 0 0 I [ 133.826964] afe_send_port_topology_id: AFE set topology id 0x112fc enable for port 0x9000 ret 0
06-29 10:13:58.624 0 0 I [ 133.826967] send_afe_cal_type: cal_index is 0
06-29 10:13:58.624 0 0 I [ 133.826969] send_afe_cal_type: dev_acdb_id[55] is 15
06-29 10:13:58.624 0 0 I [ 133.826972] afe_find_cal: cal_index 0 port_id 0x9000 port_index 55
06-29 10:13:58.624 0 0 I [ 133.826975] afe_find_cal: acdb_id 15 dev_acdb_id 15 sample_rate 48000 afe_sample_rates 48000
06-29 10:13:58.624 0 0 I [ 133.826977] afe_find_cal: cal block is a match, size is 0
06-29 10:13:58.624 0 0 I [ 133.826980] send_afe_cal_type: Sending cal_index cal 0
