06-29 10:13:42.255 1570 9434 D PowerManagerService: updateDisplayPowerStateLocked: displayReady=true, groupId=0, policy=BRIGHT, mWakefulness=Awake, mWakeLockSummary=0x1, mUserActivitySummary=0x1, mBootCompleted=true, screenBrightnessOverride=NaN, useAutoBrightness=false, mScreenBrightnessBoostInProgress=false, mIsVrModeEnabled= false, sQuiescent=false
06-29 10:13:42.256 10712 10712 I wm_on_top_resumed_lost_called: [77175382,com.kugou.common.useraccount.app.KgUserLoginAndRegActivity,topStateChangedWhenResumed]
06-29 10:13:42.256 2667 2667 I wm_on_create_called: [233069858,com.android.quickstep.RecentsActivity,performCreate]
06-29 10:13:42.258 1570 1717 I sysui_multi_action: [757,1144,758,8,806,com.android.launcher3,871,com.android.quickstep.RecentsActivity]
06-29 10:13:42.259 2667 2667 I wm_on_paused_called: [157777106,com.android.launcher3.uioverrides.QuickstepLauncher,performPause]
06-29 10:13:42.259 1570 8334 I wm_add_to_stopping: [0,233069858,com.android.launcher3/com.android.quickstep.RecentsActivity,completeFinishing]
06-29 10:13:42.260 1570 8334 I ActivityTaskManager: FOREGROUND_APPLICATION_CHANGED to com.kugou.common.useraccount.app.KgUserLoginAndRegActivity
06-29 10:13:42.260 1570 8334 I ActivityTaskManager: FOREGROUND_APPLICATION_CHANGED to com.android.launcher3.uioverrides.QuickstepLauncher
06-29 10:13:42.261 1570 8334 I wm_resume_activity: [0,157777106,168,com.android.launcher3/.uioverrides.QuickstepLauncher]
06-29 10:13:42.267 2667 2667 I wm_on_resume_called: [157777106,com.android.launcher3.uioverrides.QuickstepLauncher,RESUME_ACTIVITY]
06-29 10:13:42.267 1570 1717 I wm_destroy_activity: [0,233069858,180,com.android.launcher3/com.android.quickstep.RecentsActivity,finish-imm:idle]
06-29 10:13:42.268 2667 2667 I wm_on_destroy_called: [233069858,com.android.quickstep.RecentsActivity,performDestroy]
06-29 10:13:42.270 1570 8334 I wm_task_removed: [180,cleanUpResourcesForDestroy]
06-29 10:13:42.271 1570 8334 I wm_task_removed: [179,removeChild:removeChild last r=Task{8e833b3 #180 type=recents I=com.android.launcher3/com.android.quickstep.RecentsActivity U=0 visible=false mode=fullscreen translucent=true sz=0 visible freeform task=true rootAffinity=null isMini=false} in t=Task{19ef846 #179 type=recents ?? U=0 visible=false mode=fullscreen translucent=true sz=0 visible freeform task=true rootAffinity=null isMini=false}]
06-29 10:13:42.271 1570 8334 I wm_task_removed: [179,removeChild]
06-29 10:13:42.271 1570 8334 I wm_task_removed: [180,removeChild:removeChild last r=ActivityRecord{de45d22 u0 com.android.launcher3/com.android.quickstep.RecentsActivity taskAffinity=null t-1 f}} in t=Task{8e833b3 #180 type=recents I=com.android.launcher3/com.android.quickstep.RecentsActivity U=0 visible=false mode=fullscreen translucent=true sz=0 visible freeform task=true rootAffinity=null isMini=false}]
06-29 10:13:42.271 1570 8334 I wm_task_removed: [180,removeChild]
06-29 10:13:42.271 1570 8334 I ActivityTaskManager: FOREGROUND_APPLICATION_CHANGED to com.kugou.common.useraccount.app.KgUserLoginAndRegActivity
06-29 10:13:42.271 1570 1717 I sysui_multi_action: [757,1144,758,8,806,com.android.launcher3,871,com.android.quickstep.RecentsActivity]
06-29 10:13:42.272 1570 1717 I sysui_multi_action: [757,803,799,window_time_0,802,0]
06-29 10:13:42.275 10712 10712 I wm_on_top_resumed_gained_called: [77175382,com.kugou.common.useraccount.app.KgUserLoginAndRegActivity,topStateChangedWhenResumed]
06-29 10:13:42.348 1570 8334 D PowerManagerService: releaseWakeLockInternal: lock=220481945 [WakeLock1], flags=0x0
06-29 10:13:42.348 1570 8334 D PowerManagerService: updateWakeLockSummaryLocked: mWakefulness=Awake, mWakeLockSummary=0x1
06-29 10:13:42.348 1570 8334 D PowerManagerService: updateUserActivitySummaryLocked: groupId=0, mWakefulness=Awake, mUserActivitySummary=0x1, nextTimeout=177092 (in 59537 ms)
06-29 10:13:42.349 1570 8334 D PowerManagerNotifier: onScreenPolicyUpdate: newPolicy=3
06-29 10:13:42.349 1570 8334 D PowerManagerService: updateDisplayPowerStateLocked: displayReady=true, groupId=0, policy=BRIGHT, mWakefulness=Awake, mWakeLockSummary=0x1, mUserActivitySummary=0x1, mBootCompleted=true, screenBrightnessOverride=NaN, useAutoBrightness=false, mScreenBrightnessBoostInProgress=false, mIsVrModeEnabled= false, sQuiescent=false
06-29 10:13:42.349 1570 8334 D PowerManagerService: acquireWakeLockInternal: lock=221605159, flags=0x1, tag="WakeLock2", ws=null, uid=10108, pid=12048
06-29 10:13:42.350 1570 8334 D PowerManagerService: updateWakeLockSummaryLocked: mWakefulness=Awake, mWakeLockSummary=0x1
06-29 10:13:42.350 1570 8334 D PowerManagerService: updateUserActivitySummaryLocked: groupId=0, mWakefulness=Awake, mUserActivitySummary=0x1, nextTimeout=177092 (in 59536 ms)
06-29 10:13:42.350 1570 8334 D PowerManagerNotifier: onScreenPolicyUpdate: newPolicy=3
06-29 10:13:42.350 1570 8334 D PowerManagerService: updateDisplayPowerStateLocked: displayReady=true, groupId=0, policy=BRIGHT, mWakefulness=Awake, mWakeLockSummary=0x1, mUserActivitySummary=0x1, mBootCompleted=true, screenBrightnessOverride=NaN, useAutoBrightness=false, mScreenBrightnessBoostInProgress=false, mIsVrModeEnabled= false, sQuiescent=false
06-29 10:13:42.352 1570 8334 D PowerManagerService: releaseWakeLockInternal: lock=221605159 [WakeLock2], flags=0x0
06-29 10:13:42.352 1570 8334 D PowerManagerService: updateWakeLockSummaryLocked: mWakefulness=Awake, mWakeLockSummary=0x1
06-29 10:13:42.352 1570 8334 D PowerManagerService: updateUserActivitySummaryLocked: groupId=0, mWakefulness=Awake, mUserActivitySummary=0x1, nextTimeout=177092 (in 59533 ms)
06-29 10:13:42.352 1570 8334 D PowerManagerNotifier: onScreenPolicyUpdate: newPolicy=3
06-29 10:13:42.352 1570 8334 D PowerManagerService: updateDisplayPowerStateLocked: displayReady=true, groupId=0, policy=BRIGHT, mWakefulness=Awake, mWakeLockSummary=0x1, mUserActivitySummary=0x1, mBootCompleted=true, screenBrightnessOverride=NaN, useAutoBrightness=false, mScreenBrightnessBoostInProgress=false, mIsVrModeEnabled= false, sQuiescent=false
06-29 10:13:42.353 1570 8334 D PowerManagerService: acquireWakeLockInternal: lock=220481945, flags=0x1, tag="WakeLock1", ws=null, uid=10108, pid=12048
06-29 10:13:42.353 1570 8334 D PowerManagerService: updateWakeLockSummaryLocked: mWakefulness=Awake, mWakeLockSummary=0x1
06-29 10:13:42.353 1570 8334 D PowerManagerService: updateUserActivitySummaryLocked: groupId=0, mWakefulness=Awake, mUserActivitySummary=0x1, nextTimeout=177092 (in 59532 ms)
06-29 10:13:42.353 1570 8334 D PowerManagerNotifier: onScreenPolicyUpdate: newPolicy=3
06-29 10:13:42.353 1570 8334 D PowerManagerService: updateDisplayPowerStateLocked: displayReady=true, groupId=0, policy=BRIGHT, mWakefulness=Awake, mWakeLockSummary=0x1, mUserActivitySummary=0x1, mBootCompleted=true, screenBrightnessOverride=NaN, useAutoBrightness=false, mScreenBrightnessBoostInProgress=false, mIsVrModeEnabled= false, sQuiescent=false
06-29 10:13:42.364 1570 8334 D PowerManagerService: releaseWakeLockInternal: lock=61511091 [*launch*], flags=0x0
06-29 10:13:42.364 1570 8334 D PowerManagerNotifier: onWakeLockReleased: flags=1, tag="*launch*", packageName=android, ownerUid=1000, ownerPid=1570, workSource=WorkSource{10075}
06-29 10:13:42.364 1570 8334 D PowerManagerService: updateWakeLockSummaryLocked: mWakefulness=Awake, mWakeLockSummary=0x1
06-29 10:13:42.364 1570 8334 D PowerManagerService: updateUserActivitySummaryLocked: groupId=0, mWakefulness=Awake, mUserActivitySummary=0x1, nextTimeout=177092 (in 59521 ms)
06-29 10:13:42.364 1570 8334 D PowerManagerNotifier: onScreenPolicyUpdate: newPolicy=3
06-29 10:13:42.364 1570 8334 D PowerManagerService: updateDisplayPowerStateLocked: displayReady=true, groupId=0, policy=BRIGHT, mWakefulness=Awake, mWakeLockSummary=0x1, mUserActivitySummary=0x1, mBootCompleted=true, screenBrightnessOverride=NaN, useAutoBrightness=false, mScreenBrightnessBoostInProgress=false, mIsVrModeEnabled= false, sQuiescent=false
06-29 10:13:42.365 1570 1605 D ActivityTaskManager: Skipping, freeform mode : Task{35c6ada #176 type=standard A=10115:android.task.kugou U=0 visible=true mode=freeform translucent=false sz=2 visible freeform task=false rootAffinity=10115:android.task.kugou isMini=false}
06-29 10:13:42.365 1570 1605 D ActivityTaskManager: Skipping, freeform mode : Task{8a4e915 #163 type=undefined A=10109:com.netease.cloudmusic U=0 visible=false mode=freeform translucent=true sz=0 visible freeform task=true rootAffinity=10109:com.netease.cloudmusic isMini=false}
06-29 10:13:42.530 1570 1717 I wm_stop_activity: [0,36158316,com.kugou.android/.app.MediaActivity]
06-29 10:13:42.531 1570 1717 I wm_stop_activity: [0,77175382,com.kugou.android/com.kugou.common.useraccount.app.KgUserLoginAndRegActivity]
06-29 10:13:42.574 10712 10712 I wm_on_stop_called: [36158316,com.kugou.android.app.MediaActivity,STOP_ACTIVITY_ITEM]
06-29 10:13:42.582 10712 10712 I wm_on_top_resumed_lost_called: [77175382,com.kugou.common.useraccount.app.KgUserLoginAndRegActivity,topStateChangedWhenResumed]
06-29 10:13:42.590 1570 1898 I input_interaction: Interaction with: c426fd3 com.android.launcher3/com.android.launcher3.uioverrides.QuickstepLauncher (server), c5a6843 com.android.systemui.ImageWallpaper (server), edge-swipe (server), swipe-up (server), PointerEventDispatcher0 (server),
06-29 10:13:42.590 10712 10712 I wm_on_paused_called: [77175382,com.kugou.common.useraccount.app.KgUserLoginAndRegActivity,performPause]
06-29 10:13:42.590 1570 1898 D PowerManagerService: userActivityNoUpdateLocked: groupId=0, eventTime=117797, event=2, flags=0x0, uid=1000
06-29 10:13:42.590 1570 1898 D PowerManagerNotifier: onUserActivity: event=2, uid=1000
06-29 10:13:42.591 1570 1898 D PowerManagerService: updateUserActivitySummaryLocked: groupId=0, mWakefulness=Awake, mUserActivitySummary=0x1, nextTimeout=177797 (in 59999 ms)
06-29 10:13:42.591 1570 1898 D PowerManagerNotifier: onScreenPolicyUpdate: newPolicy=3
06-29 10:13:42.591 1570 1898 D PowerManagerService: updateDisplayPowerStateLocked: displayReady=true, groupId=0, policy=BRIGHT, mWakefulness=Awake, mWakeLockSummary=0x1, mUserActivitySummary=0x1, mBootCompleted=true, screenBrightnessOverride=NaN, useAutoBrightness=false, mScreenBrightnessBoostInProgress=false, mIsVrModeEnabled= false, sQuiescent=false
06-29 10:13:42.592 1570 1717 I wm_task_moved: [1,1,6]
06-29 10:13:42.593 1570 1717 I wm_set_resumed_activity: [0,com.android.launcher3/.uioverrides.QuickstepLauncher,positionChildAt]
06-29 10:13:42.593 1570 1717 I wm_task_moved: [168,1,2147483647]
06-29 10:13:42.593 1570 1717 I wm_task_to_front: [0,168]
06-29 10:13:42.593 2667 2667 I wm_on_top_resumed_gained_called: [157777106,com.android.launcher3.uioverrides.QuickstepLauncher,topStateChangedWhenResumed]
06-29 10:13:42.593 1570 1717 I wm_focused_root_task: [0,0,1,176,setFocusedTask]
06-29 10:13:42.593 1570 1717 I wm_set_resumed_activity: [0,com.android.launcher3/.uioverrides.QuickstepLauncher,setFocusedTask]
06-29 10:13:42.593 1570 1717 I ActivityTaskManager: FOREGROUND_APPLICATION_CHANGED to com.android.launcher3.uioverrides.QuickstepLauncher
06-29 10:13:42.594 1570 1718 I input_focus: [Focus request c426fd3 com.android.launcher3/com.android.launcher3.uioverrides.QuickstepLauncher,reason=UpdateInputWindows]
06-29 10:13:42.595 10712 10712 I wm_on_stop_called: [77175382,com.kugou.common.useraccount.app.KgUserLoginAndRegActivity,STOP_ACTIVITY_ITEM]
06-29 10:13:42.614 1570 1898 I input_focus: [Focus entering c426fd3 com.android.launcher3/com.android.launcher3.uioverrides.QuickstepLauncher (server),reason=setFocusedWindow]
06-29 10:13:42.724 1570 1898 D PowerManagerService: userActivityNoUpdateLocked: groupId=0, eventTime=117930, event=2, flags=0x0, uid=1000
06-29 10:13:42.724 1570 1898 D PowerManagerNotifier: onUserActivity: event=2, uid=1000
06-29 10:13:42.724 1570 1898 D PowerManagerService: updateUserActivitySummaryLocked: groupId=0, mWakefulness=Awake, mUserActivitySummary=0x1, nextTimeout=177930 (in 59999 ms)
06-29 10:13:42.724 1570 1898 D PowerManagerNotifier: onScreenPolicyUpdate: newPolicy=3
06-29 10:13:42.724 1570 1898 D PowerManagerService: updateDisplayPowerStateLocked: displayReady=true, groupId=0, policy=BRIGHT, mWakefulness=Awake, mWakeLockSummary=0x1, mUserActivitySummary=0x1, mBootCompleted=true, screenBrightnessOverride=NaN, useAutoBrightness=false, mScreenBrightnessBoostInProgress=false, mIsVrModeEnabled= false, sQuiescent=false
06-29 10:13:42.902 1570 1605 W ProcessStats: Tracking association SourceState{c47e7 com.kugou.android.support/10115 BTopFgs #1496} whose proc state 2 is better than process ProcessState{6cd2f94 com.kugou.android/10115 pkg=com.kugou.android} proc state 3 (402 skipped)
06-29 10:13:42.902 1570 1570 I notification_enqueue: [10115,11225,com.kugou.android,99,NULL,0,Notification(channel=kg_play shortcut=null contentView=null vibrate=null sound=null defaults=0x0 flags=0x42 color=0x00000000 category=transport actions=5 vis=PUBLIC),1]
06-29 10:13:43.092 1570 1605 I service_manager_stats: [100,105,10582]
06-29 10:13:43.092 1570 1605 D CompatibilityChangeReporter: Compat change id reported: 128611929; UID 10115; state: DISABLED
06-29 10:13:43.102 1570 1570 I GameModeConfig: isGameModeOn = true
06-29 10:13:43.102 1570 1570 I GameModeConfig: isGaming = false
06-29 10:13:43.158 1570 1605 W ActivityManager: Unable to start service Intent { act=com.uodis.opendevice.OPENIDS_SERVICE pkg=com.huawei.hwid } U=0: not found
06-29 10:13:43.166 1570 1605 W ActivityManager: Unable to start service Intent { act=com.uodis.opendevice.OPENIDS_SERVICE pkg=com.huawei.hwid } U=0: not found
06-29 10:13:43.171 1570 1605 W ActivityManager: Unable to start service Intent { act=com.uodis.opendevice.OPENIDS_SERVICE pkg=com.huawei.hwid } U=0: not found
06-29 10:13:43.174 1570 1605 W ActivityManager: Unable to start service Intent { act=com.uodis.opendevice.OPENIDS_SERVICE pkg=com.huawei.hwid } U=0: not found
06-29 10:13:43.396 1570 1605 I wm_finish_activity: [0,36158316,176,com.kugou.android/.app.MediaActivity,remove-task]
06-29 10:13:43.397 1570 1605 I wm_destroy_activity: [0,36158316,176,com.kugou.android/.app.MediaActivity,finish-imm:finishIfPossible]
06-29 10:13:43.401 1570 1605 I wm_finish_activity: [0,77175382,176,com.kugou.android/com.kugou.common.useraccount.app.KgUserLoginAndRegActivity,remove-task]
06-29 10:13:43.401 1570 1605 I wm_destroy_activity: [0,77175382,176,com.kugou.android/com.kugou.common.useraccount.app.KgUserLoginAndRegActivity,finish-imm:finishIfPossible]
06-29 10:13:43.404 1570 1717 I ActivityManager: Killing 10712:com.kugou.android/u0a115 (adj 50): remove task
06-29 10:13:43.404 1570 1717 I am_kill : [0,10712,com.kugou.android,50,remove task]
06-29 10:13:43.405 1570 1717 I ActivityManager: Killing 11225:com.kugou.android.support/u0a115 (adj 50): remove task
06-29 10:13:43.405 1570 1717 I am_kill : [0,11225,com.kugou.android.support,50,remove task]
06-29 10:13:43.407 1570 1717 I sysui_multi_action: [757,803,799,window_time_2,802,1]
06-29 10:13:43.409 1570 1723 I am_pss : [10567,99002,com.android.webview:sandboxed_process0:org.chromium.content.app.SandboxedProcessService0:0,11869184,2990080,0,75141120,0,4,5]
06-29 10:13:43.413 0 0 I [ 118.617893] init: Untracked pid 12455 received signal 9
06-29 10:13:43.434 0 0 I [ 118.641713] binder: undelivered TRANSACTION_COMPLETE
06-29 10:13:43.434 0 0 I [ 118.641715] binder: undelivered transaction 236617, process died.
06-29 10:13:43.435 0 0 I [ 118.642367] binder: undelivered transaction 236614, process died.
06-29 10:13:43.436 1570 1605 I am_proc_died: [0,11225,com.kugou.android.support,50,4]
06-29 10:13:43.436 1570 1605 W ActivityManager: Scheduling restart of crashed service com.kugou.android/com.kugou.framework.service.CommandIntentAcceptor in 1000ms for start-requested
06-29 10:13:43.436 1570 1605 I am_schedule_service_restart: [0,com.kugou.android/com.kugou.framework.service.CommandIntentAcceptor,1000]
06-29 10:13:43.451 0 0 I [ 118.658294] binder: undelivered transaction 236672, process died.
06-29 10:13:43.451 1570 10710 I am_proc_died: [0,10712,com.kugou.android,50,4]
06-29 10:13:43.451 1570 9356 I WindowManager: WIN DEATH: Window{5f067c6 u0 com.kugou.android/com.kugou.android.app.MediaActivity}
06-29 10:13:43.453 1570 9356 D PowerManagerService: acquireWakeLockInternal: lock=32485216, flags=0x2000000a, tag="WindowManager", ws=WorkSource{10115}, uid=1000, pid=1570
06-29 10:13:43.453 1570 9356 D PowerManagerService: updateWakeLockSummaryLocked: mWakefulness=Awake, mWakeLockSummary=0x23
06-29 10:13:43.453 1570 9356 D PowerManagerService: updateUserActivitySummaryLocked: groupId=0, mWakefulness=Awake, mUserActivitySummary=0x1, nextTimeout=177930 (in 59270 ms)
06-29 10:13:43.453 1570 9356 D PowerManagerNotifier: onScreenPolicyUpdate: newPolicy=3
06-29 10:13:43.453 1570 9356 D PowerManagerService: updateDisplayPowerStateLocked: displayReady=true, groupId=0, policy=BRIGHT, mWakefulness=Awake, mWakeLockSummary=0x23, mUserActivitySummary=0x1, mBootCompleted=true, screenBrightnessOverride=NaN, useAutoBrightness=false, mScreenBrightnessBoostInProgress=false, mIsVrModeEnabled= false, sQuiescent=false
06-29 10:13:43.453 1570 9356 D PowerManagerNotifier: onWakeLockAcquired: flags=536870922, tag="WindowManager", packageName=android, ownerUid=1000, ownerPid=1570, workSource=WorkSource{10115}
06-29 10:13:43.453 1570 1605 I WindowManager: WIN DEATH: Window{64af0d3 u0 com.kugou.android/com.kugou.common.useraccount.app.KgUserLoginAndRegActivity}
06-29 10:13:43.454 1570 9414 I WindowManager: WIN DEATH: Window{486d7fb u0 Toast}
06-29 10:13:43.456 1570 10710 W ActivityManager: Scheduling restart of crashed service com.kugou.android/com.kugou.framework.service.ipc.peripheral.connect.ForeService in 10980ms for start-requested
06-29 10:13:43.456 1570 10710 I am_schedule_service_restart: [0,com.kugou.android/com.kugou.framework.service.ipc.peripheral.connect.ForeService,10980]
06-29 10:13:43.456 1570 10710 W ActivityManager: Scheduling restart of crashed service com.kugou.android/com.kugou.framework.service.ipc.peripheral.connect.EmptyService in 20980ms for start-requested
06-29 10:13:43.456 1570 10710 I am_schedule_service_restart: [0,com.kugou.android/com.kugou.framework.service.ipc.peripheral.connect.EmptyService,20980]
06-29 10:13:43.456 1570 10710 W ActivityManager: Scheduling restart of crashed service com.kugou.android/com.qq.e.comm.DownloadService in 30980ms for start-requested
06-29 10:13:43.456 1570 10710 I am_schedule_service_restart: [0,com.kugou.android/com.qq.e.comm.DownloadService,30980]
06-29 10:13:43.456 1570 10710 I am_uid_stopped: 10115
06-29 10:13:43.457 1570 1723 W UsageStatsService: Unexpected activity event reported! (com.kugou.android/com.kugou.common.useraccount.app.KgUserLoginAndRegActivity event : 23 instanceId : 165969009)
06-29 10:13:43.457 1570 10710 I wm_task_removed: [176,removeChild:removeChild last r=ActivityRecord{227bb6c u0 com.kugou.android/.app.MediaActivity taskAffinity=10115:android.task.kugou t-1 f}} in t=Task{35c6ada #176 type=standard A=10115:android.task.kugou U=0 visible=false mode=freeform translucent=true sz=0 visible freeform task=false rootAffinity=10115:android.task.kugou isMini=false}]
06-29 10:13:43.457 1570 10710 I wm_task_removed: [176,removeChild]
06-29 10:13:43.458 1570 1723 W UsageStatsService: Unexpected activity event reported! (com.kugou.android/com.kugou.android.app.MediaActivity event : 23 instanceId : 138198047)
06-29 10:13:43.503 1570 2017 D ActivityTaskManager: Skipping, freeform mode : Task{8a4e915 #163 type=undefined A=10109:com.netease.cloudmusic U=0 visible=false mode=freeform translucent=true sz=0 visible freeform task=true rootAffinity=10109:com.netease.cloudmusic isMini=false}
06-29 10:13:43.549 0 0 E [ 118.752049] link_delay_work_func: DTC_ETH: SQI=0, link=0
06-29 10:13:43.963 1570 1718 D PowerManagerService: releaseWakeLockInternal: lock=32485216 [WindowManager], flags=0x0
06-29 10:13:43.963 1570 1718 D PowerManagerNotifier: onWakeLockReleased: flags=536870922, tag="WindowManager", packageName=android, ownerUid=1000, ownerPid=1570, workSource=WorkSource{10115}
06-29 10:13:43.963 1570 1718 D PowerManagerService: userActivityNoUpdateLocked: groupId=0, eventTime=119170, event=0, flags=0x1, uid=1000
06-29 10:13:43.963 1570 1718 D PowerManagerNotifier: onUserActivity: event=0, uid=1000
06-29 10:13:43.964 1570 1718 D PowerManagerService: updateWakeLockSummaryLocked: mWakefulness=Awake, mWakeLockSummary=0x1
06-29 10:13:43.964 1570 1718 D PowerManagerService: updateUserActivitySummaryLocked: groupId=0, mWakefulness=Awake, mUserActivitySummary=0x1, nextTimeout=177930 (in 58760 ms)
06-29 10:13:43.964 1570 1718 D PowerManagerNotifier: onScreenPolicyUpdate: newPolicy=3
06-29 10:13:43.964 1570 1718 D PowerManagerService: updateDisplayPowerStateLocked: displayReady=true, groupId=0, policy=BRIGHT, mWakefulness=Awake, mWakeLockSummary=0x1, mUserActivitySummary=0x1, mBootCompleted=true, screenBrightnessOverride=NaN, useAutoBrightness=false, mScreenBrightnessBoostInProgress=false, mIsVrModeEnabled= false, sQuiescent=false
06-29 10:13:43.964 1570 1717 W ActivityManager: setHasOverlayUi called on unknown pid: 10712
06-29 10:13:44.078 1570 1723 I am_pss : [3125,10093,com.android.providers.media.module,22892544,18948096,0,125698048,0,0,6]
06-29 10:13:44.084 1570 1723 I am_pss : [2896,10073,com.qualcomm.location,10470400,7790592,0,101535744,0,0,5]
06-29 10:13:44.202 1570 1898 D PowerManagerService: userActivityNoUpdateLocked: groupId=0, eventTime=119408, event=2, flags=0x0, uid=1000
06-29 10:13:44.202 1570 1898 D PowerManagerNotifier: onUserActivity: event=2, uid=1000
06-29 10:13:44.202 1570 1898 D PowerManagerService: updateUserActivitySummaryLocked: groupId=0, mWakefulness=Awake, mUserActivitySummary=0x1, nextTimeout=179408 (in 59999 ms)
06-29 10:13:44.202 1570 1898 D PowerManagerNotifier: onScreenPolicyUpdate: newPolicy=3
06-29 10:13:44.202 1570 1898 D PowerManagerService: updateDisplayPowerStateLocked: displayReady=true, groupId=0, policy=BRIGHT, mWakefulness=Awake, mWakeLockSummary=0x1, mUserActivitySummary=0x1, mBootCompleted=true, screenBrightnessOverride=NaN, useAutoBrightness=false, mScreenBrightnessBoostInProgress=false, mIsVrModeEnabled= false, sQuiescent=false
06-29 10:13:44.282 2667 2667 I view_enqueue_input_event: [Motion - Cancel,com.android.launcher3/com.android.launcher3.uioverrides.QuickstepLauncher]
06-29 10:13:44.289 1570 1898 I input_interaction: Interaction with: edge-swipe (server), swipe-up (server), PointerEventDispatcher0 (server),
06-29 10:13:44.335 1570 1898 D PowerManagerService: userActivityNoUpdateLocked: groupId=0, eventTime=119541, event=2, flags=0x0, uid=1000
06-29 10:13:44.335 1570 1898 D PowerManagerNotifier: onUserActivity: event=2, uid=1000
06-29 10:13:44.335 1570 1898 D PowerManagerService: updateUserActivitySummaryLocked: groupId=0, mWakefulness=Awake, mUserActivitySummary=0x1, nextTimeout=179541 (in 59999 ms)
06-29 10:13:44.335 1570 1898 D PowerManagerNotifier: onScreenPolicyUpdate: newPolicy=3
06-29 10:13:44.336 1570 1898 D PowerManagerService: updateDisplayPowerStateLocked: displayReady=true, groupId=0, policy=BRIGHT, mWakefulness=Awake, mWakeLockSummary=0x1, mUserActivitySummary=0x1, mBootCompleted=true, screenBrightnessOverride=NaN, useAutoBrightness=false, mScreenBrightnessBoostInProgress=false, mIsVrModeEnabled= false, sQuiescent=false
06-29 10:13:44.437 1570 1724 I am_uid_running: 10115
06-29 10:13:44.438 1570 1724 D CompatibilityChangeReporter: Compat change id reported: 135634846; UID 10115; state: DISABLED
06-29 10:13:44.438 1570 1724 D CompatibilityChangeReporter: Compat change id reported: 177438394; UID 10115; state: DISABLED
06-29 10:13:44.438 1570 1724 D CompatibilityChangeReporter: Compat change id reported: 135772972; UID 10115; state: DISABLED
06-29 10:13:44.438 1570 1724 D CompatibilityChangeReporter: Compat change id reported: 135754954; UID 10115; state: DISABLED
06-29 10:13:44.438 1570 1725 D CompatibilityChangeReporter: Compat change id reported: 143937733; UID 10115; state: DISABLED
06-29 10:13:44.447 1570 1725 I am_proc_start: [0,12463,10115,com.kugou.android.support,service,{com.kugou.android/com.kugou.framework.service.CommandIntentAcceptor}]
06-29 10:13:44.447 1570 1725 I ActivityManager: Start proc 12463:com.kugou.android.support/u0a115 for service {com.kugou.android/com.kugou.framework.service.CommandIntentAcceptor}
06-29 10:13:44.461 0 0 I [ 119.666760] binder: 12463:12463 ioctl 40046210 7fe27a47d4 returned -22
06-29 10:13:44.462 1570 9414 I am_proc_bound: [0,12463,com.kugou.android.support]
06-29 10:13:44.466 1570 9414 I am_uid_active: 10115
06-29 10:13:44.471 1570 1570 I notification_enqueue: [10115,12463,com.kugou.android,99,NULL,0,Notification(channel=kg_play shortcut=null contentView=null vibrate=null sound=null defaults=0x0 flags=0x62 color=0x00000000 category=transport actions=5 vis=PUBLIC),1]
06-29 10:13:44.593 1570 2017 D CompatibilityChangeReporter: Compat change id reported: 135634846; UID 10115; state: DISABLED
06-29 10:13:44.593 1570 2017 D CompatibilityChangeReporter: Compat change id reported: 177438394; UID 10115; state: DISABLED
06-29 10:13:44.593 1570 2017 D CompatibilityChangeReporter: Compat change id reported: 135772972; UID 10115; state: DISABLED
06-29 10:13:44.593 1570 2017 D CompatibilityChangeReporter: Compat change id reported: 135754954; UID 10115; state: DISABLED
06-29 10:13:44.593 1570 1725 D CompatibilityChangeReporter: Compat change id reported: 143937733; UID 10115; state: DISABLED
06-29 10:13:44.599 1570 1725 I am_proc_start: [0,12493,10115,com.kugou.android,content provider,{com.kugou.android/com.kugou.common.preferences.provider.CommonSharedPreferencesProvider}]
06-29 10:13:44.599 1570 1725 I ActivityManager: Start proc 12493:com.kugou.android/u0a115 for content provider {com.kugou.android/com.kugou.common.preferences.provider.CommonSharedPreferencesProvider}
06-29 10:13:44.609 0 0 I [ 119.814892] binder: 12493:12493 ioctl 40046210 7fe27a47d4 returned -22
06-29 10:13:44.610 1570 10710 I am_proc_bound: [0,12493,com.kugou.android]
06-29 10:13:44.618 1570 1570 I notification_enqueue: [10115,12493,com.kugou.android,99,NULL,0,Notification(channel=kg_play shortcut=null contentView=null vibrate=null sound=null defaults=0x0 flags=0x62 color=0x00000000 category=transport actions=5 vis=PUBLIC),1]
06-29 10:13:44.645 1570 1723 I am_pss : [3270,10083,com.qualcomm.qti.workloadclassifier,30060544,27742208,0,119377920,0,0,6]
06-29 10:13:44.658 1570 1723 I am_pss : [3275,10082,com.hryt.lebotp,66694144,47919104,0,165654528,0,0,7]
06-29 10:13:44.664 1570 1723 I am_pss : [3252,10087,com.qualcomm.qti.qccnetstat,6150144,4198400,0,89690112,0,0,5]
06-29 10:13:44.670 1570 1723 I am_pss : [3232,10070,com.qualcomm.qti.services.systemhelper:systemhelper_service,6536192,4517888,0,91762688,0,0,5]
06-29 10:13:44.671 1570 1570 I GameModeConfig: isGameModeOn = true
06-29 10:13:44.671 1570 1570 I GameModeConfig: isGaming = false
06-29 10:13:44.676 1570 1723 I am_pss : [3206,10060,.pasr,5518336,3620864,0,88121344,0,0,5]
06-29 10:13:44.682 1570 1723 I am_pss : [3159,10056,ts.car.uart,6016000,4124672,0,88915968,0,0,6]
06-29 10:13:44.690 1570 1723 I am_pss : [3164,1000,com.hryt.hiphishowfsecontrol,10079232,7413760,0,100798464,0,0,6]
06-29 10:13:44.740 12493 12493 D ActivityThread: Loading provider com.kugou.android.kugouCommonPreferences: com.kugou.common.preferences.provider.CommonSharedPreferencesProvider
06-29 10:13:44.819 1570 1570 I GameModeConfig: isGameModeOn = true
06-29 10:13:44.819 1570 1570 I GameModeConfig: isGaming = false
06-29 10:13:44.867 1570 10710 W ActivityManager: Background start not allowed: service Intent { act=com.baidu.appsearch.process_launch cmp=com.baidu.appsearch/.manage.ManagementHandlerService (has extras) } to com.baidu.appsearch/.manage.ManagementHandlerService from pid=12048 uid=10108 pkg=com.baidu.appsearch startFg?=false
06-29 10:13:44.944 12463 12566 E ActivityThread: Failed to find provider info for com.oplus.cardservice.repository.provider.CardServiceServerProvider
06-29 10:13:44.972 1570 1724 V ActivityManager: Attempted to start a foreground service (com.kugou.android/com.kugou.framework.service.ipc.peripheral.connect.EmptyService) with a broken notification (no icon: Notification(channel=kg_normal shortcut=null contentView=null vibrate=null sound=null defaults=0x0 flags=0x40 color=0x00000000 vis=PRIVATE))
06-29 10:13:44.972 1570 2017 E AppOps : Operation not started: uid=10115 pkg=com.kugou.android(null) op=START_FOREGROUND
06-29 10:13:44.974 1570 1570 I notification_enqueue: [10115,12493,com.kugou.android,99,NULL,0,Notification(channel=kg_normal shortcut=null contentView=null vibrate=null sound=null defaults=0x0 flags=0x40 color=0x00000000 vis=PRIVATE),1]
06-29 10:13:44.990 1570 10710 I ActivityManager: Process com.kugou.android (pid 12493) has died: prcp BFGS
06-29 10:13:44.991 1570 10710 I am_proc_died: [0,12493,com.kugou.android,200,5]
06-29 10:13:45.029 12463 12463 I ActivityThread: Removing dead content provider:android.content.ContentProviderProxy@cc7a862
06-29 10:13:45.030 1570 10710 D CompatibilityChangeReporter: Compat change id reported: 135634846; UID 10115; state: DISABLED
06-29 10:13:45.030 1570 10710 D CompatibilityChangeReporter: Compat change id reported: 177438394; UID 10115; state: DISABLED
06-29 10:13:45.030 1570 10710 D CompatibilityChangeReporter: Compat change id reported: 135772972; UID 10115; state: DISABLED
06-29 10:13:45.030 1570 10710 D CompatibilityChangeReporter: Compat change id reported: 135754954; UID 10115; state: DISABLED
06-29 10:13:45.030 1570 1725 D CompatibilityChangeReporter: Compat change id reported: 143937733; UID 10115; state: DISABLED
06-29 10:13:45.036 0 0 I [ 120.236553] binder: 12463:12463 transaction failed 29189/-22, size 644-16 line 3071
06-29 10:13:45.036 1570 1725 I am_proc_start: [0,12604,10115,com.kugou.android,content provider,{com.kugou.android/com.kugou.common.preferences.provider.CommonSharedPreferencesProvider}]
06-29 10:13:45.036 1570 1725 I ActivityManager: Start proc 12604:com.kugou.android/u0a115 for content provider {com.kugou.android/com.kugou.common.preferences.provider.CommonSharedPreferencesProvider}
06-29 10:13:45.053 0 0 I [ 120.254422] binder: 12604:12604 ioctl 40046210 7fe27a47d4 returned -22
06-29 10:13:45.050 1570 10710 I am_proc_bound: [0,12604,com.kugou.android]
06-29 10:13:45.068 1570 1898 I input_interaction: Interaction with: c426fd3 com.android.launcher3/com.android.launcher3.uioverrides.QuickstepLauncher (server), c5a6843 com.android.systemui.ImageWallpaper (server), edge-swipe (server), swipe-up (server), PointerEventDispatcher0 (server),
06-29 10:13:45.068 1570 1898 D PowerManagerService: userActivityNoUpdateLocked: groupId=0, eventTime=120274, event=2, flags=0x0, uid=1000
06-29 10:13:45.068 1570 1898 D PowerManagerNotifier: onUserActivity: event=2, uid=1000
06-29 10:13:45.068 1570 1898 D PowerManagerService: updateUserActivitySummaryLocked: groupId=0, mWakefulness=Awake, mUserActivitySummary=0x1, nextTimeout=180274 (in 59999 ms)
06-29 10:13:45.068 1570 1898 D PowerManagerNotifier: onScreenPolicyUpdate: newPolicy=3
06-29 10:13:45.068 1570 1898 D PowerManagerService: updateDisplayPowerStateLocked: displayReady=true, groupId=0, policy=BRIGHT, mWakefulness=Awake, mWakeLockSummary=0x1, mUserActivitySummary=0x1, mBootCompleted=true, screenBrightnessOverride=NaN, useAutoBrightness=false, mScreenBrightnessBoostInProgress=false, mIsVrModeEnabled= false, sQuiescent=false
06-29 10:13:45.096 0 0 I [ 120.301067] binder: 1570:1570 transaction failed 29189/-22, size 88-0 line 3071
06-29 10:13:45.094 1570 1570 W NotificationService: Object died trying to hide custom toast android.os.BinderProxy@4c87a4c in package com.kugou.android
06-29 10:13:45.175 1570 1570 I GameModeConfig: isGameModeOn = true
06-29 10:13:45.175 1570 1570 I GameModeConfig: isGaming = false
06-29 10:13:45.183 12604 12604 D ActivityThread: Loading provider com.kugou.android.kugouCommonPreferences: com.kugou.common.preferences.provider.CommonSharedPreferencesProvider
06-29 10:13:45.195 1570 1898 D PowerManagerService: userActivityNoUpdateLocked: groupId=0, eventTime=120402, event=2, flags=0x0, uid=1000
06-29 10:13:45.196 1570 1898 D PowerManagerNotifier: onUserActivity: event=2, uid=1000
06-29 10:13:45.196 1570 1898 D PowerManagerService: updateUserActivitySummaryLocked: groupId=0, mWakefulness=Awake, mUserActivitySummary=0x1, nextTimeout=180402 (in 59999 ms)
06-29 10:13:45.196 1570 1898 D PowerManagerNotifier: onScreenPolicyUpdate: newPolicy=3
06-29 10:13:45.196 1570 1898 D PowerManagerService: updateDisplayPowerStateLocked: displayReady=true, groupId=0, policy=BRIGHT, mWakefulness=Awake, mWakeLockSummary=0x1, mUserActivitySummary=0x1, mBootCompleted=true, screenBrightnessOverride=NaN, useAutoBrightness=false, mScreenBrightnessBoostInProgress=false, mIsVrModeEnabled= false, sQuiescent=false
06-29 10:13:45.200 1570 1974 I GameModeConfig: isGameModeOn = true
06-29 10:13:45.200 1570 1974 I GameModeConfig: isGaming = false
06-29 10:13:45.200 1570 1974 I GameModeConfig: isGameModeOn = true
06-29 10:13:45.200 1570 1974 I GameModeConfig: isGaming = false
06-29 10:13:45.200 1570 1974 I GameModeConfig: isGameModeOn = true
06-29 10:13:45.200 1570 1974 I GameModeConfig: isGaming = false
06-29 10:13:45.200 1570 1974 I GameModeConfig: isGameModeOn = true
06-29 10:13:45.200 1570 1974 I GameModeConfig: isGaming = false
06-29 10:13:45.200 1570 1974 I GameModeConfig: isGameModeOn = true
06-29 10:13:45.200 1570 1974 I GameModeConfig: isGaming = false
06-29 10:13:45.201 1570 1570 I notification_enqueue: [10080,2031,com.android.systemui,1,empty_media,0,Notification(channel=empty_media_style_id shortcut=null contentView=null vibrate=null sound=null defaults=0x0 flags=0x20 color=0x00000000 category=transport groupKey=empty_media actions=5 vis=PRIVATE),0]
06-29 10:13:45.283 11317 11317 I auditd : type=1400 audit(0.0:2495): avc: granted { execute } for comm="BeaconReportHan" path="/data/user/0/com.tencent.android.qqdownloader/files/shell/8_8454130_1346/lib/arm64-v8a/libqmp.so" dev="dm-21" ino=39391 scontext=u:r:untrusted_app_27:s0:c512,c768 tcontext=u:object_r:app_data_file:s0:c512,c768 tclass=file app=com.tencent.android.qqdownloader
06-29 10:13:45.335 11317 11317 I auditd : type=1400 audit(0.0:2496): avc: granted { execute } for comm="BeaconReportHan" path="/data/user/0/com.tencent.android.qqdownloader/files/shell/8_8454130_1346/lib/arm64-v8a/libbeaconid.so" dev="dm-21" ino=39379 scontext=u:r:untrusted_app_27:s0:c512,c768 tcontext=u:object_r:app_data_file:s0:c512,c768 tclass=file app=com.tencent.android.qqdownloader
06-29 10:13:45.318 1570 10710 I ActivityManager: Process com.kugou.android.support (pid 12463) has died: prcp FGS
06-29 10:13:45.318 1570 10710 I am_proc_died: [0,12463,com.kugou.android.support,200,4]
06-29 10:13:45.319 1570 10710 W ActivityManager: Scheduling restart of crashed service com.kugou.android/com.kugou.framework.service.CommandIntentAcceptor in 4000ms for start-requested
06-29 10:13:45.319 1570 10710 I am_schedule_service_restart: [0,com.kugou.android/com.kugou.framework.service.CommandIntentAcceptor,4000]
06-29 10:13:45.319 1570 1570 I sysui_multi_action: [757,128,758,5,759,8,793,8725,794,0,795,346,796,99,806,com.kugou.android,857,kg_normal,858,2,947,0,1500,346,1688,1]
06-29 10:13:45.319 1570 1570 I notification_canceled: [0|com.kugou.android|99|null|10115,8,8725,346,0,-1,-1,NULL]
06-29 10:13:45.320 1570 10710 I ActivityManager: Killing 12048:com.baidu.appsearch/u0a108 (adj 915): empty #2
06-29 10:13:45.320 1570 10710 I am_kill : [0,12048,com.baidu.appsearch,915,empty #2]
06-29 10:13:45.320 1570 10710 I am_mem_factor: [1,0]
06-29 10:13:45.371 11317 11317 I auditd : type=1400 audit(0.0:2497): avc: denied { read } for comm="qimei-thread-1" name="/" dev="dm-16" ino=2 scontext=u:r:untrusted_app_27:s0:c512,c768 tcontext=u:object_r:rootfs:s0 tclass=dir permissive=0 app=com.tencent.android.qqdownloader
06-29 10:13:45.402 1570 1570 I sysui_multi_action: [757,1501,758,1,793,201,794,0,795,201,796,1,797,empty_media,806,com.android.systemui,857,empty_media_style_id,858,4,946,empty_media,947,0,1500,0,1641,transport,1688,1,1745,1043716538]
06-29 10:13:45.402 1570 1570 I sysui_multi_action: [757,804,799,note_interruptive,801,0,802,1]
06-29 10:13:45.402 1570 1570 I GameModeConfig: isGameModeOn = true
06-29 10:13:45.402 1570 1570 I GameModeConfig: isGaming = false
06-29 10:13:45.403 1570 1570 W NotificationHistory: Attempted to add notif for locked/gone/disabled user 0
06-29 10:13:45.576 1570 1724 W BroadcastQueue: Skipping deliver [background] BroadcastRecord{8fca80 u0 com.baidu.sofire.x18.al.dy.nor} to ReceiverList{d9ec2c8 12048 com.baidu.appsearch/10108/u0 remote:b70176b}: process gone or crashing
06-29 10:13:45.576 1570 1889 D PowerManagerService: acquireWakeLockInternal: lock=204342601, flags=0x1, tag="*alarm*", ws=WorkSource{10108}, uid=1000, pid=1570
06-29 10:13:45.576 1570 1889 D PowerManagerService: updateWakeLockSummaryLocked: mWakefulness=Awake, mWakeLockSummary=0x1
06-29 10:13:45.576 1570 1889 D PowerManagerService: updateUserActivitySummaryLocked: groupId=0, mWakefulness=Awake, mUserActivitySummary=0x1, nextTimeout=180402 (in 59619 ms)
06-29 10:13:45.576 1570 1889 D PowerManagerNotifier: onScreenPolicyUpdate: newPolicy=3
06-29 10:13:45.576 1570 1889 D PowerManagerService: updateDisplayPowerStateLocked: displayReady=true, groupId=0, policy=BRIGHT, mWakefulness=Awake, mWakeLockSummary=0x1, mUserActivitySummary=0x1, mBootCompleted=true, screenBrightnessOverride=NaN, useAutoBrightness=false, mScreenBrightnessBoostInProgress=false, mIsVrModeEnabled= false, sQuiescent=false
06-29 10:13:45.576 1570 1889 D PowerManagerNotifier: onWakeLockAcquired: flags=1, tag="*alarm*", packageName=android, ownerUid=1000, ownerPid=1570, workSource=WorkSource{10108}
06-29 10:13:45.577 1570 1570 D PowerManagerService: releaseWakeLockInternal: lock=204342601 [*alarm*], flags=0x0
06-29 10:13:45.577 1570 1570 D PowerManagerNotifier: onWakeLockReleased: flags=1, tag="*alarm*", packageName=android, ownerUid=1000, ownerPid=1570, workSource=WorkSource{10108}
06-29 10:13:45.577 1570 1570 D PowerManagerService: updateWakeLockSummaryLocked: mWakefulness=Awake, mWakeLockSummary=0x1
06-29 10:13:45.577 1570 1570 D PowerManagerService: updateUserActivitySummaryLocked: groupId=0, mWakefulness=Awake, mUserActivitySummary=0x1, nextTimeout=180402 (in 59618 ms)
06-29 10:13:45.577 1570 1570 D PowerManagerNotifier: onScreenPolicyUpdate: newPolicy=3
06-29 10:13:45.577 1570 1570 D PowerManagerService: updateDisplayPowerStateLocked: displayReady=true, groupId=0, policy=BRIGHT, mWakefulness=Awake, mWakeLockSummary=0x1, mUserActivitySummary=0x1, mBootCompleted=true, screenBrightnessOverride=NaN, useAutoBrightness=false, mScreenBrightnessBoostInProgress=false, mIsVrModeEnabled= false, sQuiescent=false
06-29 10:13:45.589 1570 9356 D PowerManagerService: handleWakeLockDeath: lock=220481945 [WakeLock1]
06-29 10:13:45.589 1570 9356 D PowerManagerService: updateWakeLockSummaryLocked: mWakefulness=Awake, mWakeLockSummary=0x1
06-29 10:13:45.589 1570 9356 D PowerManagerService: updateUserActivitySummaryLocked: groupId=0, mWakefulness=Awake, mUserActivitySummary=0x1, nextTimeout=180402 (in 59606 ms)
06-29 10:13:45.589 1570 9356 D PowerManagerNotifier: onScreenPolicyUpdate: newPolicy=3
06-29 10:13:45.589 1570 9356 D PowerManagerService: updateDisplayPowerStateLocked: displayReady=true, groupId=0, policy=BRIGHT, mWakefulness=Awake, mWakeLockSummary=0x1, mUserActivitySummary=0x1, mBootCompleted=true, screenBrightnessOverride=NaN, useAutoBrightness=false, mScreenBrightnessBoostInProgress=false, mIsVrModeEnabled= false, sQuiescent=false
06-29 10:13:45.590 1570 9414 I am_proc_died: [0,12048,com.baidu.appsearch,915,19]
06-29 10:13:45.590 1570 9414 I am_uid_stopped: 10108
06-29 10:13:45.591 0 0 I [ 120.796148] binder: undelivered transaction 239242, process died.
06-29 10:13:45.595 1570 1717 I am_uid_running: 10108
06-29 10:13:45.595 1570 1717 D CompatibilityChangeReporter: Compat change id reported: 135634846; UID 10108; state: DISABLED
06-29 10:13:45.596 1570 1717 D CompatibilityChangeReporter: Compat change id reported: 177438394; UID 10108; state: DISABLED
06-29 10:13:45.596 1570 1717 D CompatibilityChangeReporter: Compat change id reported: 135772972; UID 10108; state: DISABLED
06-29 10:13:45.596 1570 1717 D CompatibilityChangeReporter: Compat change id reported: 135754954; UID 10108; state: DISABLED
06-29 10:13:45.596 1570 1725 D CompatibilityChangeReporter: Compat change id reported: 143937733; UID 10108; state: DISABLED
06-29 10:13:45.606 1570 1725 I am_proc_start: [0,12687,10108,com.baidu.appsearch,NULL,]
06-29 10:13:45.606 1570 1725 I ActivityManager: Start proc 12687:com.baidu.appsearch/u0a108 for null
06-29 10:13:45.612 1570 1898 D PowerManagerService: userActivityNoUpdateLocked: groupId=0, eventTime=120818, event=2, flags=0x0, uid=1000
06-29 10:13:45.612 1570 1898 D PowerManagerNotifier: onUserActivity: event=2, uid=1000
06-29 10:13:45.612 1570 1898 D PowerManagerService: updateUserActivitySummaryLocked: groupId=0, mWakefulness=Awake, mUserActivitySummary=0x1, nextTimeout=180818 (in 59999 ms)
06-29 10:13:45.612 1570 1898 D PowerManagerNotifier: onScreenPolicyUpdate: newPolicy=3
06-29 10:13:45.612 1570 1898 D PowerManagerService: updateDisplayPowerStateLocked: displayReady=true, groupId=0, policy=BRIGHT, mWakefulness=Awake, mWakeLockSummary=0x1, mUserActivitySummary=0x1, mBootCompleted=true, screenBrightnessOverride=NaN, useAutoBrightness=false, mScreenBrightnessBoostInProgress=false, mIsVrModeEnabled= false, sQuiescent=false
06-29 10:13:45.621 0 0 I [ 120.827977] binder: 12687:12687 ioctl 40046210 7fe27a47d4 returned -22
06-29 10:13:45.623 1570 9455 I am_proc_bound: [0,12687,com.baidu.appsearch]
06-29 10:13:45.625 1570 9455 D CompatibilityChangeReporter: Compat change id reported: 168419799; UID 10108; state: DISABLED
06-29 10:13:45.703 1570 10710 I thunderperf: PlatormCompat.setOverrides: Uid1=10075 Pid1=2667 Uid2=10075 Pid2=2667
06-29 10:13:45.703 1570 10710 I thunderperf: PlatormCompat.setOverrides: needCheck:false
06-29 10:13:45.703 1570 10710 I thunderperf: CompatConfig.addOverrideUnsafe: bef-state=1
06-29 10:13:45.703 1570 10710 I thunderperf: CompatConfig.addOverrideUnsafe: aft-state=0
06-29 10:13:45.704 1570 10710 I thunderperf: CompatConfig.addOverrideUnsafe: bef-state=1
06-29 10:13:45.705 1570 10710 I thunderperf: CompatConfig.addOverrideUnsafe: aft-state=0
06-29 10:13:45.705 1570 10710 I thunderperf: CompatConfig.addOverrideUnsafe: bef-state=1
06-29 10:13:45.705 1570 10710 I thunderperf: CompatConfig.addOverrideUnsafe: aft-state=0
06-29 10:13:45.706 1570 10710 I thunderperf: CompatConfig.addOverrideUnsafe: bef-state=1
06-29 10:13:45.706 1570 10710 I thunderperf: CompatConfig.addOverrideUnsafe: aft-state=0
06-29 10:13:45.706 1570 10710 I thunderperf: CompatConfig.addOverrideUnsafe: bef-state=1
06-29 10:13:45.706 1570 10710 I thunderperf: CompatConfig.addOverrideUnsafe: aft-state=0
06-29 10:13:45.707 1570 10710 I thunderperf: CompatConfig.addOverrideUnsafe: bef-state=1
06-29 10:13:45.707 1570 10710 I thunderperf: CompatConfig.addOverrideUnsafe: aft-state=0
06-29 10:13:45.707 1570 10710 I thunderperf: CompatConfig.addOverrideUnsafe: bef-state=1
06-29 10:13:45.707 1570 10710 I thunderperf: CompatConfig.addOverrideUnsafe: aft-state=0
06-29 10:13:45.708 1570 10710 I thunderperf: CompatConfig.addOverrideUnsafe: bef-state=1
06-29 10:13:45.708 1570 10710 I thunderperf: CompatConfig.addOverrideUnsafe: aft-state=0
06-29 10:13:45.708 1570 10710 I thunderperf: CompatConfig.addOverrideUnsafe: bef-state=1
06-29 10:13:45.709 1570 10710 I thunderperf: CompatConfig.addOverrideUnsafe: aft-state=0
06-29 10:13:45.709 1570 10710 I thunderperf: CompatConfig.addOverrideUnsafe: bef-state=1
06-29 10:13:45.709 1570 10710 I thunderperf: CompatConfig.addOverrideUnsafe: aft-state=0
06-29 10:13:45.710 1570 10710 I thunderperf: CompatConfig.addOverrideUnsafe: bef-state=1
06-29 10:13:45.710 1570 10710 I thunderperf: CompatConfig.addOverrideUnsafe: aft-state=0
06-29 10:13:45.710 1570 10710 I thunderperf: CompatConfig.addOverrideUnsafe: bef-state=1
06-29 10:13:45.710 1570 10710 I thunderperf: CompatConfig.addOverrideUnsafe: aft-state=0
06-29 10:13:45.711 1570 10710 I thunderperf: CompatConfig.addOverrideUnsafe: bef-state=1
06-29 10:13:45.711 1570 10710 I thunderperf: CompatConfig.addOverrideUnsafe: aft-state=0
06-29 10:13:45.711 1570 10710 I thunderperf: CompatConfig.addOverrideUnsafe: bef-state=1
06-29 10:13:45.711 1570 10710 I thunderperf: CompatConfig.addOverrideUnsafe: aft-state=0
06-29 10:13:45.725 1570 10710 I ActivityTaskManager: START u0 {act=android.intent.action.MAIN cat=[android.intent.category.LAUNCHER] flg=0x10200000 cmp=com.kugou.android/.app.splash.SplashActivity} from uid 10075
06-29 10:13:45.726 1570 10710 D ActivityTaskManager: TaskLaunchParamsModifier:task=null activity=ActivityRecord{6ad3b0 u0 com.kugou.android/.app.splash.SplashActivity taskAffinity=10115:android.task.kugou display-area-from-source=DefaultTaskDisplayArea@48565985 display-id=0 display-windowing-mode=1 suggested-display-area=DefaultTaskDisplayArea@48565985
06-29 10:13:45.728 1570 10710 D ActivityTaskManager: TaskLaunchParamsModifier:task=null activity=ActivityRecord{6ad3b0 u0 com.kugou.android/.app.splash.SplashActivity taskAffinity=10115:android.task.kugou t-1} display-area-from-source=DefaultTaskDisplayArea@48565985 display-id=0 display-windowing-mode=1 suggested-display-area=DefaultTaskDisplayArea@48565985 activity-options-bounds=Rect(12, 12 - 652, 986) non-freeform-display display-area=DefaultTaskDisplayArea@48565985
06-29 10:13:45.728 1570 10710 I wm_task_created: [181,-1]
06-29 10:13:45.728 1570 10710 W ActivityTaskManager: Can't find TaskDisplayArea to determine support for multi window. Task id=181 attached=false
06-29 10:13:45.730 1570 10710 D ActivityTaskManager: TaskLaunchParamsModifier:task=Task{2a17adc #181 type=standard A=10115:android.task.kugou U=0 visible=false mode=freeform translucent=true sz=0 visible freeform task=true rootAffinity=10115:android.task.kugou isMini=false} activity=ActivityRecord{6ad3b0 u0 com.kugou.android/.app.splash.SplashActivity taskAffinity=10115:android.task.kugou t-1} display-area-from-source=DefaultTaskDisplayArea@48565985 display-id=0 display-windowing-mode=1 suggested-display-area=DefaultTaskDisplayArea@48565985 activity-options-bounds=Rect(12, 12 - 652, 986) non-freeform-display display-area=DefaultTaskDisplayArea@48565985
06-29 10:13:45.731 1570 10710 D CompatibilityChangeReporter: Compat change id reported: 174042980; UID 10115; state: DISABLED
06-29 10:13:45.731 1570 10710 D CompatibilityChangeReporter: Compat change id reported: 184838306; UID 10115; state: DISABLED
06-29 10:13:45.731 1570 10710 D CompatibilityChangeReporter: Compat change id reported: 185004937; UID 10115; state: DISABLED
06-29 10:13:45.731 1570 10710 D CompatibilityChangeReporter: Compat change id reported: 181136395; UID 10115; state: DISABLED
06-29 10:13:45.732 1570 10710 D CompatibilityChangeReporter: Compat change id reported: 174042936; UID 10115; state: DISABLED
06-29 10:13:45.732 1570 10710 I wm_task_moved: [181,1,6]
06-29 10:13:45.732 1570 10710 I wm_task_to_front: [0,181]
06-29 10:13:45.733 1570 10710 I wm_create_task: [0,181]
06-29 10:13:45.733 1570 10710 I wm_create_activity: [0,7001008,181,com.kugou.android/.app.splash.SplashActivity,android.intent.action.MAIN,NULL,NULL,270532608]
06-29 10:13:45.733 1570 10710 I wm_task_moved: [181,1,6]
06-29 10:13:45.734 1570 10710 D CompatibilityChangeReporter: Compat change id reported: 168419799; UID 10115; state: DISABLED
06-29 10:13:45.735 1570 10710 I ActivityTaskManager: FOREGROUND_APPLICATION_CHANGED to com.kugou.android.app.splash.SplashActivity
06-29 10:13:45.735 1570 10710 I ActivityTaskManager: The Process com.kugou.android Already Exists in BG. So sending its PID: 12604
06-29 10:13:45.736 1570 10710 I wm_restart_activity: [0,7001008,181,com.kugou.android/.app.splash.SplashActivity]
06-29 10:13:45.736 1570 10710 I wm_set_resumed_activity: [0,com.kugou.android/.app.splash.SplashActivity,minimalResumeActivityLocked]
06-29 10:13:45.746 2667 2667 I wm_on_top_resumed_lost_called: [157777106,com.android.launcher3.uioverrides.QuickstepLauncher,topStateChangedWhenResumed]
06-29 10:13:45.766 12604 12604 I wm_on_create_called: [7001008,com.kugou.android.app.splash.SplashActivity,performCreate]
06-29 10:13:45.782 12604 12604 I wm_on_start_called: [7001008,com.kugou.android.app.splash.SplashActivity,handleStartActivity]
06-29 10:13:45.783 12604 12604 I wm_on_resume_called: [7001008,com.kugou.android.app.splash.SplashActivity,RESUME_ACTIVITY]
06-29 10:13:45.787 1570 9414 W WindowManager: Failed looking up window session=Session{2b8b799 12604:u0a10115} callers=com.android.server.wm.WindowManagerService.windowForClientLocked:5628 com.android.server.wm.Session.insetsModified:629 android.view.IWindowSession$Stub.onTransact:1151
06-29 10:13:45.789 12604 12604 I wm_on_top_resumed_gained_called: [7001008,com.kugou.android.app.splash.SplashActivity,topStateChangedWhenResumed]
06-29 10:13:45.806 1570 1718 I input_focus: [Focus request 3543455 com.kugou.android/com.kugou.android.app.splash.SplashActivity,reason=UpdateInputWindows]
06-29 10:13:45.825 0 0 I [ 121.031520] binder: 12604:12723 ioctl 40046210 74acd721f4 returned -22
06-29 10:13:45.833 1570 1898 I input_focus: [Focus leaving c426fd3 com.android.launcher3/com.android.launcher3.uioverrides.QuickstepLauncher (server),reason=Waiting for window because NOT_VISIBLE]
06-29 10:13:45.841 1570 1724 V ActivityManager: Attempted to start a foreground service (com.kugou.android/com.kugou.framework.service.ipc.peripheral.connect.EmptyService) with a broken notification (no icon: Notification(channel=kg_normal shortcut=null contentView=null vibrate=null sound=null defaults=0x0 flags=0x40 color=0x00000000 vis=PRIVATE))
