06-29 10:13:17.615 1570 1724 W BroadcastQueue: Target SDK mismatch: receiver ActivityInfo{43aa40f com.douyu.module.miuiwidget.widgetprovider.DYMIUIWidgetMatch44Provider} targets 28 but delivery restricted to [0, 23] broadcasting Intent { act=android.net.conn.CONNECTIVITY_CHANGE flg=0x4200010 (has extras) } from android (pid=1570, uid=1000) to air.tv.douyu.android/com.douyu.module.miuiwidget.widgetprovider.DYMIUIWidgetMatch44Provider
06-29 10:13:17.615 1570 1724 W BroadcastQueue: Target SDK mismatch: receiver ActivityInfo{d8e9c9c com.douyu.module.miuiwidget.widgetprovider.DYMIUIWidgetMatch42Provider} targets 28 but delivery restricted to [0, 23] broadcasting Intent { act=android.net.conn.CONNECTIVITY_CHANGE flg=0x4200010 (has extras) } from android (pid=1570, uid=1000) to air.tv.douyu.android/com.douyu.module.miuiwidget.widgetprovider.DYMIUIWidgetMatch42Provider
06-29 10:13:17.615 1570 1724 W BroadcastQueue: Target SDK mismatch: receiver ActivityInfo{61866a5 com.douyu.module.miuiwidget.widgetprovider.DYMIUIWidgetFollow42Provider} targets 28 but delivery restricted to [0, 23] broadcasting Intent { act=android.net.conn.CONNECTIVITY_CHANGE flg=0x4200010 (has extras) } from android (pid=1570, uid=1000) to air.tv.douyu.android/com.douyu.module.miuiwidget.widgetprovider.DYMIUIWidgetFollow42Provider
06-29 10:13:17.615 1570 1724 W BroadcastQueue: Target SDK mismatch: receiver ActivityInfo{482a7a com.douyu.module.miuiwidget.widgetprovider.DYMIUIWidgetFollow22Provider} targets 28 but delivery restricted to [0, 23] broadcasting Intent { act=android.net.conn.CONNECTIVITY_CHANGE flg=0x4200010 (has extras) } from android (pid=1570, uid=1000) to air.tv.douyu.android/com.douyu.module.miuiwidget.widgetprovider.DYMIUIWidgetFollow22Provider
06-29 10:13:17.615 1570 1724 W BroadcastQueue: Target SDK mismatch: receiver ActivityInfo{7722b com.douyu.sdk.apkdownload.receiver.BroadcastReceiverNetworkChange} targets 28 but delivery restricted to [0, 23] broadcasting Intent { act=android.net.conn.CONNECTIVITY_CHANGE flg=0x4200010 (has extras) } from android (pid=1570, uid=1000) to air.tv.douyu.android/com.douyu.sdk.apkdownload.receiver.BroadcastReceiverNetworkChange
06-29 10:13:17.615 1570 1724 W BroadcastQueue: Target SDK mismatch: receiver ActivityInfo{36e688 com.igexin.sdk.PushReceiver} targets 28 but delivery restricted to [0, 23] broadcasting Intent { act=android.net.conn.CONNECTIVITY_CHANGE flg=0x4200010 (has extras) } from android (pid=1570, uid=1000) to air.tv.douyu.android/com.igexin.sdk.PushReceiver
06-29 10:13:17.615 1570 1724 W BroadcastQueue: Target SDK mismatch: receiver ActivityInfo{6cdc821 com.igexin.sdk.PushReceiver} targets 30 but delivery restricted to [0, 23] broadcasting Intent { act=android.net.conn.CONNECTIVITY_CHANGE flg=0x4200010 (has extras) } from android (pid=1570, uid=1000) to com.hunantv.imgo.activity/com.igexin.sdk.PushReceiver
06-29 10:13:17.615 1570 1724 W BroadcastQueue: Target SDK mismatch: receiver ActivityInfo{31e7446 cn.jpush.android.service.PushReceiver} targets 31 but delivery restricted to [0, 23] broadcasting Intent { act=android.net.conn.CONNECTIVITY_CHANGE flg=0x4200010 (has extras) } from android (pid=1570, uid=1000) to com.miHoYo.Yuanshen/cn.jpush.android.service.PushReceiver
06-29 10:13:17.615 1570 1724 W BroadcastQueue: Target SDK mismatch: receiver ActivityInfo{f890607 com.netease.nimlib.service.NimReceiver} targets 29 but delivery restricted to [0, 23] broadcasting Intent { act=android.net.conn.CONNECTIVITY_CHANGE flg=0x4200010 (has extras) } from android (pid=1570, uid=1000) to com.netease.cloudmusic/com.netease.nimlib.service.NimReceiver
06-29 10:13:17.615 1570 1724 W BroadcastQueue: Target SDK mismatch: receiver ActivityInfo{d97e334 com.netease.galaxy.GalaxyReceiver} targets 31 but delivery restricted to [0, 23] broadcasting Intent { act=android.net.conn.CONNECTIVITY_CHANGE flg=0x4200010 (has extras) } from android (pid=1570, uid=1000) to com.netease.newsreader.activity/com.netease.galaxy.GalaxyReceiver
06-29 10:13:17.615 1570 1724 W BroadcastQueue: Target SDK mismatch: receiver ActivityInfo{f1dc55d com.taobao.accs.EventReceiver} targets 28 but delivery restricted to [0, 23] broadcasting Intent { act=android.net.conn.CONNECTIVITY_CHANGE flg=0x4200010 (has extras) } from android (pid=1570, uid=1000) to com.taobao.taobao/com.taobao.accs.EventReceiver
06-29 10:13:17.615 1570 1724 W BroadcastQueue: Target SDK mismatch: receiver ActivityInfo{4bd8ed2 com.tencent.mobileqq.msf.core.NetConnInfoCenter} targets 26 but delivery restricted to [0, 23] broadcasting Intent { act=android.net.conn.CONNECTIVITY_CHANGE flg=0x4200010 (has extras) } from android (pid=1570, uid=1000) to com.tencent.mobileqq/.msf.core.NetConnInfoCenter
06-29 10:13:17.615 1570 1724 W BroadcastQueue: Target SDK mismatch: receiver ActivityInfo{ea5fba3 com.tencent.msdk.dns.HttpDnsCache$ConnectivityChangeReceiver} targets 29 but delivery restricted to [0, 23] broadcasting Intent { act=android.net.conn.CONNECTIVITY_CHANGE flg=0x4200010 (has extras) } from android (pid=1570, uid=1000) to com.tencent.tmgp.sgame/com.tencent.msdk.dns.HttpDnsCache$ConnectivityChangeReceiver
06-29 10:13:17.615 1570 1724 W BroadcastQueue: Target SDK mismatch: receiver ActivityInfo{269fea0 com.tencent.special.httpdns.Cache$ConnectReceiver} targets 29 but delivery restricted to [0, 23] broadcasting Intent { act=android.net.conn.CONNECTIVITY_CHANGE flg=0x4200010 (has extras) } from android (pid=1570, uid=1000) to com.tencent.tmgp.sgame/com.tencent.special.httpdns.Cache$ConnectReceiver
06-29 10:13:17.615 1570 1724 W BroadcastQueue: Target SDK mismatch: receiver ActivityInfo{2765a59 com.taobao.accs.EventReceiver} targets 26 but delivery restricted to [0, 23] broadcasting Intent { act=android.net.conn.CONNECTIVITY_CHANGE flg=0x4200010 (has extras) } from android (pid=1570, uid=1000) to com.wandoujia.phoenix2/com.taobao.accs.EventReceiver
06-29 10:13:17.615 1570 1724 W BroadcastQueue: Target SDK mismatch: receiver ActivityInfo{5c1c61e com.taobao.accs.EventReceiver} targets 31 but delivery restricted to [0, 23] broadcasting Intent { act=android.net.conn.CONNECTIVITY_CHANGE flg=0x4200010 (has extras) } from android (pid=1570, uid=1000) to com.youku.phone/com.taobao.accs.EventReceiver
06-29 10:13:17.615 1570 1724 W BroadcastQueue: Target SDK mismatch: receiver ActivityInfo{712aeff com.taobao.orange.receiver.OrangeReceiver} targets 31 but delivery restricted to [0, 23] broadcasting Intent { act=android.net.conn.CONNECTIVITY_CHANGE flg=0x4200010 (has extras) } from android (pid=1570, uid=1000) to com.youku.phone/com.taobao.orange.receiver.OrangeReceiver
06-29 10:13:17.615 1570 1724 W BroadcastQueue: Target SDK mismatch: receiver ActivityInfo{c8064cc com.igexin.sdk.PushReceiver} targets 33 but delivery restricted to [0, 23] broadcasting Intent { act=android.net.conn.CONNECTIVITY_CHANGE flg=0x4200010 (has extras) } from android (pid=1570, uid=1000) to com.zhihu.android/com.igexin.sdk.PushReceiver
06-29 10:13:17.615 1570 1724 W BroadcastQueue: Permission Denial: broadcasting Intent { act=android.intent.action.MEDIA_SCANNER_STARTED dat=file:///storage/emulated/0 flg=0x10 } from com.android.providers.media.module (pid=3125, uid=10093) to com.tencent.mobileqq/.msf.core.NetConnInfoCenter is not exported from uid 10095
06-29 10:13:17.615 1570 1724 W BroadcastQueue: Permission Denial: broadcasting Intent { act=android.intent.action.MEDIA_SCANNER_FINISHED dat=file:///storage/emulated/0 flg=0x10 } from com.android.providers.media.module (pid=3125, uid=10093) to com.tencent.mobileqq/.msf.core.NetConnInfoCenter is not exported from uid 10095
06-29 10:13:17.616 1570 1724 I am_uid_running: 10036
06-29 10:13:17.616 1570 1724 D CompatibilityChangeReporter: Compat change id reported: 135634846; UID 10036; state: DISABLED
06-29 10:13:17.616 1570 1724 D CompatibilityChangeReporter: Compat change id reported: 177438394; UID 10036; state: DISABLED
06-29 10:13:17.616 1570 1724 D CompatibilityChangeReporter: Compat change id reported: 135772972; UID 10036; state: DISABLED
06-29 10:13:17.616 1570 1724 D CompatibilityChangeReporter: Compat change id reported: 135754954; UID 10036; state: ENABLED
06-29 10:13:17.621 8333 8333 W PackageParsing: Ignoring duplicate uses-permissions/uses-permissions-sdk-m: android.permission.CAMERA in package: com.tencent.android.qqdownloader at: Binary XML file line #170
06-29 10:13:17.621 8333 8333 W PackageParsing: Ignoring duplicate uses-permissions/uses-permissions-sdk-m: android.permission.ACCESS_NETWORK_STATE in package: com.tencent.android.qqdownloader at: Binary XML file line #171
06-29 10:13:17.621 8333 8333 W PackageParsing: Ignoring duplicate uses-permissions/uses-permissions-sdk-m: android.permission.ACCESS_WIFI_STATE in package: com.tencent.android.qqdownloader at: Binary XML file line #172
06-29 10:13:17.621 8333 8333 W PackageParsing: Ignoring duplicate uses-permissions/uses-permissions-sdk-m: android.permission.CHANGE_WIFI_STATE in package: com.tencent.android.qqdownloader at: Binary XML file line #173
06-29 10:13:17.621 8333 8333 W PackageParsing: Ignoring duplicate uses-permissions/uses-permissions-sdk-m: android.permission.CHANGE_NETWORK_STATE in package: com.tencent.android.qqdownloader at: Binary XML file line #177
06-29 10:13:17.621 8333 8333 W PackageParsing: Ignoring duplicate uses-permissions/uses-permissions-sdk-m: android.permission.INTERNET in package: com.tencent.android.qqdownloader at: Binary XML file line #178
06-29 10:13:17.621 8333 8333 W PackageParsing: Ignoring duplicate uses-permissions/uses-permissions-sdk-m: android.permission.WRITE_EXTERNAL_STORAGE in package: com.tencent.android.qqdownloader at: Binary XML file line #182
06-29 10:13:17.621 8333 8333 W PackageParsing: Ignoring duplicate uses-permissions/uses-permissions-sdk-m: android.permission.INTERNET in package: com.tencent.android.qqdownloader at: Binary XML file line #240
06-29 10:13:17.622 8333 8333 W PackageParsing: Ignoring duplicate uses-permissions/uses-permissions-sdk-m: android.permission.ACCESS_COARSE_LOCATION in package: com.tencent.android.qqdownloader at: Binary XML file line #241
06-29 10:13:17.622 8333 8333 W PackageParsing: Ignoring duplicate uses-permissions/uses-permissions-sdk-m: android.permission.ACCESS_FINE_LOCATION in package: com.tencent.android.qqdownloader at: Binary XML file line #242
06-29 10:13:17.622 8333 8333 W PackageParsing: Ignoring duplicate uses-permissions/uses-permissions-sdk-m: android.permission.ACCESS_NETWORK_STATE in package: com.tencent.android.qqdownloader at: Binary XML file line #243
06-29 10:13:17.622 8333 8333 W PackageParsing: Ignoring duplicate uses-permissions/uses-permissions-sdk-m: android.permission.ACCESS_WIFI_STATE in package: com.tencent.android.qqdownloader at: Binary XML file line #244
06-29 10:13:17.622 8333 8333 W PackageParsing: Ignoring duplicate uses-permissions/uses-permissions-sdk-m: android.permission.CAMERA in package: com.tencent.android.qqdownloader at: Binary XML file line #246
06-29 10:13:17.622 8333 8333 W PackageParsing: Ignoring duplicate uses-permissions/uses-permissions-sdk-m: android.permission.WRITE_EXTERNAL_STORAGE in package: com.tencent.android.qqdownloader at: Binary XML file line #247
06-29 10:13:17.619 8434 8434 I auditd : type=1400 audit(0.0:1931): avc: granted { execute } for comm="Thread-5" name="daemon2_64_v2.2.2" dev="dm-21" ino=36566 scontext=u:r:untrusted_app_27:s0:c512,c768 tcontext=u:object_r:app_data_file:s0:c512,c768 tclass=file app=com.tencent.android.qqdownloader
06-29 10:13:17.624 8333 8333 W PackageParsing: No actions in intent-filter at /data/user/0/com.tencent.android.qqdownloader/files/shell/8_8454130_1346/base.apk Binary XML file line #444
06-29 10:13:17.624 8333 8333 W PackageParsing: No actions in intent-filter at /data/user/0/com.tencent.android.qqdownloader/files/shell/8_8454130_1346/base.apk Binary XML file line #464
06-29 10:13:17.624 8333 8333 W PackageParsing: No actions in intent-filter at /data/user/0/com.tencent.android.qqdownloader/files/shell/8_8454130_1346/base.apk Binary XML file line #501
06-29 10:13:17.624 8333 8333 W PackageParsing: No actions in intent-filter at /data/user/0/com.tencent.android.qqdownloader/files/shell/8_8454130_1346/base.apk Binary XML file line #537
06-29 10:13:17.624 8333 8333 W PackageParsing: No actions in intent-filter at /data/user/0/com.tencent.android.qqdownloader/files/shell/8_8454130_1346/base.apk Binary XML file line #573
06-29 10:13:17.625 8333 8333 W PackageParsing: No actions in intent-filter at /data/user/0/com.tencent.android.qqdownloader/files/shell/8_8454130_1346/base.apk Binary XML file line #609
06-29 10:13:17.630 8333 8333 W PackageParsing: No actions in intent-filter at /data/user/0/com.tencent.android.qqdownloader/files/shell/8_8454130_1346/base.apk Binary XML file line #1712
06-29 10:13:17.641 0 0 I [ 92.843018] binder: 8436:8436 ioctl 40046210 7fef341454 returned -22
06-29 10:13:17.646 1570 3583 I am_proc_died: [0,7736,com.wandoujia.phoenix2:aid,915,19]
06-29 10:13:17.647 1570 3583 I am_uid_stopped: 10133
06-29 10:13:17.649 1570 3583 I am_uid_active: 10036
06-29 10:13:17.662 1570 2485 V ActivityManager: Got obituary of 6236:com.tencent.android.qqdownloader:cloud
06-29 10:13:17.663 0 0 I [ 92.869339] binder: undelivered transaction 151291, process died.
06-29 10:13:17.663 0 0 I [ 92.869615] binder: undelivered transaction 151827, process died.
06-29 10:13:17.664 1570 1725 W ActivityManager: Slow operation: 57ms so far, now at startProcess: asking zygote to start proc
06-29 10:13:17.664 1570 1725 D CompatibilityChangeReporter: Compat change id reported: 143937733; UID 10101; state: DISABLED
06-29 10:13:17.669 1570 1725 W ActivityManager: Slow operation: 63ms so far, now at startProcess: returned from zygote!
06-29 10:13:17.670 1570 1725 W ActivityManager: Slow operation: 64ms so far, now at startProcess: done updating battery stats
06-29 10:13:17.670 1570 1725 I am_proc_start: [0,8468,10101,com.tencent.android.qqdownloader:cloud,service,{com.tencent.android.qqdownloader/com.live.watermelon.service.SentryAlphaService}]
06-29 10:13:17.670 1570 1725 W ActivityManager: Slow operation: 64ms so far, now at startProcess: building log message
06-29 10:13:17.670 1570 1725 I ActivityManager: Start proc 8468:com.tencent.android.qqdownloader:cloud/u0a101 for service {com.tencent.android.qqdownloader/com.live.watermelon.service.SentryAlphaService}
06-29 10:13:17.670 1570 1725 W ActivityManager: Slow operation: 64ms so far, now at startProcess: starting to update pids map
06-29 10:13:17.670 1570 1725 W ActivityManager: Slow operation: 64ms so far, now at startProcess: done updating pids map
06-29 10:13:17.670 1570 1725 W ActivityManager: Slow operation: 54ms so far, now at startProcess: asking zygote to start proc
06-29 10:13:17.670 1570 1725 D CompatibilityChangeReporter: Compat change id reported: 143937733; UID 10036; state: ENABLED
06-29 10:13:17.675 1570 1725 W ActivityManager: Slow operation: 59ms so far, now at startProcess: returned from zygote!
06-29 10:13:17.675 1570 1725 W ActivityManager: Slow operation: 59ms so far, now at startProcess: done updating battery stats
06-29 10:13:17.675 1570 1725 I am_proc_start: [0,8480,10036,com.android.providers.calendar,broadcast,{com.android.providers.calendar/com.android.providers.calendar.CalendarProviderBroadcastReceiver}]
06-29 10:13:17.676 1570 1725 W ActivityManager: Slow operation: 59ms so far, now at startProcess: building log message
06-29 10:13:17.676 1570 1725 I ActivityManager: Start proc 8480:com.android.providers.calendar/u0a36 for broadcast {com.android.providers.calendar/com.android.providers.calendar.CalendarProviderBroadcastReceiver}
06-29 10:13:17.676 1570 1725 W ActivityManager: Slow operation: 59ms so far, now at startProcess: starting to update pids map
06-29 10:13:17.676 1570 1725 W ActivityManager: Slow operation: 60ms so far, now at startProcess: done updating pids map
06-29 10:13:17.693 0 0 I [ 92.896301] binder: 8480:8480 ioctl 40046210 7fe27a47d4 returned -22
06-29 10:13:17.693 0 0 I [ 92.897506] binder: 8468:8468 ioctl 40046210 7fe27a47d4 returned -22
06-29 10:13:17.693 1570 3583 I am_proc_bound: [0,8480,com.android.providers.calendar]
06-29 10:13:17.693 1570 2485 D PowerManagerService: releaseWakeLockInternal: lock=52367651 [MicroMsg.MMAutoAuth], flags=0x0
06-29 10:13:17.693 1570 2485 D PowerManagerNotifier: onWakeLockReleased: flags=1, tag="MicroMsg.MMAutoAuth", packageName=com.tencent.mm, ownerUid=10102, ownerPid=6867, workSource=null
06-29 10:13:17.693 1570 2485 D PowerManagerService: updateWakeLockSummaryLocked: mWakefulness=Awake, mWakeLockSummary=0x1
06-29 10:13:17.693 1570 2485 D PowerManagerService: updateUserActivitySummaryLocked: groupId=0, mWakefulness=Awake, mUserActivitySummary=0x1, nextTimeout=119202 (in 26302 ms)
06-29 10:13:17.693 1570 2485 D PowerManagerNotifier: onScreenPolicyUpdate: newPolicy=3
06-29 10:13:17.694 1570 2485 D PowerManagerService: updateDisplayPowerStateLocked: displayReady=true, groupId=0, policy=BRIGHT, mWakefulness=Awake, mWakeLockSummary=0x1, mUserActivitySummary=0x1, mBootCompleted=true, screenBrightnessOverride=NaN, useAutoBrightness=false, mScreenBrightnessBoostInProgress=false, mIsVrModeEnabled= false, sQuiescent=false
06-29 10:13:17.694 1570 3583 D CompatibilityChangeReporter: Compat change id reported: 168419799; UID 10036; state: DISABLED
06-29 10:13:17.695 1570 2485 D PowerManagerService: acquireWakeLockInternal: lock=52367651, flags=0x1, tag="MicroMsg.MMAutoAuth", ws=null, uid=10102, pid=6867
06-29 10:13:17.696 1570 2485 D PowerManagerService: updateWakeLockSummaryLocked: mWakefulness=Awake, mWakeLockSummary=0x1
06-29 10:13:17.696 1570 2485 D PowerManagerService: updateUserActivitySummaryLocked: groupId=0, mWakefulness=Awake, mUserActivitySummary=0x1, nextTimeout=119202 (in 26299 ms)
06-29 10:13:17.696 1570 2485 D PowerManagerNotifier: onScreenPolicyUpdate: newPolicy=3
06-29 10:13:17.696 1570 2485 D PowerManagerService: updateDisplayPowerStateLocked: displayReady=true, groupId=0, policy=BRIGHT, mWakefulness=Awake, mWakeLockSummary=0x1, mUserActivitySummary=0x1, mBootCompleted=true, screenBrightnessOverride=NaN, useAutoBrightness=false, mScreenBrightnessBoostInProgress=false, mIsVrModeEnabled= false, sQuiescent=false
06-29 10:13:17.696 1570 2485 D PowerManagerNotifier: onWakeLockAcquired: flags=1, tag="MicroMsg.MMAutoAuth", packageName=com.tencent.mm, ownerUid=10102, ownerPid=6867, workSource=null
06-29 10:13:17.698 1570 1870 I am_proc_bound: [0,8468,com.tencent.android.qqdownloader:cloud]
06-29 10:13:17.729 8372 8372 W PackageParsing: Ignoring duplicate uses-permissions/uses-permissions-sdk-m: android.permission.CAMERA in package: com.tencent.android.qqdownloader at: Binary XML file line #170
06-29 10:13:17.729 8372 8372 W PackageParsing: Ignoring duplicate uses-permissions/uses-permissions-sdk-m: android.permission.ACCESS_NETWORK_STATE in package: com.tencent.android.qqdownloader at: Binary XML file line #171
06-29 10:13:17.729 8372 8372 W PackageParsing: Ignoring duplicate uses-permissions/uses-permissions-sdk-m: android.permission.ACCESS_WIFI_STATE in package: com.tencent.android.qqdownloader at: Binary XML file line #172
06-29 10:13:17.729 8372 8372 W PackageParsing: Ignoring duplicate uses-permissions/uses-permissions-sdk-m: android.permission.CHANGE_WIFI_STATE in package: com.tencent.android.qqdownloader at: Binary XML file line #173
06-29 10:13:17.729 8372 8372 W PackageParsing: Ignoring duplicate uses-permissions/uses-permissions-sdk-m: android.permission.CHANGE_NETWORK_STATE in package: com.tencent.android.qqdownloader at: Binary XML file line #177
06-29 10:13:17.729 8372 8372 W PackageParsing: Ignoring duplicate uses-permissions/uses-permissions-sdk-m: android.permission.INTERNET in package: com.tencent.android.qqdownloader at: Binary XML file line #178
06-29 10:13:17.729 8372 8372 W PackageParsing: Ignoring duplicate uses-permissions/uses-permissions-sdk-m: android.permission.WRITE_EXTERNAL_STORAGE in package: com.tencent.android.qqdownloader at: Binary XML file line #182
06-29 10:13:17.730 1570 2485 D PowerManagerService: releaseWakeLockInternal: lock=52367651 [MicroMsg.MMAutoAuth], flags=0x0
06-29 10:13:17.730 8372 8372 W PackageParsing: Ignoring duplicate uses-permissions/uses-permissions-sdk-m: android.permission.INTERNET in package: com.tencent.android.qqdownloader at: Binary XML file line #240
06-29 10:13:17.730 8372 8372 W PackageParsing: Ignoring duplicate uses-permissions/uses-permissions-sdk-m: android.permission.ACCESS_COARSE_LOCATION in package: com.tencent.android.qqdownloader at: Binary XML file line #241
06-29 10:13:17.730 1570 2485 D PowerManagerNotifier: onWakeLockReleased: flags=1, tag="MicroMsg.MMAutoAuth", packageName=com.tencent.mm, ownerUid=10102, ownerPid=6867, workSource=null
06-29 10:13:17.730 8372 8372 W PackageParsing: Ignoring duplicate uses-permissions/uses-permissions-sdk-m: android.permission.ACCESS_FINE_LOCATION in package: com.tencent.android.qqdownloader at: Binary XML file line #242
06-29 10:13:17.730 8372 8372 W PackageParsing: Ignoring duplicate uses-permissions/uses-permissions-sdk-m: android.permission.ACCESS_NETWORK_STATE in package: com.tencent.android.qqdownloader at: Binary XML file line #243
06-29 10:13:17.730 8372 8372 W PackageParsing: Ignoring duplicate uses-permissions/uses-permissions-sdk-m: android.permission.ACCESS_WIFI_STATE in package: com.tencent.android.qqdownloader at: Binary XML file line #244
06-29 10:13:17.730 8372 8372 W PackageParsing: Ignoring duplicate uses-permissions/uses-permissions-sdk-m: android.permission.CAMERA in package: com.tencent.android.qqdownloader at: Binary XML file line #246
06-29 10:13:17.730 8372 8372 W PackageParsing: Ignoring duplicate uses-permissions/uses-permissions-sdk-m: android.permission.WRITE_EXTERNAL_STORAGE in package: com.tencent.android.qqdownloader at: Binary XML file line #247
06-29 10:13:17.730 1570 2485 D PowerManagerService: updateWakeLockSummaryLocked: mWakefulness=Awake, mWakeLockSummary=0x1
06-29 10:13:17.730 1570 2485 D PowerManagerService: updateUserActivitySummaryLocked: groupId=0, mWakefulness=Awake, mUserActivitySummary=0x1, nextTimeout=119202 (in 26265 ms)
06-29 10:13:17.730 1570 2485 D PowerManagerNotifier: onScreenPolicyUpdate: newPolicy=3
06-29 10:13:17.730 1570 2485 D PowerManagerService: updateDisplayPowerStateLocked: displayReady=true, groupId=0, policy=BRIGHT, mWakefulness=Awake, mWakeLockSummary=0x1, mUserActivitySummary=0x1, mBootCompleted=true, screenBrightnessOverride=NaN, useAutoBrightness=false, mScreenBrightnessBoostInProgress=false, mIsVrModeEnabled= false, sQuiescent=false
06-29 10:13:17.732 8372 8372 W PackageParsing: No actions in intent-filter at /data/user/0/com.tencent.android.qqdownloader/files/shell/8_8454130_1346/base.apk Binary XML file line #444
06-29 10:13:17.732 8372 8372 W PackageParsing: No actions in intent-filter at /data/user/0/com.tencent.android.qqdownloader/files/shell/8_8454130_1346/base.apk Binary XML file line #464
06-29 10:13:17.732 8372 8372 W PackageParsing: No actions in intent-filter at /data/user/0/com.tencent.android.qqdownloader/files/shell/8_8454130_1346/base.apk Binary XML file line #501
06-29 10:13:17.732 8372 8372 W PackageParsing: No actions in intent-filter at /data/user/0/com.tencent.android.qqdownloader/files/shell/8_8454130_1346/base.apk Binary XML file line #537
06-29 10:13:17.732 8372 8372 W PackageParsing: No actions in intent-filter at /data/user/0/com.tencent.android.qqdownloader/files/shell/8_8454130_1346/base.apk Binary XML file line #573
06-29 10:13:17.732 8372 8372 W PackageParsing: No actions in intent-filter at /data/user/0/com.tencent.android.qqdownloader/files/shell/8_8454130_1346/base.apk Binary XML file line #609
06-29 10:13:17.734 1570 1870 D PowerManagerService: acquireWakeLockInternal: lock=52367651, flags=0x1, tag="MicroMsg.MMAutoAuth", ws=null, uid=10102, pid=6867
06-29 10:13:17.734 1570 1870 D PowerManagerService: updateWakeLockSummaryLocked: mWakefulness=Awake, mWakeLockSummary=0x1
06-29 10:13:17.734 1570 1870 D PowerManagerService: updateUserActivitySummaryLocked: groupId=0, mWakefulness=Awake, mUserActivitySummary=0x1, nextTimeout=119202 (in 26261 ms)
06-29 10:13:17.734 1570 1870 D PowerManagerNotifier: onScreenPolicyUpdate: newPolicy=3
06-29 10:13:17.734 1570 1870 D PowerManagerService: updateDisplayPowerStateLocked: displayReady=true, groupId=0, policy=BRIGHT, mWakefulness=Awake, mWakeLockSummary=0x1, mUserActivitySummary=0x1, mBootCompleted=true, screenBrightnessOverride=NaN, useAutoBrightness=false, mScreenBrightnessBoostInProgress=false, mIsVrModeEnabled= false, sQuiescent=false
06-29 10:13:17.734 1570 1870 D PowerManagerNotifier: onWakeLockAcquired: flags=1, tag="MicroMsg.MMAutoAuth", packageName=com.tencent.mm, ownerUid=10102, ownerPid=6867, workSource=null
06-29 10:13:17.736 8372 8372 W PackageParsing: No actions in intent-filter at /data/user/0/com.tencent.android.qqdownloader/files/shell/8_8454130_1346/base.apk Binary XML file line #1712
06-29 10:13:17.737 0 0 I [ 92.943889] binder: undelivered TRANSACTION_COMPLETE
06-29 10:13:17.737 0 0 I [ 92.943896] binder: undelivered transaction 152345, process died.
06-29 10:13:17.737 0 0 I [ 92.944071] binder: undelivered TRANSACTION_COMPLETE
06-29 10:13:17.737 0 0 I [ 92.944075] binder: undelivered transaction 152349, process died.
06-29 10:13:17.737 1570 2109 I am_proc_died: [0,7589,com.xingin.xhs,905,19]
06-29 10:13:17.738 1570 2109 I am_uid_stopped: 10116
06-29 10:13:17.741 0 0 I [ 92.947874] init: Untracked pid 8042 received signal 9
06-29 10:13:17.741 0 0 I [ 92.948088] init: Untracked pid 8426 received signal 9
06-29 10:13:17.742 0 0 I [ 92.949110] init: Untracked pid 8019 exited with status 0
06-29 10:13:17.742 0 0 I [ 92.949201] init: Untracked pid 8112 received signal 9
06-29 10:13:17.779 1570 6497 I am_uid_running: 10076
06-29 10:13:17.780 1570 6497 D CompatibilityChangeReporter: Compat change id reported: 135634846; UID 10076; state: DISABLED
06-29 10:13:17.780 1570 6497 D CompatibilityChangeReporter: Compat change id reported: 177438394; UID 10076; state: DISABLED
06-29 10:13:17.780 1570 6497 D CompatibilityChangeReporter: Compat change id reported: 135772972; UID 10076; state: DISABLED
06-29 10:13:17.780 1570 6497 D CompatibilityChangeReporter: Compat change id reported: 135754954; UID 10076; state: ENABLED
06-29 10:13:17.781 1570 1725 D CompatibilityChangeReporter: Compat change id reported: 143937733; UID 10076; state: ENABLED
06-29 10:13:17.787 1570 1570 D PowerManagerService: updateWakeLockWorkSourceInternal: lock=204342601 [*alarm*], ws=WorkSource{10076}
06-29 10:13:17.787 1570 1570 D PowerManagerNotifier: onWakeLockChanging: flags=1, tag="*alarm*", packageName=android, ownerUid=1000, ownerPid=1570, workSource=WorkSource{10076}
06-29 10:13:17.787 1570 1725 I am_proc_start: [0,8584,10076,com.qti.ltebc,broadcast,{com.qti.ltebc/com.qualcomm.ltebc.LTEBroadcastAlarmReceiver}]
06-29 10:13:17.788 1570 1725 I ActivityManager: Start proc 8584:com.qti.ltebc/u0a76 for broadcast {com.qti.ltebc/com.qualcomm.ltebc.LTEBroadcastAlarmReceiver}
06-29 10:13:17.788 1570 1570 D PowerManagerService: acquireWakeLockInternal: lock=199272841, flags=0x1, tag="*job*/com.android.providers.calendar/.CalendarProviderJobService", ws=WorkSource{10036}, uid=1000, pid=1570
06-29 10:13:17.788 1570 1570 D PowerManagerService: updateWakeLockSummaryLocked: mWakefulness=Awake, mWakeLockSummary=0x1
06-29 10:13:17.788 1570 1570 D PowerManagerService: updateUserActivitySummaryLocked: groupId=0, mWakefulness=Awake, mUserActivitySummary=0x1, nextTimeout=119202 (in 26207 ms)
06-29 10:13:17.788 1570 1570 D PowerManagerNotifier: onScreenPolicyUpdate: newPolicy=3
06-29 10:13:17.788 1570 1570 D PowerManagerService: updateDisplayPowerStateLocked: displayReady=true, groupId=0, policy=BRIGHT, mWakefulness=Awake, mWakeLockSummary=0x1, mUserActivitySummary=0x1, mBootCompleted=true, screenBrightnessOverride=NaN, useAutoBrightness=false, mScreenBrightnessBoostInProgress=false, mIsVrModeEnabled= false, sQuiescent=false
06-29 10:13:17.788 1570 1570 D PowerManagerNotifier: onWakeLockAcquired: flags=1, tag="*job*/com.android.providers.calendar/.CalendarProviderJobService", packageName=android, ownerUid=1000, ownerPid=1570, workSource=WorkSource{10036}
06-29 10:13:17.805 0 0 I [ 93.009100] binder: 8584:8584 ioctl 40046210 7fe27a47d4 returned -22
06-29 10:13:17.807 8468 8468 W PackageParsing: Ignoring duplicate uses-permissions/uses-permissions-sdk-m: android.permission.CAMERA in package: com.tencent.android.qqdownloader at: Binary XML file line #170
06-29 10:13:17.807 8468 8468 W PackageParsing: Ignoring duplicate uses-permissions/uses-permissions-sdk-m: android.permission.ACCESS_NETWORK_STATE in package: com.tencent.android.qqdownloader at: Binary XML file line #171
06-29 10:13:17.808 8468 8468 W PackageParsing: Ignoring duplicate uses-permissions/uses-permissions-sdk-m: android.permission.ACCESS_WIFI_STATE in package: com.tencent.android.qqdownloader at: Binary XML file line #172
06-29 10:13:17.808 8468 8468 W PackageParsing: Ignoring duplicate uses-permissions/uses-permissions-sdk-m: android.permission.CHANGE_WIFI_STATE in package: com.tencent.android.qqdownloader at: Binary XML file line #173
06-29 10:13:17.808 8468 8468 W PackageParsing: Ignoring duplicate uses-permissions/uses-permissions-sdk-m: android.permission.CHANGE_NETWORK_STATE in package: com.tencent.android.qqdownloader at: Binary XML file line #177
06-29 10:13:17.808 8468 8468 W PackageParsing: Ignoring duplicate uses-permissions/uses-permissions-sdk-m: android.permission.INTERNET in package: com.tencent.android.qqdownloader at: Binary XML file line #178
06-29 10:13:17.808 8468 8468 W PackageParsing: Ignoring duplicate uses-permissions/uses-permissions-sdk-m: android.permission.WRITE_EXTERNAL_STORAGE in package: com.tencent.android.qqdownloader at: Binary XML file line #182
06-29 10:13:17.808 8468 8468 W PackageParsing: Ignoring duplicate uses-permissions/uses-permissions-sdk-m: android.permission.INTERNET in package: com.tencent.android.qqdownloader at: Binary XML file line #240
06-29 10:13:17.808 8468 8468 W PackageParsing: Ignoring duplicate uses-permissions/uses-permissions-sdk-m: android.permission.ACCESS_COARSE_LOCATION in package: com.tencent.android.qqdownloader at: Binary XML file line #241
06-29 10:13:17.808 8468 8468 W PackageParsing: Ignoring duplicate uses-permissions/uses-permissions-sdk-m: android.permission.ACCESS_FINE_LOCATION in package: com.tencent.android.qqdownloader at: Binary XML file line #242
06-29 10:13:17.808 8468 8468 W PackageParsing: Ignoring duplicate uses-permissions/uses-permissions-sdk-m: android.permission.ACCESS_NETWORK_STATE in package: com.tencent.android.qqdownloader at: Binary XML file line #243
06-29 10:13:17.808 8468 8468 W PackageParsing: Ignoring duplicate uses-permissions/uses-permissions-sdk-m: android.permission.ACCESS_WIFI_STATE in package: com.tencent.android.qqdownloader at: Binary XML file line #244
06-29 10:13:17.808 8468 8468 W PackageParsing: Ignoring duplicate uses-permissions/uses-permissions-sdk-m: android.permission.CAMERA in package: com.tencent.android.qqdownloader at: Binary XML file line #246
06-29 10:13:17.808 8468 8468 W PackageParsing: Ignoring duplicate uses-permissions/uses-permissions-sdk-m: android.permission.WRITE_EXTERNAL_STORAGE in package: com.tencent.android.qqdownloader at: Binary XML file line #247
06-29 10:13:17.812 8468 8468 W PackageParsing: No actions in intent-filter at /data/user/0/com.tencent.android.qqdownloader/files/shell/8_8454130_1346/base.apk Binary XML file line #444
06-29 10:13:17.812 8468 8468 W PackageParsing: No actions in intent-filter at /data/user/0/com.tencent.android.qqdownloader/files/shell/8_8454130_1346/base.apk Binary XML file line #464
06-29 10:13:17.812 8468 8468 W PackageParsing: No actions in intent-filter at /data/user/0/com.tencent.android.qqdownloader/files/shell/8_8454130_1346/base.apk Binary XML file line #501
06-29 10:13:17.812 8468 8468 W PackageParsing: No actions in intent-filter at /data/user/0/com.tencent.android.qqdownloader/files/shell/8_8454130_1346/base.apk Binary XML file line #537
06-29 10:13:17.812 8468 8468 W PackageParsing: No actions in intent-filter at /data/user/0/com.tencent.android.qqdownloader/files/shell/8_8454130_1346/base.apk Binary XML file line #573
06-29 10:13:17.812 8468 8468 W PackageParsing: No actions in intent-filter at /data/user/0/com.tencent.android.qqdownloader/files/shell/8_8454130_1346/base.apk Binary XML file line #609
06-29 10:13:17.814 1570 2017 I am_proc_bound: [0,8584,com.qti.ltebc]
06-29 10:13:17.816 1570 2017 D CompatibilityChangeReporter: Compat change id reported: 168419799; UID 10076; state: DISABLED
06-29 10:13:17.818 1570 2017 I am_uid_active: 10076
06-29 10:13:17.820 1570 2109 D CompatibilityChangeReporter: Compat change id reported: 143231523; UID 10036; state: DISABLED
06-29 10:13:17.823 8468 8468 W PackageParsing: No actions in intent-filter at /data/user/0/com.tencent.android.qqdownloader/files/shell/8_8454130_1346/base.apk Binary XML file line #1712
06-29 10:13:17.823 1570 6497 D PowerManagerService: releaseWakeLockInternal: lock=52367651 [MicroMsg.MMAutoAuth], flags=0x0
06-29 10:13:17.823 1570 6497 D PowerManagerNotifier: onWakeLockReleased: flags=1, tag="MicroMsg.MMAutoAuth", packageName=com.tencent.mm, ownerUid=10102, ownerPid=6867, workSource=null
06-29 10:13:17.823 1570 6497 D PowerManagerService: updateWakeLockSummaryLocked: mWakefulness=Awake, mWakeLockSummary=0x1
06-29 10:13:17.823 1570 6497 D PowerManagerService: updateUserActivitySummaryLocked: groupId=0, mWakefulness=Awake, mUserActivitySummary=0x1, nextTimeout=119202 (in 26172 ms)
06-29 10:13:17.823 1570 6497 D PowerManagerNotifier: onScreenPolicyUpdate: newPolicy=3
06-29 10:13:17.823 1570 6497 D PowerManagerService: updateDisplayPowerStateLocked: displayReady=true, groupId=0, policy=BRIGHT, mWakefulness=Awake, mWakeLockSummary=0x1, mUserActivitySummary=0x1, mBootCompleted=true, screenBrightnessOverride=NaN, useAutoBrightness=false, mScreenBrightnessBoostInProgress=false, mIsVrModeEnabled= false, sQuiescent=false
06-29 10:13:17.829 1570 2017 D PowerManagerService: acquireWakeLockInternal: lock=52367651, flags=0x1, tag="MicroMsg.MMAutoAuth", ws=null, uid=10102, pid=6867
06-29 10:13:17.829 1570 2017 D PowerManagerService: updateWakeLockSummaryLocked: mWakefulness=Awake, mWakeLockSummary=0x1
06-29 10:13:17.829 1570 2017 D PowerManagerService: updateUserActivitySummaryLocked: groupId=0, mWakefulness=Awake, mUserActivitySummary=0x1, nextTimeout=119202 (in 26166 ms)
06-29 10:13:17.829 1570 2017 D PowerManagerNotifier: onScreenPolicyUpdate: newPolicy=3
06-29 10:13:17.829 1570 2017 D PowerManagerService: updateDisplayPowerStateLocked: displayReady=true, groupId=0, policy=BRIGHT, mWakefulness=Awake, mWakeLockSummary=0x1, mUserActivitySummary=0x1, mBootCompleted=true, screenBrightnessOverride=NaN, useAutoBrightness=false, mScreenBrightnessBoostInProgress=false, mIsVrModeEnabled= false, sQuiescent=false
06-29 10:13:17.829 1570 2017 D PowerManagerNotifier: onWakeLockAcquired: flags=1, tag="MicroMsg.MMAutoAuth", packageName=com.tencent.mm, ownerUid=10102, ownerPid=6867, workSource=null
06-29 10:13:17.836 1570 6497 D PowerManagerService: releaseWakeLockInternal: lock=52367651 [MicroMsg.MMAutoAuth], flags=0x0
06-29 10:13:17.836 1570 6497 D PowerManagerNotifier: onWakeLockReleased: flags=1, tag="MicroMsg.MMAutoAuth", packageName=com.tencent.mm, ownerUid=10102, ownerPid=6867, workSource=null
06-29 10:13:17.836 1570 6497 D PowerManagerService: updateWakeLockSummaryLocked: mWakefulness=Awake, mWakeLockSummary=0x1
06-29 10:13:17.836 1570 6497 D PowerManagerService: updateUserActivitySummaryLocked: groupId=0, mWakefulness=Awake, mUserActivitySummary=0x1, nextTimeout=119202 (in 26159 ms)
06-29 10:13:17.836 1570 6497 D PowerManagerNotifier: onScreenPolicyUpdate: newPolicy=3
06-29 10:13:17.836 1570 6497 D PowerManagerService: updateDisplayPowerStateLocked: displayReady=true, groupId=0, policy=BRIGHT, mWakefulness=Awake, mWakeLockSummary=0x1, mUserActivitySummary=0x1, mBootCompleted=true, screenBrightnessOverride=NaN, useAutoBrightness=false, mScreenBrightnessBoostInProgress=false, mIsVrModeEnabled= false, sQuiescent=false
06-29 10:13:17.845 1570 6497 D PowerManagerService: releaseWakeLockInternal: lock=199272841 [*job*/com.android.providers.calendar/.CalendarProviderJobService], flags=0x0
06-29 10:13:17.845 1570 6497 D PowerManagerNotifier: onWakeLockReleased: flags=1, tag="*job*/com.android.providers.calendar/.CalendarProviderJobService", packageName=android, ownerUid=1000, ownerPid=1570, workSource=WorkSource{10036}
06-29 10:13:17.845 1570 6497 D PowerManagerService: updateWakeLockSummaryLocked: mWakefulness=Awake, mWakeLockSummary=0x1
06-29 10:13:17.845 1570 6497 D PowerManagerService: updateUserActivitySummaryLocked: groupId=0, mWakefulness=Awake, mUserActivitySummary=0x1, nextTimeout=119202 (in 26150 ms)
06-29 10:13:17.845 1570 6497 D PowerManagerNotifier: onScreenPolicyUpdate: newPolicy=3
06-29 10:13:17.846 1570 6497 D PowerManagerService: updateDisplayPowerStateLocked: displayReady=true, groupId=0, policy=BRIGHT, mWakefulness=Awake, mWakeLockSummary=0x1, mUserActivitySummary=0x1, mBootCompleted=true, screenBrightnessOverride=NaN, useAutoBrightness=false, mScreenBrightnessBoostInProgress=false, mIsVrModeEnabled= false, sQuiescent=false
06-29 10:13:17.846 1570 2109 D PowerManagerService: acquireWakeLockInternal: lock=52367651, flags=0x1, tag="MicroMsg.MMAutoAuth", ws=null, uid=10102, pid=6867
06-29 10:13:17.846 1570 2109 D PowerManagerService: updateWakeLockSummaryLocked: mWakefulness=Awake, mWakeLockSummary=0x1
06-29 10:13:17.846 1570 2109 D PowerManagerService: updateUserActivitySummaryLocked: groupId=0, mWakefulness=Awake, mUserActivitySummary=0x1, nextTimeout=119202 (in 26149 ms)
06-29 10:13:17.846 1570 2109 D PowerManagerNotifier: onScreenPolicyUpdate: newPolicy=3
06-29 10:13:17.846 1570 2109 D PowerManagerService: updateDisplayPowerStateLocked: displayReady=true, groupId=0, policy=BRIGHT, mWakefulness=Awake, mWakeLockSummary=0x1, mUserActivitySummary=0x1, mBootCompleted=true, screenBrightnessOverride=NaN, useAutoBrightness=false, mScreenBrightnessBoostInProgress=false, mIsVrModeEnabled= false, sQuiescent=false
06-29 10:13:17.846 1570 2109 D PowerManagerNotifier: onWakeLockAcquired: flags=1, tag="MicroMsg.MMAutoAuth", packageName=com.tencent.mm, ownerUid=10102, ownerPid=6867, workSource=null
06-29 10:13:17.850 1570 2017 I ActivityManager: Killing 8278:com.android.webview:webview_service/u0a69 (adj 905): empty #2
06-29 10:13:17.851 1570 2017 I am_kill : [0,8278,com.android.webview:webview_service,905,empty #2]
06-29 10:13:17.912 0 0 I [ 93.114474] binder: 8655:8655 ioctl 40046210 7fcf55cb64 returned -22
06-29 10:13:17.930 1570 1870 D PowerManagerService: releaseWakeLockInternal: lock=52367651 [MicroMsg.MMAutoAuth], flags=0x0
06-29 10:13:17.930 1570 1870 D PowerManagerNotifier: onWakeLockReleased: flags=1, tag="MicroMsg.MMAutoAuth", packageName=com.tencent.mm, ownerUid=10102, ownerPid=6867, workSource=null
06-29 10:13:17.931 1570 1870 D PowerManagerService: updateWakeLockSummaryLocked: mWakefulness=Awake, mWakeLockSummary=0x1
06-29 10:13:17.931 1570 1870 D PowerManagerService: updateUserActivitySummaryLocked: groupId=0, mWakefulness=Awake, mUserActivitySummary=0x1, nextTimeout=119202 (in 26064 ms)
06-29 10:13:17.931 1570 1870 D PowerManagerNotifier: onScreenPolicyUpdate: newPolicy=3
06-29 10:13:17.931 1570 1870 D PowerManagerService: updateDisplayPowerStateLocked: displayReady=true, groupId=0, policy=BRIGHT, mWakefulness=Awake, mWakeLockSummary=0x1, mUserActivitySummary=0x1, mBootCompleted=true, screenBrightnessOverride=NaN, useAutoBrightness=false, mScreenBrightnessBoostInProgress=false, mIsVrModeEnabled= false, sQuiescent=false
06-29 10:13:17.935 1570 1870 D PowerManagerService: acquireWakeLockInternal: lock=52367651, flags=0x1, tag="MicroMsg.MMAutoAuth", ws=null, uid=10102, pid=6867
06-29 10:13:17.935 1570 1870 D PowerManagerService: updateWakeLockSummaryLocked: mWakefulness=Awake, mWakeLockSummary=0x1
06-29 10:13:17.935 1570 1870 D PowerManagerService: updateUserActivitySummaryLocked: groupId=0, mWakefulness=Awake, mUserActivitySummary=0x1, nextTimeout=119202 (in 26060 ms)
06-29 10:13:17.936 1570 1870 D PowerManagerNotifier: onScreenPolicyUpdate: newPolicy=3
06-29 10:13:17.936 1570 1870 D PowerManagerService: updateDisplayPowerStateLocked: displayReady=true, groupId=0, policy=BRIGHT, mWakefulness=Awake, mWakeLockSummary=0x1, mUserActivitySummary=0x1, mBootCompleted=true, screenBrightnessOverride=NaN, useAutoBrightness=false, mScreenBrightnessBoostInProgress=false, mIsVrModeEnabled= false, sQuiescent=false
06-29 10:13:17.936 1570 1870 D PowerManagerNotifier: onWakeLockAcquired: flags=1, tag="MicroMsg.MMAutoAuth", packageName=com.tencent.mm, ownerUid=10102, ownerPid=6867, workSource=null
06-29 10:13:17.948 0 0 E [ 93.152089] link_delay_work_func: DTC_ETH: SQI=0, link=0
06-29 10:13:17.986 1570 2017 I am_proc_died: [0,8278,com.android.webview:webview_service,905,19]
06-29 10:13:17.987 1570 2017 I am_uid_stopped: 10069
06-29 10:13:18.072 1570 2017 D PowerManagerService: releaseWakeLockInternal: lock=31695447 [PlatformComm], flags=0x0
06-29 10:13:18.072 1570 2017 D PowerManagerNotifier: onWakeLockReleased: flags=1, tag="PlatformComm", packageName=com.tencent.mm, ownerUid=10102, ownerPid=6867, workSource=null
06-29 10:13:18.072 1570 2017 D PowerManagerService: updateWakeLockSummaryLocked: mWakefulness=Awake, mWakeLockSummary=0x1
06-29 10:13:18.072 1570 2017 D PowerManagerService: updateUserActivitySummaryLocked: groupId=0, mWakefulness=Awake, mUserActivitySummary=0x1, nextTimeout=119202 (in 25923 ms)
06-29 10:13:18.072 1570 2017 D PowerManagerNotifier: onScreenPolicyUpdate: newPolicy=3
06-29 10:13:18.072 1570 2017 D PowerManagerService: updateDisplayPowerStateLocked: displayReady=true, groupId=0, policy=BRIGHT, mWakefulness=Awake, mWakeLockSummary=0x1, mUserActivitySummary=0x1, mBootCompleted=true, screenBrightnessOverride=NaN, useAutoBrightness=false, mScreenBrightnessBoostInProgress=false, mIsVrModeEnabled= false, sQuiescent=false
06-29 10:13:18.073 1570 2017 D PowerManagerService: acquireWakeLockInternal: lock=31695447, flags=0x1, tag="PlatformComm", ws=null, uid=10102, pid=6867
06-29 10:13:18.074 1570 2017 D PowerManagerService: updateWakeLockSummaryLocked: mWakefulness=Awake, mWakeLockSummary=0x1
06-29 10:13:18.074 1570 2017 D PowerManagerService: updateUserActivitySummaryLocked: groupId=0, mWakefulness=Awake, mUserActivitySummary=0x1, nextTimeout=119202 (in 25921 ms)
06-29 10:13:18.074 1570 2017 D PowerManagerNotifier: onScreenPolicyUpdate: newPolicy=3
06-29 10:13:18.074 1570 2017 D PowerManagerService: updateDisplayPowerStateLocked: displayReady=true, groupId=0, policy=BRIGHT, mWakefulness=Awake, mWakeLockSummary=0x1, mUserActivitySummary=0x1, mBootCompleted=true, screenBrightnessOverride=NaN, useAutoBrightness=false, mScreenBrightnessBoostInProgress=false, mIsVrModeEnabled= false, sQuiescent=false
06-29 10:13:18.074 1570 2017 D PowerManagerNotifier: onWakeLockAcquired: flags=1, tag="PlatformComm", packageName=com.tencent.mm, ownerUid=10102, ownerPid=6867, workSource=null
06-29 10:13:18.104 1570 3720 D PowerManagerService: releaseWakeLockInternal: lock=69963734 [PlatformComm], flags=0x0
06-29 10:13:18.104 1570 3720 D PowerManagerNotifier: onWakeLockReleased: flags=1, tag="PlatformComm", packageName=com.tencent.mm, ownerUid=10102, ownerPid=6867, workSource=null
06-29 10:13:18.104 1570 3720 D PowerManagerService: updateWakeLockSummaryLocked: mWakefulness=Awake, mWakeLockSummary=0x1
06-29 10:13:18.104 1570 3720 D PowerManagerService: updateUserActivitySummaryLocked: groupId=0, mWakefulness=Awake, mUserActivitySummary=0x1, nextTimeout=119202 (in 25891 ms)
06-29 10:13:18.104 1570 3720 D PowerManagerNotifier: onScreenPolicyUpdate: newPolicy=3
06-29 10:13:18.104 1570 3720 D PowerManagerService: updateDisplayPowerStateLocked: displayReady=true, groupId=0, policy=BRIGHT, mWakefulness=Awake, mWakeLockSummary=0x1, mUserActivitySummary=0x1, mBootCompleted=true, screenBrightnessOverride=NaN, useAutoBrightness=false, mScreenBrightnessBoostInProgress=false, mIsVrModeEnabled= false, sQuiescent=false
06-29 10:13:18.106 1570 3720 D PowerManagerService: acquireWakeLockInternal: lock=69963734, flags=0x1, tag="PlatformComm", ws=null, uid=10102, pid=6867
06-29 10:13:18.106 1570 3720 D PowerManagerService: updateWakeLockSummaryLocked: mWakefulness=Awake, mWakeLockSummary=0x1
06-29 10:13:18.106 1570 3720 D PowerManagerService: updateUserActivitySummaryLocked: groupId=0, mWakefulness=Awake, mUserActivitySummary=0x1, nextTimeout=119202 (in 25889 ms)
06-29 10:13:18.106 1570 3720 D PowerManagerNotifier: onScreenPolicyUpdate: newPolicy=3
06-29 10:13:18.106 1570 3720 D PowerManagerService: updateDisplayPowerStateLocked: displayReady=true, groupId=0, policy=BRIGHT, mWakefulness=Awake, mWakeLockSummary=0x1, mUserActivitySummary=0x1, mBootCompleted=true, screenBrightnessOverride=NaN, useAutoBrightness=false, mScreenBrightnessBoostInProgress=false, mIsVrModeEnabled= false, sQuiescent=false
06-29 10:13:18.106 1570 3720 D PowerManagerNotifier: onWakeLockAcquired: flags=1, tag="PlatformComm", packageName=com.tencent.mm, ownerUid=10102, ownerPid=6867, workSource=null
06-29 10:13:18.138 1570 3720 I ActivityManager: Killing 8584:com.qti.ltebc/u0a76 (adj 915): empty #2
06-29 10:13:18.138 1570 3720 I am_kill : [0,8584,com.qti.ltebc,915,empty #2]
06-29 10:13:18.140 1570 2017 D PowerManagerService: releaseWakeLockInternal: lock=31695447 [PlatformComm], flags=0x0
06-29 10:13:18.140 1570 2017 D PowerManagerNotifier: onWakeLockReleased: flags=1, tag="PlatformComm", packageName=com.tencent.mm, ownerUid=10102, ownerPid=6867, workSource=null
06-29 10:13:18.140 1570 2017 D PowerManagerService: updateWakeLockSummaryLocked: mWakefulness=Awake, mWakeLockSummary=0x1
06-29 10:13:18.140 1570 2017 D PowerManagerService: updateUserActivitySummaryLocked: groupId=0, mWakefulness=Awake, mUserActivitySummary=0x1, nextTimeout=119202 (in 25855 ms)
06-29 10:13:18.140 1570 2017 D PowerManagerNotifier: onScreenPolicyUpdate: newPolicy=3
06-29 10:13:18.140 1570 2017 D PowerManagerService: updateDisplayPowerStateLocked: displayReady=true, groupId=0, policy=BRIGHT, mWakefulness=Awake, mWakeLockSummary=0x1, mUserActivitySummary=0x1, mBootCompleted=true, screenBrightnessOverride=NaN, useAutoBrightness=false, mScreenBrightnessBoostInProgress=false, mIsVrModeEnabled= false, sQuiescent=false
06-29 10:13:18.141 1570 1570 D PowerManagerService: updateWakeLockWorkSourceInternal: lock=204342601 [*alarm*], ws=WorkSource{1000}
06-29 10:13:18.141 1570 1570 D PowerManagerNotifier: onWakeLockChanging: flags=1, tag="*alarm*", packageName=android, ownerUid=1000, ownerPid=1570, workSource=WorkSource{1000}
06-29 10:13:18.141 1570 3720 D PowerManagerService: acquireWakeLockInternal: lock=31695447, flags=0x1, tag="PlatformComm", ws=null, uid=10102, pid=6867
06-29 10:13:18.142 1570 3720 D PowerManagerService: updateWakeLockSummaryLocked: mWakefulness=Awake, mWakeLockSummary=0x1
06-29 10:13:18.142 1570 3720 D PowerManagerService: updateUserActivitySummaryLocked: groupId=0, mWakefulness=Awake, mUserActivitySummary=0x1, nextTimeout=119202 (in 25854 ms)
06-29 10:13:18.142 1570 3720 D PowerManagerNotifier: onScreenPolicyUpdate: newPolicy=3
06-29 10:13:18.142 1570 3720 D PowerManagerService: updateDisplayPowerStateLocked: displayReady=true, groupId=0, policy=BRIGHT, mWakefulness=Awake, mWakeLockSummary=0x1, mUserActivitySummary=0x1, mBootCompleted=true, screenBrightnessOverride=NaN, useAutoBrightness=false, mScreenBrightnessBoostInProgress=false, mIsVrModeEnabled= false, sQuiescent=false
06-29 10:13:18.142 1570 3720 D PowerManagerNotifier: onWakeLockAcquired: flags=1, tag="PlatformComm", packageName=com.tencent.mm, ownerUid=10102, ownerPid=6867, workSource=null
06-29 10:13:18.143 1570 2109 D PowerManagerService: releaseWakeLockInternal: lock=69963734 [PlatformComm], flags=0x0
06-29 10:13:18.144 1570 2109 D PowerManagerNotifier: onWakeLockReleased: flags=1, tag="PlatformComm", packageName=com.tencent.mm, ownerUid=10102, ownerPid=6867, workSource=null
06-29 10:13:18.144 1570 2109 D PowerManagerService: updateWakeLockSummaryLocked: mWakefulness=Awake, mWakeLockSummary=0x1
06-29 10:13:18.144 1570 2109 D PowerManagerService: updateUserActivitySummaryLocked: groupId=0, mWakefulness=Awake, mUserActivitySummary=0x1, nextTimeout=119202 (in 25851 ms)
06-29 10:13:18.144 1570 2109 D PowerManagerNotifier: onScreenPolicyUpdate: newPolicy=3
06-29 10:13:18.144 1570 2109 D PowerManagerService: updateDisplayPowerStateLocked: displayReady=true, groupId=0, policy=BRIGHT, mWakefulness=Awake, mWakeLockSummary=0x1, mUserActivitySummary=0x1, mBootCompleted=true, screenBrightnessOverride=NaN, useAutoBrightness=false, mScreenBrightnessBoostInProgress=false, mIsVrModeEnabled= false, sQuiescent=false
06-29 10:13:18.145 1570 2017 D PowerManagerService: acquireWakeLockInternal: lock=69963734, flags=0x1, tag="PlatformComm", ws=null, uid=10102, pid=6867
06-29 10:13:18.145 1570 2017 D PowerManagerService: updateWakeLockSummaryLocked: mWakefulness=Awake, mWakeLockSummary=0x1
06-29 10:13:18.145 1570 2017 D PowerManagerService: updateUserActivitySummaryLocked: groupId=0, mWakefulness=Awake, mUserActivitySummary=0x1, nextTimeout=119202 (in 25850 ms)
06-29 10:13:18.145 1570 2017 D PowerManagerNotifier: onScreenPolicyUpdate: newPolicy=3
06-29 10:13:18.145 1570 2017 D PowerManagerService: updateDisplayPowerStateLocked: displayReady=true, groupId=0, policy=BRIGHT, mWakefulness=Awake, mWakeLockSummary=0x1, mUserActivitySummary=0x1, mBootCompleted=true, screenBrightnessOverride=NaN, useAutoBrightness=false, mScreenBrightnessBoostInProgress=false, mIsVrModeEnabled= false, sQuiescent=false
