06-29 10:13:51.824 1570 1898 I input_interaction: Interaction with: edge-swipe (server), swipe-up (server), PointerEventDispatcher0 (server),
06-29 10:13:51.837 0 0 I [ 127.041927] binder: 13999:13999 ioctl 40046210 7fe27a47d4 returned -22
06-29 10:13:51.838 1570 6507 I am_proc_bound: [0,13999,com.baidu.appsearch]
06-29 10:13:51.854 1570 1898 D PowerManagerService: userActivityNoUpdateLocked: groupId=0, eventTime=127060, event=2, flags=0x0, uid=1000
06-29 10:13:51.854 1570 1898 D PowerManagerNotifier: onUserActivity: event=2, uid=1000
06-29 10:13:51.854 1570 1898 D PowerManagerService: updateUserActivitySummaryLocked: groupId=0, mWakefulness=Awake, mUserActivitySummary=0x1, nextTimeout=187060 (in 59999 ms)
06-29 10:13:51.854 1570 1898 D PowerManagerNotifier: onScreenPolicyUpdate: newPolicy=3
06-29 10:13:51.854 1570 1898 D PowerManagerService: updateDisplayPowerStateLocked: displayReady=true, groupId=0, policy=BRIGHT, mWakefulness=Awake, mWakeLockSummary=0x1, mUserActivitySummary=0x1, mBootCompleted=true, screenBrightnessOverride=NaN, useAutoBrightness=false, mScreenBrightnessBoostInProgress=false, mIsVrModeEnabled= false, sQuiescent=false
06-29 10:13:51.859 1570 1889 D PowerManagerService: acquireWakeLockInternal: lock=204342601, flags=0x1, tag="*alarm*", ws=WorkSource{10108}, uid=1000, pid=1570
06-29 10:13:51.859 1570 1889 D PowerManagerService: updateWakeLockSummaryLocked: mWakefulness=Awake, mWakeLockSummary=0x1
06-29 10:13:51.859 1570 1889 D PowerManagerService: updateUserActivitySummaryLocked: groupId=0, mWakefulness=Awake, mUserActivitySummary=0x1, nextTimeout=187060 (in 59994 ms)
06-29 10:13:51.859 1570 1889 D PowerManagerNotifier: onScreenPolicyUpdate: newPolicy=3
06-29 10:13:51.859 1570 1889 D PowerManagerService: updateDisplayPowerStateLocked: displayReady=true, groupId=0, policy=BRIGHT, mWakefulness=Awake, mWakeLockSummary=0x1, mUserActivitySummary=0x1, mBootCompleted=true, screenBrightnessOverride=NaN, useAutoBrightness=false, mScreenBrightnessBoostInProgress=false, mIsVrModeEnabled= false, sQuiescent=false
06-29 10:13:51.859 1570 1889 D PowerManagerNotifier: onWakeLockAcquired: flags=1, tag="*alarm*", packageName=android, ownerUid=1000, ownerPid=1570, workSource=WorkSource{10108}
06-29 10:13:51.860 1570 1570 D PowerManagerService: releaseWakeLockInternal: lock=204342601 [*alarm*], flags=0x0
06-29 10:13:51.860 1570 1570 D PowerManagerNotifier: onWakeLockReleased: flags=1, tag="*alarm*", packageName=android, ownerUid=1000, ownerPid=1570, workSource=WorkSource{10108}
06-29 10:13:51.860 1570 1570 D PowerManagerService: updateWakeLockSummaryLocked: mWakefulness=Awake, mWakeLockSummary=0x1
06-29 10:13:51.860 1570 1570 D PowerManagerService: updateUserActivitySummaryLocked: groupId=0, mWakefulness=Awake, mUserActivitySummary=0x1, nextTimeout=187060 (in 59993 ms)
06-29 10:13:51.860 1570 1570 D PowerManagerNotifier: onScreenPolicyUpdate: newPolicy=3
06-29 10:13:51.860 1570 1570 D PowerManagerService: updateDisplayPowerStateLocked: displayReady=true, groupId=0, policy=BRIGHT, mWakefulness=Awake, mWakeLockSummary=0x1, mUserActivitySummary=0x1, mBootCompleted=true, screenBrightnessOverride=NaN, useAutoBrightness=false, mScreenBrightnessBoostInProgress=false, mIsVrModeEnabled= false, sQuiescent=false
06-29 10:13:51.984 1570 1889 D PowerManagerService: acquireWakeLockInternal: lock=204342601, flags=0x1, tag="*alarm*", ws=WorkSource{1000}, uid=1000, pid=1570
06-29 10:13:51.984 1570 1889 D PowerManagerService: updateWakeLockSummaryLocked: mWakefulness=Awake, mWakeLockSummary=0x1
06-29 10:13:51.984 1570 1889 D PowerManagerService: updateUserActivitySummaryLocked: groupId=0, mWakefulness=Awake, mUserActivitySummary=0x1, nextTimeout=187060 (in 59869 ms)
06-29 10:13:51.984 1570 1889 D PowerManagerNotifier: onScreenPolicyUpdate: newPolicy=3
06-29 10:13:51.984 1570 1889 D PowerManagerService: updateDisplayPowerStateLocked: displayReady=true, groupId=0, policy=BRIGHT, mWakefulness=Awake, mWakeLockSummary=0x1, mUserActivitySummary=0x1, mBootCompleted=true, screenBrightnessOverride=NaN, useAutoBrightness=false, mScreenBrightnessBoostInProgress=false, mIsVrModeEnabled= false, sQuiescent=false
06-29 10:13:51.984 1570 1889 D PowerManagerNotifier: onWakeLockAcquired: flags=1, tag="*alarm*", packageName=android, ownerUid=1000, ownerPid=1570, workSource=WorkSource{1000}
06-29 10:13:51.989 1570 1962 D PowerManagerService: updateWakeLockWorkSourceInternal: lock=204342601 [*alarm*], ws=WorkSource{10108}
06-29 10:13:51.989 1570 1962 D PowerManagerNotifier: onWakeLockChanging: flags=1, tag="*alarm*", packageName=android, ownerUid=1000, ownerPid=1570, workSource=WorkSource{10108}
06-29 10:13:51.993 1570 1570 D PowerManagerService: acquireWakeLockInternal: lock=262595567, flags=0x1, tag="*job*/com.tencent.android.qqdownloader.YYBLiveAccountProvider/com.tencent.android.qqdownloader.YYBLiveAccountProvider.account/应用宝:android", ws=WorkSource{10101}, uid=1000, pid=1570
06-29 10:13:51.993 1570 1570 D PowerManagerService: updateWakeLockSummaryLocked: mWakefulness=Awake, mWakeLockSummary=0x1
06-29 10:13:51.993 1570 1570 D PowerManagerService: updateUserActivitySummaryLocked: groupId=0, mWakefulness=Awake, mUserActivitySummary=0x1, nextTimeout=187060 (in 59860 ms)
06-29 10:13:51.993 1570 1570 D PowerManagerNotifier: onScreenPolicyUpdate: newPolicy=3
06-29 10:13:51.993 1570 1570 D PowerManagerService: updateDisplayPowerStateLocked: displayReady=true, groupId=0, policy=BRIGHT, mWakefulness=Awake, mWakeLockSummary=0x1, mUserActivitySummary=0x1, mBootCompleted=true, screenBrightnessOverride=NaN, useAutoBrightness=false, mScreenBrightnessBoostInProgress=false, mIsVrModeEnabled= false, sQuiescent=false
06-29 10:13:51.993 1570 1570 D PowerManagerNotifier: onWakeLockAcquired: flags=1, tag="*job*/com.tencent.android.qqdownloader.YYBLiveAccountProvider/com.tencent.android.qqdownloader.YYBLiveAccountProvider.account/应用宝:android", packageName=android, ownerUid=1000, ownerPid=1570, workSource=WorkSource{10101}
06-29 10:13:51.994 1570 2024 D PowerManagerService: acquireWakeLockInternal: lock=57184586, flags=0x1, tag="SyncLoopWakeLock", ws=null, uid=1000, pid=1570
06-29 10:13:51.994 1570 2024 D PowerManagerService: updateWakeLockSummaryLocked: mWakefulness=Awake, mWakeLockSummary=0x1
06-29 10:13:51.994 1570 2024 D PowerManagerService: updateUserActivitySummaryLocked: groupId=0, mWakefulness=Awake, mUserActivitySummary=0x1, nextTimeout=187060 (in 59859 ms)
06-29 10:13:51.994 1570 2024 D PowerManagerNotifier: onScreenPolicyUpdate: newPolicy=3
06-29 10:13:51.994 1570 2024 D PowerManagerService: updateDisplayPowerStateLocked: displayReady=true, groupId=0, policy=BRIGHT, mWakefulness=Awake, mWakeLockSummary=0x1, mUserActivitySummary=0x1, mBootCompleted=true, screenBrightnessOverride=NaN, useAutoBrightness=false, mScreenBrightnessBoostInProgress=false, mIsVrModeEnabled= false, sQuiescent=false
06-29 10:13:51.994 1570 2024 D PowerManagerNotifier: onWakeLockAcquired: flags=1, tag="SyncLoopWakeLock", packageName=android, ownerUid=1000, ownerPid=1570, workSource=null
06-29 10:13:51.995 1570 2024 I sync : [com.tencent.android.qqdownloader.YYBLiveAccountProvider,0,3,24220937]
06-29 10:13:51.995 1570 2024 D PowerManagerService: acquireWakeLockInternal: lock=222122892, flags=0x1, tag="*sync*/com.tencent.android.qqdownloader.YYBLiveAccountProvider/com.tencent.android.qqdownloader.YYBLiveAccountProvider.account/应用宝", ws=WorkSource{10101}, uid=1000, pid=1570
06-29 10:13:51.995 1570 2024 D PowerManagerService: updateWakeLockSummaryLocked: mWakefulness=Awake, mWakeLockSummary=0x1
06-29 10:13:51.995 1570 2024 D PowerManagerService: updateUserActivitySummaryLocked: groupId=0, mWakefulness=Awake, mUserActivitySummary=0x1, nextTimeout=187060 (in 59858 ms)
06-29 10:13:51.995 1570 2024 D PowerManagerNotifier: onScreenPolicyUpdate: newPolicy=3
06-29 10:13:51.995 1570 2024 D PowerManagerService: updateDisplayPowerStateLocked: displayReady=true, groupId=0, policy=BRIGHT, mWakefulness=Awake, mWakeLockSummary=0x1, mUserActivitySummary=0x1, mBootCompleted=true, screenBrightnessOverride=NaN, useAutoBrightness=false, mScreenBrightnessBoostInProgress=false, mIsVrModeEnabled= false, sQuiescent=false
06-29 10:13:51.995 1570 2024 D PowerManagerNotifier: onWakeLockAcquired: flags=1, tag="*sync*/com.tencent.android.qqdownloader.YYBLiveAccountProvider/com.tencent.android.qqdownloader.YYBLiveAccountProvider.account/应用宝", packageName=android, ownerUid=1000, ownerPid=1570, workSource=WorkSource{10101}
06-29 10:13:51.998 1570 2024 D CompatibilityChangeReporter: Compat change id reported: 168419799; UID 10101; state: DISABLED
06-29 10:13:51.999 1570 2024 D PowerManagerService: releaseWakeLockInternal: lock=57184586 [SyncLoopWakeLock], flags=0x0
06-29 10:13:51.999 1570 2024 D PowerManagerNotifier: onWakeLockReleased: flags=1, tag="SyncLoopWakeLock", packageName=android, ownerUid=1000, ownerPid=1570, workSource=null
06-29 10:13:51.999 1570 2024 D PowerManagerService: updateWakeLockSummaryLocked: mWakefulness=Awake, mWakeLockSummary=0x1
06-29 10:13:51.999 1570 2024 D PowerManagerService: updateUserActivitySummaryLocked: groupId=0, mWakefulness=Awake, mUserActivitySummary=0x1, nextTimeout=187060 (in 59854 ms)
06-29 10:13:51.999 1570 2024 D PowerManagerNotifier: onScreenPolicyUpdate: newPolicy=3
06-29 10:13:51.999 1570 2024 D PowerManagerService: updateDisplayPowerStateLocked: displayReady=true, groupId=0, policy=BRIGHT, mWakefulness=Awake, mWakeLockSummary=0x1, mUserActivitySummary=0x1, mBootCompleted=true, screenBrightnessOverride=NaN, useAutoBrightness=false, mScreenBrightnessBoostInProgress=false, mIsVrModeEnabled= false, sQuiescent=false
06-29 10:13:52.006 1570 2024 D PowerManagerService: acquireWakeLockInternal: lock=57184586, flags=0x1, tag="SyncLoopWakeLock", ws=null, uid=1000, pid=1570
06-29 10:13:52.006 1570 2024 D PowerManagerService: updateWakeLockSummaryLocked: mWakefulness=Awake, mWakeLockSummary=0x1
06-29 10:13:52.006 1570 2024 D PowerManagerService: updateUserActivitySummaryLocked: groupId=0, mWakefulness=Awake, mUserActivitySummary=0x1, nextTimeout=187060 (in 59847 ms)
06-29 10:13:52.006 1570 2024 D PowerManagerNotifier: onScreenPolicyUpdate: newPolicy=3
06-29 10:13:52.006 1570 2024 D PowerManagerService: updateDisplayPowerStateLocked: displayReady=true, groupId=0, policy=BRIGHT, mWakefulness=Awake, mWakeLockSummary=0x1, mUserActivitySummary=0x1, mBootCompleted=true, screenBrightnessOverride=NaN, useAutoBrightness=false, mScreenBrightnessBoostInProgress=false, mIsVrModeEnabled= false, sQuiescent=false
06-29 10:13:52.006 1570 2024 D PowerManagerNotifier: onWakeLockAcquired: flags=1, tag="SyncLoopWakeLock", packageName=android, ownerUid=1000, ownerPid=1570, workSource=null
06-29 10:13:52.006 1570 2024 D PowerManagerService: releaseWakeLockInternal: lock=57184586 [SyncLoopWakeLock], flags=0x0
06-29 10:13:52.006 1570 2024 D PowerManagerNotifier: onWakeLockReleased: flags=1, tag="SyncLoopWakeLock", packageName=android, ownerUid=1000, ownerPid=1570, workSource=null
06-29 10:13:52.006 1570 2024 D PowerManagerService: updateWakeLockSummaryLocked: mWakefulness=Awake, mWakeLockSummary=0x1
06-29 10:13:52.007 1570 2024 D PowerManagerService: updateUserActivitySummaryLocked: groupId=0, mWakefulness=Awake, mUserActivitySummary=0x1, nextTimeout=187060 (in 59847 ms)
06-29 10:13:52.007 1570 2024 D PowerManagerNotifier: onScreenPolicyUpdate: newPolicy=3
06-29 10:13:52.007 1570 2024 D PowerManagerService: updateDisplayPowerStateLocked: displayReady=true, groupId=0, policy=BRIGHT, mWakefulness=Awake, mWakeLockSummary=0x1, mUserActivitySummary=0x1, mBootCompleted=true, screenBrightnessOverride=NaN, useAutoBrightness=false, mScreenBrightnessBoostInProgress=false, mIsVrModeEnabled= false, sQuiescent=false
06-29 10:13:52.012 1570 2024 D PowerManagerService: acquireWakeLockInternal: lock=57184586, flags=0x1, tag="SyncLoopWakeLock", ws=null, uid=1000, pid=1570
06-29 10:13:52.012 1570 2024 D PowerManagerService: updateWakeLockSummaryLocked: mWakefulness=Awake, mWakeLockSummary=0x1
06-29 10:13:52.012 1570 2024 D PowerManagerService: updateUserActivitySummaryLocked: groupId=0, mWakefulness=Awake, mUserActivitySummary=0x1, nextTimeout=187060 (in 59841 ms)
06-29 10:13:52.012 1570 2024 D PowerManagerNotifier: onScreenPolicyUpdate: newPolicy=3
06-29 10:13:52.012 1570 2024 D PowerManagerService: updateDisplayPowerStateLocked: displayReady=true, groupId=0, policy=BRIGHT, mWakefulness=Awake, mWakeLockSummary=0x1, mUserActivitySummary=0x1, mBootCompleted=true, screenBrightnessOverride=NaN, useAutoBrightness=false, mScreenBrightnessBoostInProgress=false, mIsVrModeEnabled= false, sQuiescent=false
06-29 10:13:52.012 1570 2024 D PowerManagerNotifier: onWakeLockAcquired: flags=1, tag="SyncLoopWakeLock", packageName=android, ownerUid=1000, ownerPid=1570, workSource=null
06-29 10:13:52.013 1570 1570 D PowerManagerService: releaseWakeLockInternal: lock=262595567 [*job*/com.tencent.android.qqdownloader.YYBLiveAccountProvider/com.tencent.android.qqdownloader.YYBLiveAccountProvider.account/应用宝:android], flags=0x0
06-29 10:13:52.013 1570 1570 D PowerManagerNotifier: onWakeLockReleased: flags=1, tag="*job*/com.tencent.android.qqdownloader.YYBLiveAccountProvider/com.tencent.android.qqdownloader.YYBLiveAccountProvider.account/应用宝:android", packageName=android, ownerUid=1000, ownerPid=1570, workSource=WorkSource{10101}
06-29 10:13:52.013 1570 1570 D PowerManagerService: updateWakeLockSummaryLocked: mWakefulness=Awake, mWakeLockSummary=0x1
06-29 10:13:52.013 1570 1570 D PowerManagerService: updateUserActivitySummaryLocked: groupId=0, mWakefulness=Awake, mUserActivitySummary=0x1, nextTimeout=187060 (in 59840 ms)
06-29 10:13:52.013 1570 1570 D PowerManagerNotifier: onScreenPolicyUpdate: newPolicy=3
06-29 10:13:52.013 1570 1570 D PowerManagerService: updateDisplayPowerStateLocked: displayReady=true, groupId=0, policy=BRIGHT, mWakefulness=Awake, mWakeLockSummary=0x1, mUserActivitySummary=0x1, mBootCompleted=true, screenBrightnessOverride=NaN, useAutoBrightness=false, mScreenBrightnessBoostInProgress=false, mIsVrModeEnabled= false, sQuiescent=false
06-29 10:13:52.014 1570 2024 D PowerManagerService: releaseWakeLockInternal: lock=222122892 [*sync*/com.tencent.android.qqdownloader.YYBLiveAccountProvider/com.tencent.android.qqdownloader.YYBLiveAccountProvider.account/应用宝], flags=0x0
06-29 10:13:52.014 1570 2024 D PowerManagerNotifier: onWakeLockReleased: flags=1, tag="*sync*/com.tencent.android.qqdownloader.YYBLiveAccountProvider/com.tencent.android.qqdownloader.YYBLiveAccountProvider.account/应用宝", packageName=android, ownerUid=1000, ownerPid=1570, workSource=WorkSource{10101}
06-29 10:13:52.014 1570 2024 D PowerManagerService: updateWakeLockSummaryLocked: mWakefulness=Awake, mWakeLockSummary=0x1
06-29 10:13:52.014 1570 2024 D PowerManagerService: updateUserActivitySummaryLocked: groupId=0, mWakefulness=Awake, mUserActivitySummary=0x1, nextTimeout=187060 (in 59839 ms)
06-29 10:13:52.014 1570 2024 D PowerManagerNotifier: onScreenPolicyUpdate: newPolicy=3
06-29 10:13:52.014 1570 2024 D PowerManagerService: updateDisplayPowerStateLocked: displayReady=true, groupId=0, policy=BRIGHT, mWakefulness=Awake, mWakeLockSummary=0x1, mUserActivitySummary=0x1, mBootCompleted=true, screenBrightnessOverride=NaN, useAutoBrightness=false, mScreenBrightnessBoostInProgress=false, mIsVrModeEnabled= false, sQuiescent=false
06-29 10:13:52.015 1570 2024 I sync : [com.tencent.android.qqdownloader.YYBLiveAccountProvider,1,3,24220937]
06-29 10:13:52.018 1570 2024 I commit_sys_config_file: [sync-status,65744]
06-29 10:13:52.018 1570 2024 D PowerManagerService: releaseWakeLockInternal: lock=57184586 [SyncLoopWakeLock], flags=0x0
06-29 10:13:52.018 1570 2024 D PowerManagerNotifier: onWakeLockReleased: flags=1, tag="SyncLoopWakeLock", packageName=android, ownerUid=1000, ownerPid=1570, workSource=null
06-29 10:13:52.019 1570 2024 D PowerManagerService: updateWakeLockSummaryLocked: mWakefulness=Awake, mWakeLockSummary=0x1
06-29 10:13:52.019 1570 2024 D PowerManagerService: updateUserActivitySummaryLocked: groupId=0, mWakefulness=Awake, mUserActivitySummary=0x1, nextTimeout=187060 (in 59834 ms)
06-29 10:13:52.019 1570 2024 D PowerManagerNotifier: onScreenPolicyUpdate: newPolicy=3
06-29 10:13:52.019 1570 2024 D PowerManagerService: updateDisplayPowerStateLocked: displayReady=true, groupId=0, policy=BRIGHT, mWakefulness=Awake, mWakeLockSummary=0x1, mUserActivitySummary=0x1, mBootCompleted=true, screenBrightnessOverride=NaN, useAutoBrightness=false, mScreenBrightnessBoostInProgress=false, mIsVrModeEnabled= false, sQuiescent=false
06-29 10:13:52.019 1570 2024 D PowerManagerService: acquireWakeLockInternal: lock=57184586, flags=0x1, tag="SyncLoopWakeLock", ws=null, uid=1000, pid=1570
06-29 10:13:52.019 1570 2024 D PowerManagerService: updateWakeLockSummaryLocked: mWakefulness=Awake, mWakeLockSummary=0x1
06-29 10:13:52.019 1570 2024 D PowerManagerService: updateUserActivitySummaryLocked: groupId=0, mWakefulness=Awake, mUserActivitySummary=0x1, nextTimeout=187060 (in 59834 ms)
06-29 10:13:52.019 1570 2024 D PowerManagerNotifier: onScreenPolicyUpdate: newPolicy=3
06-29 10:13:52.019 1570 2024 D PowerManagerService: updateDisplayPowerStateLocked: displayReady=true, groupId=0, policy=BRIGHT, mWakefulness=Awake, mWakeLockSummary=0x1, mUserActivitySummary=0x1, mBootCompleted=true, screenBrightnessOverride=NaN, useAutoBrightness=false, mScreenBrightnessBoostInProgress=false, mIsVrModeEnabled= false, sQuiescent=false
06-29 10:13:52.019 1570 2024 D PowerManagerNotifier: onWakeLockAcquired: flags=1, tag="SyncLoopWakeLock", packageName=android, ownerUid=1000, ownerPid=1570, workSource=null
06-29 10:13:52.022 1570 2024 D PowerManagerService: releaseWakeLockInternal: lock=57184586 [SyncLoopWakeLock], flags=0x0
06-29 10:13:52.022 1570 2024 D PowerManagerNotifier: onWakeLockReleased: flags=1, tag="SyncLoopWakeLock", packageName=android, ownerUid=1000, ownerPid=1570, workSource=null
06-29 10:13:52.022 1570 2024 D PowerManagerService: updateWakeLockSummaryLocked: mWakefulness=Awake, mWakeLockSummary=0x1
06-29 10:13:52.022 1570 2024 D PowerManagerService: updateUserActivitySummaryLocked: groupId=0, mWakefulness=Awake, mUserActivitySummary=0x1, nextTimeout=187060 (in 59831 ms)
06-29 10:13:52.022 1570 2024 D PowerManagerNotifier: onScreenPolicyUpdate: newPolicy=3
06-29 10:13:52.022 1570 2024 D PowerManagerService: updateDisplayPowerStateLocked: displayReady=true, groupId=0, policy=BRIGHT, mWakefulness=Awake, mWakeLockSummary=0x1, mUserActivitySummary=0x1, mBootCompleted=true, screenBrightnessOverride=NaN, useAutoBrightness=false, mScreenBrightnessBoostInProgress=false, mIsVrModeEnabled= false, sQuiescent=false
06-29 10:13:52.022 1570 1570 D PowerManagerService: acquireWakeLockInternal: lock=122610432, flags=0x1, tag="*job*/com.tencent.android.qqdownloader.YYBLiveAccountProvider/com.tencent.android.qqdownloader.YYBLiveAccountProvider.account/应用宝:android", ws=WorkSource{10101}, uid=1000, pid=1570
06-29 10:13:52.022 1570 1570 D PowerManagerService: updateWakeLockSummaryLocked: mWakefulness=Awake, mWakeLockSummary=0x1
06-29 10:13:52.022 1570 1570 D PowerManagerService: updateUserActivitySummaryLocked: groupId=0, mWakefulness=Awake, mUserActivitySummary=0x1, nextTimeout=187060 (in 59831 ms)
06-29 10:13:52.022 1570 1570 D PowerManagerNotifier: onScreenPolicyUpdate: newPolicy=3
06-29 10:13:52.022 1570 1570 D PowerManagerService: updateDisplayPowerStateLocked: displayReady=true, groupId=0, policy=BRIGHT, mWakefulness=Awake, mWakeLockSummary=0x1, mUserActivitySummary=0x1, mBootCompleted=true, screenBrightnessOverride=NaN, useAutoBrightness=false, mScreenBrightnessBoostInProgress=false, mIsVrModeEnabled= false, sQuiescent=false
06-29 10:13:52.023 1570 1570 D PowerManagerNotifier: onWakeLockAcquired: flags=1, tag="*job*/com.tencent.android.qqdownloader.YYBLiveAccountProvider/com.tencent.android.qqdownloader.YYBLiveAccountProvider.account/应用宝:android", packageName=android, ownerUid=1000, ownerPid=1570, workSource=WorkSource{10101}
06-29 10:13:52.023 1570 2024 D PowerManagerService: acquireWakeLockInternal: lock=57184586, flags=0x1, tag="SyncLoopWakeLock", ws=null, uid=1000, pid=1570
06-29 10:13:52.023 1570 2024 D PowerManagerService: updateWakeLockSummaryLocked: mWakefulness=Awake, mWakeLockSummary=0x1
06-29 10:13:52.023 1570 2024 D PowerManagerService: updateUserActivitySummaryLocked: groupId=0, mWakefulness=Awake, mUserActivitySummary=0x1, nextTimeout=187060 (in 59830 ms)
06-29 10:13:52.023 1570 2024 D PowerManagerNotifier: onScreenPolicyUpdate: newPolicy=3
06-29 10:13:52.023 1570 2024 D PowerManagerService: updateDisplayPowerStateLocked: displayReady=true, groupId=0, policy=BRIGHT, mWakefulness=Awake, mWakeLockSummary=0x1, mUserActivitySummary=0x1, mBootCompleted=true, screenBrightnessOverride=NaN, useAutoBrightness=false, mScreenBrightnessBoostInProgress=false, mIsVrModeEnabled= false, sQuiescent=false
06-29 10:13:52.023 1570 2024 D PowerManagerNotifier: onWakeLockAcquired: flags=1, tag="SyncLoopWakeLock", packageName=android, ownerUid=1000, ownerPid=1570, workSource=null
06-29 10:13:52.024 1570 2024 I sync : [com.tencent.android.qqdownloader.YYBLiveAccountProvider,0,3,24220937]
06-29 10:13:52.024 1570 2024 D PowerManagerService: acquireWakeLockInternal: lock=222122892, flags=0x1, tag="*sync*/com.tencent.android.qqdownloader.YYBLiveAccountProvider/com.tencent.android.qqdownloader.YYBLiveAccountProvider.account/应用宝", ws=WorkSource{10101}, uid=1000, pid=1570
06-29 10:13:52.024 1570 2024 D PowerManagerService: updateWakeLockSummaryLocked: mWakefulness=Awake, mWakeLockSummary=0x1
06-29 10:13:52.024 1570 2024 D PowerManagerService: updateUserActivitySummaryLocked: groupId=0, mWakefulness=Awake, mUserActivitySummary=0x1, nextTimeout=187060 (in 59829 ms)
06-29 10:13:52.024 1570 2024 D PowerManagerNotifier: onScreenPolicyUpdate: newPolicy=3
06-29 10:13:52.024 1570 2024 D PowerManagerService: updateDisplayPowerStateLocked: displayReady=true, groupId=0, policy=BRIGHT, mWakefulness=Awake, mWakeLockSummary=0x1, mUserActivitySummary=0x1, mBootCompleted=true, screenBrightnessOverride=NaN, useAutoBrightness=false, mScreenBrightnessBoostInProgress=false, mIsVrModeEnabled= false, sQuiescent=false
06-29 10:13:52.024 1570 2024 D PowerManagerNotifier: onWakeLockAcquired: flags=1, tag="*sync*/com.tencent.android.qqdownloader.YYBLiveAccountProvider/com.tencent.android.qqdownloader.YYBLiveAccountProvider.account/应用宝", packageName=android, ownerUid=1000, ownerPid=1570, workSource=WorkSource{10101}
06-29 10:13:52.026 1570 2024 D PowerManagerService: releaseWakeLockInternal: lock=57184586 [SyncLoopWakeLock], flags=0x0
06-29 10:13:52.026 1570 2024 D PowerManagerNotifier: onWakeLockReleased: flags=1, tag="SyncLoopWakeLock", packageName=android, ownerUid=1000, ownerPid=1570, workSource=null
06-29 10:13:52.026 1570 2024 D PowerManagerService: updateWakeLockSummaryLocked: mWakefulness=Awake, mWakeLockSummary=0x1
06-29 10:13:52.026 1570 2024 D PowerManagerService: updateUserActivitySummaryLocked: groupId=0, mWakefulness=Awake, mUserActivitySummary=0x1, nextTimeout=187060 (in 59827 ms)
06-29 10:13:52.026 1570 2024 D PowerManagerNotifier: onScreenPolicyUpdate: newPolicy=3
06-29 10:13:52.026 1570 2024 D PowerManagerService: updateDisplayPowerStateLocked: displayReady=true, groupId=0, policy=BRIGHT, mWakefulness=Awake, mWakeLockSummary=0x1, mUserActivitySummary=0x1, mBootCompleted=true, screenBrightnessOverride=NaN, useAutoBrightness=false, mScreenBrightnessBoostInProgress=false, mIsVrModeEnabled= false, sQuiescent=false
06-29 10:13:52.028 1570 2024 D PowerManagerService: acquireWakeLockInternal: lock=57184586, flags=0x1, tag="SyncLoopWakeLock", ws=null, uid=1000, pid=1570
06-29 10:13:52.028 1570 2024 D PowerManagerService: updateWakeLockSummaryLocked: mWakefulness=Awake, mWakeLockSummary=0x1
06-29 10:13:52.028 1570 2024 D PowerManagerService: updateUserActivitySummaryLocked: groupId=0, mWakefulness=Awake, mUserActivitySummary=0x1, nextTimeout=187060 (in 59825 ms)
06-29 10:13:52.028 1570 2024 D PowerManagerNotifier: onScreenPolicyUpdate: newPolicy=3
06-29 10:13:52.028 1570 2024 D PowerManagerService: updateDisplayPowerStateLocked: displayReady=true, groupId=0, policy=BRIGHT, mWakefulness=Awake, mWakeLockSummary=0x1, mUserActivitySummary=0x1, mBootCompleted=true, screenBrightnessOverride=NaN, useAutoBrightness=false, mScreenBrightnessBoostInProgress=false, mIsVrModeEnabled= false, sQuiescent=false
06-29 10:13:52.028 1570 2024 D PowerManagerNotifier: onWakeLockAcquired: flags=1, tag="SyncLoopWakeLock", packageName=android, ownerUid=1000, ownerPid=1570, workSource=null
06-29 10:13:52.029 1570 2024 D PowerManagerService: releaseWakeLockInternal: lock=57184586 [SyncLoopWakeLock], flags=0x0
06-29 10:13:52.029 1570 2024 D PowerManagerNotifier: onWakeLockReleased: flags=1, tag="SyncLoopWakeLock", packageName=android, ownerUid=1000, ownerPid=1570, workSource=null
06-29 10:13:52.029 1570 2024 D PowerManagerService: updateWakeLockSummaryLocked: mWakefulness=Awake, mWakeLockSummary=0x1
06-29 10:13:52.029 1570 2024 D PowerManagerService: updateUserActivitySummaryLocked: groupId=0, mWakefulness=Awake, mUserActivitySummary=0x1, nextTimeout=187060 (in 59824 ms)
06-29 10:13:52.029 1570 2024 D PowerManagerNotifier: onScreenPolicyUpdate: newPolicy=3
06-29 10:13:52.029 1570 2024 D PowerManagerService: updateDisplayPowerStateLocked: displayReady=true, groupId=0, policy=BRIGHT, mWakefulness=Awake, mWakeLockSummary=0x1, mUserActivitySummary=0x1, mBootCompleted=true, screenBrightnessOverride=NaN, useAutoBrightness=false, mScreenBrightnessBoostInProgress=false, mIsVrModeEnabled= false, sQuiescent=false
06-29 10:13:52.032 1570 2024 D PowerManagerService: acquireWakeLockInternal: lock=57184586, flags=0x1, tag="SyncLoopWakeLock", ws=null, uid=1000, pid=1570
06-29 10:13:52.032 1570 2024 D PowerManagerService: updateWakeLockSummaryLocked: mWakefulness=Awake, mWakeLockSummary=0x1
06-29 10:13:52.032 1570 2024 D PowerManagerService: updateUserActivitySummaryLocked: groupId=0, mWakefulness=Awake, mUserActivitySummary=0x1, nextTimeout=187060 (in 59821 ms)
06-29 10:13:52.032 1570 2024 D PowerManagerNotifier: onScreenPolicyUpdate: newPolicy=3
06-29 10:13:52.032 1570 2024 D PowerManagerService: updateDisplayPowerStateLocked: displayReady=true, groupId=0, policy=BRIGHT, mWakefulness=Awake, mWakeLockSummary=0x1, mUserActivitySummary=0x1, mBootCompleted=true, screenBrightnessOverride=NaN, useAutoBrightness=false, mScreenBrightnessBoostInProgress=false, mIsVrModeEnabled= false, sQuiescent=false
06-29 10:13:52.032 1570 2024 D PowerManagerNotifier: onWakeLockAcquired: flags=1, tag="SyncLoopWakeLock", packageName=android, ownerUid=1000, ownerPid=1570, workSource=null
06-29 10:13:52.033 1570 1570 D PowerManagerService: releaseWakeLockInternal: lock=122610432 [*job*/com.tencent.android.qqdownloader.YYBLiveAccountProvider/com.tencent.android.qqdownloader.YYBLiveAccountProvider.account/应用宝:android], flags=0x0
06-29 10:13:52.033 1570 1570 D PowerManagerNotifier: onWakeLockReleased: flags=1, tag="*job*/com.tencent.android.qqdownloader.YYBLiveAccountProvider/com.tencent.android.qqdownloader.YYBLiveAccountProvider.account/应用宝:android", packageName=android, ownerUid=1000, ownerPid=1570, workSource=WorkSource{10101}
06-29 10:13:52.033 1570 1570 D PowerManagerService: updateWakeLockSummaryLocked: mWakefulness=Awake, mWakeLockSummary=0x1
06-29 10:13:52.033 1570 1570 D PowerManagerService: updateUserActivitySummaryLocked: groupId=0, mWakefulness=Awake, mUserActivitySummary=0x1, nextTimeout=187060 (in 59820 ms)
06-29 10:13:52.033 1570 1570 D PowerManagerNotifier: onScreenPolicyUpdate: newPolicy=3
06-29 10:13:52.033 1570 1570 D PowerManagerService: updateDisplayPowerStateLocked: displayReady=true, groupId=0, policy=BRIGHT, mWakefulness=Awake, mWakeLockSummary=0x1, mUserActivitySummary=0x1, mBootCompleted=true, screenBrightnessOverride=NaN, useAutoBrightness=false, mScreenBrightnessBoostInProgress=false, mIsVrModeEnabled= false, sQuiescent=false
06-29 10:13:52.035 1570 2024 D PowerManagerService: releaseWakeLockInternal: lock=222122892 [*sync*/com.tencent.android.qqdownloader.YYBLiveAccountProvider/com.tencent.android.qqdownloader.YYBLiveAccountProvider.account/应用宝], flags=0x0
06-29 10:13:52.035 1570 2024 D PowerManagerNotifier: onWakeLockReleased: flags=1, tag="*sync*/com.tencent.android.qqdownloader.YYBLiveAccountProvider/com.tencent.android.qqdownloader.YYBLiveAccountProvider.account/应用宝", packageName=android, ownerUid=1000, ownerPid=1570, workSource=WorkSource{10101}
06-29 10:13:52.035 1570 2024 D PowerManagerService: updateWakeLockSummaryLocked: mWakefulness=Awake, mWakeLockSummary=0x1
06-29 10:13:52.035 1570 2024 D PowerManagerService: updateUserActivitySummaryLocked: groupId=0, mWakefulness=Awake, mUserActivitySummary=0x1, nextTimeout=187060 (in 59818 ms)
06-29 10:13:52.035 1570 2024 D PowerManagerNotifier: onScreenPolicyUpdate: newPolicy=3
06-29 10:13:52.035 1570 2024 D PowerManagerService: updateDisplayPowerStateLocked: displayReady=true, groupId=0, policy=BRIGHT, mWakefulness=Awake, mWakeLockSummary=0x1, mUserActivitySummary=0x1, mBootCompleted=true, screenBrightnessOverride=NaN, useAutoBrightness=false, mScreenBrightnessBoostInProgress=false, mIsVrModeEnabled= false, sQuiescent=false
06-29 10:13:52.037 1570 2024 I sync : [com.tencent.android.qqdownloader.YYBLiveAccountProvider,1,3,24220937]
06-29 10:13:52.038 1570 2024 I commit_sys_config_file: [sync-status,65764]
06-29 10:13:52.038 1570 2024 D PowerManagerService: releaseWakeLockInternal: lock=57184586 [SyncLoopWakeLock], flags=0x0
06-29 10:13:52.038 1570 2024 D PowerManagerNotifier: onWakeLockReleased: flags=1, tag="SyncLoopWakeLock", packageName=android, ownerUid=1000, ownerPid=1570, workSource=null
06-29 10:13:52.038 1570 2024 D PowerManagerService: updateWakeLockSummaryLocked: mWakefulness=Awake, mWakeLockSummary=0x1
06-29 10:13:52.038 1570 2024 D PowerManagerService: updateUserActivitySummaryLocked: groupId=0, mWakefulness=Awake, mUserActivitySummary=0x1, nextTimeout=187060 (in 59815 ms)
06-29 10:13:52.038 1570 2024 D PowerManagerNotifier: onScreenPolicyUpdate: newPolicy=3
06-29 10:13:52.038 1570 2024 D PowerManagerService: updateDisplayPowerStateLocked: displayReady=true, groupId=0, policy=BRIGHT, mWakefulness=Awake, mWakeLockSummary=0x1, mUserActivitySummary=0x1, mBootCompleted=true, screenBrightnessOverride=NaN, useAutoBrightness=false, mScreenBrightnessBoostInProgress=false, mIsVrModeEnabled= false, sQuiescent=false
06-29 10:13:52.038 1570 2024 D PowerManagerService: acquireWakeLockInternal: lock=57184586, flags=0x1, tag="SyncLoopWakeLock", ws=null, uid=1000, pid=1570
06-29 10:13:52.038 1570 2024 D PowerManagerService: updateWakeLockSummaryLocked: mWakefulness=Awake, mWakeLockSummary=0x1
06-29 10:13:52.038 1570 2024 D PowerManagerService: updateUserActivitySummaryLocked: groupId=0, mWakefulness=Awake, mUserActivitySummary=0x1, nextTimeout=187060 (in 59815 ms)
06-29 10:13:52.038 1570 2024 D PowerManagerNotifier: onScreenPolicyUpdate: newPolicy=3
06-29 10:13:52.038 1570 2024 D PowerManagerService: updateDisplayPowerStateLocked: displayReady=true, groupId=0, policy=BRIGHT, mWakefulness=Awake, mWakeLockSummary=0x1, mUserActivitySummary=0x1, mBootCompleted=true, screenBrightnessOverride=NaN, useAutoBrightness=false, mScreenBrightnessBoostInProgress=false, mIsVrModeEnabled= false, sQuiescent=false
06-29 10:13:52.038 1570 2024 D PowerManagerNotifier: onWakeLockAcquired: flags=1, tag="SyncLoopWakeLock", packageName=android, ownerUid=1000, ownerPid=1570, workSource=null
06-29 10:13:52.039 1570 2024 D PowerManagerService: releaseWakeLockInternal: lock=57184586 [SyncLoopWakeLock], flags=0x0
06-29 10:13:52.039 1570 2024 D PowerManagerNotifier: onWakeLockReleased: flags=1, tag="SyncLoopWakeLock", packageName=android, ownerUid=1000, ownerPid=1570, workSource=null
06-29 10:13:52.039 1570 2024 D PowerManagerService: updateWakeLockSummaryLocked: mWakefulness=Awake, mWakeLockSummary=0x1
06-29 10:13:52.039 1570 2024 D PowerManagerService: updateUserActivitySummaryLocked: groupId=0, mWakefulness=Awake, mUserActivitySummary=0x1, nextTimeout=187060 (in 59814 ms)
06-29 10:13:52.039 1570 2024 D PowerManagerNotifier: onScreenPolicyUpdate: newPolicy=3
06-29 10:13:52.039 1570 2024 D PowerManagerService: updateDisplayPowerStateLocked: displayReady=true, groupId=0, policy=BRIGHT, mWakefulness=Awake, mWakeLockSummary=0x1, mUserActivitySummary=0x1, mBootCompleted=true, screenBrightnessOverride=NaN, useAutoBrightness=false, mScreenBrightnessBoostInProgress=false, mIsVrModeEnabled= false, sQuiescent=false
06-29 10:13:52.161 1570 9392 I ActivityManager: Killing 12310:com.android.permissioncontroller/u0a92 (adj 905): empty #2
06-29 10:13:52.161 1570 9392 I am_kill : [0,12310,com.android.permissioncontroller,905,empty #2]
06-29 10:13:52.163 1570 1570 D PowerManagerService: updateWakeLockWorkSourceInternal: lock=204342601 [*alarm*], ws=WorkSource{10101}
06-29 10:13:52.163 1570 1570 D PowerManagerNotifier: onWakeLockChanging: flags=1, tag="*alarm*", packageName=android, ownerUid=1000, ownerPid=1570, workSource=WorkSource{10101}
06-29 10:13:52.163 1570 9392 W BroadcastQueue: Background execution not allowed: receiving Intent { act=com.tencent.android.qqdownloader.action.SCHEDULE_JOB flg=0x14 (has extras) } to com.tencent.android.qqdownloader/com.tencent.assistant.module.timer.ScheduleJobReceiver
06-29 10:13:52.164 1570 1570 D PowerManagerService: releaseWakeLockInternal: lock=204342601 [*alarm*], flags=0x0
06-29 10:13:52.164 1570 1570 D PowerManagerNotifier: onWakeLockReleased: flags=1, tag="*alarm*", packageName=android, ownerUid=1000, ownerPid=1570, workSource=WorkSource{10101}
06-29 10:13:52.164 1570 1570 D PowerManagerService: updateWakeLockSummaryLocked: mWakefulness=Awake, mWakeLockSummary=0x1
06-29 10:13:52.164 1570 1570 D PowerManagerService: updateUserActivitySummaryLocked: groupId=0, mWakefulness=Awake, mUserActivitySummary=0x1, nextTimeout=187060 (in 59689 ms)
06-29 10:13:52.164 1570 1570 D PowerManagerNotifier: onScreenPolicyUpdate: newPolicy=3
06-29 10:13:52.164 1570 1570 D PowerManagerService: updateDisplayPowerStateLocked: displayReady=true, groupId=0, policy=BRIGHT, mWakefulness=Awake, mWakeLockSummary=0x1, mUserActivitySummary=0x1, mBootCompleted=true, screenBrightnessOverride=NaN, useAutoBrightness=false, mScreenBrightnessBoostInProgress=false, mIsVrModeEnabled= false, sQuiescent=false
06-29 10:13:52.227 13999 13999 I auditd : type=1400 audit(0.0:2516): avc: granted { nlmsg_readpriv } for comm="pass_pool_threa" scontext=u:r:untrusted_app_27:s0:c512,c768 tcontext=u:r:untrusted_app_27:s0:c512,c768 tclass=netlink_route_socket app=com.baidu.appsearch
06-29 10:13:52.249 1570 9392 I am_proc_died: [0,12310,com.android.permissioncontroller,905,19]
06-29 10:13:52.250 1570 9392 I am_uid_stopped: 10092
06-29 10:13:52.255 1570 1724 W BroadcastQueue: Permission Denial: broadcasting Intent { act=android.net.conn.CONNECTIVITY_CHANGE flg=0x4200010 (has extras) } from null (pid=-1, uid=-1) requires com.baidu.appsearch.permission.sofire.RECEIVE due to registered receiver BroadcastFilter{86e4ad5 10108/u0 ReceiverList{899b38c 13999 com.baidu.appsearch/10108/u0 remote:11900bf}}
06-29 10:13:52.294 1570 9392 E PackageDexUsage: Unsupported context?
06-29 10:13:52.360 1570 2478 W ActivityManager: Background start not allowed: service Intent { cmp=com.baidu.appsearch/.downloads.DownloadService (has extras) } to com.baidu.appsearch/.downloads.DownloadService from pid=13999 uid=10108 pkg=com.baidu.appsearch startFg?=false
06-29 10:13:52.404 1570 1898 I input_interaction: Interaction with: c426fd3 com.android.launcher3/com.android.launcher3.uioverrides.QuickstepLauncher (server), c5a6843 com.android.systemui.ImageWallpaper (server), edge-swipe (server), swipe-up (server), PointerEventDispatcher0 (server),
06-29 10:13:52.408 1570 1898 D PowerManagerService: userActivityNoUpdateLocked: groupId=0, eventTime=127609, event=2, flags=0x0, uid=1000
06-29 10:13:52.408 1570 1898 D PowerManagerNotifier: onUserActivity: event=2, uid=1000
06-29 10:13:52.408 1570 1898 D PowerManagerService: updateUserActivitySummaryLocked: groupId=0, mWakefulness=Awake, mUserActivitySummary=0x1, nextTimeout=187609 (in 59994 ms)
06-29 10:13:52.408 1570 1898 D PowerManagerNotifier: onScreenPolicyUpdate: newPolicy=3
06-29 10:13:52.408 1570 1898 D PowerManagerService: updateDisplayPowerStateLocked: displayReady=true, groupId=0, policy=BRIGHT, mWakefulness=Awake, mWakeLockSummary=0x1, mUserActivitySummary=0x1, mBootCompleted=true, screenBrightnessOverride=NaN, useAutoBrightness=false, mScreenBrightnessBoostInProgress=false, mIsVrModeEnabled= false, sQuiescent=false
06-29 10:13:52.426 1570 9392 W ActivityManager: Background start not allowed: service Intent { act=com.baidu.appsearch.process_launch cmp=com.baidu.appsearch/.RecvHandleService (has extras) } to com.baidu.appsearch/.RecvHandleService from pid=13999 uid=10108 pkg=com.baidu.appsearch startFg?=false
06-29 10:13:52.431 1570 9392 E PackageDexUsage: Unsupported context?
06-29 10:13:52.522 1570 6507 I thunderperf: PlatormCompat.setOverrides: Uid1=10075 Pid1=2667 Uid2=10075 Pid2=2667
06-29 10:13:52.522 1570 6507 I thunderperf: PlatormCompat.setOverrides: needCheck:false
06-29 10:13:52.522 1570 6507 I thunderperf: CompatConfig.addOverrideUnsafe: bef-state=1
06-29 10:13:52.522 1570 6507 I thunderperf: CompatConfig.addOverrideUnsafe: aft-state=0
06-29 10:13:52.523 1570 6507 I thunderperf: CompatConfig.addOverrideUnsafe: bef-state=1
06-29 10:13:52.523 1570 6507 I thunderperf: CompatConfig.addOverrideUnsafe: aft-state=0
06-29 10:13:52.523 1570 6507 I thunderperf: CompatConfig.addOverrideUnsafe: bef-state=1
06-29 10:13:52.523 1570 6507 I thunderperf: CompatConfig.addOverrideUnsafe: aft-state=0
06-29 10:13:52.524 1570 6507 I thunderperf: CompatConfig.addOverrideUnsafe: bef-state=1
06-29 10:13:52.524 1570 6507 I thunderperf: CompatConfig.addOverrideUnsafe: aft-state=0
06-29 10:13:52.524 1570 6507 I thunderperf: CompatConfig.addOverrideUnsafe: bef-state=1
06-29 10:13:52.524 1570 6507 I thunderperf: CompatConfig.addOverrideUnsafe: aft-state=0
06-29 10:13:52.524 1570 6507 I thunderperf: CompatConfig.addOverrideUnsafe: bef-state=1
06-29 10:13:52.524 1570 6507 I thunderperf: CompatConfig.addOverrideUnsafe: aft-state=0
06-29 10:13:52.525 1570 6507 I thunderperf: CompatConfig.addOverrideUnsafe: bef-state=1
06-29 10:13:52.525 1570 6507 I thunderperf: CompatConfig.addOverrideUnsafe: aft-state=0
06-29 10:13:52.525 1570 6507 I thunderperf: CompatConfig.addOverrideUnsafe: bef-state=1
06-29 10:13:52.526 1570 6507 I thunderperf: CompatConfig.addOverrideUnsafe: aft-state=0
06-29 10:13:52.526 1570 6507 I thunderperf: CompatConfig.addOverrideUnsafe: bef-state=1
06-29 10:13:52.526 1570 6507 I thunderperf: CompatConfig.addOverrideUnsafe: aft-state=0
06-29 10:13:52.527 1570 6507 I thunderperf: CompatConfig.addOverrideUnsafe: bef-state=1
06-29 10:13:52.527 1570 6507 I thunderperf: CompatConfig.addOverrideUnsafe: aft-state=0
06-29 10:13:52.527 1570 6507 I thunderperf: CompatConfig.addOverrideUnsafe: bef-state=1
06-29 10:13:52.527 1570 6507 I thunderperf: CompatConfig.addOverrideUnsafe: aft-state=0
06-29 10:13:52.528 1570 6507 I thunderperf: CompatConfig.addOverrideUnsafe: bef-state=1
06-29 10:13:52.528 1570 6507 I thunderperf: CompatConfig.addOverrideUnsafe: aft-state=0
06-29 10:13:52.528 1570 6507 I thunderperf: CompatConfig.addOverrideUnsafe: bef-state=1
06-29 10:13:52.529 1570 6507 I thunderperf: CompatConfig.addOverrideUnsafe: aft-state=0
06-29 10:13:52.529 1570 6507 I thunderperf: CompatConfig.addOverrideUnsafe: bef-state=1
06-29 10:13:52.529 1570 6507 I thunderperf: CompatConfig.addOverrideUnsafe: aft-state=0
06-29 10:13:52.538 1570 6507 I ActivityTaskManager: START u0 {act=android.intent.action.MAIN cat=[android.intent.category.LAUNCHER] flg=0x10200000 cmp=com.ss.android.ugc.aweme/.splash.SplashActivity} from uid 10075
06-29 10:13:52.572 1570 2478 E PackageDexUsage: Unsupported context?
06-29 10:13:52.583 1570 6507 D ActivityTaskManager: TaskLaunchParamsModifier:task=null activity=ActivityRecord{f641427 u0 com.ss.android.ugc.aweme/.splash.SplashActivity taskAffinity=10104:com.ss.android.ugc.aweme display-area-from-source=DefaultTaskDisplayArea@48565985 display-id=0 display-windowing-mode=1 suggested-display-area=DefaultTaskDisplayArea@48565985
06-29 10:13:52.584 1570 6507 D ActivityTaskManager: TaskLaunchParamsModifier:task=null activity=ActivityRecord{f641427 u0 com.ss.android.ugc.aweme/.splash.SplashActivity taskAffinity=10104:com.ss.android.ugc.aweme t-1} display-area-from-source=DefaultTaskDisplayArea@48565985 display-id=0 display-windowing-mode=1 suggested-display-area=DefaultTaskDisplayArea@48565985 activity-options-bounds=Rect(12, 12 - 652, 986) non-freeform-display display-area=DefaultTaskDisplayArea@48565985
06-29 10:13:52.584 1570 6507 I wm_task_created: [183,-1]
06-29 10:13:52.584 1570 6507 W ActivityTaskManager: Can't find TaskDisplayArea to determine support for multi window. Task id=183 attached=false
06-29 10:13:52.585 1570 6507 D ActivityTaskManager: TaskLaunchParamsModifier:task=Task{8eaa6d4 #183 type=standard A=10104:com.ss.android.ugc.aweme U=0 visible=false mode=freeform translucent=true sz=0 visible freeform task=true rootAffinity=10104:com.ss.android.ugc.aweme isMini=false} activity=ActivityRecord{f641427 u0 com.ss.android.ugc.aweme/.splash.SplashActivity taskAffinity=10104:com.ss.android.ugc.aweme t-1} display-area-from-source=DefaultTaskDisplayArea@48565985 display-id=0 display-windowing-mode=1 suggested-display-area=DefaultTaskDisplayArea@48565985 activity-options-bounds=Rect(12, 12 - 652, 986) non-freeform-display display-area=DefaultTaskDisplayArea@48565985
06-29 10:13:52.586 1570 6507 D CompatibilityChangeReporter: Compat change id reported: 174042980; UID 10104; state: DISABLED
06-29 10:13:52.586 1570 6507 D CompatibilityChangeReporter: Compat change id reported: 184838306; UID 10104; state: DISABLED
06-29 10:13:52.587 1570 6507 D CompatibilityChangeReporter: Compat change id reported: 185004937; UID 10104; state: DISABLED
06-29 10:13:52.587 1570 6507 D CompatibilityChangeReporter: Compat change id reported: 181136395; UID 10104; state: DISABLED
06-29 10:13:52.587 1570 6507 D CompatibilityChangeReporter: Compat change id reported: 174042936; UID 10104; state: DISABLED
06-29 10:13:52.588 1570 6507 I wm_task_moved: [183,1,6]
06-29 10:13:52.588 1570 6507 I wm_task_to_front: [0,183]
06-29 10:13:52.588 1570 6507 I wm_create_task: [0,183]
06-29 10:13:52.588 1570 6507 I wm_create_activity: [0,258216999,183,com.ss.android.ugc.aweme/.splash.SplashActivity,android.intent.action.MAIN,NULL,NULL,270532608]
06-29 10:13:52.588 1570 6507 I wm_task_moved: [183,1,6]
06-29 10:13:52.589 1570 6507 D CompatibilityChangeReporter: Compat change id reported: 168419799; UID 10104; state: DISABLED
06-29 10:13:52.589 1570 6507 D PowerManagerService: updateWakeLockWorkSourceInternal: lock=61511091 [*launch*], ws=WorkSource{10104}
06-29 10:13:52.589 1570 6507 D PowerManagerNotifier: onWakeLockChanging: flags=1, tag="*launch*", packageName=android, ownerUid=1000, ownerPid=1570, workSource=WorkSource{10104}
06-29 10:13:52.589 1570 6507 I ActivityTaskManager: FOREGROUND_APPLICATION_CHANGED to com.ss.android.ugc.aweme.main.MainActivity
06-29 10:13:52.591 2667 2667 I wm_on_top_resumed_lost_called: [157777106,com.android.launcher3.uioverrides.QuickstepLauncher,topStateChangedWhenResumed]
06-29 10:13:52.592 1570 1717 I am_uid_running: 10104
06-29 10:13:52.592 1570 1717 D CompatibilityChangeReporter: Compat change id reported: 135634846; UID 10104; state: DISABLED
06-29 10:13:52.592 1570 1717 D CompatibilityChangeReporter: Compat change id reported: 177438394; UID 10104; state: DISABLED
06-29 10:13:52.592 1570 1717 D CompatibilityChangeReporter: Compat change id reported: 135772972; UID 10104; state: DISABLED
06-29 10:13:52.592 1570 1725 D CompatibilityChangeReporter: Compat change id reported: 143937733; UID 10104; state: DISABLED
06-29 10:13:52.597 1570 1725 I am_proc_start: [0,14127,10104,com.ss.android.ugc.aweme,top-activity,{com.ss.android.ugc.aweme/com.ss.android.ugc.aweme.splash.SplashActivity}]
06-29 10:13:52.597 1570 1725 I ActivityManager: Start proc 14127:com.ss.android.ugc.aweme/u0a104 for top-activity {com.ss.android.ugc.aweme/com.ss.android.ugc.aweme.splash.SplashActivity}
06-29 10:13:52.609 0 0 I [ 127.812649] binder: 14127:14127 ioctl 40046210 7fe27a47d4 returned -22
06-29 10:13:52.608 1570 6507 I am_proc_bound: [0,14127,com.ss.android.ugc.aweme]
06-29 10:13:52.611 1570 6507 I ActivityTaskManager: clear resize flag in freeform mode
06-29 10:13:52.611 1570 6507 I ActivityTaskManager: The Process com.ss.android.ugc.aweme Already Exists in BG. So sending its PID: 14127
06-29 10:13:52.611 1570 6507 I wm_restart_activity: [0,258216999,183,com.ss.android.ugc.aweme/.splash.SplashActivity]
06-29 10:13:52.612 1570 6507 I wm_set_resumed_activity: [0,com.ss.android.ugc.aweme/.splash.SplashActivity,minimalResumeActivityLocked]
06-29 10:13:52.614 1570 6507 I am_uid_active: 10104
06-29 10:13:52.619 13999 13999 I auditd : type=1400 audit(0.0:2517): avc: granted { execute } for comm="Thread-13" path="/data/user/0/com.baidu.appsearch/files/sofire_tmp/.1/lib/4.3.4.1.11/-549913311/arm64-v8a/libsofiresec434111.so" dev="dm-21" ino=558480 scontext=u:r:untrusted_app_27:s0:c512,c768 tcontext=u:object_r:app_data_file:s0:c512,c768 tclass=file app=com.baidu.appsearch
06-29 10:13:52.629 1570 1959 D PowerManagerService: acquireWakeLockInternal: lock=38478618, flags=0x1, tag="NetworkStats", ws=null, uid=1000, pid=1570
06-29 10:13:52.629 1570 1959 D PowerManagerService: updateWakeLockSummaryLocked: mWakefulness=Awake, mWakeLockSummary=0x1
06-29 10:13:52.629 1570 1959 D PowerManagerService: updateUserActivitySummaryLocked: groupId=0, mWakefulness=Awake, mUserActivitySummary=0x1, nextTimeout=187609 (in 59773 ms)
06-29 10:13:52.629 1570 1959 D PowerManagerNotifier: onScreenPolicyUpdate: newPolicy=3
06-29 10:13:52.629 1570 1959 D PowerManagerService: updateDisplayPowerStateLocked: displayReady=true, groupId=0, policy=BRIGHT, mWakefulness=Awake, mWakeLockSummary=0x1, mUserActivitySummary=0x1, mBootCompleted=true, screenBrightnessOverride=NaN, useAutoBrightness=false, mScreenBrightnessBoostInProgress=false, mIsVrModeEnabled= false, sQuiescent=false
06-29 10:13:52.629 1570 1959 D PowerManagerNotifier: onWakeLockAcquired: flags=1, tag="NetworkStats", packageName=android, ownerUid=1000, ownerPid=1570, workSource=null
06-29 10:13:52.638 1570 1959 I netstats_mobile_sample: [0,0,0,0,0,0,0,0,0,0,0,0,1688004832638]
06-29 10:13:52.638 1570 1959 I netstats_wifi_sample: [23319586,22573,3854354,15402,23319586,22573,3854354,15402,23926207,23676,3671670,15025,1688004832638]
06-29 10:13:52.638 1570 1959 D PowerManagerService: releaseWakeLockInternal: lock=38478618 [NetworkStats], flags=0x0
06-29 10:13:52.638 1570 1959 D PowerManagerNotifier: onWakeLockReleased: flags=1, tag="NetworkStats", packageName=android, ownerUid=1000, ownerPid=1570, workSource=null
06-29 10:13:52.638 1570 1959 D PowerManagerService: updateWakeLockSummaryLocked: mWakefulness=Awake, mWakeLockSummary=0x1
06-29 10:13:52.638 1570 1959 D PowerManagerService: updateUserActivitySummaryLocked: groupId=0, mWakefulness=Awake, mUserActivitySummary=0x1, nextTimeout=187609 (in 59764 ms)
06-29 10:13:52.638 1570 1959 D PowerManagerNotifier: onScreenPolicyUpdate: newPolicy=3
06-29 10:13:52.638 1570 1959 D PowerManagerService: updateDisplayPowerStateLocked: displayReady=true, groupId=0, policy=BRIGHT, mWakefulness=Awake, mWakeLockSummary=0x1, mUserActivitySummary=0x1, mBootCompleted=true, screenBrightnessOverride=NaN, useAutoBrightness=false, mScreenBrightnessBoostInProgress=false, mIsVrModeEnabled= false, sQuiescent=false
06-29 10:13:52.699 13999 13999 I auditd : type=1400 audit(0.0:2518): avc: granted { execute } for comm="Thread-14" path="/data/user/0/com.baidu.appsearch/files/com.baidu.sofire.x18/libps4486.so" dev="dm-21" ino=13566 scontext=u:r:untrusted_app_27:s0:c512,c768 tcontext=u:object_r:app_data_file:s0:c512,c768 tclass=file app=com.baidu.appsearch
06-29 10:13:52.719 13999 13999 I auditd : type=1400 audit(0.0:2519): avc: granted { nlmsg_readpriv } for comm="pass_net_thread" scontext=u:r:untrusted_app_27:s0:c512,c768 tcontext=u:r:untrusted_app_27:s0:c512,c768 tclass=netlink_route_socket app=com.baidu.appsearch
06-29 10:13:52.727 1570 1724 W BroadcastQueue: Permission Denial: broadcasting Intent { act=android.net.conn.CONNECTIVITY_CHANGE flg=0x4200010 (has extras) } from null (pid=-1, uid=-1) requires com.baidu.appsearch.permission.sofire.RECEIVE due to registered receiver BroadcastFilter{b64b0e9 10108/u0 ReceiverList{ff85570 13999 com.baidu.appsearch/10108/u0 remote:dcf2bb3}}
06-29 10:13:52.736 1570 1724 W BroadcastQueue: Permission Denial: broadcasting Intent { act=android.net.conn.CONNECTIVITY_CHANGE flg=0x4200010 (has extras) } from null (pid=-1, uid=-1) requires com.baidu.appsearch.permission.sofire.RECEIVE due to registered receiver BroadcastFilter{26a5e2b 10108/u0 ReceiverList{bf3467a 13999 com.baidu.appsearch/10108/u0 remote:f4e72a5}}
06-29 10:13:52.743 1570 2478 D CompatibilityChangeReporter: Compat change id reported: 171306433; UID 10108; state: DISABLED
06-29 10:13:52.747 13999 13999 I auditd : type=1400 audit(0.0:2520): avc: granted { execute } for comm="sofire_pool_thr" path="/data/user/0/com.baidu.appsearch/files/sofire_tmp/.1/lib/4.3.4.1.11/-549913311/arm64-v8a/libbaiduprotect_sdk_sofire434111.so" dev="dm-21" ino=558479 scontext=u:r:untrusted_app_27:s0:c512,c768 tcontext=u:object_r:app_data_file:s0:c512,c768 tclass=file app=com.baidu.appsearch
06-29 10:13:52.753 1570 2478 W ActivityManager: Receiver with filter android.content.IntentFilter@32f89da already registered for pid 13999, callerPackage is com.baidu.appsearch
06-29 10:13:52.760 1570 2478 D PowerManagerService: acquireWakeLockInternal: lock=265965067, flags=0x1, tag="WakeLock1", ws=null, uid=10108, pid=13999
