06-29 10:12:41.775 1570 1960 D TelephonyRegistry: listen oscl: mHasNotifySubscriptionInfoChangedOccurred==false no callback
06-29 10:12:41.788 1570 1570 D TelephonyRegistry: listen oscl: mHasNotifySubscriptionInfoChangedOccurred==false no callback
06-29 10:12:41.796 0 0 I [ 57.003289] msm_vidc: high: 00000001: ....d: Opening video instance: 0000000000000000, 1
06-29 10:12:41.796 0 0 I [ 57.003322] msm_vidc: err : 00000001: ....d: Failed to create debugfs for msm_vidc
06-29 10:12:41.802 0 0 I [ 57.008267] msm_vidc: high: 00000001: h265d: Closed video instance: 0000000000000000
06-29 10:12:41.812 0 0 I [ 57.017871] msm_vidc: high: 00000001: ....d: Opening video instance: 0000000000000000, 1
06-29 10:12:41.812 0 0 I [ 57.017902] msm_vidc: err : 00000001: ....d: Failed to create debugfs for msm_vidc
06-29 10:12:41.816 1570 1570 D TelephonyRegistry: listen oscl: mHasNotifySubscriptionInfoChangedOccurred==false no callback
06-29 10:12:41.819 0 0 I [ 57.026407] msm_vidc: high: 00000001: h265d: Closed video instance: 0000000000000000
06-29 10:12:41.824 1570 1725 I am_proc_start: [0,2195,1037,WebViewLoader-armeabi-v7a,NULL,]
06-29 10:12:41.829 1570 1725 I am_proc_start: [0,2196,1037,WebViewLoader-arm64-v8a,NULL,]
06-29 10:12:41.841 0 0 D [ 57.048095] cnss: WLFW server arriving: node 7 port 1
06-29 10:12:41.841 0 0 D [ 57.048100] cnss: Posting event: SERVER_ARRIVE(0), state: 0x140 flags: 0x0
06-29 10:12:41.841 0 0 D [ 57.048101] cnss: PM stay awake, state: 0x140, count: 1
06-29 10:12:41.841 0 0 D [ 57.048109] cnss: PM relax, state: 0x140, count: 0
06-29 10:12:41.841 0 0 D [ 57.048111] cnss: PM stay awake, state: 0x140, count: 1
06-29 10:12:41.841 0 0 D [ 57.048113] cnss: Processing driver event: SERVER_ARRIVE(0), state: 0x140
06-29 10:12:41.841 0 0 I [ 57.048115] cnss: QMI WLFW service connected, state: 0x141
06-29 10:12:41.841 0 0 D [ 57.048115] cnss: Sending indication register message, state: 0x141
06-29 10:12:41.844 0 0 D [ 57.051273] cnss: Sending host capability message, state: 0x141
06-29 10:12:41.844 0 0 D [ 57.051278] cnss: Number of clients is 2
06-29 10:12:41.844 0 0 D [ 57.051282] cnss: Assign MSI to user: WAKE, num_vectors: 1, user_base_data: 813, base_vector: 13
06-29 10:12:41.844 0 0 D [ 57.051284] cnss: WAKE MSI base data is 813
06-29 10:12:41.844 0 0 D [ 57.051285] cnss: Calibration done is 1
06-29 10:12:41.844 0 0 D [ 57.051287] cnss: Sending iova starting 0xa0000000 with size 0x10010000
06-29 10:12:41.844 0 0 I [ 57.051417] msm_vidc: high: 00000001: ....d: Opening video instance: 0000000000000000, 1
06-29 10:12:41.844 0 0 I [ 57.051444] msm_vidc: err : 00000001: ....d: Failed to create debugfs for msm_vidc
06-29 10:12:41.845 0 0 W [ 57.051662] cnss-daemon: pm_release_vote: pm_handle is NULL
06-29 10:12:41.845 0 0 W [ 57.051671] cnss-daemon: pm_release_vote: pm_handle is NULL
06-29 10:12:41.846 0 0 W [ 57.051713] cnss-daemon: wlfw_build_cal_table: not read /data/vendor/wifi/wlfw_cal_00.bin
06-29 10:12:41.846 0 0 W [ 57.053421] cnss-daemon: wlfw_build_cal_table: not read /data/vendor/wifi/wlfw_cal_02.bin
06-29 10:12:41.846 0 0 W [ 57.053435] cnss-daemon: wlfw_build_cal_table: not read /data/vendor/wifi/wlfw_cal_03.bin
06-29 10:12:41.846 0 0 W [ 57.053444] cnss-daemon: wlfw_build_cal_table: not read /data/vendor/wifi/wlfw_cal_04.bin
06-29 10:12:41.846 0 0 D [ 57.053536] cnss: PM relax, state: 0x141, count: 0
06-29 10:12:41.849 0 0 I [ 57.054123] msm_vidc: high: 00000001: mpg2d: Closed video instance: 0000000000000000
06-29 10:12:41.849 0 0 D [ 57.056225] cnss: Received QMI WLFW request memory indication
06-29 10:12:41.849 0 0 D [ 57.056231] cnss: FW requests for memory, size: 0x5e0000, type: 1
06-29 10:12:41.849 0 0 D [ 57.056235] cnss: FW requests for memory, size: 0xd8000, type: 4
06-29 10:12:41.849 0 0 D [ 57.056239] cnss: Posting event: REQUEST_MEM(2), state: 0x141 flags: 0x0
06-29 10:12:41.849 0 0 D [ 57.056244] cnss: PM stay awake, state: 0x141, count: 1
06-29 10:12:41.849 0 0 D [ 57.056251] cnss: PM relax, state: 0x141, count: 0
06-29 10:12:41.849 0 0 D [ 57.056258] cnss: PM stay awake, state: 0x141, count: 1
06-29 10:12:41.849 0 0 D [ 57.056262] cnss: Processing driver event: REQUEST_MEM(2), state: 0x141
06-29 10:12:41.849 0 0 D [ 57.056266] cnss: Sending respond memory message, state: 0x141
06-29 10:12:41.849 0 0 D [ 57.056273] cnss: Memory for FW, va: 0x0000000000000000, pa: 0x00000000a1000000, size: 0x5e0000, type: 1
06-29 10:12:41.849 0 0 D [ 57.056277] cnss: Memory for FW, va: 0x0000000000000000, pa: 0x00000000a1600000, size: 0xd8000, type: 4
06-29 10:12:41.852 0 0 D [ 57.059560] cnss: PM relax, state: 0x141, count: 0
06-29 10:12:41.853 0 0 W [ 57.059967] cnss-daemon: wlfw_qmi_ind_cb: Receive Ind : 0x37
06-29 10:12:41.853 0 0 I [ 57.060376] binder: 2196:2196 ioctl 40046210 7fe27a47d4 returned -22
06-29 10:12:41.856 0 0 D [ 57.060839] cnss: Received QMI WLFW FW memory ready indication
06-29 10:12:41.856 0 0 D [ 57.060847] cnss: Posting event: FW_MEM_READY(3), state: 0x141 flags: 0x0
06-29 10:12:41.856 0 0 D [ 57.060852] cnss: PM stay awake, state: 0x141, count: 1
06-29 10:12:41.856 0 0 D [ 57.060858] cnss: PM relax, state: 0x141, count: 0
06-29 10:12:41.856 0 0 D [ 57.060917] cnss: PM stay awake, state: 0x141, count: 1
06-29 10:12:41.856 0 0 D [ 57.060922] cnss: Processing driver event: FW_MEM_READY(3), state: 0x141
06-29 10:12:41.856 0 0 D [ 57.060926] cnss: Sending target capability message, state: 0x143
06-29 10:12:41.856 0 0 I [ 57.062819] msm_vidc: high: 00000001: ....d: Opening video instance: 0000000000000000, 1
06-29 10:12:41.856 0 0 I [ 57.062853] msm_vidc: err : 00000001: ....d: Failed to create debugfs for msm_vidc
06-29 10:12:41.858 1570 1605 I am_proc_bound: [0,2196,WebViewLoader-arm64-v8a]
06-29 10:12:41.855 846 846 I auditd : type=1400 audit(0.0:90): avc: denied { open } for comm="Loc_hal_worker" path="/dev/__properties__/u:object_r:vendor_pd_locater_dbg_prop:s0" dev="tmpfs" ino=15771 scontext=u:r:vendor_hal_gnss_qti:s0 tcontext=u:object_r:vendor_pd_locater_dbg_prop:s0 tclass=file permissive=0
06-29 10:12:41.860 1570 1605 I am_uid_active: 1037
06-29 10:12:41.863 0 0 I [ 57.068297] binder: 2195:2195 ioctl 40046210 ff7f8b18 returned -22
06-29 10:12:41.863 0 0 E [ 57.069818] init: Control message: Could not find 'vendor.qti.hardware.iop@2.0::IIop/default' for ctl.interface_start from pid: 533 (/system/bin/hwservicemanager)
06-29 10:12:41.868 0 0 D [ 57.072505] cnss: Voltage for CPR: 948mV
06-29 10:12:41.868 0 0 D [ 57.072509] cnss: Update TCS CMD data address 0x000000000b2e5844 with voltage 950mV
06-29 10:12:41.868 0 0 D [ 57.072511] cnss: Device frequency is 24000000 HZ
06-29 10:12:41.868 0 0 D [ 57.072513] cnss: Target capability: chip_id: 0x0, chip_family: 0xb, board_id: 0xff, soc_id: 0xffffffff, fw_version: 0x101a0521, fw_build_timestamp: 2021-12-20 07:54, fw_build_id: QC_IMAGE_VERSION_STRING=WLAN.HST.1.0.1.r1-01313-QCAHSTSWPL_SILICONZ-1, otp_version: 0x0
06-29 10:12:41.868 0 0 D [ 57.072516] cnss: Sending BDF download message, state: 0x143, type: 4
06-29 10:12:41.868 0 0 D [ 57.072520] cnss: FW name added with prefix: qca6390/regdb.bin
06-29 10:12:41.868 0 0 W : [ 57.072537] cnss2 b0000000.qcom,cnss-qca6390: Falling back to syfs fallback for: qca6390/regdb.bin
06-29 10:12:41.869 0 0 I [ 57.076565] msm_vidc: high: 00000001: mpg2d: Closed video instance: 0000000000000000
06-29 10:12:41.873 0 0 I [ 57.078970] ueventd: firmware: loading 'qca6390/regdb.bin' for '/devices/platform/soc/b0000000.qcom,cnss-qca6390/firmware/qca6390!regdb.bin'
06-29 10:12:41.874 1570 1714 W CarrierConfigManager: Error getting config for subId -1 ICarrierConfigLoader is null
06-29 10:12:41.882 1570 1605 I am_proc_bound: [0,2195,WebViewLoader-armeabi-v7a]
06-29 10:12:41.898 0 0 I [ 57.104935] msm_vidc: high: 00000001: ....d: Opening video instance: 0000000000000000, 1
06-29 10:12:41.898 0 0 I [ 57.104972] msm_vidc: err : 00000001: ....d: Failed to create debugfs for msm_vidc
06-29 10:12:41.901 0 0 E [ 57.107896] ueventd: firmware: could not find firmware for qca6390/regdb.bin
06-29 10:12:41.901 0 0 E [ 57.107908] ueventd: firmware: attempted /etc/firmware/qca6390/regdb.bin, open failed: No such file or directory
06-29 10:12:41.901 0 0 E [ 57.107913] ueventd: firmware: attempted /odm/firmware/qca6390/regdb.bin, open failed: No such file or directory
06-29 10:12:41.901 0 0 E [ 57.107917] ueventd: firmware: attempted /vendor/firmware/qca6390/regdb.bin, open failed: No such file or directory
06-29 10:12:41.901 0 0 E [ 57.107921] ueventd: firmware: attempted /firmware/image/qca6390/regdb.bin, open failed: No such file or directory
06-29 10:12:41.901 0 0 E [ 57.107933] ueventd: firmware: attempted /vendor/firmware_mnt/image/qca6390/regdb.bin, open failed: No such file or directory
06-29 10:12:41.901 0 0 I [ 57.107995] ueventd: loading /devices/platform/soc/b0000000.qcom,cnss-qca6390/firmware/qca6390!regdb.bin took 29ms
06-29 10:12:41.903 0 0 E [ 57.108381] cnss: Failed to load BDF: qca6390/regdb.bin
06-29 10:12:41.903 0 0 D [ 57.108397] cnss: Sending BDF download message, state: 0x143, type: 1
06-29 10:12:41.903 0 0 D [ 57.108403] cnss: FW name added with prefix: qca6390/bdwlan.elf
06-29 10:12:41.903 0 0 W : [ 57.108435] cnss2 b0000000.qcom,cnss-qca6390: Falling back to syfs fallback for: qca6390/bdwlan.elf
06-29 10:12:41.903 1570 1570 I am_uid_running: 1073
06-29 10:12:41.909 0 0 I [ 57.112462] msm_vidc: high: 00000001: vp8d: Closed video instance: 0000000000000000
06-29 10:12:41.907 1570 1570 I configuration_changed: 16640
06-29 10:12:41.913 0 0 D [ 57.117220] cnss: Downloading BDF: qca6390/bdwlan.elf, size: 57908
06-29 10:12:41.914 1570 1570 D TelephonyRegistry: systemRunning register for intents
06-29 10:12:41.917 1570 1887 I commit_sys_config_file: [settings-0-0,12]
06-29 10:12:41.917 1570 1723 I netstats_mobile_sample: [0,0,0,0,0,0,0,0,0,0,0,0,1688004761917]
06-29 10:12:41.917 1570 1723 I netstats_wifi_sample: [0,0,0,0,0,0,0,0,0,0,0,0,1688004761917]
06-29 10:12:41.918 1570 1570 I ssm_user_starting: 0
06-29 10:12:41.926 1570 1725 I am_proc_start: [0,2256,1073,com.android.networkstack.process,service,{com.android.networkstack/com.android.server.NetworkStackService}]
06-29 10:12:41.936 0 0 I [ 57.143000] msm_vidc: high: 00000001: ....d: Opening video instance: 0000000000000000, 1
06-29 10:12:41.936 0 0 I [ 57.143038] msm_vidc: err : 00000001: ....d: Failed to create debugfs for msm_vidc
06-29 10:12:41.940 0 0 I [ 57.146815] msm_vidc: high: 00000001: vp9d: Closed video instance: 0000000000000000
06-29 10:12:41.949 0 0 I [ 57.155317] msm_vidc: high: 00000001: ....d: Opening video instance: 0000000000000000, 1
06-29 10:12:41.949 0 0 I [ 57.155362] msm_vidc: err : 00000001: ....d: Failed to create debugfs for msm_vidc
06-29 10:12:41.951 1570 1723 I netstats_mobile_sample: [0,0,0,0,0,0,0,0,0,0,0,0,1688004761951]
06-29 10:12:41.951 1570 1723 I netstats_wifi_sample: [0,0,0,0,0,0,0,0,0,0,0,0,1688004761951]
06-29 10:12:41.954 1570 1570 I am_uid_running: 1001
06-29 10:12:41.955 1570 1570 I am_uid_running: 10055
06-29 10:12:41.959 0 0 I [ 57.165820] msm_vidc: high: 00000001: vp9d: Closed video instance: 0000000000000000
06-29 10:12:41.962 0 0 D [ 57.169130] cnss: Sending M3 information message, state: 0x143
06-29 10:12:41.962 0 0 D [ 57.169144] cnss: M3 memory, va: 0x0000000000000000, pa: 0x00000000a1800000, size: 0x411bc
06-29 10:12:41.962 0 0 I [ 57.169337] binder: 2256:2256 ioctl 40046210 7fe27a47d4 returned -22
06-29 10:12:41.964 1570 1723 I netstats_mobile_sample: [0,0,0,0,0,0,0,0,0,0,0,0,1688004761964]
06-29 10:12:41.964 1570 1723 I netstats_wifi_sample: [0,0,0,0,0,0,0,0,0,0,0,0,1688004761964]
06-29 10:12:41.965 1570 1570 I am_uid_running: 10081
06-29 10:12:41.966 1570 1570 I am_uid_running: 1068
06-29 10:12:41.971 0 0 D [ 57.177470] cnss: PM relax, state: 0x143, count: 0
06-29 10:12:41.971 0 0 D [ 57.177479] cnss: Received QMI WLFW FW initialization done indication
06-29 10:12:41.972 0 0 D [ 57.177481] cnss: Posting event: FW_READY(4), state: 0x143 flags: 0x0
06-29 10:12:41.972 0 0 D [ 57.177482] cnss: PM stay awake, state: 0x143, count: 1
06-29 10:12:41.972 0 0 D [ 57.177487] cnss: PM stay awake, state: 0x143, count: 1
06-29 10:12:41.972 0 0 D [ 57.177489] cnss: Processing driver event: FW_READY(4), state: 0x143
06-29 10:12:41.972 0 0 D [ 57.177490] cnss: PCIE Gen speed not setup
06-29 10:12:41.972 0 0 I [ 57.177518] [kworke][0x447cedc6][10: 12:41.970594] wlan: [336:I:HDD] hdd_pm_qos_add_request: 9360: Set cpu_mask 0f for affine_cores
06-29 10:12:41.972 0 0 I [ 57.177520] [kworke][0x447cedfd][10: 12:41.970597] wlan: [336:I:HDD] hdd_pm_qos_add_request: 9362: Set cpu_mask 0f for affine_cores
06-29 10:12:41.972 0 0 D [ 57.177534] cnss: Sending ini sync request, state: 0x147, fw_log_mode: 1
06-29 10:12:41.972 0 0 D [ 57.177707] cnss: PM relax, state: 0x143, count: 0
06-29 10:12:41.969 1570 1570 I am_uid_running: 10067
06-29 10:12:41.974 1570 1723 I netstats_mobile_sample: [0,0,0,0,0,0,0,0,0,0,0,0,1688004761974]
06-29 10:12:41.974 1570 1723 I netstats_wifi_sample: [0,0,0,0,0,0,0,0,0,0,0,0,1688004761974]
06-29 10:12:41.975 0 0 I [ 57.179542] [kworke][0x447d8542][10: 12:41.972614] wlan: [336:I:HIF] Initializing Runtime PM wakelock &sc->prevent_linkdown_lock
06-29 10:12:41.975 0 0 I [ 57.179549] [kworke][0x447d861a][10: 12:41.972625] wlan: [336:I:HIF] hif_pci_enable_bus: con_mode = 0x0, WLAN_SOC_device_id = 0x1101
06-29 10:12:41.975 0 0 I [ 57.179555] [kworke][0x447d868f][10: 12:41.972631] wlan: [336:I:HIF] hif_pci_enable_bus: hif_enable_pci done
06-29 10:12:41.975 0 0 I [ 57.179611] [kworke][0x447d8ab4][10: 12:41.972686] wlan: [336:I:HIF] *********** QCA6390 *************
06-29 10:12:41.975 0 0 I : [ 57.179611]
06-29 10:12:41.975 0 0 I [ 57.179614] [kworke][0x447d8b01][10: 12:41.972690] wlan: [336:I:HIF] hif_pci_enable_bus: hif_type = 0x12, target_type = 0x17
06-29 10:12:41.975 0 0 I [ 57.179619] [kworke][0x447d8b54][10: 12:41.972695] wlan: [336:I:HIF] hif_register_tbl_attach: HIF_TYPE_QCA6390
06-29 10:12:41.975 0 0 I [ 57.179622] [kworke][0x447d8b93][10: 12:41.972698] wlan: [336:I:HIF] hif_target_register_tbl_attach: TARGET_TYPE_QCA6390
06-29 10:12:41.975 0 0 I [ 57.179625] [kworke][0x447d8bcd][10: 12:41.972701] wlan: [336:I:HIF] hif_pci_enable_bus:Skip tgt_wake up for srng devices
06-29 10:12:41.975 0 0 I : [ 57.179625]
06-29 10:12:41.975 0 0 E [ 57.179743] [kworke][0x447d94ae][10: 12:41.972819] wlan: [336:E:TXRX] hif_print_hal_shadow_register_cfg: num_config 28
06-29 10:12:41.975 0 0 I [ 57.179749] [kworke][0x447d952e][10: 12:41.972826] wlan: [336:I:TXRX] hif_print_hal_shadow_register_cfg: i 0, val a3b034
06-29 10:12:41.975 0 0 I [ 57.179750] [kworke][0x447d954c][10: 12:41.972828] wlan: [336:I:TXRX] hif_print_hal_shadow_register_cfg: i 1, val a3b03c
06-29 10:12:41.975 0 0 I [ 57.179752] [kworke][0x447d9568][10: 12:41.972829] wlan: [336:I:TXRX] hif_print_hal_shadow_register_cfg: i 2, val a3b044
06-29 10:12:41.975 0 0 I [ 57.179838] [kworke][0x447d9584][10: 12:41.972831] wlan: [336:I:TXRX] hif_print_hal_shadow_register_cfg: i 3, val a3b04c
06-29 10:12:41.975 0 0 I [ 57.179840] [kworke][0x447d9c01][10: 12:41.972917] wlan: [336:I:TXRX] hif_print_hal_shadow_register_cfg: i 4, val a3b054
06-29 10:12:41.975 0 0 I [ 57.179842] [kworke][0x447d9c24][10: 12:41.972919] wlan: [336:I:TXRX] hif_print_hal_shadow_register_cfg: i 5, val a3b028
06-29 10:12:41.975 0 0 I [ 57.179843] [kworke][0x447d9c40][10: 12:41.972920] wlan: [336:I:TXRX] hif_print_hal_shadow_register_cfg: i 6, val a3b020
06-29 10:12:41.975 0 0 I [ 57.179845] [kworke][0x447d9c5f][10: 12:41.972922] wlan: [336:I:TXRX] hif_print_hal_shadow_register_cfg: i 7, val a3b06c
06-29 10:12:41.975 0 0 I [ 57.179846] [kworke][0x447d9c80][10: 12:41.972924] wlan: [336:I:TXRX] hif_print_hal_shadow_register_cfg: i 8, val a46000
06-29 10:12:41.975 0 0 I [ 57.179848] [kworke][0x447d9c9b][10: 12:41.972925] wlan: [336:I:TXRX] hif_print_hal_shadow_register_cfg: i 9, val a46008
06-29 10:12:41.975 0 0 I [ 57.179850] [kworke][0x447d9cba][10: 12:41.972927] wlan: [336:I:TXRX] hif_print_hal_shadow_register_cfg: i 10, val a46010
06-29 10:12:41.975 0 0 I [ 57.179851] [kworke][0x447d9cdb][10: 12:41.972928] wlan: [336:I:TXRX] hif_print_hal_shadow_register_cfg: i 11, val a46018
06-29 10:12:41.975 0 0 I [ 57.179853] [kworke][0x447d9cf8][10: 12:41.972930] wlan: [336:I:TXRX] hif_print_hal_shadow_register_cfg: i 12, val a46034
06-29 10:12:41.975 0 0 I [ 57.179854] [kworke][0x447d9d14][10: 12:41.972931] wlan: [336:I:TXRX] hif_print_hal_shadow_register_cfg: i 13, val a370b0
06-29 10:12:41.975 0 0 I [ 57.179856] [kworke][0x447d9d30][10: 12:41.972933] wlan: [336:I:TXRX] hif_print_hal_shadow_register_cfg: i 14, val a37018
06-29 10:12:41.975 0 0 I [ 57.179857] [kworke][0x447d9d4c][10: 12:41.972934] wlan: [336:I:TXRX] hif_print_hal_shadow_register_cfg: i 15, val a370c4
06-29 10:12:41.975 0 0 I [ 57.179859] [kworke][0x447d9d68][10: 12:41.972936] wlan: [336:I:TXRX] hif_print_hal_shadow_register_cfg: i 16, val a370cc
06-29 10:12:41.975 0 0 I [ 57.179860] [kworke][0x447d9d85][10: 12:41.972937] wlan: [336:I:TXRX] hif_print_hal_shadow_register_cfg: i 17, val a370d4
06-29 10:12:41.975 0 0 I [ 57.179861] [kworke][0x447d9da1][10: 12:41.972939] wlan: [336:I:TXRX] hif_print_hal_shadow_register_cfg: i 18, val a370dc
06-29 10:12:41.975 0 0 I [ 57.179863] [kworke][0x447d9dbd][10: 12:41.972940] wlan: [336:I:TXRX] hif_print_hal_shadow_register_cfg: i 19, val a00400
06-29 10:12:41.975 0 0 I [ 57.179864] [kworke][0x447d9dd7][10: 12:41.972941] wlan: [336:I:TXRX] hif_print_hal_shadow_register_cfg: i 20, val a03400
06-29 10:12:41.975 0 0 I [ 57.179865] [kworke][0x447d9def][10: 12:41.972943] wlan: [336:I:TXRX] hif_print_hal_shadow_register_cfg: i 21, val a0340c
06-29 10:12:41.975 0 0 I [ 57.179867] [kworke][0x447d9e07][10: 12:41.972944] wlan: [336:I:TXRX] hif_print_hal_shadow_register_cfg: i 22, val a05400
06-29 10:12:41.975 0 0 I [ 57.179868] [kworke][0x447d9e1e][10: 12:41.972945] wlan: [336:I:TXRX] hif_print_hal_shadow_register_cfg: i 23, val a0540c
06-29 10:12:41.975 0 0 I [ 57.179869] [kworke][0x447d9e36][10: 12:41.972946] wlan: [336:I:TXRX] hif_print_hal_shadow_register_cfg: i 24, val a06400
06-29 10:12:41.975 0 0 I [ 57.179871] [kworke][0x447d9e4e][10: 12:41.972948] wlan: [336:I:TXRX] hif_print_hal_shadow_register_cfg: i 25, val a08400
06-29 10:12:41.975 0 0 I [ 57.179872] [kworke][0x447d9e6d][10: 12:41.972949] wlan: [336:I:TXRX] hif_print_hal_shadow_register_cfg: i 26, val a0b400
06-29 10:12:41.975 0 0 I [ 57.179874] [kworke][0x447d9e8a][10: 12:41.972951] wlan: [336:I:TXRX] hif_print_hal_shadow_register_cfg: i 27, val a0b40c
06-29 10:12:41.975 0 0 D [ 57.179877] cnss: Mode: 0, config: 0000000000000000, host_version: 5.2.022.10G
06-29 10:12:41.975 0 0 D [ 57.179879] cnss: Sending WLAN config message, state: 0x147
06-29 10:12:41.975 0 0 I [ 57.180746] msm_vidc: high: 00000001: ....e: Opening video instance: 0000000000000000, 0
06-29 10:12:41.975 0 0 I [ 57.180798] msm_vidc: err : 00000001: ....e: Failed to create debugfs for msm_vidc
06-29 10:12:41.975 0 0 D [ 57.181659] cnss: Sending mode message, mode: MISSION(0), state: 0x147
06-29 10:12:41.979 0 0 I [ 57.184297] msm_vidc: high: 00000001: h264e: Closed video instance: 0000000000000000
06-29 10:12:41.984 0 0 I [ 57.189983] binder: 2263:2263 ioctl 40046210 7fe27a47d4 returned -22
06-29 10:12:41.982 1570 1723 I netstats_mobile_sample: [0,0,0,0,0,0,0,0,0,0,0,0,1688004761982]
06-29 10:12:41.982 1570 1723 I netstats_wifi_sample: [0,0,0,0,0,0,0,0,0,0,0,0,1688004761982]
06-29 10:12:41.991 0 0 E [ 57.198648] init: Control message: Could not find 'vendor.qti.hardware.iop@2.0::IIop/default' for ctl.interface_start from pid: 533 (/system/bin/hwservicemanager)
06-29 10:12:41.992 1570 1570 I wm_task_created: [7,-1]
06-29 10:12:41.993 1570 1570 I wm_task_moved: [7,1,2147483647]
06-29 10:12:41.994 1570 1570 I wm_task_moved: [1,1,5]
06-29 10:12:41.995 1570 1570 I wm_create_task: [0,7]
06-29 10:12:41.995 1570 1570 I wm_create_activity: [0,123311653,7,com.android.settings/.FallbackHome,android.intent.action.MAIN,NULL,NULL,276824320]
06-29 10:12:41.995 1570 1570 I wm_task_moved: [1,1,5]
06-29 10:12:41.995 1570 1570 I wm_task_moved: [7,1,2147483647]
06-29 10:12:41.995 1570 1570 I wm_task_to_front: [0,7]
06-29 10:12:41.996 1570 1723 I netstats_mobile_sample: [0,0,0,0,0,0,0,0,0,0,0,0,1688004761996]
06-29 10:12:41.996 1570 1723 I netstats_wifi_sample: [0,0,0,0,0,0,0,0,0,0,0,0,1688004761996]
06-29 10:12:41.998 0 0 D [ 57.204788] cnss: Received QMI WLFW pin connect result indication
06-29 10:12:41.998 0 0 D [ 57.204792] cnss: Pin connect Result: pwr_pin: 0x1 phy_io_pin: 0x0 rf_io_pin: 0x0
06-29 10:12:41.998 0 0 D [ 57.204897] cnss: Assign MSI to user: CE, num_vectors: 10, user_base_data: 803, base_vector: 3
06-29 10:12:41.998 0 0 I [ 57.205029] [kworke][0x4484fcf2][10: 12:41.998103] wlan: [336:I:HIF] ce_srng_dest_ring_setup: ce_id 1
06-29 10:12:41.998 0 0 D [ 57.205033] cnss: Assign MSI to user: CE, num_vectors: 10, user_base_data: 803, base_vector: 3
06-29 10:12:41.998 0 0 I [ 57.205160] [kworke][0x448506c9][10: 12:41.998234] wlan: [336:I:HIF] ce_srng_status_ring_setup: ce_id 1
06-29 10:12:41.998 0 0 D [ 57.205163] cnss: Assign MSI to user: CE, num_vectors: 10, user_base_data: 803, base_vector: 3
06-29 10:12:41.998 0 0 I [ 57.205311] [kworke][0x44851227][10: 12:41.998386] wlan: [336:I:HIF] ce_srng_dest_ring_setup: ce_id 2
06-29 10:12:41.998 0 0 D [ 57.205314] cnss: Assign MSI to user: CE, num_vectors: 10, user_base_data: 803, base_vector: 3
06-29 10:12:41.998 0 0 I [ 57.205412] [kworke][0x448519c5][10: 12:41.998487] wlan: [336:I:HIF] ce_srng_status_ring_setup: ce_id 2
06-29 10:12:41.998 0 0 D [ 57.205415] cnss: Assign MSI to user: CE, num_vectors: 10, user_base_data: 803, base_vector: 3
06-29 10:12:41.998 0 0 D [ 57.205495] cnss: Assign MSI to user: CE, num_vectors: 10, user_base_data: 803, base_vector: 3
06-29 10:12:42.000 0 0 I [ 57.205811] [kworke][0x44853792][10: 12:41.998885] wlan: [336:I:HIF] ce_srng_dest_ring_setup: ce_id 5
06-29 10:12:42.000 0 0 D [ 57.205814] cnss: Assign MSI to user: CE, num_vectors: 10, user_base_data: 803, base_vector: 3
06-29 10:12:42.000 0 0 I [ 57.205913] [kworke][0x44853f50][10: 12:41.998988] wlan: [336:I:HIF] ce_srng_status_ring_setup: ce_id 5
06-29 10:12:42.000 0 0 D [ 57.205916] cnss: Assign MSI to user: CE, num_vectors: 10, user_base_data: 803, base_vector: 3
06-29 10:12:42.000 0 0 I [ 57.206301] [kworke][0x44855c46][10: 12:41.999374] wlan: [336:I:HIF] hif_configure_irq: E
06-29 10:12:42.000 0 0 D [ 57.206306] cnss: Assign MSI to user: WAKE, num_vectors: 1, user_base_data: 813, base_vector: 13
06-29 10:12:42.000 0 0 D [ 57.206335] cnss: Get IRQ number 364 for vector index 13
06-29 10:12:42.000 0 0 D [ 57.206412] cnss: Assign MSI to user: CE, num_vectors: 10, user_base_data: 803, base_vector: 3
06-29 10:12:42.000 0 0 D [ 57.206417] cnss: Get IRQ number 354 for vector index 3
06-29 10:12:42.000 0 0 D [ 57.206437] cnss: Get IRQ number 355 for vector index 4
06-29 10:12:42.000 0 0 D [ 57.206456] cnss: Get IRQ number 356 for vector index 5
06-29 10:12:42.000 0 0 D [ 57.206475] cnss: Get IRQ number 357 for vector index 6
06-29 10:12:42.000 0 0 D [ 57.206497] cnss: Get IRQ number 359 for vector index 8
06-29 10:12:42.000 0 0 D [ 57.206517] cnss: Get IRQ number 360 for vector index 9
06-29 10:12:42.000 0 0 D [ 57.206540] cnss: Get IRQ number 362 for vector index 11
06-29 10:12:42.000 0 0 E [ 57.206674] [kworke][0x4485784c][10: 12:41.999748] wlan: [336:E:mlme] mlme_init_reg_cfg: 2374: null pdev
06-29 10:12:42.000 0 0 E [ 57.206743] [kworke][0x44857d8a][10: 12:41.999818] wlan: [336:E:WMI] WMI handle is NULL
06-29 10:12:42.000 0 0 I [ 57.206771] [kworke][0x44857fa1][10: 12:41.999845] wlan: [336:I:HIF] Initializing Runtime PM wakelock &p2p_soc_obj->roc_runtime_lock
06-29 10:12:42.000 0 0 D [ 57.206787] cnss: Platform cap_flag is 0x4
06-29 10:12:42.000 0 0 E [ 57.206797] [kworke][0x4485819e][10: 12:41.999872] wlan: [336:E:QDF] cds_get_context: 1486: Module ID 66 context is Null
06-29 10:12:42.008 0 0 E [ 57.208529] [kworke][0x44860371][10: 12:42.001603] wlan: [336:E:QDF] cds_get_context: 1486: Module ID 66 context is Null
06-29 10:12:42.008 0 0 I [ 57.209494] [kworke][0x44864ba2][10: 12:42.002566] wlan: [336:I:HIF] Initializing Runtime PM wakelock &psoc_wakelock->wmi_cmd_rsp_runtime_lock
06-29 10:12:42.008 0 0 F [ 57.209566] [kworke][0x4486516b][10: 12:42.002643] wlan: [336:F:WMA] WMA --> wmi_unified_attach - success
06-29 10:12:42.008 0 0 I [ 57.209644] [kworke][0x44865743][10: 12:42.002721] wlan: [336:I:HIF] Initializing Runtime PM wakelock &vdev->vdev_set_key_runtime_wakelock
06-29 10:12:42.008 0 0 I [ 57.209694] [kworke][0x44865b06][10: 12:42.002771] wlan: [336:I:HIF] Initializing Runtime PM wakelock &vdev->vdev_set_key_runtime_wakelock
06-29 10:12:42.008 0 0 I [ 57.209754] [kworke][0x44865f7d][10: 12:42.002830] wlan: [336:I:HIF] Initializing Runtime PM wakelock &vdev->vdev_set_key_runtime_wakelock
06-29 10:12:42.008 0 0 I [ 57.209852] [kworke][0x448666cd][10: 12:42.002928] wlan: [336:I:HIF] Initializing Runtime PM wakelock &vdev->vdev_set_key_runtime_wakelock
06-29 10:12:42.008 0 0 I [ 57.209912] [kworke][0x44866b52][10: 12:42.002988] wlan: [336:I:HIF] Initializing Runtime PM wakelock &vdev->vdev_set_key_runtime_wakelock
06-29 10:12:42.008 0 0 I [ 57.209970] [kworke][0x44866faa][10: 12:42.003046] wlan: [336:I:HIF] Initializing Runtime PM wakelock &vdev->vdev_set_key_runtime_wakelock
06-29 10:12:42.008 0 0 I [ 57.210075] [kworke][0x44867788][10: 12:42.003151] wlan: [336:I:HIF] Initializing Runtime PM wakelock &wma_handle->wmi_cmd_rsp_runtime_lock
06-29 10:12:42.008 0 0 I [ 57.210077] [kworke][0x448677ca][10: 12:42.003154] wlan: [336:I:HIF] Initializing Runtime PM wakelock &wma_handle->sap_prevent_runtime_pm_lock
06-29 10:12:42.008 0 0 E [ 57.211190] [kworke][0x4486cafb][10: 12:42.004264] wlan: [336:E:QDF] htc_wait_target: 684: Target Ready! TX resource : 1 size:2176, MaxMsgsPerHTCBundle = 1
06-29 10:12:42.008 0 0 E [ 57.211201] [kworke][0x4486cc08][10: 12:42.004277] wlan: [336:E:QDF] htc_setup_target_buffer_assignments: 576: SVS Index : 1 TX : 0x100 : alloc:1
06-29 10:12:42.008 0 0 D [ 57.211219] cnss: Assign MSI to user: DP, num_vectors: 18, user_base_data: 814, base_vector: 14
06-29 10:12:42.008 0 0 I [ 57.211863] [kworke][0x4486fd7a][10: 12:42.004937] wlan: [336:I:HIF] +hif_update_pipe_callback pipeid 5
06-29 10:12:42.008 0 0 I : [ 57.211863]
06-29 10:12:42.008 0 0 I [ 57.211867] [kworke][0x4486fdff][10: 12:42.004944] wlan: [336:I:HIF] -hif_update_pipe_callback
06-29 10:12:42.008 0 0 I : [ 57.211867]
06-29 10:12:42.008 0 0 D [ 57.211873] cnss: Assign MSI to user: DP, num_vectors: 18, user_base_data: 814, base_vector: 14
06-29 10:12:42.008 0 0 E [ 57.213710] [kworke][0x4487882e][10: 12:42.006786] wlan: [336:E:DP] dp_srng_get_str_from_hal_ring_type: 7726: Invalid ring type
06-29 10:12:42.008 0 0 D [ 57.213722] cnss: Assign MSI to user: DP, num_vectors: 18, user_base_data: 814, base_vector: 14
06-29 10:12:42.008 0 0 D [ 57.213928] cnss: Assign MSI to user: DP, num_vectors: 18, user_base_data: 814, base_vector: 14
06-29 10:12:42.008 0 0 D [ 57.213975] cnss: Assign MSI to user: DP, num_vectors: 18, user_base_data: 814, base_vector: 14
06-29 10:12:42.008 0 0 D [ 57.214025] cnss: Assign MSI to user: DP, num_vectors: 18, user_base_data: 814, base_vector: 14
06-29 10:12:42.008 0 0 D [ 57.214095] cnss: Assign MSI to user: DP, num_vectors: 18, user_base_data: 814, base_vector: 14
06-29 10:12:42.008 0 0 D [ 57.214145] cnss: Assign MSI to user: DP, num_vectors: 18, user_base_data: 814, base_vector: 14
06-29 10:12:42.008 0 0 D [ 57.214191] cnss: Assign MSI to user: DP, num_vectors: 18, user_base_data: 814, base_vector: 14
06-29 10:12:42.008 0 0 D [ 57.214238] cnss: Assign MSI to user: DP, num_vectors: 18, user_base_data: 814, base_vector: 14
06-29 10:12:42.008 0 0 I [ 57.214279] [kworke][0x4487b2f4][10: 12:42.007356] wlan: [336:I:DP] dp_tx_soc_attach Tx Desc Alloc num_pool = 4, descs = 4096
06-29 10:12:42.009 0 0 I [ 57.215820] [kworke][0x44882604][10: 12:42.008891] wlan: [336:I:DP] dp_tx_soc_attach MSDU Ext Desc Alloc 4, descs = 4096
06-29 10:12:42.011 0 0 I [ 57.216181] [kworke][0x4488417c][10: 12:42.009257] wlan: [336:I:DP] dp_tx_soc_attach HAL Tx init Success
06-29 10:12:42.011 0 0 D [ 57.216214] cnss: Assign MSI to user: DP, num_vectors: 18, user_base_data: 814, base_vector: 14
06-29 10:12:42.011 0 0 D [ 57.216268] cnss: Assign MSI to user: DP, num_vectors: 18, user_base_data: 814, base_vector: 14
06-29 10:12:42.011 0 0 I [ 57.216307] [kworke][0x44884b0d][10: 12:42.009384] wlan: [336:I:DP] dp_soc_cmn_setup: 3274: num_reo_dest_rings 4
06-29 10:12:42.011 0 0 D [ 57.216311] cnss: Assign MSI to user: DP, num_vectors: 18, user_base_data: 814, base_vector: 14
06-29 10:12:42.011 0 0 D [ 57.216387] cnss: Assign MSI to user: DP, num_vectors: 18, user_base_data: 814, base_vector: 14
06-29 10:12:42.011 0 0 D [ 57.216448] cnss: Assign MSI to user: DP, num_vectors: 18, user_base_data: 814, base_vector: 14
06-29 10:12:42.011 0 0 D [ 57.216508] cnss: Assign MSI to user: DP, num_vectors: 18, user_base_data: 814, base_vector: 14
06-29 10:12:42.011 0 0 D [ 57.216554] cnss: Assign MSI to user: DP, num_vectors: 18, user_base_data: 814, base_vector: 14
06-29 10:12:42.011 0 0 D [ 57.216566] cnss: Assign MSI to user: DP, num_vectors: 18, user_base_data: 814, base_vector: 14
06-29 10:12:42.011 0 0 D [ 57.216582] cnss: Assign MSI to user: DP, num_vectors: 18, user_base_data: 814, base_vector: 14
06-29 10:12:42.011 0 0 D [ 57.216629] cnss: Assign MSI to user: DP, num_vectors: 18, user_base_data: 814, base_vector: 14
06-29 10:12:42.011 0 0 D [ 57.216694] cnss: Assign MSI to user: DP, num_vectors: 18, user_base_data: 814, base_vector: 14
06-29 10:12:42.011 0 0 D [ 57.216754] cnss: Assign MSI to user: DP, num_vectors: 18, user_base_data: 814, base_vector: 14
06-29 10:12:42.011 0 0 D [ 57.216806] cnss: Assign MSI to user: DP, num_vectors: 18, user_base_data: 814, base_vector: 14
06-29 10:12:42.011 0 0 I [ 57.216934] [kworke][0x44887a0f][10: 12:42.010011] wlan: [336:I:HAL] hal_reo_set_err_dst_remap_6390: 1024: HWIO_REO_R0_ERROR_DESTINATION_MAPPING_IX_0 0x28005b6d
06-29 10:12:42.011 0 0 D [ 57.216941] cnss: Assign MSI to user: DP, num_vectors: 18, user_base_data: 814, base_vector: 14
06-29 10:12:42.011 0 0 D [ 57.216952] cnss: Assign MSI to user: DP, num_vectors: 18, user_base_data: 814, base_vector: 14
06-29 10:12:42.011 0 0 D [ 57.216964] cnss: Assign MSI to user: DP, num_vectors: 18, user_base_data: 814, base_vector: 14
06-29 10:12:42.011 0 0 D [ 57.216969] cnss: Assign MSI to user: DP, num_vectors: 18, user_base_data: 814, base_vector: 14
06-29 10:12:42.011 0 0 D [ 57.216981] cnss: Assign MSI to user: DP, num_vectors: 18, user_base_data: 814, base_vector: 14
06-29 10:12:42.011 0 0 D [ 57.216992] cnss: Assign MSI to user: DP, num_vectors: 18, user_base_data: 814, base_vector: 14
06-29 10:12:42.011 1570 1723 I netstats_mobile_sample: [0,0,0,0,0,0,0,0,0,0,0,0,1688004762011]
06-29 10:12:42.011 1570 1723 I netstats_wifi_sample: [0,0,0,0,0,0,0,0,0,0,0,0,1688004762011]
06-29 10:12:42.015 0 0 I [ 57.221775] [kworke][0x4489e501][10: 12:42.014850] wlan: [336:I:DP] Peer pool init
06-29 10:12:42.015 0 0 W [ 57.221873] [kworke][0x4489ec73][10: 12:42.014950] wlan: [336:W:DP] dp_rx_pdev_mon_attach: pdev attach id=0
06-29 10:12:42.017 0 0 D [ 57.223550] cnss: Assign MSI to user: DP, num_vectors: 18, user_base_data: 814, base_vector: 14
06-29 10:12:42.017 0 0 D [ 57.223556] cnss: Get IRQ number 365 for vector index 14
06-29 10:12:42.017 0 0 D [ 57.223560] cnss: Assign MSI to user: DP, num_vectors: 18, user_base_data: 814, base_vector: 14
06-29 10:12:42.017 0 0 D [ 57.223561] cnss: Get IRQ number 366 for vector index 15
06-29 10:12:42.017 0 0 D [ 57.224083] cnss: Assign MSI to user: DP, num_vectors: 18, user_base_data: 814, base_vector: 14
06-29 10:12:42.017 0 0 D [ 57.224089] cnss: Get IRQ number 367 for vector index 16
06-29 10:12:42.017 0 0 D [ 57.224096] cnss: Assign MSI to user: DP, num_vectors: 18, user_base_data: 814, base_vector: 14
06-29 10:12:42.017 0 0 D [ 57.224102] cnss: Get IRQ number 368 for vector index 17
06-29 10:12:42.017 0 0 D [ 57.224109] cnss: Assign MSI to user: DP, num_vectors: 18, user_base_data: 814, base_vector: 14
06-29 10:12:42.017 0 0 D [ 57.224115] cnss: Assign MSI to user: DP, num_vectors: 18, user_base_data: 814, base_vector: 14
06-29 10:12:42.017 0 0 D [ 57.224119] cnss: Get IRQ number 370 for vector index 19
06-29 10:12:42.017 0 0 D [ 57.224126] cnss: Assign MSI to user: DP, num_vectors: 18, user_base_data: 814, base_vector: 14
06-29 10:12:42.017 0 0 D [ 57.224130] cnss: Get IRQ number 371 for vector index 20
06-29 10:12:42.020 1570 1723 I netstats_mobile_sample: [0,0,0,0,0,0,0,0,0,0,0,0,1688004762020]
06-29 10:12:42.020 1570 1723 I netstats_wifi_sample: [0,0,0,0,0,0,0,0,0,0,0,0,1688004762020]
06-29 10:12:42.025 0 0 I [ 57.230727] [kworke][0x448c846a][10: 12:42.023803] wlan: [281:I:WMA] wma_rx_service_ready_event: Firmware build version : 101a0521
06-29 10:12:42.025 0 0 I [ 57.230731] [kworke][0x448c84d5][10: 12:42.023808] wlan: [281:I:WMA] wma_rx_service_ready_event: Board id: 0, Board version: 8 0 0 0 6
06-29 10:12:42.025 0 0 I [ 57.231207] [kworke][0x448ca883][10: 12:42.024284] wlan: [281:I:WMA] wma_is_dbs_mandatory: 5417: MAC0 does not support both bands 2 DBS is mandatory
06-29 10:12:42.025 0 0 E [ 57.231227] [kworke][0x448caa06][10: 12:42.024304] wlan: [281:E:QDF] copy_fw_abi_version_tlv: 6979: copy_fw_abi_version_tlv: INIT_CMD version: 1, 0, 0x5f414351, 0x4c4d, 0x0, 0x0
06-29 10:12:42.025 1570 1723 I netstats_mobile_sample: [0,0,0,0,0,0,0,0,0,0,0,0,1688004762025]
06-29 10:12:42.025 1570 1723 I netstats_wifi_sample: [0,0,0,0,0,0,0,0,0,0,0,0,1688004762025]
06-29 10:12:42.028 0 0 I [ 57.234808] msm_vidc: high: 00000001: ....e: Opening video instance: 0000000000000000, 0
06-29 10:12:42.028 0 0 I [ 57.234868] msm_vidc: err : 00000001: ....e: Failed to create debugfs for msm_vidc
06-29 10:12:42.030 1570 1723 I netstats_mobile_sample: [0,0,0,0,0,0,0,0,0,0,0,0,1688004762030]
06-29 10:12:42.030 1570 1723 I netstats_wifi_sample: [0,0,0,0,0,0,0,0,0,0,0,0,1688004762030]
06-29 10:12:42.032 0 0 I [ 57.238569] msm_vidc: high: 00000001: h265e: Closed video instance: 0000000000000000
06-29 10:12:42.035 1570 1723 I netstats_mobile_sample: [0,0,0,0,0,0,0,0,0,0,0,0,1688004762035]
06-29 10:12:42.035 1570 1723 I netstats_wifi_sample: [0,0,0,0,0,0,0,0,0,0,0,0,1688004762035]
06-29 10:12:42.040 0 0 I [ 57.246619] msm_vidc: high: 00000001: ....e: Opening video instance: 0000000000000000, 0
06-29 10:12:42.040 0 0 I [ 57.246673] msm_vidc: err : 00000001: ....e: Failed to create debugfs for msm_vidc
06-29 10:12:42.043 1570 1723 I netstats_mobile_sample: [0,0,0,0,0,0,0,0,0,0,0,0,1688004762043]
06-29 10:12:42.043 1570 1723 I netstats_wifi_sample: [0,0,0,0,0,0,0,0,0,0,0,0,1688004762043]
06-29 10:12:42.045 0 0 I [ 57.251760] msm_vidc: high: 00000001: h265e: Closed video instance: 0000000000000000
06-29 10:12:42.051 1570 1723 I netstats_mobile_sample: [0,0,0,0,0,0,0,0,0,0,0,0,1688004762051]
06-29 10:12:42.051 1570 1723 I netstats_wifi_sample: [0,0,0,0,0,0,0,0,0,0,0,0,1688004762051]
06-29 10:12:42.054 1570 1723 I netstats_mobile_sample: [0,0,0,0,0,0,0,0,0,0,0,0,1688004762054]
06-29 10:12:42.054 1570 1723 I netstats_wifi_sample: [0,0,0,0,0,0,0,0,0,0,0,0,1688004762054]
06-29 10:12:42.061 1570 1723 I netstats_mobile_sample: [0,0,0,0,0,0,0,0,0,0,0,0,1688004762061]
06-29 10:12:42.061 1570 1723 I netstats_wifi_sample: [0,0,0,0,0,0,0,0,0,0,0,0,1688004762061]
06-29 10:12:42.062 1570 1723 D TelephonyRegistry: listen oscl: mHasNotifySubscriptionInfoChangedOccurred==false no callback
06-29 10:12:42.065 1570 1570 I uc_send_user_broadcast: [0,android.intent.action.USER_FOREGROUND]
06-29 10:12:42.065 1570 1570 I uc_send_user_broadcast: [0,android.intent.action.USER_SWITCHED]
06-29 10:12:42.075 0 0 I [ 57.282367] msm_vidc: high: 00000001: ....e: Opening video instance: 0000000000000000, 0
06-29 10:12:42.075 0 0 I [ 57.282427] msm_vidc: err : 00000001: ....e: Failed to create debugfs for msm_vidc
06-29 10:12:42.075 0 0 I [ 57.282476] msm_vidc: err : 00000001: ....e: msm_vidc_comm_update_ctrl: failed: control name Ltr Count, min 0, max 0, step 0, default_value 0
06-29 10:12:42.080 1570 1725 I am_proc_start: [0,2263,1000,com.thundercomm.gamemode,added application,com.thundercomm.gamemode]
06-29 10:12:42.081 0 0 I [ 57.285257] msm_vidc: high: 00000001: vp8e: Closed video instance: 0000000000000000
06-29 10:12:42.080 1570 2017 I am_drop_process: 2256
06-29 10:12:42.081 1570 1605 I am_proc_bound: [0,2263,com.thundercomm.gamemode]
06-29 10:12:42.088 0 0 I [ 57.294904] binder: undelivered TRANSACTION_COMPLETE
06-29 10:12:42.088 0 0 I [ 57.294908] binder: undelivered transaction 30445, process died.
06-29 10:12:42.090 1570 2109 I am_proc_died: [0,2196,WebViewLoader-arm64-v8a,-700,0]
06-29 10:12:42.091 1570 2109 I am_low_memory: 6
06-29 10:12:42.093 0 0 E [ 57.298936] init: Control message: Could not find 'vendor.qti.hardware.iop@2.0::IIop/default' for ctl.interface_start from pid: 533 (/system/bin/hwservicemanager)
06-29 10:12:42.096 1570 2026 I am_proc_died: [0,2195,WebViewLoader-armeabi-v7a,-700,0]
06-29 10:12:42.097 1570 2026 I am_uid_stopped: 1037
06-29 10:12:42.097 1570 2026 I am_mem_factor: [1,0]
06-29 10:12:42.098 1570 2026 I am_low_memory: 5
06-29 10:12:42.101 1570 1725 I am_proc_start: [0,2351,1000,com.thundercomm.microservice,added application,com.thundercomm.microservice]
06-29 10:12:42.109 0 0 E [ 57.312063] link_delay_work_func: DTC_ETH: SQI=0, link=0
06-29 10:12:42.108 1570 1725 I am_proc_start: [0,2361,1000,com.thundercomm.microsettings,added application,com.thundercomm.microsettings]
06-29 10:12:42.121 0 0 I [ 57.327727] binder: 2351:2351 ioctl 40046210 7fe27a47d4 returned -22
06-29 10:12:42.116 1570 1725 I am_proc_start: [0,2370,1001,.dataservices,added application,.dataservices]
06-29 10:12:42.121 1570 1725 I am_proc_start: [0,2378,10055,.qtidataservices,added application,.qtidataservices]
06-29 10:12:42.128 1570 1570 I notification_cancel_all: [1000,1570,android,0,0,0,20,NULL]
06-29 10:12:42.136 0 0 I [ 57.342465] binder: 2361:2361 ioctl 40046210 7fe27a47d4 returned -22
06-29 10:12:42.137 1570 1570 I am_uid_running: 10094
06-29 10:12:42.139 1570 1870 I am_proc_bound: [0,2351,com.thundercomm.microservice]
06-29 10:12:42.141 0 0 I [ 57.347517] binder: 2370:2370 ioctl 40046210 7fe27a47d4 returned -22
06-29 10:12:42.144 1570 1725 I am_proc_start: [0,2396,1000,com.thundercomm.tchttpserver,added application,com.thundercomm.tchttpserver]
06-29 10:12:42.145 1570 2109 I am_proc_bound: [0,2361,com.thundercomm.microsettings]
06-29 10:12:42.150 1570 1870 I am_proc_bound: [0,2370,.dataservices]
06-29 10:12:42.153 0 0 I [ 57.360651] binder: 2378:2378 ioctl 40046210 7fe27a47d4 returned -22
06-29 10:12:42.157 1570 1870 I am_uid_active: 1001
06-29 10:12:42.159 1570 1725 I am_proc_start: [0,2417,1000,com.tc.logclient,added application,com.tc.logclient]
06-29 10:12:42.161 1570 2017 I am_proc_bound: [0,2378,.qtidataservices]
06-29 10:12:42.169 1570 2017 I am_uid_active: 10055
06-29 10:12:42.173 1570 1725 I am_proc_start: [0,2437,1073,com.android.networkstack.process,added application,com.android.networkstack.process]
06-29 10:12:42.181 0 0 I [ 57.382975] binder: 2396:2396 ioctl 40046210 7fe27a47d4 returned -22
06-29 10:12:42.192 1570 2109 I am_proc_bound: [0,2396,com.thundercomm.tchttpserver]
06-29 10:12:42.198 0 0 I [ 57.403880] binder: 2437:2437 ioctl 40046210 7fe27a47d4 returned -22
06-29 10:12:42.202 0 0 I [ 57.408898] binder: 2417:2417 ioctl 40046210 7fe27a47d4 returned -22
06-29 10:12:42.208 1570 2017 I am_uid_running: 10075
06-29 10:12:42.211 0 0 E [ 57.417682] [kworke][0x44c349f1][10: 12:42.210756] wlan: [80:E:QDF] ready_extract_init_status_tlv: 8884: ready_extract_init_status_tlv:0
06-29 10:12:42.211 0 0 E [ 57.417719] [kworke][0x44c34ce6][10: 12:42.210796] wlan: [80:E:QDF] cds_get_context: 1486: Module ID 65 context is Null
06-29 10:12:42.211 0 0 F [ 57.417724] [kworke][0x44c34d45][10: 12:42.210801] wlan: [80:F:DP] cdp_ipa_set_uc_tx_partition_base invalid instance
06-29 10:12:42.211 0 0 I [ 57.417729] [kworke][0x44c34dab][10: 12:42.210806] wlan: [80:I:WMA] wma_he_update_tgt_services: 996: 11ax is enabled
06-29 10:12:42.212 0 0 I [ 57.419351] [kworke][0x44c3c6e8][10: 12:42.212423] wlan: [80:I:HIF] Initializing Runtime PM wakelock &mgmt_txrx_pdev_ctx->wakelock_tx_runtime_cmp
06-29 10:12:42.212 0 0 I [ 57.419465] [kworke][0x44c3cfd1][10: 12:42.212541] wlan: [80:I:dfs] WLAN_DEBUG_DFS_ALWAYS : wlan_dfs_pdev_obj_create_notification: 421: dfs_offload 1
06-29 10:12:42.212 0 0 I [ 57.419479] [kworke][0x44c3d0ea][10: 12:42.212556] wlan: [80:I:SPECTRAL] null_get_capability: 1715: SPECTRAL : get_capability not registered
06-29 10:12:42.212 0 0 I : [ 57.419479]
06-29 10:12:42.212 0 0 I [ 57.419481] [kworke][0x44c3d117][10: 12:42.212558] wlan: [80:I:SPECTRAL] target_if_pdev_spectral_init: 2249: HAL_CAP_PHYDIAG : Capable
06-29 10:12:42.212 0 0 I [ 57.419483] [kworke][0x44c3d138][10: 12:42.212560] wlan: [80:I:SPECTRAL] null_get_capability: 1715: SPECTRAL : get_capability not registered
06-29 10:12:42.212 0 0 I : [ 57.419483]
06-29 10:12:42.212 0 0 I [ 57.419484] [kworke][0x44c3d152][10: 12:42.212561] wlan: [80:I:SPECTRAL] target_if_pdev_spectral_init: 2253: HAL_CAP_RADAR : Capable
06-29 10:12:42.212 0 0 I [ 57.419486] [kworke][0x44c3d172][10: 12:42.212563] wlan: [80:I:SPECTRAL] null_get_capability: 1715: SPECTRAL : get_capability not registered
06-29 10:12:42.212 0 0 I : [ 57.419486]
06-29 10:12:42.212 0 0 I [ 57.419487] [kworke][0x44c3d18c][10: 12:42.212564] wlan: [80:I:SPECTRAL] target_if_pdev_spectral_init: 2258: HAL_CAP_SPECTRAL_SCAN : Capable
06-29 10:12:42.212 0 0 I [ 57.419489] [kworke][0x44c3d1ab][10: 12:42.212566] wlan: [80:I:SPECTRAL] null_get_tsf64: 1703: SPECTRAL : get_tsf64 not registered
06-29 10:12:42.212 0 0 I : [ 57.419489]
06-29 10:12:42.212 0 0 I [ 57.419493] [kworke][0x44c3d202][10: 12:42.212570] wlan: [80:I:GREEN_AP] wlan_green_ap_pdev_obj_create_notification: 106: Green AP creation successful, green ap ctx: 0000000000000000, pdev: 0000000000000000
06-29 10:12:42.212 0 0 I [ 57.419516] [kworke][0x44c3d3b3][10: 12:42.212593] wlan: [80:I:IPA] wlan_ipa_wdi_init: 540: ipa_over_gsi: 1, is_smmu_enabled: 1
06-29 10:12:42.209 1570 1605 I am_uid_running: 10064
06-29 10:12:42.211 1570 1604 I am_proc_bound: [0,2437,com.android.networkstack.process]
06-29 10:12:42.216 0 0 I [ 57.420384] [kworke][0x44c414bf][10: 12:42.213460] wlan: [80:I:REGULATORY] reg_set_band: 483: set band bitmap: 3
06-29 10:12:42.216 0 0 I [ 57.420475] [kworke][0x44c41b9e][10: 12:42.213552] wlan: [80:I:HIF] Initializing Runtime PM wakelock &ctx->dfs
06-29 10:12:42.216 0 0 I [ 57.420477] [kworke][0x44c41bc6][10: 12:42.213554] wlan: [80:I:HIF] Initializing Runtime PM wakelock &ctx->connect
06-29 10:12:42.216 0 0 I [ 57.420479] [kworke][0x44c41be4][10: 12:42.213556] wlan: [80:I:HIF] Initializing Runtime PM wakelock &ctx->user
06-29 10:12:42.216 0 0 I [ 57.420481] [kworke][0x44c41c19][10: 12:42.213558] wlan: [80:I:HIF] Initializing Runtime PM wakelock &scan_priv->runtime_pm_lock
06-29 10:12:42.216 0 0 I [ 57.420491] [kworke][0x44c41cda][10: 12:42.213568] wlan: [80:I:GREEN_AP] target_if_green_ap_register_egap_event_handler: 131: Set the Enhance Green AP event handler
06-29 10:12:42.216 0 0 E [ 57.420498] [kworke][0x44c41d53][10: 12:42.213575] wlan: [80:E:QDF] dp_peer_map_attach_wifi3: 10048: dp_peer_map_attach_wifi3 max_peers 55, max_ast_index: 144
06-29 10:12:42.216 0 0 E : [ 57.420498]
06-29 10:12:42.216 0 0 I [ 57.420505] [kworke][0x44c41de2][10: 12:42.213582] wlan: [80:I:DP]
06-29 10:12:42.216 0 0 I : [ 57.420505] <=== cfg max peer id 55 ====>
06-29 10:12:42.216 0 0 I [ 57.420510] [kworke][0x44c41e42][10: 12:42.213587] wlan: [80:I:DP]
06-29 10:12:42.216 0 0 I : [ 57.420510] <=== cfg max ast idx 144 ====>
06-29 10:12:42.216 0 0 I [ 57.420514] [kworke][0x44c41e8a][10: 12:42.213591] wlan: [80:I:DP] ast hash_elems: 512, max_ast_idx: 144
06-29 10:12:42.216 0 0 I [ 57.421185] [kworke][0x44c450c1][10: 12:42.214260] wlan: [336:I:WMA] wma_wait_for_ready_event: 6926: FW ready event received
06-29 10:12:42.216 0 0 E [ 57.421965] [kworke][0x44c48b36][10: 12:42.215040] wlan: [336:E:WMI] send_action_oui_cmd_tlv: 220: Invalid action id
06-29 10:12:42.216 0 0 E [ 57.421972] [kworke][0x44c48be7][10: 12:42.215049] wlan: [336:E:action_oui] ucfg_action_oui_send: 160: Failed to send: 7
06-29 10:12:42.216 0 0 E [ 57.421976] [kworke][0x44c48c42][10: 12:42.215054] wlan: [336:E:WMI] send_action_oui_cmd_tlv: 220: Invalid action id
06-29 10:12:42.216 0 0 E [ 57.421985] [kworke][0x44c48cca][10: 12:42.215061] wlan: [336:E:action_oui] ucfg_action_oui_send: 160: Failed to send: 9
06-29 10:12:42.216 0 0 E [ 57.421990] [kworke][0x44c48d3c][10: 12:42.215067] wlan: [336:E:HDD] hdd_action_oui_send: 13281: Failed to send one or all action_ouis
06-29 10:12:42.217 1570 1604 I am_uid_active: 1073
06-29 10:12:42.222 1570 2026 I am_proc_bound: [0,2417,com.tc.logclient]
06-29 10:12:42.225 0 0 D [ 57.427515] cnss: dma-coherent is enabled
06-29 10:12:42.225 0 0 D [ 57.427519] cnss: IOMMU map: iova b0000000, len 4096
06-29 10:12:42.225 0 0 D [ 57.427521] cnss: IOMMU map: iova_addr b0000040
06-29 10:12:42.225 0 0 D [ 57.427523] cnss: dma-coherent is enabled
06-29 10:12:42.225 0 0 D [ 57.427523] cnss: IOMMU map: iova b0001000, len 4096
06-29 10:12:42.225 0 0 D [ 57.427524] cnss: IOMMU map: iova_addr b0001018
06-29 10:12:42.225 0 0 I [ 57.427659] [kworke][0x44c63662][10: 12:42.220735] wlan: [336:I:SYS] Creating periodic timer for OLBC UPDATE CACHE TIMEOUT
06-29 10:12:42.225 0 0 I : [ 57.427659]
06-29 10:12:42.225 0 0 E [ 57.427723] [kworke][0x44c63b39][10: 12:42.220800] wlan: [336:E:TXRX] dp_rxdma_ring_config: 5022: DBS enabled max_mac_rings 2
06-29 10:12:42.225 0 0 E [ 57.427731] [kworke][0x44c63bd0][10: 12:42.220808] wlan: [336:E:TXRX] dp_rxdma_ring_config: 5033: pdev_id 0 max_mac_rings 2
06-29 10:12:42.225 0 0 E [ 57.427734] [kworke][0x44c63c0d][10: 12:42.220811] wlan: [336:E:TXRX] dp_rxdma_ring_config: 5050: mac_id 0
06-29 10:12:42.225 0 0 E [ 57.427778] [kworke][0x44c63f66][10: 12:42.220856] wlan: [336:E:TXRX] dp_rxdma_ring_config: 5050: mac_id 1
06-29 10:12:42.225 0 0 I [ 57.427886] [kworke][0x44c64768][10: 12:42.220962] wlan: [336:I:POLICY_MGR] policy_mgr_update_5g_scc_prefer: 398: overwrite pm_second_connection_pcl_dbs_2x2_table, index 2 mode 3 system prefer 0 new pcl 6
06-29 10:12:42.225 0 0 I [ 57.427888] [kworke][0x44c6479a][10: 12:42.220965] wlan: [336:I:POLICY_MGR] policy_mgr_update_5g_scc_prefer: 404: overwrite pm_second_connection_pcl_dbs_2x2_table, index 3 mode 3 system prefer 0 new pcl 6
06-29 10:12:42.229 0 0 E [ 57.427981] [kworke][0x44c64e92][10: 12:42.221058] wlan: [336:E:REGULATORY] reg_freq_width_to_chan_op_class: 512: no op class for frequency 5745
06-29 10:12:42.229 0 0 I [ 57.428142] [kworke][0x44c65aae][10: 12:42.221219] wlan: [336:I:HIF] hif_pm_runtime_start: Enabling RUNTIME PM, Delay: 500 ms
06-29 10:12:42.229 0 0 D [ 57.428240] cnss: Host time = 60096410 us, device time = 914460 us, offset = 59181950 us
06-29 10:12:42.229 0 0 D [ 57.428258] cnss: Updated time sync regs [0x984] = 0x3870b7e, [0x988] = 0x0
06-29 10:12:42.229 0 0 D [ 57.428266] cnss: Removing vote for Regulator vdd-wlan-rfa2
06-29 10:12:42.229 0 0 D [ 57.428286] cnss: Removing vote for Regulator vdd-wlan-rfa1
06-29 10:12:42.229 0 0 D [ 57.428296] cnss: Removing vote for Regulator vdd-wlan-dig
06-29 10:12:42.229 0 0 D [ 57.428304] cnss: Removing vote for Regulator vdd-wlan-aon
06-29 10:12:42.229 0 0 D [ 57.428312] cnss: Removing vote for Regulator vdd-wlan-io
06-29 10:12:42.229 0 0 D [ 57.428316] cnss: PM relax, state: 0x107, count: 0
06-29 10:12:42.229 0 0 I [ 57.428600] [wifi@1][0x44c67cb6][10: 12:42.221673] wlan: [863:I:DP] dp_vdev_attach_wifi3: wlan_cfg_ap_bridge_enabled 0
06-29 10:12:42.229 0 0 I [ 57.428643] [wifi@1][0x44c6800c][10: 12:42.221718] wlan: [863:I:DP] 00000000: 05 4b 11 bf d1 cb 95 28 41 fa 21 65 2a d6 6e 4a
06-29 10:12:42.229 0 0 I [ 57.428649] [wifi@1][0x44c6807e][10: 12:42.221724] wlan: [863:I:DP] 00000010: c6 92 0f 13
06-29 10:12:42.229 0 0 I [ 57.428659] [wifi@1][0x44c68135][10: 12:42.221733] wlan: [863:I:DP] 00000000: 1c 7d de 14 f5 5b a8 54 6e 39 55 b1 11 20 5f fd
06-29 10:12:42.229 0 0 I [ 57.428665] [wifi@1][0x44c681ac][10: 12:42.221739] wlan: [863:I:DP] 00000010: e9 8c e5 b1 3e 8a a6 67 c7 51 53 7b 0a d0 2d ec
06-29 10:12:42.229 0 0 I [ 57.428671] [wifi@1][0x44c68220][10: 12:42.221745] wlan: [863:I:DP] 00000020: 98 98 16 22 f2 1b 29 d3 03 e2 dc 2b
06-29 10:12:42.229 0 0 I [ 57.430641] IPv6: ADDRCONF(NETDEV_UP): wlan0: link is not ready
06-29 10:12:42.230 1570 1725 I am_proc_start: [0,2480,1000,com.thundercomm.tcsetupwizard,added application,com.thundercomm.tcsetupwizard]
06-29 10:12:42.237 0 0 I [ 57.442613] [lowi-s][0x44ca97cf][10: 12:42.235688] wlan: [1472:I:wifipos] wifi_pos_get_ch_info: 461: num channels: 26
06-29 10:12:42.249 0 0 E [ 57.454159] [wifi@1][0x44cdf656][10: 12:42.247188] wlan: [2491:E:wifipos] wifi_pos_process_app_reg_req: 608: Received App Req Req pid(-880802977), len(16)
06-29 10:12:42.254 0 0 I [ 57.457138] [wifi@1][0x44ced920][10: 12:42.250212] wlan: [2491:I:wifipos] wifi_pos_get_ch_info: 461: num channels: 26
06-29 10:12:42.254 0 0 I [ 57.457496] [wifi@1][0x44cef410][10: 12:42.250571] wlan: [2491:I:wifipos] wifi_pos_get_ch_info: 461: num channels: 26
06-29 10:12:42.260 0 0 I [ 57.464590] binder: 2480:2480 ioctl 40046210 7fe27a47d4 returned -22
06-29 10:12:42.254 1570 1725 I am_proc_start: [0,2501,1000,vendor.qti.qesdk.sysservice,added application,vendor.qti.qesdk.sysservice]
06-29 10:12:42.275 0 0 I [ 57.478160] binder: 2370:2513 ioctl 40046210 7515b029e4 returned -22
06-29 10:12:42.275 0 0 I [ 57.482050] binder: 2509:2509 ioctl 40046210 7fe27a47d4 returned -22
