06-29 10:12:44.250 1570 1725 W ActivityManager: Slow operation: 180ms so far, now at startProcess: done updating battery stats
06-29 10:12:44.250 1570 1725 I am_proc_start: [0,3355,10018,android.process.media,broadcast,{com.android.mtp/com.android.mtp.MtpReceiver}]
06-29 10:12:44.250 1570 1725 W ActivityManager: Slow operation: 180ms so far, now at startProcess: building log message
06-29 10:12:44.250 1570 1725 I ActivityManager: Start proc 3355:android.process.media/u0a18 for broadcast {com.android.mtp/com.android.mtp.MtpReceiver}
06-29 10:12:44.250 1570 1725 W ActivityManager: Slow operation: 180ms so far, now at startProcess: starting to update pids map
06-29 10:12:44.250 1570 1725 W ActivityManager: Slow operation: 180ms so far, now at startProcess: done updating pids map
06-29 10:12:44.251 1570 1605 I am_proc_bound: [0,3304,com.android.documentsui]
06-29 10:12:44.255 1570 1723 I am_pss : [1570,1000,system,293765120,201601024,0,577638400,2,0,23]
06-29 10:12:44.257 1570 1605 D CompatibilityChangeReporter: Compat change id reported: 168419799; UID 10022; state: DISABLED
06-29 10:12:44.259 1570 1605 I am_uid_active: 10022
06-29 10:12:44.269 0 0 I [ 59.474413] binder: 3355:3355 ioctl 40046210 7fe27a47d4 returned -22
06-29 10:12:44.269 0 0 I [ 59.474437] binder: 3338:3338 ioctl 40046210 7fe27a47d4 returned -22
06-29 10:12:44.264 1570 2465 I am_proc_bound: [0,3325,com.android.keychain]
06-29 10:12:44.271 1570 2465 D CompatibilityChangeReporter: Compat change id reported: 168419799; UID 1000; state: DISABLED
06-29 10:12:44.275 1570 2995 I am_proc_bound: [0,3355,android.process.media]
06-29 10:12:44.282 1570 2995 D CompatibilityChangeReporter: Compat change id reported: 168419799; UID 10018; state: DISABLED
06-29 10:12:44.286 1570 1605 I am_proc_bound: [0,3338,com.qualcomm.location.XT]
06-29 10:12:44.291 1570 1605 D CompatibilityChangeReporter: Compat change id reported: 168419799; UID 10078; state: DISABLED
06-29 10:12:44.293 1570 1605 I am_uid_active: 10078
06-29 10:12:44.349 0 0 I [ 59.555512] binder: 3338:3402 ioctl 40046210 751afed944 returned -22
06-29 10:12:44.367 0 0 I [ 59.573327] binder: 3399:3399 ioctl 40046210 7fca7e5684 returned -22
06-29 10:12:44.373 1570 1974 I GameModeConfig: isGameModeOn = false
06-29 10:12:44.374 1570 1974 I GameModeConfig: isGameModeOn = false
06-29 10:12:44.374 1570 1974 I GameModeConfig: isGameModeOn = false
06-29 10:12:44.375 1570 1570 W Looper : Slow dispatch took 203ms main h=android.app.ActivityThread$H c=android.app.LoadedApk$ReceiverDispatcher$Args$$ExternalSyntheticLambda0@2e88db0 m=0
06-29 10:12:44.390 1570 1570 D BluetoothManagerService: Bluetooth Adapter address changed to F0:74:E4:41:13:98
06-29 10:12:44.390 1570 1570 D BluetoothManagerService: Stored Bluetoothaddress: F0:74:E4:41:13:98
06-29 10:12:44.390 1570 1570 D BluetoothManagerService: Bluetooth Adapter name changed to 高合111 by android
06-29 10:12:44.390 1570 1570 D BluetoothManagerService: Stored Bluetooth name: 高合111
06-29 10:12:44.390 1570 1570 D BluetoothManagerService: Bluetooth Adapter address changed to F0:74:E4:41:13:98
06-29 10:12:44.390 1570 1570 D BluetoothManagerService: Stored Bluetoothaddress: F0:74:E4:41:13:98
06-29 10:12:44.390 1570 1570 D BluetoothManagerService: BluetoothServiceConnection: com.android.bluetooth.gatt.GattService
06-29 10:12:44.390 1570 1570 D CompanionDeviceManagerService: Received BT state transition broadcast: BLE_TURNING_ON -> BLE_ON
06-29 10:12:44.390 1570 1716 D BluetoothManagerService: MESSAGE_BLUETOOTH_SERVICE_CONNECTED: 2
06-29 10:12:44.390 1570 1716 D BluetoothManagerService: continueFromBleOnState()
06-29 10:12:44.391 1570 1570 I CompanionDeviceManagerService: startBleScan()
06-29 10:12:44.394 1570 1716 D BluetoothManagerService: Persisting Bluetooth Setting: 1
06-29 10:12:44.399 1570 1570 W InputMethodManagerService: Skipping input method com.android.inputmethod.latin/.LatinIME: Not Supported.
06-29 10:12:44.399 1570 1716 D BluetoothManagerService: MESSAGE_BLUETOOTH_STATE_CHANGE: BLE_ON > TURNING_ON
06-29 10:12:44.399 1570 1716 D BluetoothManagerService: Sending BLE State Change: BLE_ON > TURNING_ON
06-29 10:12:44.399 1570 1716 D BluetoothManagerService: Sending State Change: OFF > TURNING_ON
06-29 10:12:44.402 1570 1724 I ActivityManager: Killing 2951:com.qualcomm.qtil.aptxui/u0a84 (adj 915): empty #2
06-29 10:12:44.402 1570 1724 I am_kill : [0,2951,com.qualcomm.qtil.aptxui,915,empty #2]
06-29 10:12:44.419 1570 1570 I am_uid_running: 10101
06-29 10:12:44.420 1570 1570 D CompatibilityChangeReporter: Compat change id reported: 135634846; UID 10101; state: DISABLED
06-29 10:12:44.420 1570 1570 D CompatibilityChangeReporter: Compat change id reported: 177438394; UID 10101; state: DISABLED
06-29 10:12:44.420 1570 1570 D CompatibilityChangeReporter: Compat change id reported: 135772972; UID 10101; state: DISABLED
06-29 10:12:44.420 1570 1570 D CompatibilityChangeReporter: Compat change id reported: 135754954; UID 10101; state: DISABLED
06-29 10:12:44.420 1570 1725 D CompatibilityChangeReporter: Compat change id reported: 143937733; UID 10101; state: DISABLED
06-29 10:12:44.420 1570 1570 I NotificationHistory: Attempted to unlock gone/disabled user 0
06-29 10:12:44.422 1570 2478 D TelephonyRegistry: listen oscl: mHasNotifySubscriptionInfoChangedOccurred==false no callback
06-29 10:12:44.423 1570 1570 V NotificationAssistants: disabling notification assistant for user 0: ComponentInfo{android.ext.services/android.ext.services.notification.Assistant}
06-29 10:12:44.423 1570 1570 D NotificationListeners: Removing active service ComponentInfo{android.ext.services/android.ext.services.notification.Assistant}
06-29 10:12:44.426 1570 1570 V NotificationAssistants: enabling notification assistant for 0: ComponentInfo{android.ext.services/android.ext.services.notification.Assistant}
06-29 10:12:44.426 1570 1570 V NotificationAssistants: binding: Intent { act=android.service.notification.NotificationAssistantService cmp=android.ext.services/.notification.Assistant (has extras) }
06-29 10:12:44.430 1570 1570 D CompatibilityChangeReporter: Compat change id reported: 168419799; UID 10094; state: DISABLED
06-29 10:12:44.433 1570 1725 I am_proc_start: [0,3426,10101,com.tencent.android.qqdownloader:live,service,{com.tencent.android.qqdownloader/com.tencent.assistant.syscomponent.MediaRouteProviderService2}]
06-29 10:12:44.433 1570 1725 I ActivityManager: Start proc 3426:com.tencent.android.qqdownloader:live/u0a101 for service {com.tencent.android.qqdownloader/com.tencent.assistant.syscomponent.MediaRouteProviderService2}
06-29 10:12:44.443 0 0 I [ 59.648558] binder: 2667:3417 ioctl 40046210 74b7afb254 returned -22
06-29 10:12:44.457 0 0 I [ 59.662331] binder: 3426:3426 ioctl 40046210 7fe27a47d4 returned -22
06-29 10:12:44.457 1570 1974 I GameModeConfig: isGameModeOn = true
06-29 10:12:44.457 1570 1974 I GameModeConfig: isGaming = false
06-29 10:12:44.457 1570 1974 I GameModeConfig: isGameModeOn = true
06-29 10:12:44.457 1570 1974 I GameModeConfig: isGaming = false
06-29 10:12:44.457 1570 1974 I GameModeConfig: isGameModeOn = true
06-29 10:12:44.457 1570 1974 I GameModeConfig: isGaming = false
06-29 10:12:44.464 1570 2109 I am_proc_died: [0,2951,com.qualcomm.qtil.aptxui,915,19]
06-29 10:12:44.465 1570 2109 I am_uid_stopped: 10084
06-29 10:12:44.467 1570 2109 I am_proc_bound: [0,3426,com.tencent.android.qqdownloader:live]
06-29 10:12:44.470 1570 2109 D CompatibilityChangeReporter: Compat change id reported: 168419799; UID 10101; state: DISABLED
06-29 10:12:44.472 1570 2109 I am_uid_active: 10101
06-29 10:12:44.487 1570 2465 I am_uid_running: 10026
06-29 10:12:44.487 1570 2465 D CompatibilityChangeReporter: Compat change id reported: 135634846; UID 10026; state: DISABLED
06-29 10:12:44.487 1570 2465 D CompatibilityChangeReporter: Compat change id reported: 177438394; UID 10026; state: DISABLED
06-29 10:12:44.487 1570 2465 D CompatibilityChangeReporter: Compat change id reported: 135772972; UID 10026; state: DISABLED
06-29 10:12:44.488 1570 2465 D CompatibilityChangeReporter: Compat change id reported: 135754954; UID 10026; state: ENABLED
06-29 10:12:44.488 1570 1725 D CompatibilityChangeReporter: Compat change id reported: 143937733; UID 10026; state: ENABLED
06-29 10:12:44.494 1570 1725 I am_proc_start: [0,3460,10026,com.android.externalstorage,content provider,{com.android.externalstorage/com.android.externalstorage.ExternalStorageProvider}]
06-29 10:12:44.495 1570 1725 I ActivityManager: Start proc 3460:com.android.externalstorage/u0a26 for content provider {com.android.externalstorage/com.android.externalstorage.ExternalStorageProvider}
06-29 10:12:44.514 0 0 I [ 59.717475] binder: 3460:3460 ioctl 40046210 7fe27a47d4 returned -22
06-29 10:12:44.518 1570 1605 I am_proc_bound: [0,3460,com.android.externalstorage]
06-29 10:12:44.520 1570 1605 D CompatibilityChangeReporter: Compat change id reported: 168419799; UID 10026; state: DISABLED
06-29 10:12:44.530 1570 2478 I PreBootBroadcaster: Pre-boot of {com.android.managedprovisioning/com.android.managedprovisioning.ota.PreBootListener} for user 0
06-29 10:12:44.530 1570 2478 I am_pre_boot: [0,com.android.managedprovisioning]
06-29 10:12:44.531 1570 2478 W BroadcastQueue: Background execution not allowed: receiving Intent { act=android.intent.action.INPUT_METHOD_CHANGED flg=0x20000010 (has extras) } to com.baidu.input_hryt/com.baidu.input.switchguide.InputMethodChangedReceiver
06-29 10:12:44.532 1570 2478 I ActivityManager: Killing 3304:com.android.documentsui/u0a22 (adj 905): empty #2
06-29 10:12:44.532 1570 2478 I am_kill : [0,3304,com.android.documentsui,905,empty #2]
06-29 10:12:44.534 1570 1724 I am_uid_running: 10038
06-29 10:12:44.535 1570 1724 I ActivityManager: com.android.managedprovisioning is exempt from freezer
06-29 10:12:44.535 1570 1724 D CompatibilityChangeReporter: Compat change id reported: 135634846; UID 10038; state: DISABLED
06-29 10:12:44.535 1570 1724 D CompatibilityChangeReporter: Compat change id reported: 177438394; UID 10038; state: DISABLED
06-29 10:12:44.535 1570 1724 D CompatibilityChangeReporter: Compat change id reported: 135772972; UID 10038; state: DISABLED
06-29 10:12:44.535 1570 1724 D CompatibilityChangeReporter: Compat change id reported: 135754954; UID 10038; state: ENABLED
06-29 10:12:44.535 1570 1725 D CompatibilityChangeReporter: Compat change id reported: 143937733; UID 10038; state: ENABLED
06-29 10:12:44.544 1570 1870 I ActivityManager: Killing 3325:com.android.keychain/1000 (adj 905): empty #2
06-29 10:12:44.544 1570 1870 I am_kill : [0,3325,com.android.keychain,905,empty #2]
06-29 10:12:44.549 1570 1725 I am_proc_start: [0,3478,10038,com.android.managedprovisioning,broadcast,{com.android.managedprovisioning/com.android.managedprovisioning.ota.PreBootListener}]
06-29 10:12:44.549 1570 1725 I ActivityManager: Start proc 3478:com.android.managedprovisioning/u0a38 for broadcast {com.android.managedprovisioning/com.android.managedprovisioning.ota.PreBootListener}
06-29 10:12:44.552 1570 2024 D PowerManagerService: acquireWakeLockInternal: lock=57184586, flags=0x1, tag="SyncLoopWakeLock", ws=null, uid=1000, pid=1570
06-29 10:12:44.552 1570 2024 D PowerManagerService: updateWakeLockSummaryLocked: mWakefulness=Awake, mWakeLockSummary=0x1
06-29 10:12:44.553 1570 2024 D PowerManagerService: updateUserActivitySummaryLocked: groupId=0, mWakefulness=Awake, mUserActivitySummary=0x1, nextTimeout=119202 (in 59443 ms)
06-29 10:12:44.553 1570 2024 D PowerManagerNotifier: onScreenPolicyUpdate: newPolicy=3
06-29 10:12:44.553 1570 2024 D PowerManagerService: updateDisplayPowerStateLocked: displayReady=true, groupId=0, policy=BRIGHT, mWakefulness=Awake, mWakeLockSummary=0x1, mUserActivitySummary=0x1, mBootCompleted=true, screenBrightnessOverride=NaN, useAutoBrightness=false, mScreenBrightnessBoostInProgress=false, mIsVrModeEnabled= false, sQuiescent=false
06-29 10:12:44.553 1570 2024 D PowerManagerNotifier: onWakeLockAcquired: flags=1, tag="SyncLoopWakeLock", packageName=android, ownerUid=1000, ownerPid=1570, workSource=null
06-29 10:12:44.558 1570 2024 I SyncManager: Loaded persisted syncs: 4 periodic syncs, 1 oneshot syncs, 21 total system server jobs, JobStats: FirstLoad: 15/11/5 LastSave: -1/-1/-1
06-29 10:12:44.562 1570 1570 W Looper : Slow dispatch took 120ms main h=android.app.ActivityThread$H c=android.app.LoadedApk$ReceiverDispatcher$Args$$ExternalSyntheticLambda0@7efe0fa m=0
06-29 10:12:44.562 1570 1570 I notification_enqueue: [1000,1570,android,13,PreBootBroadcaster,0,Notification(channel=UPDATES shortcut=null contentView=null vibrate=null sound=null tick defaults=0x0 flags=0x2 color=0x00000000 vis=PUBLIC),0]
06-29 10:12:44.564 1570 1570 I MicroServiceManager: Bind and register callback to MicroService: FSEM_AudioService
06-29 10:12:44.566 1570 1570 I MicroServiceManager: Bind and register callback to MicroService: FSEM_AudioService, result: successfully.
06-29 10:12:44.568 1570 1570 D BiometricScheduler/Fingerprint21: [Finishing] {[1] FingerprintUpdateActiveUserClient, proto=1, owner=android, cookie=0, requestId=-1, userId=0}, success: true
06-29 10:12:44.568 1570 1570 D BiometricScheduler/Fingerprint21: [Polled] {[2] FingerprintInternalCleanupClient, proto=7, owner=android, cookie=0, requestId=-1, userId=0}, State: 0
06-29 10:12:44.568 1570 1570 D BiometricScheduler/Fingerprint21: [Starting] {[2] FingerprintInternalCleanupClient, proto=7, owner=android, cookie=0, requestId=-1, userId=0}, State: 0
06-29 10:12:44.568 1570 1570 D BiometricScheduler/Fingerprint21: [Started] {[2] FingerprintInternalCleanupClient, proto=7, owner=android, cookie=0, requestId=-1, userId=0}
06-29 10:12:44.568 1570 1570 D Biometrics/InternalCleanupClient: Starting enumerate: {[3] FingerprintInternalEnumerateClient, proto=6, owner=android, cookie=0, requestId=-1, userId=0}
06-29 10:12:44.572 0 0 D [ 59.776309] qbt: qbt_open: entry minor_no=0 fd_available=1
06-29 10:12:44.572 0 0 D [ 59.776314] qbt: qbt_open: exit : 0 fd_available=0
06-29 10:12:44.572 0 0 D [ 59.776342] qbt: qbt_open: entry minor_no=1 fd_available=0
06-29 10:12:44.572 0 0 D [ 59.776344] qbt: qbt_open: exit : 0 fd_available=0
06-29 10:12:44.572 0 0 D [ 59.776390] qbt: qbt_ioctl: cmd received 107
06-29 10:12:44.572 0 0 D [ 59.776392] qbt: qbt_ioctl: Acquiring wakelock
06-29 10:12:44.572 0 0 I [ 59.777261] binder: 3478:3478 ioctl 40046210 7fe27a47d4 returned -22
06-29 10:12:44.570 1570 1570 D CompanionDeviceManagerService: Received BT state transition broadcast: BLE_ON -> TURNING_ON
06-29 10:12:44.571 1570 1570 V NotificationAssistants: 0 notification assistant service connected: ComponentInfo{android.ext.services/android.ext.services.notification.Assistant}
06-29 10:12:44.572 1570 1570 I notification_enqueue: [1000,1570,android,13,PreBootBroadcaster,0,Notification(channel=UPDATES shortcut=null contentView=null vibrate=null sound=null tick defaults=0x0 flags=0x2 color=0x00000000 vis=PUBLIC),0]
06-29 10:12:44.573 1570 1570 I sysui_multi_action: [757,1501,758,1,793,587,794,0,795,587,796,13,797,PreBootBroadcaster,806,android,857,UPDATES,858,2,947,0,1500,0]
06-29 10:12:44.573 1570 1570 I sysui_multi_action: [757,804,799,note_interruptive,801,0,802,1]
06-29 10:12:44.573 1570 1570 I GameModeConfig: isGameModeOn = true
06-29 10:12:44.573 1570 1570 I GameModeConfig: isGaming = false
06-29 10:12:44.573 1570 1570 W NotificationHistory: Attempted to add notif for locked/gone/disabled user 0
06-29 10:12:44.573 1570 1570 W Looper : Drained
06-29 10:12:44.575 1570 1605 I am_proc_died: [0,3325,com.android.keychain,905,19]
06-29 10:12:44.580 1570 1605 I ActivityManager: Killing 3355:android.process.media/u0a18 (adj 915): empty #2
06-29 10:12:44.580 1570 1605 I am_kill : [0,3355,android.process.media,915,empty #2]
06-29 10:12:44.581 1570 1605 I am_uid_active: 10038
06-29 10:12:44.581 1570 1870 I am_proc_bound: [0,3478,com.android.managedprovisioning]
06-29 10:12:44.592 1570 1870 D CompatibilityChangeReporter: Compat change id reported: 168419799; UID 10038; state: DISABLED
06-29 10:12:44.601 1570 2024 D PowerManagerService: releaseWakeLockInternal: lock=57184586 [SyncLoopWakeLock], flags=0x0
06-29 10:12:44.601 1570 2024 D PowerManagerNotifier: onWakeLockReleased: flags=1, tag="SyncLoopWakeLock", packageName=android, ownerUid=1000, ownerPid=1570, workSource=null
06-29 10:12:44.609 1570 2024 D PowerManagerService: updateWakeLockSummaryLocked: mWakefulness=Awake, mWakeLockSummary=0x1
06-29 10:12:44.609 1570 2024 D PowerManagerService: updateUserActivitySummaryLocked: groupId=0, mWakefulness=Awake, mUserActivitySummary=0x1, nextTimeout=119202 (in 59386 ms)
06-29 10:12:44.612 1570 2024 D PowerManagerNotifier: onScreenPolicyUpdate: newPolicy=3
06-29 10:12:44.612 1570 2024 D PowerManagerService: updateDisplayPowerStateLocked: displayReady=true, groupId=0, policy=BRIGHT, mWakefulness=Awake, mWakeLockSummary=0x1, mUserActivitySummary=0x1, mBootCompleted=true, screenBrightnessOverride=NaN, useAutoBrightness=false, mScreenBrightnessBoostInProgress=false, mIsVrModeEnabled= false, sQuiescent=false
06-29 10:12:44.614 1570 2465 I am_proc_died: [0,3355,android.process.media,915,19]
06-29 10:12:44.615 1570 2465 I am_uid_stopped: 10018
06-29 10:12:44.620 0 0 W [ 59.826518] QSEECOM: qseecom_load_app: App (fingerpr) does'nt exist, loading apps for first time
06-29 10:12:44.642 1570 1723 I UsageStatsService: User[0] Rollover scheduled @ 2023-06-30 10:09:58(1688090998504)
06-29 10:12:44.642 1570 1723 D AppStandbyController: Initializing defaults for system apps on user 0, appIdleEnabled=false
06-29 10:12:44.639 3426 3426 I auditd : type=1400 audit(0.0:97): avc: granted { execute } for comm="downloader:live" path="/data/user/0/com.tencent.android.qqdownloader/files/shell/8_8454130_1346/oat/arm64/base.odex" dev="dm-21" ino=12170 scontext=u:r:untrusted_app_27:s0:c512,c768 tcontext=u:object_r:app_data_file:s0:c512,c768 tclass=file app=com.tencent.android.qqdownloader
06-29 10:12:44.665 0 0 I [ 59.869997] binder: undelivered transaction 50349, process died.
06-29 10:12:44.665 0 0 I [ 59.870195] binder: undelivered transaction 50502, process died.
06-29 10:12:44.665 0 0 I [ 59.870199] binder: undelivered transaction 50785, process died.
06-29 10:12:44.663 1570 2465 I am_proc_died: [0,3304,com.android.documentsui,905,19]
06-29 10:12:44.663 1570 2465 I am_uid_stopped: 10022
06-29 10:12:44.703 1570 1723 I UsageStatsService: User[0] Flushing usage stats to disk
06-29 10:12:44.704 2029 2999 I liblog : 567
06-29 10:12:44.704 2029 2999 I liblog : 3
06-29 10:12:44.704 2029 2999 I liblog : 1
06-29 10:12:44.708 1570 2017 D PowerManagerService: acquireWakeLockInternal: lock=242516144, flags=0x1, tag="AudioMix", ws=null, uid=1041, pid=0
06-29 10:12:44.709 1570 2017 D PowerManagerService: updateWakeLockSummaryLocked: mWakefulness=Awake, mWakeLockSummary=0x1
06-29 10:12:44.709 1570 2017 D PowerManagerService: updateUserActivitySummaryLocked: groupId=0, mWakefulness=Awake, mUserActivitySummary=0x1, nextTimeout=119202 (in 59287 ms)
06-29 10:12:44.709 1570 2017 D PowerManagerNotifier: onScreenPolicyUpdate: newPolicy=3
06-29 10:12:44.709 1570 2017 D PowerManagerService: updateDisplayPowerStateLocked: displayReady=true, groupId=0, policy=BRIGHT, mWakefulness=Awake, mWakeLockSummary=0x1, mUserActivitySummary=0x1, mBootCompleted=true, screenBrightnessOverride=NaN, useAutoBrightness=false, mScreenBrightnessBoostInProgress=false, mIsVrModeEnabled= false, sQuiescent=false
06-29 10:12:44.709 1570 2017 D PowerManagerNotifier: onWakeLockAcquired: flags=1, tag="AudioMix", packageName=audioserver, ownerUid=1041, ownerPid=0, workSource=null
06-29 10:12:44.709 1570 2017 D PowerManagerService: acquireWakeLockInternal: lock=250649385, flags=0x1, tag="AudioMix", ws=null, uid=1041, pid=0
06-29 10:12:44.709 1570 2017 D PowerManagerService: updateWakeLockSummaryLocked: mWakefulness=Awake, mWakeLockSummary=0x1
06-29 10:12:44.709 1570 2017 D PowerManagerService: updateUserActivitySummaryLocked: groupId=0, mWakefulness=Awake, mUserActivitySummary=0x1, nextTimeout=119202 (in 59286 ms)
06-29 10:12:44.709 1570 2017 D PowerManagerNotifier: onScreenPolicyUpdate: newPolicy=3
06-29 10:12:44.709 1570 2017 D PowerManagerService: updateDisplayPowerStateLocked: displayReady=true, groupId=0, policy=BRIGHT, mWakefulness=Awake, mWakeLockSummary=0x1, mUserActivitySummary=0x1, mBootCompleted=true, screenBrightnessOverride=NaN, useAutoBrightness=false, mScreenBrightnessBoostInProgress=false, mIsVrModeEnabled= false, sQuiescent=false
06-29 10:12:44.709 1570 2017 D PowerManagerNotifier: onWakeLockAcquired: flags=1, tag="AudioMix", packageName=audioserver, ownerUid=1041, ownerPid=0, workSource=null
06-29 10:12:44.709 1570 2017 D PowerManagerService: updateWakeLockWorkSourceInternal: lock=242516144 [AudioMix], ws=null
06-29 10:12:44.710 1570 2017 D PowerManagerService: updateWakeLockWorkSourceInternal: lock=250649385 [AudioMix], ws=null
06-29 10:12:44.710 1570 2017 D PowerManagerService: acquireWakeLockInternal: lock=107921070, flags=0x1, tag="AudioMix", ws=null, uid=1041, pid=0
06-29 10:12:44.710 1570 2017 D PowerManagerService: updateWakeLockSummaryLocked: mWakefulness=Awake, mWakeLockSummary=0x1
06-29 10:12:44.710 1570 2017 D PowerManagerService: updateUserActivitySummaryLocked: groupId=0, mWakefulness=Awake, mUserActivitySummary=0x1, nextTimeout=119202 (in 59285 ms)
06-29 10:12:44.710 1570 2017 D PowerManagerNotifier: onScreenPolicyUpdate: newPolicy=3
06-29 10:12:44.710 1570 2017 D PowerManagerService: updateDisplayPowerStateLocked: displayReady=true, groupId=0, policy=BRIGHT, mWakefulness=Awake, mWakeLockSummary=0x1, mUserActivitySummary=0x1, mBootCompleted=true, screenBrightnessOverride=NaN, useAutoBrightness=false, mScreenBrightnessBoostInProgress=false, mIsVrModeEnabled= false, sQuiescent=false
06-29 10:12:44.710 1570 2017 D PowerManagerNotifier: onWakeLockAcquired: flags=1, tag="AudioMix", packageName=audioserver, ownerUid=1041, ownerPid=0, workSource=null
06-29 10:12:44.711 1570 2109 D PowerManagerService: updateWakeLockWorkSourceInternal: lock=107921070 [AudioMix], ws=null
06-29 10:12:44.712 1570 2017 D PowerManagerService: acquireWakeLockInternal: lock=64250959, flags=0x1, tag="AudioMix", ws=null, uid=1041, pid=0
06-29 10:12:44.712 1570 2017 D PowerManagerService: updateWakeLockSummaryLocked: mWakefulness=Awake, mWakeLockSummary=0x1
06-29 10:12:44.712 1570 2017 D PowerManagerService: updateUserActivitySummaryLocked: groupId=0, mWakefulness=Awake, mUserActivitySummary=0x1, nextTimeout=119202 (in 59283 ms)
06-29 10:12:44.712 1570 2017 D PowerManagerNotifier: onScreenPolicyUpdate: newPolicy=3
06-29 10:12:44.712 1570 2017 D PowerManagerService: updateDisplayPowerStateLocked: displayReady=true, groupId=0, policy=BRIGHT, mWakefulness=Awake, mWakeLockSummary=0x1, mUserActivitySummary=0x1, mBootCompleted=true, screenBrightnessOverride=NaN, useAutoBrightness=false, mScreenBrightnessBoostInProgress=false, mIsVrModeEnabled= false, sQuiescent=false
06-29 10:12:44.712 1570 2017 D PowerManagerNotifier: onWakeLockAcquired: flags=1, tag="AudioMix", packageName=audioserver, ownerUid=1041, ownerPid=0, workSource=null
06-29 10:12:44.712 1570 2465 D PowerManagerService: updateWakeLockWorkSourceInternal: lock=64250959 [AudioMix], ws=null
06-29 10:12:44.712 1570 2017 D PowerManagerService: acquireWakeLockInternal: lock=202962908, flags=0x1, tag="AudioMix", ws=null, uid=1041, pid=0
06-29 10:12:44.712 1570 2017 D PowerManagerService: updateWakeLockSummaryLocked: mWakefulness=Awake, mWakeLockSummary=0x1
06-29 10:12:44.712 1570 2017 D PowerManagerService: updateUserActivitySummaryLocked: groupId=0, mWakefulness=Awake, mUserActivitySummary=0x1, nextTimeout=119202 (in 59283 ms)
06-29 10:12:44.712 1570 2017 D PowerManagerNotifier: onScreenPolicyUpdate: newPolicy=3
06-29 10:12:44.713 1570 2017 D PowerManagerService: updateDisplayPowerStateLocked: displayReady=true, groupId=0, policy=BRIGHT, mWakefulness=Awake, mWakeLockSummary=0x1, mUserActivitySummary=0x1, mBootCompleted=true, screenBrightnessOverride=NaN, useAutoBrightness=false, mScreenBrightnessBoostInProgress=false, mIsVrModeEnabled= false, sQuiescent=false
06-29 10:12:44.713 1570 2017 D PowerManagerNotifier: onWakeLockAcquired: flags=1, tag="AudioMix", packageName=audioserver, ownerUid=1041, ownerPid=0, workSource=null
06-29 10:12:44.713 1570 2017 D PowerManagerService: updateWakeLockWorkSourceInternal: lock=202962908 [AudioMix], ws=null
06-29 10:12:44.724 1570 2109 D CompatibilityChangeReporter: Compat change id reported: 174042980; UID 1000; state: DISABLED
06-29 10:12:44.724 2667 2667 I wm_on_create_called: [157777106,com.android.launcher3.uioverrides.QuickstepLauncher,performCreate]
06-29 10:12:44.725 2029 2999 I liblog : 635
06-29 10:12:44.726 2667 2667 I wm_on_start_called: [157777106,com.android.launcher3.uioverrides.QuickstepLauncher,handleStartActivity]
06-29 10:12:44.727 2667 2667 I wm_on_resume_called: [157777106,com.android.launcher3.uioverrides.QuickstepLauncher,RESUME_ACTIVITY]
06-29 10:12:44.729 2029 2999 I liblog : 48
06-29 10:12:44.746 2667 2667 I wm_on_top_resumed_gained_called: [157777106,com.android.launcher3.uioverrides.QuickstepLauncher,topStateChangedWhenResumed]
06-29 10:12:44.743 3426 3426 I auditd : type=1400 audit(0.0:98): avc: granted { execute } for comm="downloader:live" path="/data/user/0/com.tencent.android.qqdownloader/files/shell/8_8454130_1346/lib/arm64-v8a/libmmkv.so" dev="dm-21" ino=39389 scontext=u:r:untrusted_app_27:s0:c512,c768 tcontext=u:object_r:app_data_file:s0:c512,c768 tclass=file app=com.tencent.android.qqdownloader
06-29 10:12:44.751 0 0 W [ 59.956894] QSEECOM: qseecom_load_app: App with id 9 (fingerpr) now loaded
06-29 10:12:44.759 1570 2109 W StorageManagerService: Reporting emulated;0 unmounted due to system locked
06-29 10:12:44.765 1570 2485 W StorageManagerService: Reporting emulated;0 unmounted due to system locked
06-29 10:12:44.770 1570 1570 I Telecom : BluetoothDeviceManager: Got BluetoothHearingAid: android.bluetooth.BluetoothHearingAid@c5002a0: BMSL.oSC@AAY
06-29 10:12:44.773 1570 1570 I GameModeConfig: isGameModeOn = true
06-29 10:12:44.773 1570 1570 I GameModeConfig: isGaming = false
06-29 10:12:44.782 1570 2017 I am_uid_running: 10020
06-29 10:12:44.783 1570 1716 D BluetoothManagerService: MESSAGE_BLUETOOTH_STATE_CHANGE: TURNING_ON > ON
06-29 10:12:44.783 1570 1716 D BluetoothManagerService: Broadcasting onBluetoothStateChange(true) to 10 receivers.
06-29 10:12:44.783 1570 1716 D BluetoothManagerService: Creating new ProfileServiceConnections object for profile: 1
06-29 10:12:44.784 1570 2017 D CompatibilityChangeReporter: Compat change id reported: 135634846; UID 10020; state: DISABLED
06-29 10:12:44.784 1570 2017 D CompatibilityChangeReporter: Compat change id reported: 177438394; UID 10020; state: DISABLED
06-29 10:12:44.784 1570 2017 D CompatibilityChangeReporter: Compat change id reported: 135772972; UID 10020; state: DISABLED
06-29 10:12:44.784 1570 2017 D CompatibilityChangeReporter: Compat change id reported: 135754954; UID 10020; state: ENABLED
06-29 10:12:44.785 1570 1725 D CompatibilityChangeReporter: Compat change id reported: 143937733; UID 10020; state: ENABLED
06-29 10:12:44.789 1570 1718 I input_focus: [Focus request c426fd3 com.android.launcher3/com.android.launcher3.uioverrides.QuickstepLauncher,reason=UpdateInputWindows]
06-29 10:12:44.790 1570 2109 D CompatibilityChangeReporter: Compat change id reported: 135634846; UID 10101; state: DISABLED
06-29 10:12:44.790 1570 2109 D CompatibilityChangeReporter: Compat change id reported: 177438394; UID 10101; state: DISABLED
06-29 10:12:44.790 1570 2109 D CompatibilityChangeReporter: Compat change id reported: 135772972; UID 10101; state: DISABLED
06-29 10:12:44.790 1570 2109 D CompatibilityChangeReporter: Compat change id reported: 135754954; UID 10101; state: DISABLED
06-29 10:12:44.792 1570 1716 W BluetoothManagerService: psc is not null in bindBluetoothProfileService
06-29 10:12:44.792 1570 1716 D BluetoothManagerService: Sending BLE State Change: TURNING_ON > ON
06-29 10:12:44.792 1570 1716 D BluetoothManagerService: Sending State Change: TURNING_ON > ON
06-29 10:12:44.794 1570 1570 D CompanionDeviceManagerService: Received BT state transition broadcast: TURNING_ON -> ON
06-29 10:12:44.794 1570 1570 I CompanionDeviceManagerService: startBleScan()
06-29 10:12:44.800 1570 1725 I am_proc_start: [0,3543,10020,android.process.acore,content provider,{com.android.providers.contacts/com.android.providers.contacts.ContactsProvider2}]
06-29 10:12:44.800 1570 1725 I ActivityManager: Start proc 3543:android.process.acore/u0a20 for content provider {com.android.providers.contacts/com.android.providers.contacts.ContactsProvider2}
06-29 10:12:44.800 1570 1725 D CompatibilityChangeReporter: Compat change id reported: 143937733; UID 10101; state: DISABLED
06-29 10:12:44.807 1570 1725 I am_proc_start: [0,3545,10101,com.tencent.android.qqdownloader:daemon,service,{com.tencent.android.qqdownloader/com.tencent.assistant.daemon.CoreService}]
06-29 10:12:44.807 1570 1725 I ActivityManager: Start proc 3545:com.tencent.android.qqdownloader:daemon/u0a101 for service {com.tencent.android.qqdownloader/com.tencent.assistant.daemon.CoreService}
06-29 10:12:44.814 0 0 I [ 60.018535] binder: 3543:3543 ioctl 40046210 7fe27a47d4 returned -22
06-29 10:12:44.811 3426 3426 W PackageParsing: Ignoring duplicate uses-permissions/uses-permissions-sdk-m: android.permission.CAMERA in package: com.tencent.android.qqdownloader at: Binary XML file line #170
06-29 10:12:44.811 3426 3426 W PackageParsing: Ignoring duplicate uses-permissions/uses-permissions-sdk-m: android.permission.ACCESS_NETWORK_STATE in package: com.tencent.android.qqdownloader at: Binary XML file line #171
06-29 10:12:44.811 3426 3426 W PackageParsing: Ignoring duplicate uses-permissions/uses-permissions-sdk-m: android.permission.ACCESS_WIFI_STATE in package: com.tencent.android.qqdownloader at: Binary XML file line #172
06-29 10:12:44.811 3426 3426 W PackageParsing: Ignoring duplicate uses-permissions/uses-permissions-sdk-m: android.permission.CHANGE_WIFI_STATE in package: com.tencent.android.qqdownloader at: Binary XML file line #173
06-29 10:12:44.811 3426 3426 W PackageParsing: Ignoring duplicate uses-permissions/uses-permissions-sdk-m: android.permission.CHANGE_NETWORK_STATE in package: com.tencent.android.qqdownloader at: Binary XML file line #177
06-29 10:12:44.811 3426 3426 W PackageParsing: Ignoring duplicate uses-permissions/uses-permissions-sdk-m: android.permission.INTERNET in package: com.tencent.android.qqdownloader at: Binary XML file line #178
06-29 10:12:44.811 3426 3426 W PackageParsing: Ignoring duplicate uses-permissions/uses-permissions-sdk-m: android.permission.WRITE_EXTERNAL_STORAGE in package: com.tencent.android.qqdownloader at: Binary XML file line #182
06-29 10:12:44.811 1570 1570 I notification_cancel_all: [1002,2029,com.android.bluetooth,0,0,64,9,NULL]
06-29 10:12:44.812 3426 3426 W PackageParsing: Ignoring duplicate uses-permissions/uses-permissions-sdk-m: android.permission.INTERNET in package: com.tencent.android.qqdownloader at: Binary XML file line #240
06-29 10:12:44.812 3426 3426 W PackageParsing: Ignoring duplicate uses-permissions/uses-permissions-sdk-m: android.permission.ACCESS_COARSE_LOCATION in package: com.tencent.android.qqdownloader at: Binary XML file line #241
06-29 10:12:44.812 3426 3426 W PackageParsing: Ignoring duplicate uses-permissions/uses-permissions-sdk-m: android.permission.ACCESS_FINE_LOCATION in package: com.tencent.android.qqdownloader at: Binary XML file line #242
06-29 10:12:44.812 3426 3426 W PackageParsing: Ignoring duplicate uses-permissions/uses-permissions-sdk-m: android.permission.ACCESS_NETWORK_STATE in package: com.tencent.android.qqdownloader at: Binary XML file line #243
06-29 10:12:44.812 3426 3426 W PackageParsing: Ignoring duplicate uses-permissions/uses-permissions-sdk-m: android.permission.ACCESS_WIFI_STATE in package: com.tencent.android.qqdownloader at: Binary XML file line #244
06-29 10:12:44.812 3426 3426 W PackageParsing: Ignoring duplicate uses-permissions/uses-permissions-sdk-m: android.permission.CAMERA in package: com.tencent.android.qqdownloader at: Binary XML file line #246
06-29 10:12:44.812 3426 3426 W PackageParsing: Ignoring duplicate uses-permissions/uses-permissions-sdk-m: android.permission.WRITE_EXTERNAL_STORAGE in package: com.tencent.android.qqdownloader at: Binary XML file line #247
06-29 10:12:44.813 1570 1974 I GameModeConfig: isGameModeOn = true
06-29 10:12:44.813 1570 1974 I GameModeConfig: isGaming = false
06-29 10:12:44.813 1570 1974 I GameModeConfig: isGameModeOn = true
06-29 10:12:44.813 1570 1974 I GameModeConfig: isGaming = false
06-29 10:12:44.813 1570 1974 I GameModeConfig: isGameModeOn = true
06-29 10:12:44.813 1570 1974 I GameModeConfig: isGaming = false
06-29 10:12:44.813 1570 1974 I GameModeConfig: isGameModeOn = true
06-29 10:12:44.813 1570 1974 I GameModeConfig: isGaming = false
06-29 10:12:44.815 1570 2478 I am_proc_bound: [0,3543,android.process.acore]
06-29 10:12:44.817 3426 3426 W PackageParsing: No actions in intent-filter at /data/user/0/com.tencent.android.qqdownloader/files/shell/8_8454130_1346/base.apk Binary XML file line #444
06-29 10:12:44.817 3426 3426 W PackageParsing: No actions in intent-filter at /data/user/0/com.tencent.android.qqdownloader/files/shell/8_8454130_1346/base.apk Binary XML file line #464
06-29 10:12:44.817 3426 3426 W PackageParsing: No actions in intent-filter at /data/user/0/com.tencent.android.qqdownloader/files/shell/8_8454130_1346/base.apk Binary XML file line #501
06-29 10:12:44.818 3426 3426 W PackageParsing: No actions in intent-filter at /data/user/0/com.tencent.android.qqdownloader/files/shell/8_8454130_1346/base.apk Binary XML file line #537
06-29 10:12:44.818 3426 3426 W PackageParsing: No actions in intent-filter at /data/user/0/com.tencent.android.qqdownloader/files/shell/8_8454130_1346/base.apk Binary XML file line #573
06-29 10:12:44.818 3426 3426 W PackageParsing: No actions in intent-filter at /data/user/0/com.tencent.android.qqdownloader/files/shell/8_8454130_1346/base.apk Binary XML file line #609
06-29 10:12:44.819 1570 2478 D CompatibilityChangeReporter: Compat change id reported: 168419799; UID 10020; state: DISABLED
06-29 10:12:44.821 3426 3426 W PackageParsing: No actions in intent-filter at /data/user/0/com.tencent.android.qqdownloader/files/shell/8_8454130_1346/base.apk Binary XML file line #1712
06-29 10:12:44.822 1570 2478 I am_uid_active: 10020
06-29 10:12:44.841 0 0 I [ 60.039947] binder: 3545:3545 ioctl 40046210 7fe27a47d4 returned -22
06-29 10:12:44.847 0 0 I [ 60.052293] [schedu][0x47c72507][10: 12:44.845357] wlan: [2309:I:OSIF] vdev 0, scan id 40961 type COMPLETED(1) reason COMPLETED(1) scan found 95 bss
06-29 10:12:44.844 1570 2024 D PowerManagerService: acquireWakeLockInternal: lock=57184586, flags=0x1, tag="SyncLoopWakeLock", ws=null, uid=1000, pid=1570
06-29 10:12:44.844 1570 2024 D PowerManagerService: updateWakeLockSummaryLocked: mWakefulness=Awake, mWakeLockSummary=0x1
06-29 10:12:44.844 1570 2024 D PowerManagerService: updateUserActivitySummaryLocked: groupId=0, mWakefulness=Awake, mUserActivitySummary=0x1, nextTimeout=119202 (in 59151 ms)
06-29 10:12:44.844 1570 2024 D PowerManagerNotifier: onScreenPolicyUpdate: newPolicy=3
06-29 10:12:44.845 1570 1870 I commit_sys_config_file: [sync-accounts,2]
06-29 10:12:44.846 1570 2024 D PowerManagerService: updateDisplayPowerStateLocked: displayReady=true, groupId=0, policy=BRIGHT, mWakefulness=Awake, mWakeLockSummary=0x1, mUserActivitySummary=0x1, mBootCompleted=true, screenBrightnessOverride=NaN, useAutoBrightness=false, mScreenBrightnessBoostInProgress=false, mIsVrModeEnabled= false, sQuiescent=false
06-29 10:12:44.847 1570 2024 D PowerManagerNotifier: onWakeLockAcquired: flags=1, tag="SyncLoopWakeLock", packageName=android, ownerUid=1000, ownerPid=1570, workSource=null
06-29 10:12:44.855 3426 3426 I auditd : type=1400 audit(0.0:99): avc: granted { execute } for comm="temporary-3" path="/data/user/0/com.tencent.android.qqdownloader/files/shell/8_8454130_1346/lib/arm64-v8a/libvbhook.so" dev="dm-21" ino=39400 scontext=u:r:untrusted_app_27:s0:c512,c768 tcontext=u:object_r:app_data_file:s0:c512,c768 tclass=file app=com.tencent.android.qqdownloader
06-29 10:12:44.855 3426 3426 I auditd : type=1400 audit(0.0:100): avc: granted { execute } for comm="temporary-3" path="/data/user/0/com.tencent.android.qqdownloader/files/shell/8_8454130_1346/lib/arm64-v8a/librdefense.so" dev="dm-21" ino=39392 scontext=u:r:untrusted_app_27:s0:c512,c768 tcontext=u:object_r:app_data_file:s0:c512,c768 tclass=file app=com.tencent.android.qqdownloader
06-29 10:12:44.855 2029 3584 I liblog : 93
06-29 10:12:44.860 2031 2031 I sysui_multi_action: [757,803,799,note_peek,802,1]
06-29 10:12:44.862 1570 2109 I am_proc_bound: [0,3545,com.tencent.android.qqdownloader:daemon]
06-29 10:12:44.862 1570 1605 D PowerManagerService: releaseWakeLockInternal: lock=61511091 [*launch*], flags=0x0
06-29 10:12:44.862 1570 1605 D PowerManagerNotifier: onWakeLockReleased: flags=1, tag="*launch*", packageName=android, ownerUid=1000, ownerPid=1570, workSource=WorkSource{10075}
06-29 10:12:44.863 1570 1605 D PowerManagerService: updateWakeLockSummaryLocked: mWakefulness=Awake, mWakeLockSummary=0x1
06-29 10:12:44.863 1570 1605 D PowerManagerService: updateUserActivitySummaryLocked: groupId=0, mWakefulness=Awake, mUserActivitySummary=0x1, nextTimeout=119202 (in 59132 ms)
06-29 10:12:44.863 1570 1605 D PowerManagerNotifier: onScreenPolicyUpdate: newPolicy=3
06-29 10:12:44.863 1570 1605 D PowerManagerService: updateDisplayPowerStateLocked: displayReady=true, groupId=0, policy=BRIGHT, mWakefulness=Awake, mWakeLockSummary=0x1, mUserActivitySummary=0x1, mBootCompleted=true, screenBrightnessOverride=NaN, useAutoBrightness=false, mScreenBrightnessBoostInProgress=false, mIsVrModeEnabled= false, sQuiescent=false
06-29 10:12:44.863 1570 1605 I wm_destroy_activity: [0,123311653,7,com.android.settings/.FallbackHome,finish-idle]
06-29 10:12:44.871 1570 1717 I ActivityManager: Killing 3460:com.android.externalstorage/u0a26 (adj 915): empty #2
06-29 10:12:44.871 1570 1717 I am_kill : [0,3460,com.android.externalstorage,915,empty #2]
06-29 10:12:44.876 1570 2109 I sysui_multi_action: [757,127,758,1]
06-29 10:12:44.876 1570 2109 I sysui_multi_action: [757,804,799,note_load,801,1,802,1]
06-29 10:12:44.876 1570 2109 I notification_panel_revealed: 1
06-29 10:12:44.878 2031 2031 I sysui_heads_up_status: [-1|android|26|null|1000,1]
06-29 10:12:44.886 2640 2640 I wm_on_stop_called: [123311653,com.android.settings.FallbackHome,LIFECYCLER_STOP_ACTIVITY]
06-29 10:12:44.892 1570 1570 I Telecom : BluetoothDeviceManager: Got BluetoothHeadset: com.android.server.telecom.BluetoothHeadsetProxy@5e0aa3e: BMSL.oSC@AAc
06-29 10:12:44.893 1437 1470 I liblog : 433
06-29 10:12:44.895 2640 2640 I wm_on_destroy_called: [123311653,com.android.settings.FallbackHome,performDestroy]
06-29 10:12:44.896 1570 2024 D PowerManagerService: releaseWakeLockInternal: lock=57184586 [SyncLoopWakeLock], flags=0x0
06-29 10:12:44.896 1570 2024 D PowerManagerNotifier: onWakeLockReleased: flags=1, tag="SyncLoopWakeLock", packageName=android, ownerUid=1000, ownerPid=1570, workSource=null
06-29 10:12:44.906 1570 2024 D PowerManagerService: updateWakeLockSummaryLocked: mWakefulness=Awake, mWakeLockSummary=0x1
06-29 10:12:44.906 1570 2024 D PowerManagerService: updateUserActivitySummaryLocked: groupId=0, mWakefulness=Awake, mUserActivitySummary=0x1, nextTimeout=119202 (in 59089 ms)
06-29 10:12:44.906 1570 2024 D PowerManagerNotifier: onScreenPolicyUpdate: newPolicy=3
06-29 10:12:44.906 1570 2024 D PowerManagerService: updateDisplayPowerStateLocked: displayReady=true, groupId=0, policy=BRIGHT, mWakefulness=Awake, mWakeLockSummary=0x1, mUserActivitySummary=0x1, mBootCompleted=true, screenBrightnessOverride=NaN, useAutoBrightness=false, mScreenBrightnessBoostInProgress=false, mIsVrModeEnabled= false, sQuiescent=false
06-29 10:12:44.908 1570 1605 I wm_task_removed: [7,cleanUpResourcesForDestroy]
06-29 10:12:44.908 1570 1605 I wm_task_removed: [7,removeChild:removeChild last r=ActivityRecord{7599625 u0 com.android.settings/.FallbackHome taskAffinity=1000:com.android.settings.FallbackHome t-1 f}} in t=Task{fb26fa1 #7 type=home A=1000:com.android.settings.FallbackHome U=0 visible=false mode=fullscreen translucent=true sz=0 visible freeform task=true rootAffinity=1000:com.android.settings.FallbackHome isMini=false}]
06-29 10:12:44.908 1570 1605 I wm_task_removed: [7,removeChild]
06-29 10:12:44.917 1570 1718 I ActivityRecord: real home.....com.android.launcher3/.uioverrides.QuickstepLauncher
06-29 10:12:44.921 1570 1718 I WindowManager: ******* TELLING SURFACE FLINGER WE ARE BOOTED!
06-29 10:12:44.919 3545 3545 I auditd : type=1400 audit(0.0:101): avc: granted { execute } for comm="wnloader:daemon" path="/data/user/0/com.tencent.android.qqdownloader/files/shell/8_8454130_1346/oat/arm64/base.odex" dev="dm-21" ino=12170 scontext=u:r:untrusted_app_27:s0:c512,c768 tcontext=u:object_r:app_data_file:s0:c512,c768 tclass=file app=com.tencent.android.qqdownloader
06-29 10:12:44.950 1011 1089 I sf_stop_bootanim: 60157
06-29 10:12:44.956 1570 2465 W BluetoothManagerService: psc is not null in bindBluetoothProfileService
06-29 10:12:45.023 1570 1714 I sysui_multi_action: [319,1010,322,908,325,59,757,761,758,8,759,2,806,com.android.launcher3,871,com.android.launcher3.uioverrides.QuickstepLauncher,905,0,1320,4,1321,1]
06-29 10:12:45.028 1570 2995 I PreBootBroadcaster: Pre-boot of {com.android.providers.calendar/com.android.providers.calendar.CalendarUpgradeReceiver} for user 0
06-29 10:12:45.028 1570 2995 I am_pre_boot: [0,com.android.providers.calendar]
06-29 10:12:45.030 1570 1714 I wm_activity_launch_time: [0,157777106,com.android.launcher3/.uioverrides.QuickstepLauncher,908]
06-29 10:12:45.031 1570 2995 I am_uid_running: 10036
06-29 10:12:45.031 1570 1898 I input_focus: [Focus entering c426fd3 com.android.launcher3/com.android.launcher3.uioverrides.QuickstepLauncher (server),reason=setFocusedWindow]
06-29 10:12:45.044 1570 2995 D CompatibilityChangeReporter: Compat change id reported: 135634846; UID 10036; state: DISABLED
06-29 10:12:45.047 1570 2995 D CompatibilityChangeReporter: Compat change id reported: 177438394; UID 10036; state: DISABLED
06-29 10:12:45.047 1570 2995 D CompatibilityChangeReporter: Compat change id reported: 135772972; UID 10036; state: DISABLED
06-29 10:12:45.047 1570 2995 D CompatibilityChangeReporter: Compat change id reported: 135754954; UID 10036; state: ENABLED
06-29 10:12:45.049 1570 2995 I ActivityManager: Killing 3478:com.android.managedprovisioning/u0a38 (adj 905): empty #2
06-29 10:12:45.049 1570 2995 I am_kill : [0,3478,com.android.managedprovisioning,905,empty #2]
06-29 10:12:45.052 1570 1570 I notification_enqueue: [1000,1570,android,13,PreBootBroadcaster,0,Notification(channel=UPDATES shortcut=null contentView=null vibrate=null sound=null tick defaults=0x0 flags=0x2 color=0x00000000 vis=PUBLIC),1]
06-29 10:12:45.052 1570 2465 I am_uid_running: 10131
06-29 10:12:45.052 1570 2465 D CompatibilityChangeReporter: Compat change id reported: 135634846; UID 10131; state: DISABLED
06-29 10:12:45.052 1570 2465 D CompatibilityChangeReporter: Compat change id reported: 177438394; UID 10131; state: DISABLED
06-29 10:12:45.052 1570 2465 D CompatibilityChangeReporter: Compat change id reported: 135772972; UID 10131; state: DISABLED
06-29 10:12:45.053 1570 2465 D CompatibilityChangeReporter: Compat change id reported: 135754954; UID 10131; state: DISABLED
06-29 10:12:45.057 1570 1725 D CompatibilityChangeReporter: Compat change id reported: 143937733; UID 10036; state: ENABLED
06-29 10:12:45.059 1570 1870 I am_proc_died: [0,3460,com.android.externalstorage,915,19]
06-29 10:12:45.060 1570 1870 I am_uid_stopped: 10026
06-29 10:12:45.065 1570 1870 I am_uid_active: 10036
06-29 10:12:45.068 1570 1725 I am_proc_start: [0,3606,10036,com.android.providers.calendar,broadcast,{com.android.providers.calendar/com.android.providers.calendar.CalendarUpgradeReceiver}]
06-29 10:12:45.068 1570 1725 I ActivityManager: Start proc 3606:com.android.providers.calendar/u0a36 for broadcast {com.android.providers.calendar/com.android.providers.calendar.CalendarUpgradeReceiver}
06-29 10:12:45.069 1570 1725 D CompatibilityChangeReporter: Compat change id reported: 143937733; UID 10131; state: DISABLED
06-29 10:12:45.088 1570 1870 D CountryDetector: The first listener is added
06-29 10:12:45.099 3545 3545 I auditd : type=1400 audit(0.0:102): avc: granted { execute } for comm="wnloader:daemon" path="/data/user/0/com.tencent.android.qqdownloader/files/shell/8_8454130_1346/lib/arm64-v8a/libmmkv.so" dev="dm-21" ino=39389 scontext=u:r:untrusted_app_27:s0:c512,c768 tcontext=u:object_r:app_data_file:s0:c512,c768 tclass=file app=com.tencent.android.qqdownloader
06-29 10:12:45.106 0 0 I [ 60.304452] binder: 3606:3606 ioctl 40046210 7fe27a47d4 returned -22
06-29 10:12:45.096 1570 1723 D CompatibilityChangeReporter: Compat change id reported: 135634846; UID 1000; state: DISABLED
06-29 10:12:45.096 1570 1723 D CompatibilityChangeReporter: Compat change id reported: 177438394; UID 1000; state: DISABLED
06-29 10:12:45.097 1570 1723 D CompatibilityChangeReporter: Compat change id reported: 135772972; UID 1000; state: DISABLED
06-29 10:12:45.097 1570 1723 D CompatibilityChangeReporter: Compat change id reported: 135754954; UID 1000; state: ENABLED
06-29 10:12:45.103 1570 1725 W ActivityManager: Slow operation: 51ms so far, now at startProcess: returned from zygote!
06-29 10:12:45.103 1570 1725 W ActivityManager: Slow operation: 51ms so far, now at startProcess: done updating battery stats
06-29 10:12:45.103 1570 1725 I am_proc_start: [0,3626,10131,com.baidu.input_hryt,service,{com.baidu.input_hryt/com.baidu.input_hryt.ImeService}]
06-29 10:12:45.103 1570 1725 W ActivityManager: Slow operation: 51ms so far, now at startProcess: building log message
06-29 10:12:45.103 1570 1725 I ActivityManager: Start proc 3626:com.baidu.input_hryt/u0a131 for service {com.baidu.input_hryt/com.baidu.input_hryt.ImeService}
06-29 10:12:45.103 1570 1725 W ActivityManager: Slow operation: 51ms so far, now at startProcess: starting to update pids map
06-29 10:12:45.103 1570 1725 W ActivityManager: Slow operation: 51ms so far, now at startProcess: done updating pids map
06-29 10:12:45.105 1570 1870 I am_proc_bound: [0,3606,com.android.providers.calendar]
06-29 10:12:45.108 1570 1870 D CompatibilityChangeReporter: Compat change id reported: 168419799; UID 10036; state: DISABLED
06-29 10:12:45.120 1570 1725 I am_proc_start: [0,3632,1000,com.android.keychain,service,{com.android.keychain/com.android.keychain.KeyChainService}]
06-29 10:12:45.120 1570 1725 I ActivityManager: Start proc 3632:com.android.keychain/1000 for service {com.android.keychain/com.android.keychain.KeyChainService}
06-29 10:12:45.140 1570 1570 D Fingerprint21: handleError, client: FingerprintInternalCleanupClient, error: 2, vendorCode: 0
06-29 10:12:45.140 1570 1570 E Fingerprint21: onError for non-error consumer: FingerprintInternalCleanupClient
06-29 10:12:45.144 0 0 W [ 60.344854] QSEECOM: __qseecom_unload_app: App (9) is unloaded
06-29 10:12:45.144 0 0 D [ 60.345256] qbt: qbt_release: entry minor_no=0 fd_available=0
06-29 10:12:45.144 0 0 D [ 60.345257] qbt: qbt_release: Releasing wakelock
06-29 10:12:45.144 0 0 D [ 60.345258] qbt: qbt_release: exit : fd_available=1
06-29 10:12:45.144 0 0 D [ 60.345261] qbt: qbt_release: entry minor_no=1 fd_available=1
06-29 10:12:45.144 0 0 D [ 60.345262] qbt: qbt_release: exit : fd_available=1
06-29 10:12:45.157 0 0 I [ 60.358964] binder: 3626:3626 ioctl 40046210 7fe27a47d4 returned -22
06-29 10:12:45.158 1570 2995 I am_proc_bound: [0,3626,com.baidu.input_hryt]
06-29 10:12:45.161 1570 2995 D CompatibilityChangeReporter: Compat change id reported: 168419799; UID 10131; state: DISABLED
06-29 10:12:45.162 1570 2995 I am_uid_active: 10131
06-29 10:12:45.176 0 0 I [ 60.382917] binder: 3632:3632 ioctl 40046210 7fe27a47d4 returned -22
06-29 10:12:45.180 1570 1870 I am_proc_died: [0,3478,com.android.managedprovisioning,905,19]
06-29 10:12:45.181 1570 1870 I am_uid_stopped: 10038
06-29 10:12:45.186 1570 2465 I am_proc_bound: [0,3632,com.android.keychain]
06-29 10:12:45.192 1570 2995 W StorageManagerService: Reporting emulated;0 unmounted due to system locked
06-29 10:12:45.195 1570 2109 W StorageManagerService: Reporting emulated;0 unmounted due to system locked
06-29 10:12:45.196 1570 1870 W StorageManagerService: Reporting emulated;0 unmounted due to system locked
06-29 10:12:45.206 548 548 I vold : Bind mounting /mnt/runtime/default/emulated/0/Android/data on /mnt/user/0/emulated/0/Android/data
06-29 10:12:45.207 548 548 I vold : Bind mounted /mnt/runtime/default/emulated/0/Android/data on /mnt/user/0/emulated/0/Android/data
06-29 10:12:45.207 548 548 I vold : Bind mounting /mnt/runtime/default/emulated/0/Android/obb on /mnt/user/0/emulated/0/Android/obb
06-29 10:12:45.207 548 548 I vold : Bind mounted /mnt/runtime/default/emulated/0/Android/obb on /mnt/user/0/emulated/0/Android/obb
06-29 10:12:45.207 548 548 I vold : Bind mounting /mnt/runtime/write/emulated/0/Android/obb on /mnt/installer/0/emulated/0/Android/obb
06-29 10:12:45.213 548 548 I vold : Bind mounted /mnt/runtime/write/emulated/0/Android/obb on /mnt/installer/0/emulated/0/Android/obb
06-29 10:12:45.213 548 548 I vold : Configuring read_ahead of /mnt/user/0/emulated fuse filesystem to 256kb
06-29 10:12:45.213 548 548 I vold : Writing 256 to /sys/class/bdi/0:84/read_ahead_kb
06-29 10:12:45.213 548 548 I vold : Configuring max_ratio of /mnt/user/0/emulated fuse filesystem to 40
06-29 10:12:45.213 548 548 I vold : Writing 40 to /sys/class/bdi/0:84/max_ratio
06-29 10:12:45.213 548 588 D vold : Disk at 252:5 changed
06-29 10:12:45.213 548 588 D vold : Disk at 252:5 changed
