06-29 10:13:11.973 1570 2465 D PowerManagerNotifier: onWakeLockReleased: flags=1, tag="MicroMsg.CoreService", packageName=com.tencent.mm, ownerUid=10102, ownerPid=6867, workSource=null
06-29 10:13:11.973 1570 2465 D PowerManagerService: updateWakeLockSummaryLocked: mWakefulness=Awake, mWakeLockSummary=0x1
06-29 10:13:11.973 1570 2465 D PowerManagerService: updateUserActivitySummaryLocked: groupId=0, mWakefulness=Awake, mUserActivitySummary=0x1, nextTimeout=119202 (in 32022 ms)
06-29 10:13:11.973 1570 2465 D PowerManagerNotifier: onScreenPolicyUpdate: newPolicy=3
06-29 10:13:11.974 1570 2465 D PowerManagerService: updateDisplayPowerStateLocked: displayReady=true, groupId=0, policy=BRIGHT, mWakefulness=Awake, mWakeLockSummary=0x1, mUserActivitySummary=0x1, mBootCompleted=true, screenBrightnessOverride=NaN, useAutoBrightness=false, mScreenBrightnessBoostInProgress=false, mIsVrModeEnabled= false, sQuiescent=false
06-29 10:13:11.985 1570 1570 I notification_enqueue: [10101,6145,com.tencent.android.qqdownloader,127,NULL,0,Notification(channel=channel_id_default_silent shortcut=null contentView=com.tencent.android.qqdownloader/0x7f0a01c2 vibrate=null sound=null defaults=0x0 flags=0x2a2 color=0x00000000 groupKey=com.tencent.android.qqdownloader vis=PRIVATE),1]
06-29 10:13:11.994 1570 6159 W ProcessStats: Tracking association SourceState{a8c46fa com.tencent.android.qqdownloader/10101 BTopFgs #920} whose proc state 2 is better than process ProcessState{17d5fe2 com.tencent.android.qqdownloader:daemon/10101 pkg=com.tencent.android.qqdownloader} proc state 3 (430 skipped)
06-29 10:13:12.014 1570 1723 I am_pss : [6145,10101,com.tencent.android.qqdownloader:daemon,56656896,42283008,0,186081280,0,4,10]
06-29 10:13:12.158 1570 2017 I am_proc_died: [0,7285,com.wandoujia.phoenix2:aid,915,19]
06-29 10:13:12.159 1570 2017 W ActivityManager: Scheduling restart of crashed service com.wandoujia.phoenix2/com.pp.downloadx.service.FlyStreamService in 1000ms for connection
06-29 10:13:12.159 1570 2017 I am_schedule_service_restart: [0,com.wandoujia.phoenix2/com.pp.downloadx.service.FlyStreamService,1000]
06-29 10:13:12.162 1570 1870 D CompatibilityChangeReporter: Compat change id reported: 135634846; UID 10133; state: DISABLED
06-29 10:13:12.162 1570 1870 D CompatibilityChangeReporter: Compat change id reported: 177438394; UID 10133; state: DISABLED
06-29 10:13:12.162 1570 1870 D CompatibilityChangeReporter: Compat change id reported: 135772972; UID 10133; state: DISABLED
06-29 10:13:12.162 1570 1870 D CompatibilityChangeReporter: Compat change id reported: 135754954; UID 10133; state: DISABLED
06-29 10:13:12.163 1570 1725 D CompatibilityChangeReporter: Compat change id reported: 143937733; UID 10133; state: DISABLED
06-29 10:13:12.170 1570 1725 I am_proc_start: [0,7736,10133,com.wandoujia.phoenix2:aid,service,{com.wandoujia.phoenix2/com.pp.downloadx.service.FlyStreamService}]
06-29 10:13:12.170 1570 1725 I ActivityManager: Start proc 7736:com.wandoujia.phoenix2:aid/u0a133 for service {com.wandoujia.phoenix2/com.pp.downloadx.service.FlyStreamService}
06-29 10:13:12.190 0 0 I [ 87.388155] binder: 7736:7736 ioctl 40046210 7fe27a47d4 returned -22
06-29 10:13:12.183 1570 1870 I am_proc_bound: [0,7736,com.wandoujia.phoenix2:aid]
06-29 10:13:12.185 1570 1570 I GameModeConfig: isGameModeOn = true
06-29 10:13:12.185 1570 1570 I GameModeConfig: isGaming = false
06-29 10:13:12.239 7368 7368 I auditd : type=1400 audit(0.0:1183): avc: denied { read } for comm="WaHandlerThread" name="u:object_r:serialno_prop:s0" dev="tmpfs" ino=15669 scontext=u:r:untrusted_app_27:s0:c512,c768 tcontext=u:object_r:serialno_prop:s0 tclass=file permissive=0 app=com.wandoujia.phoenix2
06-29 10:13:12.214 1570 1723 I am_pss : [6236,10101,com.tencent.android.qqdownloader:cloud,29457408,19730432,0,144683008,0,4,7]
06-29 10:13:12.315 7368 7368 I auditd : type=1400 audit(0.0:1184): avc: denied { read } for comm="WaBackgroundHan" name="u:object_r:serialno_prop:s0" dev="tmpfs" ino=15669 scontext=u:r:untrusted_app_27:s0:c512,c768 tcontext=u:object_r:serialno_prop:s0 tclass=file permissive=0 app=com.wandoujia.phoenix2
06-29 10:13:12.336 1570 1723 I am_pss : [6202,10101,com.tencent.android.qqdownloader,91356160,76730368,0,226062336,0,4,12]
06-29 10:13:12.343 7368 7368 I auditd : type=1400 audit(0.0:1185): avc: denied { read } for comm="WaBackgroundHan" name="u:object_r:serialno_prop:s0" dev="tmpfs" ino=15669 scontext=u:r:untrusted_app_27:s0:c512,c768 tcontext=u:object_r:serialno_prop:s0 tclass=file permissive=0 app=com.wandoujia.phoenix2
06-29 10:13:12.343 7368 7368 I auditd : type=1400 audit(0.0:1186): avc: denied { read } for comm="WaBackgroundHan" name="u:object_r:serialno_prop:s0" dev="tmpfs" ino=15669 scontext=u:r:untrusted_app_27:s0:c512,c768 tcontext=u:object_r:serialno_prop:s0 tclass=file permissive=0 app=com.wandoujia.phoenix2
06-29 10:13:12.405 0 0 W [ 87.611805] audit: audit_lost=983 audit_rate_limit=5 audit_backlog_limit=64
06-29 10:13:12.405 0 0 E [ 87.611810] audit: rate limit exceeded
06-29 10:13:12.833 0 0 E [ 88.032078] link_delay_work_func: DTC_ETH: SQI=0, link=0
06-29 10:13:12.875 7076 7328 E ActivityThread: Failed to find provider info for com.android.badge
06-29 10:13:12.973 1570 2017 D PowerManagerService: acquireWakeLockInternal: lock=84430817, flags=0x1, tag="i", ws=null, uid=10101, pid=6145
06-29 10:13:12.974 1570 2017 D PowerManagerService: updateWakeLockSummaryLocked: mWakefulness=Awake, mWakeLockSummary=0x1
06-29 10:13:12.974 1570 2017 D PowerManagerService: updateUserActivitySummaryLocked: groupId=0, mWakefulness=Awake, mUserActivitySummary=0x1, nextTimeout=119202 (in 31021 ms)
06-29 10:13:12.974 1570 2017 D PowerManagerNotifier: onScreenPolicyUpdate: newPolicy=3
06-29 10:13:12.974 1570 2017 D PowerManagerService: updateDisplayPowerStateLocked: displayReady=true, groupId=0, policy=BRIGHT, mWakefulness=Awake, mWakeLockSummary=0x1, mUserActivitySummary=0x1, mBootCompleted=true, screenBrightnessOverride=NaN, useAutoBrightness=false, mScreenBrightnessBoostInProgress=false, mIsVrModeEnabled= false, sQuiescent=false
06-29 10:13:12.974 1570 2017 D PowerManagerNotifier: onWakeLockAcquired: flags=1, tag="i", packageName=com.tencent.android.qqdownloader, ownerUid=10101, ownerPid=6145, workSource=null
06-29 10:13:12.990 1570 1570 I notification_enqueue: [10101,6145,com.tencent.android.qqdownloader,127,NULL,0,Notification(channel=channel_id_default_silent shortcut=null contentView=com.tencent.android.qqdownloader/0x7f0a01c2 vibrate=null sound=null defaults=0x0 flags=0x2a2 color=0x00000000 groupKey=com.tencent.android.qqdownloader vis=PRIVATE),1]
06-29 10:13:13.055 1570 4954 D PowerManagerService: releaseWakeLockInternal: lock=84430817 [i], flags=0x0
06-29 10:13:13.056 1570 4954 D PowerManagerNotifier: onWakeLockReleased: flags=1, tag="i", packageName=com.tencent.android.qqdownloader, ownerUid=10101, ownerPid=6145, workSource=null
06-29 10:13:13.056 1570 4954 D PowerManagerService: updateWakeLockSummaryLocked: mWakefulness=Awake, mWakeLockSummary=0x1
06-29 10:13:13.056 1570 4954 D PowerManagerService: updateUserActivitySummaryLocked: groupId=0, mWakefulness=Awake, mUserActivitySummary=0x1, nextTimeout=119202 (in 30939 ms)
06-29 10:13:13.056 1570 4954 D PowerManagerNotifier: onScreenPolicyUpdate: newPolicy=3
06-29 10:13:13.056 1570 4954 D PowerManagerService: updateDisplayPowerStateLocked: displayReady=true, groupId=0, policy=BRIGHT, mWakefulness=Awake, mWakeLockSummary=0x1, mUserActivitySummary=0x1, mBootCompleted=true, screenBrightnessOverride=NaN, useAutoBrightness=false, mScreenBrightnessBoostInProgress=false, mIsVrModeEnabled= false, sQuiescent=false
06-29 10:13:13.057 7076 7338 E ActivityThread: Failed to find provider info for com.android.badge
06-29 10:13:13.057 7076 7398 E ActivityThread: Failed to find provider info for com.huawei.android.launcher.settings
06-29 10:13:13.192 1570 1570 I GameModeConfig: isGameModeOn = true
06-29 10:13:13.192 1570 1570 I GameModeConfig: isGaming = false
06-29 10:13:13.483 6867 6867 I auditd : type=1400 audit(0.0:1199): avc: granted { nlmsg_readpriv } for comm="mars::7051" scontext=u:r:untrusted_app_29:s0:c102,c256,c512,c768 tcontext=u:r:untrusted_app_29:s0:c102,c256,c512,c768 tclass=netlink_route_socket app=com.tencent.mm
06-29 10:13:13.483 6867 6867 I auditd : type=1400 audit(0.0:1200): avc: granted { nlmsg_readpriv } for comm="mars::7051" scontext=u:r:untrusted_app_29:s0:c102,c256,c512,c768 tcontext=u:r:untrusted_app_29:s0:c102,c256,c512,c768 tclass=netlink_route_socket app=com.tencent.mm
06-29 10:13:13.475 1570 4954 D PowerManagerService: acquireWakeLockInternal: lock=52367651, flags=0x1, tag="MicroMsg.MMAutoAuth", ws=null, uid=10102, pid=6867
06-29 10:13:13.475 1570 4954 D PowerManagerService: updateWakeLockSummaryLocked: mWakefulness=Awake, mWakeLockSummary=0x1
06-29 10:13:13.475 1570 4954 D PowerManagerService: updateUserActivitySummaryLocked: groupId=0, mWakefulness=Awake, mUserActivitySummary=0x1, nextTimeout=119202 (in 30520 ms)
06-29 10:13:13.475 1570 4954 D PowerManagerNotifier: onScreenPolicyUpdate: newPolicy=3
06-29 10:13:13.475 1570 4954 D PowerManagerService: updateDisplayPowerStateLocked: displayReady=true, groupId=0, policy=BRIGHT, mWakefulness=Awake, mWakeLockSummary=0x1, mUserActivitySummary=0x1, mBootCompleted=true, screenBrightnessOverride=NaN, useAutoBrightness=false, mScreenBrightnessBoostInProgress=false, mIsVrModeEnabled= false, sQuiescent=false
06-29 10:13:13.475 1570 4954 D PowerManagerNotifier: onWakeLockAcquired: flags=1, tag="MicroMsg.MMAutoAuth", packageName=com.tencent.mm, ownerUid=10102, ownerPid=6867, workSource=null
06-29 10:13:13.543 7821 7821 I auditd : type=1400 audit(0.0:1201): avc: granted { bind } for comm="ip" scontext=u:r:untrusted_app_29:s0:c102,c256,c512,c768 tcontext=u:r:untrusted_app_29:s0:c102,c256,c512,c768 tclass=netlink_route_socket app=com.tencent.mm
06-29 10:13:13.590 0 0 I [ 88.791668] binder: 7076:7822 ioctl 40046210 743a352484 returned -22
06-29 10:13:13.605 0 0 I [ 88.808631] msm_vidc: high: 00000001: ....e: Opening video instance: 0000000000000000, 0
06-29 10:13:13.605 0 0 I [ 88.808702] msm_vidc: err : 00000001: ....e: Failed to create debugfs for msm_vidc
06-29 10:13:13.605 1570 2017 D PowerManagerService: acquireWakeLockInternal: lock=260384288, flags=0x1, tag="PlatformComm", ws=null, uid=10102, pid=6867
06-29 10:13:13.606 1570 2017 D PowerManagerService: updateWakeLockSummaryLocked: mWakefulness=Awake, mWakeLockSummary=0x1
06-29 10:13:13.606 1570 2017 D PowerManagerService: updateUserActivitySummaryLocked: groupId=0, mWakefulness=Awake, mUserActivitySummary=0x1, nextTimeout=119202 (in 30389 ms)
06-29 10:13:13.606 1570 2017 D PowerManagerNotifier: onScreenPolicyUpdate: newPolicy=3
06-29 10:13:13.606 1570 2017 D PowerManagerService: updateDisplayPowerStateLocked: displayReady=true, groupId=0, policy=BRIGHT, mWakefulness=Awake, mWakeLockSummary=0x1, mUserActivitySummary=0x1, mBootCompleted=true, screenBrightnessOverride=NaN, useAutoBrightness=false, mScreenBrightnessBoostInProgress=false, mIsVrModeEnabled= false, sQuiescent=false
06-29 10:13:13.606 1570 2017 D PowerManagerNotifier: onWakeLockAcquired: flags=1, tag="PlatformComm", packageName=com.tencent.mm, ownerUid=10102, ownerPid=6867, workSource=null
06-29 10:13:13.611 1570 4954 D PowerManagerService: acquireWakeLockInternal: lock=69963734, flags=0x1, tag="PlatformComm", ws=null, uid=10102, pid=6867
06-29 10:13:13.611 1570 4954 D PowerManagerService: updateWakeLockSummaryLocked: mWakefulness=Awake, mWakeLockSummary=0x1
06-29 10:13:13.611 1570 4954 D PowerManagerService: updateUserActivitySummaryLocked: groupId=0, mWakefulness=Awake, mUserActivitySummary=0x1, nextTimeout=119202 (in 30384 ms)
06-29 10:13:13.611 1570 4954 D PowerManagerNotifier: onScreenPolicyUpdate: newPolicy=3
06-29 10:13:13.611 1570 4954 D PowerManagerService: updateDisplayPowerStateLocked: displayReady=true, groupId=0, policy=BRIGHT, mWakefulness=Awake, mWakeLockSummary=0x1, mUserActivitySummary=0x1, mBootCompleted=true, screenBrightnessOverride=NaN, useAutoBrightness=false, mScreenBrightnessBoostInProgress=false, mIsVrModeEnabled= false, sQuiescent=false
06-29 10:13:13.611 1570 4954 D PowerManagerNotifier: onWakeLockAcquired: flags=1, tag="PlatformComm", packageName=com.tencent.mm, ownerUid=10102, ownerPid=6867, workSource=null
06-29 10:13:13.613 1570 4954 D PowerManagerService: acquireWakeLockInternal: lock=31695447, flags=0x1, tag="PlatformComm", ws=null, uid=10102, pid=6867
06-29 10:13:13.613 1570 4954 D PowerManagerService: updateWakeLockSummaryLocked: mWakefulness=Awake, mWakeLockSummary=0x1
06-29 10:13:13.613 1570 4954 D PowerManagerService: updateUserActivitySummaryLocked: groupId=0, mWakefulness=Awake, mUserActivitySummary=0x1, nextTimeout=119202 (in 30382 ms)
06-29 10:13:13.613 1570 4954 D PowerManagerNotifier: onScreenPolicyUpdate: newPolicy=3
06-29 10:13:13.613 1570 4954 D PowerManagerService: updateDisplayPowerStateLocked: displayReady=true, groupId=0, policy=BRIGHT, mWakefulness=Awake, mWakeLockSummary=0x1, mUserActivitySummary=0x1, mBootCompleted=true, screenBrightnessOverride=NaN, useAutoBrightness=false, mScreenBrightnessBoostInProgress=false, mIsVrModeEnabled= false, sQuiescent=false
06-29 10:13:13.613 1570 4954 D PowerManagerNotifier: onWakeLockAcquired: flags=1, tag="PlatformComm", packageName=com.tencent.mm, ownerUid=10102, ownerPid=6867, workSource=null
06-29 10:13:13.632 1570 4954 D PowerManagerService: releaseWakeLockInternal: lock=260384288 [PlatformComm], flags=0x0
06-29 10:13:13.632 1570 4954 D PowerManagerNotifier: onWakeLockReleased: flags=1, tag="PlatformComm", packageName=com.tencent.mm, ownerUid=10102, ownerPid=6867, workSource=null
06-29 10:13:13.633 1570 4954 D PowerManagerService: updateWakeLockSummaryLocked: mWakefulness=Awake, mWakeLockSummary=0x1
06-29 10:13:13.633 1570 4954 D PowerManagerService: updateUserActivitySummaryLocked: groupId=0, mWakefulness=Awake, mUserActivitySummary=0x1, nextTimeout=119202 (in 30362 ms)
06-29 10:13:13.633 1570 4954 D PowerManagerNotifier: onScreenPolicyUpdate: newPolicy=3
06-29 10:13:13.633 1570 4954 D PowerManagerService: updateDisplayPowerStateLocked: displayReady=true, groupId=0, policy=BRIGHT, mWakefulness=Awake, mWakeLockSummary=0x1, mUserActivitySummary=0x1, mBootCompleted=true, screenBrightnessOverride=NaN, useAutoBrightness=false, mScreenBrightnessBoostInProgress=false, mIsVrModeEnabled= false, sQuiescent=false
06-29 10:13:13.637 1570 2017 D PowerManagerService: acquireWakeLockInternal: lock=260384288, flags=0x1, tag="PlatformComm", ws=null, uid=10102, pid=6867
06-29 10:13:13.637 1570 2017 D PowerManagerService: updateWakeLockSummaryLocked: mWakefulness=Awake, mWakeLockSummary=0x1
06-29 10:13:13.637 1570 2017 D PowerManagerService: updateUserActivitySummaryLocked: groupId=0, mWakefulness=Awake, mUserActivitySummary=0x1, nextTimeout=119202 (in 30358 ms)
06-29 10:13:13.637 1570 2017 D PowerManagerNotifier: onScreenPolicyUpdate: newPolicy=3
06-29 10:13:13.637 1570 2017 D PowerManagerService: updateDisplayPowerStateLocked: displayReady=true, groupId=0, policy=BRIGHT, mWakefulness=Awake, mWakeLockSummary=0x1, mUserActivitySummary=0x1, mBootCompleted=true, screenBrightnessOverride=NaN, useAutoBrightness=false, mScreenBrightnessBoostInProgress=false, mIsVrModeEnabled= false, sQuiescent=false
06-29 10:13:13.637 1570 2017 D PowerManagerNotifier: onWakeLockAcquired: flags=1, tag="PlatformComm", packageName=com.tencent.mm, ownerUid=10102, ownerPid=6867, workSource=null
06-29 10:13:13.711 7736 7736 I auditd : type=1400 audit(0.0:1202): avc: denied { read } for comm="WaBackgroundHan" name="u:object_r:serialno_prop:s0" dev="tmpfs" ino=15669 scontext=u:r:untrusted_app_27:s0:c512,c768 tcontext=u:object_r:serialno_prop:s0 tclass=file permissive=0 app=com.wandoujia.phoenix2
06-29 10:13:13.788 1570 1723 I am_pss : [5115,1000,com.qti.diagservices,6518784,4358144,0,94019584,0,10,6]
06-29 10:13:13.797 1570 4954 D PowerManagerService: releaseWakeLockInternal: lock=52367651 [MicroMsg.MMAutoAuth], flags=0x0
06-29 10:13:13.797 1570 4954 D PowerManagerNotifier: onWakeLockReleased: flags=1, tag="MicroMsg.MMAutoAuth", packageName=com.tencent.mm, ownerUid=10102, ownerPid=6867, workSource=null
06-29 10:13:13.797 1570 4954 D PowerManagerService: updateWakeLockSummaryLocked: mWakefulness=Awake, mWakeLockSummary=0x1
06-29 10:13:13.797 1570 4954 D PowerManagerService: updateUserActivitySummaryLocked: groupId=0, mWakefulness=Awake, mUserActivitySummary=0x1, nextTimeout=119202 (in 30198 ms)
06-29 10:13:13.797 1570 4954 D PowerManagerNotifier: onScreenPolicyUpdate: newPolicy=3
06-29 10:13:13.797 1570 4954 D PowerManagerService: updateDisplayPowerStateLocked: displayReady=true, groupId=0, policy=BRIGHT, mWakefulness=Awake, mWakeLockSummary=0x1, mUserActivitySummary=0x1, mBootCompleted=true, screenBrightnessOverride=NaN, useAutoBrightness=false, mScreenBrightnessBoostInProgress=false, mIsVrModeEnabled= false, sQuiescent=false
06-29 10:13:13.803 0 0 I [ 89.007559] msm_vidc: high: 00000001: h264e: Closed video instance: 0000000000000000
06-29 10:13:13.807 1570 4954 D PowerManagerService: acquireWakeLockInternal: lock=52367651, flags=0x1, tag="MicroMsg.MMAutoAuth", ws=null, uid=10102, pid=6867
06-29 10:13:13.807 1570 4954 D PowerManagerService: updateWakeLockSummaryLocked: mWakefulness=Awake, mWakeLockSummary=0x1
06-29 10:13:13.807 1570 4954 D PowerManagerService: updateUserActivitySummaryLocked: groupId=0, mWakefulness=Awake, mUserActivitySummary=0x1, nextTimeout=119202 (in 30188 ms)
06-29 10:13:13.807 1570 4954 D PowerManagerNotifier: onScreenPolicyUpdate: newPolicy=3
06-29 10:13:13.807 1570 4954 D PowerManagerService: updateDisplayPowerStateLocked: displayReady=true, groupId=0, policy=BRIGHT, mWakefulness=Awake, mWakeLockSummary=0x1, mUserActivitySummary=0x1, mBootCompleted=true, screenBrightnessOverride=NaN, useAutoBrightness=false, mScreenBrightnessBoostInProgress=false, mIsVrModeEnabled= false, sQuiescent=false
06-29 10:13:13.807 1570 4954 D PowerManagerNotifier: onWakeLockAcquired: flags=1, tag="MicroMsg.MMAutoAuth", packageName=com.tencent.mm, ownerUid=10102, ownerPid=6867, workSource=null
06-29 10:13:13.874 1570 4954 D PowerManagerService: releaseWakeLockInternal: lock=52367651 [MicroMsg.MMAutoAuth], flags=0x0
06-29 10:13:13.874 1570 4954 D PowerManagerNotifier: onWakeLockReleased: flags=1, tag="MicroMsg.MMAutoAuth", packageName=com.tencent.mm, ownerUid=10102, ownerPid=6867, workSource=null
06-29 10:13:13.875 1570 4954 D PowerManagerService: updateWakeLockSummaryLocked: mWakefulness=Awake, mWakeLockSummary=0x1
06-29 10:13:13.875 1570 4954 D PowerManagerService: updateUserActivitySummaryLocked: groupId=0, mWakefulness=Awake, mUserActivitySummary=0x1, nextTimeout=119202 (in 30121 ms)
06-29 10:13:13.875 1570 4954 D PowerManagerNotifier: onScreenPolicyUpdate: newPolicy=3
06-29 10:13:13.875 1570 4954 D PowerManagerService: updateDisplayPowerStateLocked: displayReady=true, groupId=0, policy=BRIGHT, mWakefulness=Awake, mWakeLockSummary=0x1, mUserActivitySummary=0x1, mBootCompleted=true, screenBrightnessOverride=NaN, useAutoBrightness=false, mScreenBrightnessBoostInProgress=false, mIsVrModeEnabled= false, sQuiescent=false
06-29 10:13:13.876 1570 4954 D PowerManagerService: acquireWakeLockInternal: lock=52367651, flags=0x1, tag="MicroMsg.MMAutoAuth", ws=null, uid=10102, pid=6867
06-29 10:13:13.876 1570 4954 D PowerManagerService: updateWakeLockSummaryLocked: mWakefulness=Awake, mWakeLockSummary=0x1
06-29 10:13:13.876 1570 4954 D PowerManagerService: updateUserActivitySummaryLocked: groupId=0, mWakefulness=Awake, mUserActivitySummary=0x1, nextTimeout=119202 (in 30119 ms)
06-29 10:13:13.877 1570 4954 D PowerManagerNotifier: onScreenPolicyUpdate: newPolicy=3
06-29 10:13:13.877 1570 4954 D PowerManagerService: updateDisplayPowerStateLocked: displayReady=true, groupId=0, policy=BRIGHT, mWakefulness=Awake, mWakeLockSummary=0x1, mUserActivitySummary=0x1, mBootCompleted=true, screenBrightnessOverride=NaN, useAutoBrightness=false, mScreenBrightnessBoostInProgress=false, mIsVrModeEnabled= false, sQuiescent=false
06-29 10:13:13.877 1570 4954 D PowerManagerNotifier: onWakeLockAcquired: flags=1, tag="MicroMsg.MMAutoAuth", packageName=com.tencent.mm, ownerUid=10102, ownerPid=6867, workSource=null
06-29 10:13:13.896 1570 4954 W ActivityManager: Unable to start service Intent { act=mtopsdk.xstate.aidl.IXState cat=[android.intent.category.DEFAULT] pkg=com.wandoujia.phoenix2 cmp=com.wandoujia.phoenix2/mtopsdk.xstate.XStateService } U=0: not found
06-29 10:13:13.926 1570 1723 I am_pss : [2029,1002,com.android.bluetooth,97921024,85737472,0,215289856,0,0,9]
06-29 10:13:13.933 1570 1723 I am_pss : [2589,1000,com.qualcomm.qti.qdma,14478336,11214848,0,114601984,0,0,6]
06-29 10:13:13.938 1570 1723 I am_pss : [2572,1000,com.thundercomm.tcservice,9750528,6664192,0,97841152,0,0,5]
06-29 10:13:13.940 1570 4954 D PowerManagerService: releaseWakeLockInternal: lock=52367651 [MicroMsg.MMAutoAuth], flags=0x0
06-29 10:13:13.940 1570 4954 D PowerManagerNotifier: onWakeLockReleased: flags=1, tag="MicroMsg.MMAutoAuth", packageName=com.tencent.mm, ownerUid=10102, ownerPid=6867, workSource=null
06-29 10:13:13.941 1570 4954 D PowerManagerService: updateWakeLockSummaryLocked: mWakefulness=Awake, mWakeLockSummary=0x1
06-29 10:13:13.941 1570 4954 D PowerManagerService: updateUserActivitySummaryLocked: groupId=0, mWakefulness=Awake, mUserActivitySummary=0x1, nextTimeout=119202 (in 30054 ms)
06-29 10:13:13.941 1570 4954 D PowerManagerNotifier: onScreenPolicyUpdate: newPolicy=3
06-29 10:13:13.941 1570 4954 D PowerManagerService: updateDisplayPowerStateLocked: displayReady=true, groupId=0, policy=BRIGHT, mWakefulness=Awake, mWakeLockSummary=0x1, mUserActivitySummary=0x1, mBootCompleted=true, screenBrightnessOverride=NaN, useAutoBrightness=false, mScreenBrightnessBoostInProgress=false, mIsVrModeEnabled= false, sQuiescent=false
06-29 10:13:13.946 1570 4954 D PowerManagerService: acquireWakeLockInternal: lock=52367651, flags=0x1, tag="MicroMsg.MMAutoAuth", ws=null, uid=10102, pid=6867
06-29 10:13:13.947 1570 4954 D PowerManagerService: updateWakeLockSummaryLocked: mWakefulness=Awake, mWakeLockSummary=0x1
06-29 10:13:13.947 1570 4954 D PowerManagerService: updateUserActivitySummaryLocked: groupId=0, mWakefulness=Awake, mUserActivitySummary=0x1, nextTimeout=119202 (in 30049 ms)
06-29 10:13:13.947 1570 4954 D PowerManagerNotifier: onScreenPolicyUpdate: newPolicy=3
06-29 10:13:13.947 1570 4954 D PowerManagerService: updateDisplayPowerStateLocked: displayReady=true, groupId=0, policy=BRIGHT, mWakefulness=Awake, mWakeLockSummary=0x1, mUserActivitySummary=0x1, mBootCompleted=true, screenBrightnessOverride=NaN, useAutoBrightness=false, mScreenBrightnessBoostInProgress=false, mIsVrModeEnabled= false, sQuiescent=false
06-29 10:13:13.947 1570 4954 D PowerManagerNotifier: onWakeLockAcquired: flags=1, tag="MicroMsg.MMAutoAuth", packageName=com.tencent.mm, ownerUid=10102, ownerPid=6867, workSource=null
06-29 10:13:13.953 1570 1723 I am_pss : [2569,1000,com.thundercomm.remotecontrolservice,9035776,6582272,0,99811328,0,0,5]
06-29 10:13:13.983 6867 6867 I auditd : type=1400 audit(0.0:1203): avc: granted { nlmsg_readpriv } for comm="mars::7838" scontext=u:r:untrusted_app_29:s0:c102,c256,c512,c768 tcontext=u:r:untrusted_app_29:s0:c102,c256,c512,c768 tclass=netlink_route_socket app=com.tencent.mm
06-29 10:13:13.983 1570 4954 D PowerManagerService: releaseWakeLockInternal: lock=52367651 [MicroMsg.MMAutoAuth], flags=0x0
06-29 10:13:13.983 1570 4954 D PowerManagerNotifier: onWakeLockReleased: flags=1, tag="MicroMsg.MMAutoAuth", packageName=com.tencent.mm, ownerUid=10102, ownerPid=6867, workSource=null
06-29 10:13:13.983 1570 4954 D PowerManagerService: updateWakeLockSummaryLocked: mWakefulness=Awake, mWakeLockSummary=0x1
06-29 10:13:13.984 1570 4954 D PowerManagerService: updateUserActivitySummaryLocked: groupId=0, mWakefulness=Awake, mUserActivitySummary=0x1, nextTimeout=119202 (in 30012 ms)
06-29 10:13:13.984 1570 4954 D PowerManagerNotifier: onScreenPolicyUpdate: newPolicy=3
06-29 10:13:13.984 1570 4954 D PowerManagerService: updateDisplayPowerStateLocked: displayReady=true, groupId=0, policy=BRIGHT, mWakefulness=Awake, mWakeLockSummary=0x1, mUserActivitySummary=0x1, mBootCompleted=true, screenBrightnessOverride=NaN, useAutoBrightness=false, mScreenBrightnessBoostInProgress=false, mIsVrModeEnabled= false, sQuiescent=false
06-29 10:13:13.989 1570 2017 D PowerManagerService: acquireWakeLockInternal: lock=52367651, flags=0x1, tag="MicroMsg.MMAutoAuth", ws=null, uid=10102, pid=6867
06-29 10:13:13.989 1570 2017 D PowerManagerService: updateWakeLockSummaryLocked: mWakefulness=Awake, mWakeLockSummary=0x1
06-29 10:13:13.989 1570 2017 D PowerManagerService: updateUserActivitySummaryLocked: groupId=0, mWakefulness=Awake, mUserActivitySummary=0x1, nextTimeout=119202 (in 30006 ms)
06-29 10:13:13.989 1570 2017 D PowerManagerNotifier: onScreenPolicyUpdate: newPolicy=3
06-29 10:13:13.989 1570 2017 D PowerManagerService: updateDisplayPowerStateLocked: displayReady=true, groupId=0, policy=BRIGHT, mWakefulness=Awake, mWakeLockSummary=0x1, mUserActivitySummary=0x1, mBootCompleted=true, screenBrightnessOverride=NaN, useAutoBrightness=false, mScreenBrightnessBoostInProgress=false, mIsVrModeEnabled= false, sQuiescent=false
06-29 10:13:13.989 1570 2017 D PowerManagerNotifier: onWakeLockAcquired: flags=1, tag="MicroMsg.MMAutoAuth", packageName=com.tencent.mm, ownerUid=10102, ownerPid=6867, workSource=null
06-29 10:13:13.990 0 0 W [ 89.193346] audit: audit_lost=995 audit_rate_limit=5 audit_backlog_limit=64
06-29 10:13:13.990 0 0 E [ 89.193350] audit: rate limit exceeded
06-29 10:13:13.991 1570 4954 D PowerManagerService: releaseWakeLockInternal: lock=31695447 [PlatformComm], flags=0x0
06-29 10:13:13.992 1570 4954 D PowerManagerNotifier: onWakeLockReleased: flags=1, tag="PlatformComm", packageName=com.tencent.mm, ownerUid=10102, ownerPid=6867, workSource=null
06-29 10:13:13.992 1570 4954 D PowerManagerService: updateWakeLockSummaryLocked: mWakefulness=Awake, mWakeLockSummary=0x1
06-29 10:13:13.992 1570 4954 D PowerManagerService: updateUserActivitySummaryLocked: groupId=0, mWakefulness=Awake, mUserActivitySummary=0x1, nextTimeout=119202 (in 30003 ms)
06-29 10:13:13.992 1570 4954 D PowerManagerNotifier: onScreenPolicyUpdate: newPolicy=3
06-29 10:13:13.992 1570 4954 D PowerManagerService: updateDisplayPowerStateLocked: displayReady=true, groupId=0, policy=BRIGHT, mWakefulness=Awake, mWakeLockSummary=0x1, mUserActivitySummary=0x1, mBootCompleted=true, screenBrightnessOverride=NaN, useAutoBrightness=false, mScreenBrightnessBoostInProgress=false, mIsVrModeEnabled= false, sQuiescent=false
06-29 10:13:13.993 1570 4954 D PowerManagerService: acquireWakeLockInternal: lock=31695447, flags=0x1, tag="PlatformComm", ws=null, uid=10102, pid=6867
06-29 10:13:13.993 1570 4954 D PowerManagerService: updateWakeLockSummaryLocked: mWakefulness=Awake, mWakeLockSummary=0x1
06-29 10:13:13.993 1570 4954 D PowerManagerService: updateUserActivitySummaryLocked: groupId=0, mWakefulness=Awake, mUserActivitySummary=0x1, nextTimeout=119202 (in 30002 ms)
06-29 10:13:13.993 1570 4954 D PowerManagerNotifier: onScreenPolicyUpdate: newPolicy=3
06-29 10:13:13.994 1570 4954 D PowerManagerService: updateDisplayPowerStateLocked: displayReady=true, groupId=0, policy=BRIGHT, mWakefulness=Awake, mWakeLockSummary=0x1, mUserActivitySummary=0x1, mBootCompleted=true, screenBrightnessOverride=NaN, useAutoBrightness=false, mScreenBrightnessBoostInProgress=false, mIsVrModeEnabled= false, sQuiescent=false
06-29 10:13:13.994 1570 4954 D PowerManagerNotifier: onWakeLockAcquired: flags=1, tag="PlatformComm", packageName=com.tencent.mm, ownerUid=10102, ownerPid=6867, workSource=null
06-29 10:13:13.996 1570 1570 I notification_enqueue: [10101,6145,com.tencent.android.qqdownloader,127,NULL,0,Notification(channel=channel_id_default_silent shortcut=null contentView=com.tencent.android.qqdownloader/0x7f0a01c2 vibrate=null sound=null defaults=0x0 flags=0x2a2 color=0x00000000 groupKey=com.tencent.android.qqdownloader vis=PRIVATE),1]
06-29 10:13:14.013 0 0 I [ 89.219334] msm_vidc: high: 00000001: ....e: Opening video instance: 0000000000000000, 0
06-29 10:13:14.013 0 0 I [ 89.219421] msm_vidc: err : 00000001: ....e: Failed to create debugfs for msm_vidc
06-29 10:13:14.016 1570 1870 D PowerManagerService: releaseWakeLockInternal: lock=31695447 [PlatformComm], flags=0x0
06-29 10:13:14.016 1570 1870 D PowerManagerNotifier: onWakeLockReleased: flags=1, tag="PlatformComm", packageName=com.tencent.mm, ownerUid=10102, ownerPid=6867, workSource=null
06-29 10:13:14.016 1570 1870 D PowerManagerService: updateWakeLockSummaryLocked: mWakefulness=Awake, mWakeLockSummary=0x1
06-29 10:13:14.016 1570 1870 D PowerManagerService: updateUserActivitySummaryLocked: groupId=0, mWakefulness=Awake, mUserActivitySummary=0x1, nextTimeout=119202 (in 29979 ms)
06-29 10:13:14.016 1570 1870 D PowerManagerNotifier: onScreenPolicyUpdate: newPolicy=3
06-29 10:13:14.016 1570 1870 D PowerManagerService: updateDisplayPowerStateLocked: displayReady=true, groupId=0, policy=BRIGHT, mWakefulness=Awake, mWakeLockSummary=0x1, mUserActivitySummary=0x1, mBootCompleted=true, screenBrightnessOverride=NaN, useAutoBrightness=false, mScreenBrightnessBoostInProgress=false, mIsVrModeEnabled= false, sQuiescent=false
06-29 10:13:14.018 1570 2017 D PowerManagerService: acquireWakeLockInternal: lock=31695447, flags=0x1, tag="PlatformComm", ws=null, uid=10102, pid=6867
06-29 10:13:14.018 1570 2017 D PowerManagerService: updateWakeLockSummaryLocked: mWakefulness=Awake, mWakeLockSummary=0x1
06-29 10:13:14.018 1570 2017 D PowerManagerService: updateUserActivitySummaryLocked: groupId=0, mWakefulness=Awake, mUserActivitySummary=0x1, nextTimeout=119202 (in 29977 ms)
06-29 10:13:14.018 1570 2017 D PowerManagerNotifier: onScreenPolicyUpdate: newPolicy=3
06-29 10:13:14.018 1570 2017 D PowerManagerService: updateDisplayPowerStateLocked: displayReady=true, groupId=0, policy=BRIGHT, mWakefulness=Awake, mWakeLockSummary=0x1, mUserActivitySummary=0x1, mBootCompleted=true, screenBrightnessOverride=NaN, useAutoBrightness=false, mScreenBrightnessBoostInProgress=false, mIsVrModeEnabled= false, sQuiescent=false
06-29 10:13:14.018 1570 2017 D PowerManagerNotifier: onWakeLockAcquired: flags=1, tag="PlatformComm", packageName=com.tencent.mm, ownerUid=10102, ownerPid=6867, workSource=null
06-29 10:13:14.020 1570 4954 I ActivityManager: Killing 7368:com.wandoujia.phoenix2/u0a133 (adj 915): empty #2
06-29 10:13:14.020 1570 4954 I am_kill : [0,7368,com.wandoujia.phoenix2,915,empty #2]
06-29 10:13:14.048 1570 1723 I am_pss : [2546,1068,com.android.se,6016000,4096000,0,90365952,0,0,5]
06-29 10:13:14.062 1570 1870 D PowerManagerService: releaseWakeLockInternal: lock=31695447 [PlatformComm], flags=0x0
06-29 10:13:14.063 1570 1870 D PowerManagerNotifier: onWakeLockReleased: flags=1, tag="PlatformComm", packageName=com.tencent.mm, ownerUid=10102, ownerPid=6867, workSource=null
06-29 10:13:14.063 1570 1870 D PowerManagerService: updateWakeLockSummaryLocked: mWakefulness=Awake, mWakeLockSummary=0x1
06-29 10:13:14.063 1570 1870 D PowerManagerService: updateUserActivitySummaryLocked: groupId=0, mWakefulness=Awake, mUserActivitySummary=0x1, nextTimeout=119202 (in 29932 ms)
06-29 10:13:14.063 1570 1870 D PowerManagerNotifier: onScreenPolicyUpdate: newPolicy=3
06-29 10:13:14.063 1570 1870 D PowerManagerService: updateDisplayPowerStateLocked: displayReady=true, groupId=0, policy=BRIGHT, mWakefulness=Awake, mWakeLockSummary=0x1, mUserActivitySummary=0x1, mBootCompleted=true, screenBrightnessOverride=NaN, useAutoBrightness=false, mScreenBrightnessBoostInProgress=false, mIsVrModeEnabled= false, sQuiescent=false
06-29 10:13:14.064 1570 1870 D PowerManagerService: acquireWakeLockInternal: lock=31695447, flags=0x1, tag="PlatformComm", ws=null, uid=10102, pid=6867
06-29 10:13:14.064 1570 1870 D PowerManagerService: updateWakeLockSummaryLocked: mWakefulness=Awake, mWakeLockSummary=0x1
06-29 10:13:14.064 1570 1870 D PowerManagerService: updateUserActivitySummaryLocked: groupId=0, mWakefulness=Awake, mUserActivitySummary=0x1, nextTimeout=119202 (in 29931 ms)
06-29 10:13:14.064 1570 1870 D PowerManagerNotifier: onScreenPolicyUpdate: newPolicy=3
06-29 10:13:14.064 1570 1870 D PowerManagerService: updateDisplayPowerStateLocked: displayReady=true, groupId=0, policy=BRIGHT, mWakefulness=Awake, mWakeLockSummary=0x1, mUserActivitySummary=0x1, mBootCompleted=true, screenBrightnessOverride=NaN, useAutoBrightness=false, mScreenBrightnessBoostInProgress=false, mIsVrModeEnabled= false, sQuiescent=false
06-29 10:13:14.064 1570 1870 D PowerManagerNotifier: onWakeLockAcquired: flags=1, tag="PlatformComm", packageName=com.tencent.mm, ownerUid=10102, ownerPid=6867, workSource=null
06-29 10:13:14.095 0 0 I [ 89.296615] msm_vidc: high: 00000001: h265e: Closed video instance: 0000000000000000
06-29 10:13:14.119 1570 4954 D PowerManagerService: releaseWakeLockInternal: lock=52367651 [MicroMsg.MMAutoAuth], flags=0x0
06-29 10:13:14.119 1570 4954 D PowerManagerNotifier: onWakeLockReleased: flags=1, tag="MicroMsg.MMAutoAuth", packageName=com.tencent.mm, ownerUid=10102, ownerPid=6867, workSource=null
06-29 10:13:14.119 1570 4954 D PowerManagerService: updateWakeLockSummaryLocked: mWakefulness=Awake, mWakeLockSummary=0x1
06-29 10:13:14.119 1570 4954 D PowerManagerService: updateUserActivitySummaryLocked: groupId=0, mWakefulness=Awake, mUserActivitySummary=0x1, nextTimeout=119202 (in 29876 ms)
06-29 10:13:14.119 1570 4954 D PowerManagerNotifier: onScreenPolicyUpdate: newPolicy=3
06-29 10:13:14.119 1570 4954 D PowerManagerService: updateDisplayPowerStateLocked: displayReady=true, groupId=0, policy=BRIGHT, mWakefulness=Awake, mWakeLockSummary=0x1, mUserActivitySummary=0x1, mBootCompleted=true, screenBrightnessOverride=NaN, useAutoBrightness=false, mScreenBrightnessBoostInProgress=false, mIsVrModeEnabled= false, sQuiescent=false
06-29 10:13:14.121 1570 4954 D PowerManagerService: acquireWakeLockInternal: lock=52367651, flags=0x1, tag="MicroMsg.MMAutoAuth", ws=null, uid=10102, pid=6867
06-29 10:13:14.122 1570 4954 D PowerManagerService: updateWakeLockSummaryLocked: mWakefulness=Awake, mWakeLockSummary=0x1
06-29 10:13:14.122 1570 4954 D PowerManagerService: updateUserActivitySummaryLocked: groupId=0, mWakefulness=Awake, mUserActivitySummary=0x1, nextTimeout=119202 (in 29874 ms)
06-29 10:13:14.122 1570 4954 D PowerManagerNotifier: onScreenPolicyUpdate: newPolicy=3
06-29 10:13:14.122 1570 4954 D PowerManagerService: updateDisplayPowerStateLocked: displayReady=true, groupId=0, policy=BRIGHT, mWakefulness=Awake, mWakeLockSummary=0x1, mUserActivitySummary=0x1, mBootCompleted=true, screenBrightnessOverride=NaN, useAutoBrightness=false, mScreenBrightnessBoostInProgress=false, mIsVrModeEnabled= false, sQuiescent=false
06-29 10:13:14.122 1570 4954 D PowerManagerNotifier: onWakeLockAcquired: flags=1, tag="MicroMsg.MMAutoAuth", packageName=com.tencent.mm, ownerUid=10102, ownerPid=6867, workSource=null
06-29 10:13:14.127 1570 4954 D PowerManagerService: releaseWakeLockInternal: lock=69963734 [PlatformComm], flags=0x0
06-29 10:13:14.127 1570 4954 D PowerManagerNotifier: onWakeLockReleased: flags=1, tag="PlatformComm", packageName=com.tencent.mm, ownerUid=10102, ownerPid=6867, workSource=null
06-29 10:13:14.127 1570 4954 D PowerManagerService: updateWakeLockSummaryLocked: mWakefulness=Awake, mWakeLockSummary=0x1
06-29 10:13:14.127 1570 4954 D PowerManagerService: updateUserActivitySummaryLocked: groupId=0, mWakefulness=Awake, mUserActivitySummary=0x1, nextTimeout=119202 (in 29868 ms)
06-29 10:13:14.127 1570 4954 D PowerManagerNotifier: onScreenPolicyUpdate: newPolicy=3
06-29 10:13:14.127 1570 4954 D PowerManagerService: updateDisplayPowerStateLocked: displayReady=true, groupId=0, policy=BRIGHT, mWakefulness=Awake, mWakeLockSummary=0x1, mUserActivitySummary=0x1, mBootCompleted=true, screenBrightnessOverride=NaN, useAutoBrightness=false, mScreenBrightnessBoostInProgress=false, mIsVrModeEnabled= false, sQuiescent=false
06-29 10:13:14.160 1570 4954 D PowerManagerService: releaseWakeLockInternal: lock=31695447 [PlatformComm], flags=0x0
06-29 10:13:14.160 1570 4954 D PowerManagerNotifier: onWakeLockReleased: flags=1, tag="PlatformComm", packageName=com.tencent.mm, ownerUid=10102, ownerPid=6867, workSource=null
06-29 10:13:14.160 1570 4954 D PowerManagerService: updateWakeLockSummaryLocked: mWakefulness=Awake, mWakeLockSummary=0x1
06-29 10:13:14.160 1570 4954 D PowerManagerService: updateUserActivitySummaryLocked: groupId=0, mWakefulness=Awake, mUserActivitySummary=0x1, nextTimeout=119202 (in 29835 ms)
06-29 10:13:14.160 1570 4954 D PowerManagerNotifier: onScreenPolicyUpdate: newPolicy=3
06-29 10:13:14.160 1570 4954 D PowerManagerService: updateDisplayPowerStateLocked: displayReady=true, groupId=0, policy=BRIGHT, mWakefulness=Awake, mWakeLockSummary=0x1, mUserActivitySummary=0x1, mBootCompleted=true, screenBrightnessOverride=NaN, useAutoBrightness=false, mScreenBrightnessBoostInProgress=false, mIsVrModeEnabled= false, sQuiescent=false
06-29 10:13:14.161 1570 4954 D PowerManagerService: acquireWakeLockInternal: lock=31695447, flags=0x1, tag="PlatformComm", ws=null, uid=10102, pid=6867
06-29 10:13:14.161 1570 4954 D PowerManagerService: updateWakeLockSummaryLocked: mWakefulness=Awake, mWakeLockSummary=0x1
06-29 10:13:14.161 1570 4954 D PowerManagerService: updateUserActivitySummaryLocked: groupId=0, mWakefulness=Awake, mUserActivitySummary=0x1, nextTimeout=119202 (in 29834 ms)
06-29 10:13:14.161 1570 4954 D PowerManagerNotifier: onScreenPolicyUpdate: newPolicy=3
06-29 10:13:14.161 1570 4954 D PowerManagerService: updateDisplayPowerStateLocked: displayReady=true, groupId=0, policy=BRIGHT, mWakefulness=Awake, mWakeLockSummary=0x1, mUserActivitySummary=0x1, mBootCompleted=true, screenBrightnessOverride=NaN, useAutoBrightness=false, mScreenBrightnessBoostInProgress=false, mIsVrModeEnabled= false, sQuiescent=false
06-29 10:13:14.161 1570 4954 D PowerManagerNotifier: onWakeLockAcquired: flags=1, tag="PlatformComm", packageName=com.tencent.mm, ownerUid=10102, ownerPid=6867, workSource=null
06-29 10:13:14.177 1570 1723 I am_pss : [2509,10081,com.qti.qualcomm.mstatssystemservice,5641216,3776512,0,88698880,0,0,4]
06-29 10:13:14.197 1570 1570 I GameModeConfig: isGameModeOn = true
06-29 10:13:14.197 1570 1570 I GameModeConfig: isGaming = false
06-29 10:13:14.222 1570 1870 W ActivityManager: Unable to start service Intent { act=com.tencent.soter.soterserver.ISoterService pkg=com.tencent.soter.soterserver } U=0: not found
06-29 10:13:14.229 1570 1723 I am_pss : [2501,1000,vendor.qti.qesdk.sysservice,5733376,3796992,0,90136576,0,0,6]
06-29 10:13:14.243 1570 1870 D PowerManagerService: acquireWakeLockInternal: lock=69963734, flags=0x1, tag="PlatformComm", ws=null, uid=10102, pid=6867
06-29 10:13:14.243 1570 1870 D PowerManagerService: updateWakeLockSummaryLocked: mWakefulness=Awake, mWakeLockSummary=0x1
06-29 10:13:14.243 1570 1870 D PowerManagerService: updateUserActivitySummaryLocked: groupId=0, mWakefulness=Awake, mUserActivitySummary=0x1, nextTimeout=119202 (in 29752 ms)
06-29 10:13:14.243 1570 1870 D PowerManagerNotifier: onScreenPolicyUpdate: newPolicy=3
06-29 10:13:14.243 1570 1870 D PowerManagerService: updateDisplayPowerStateLocked: displayReady=true, groupId=0, policy=BRIGHT, mWakefulness=Awake, mWakeLockSummary=0x1, mUserActivitySummary=0x1, mBootCompleted=true, screenBrightnessOverride=NaN, useAutoBrightness=false, mScreenBrightnessBoostInProgress=false, mIsVrModeEnabled= false, sQuiescent=false
06-29 10:13:14.243 1570 1870 D PowerManagerNotifier: onWakeLockAcquired: flags=1, tag="PlatformComm", packageName=com.tencent.mm, ownerUid=10102, ownerPid=6867, workSource=null
06-29 10:13:14.245 1570 1870 D PowerManagerService: releaseWakeLockInternal: lock=260384288 [PlatformComm], flags=0x0
06-29 10:13:14.245 1570 1870 D PowerManagerNotifier: onWakeLockReleased: flags=1, tag="PlatformComm", packageName=com.tencent.mm, ownerUid=10102, ownerPid=6867, workSource=null
06-29 10:13:14.245 1570 1870 D PowerManagerService: updateWakeLockSummaryLocked: mWakefulness=Awake, mWakeLockSummary=0x1
06-29 10:13:14.245 1570 1870 D PowerManagerService: updateUserActivitySummaryLocked: groupId=0, mWakefulness=Awake, mUserActivitySummary=0x1, nextTimeout=119202 (in 29750 ms)
06-29 10:13:14.245 1570 1870 D PowerManagerNotifier: onScreenPolicyUpdate: newPolicy=3
06-29 10:13:14.245 1570 1870 D PowerManagerService: updateDisplayPowerStateLocked: displayReady=true, groupId=0, policy=BRIGHT, mWakefulness=Awake, mWakeLockSummary=0x1, mUserActivitySummary=0x1, mBootCompleted=true, screenBrightnessOverride=NaN, useAutoBrightness=false, mScreenBrightnessBoostInProgress=false, mIsVrModeEnabled= false, sQuiescent=false
06-29 10:13:14.247 1570 4954 D PowerManagerService: acquireWakeLockInternal: lock=260384288, flags=0x1, tag="PlatformComm", ws=null, uid=10102, pid=6867
06-29 10:13:14.247 1570 4954 D PowerManagerService: updateWakeLockSummaryLocked: mWakefulness=Awake, mWakeLockSummary=0x1
06-29 10:13:14.247 1570 4954 D PowerManagerService: updateUserActivitySummaryLocked: groupId=0, mWakefulness=Awake, mUserActivitySummary=0x1, nextTimeout=119202 (in 29748 ms)
06-29 10:13:14.247 1570 4954 D PowerManagerNotifier: onScreenPolicyUpdate: newPolicy=3
06-29 10:13:14.247 1570 4954 D PowerManagerService: updateDisplayPowerStateLocked: displayReady=true, groupId=0, policy=BRIGHT, mWakefulness=Awake, mWakeLockSummary=0x1, mUserActivitySummary=0x1, mBootCompleted=true, screenBrightnessOverride=NaN, useAutoBrightness=false, mScreenBrightnessBoostInProgress=false, mIsVrModeEnabled= false, sQuiescent=false
06-29 10:13:14.247 1570 4954 D PowerManagerNotifier: onWakeLockAcquired: flags=1, tag="PlatformComm", packageName=com.tencent.mm, ownerUid=10102, ownerPid=6867, workSource=null
06-29 10:13:14.249 1570 1723 I am_pss : [2480,1000,com.thundercomm.tcsetupwizard,6804480,4829184,0,89980928,0,0,4]
06-29 10:13:14.251 1570 4954 D PowerManagerService: releaseWakeLockInternal: lock=260384288 [PlatformComm], flags=0x0
06-29 10:13:14.251 1570 4954 D PowerManagerNotifier: onWakeLockReleased: flags=1, tag="PlatformComm", packageName=com.tencent.mm, ownerUid=10102, ownerPid=6867, workSource=null
06-29 10:13:14.252 1570 4954 D PowerManagerService: updateWakeLockSummaryLocked: mWakefulness=Awake, mWakeLockSummary=0x1
06-29 10:13:14.261 0 0 I [ 89.466080] init: Untracked pid 7637 received signal 9
06-29 10:13:14.252 1570 4954 D PowerManagerService: updateUserActivitySummaryLocked: groupId=0, mWakefulness=Awake, mUserActivitySummary=0x1, nextTimeout=119202 (in 29743 ms)
06-29 10:13:14.252 1570 4954 D PowerManagerNotifier: onScreenPolicyUpdate: newPolicy=3
06-29 10:13:14.252 1570 4954 D PowerManagerService: updateDisplayPowerStateLocked: displayReady=true, groupId=0, policy=BRIGHT, mWakefulness=Awake, mWakeLockSummary=0x1, mUserActivitySummary=0x1, mBootCompleted=true, screenBrightnessOverride=NaN, useAutoBrightness=false, mScreenBrightnessBoostInProgress=false, mIsVrModeEnabled= false, sQuiescent=false
06-29 10:13:14.260 1570 1870 I am_proc_died: [0,7368,com.wandoujia.phoenix2,915,19]
06-29 10:13:14.272 1570 1723 I am_pss : [2417,1000,com.tc.logclient,7686144,5283840,0,97284096,0,0,5]
06-29 10:13:14.272 1570 6159 D PowerManagerService: acquireWakeLockInternal: lock=260384288, flags=0x1, tag="PlatformComm", ws=null, uid=10102, pid=6867
06-29 10:13:14.272 1570 6159 D PowerManagerService: updateWakeLockSummaryLocked: mWakefulness=Awake, mWakeLockSummary=0x1
06-29 10:13:14.272 1570 6159 D PowerManagerService: updateUserActivitySummaryLocked: groupId=0, mWakefulness=Awake, mUserActivitySummary=0x1, nextTimeout=119202 (in 29723 ms)
06-29 10:13:14.273 1570 6159 D PowerManagerNotifier: onScreenPolicyUpdate: newPolicy=3
06-29 10:13:14.273 1570 6159 D PowerManagerService: updateDisplayPowerStateLocked: displayReady=true, groupId=0, policy=BRIGHT, mWakefulness=Awake, mWakeLockSummary=0x1, mUserActivitySummary=0x1, mBootCompleted=true, screenBrightnessOverride=NaN, useAutoBrightness=false, mScreenBrightnessBoostInProgress=false, mIsVrModeEnabled= false, sQuiescent=false
06-29 10:13:14.273 1570 6159 D PowerManagerNotifier: onWakeLockAcquired: flags=1, tag="PlatformComm", packageName=com.tencent.mm, ownerUid=10102, ownerPid=6867, workSource=null
06-29 10:13:14.275 1570 1959 D PowerManagerService: acquireWakeLockInternal: lock=38478618, flags=0x1, tag="NetworkStats", ws=null, uid=1000, pid=1570
06-29 10:13:14.275 1570 1959 D PowerManagerService: updateWakeLockSummaryLocked: mWakefulness=Awake, mWakeLockSummary=0x1
06-29 10:13:14.275 1570 1959 D PowerManagerService: updateUserActivitySummaryLocked: groupId=0, mWakefulness=Awake, mUserActivitySummary=0x1, nextTimeout=119202 (in 29720 ms)
06-29 10:13:14.275 1570 1959 D PowerManagerNotifier: onScreenPolicyUpdate: newPolicy=3
06-29 10:13:14.276 1570 1959 D PowerManagerService: updateDisplayPowerStateLocked: displayReady=true, groupId=0, policy=BRIGHT, mWakefulness=Awake, mWakeLockSummary=0x1, mUserActivitySummary=0x1, mBootCompleted=true, screenBrightnessOverride=NaN, useAutoBrightness=false, mScreenBrightnessBoostInProgress=false, mIsVrModeEnabled= false, sQuiescent=false
06-29 10:13:14.276 1570 1959 D PowerManagerNotifier: onWakeLockAcquired: flags=1, tag="NetworkStats", packageName=android, ownerUid=1000, ownerPid=1570, workSource=null
06-29 10:13:14.291 1570 1959 I netstats_mobile_sample: [0,0,0,0,0,0,0,0,0,0,0,0,1688004794291]
06-29 10:13:14.291 1570 1959 I netstats_wifi_sample: [7180658,7760,1704111,5395,7180658,7760,1704111,5395,6968692,7805,1624586,5222,1688004794291]
06-29 10:13:14.291 1570 1959 D PowerManagerService: releaseWakeLockInternal: lock=38478618 [NetworkStats], flags=0x0
06-29 10:13:14.291 1570 1959 D PowerManagerNotifier: onWakeLockReleased: flags=1, tag="NetworkStats", packageName=android, ownerUid=1000, ownerPid=1570, workSource=null
06-29 10:13:14.291 1570 1959 D PowerManagerService: updateWakeLockSummaryLocked: mWakefulness=Awake, mWakeLockSummary=0x1
06-29 10:13:14.291 1570 1959 D PowerManagerService: updateUserActivitySummaryLocked: groupId=0, mWakefulness=Awake, mUserActivitySummary=0x1, nextTimeout=119202 (in 29704 ms)
06-29 10:13:14.291 1570 1959 D PowerManagerNotifier: onScreenPolicyUpdate: newPolicy=3
06-29 10:13:14.291 1570 1959 D PowerManagerService: updateDisplayPowerStateLocked: displayReady=true, groupId=0, policy=BRIGHT, mWakefulness=Awake, mWakeLockSummary=0x1, mUserActivitySummary=0x1, mBootCompleted=true, screenBrightnessOverride=NaN, useAutoBrightness=false, mScreenBrightnessBoostInProgress=false, mIsVrModeEnabled= false, sQuiescent=false
06-29 10:13:14.320 1570 1723 I am_pss : [2437,1073,com.android.networkstack.process,13884416,11333632,0,107376640,0,0,6]
06-29 10:13:14.351 1570 6159 D PowerManagerService: releaseWakeLockInternal: lock=260384288 [PlatformComm], flags=0x0
06-29 10:13:14.352 1570 6159 D PowerManagerNotifier: onWakeLockReleased: flags=1, tag="PlatformComm", packageName=com.tencent.mm, ownerUid=10102, ownerPid=6867, workSource=null
06-29 10:13:14.352 1570 6159 D PowerManagerService: updateWakeLockSummaryLocked: mWakefulness=Awake, mWakeLockSummary=0x1
06-29 10:13:14.352 1570 6159 D PowerManagerService: updateUserActivitySummaryLocked: groupId=0, mWakefulness=Awake, mUserActivitySummary=0x1, nextTimeout=119202 (in 29643 ms)
06-29 10:13:14.352 1570 6159 D PowerManagerNotifier: onScreenPolicyUpdate: newPolicy=3
06-29 10:13:14.352 1570 6159 D PowerManagerService: updateDisplayPowerStateLocked: displayReady=true, groupId=0, policy=BRIGHT, mWakefulness=Awake, mWakeLockSummary=0x1, mUserActivitySummary=0x1, mBootCompleted=true, screenBrightnessOverride=NaN, useAutoBrightness=false, mScreenBrightnessBoostInProgress=false, mIsVrModeEnabled= false, sQuiescent=false
06-29 10:13:14.353 1570 6159 D PowerManagerService: acquireWakeLockInternal: lock=260384288, flags=0x1, tag="PlatformComm", ws=null, uid=10102, pid=6867
06-29 10:13:14.353 1570 6159 D PowerManagerService: updateWakeLockSummaryLocked: mWakefulness=Awake, mWakeLockSummary=0x1
06-29 10:13:14.353 1570 6159 D PowerManagerService: updateUserActivitySummaryLocked: groupId=0, mWakefulness=Awake, mUserActivitySummary=0x1, nextTimeout=119202 (in 29642 ms)
06-29 10:13:14.353 1570 6159 D PowerManagerNotifier: onScreenPolicyUpdate: newPolicy=3
06-29 10:13:14.353 1570 6159 D PowerManagerService: updateDisplayPowerStateLocked: displayReady=true, groupId=0, policy=BRIGHT, mWakefulness=Awake, mWakeLockSummary=0x1, mUserActivitySummary=0x1, mBootCompleted=true, screenBrightnessOverride=NaN, useAutoBrightness=false, mScreenBrightnessBoostInProgress=false, mIsVrModeEnabled= false, sQuiescent=false
06-29 10:13:14.353 1570 6159 D PowerManagerNotifier: onWakeLockAcquired: flags=1, tag="PlatformComm", packageName=com.tencent.mm, ownerUid=10102, ownerPid=6867, workSource=null
06-29 10:13:14.361 1570 1723 I am_pss : [2396,1000,com.thundercomm.tchttpserver,7767040,5554176,0,93851648,0,0,6]
06-29 10:13:14.378 1570 1723 I am_pss : [2378,10055,.qtidataservices,6118400,4165632,0,90599424,0,0,5]
06-29 10:13:14.395 1570 6159 D PowerManagerService: releaseWakeLockInternal: lock=52367651 [MicroMsg.MMAutoAuth], flags=0x0
06-29 10:13:14.395 1570 6159 D PowerManagerNotifier: onWakeLockReleased: flags=1, tag="MicroMsg.MMAutoAuth", packageName=com.tencent.mm, ownerUid=10102, ownerPid=6867, workSource=null
06-29 10:13:14.395 1570 6159 D PowerManagerService: updateWakeLockSummaryLocked: mWakefulness=Awake, mWakeLockSummary=0x1
06-29 10:13:14.395 1570 6159 D PowerManagerService: updateUserActivitySummaryLocked: groupId=0, mWakefulness=Awake, mUserActivitySummary=0x1, nextTimeout=119202 (in 29600 ms)
06-29 10:13:14.395 1570 6159 D PowerManagerNotifier: onScreenPolicyUpdate: newPolicy=3
