06-29 10:13:10.033 1570 6929 D PowerManagerService: updateDisplayPowerStateLocked: displayReady=true, groupId=0, policy=BRIGHT, mWakefulness=Awake, mWakeLockSummary=0x1, mUserActivitySummary=0x1, mBootCompleted=true, screenBrightnessOverride=NaN, useAutoBrightness=false, mScreenBrightnessBoostInProgress=false, mIsVrModeEnabled= false, sQuiescent=false
06-29 10:13:10.045 1570 6159 D PowerManagerService: acquireWakeLockInternal: lock=33247159, flags=0x1, tag="i", ws=null, uid=10101, pid=6145
06-29 10:13:10.045 1570 6159 D PowerManagerService: updateWakeLockSummaryLocked: mWakefulness=Awake, mWakeLockSummary=0x1
06-29 10:13:10.045 1570 6159 D PowerManagerService: updateUserActivitySummaryLocked: groupId=0, mWakefulness=Awake, mUserActivitySummary=0x1, nextTimeout=119202 (in 33950 ms)
06-29 10:13:10.045 1570 6159 D PowerManagerNotifier: onScreenPolicyUpdate: newPolicy=3
06-29 10:13:10.045 1570 6159 D PowerManagerService: updateDisplayPowerStateLocked: displayReady=true, groupId=0, policy=BRIGHT, mWakefulness=Awake, mWakeLockSummary=0x1, mUserActivitySummary=0x1, mBootCompleted=true, screenBrightnessOverride=NaN, useAutoBrightness=false, mScreenBrightnessBoostInProgress=false, mIsVrModeEnabled= false, sQuiescent=false
06-29 10:13:10.045 1570 6159 D PowerManagerNotifier: onWakeLockAcquired: flags=1, tag="i", packageName=com.tencent.android.qqdownloader, ownerUid=10101, ownerPid=6145, workSource=null
06-29 10:13:10.053 1570 6159 D PowerManagerService: acquireWakeLockInternal: lock=68095376, flags=0x1, tag="i", ws=null, uid=10101, pid=6145
06-29 10:13:10.053 1570 6159 D PowerManagerService: updateWakeLockSummaryLocked: mWakefulness=Awake, mWakeLockSummary=0x1
06-29 10:13:10.053 1570 6159 D PowerManagerService: updateUserActivitySummaryLocked: groupId=0, mWakefulness=Awake, mUserActivitySummary=0x1, nextTimeout=119202 (in 33942 ms)
06-29 10:13:10.053 1570 6159 D PowerManagerNotifier: onScreenPolicyUpdate: newPolicy=3
06-29 10:13:10.053 1570 6159 D PowerManagerService: updateDisplayPowerStateLocked: displayReady=true, groupId=0, policy=BRIGHT, mWakefulness=Awake, mWakeLockSummary=0x1, mUserActivitySummary=0x1, mBootCompleted=true, screenBrightnessOverride=NaN, useAutoBrightness=false, mScreenBrightnessBoostInProgress=false, mIsVrModeEnabled= false, sQuiescent=false
06-29 10:13:10.053 1570 6159 D PowerManagerNotifier: onWakeLockAcquired: flags=1, tag="i", packageName=com.tencent.android.qqdownloader, ownerUid=10101, ownerPid=6145, workSource=null
06-29 10:13:10.075 1570 6159 D PowerManagerService: acquireWakeLockInternal: lock=233494153, flags=0x1, tag="i", ws=null, uid=10101, pid=6145
06-29 10:13:10.076 1570 6159 D PowerManagerService: updateWakeLockSummaryLocked: mWakefulness=Awake, mWakeLockSummary=0x1
06-29 10:13:10.076 1570 6159 D PowerManagerService: updateUserActivitySummaryLocked: groupId=0, mWakefulness=Awake, mUserActivitySummary=0x1, nextTimeout=119202 (in 33920 ms)
06-29 10:13:10.076 1570 6159 D PowerManagerNotifier: onScreenPolicyUpdate: newPolicy=3
06-29 10:13:10.076 1570 6159 D PowerManagerService: updateDisplayPowerStateLocked: displayReady=true, groupId=0, policy=BRIGHT, mWakefulness=Awake, mWakeLockSummary=0x1, mUserActivitySummary=0x1, mBootCompleted=true, screenBrightnessOverride=NaN, useAutoBrightness=false, mScreenBrightnessBoostInProgress=false, mIsVrModeEnabled= false, sQuiescent=false
06-29 10:13:10.076 1570 6159 D PowerManagerNotifier: onWakeLockAcquired: flags=1, tag="i", packageName=com.tencent.android.qqdownloader, ownerUid=10101, ownerPid=6145, workSource=null
06-29 10:13:10.116 1570 2017 D PowerManagerService: acquireWakeLockInternal: lock=169819546, flags=0x1, tag="i", ws=null, uid=10101, pid=6145
06-29 10:13:10.116 1570 2017 D PowerManagerService: updateWakeLockSummaryLocked: mWakefulness=Awake, mWakeLockSummary=0x1
06-29 10:13:10.116 1570 2017 D PowerManagerService: updateUserActivitySummaryLocked: groupId=0, mWakefulness=Awake, mUserActivitySummary=0x1, nextTimeout=119202 (in 33879 ms)
06-29 10:13:10.116 1570 2017 D PowerManagerNotifier: onScreenPolicyUpdate: newPolicy=3
06-29 10:13:10.116 1570 2017 D PowerManagerService: updateDisplayPowerStateLocked: displayReady=true, groupId=0, policy=BRIGHT, mWakefulness=Awake, mWakeLockSummary=0x1, mUserActivitySummary=0x1, mBootCompleted=true, screenBrightnessOverride=NaN, useAutoBrightness=false, mScreenBrightnessBoostInProgress=false, mIsVrModeEnabled= false, sQuiescent=false
06-29 10:13:10.116 1570 2017 D PowerManagerNotifier: onWakeLockAcquired: flags=1, tag="i", packageName=com.tencent.android.qqdownloader, ownerUid=10101, ownerPid=6145, workSource=null
06-29 10:13:10.115 6202 6202 I auditd : type=1400 audit(0.0:1144): avc: granted { execute } for comm="kcsdk_temporary" path="/data/user/0/com.tencent.android.qqdownloader/files/plugin/com.tencent.assistant.paganimation/arm64-v8a/libpag.so" dev="dm-21" ino=45268 scontext=u:r:untrusted_app_27:s0:c512,c768 tcontext=u:object_r:app_data_file:s0:c512,c768 tclass=file app=com.tencent.android.qqdownloader
06-29 10:13:10.132 1570 2017 D PowerManagerService: acquireWakeLockInternal: lock=262379878, flags=0x1, tag="i", ws=null, uid=10101, pid=6145
06-29 10:13:10.132 1570 2017 D PowerManagerService: updateWakeLockSummaryLocked: mWakefulness=Awake, mWakeLockSummary=0x1
06-29 10:13:10.133 1570 2017 D PowerManagerService: updateUserActivitySummaryLocked: groupId=0, mWakefulness=Awake, mUserActivitySummary=0x1, nextTimeout=119202 (in 33863 ms)
06-29 10:13:10.133 1570 2017 D PowerManagerNotifier: onScreenPolicyUpdate: newPolicy=3
06-29 10:13:10.133 1570 2017 D PowerManagerService: updateDisplayPowerStateLocked: displayReady=true, groupId=0, policy=BRIGHT, mWakefulness=Awake, mWakeLockSummary=0x1, mUserActivitySummary=0x1, mBootCompleted=true, screenBrightnessOverride=NaN, useAutoBrightness=false, mScreenBrightnessBoostInProgress=false, mIsVrModeEnabled= false, sQuiescent=false
06-29 10:13:10.133 1570 2017 D PowerManagerNotifier: onWakeLockAcquired: flags=1, tag="i", packageName=com.tencent.android.qqdownloader, ownerUid=10101, ownerPid=6145, workSource=null
06-29 10:13:10.176 1570 1570 I GameModeConfig: isGameModeOn = true
06-29 10:13:10.176 1570 1570 I GameModeConfig: isGaming = false
06-29 10:13:10.199 7285 7285 I auditd : type=1400 audit(0.0:1145): avc: denied { read } for comm="NativeThread" name="u:object_r:wifi_hal_prop:s0" dev="tmpfs" ino=15826 scontext=u:r:untrusted_app_27:s0:c512,c768 tcontext=u:object_r:wifi_hal_prop:s0 tclass=file permissive=0 app=com.wandoujia.phoenix2
06-29 10:13:10.206 1570 1974 I GameModeConfig: isGameModeOn = true
06-29 10:13:10.206 1570 1974 I GameModeConfig: isGaming = false
06-29 10:13:10.206 1570 1974 I GameModeConfig: isGameModeOn = true
06-29 10:13:10.206 1570 1974 I GameModeConfig: isGaming = false
06-29 10:13:10.206 1570 1974 I GameModeConfig: isGameModeOn = true
06-29 10:13:10.206 1570 1974 I GameModeConfig: isGaming = false
06-29 10:13:10.207 1570 1974 I GameModeConfig: isGameModeOn = true
06-29 10:13:10.207 1570 1974 I GameModeConfig: isGaming = false
06-29 10:13:10.207 1570 1974 I GameModeConfig: isGameModeOn = true
06-29 10:13:10.207 1570 1974 I GameModeConfig: isGaming = false
06-29 10:13:10.207 1570 1974 I GameModeConfig: isGameModeOn = true
06-29 10:13:10.207 1570 1974 I GameModeConfig: isGaming = false
06-29 10:13:10.207 1570 1974 I GameModeConfig: isGameModeOn = true
06-29 10:13:10.207 1570 1974 I GameModeConfig: isGaming = false
06-29 10:13:10.207 1570 1974 I GameModeConfig: isGameModeOn = true
06-29 10:13:10.207 1570 1974 I GameModeConfig: isGaming = false
06-29 10:13:10.203 7285 7285 I auditd : type=1400 audit(0.0:1146): avc: denied { read } for comm="NativeThread" name="u:object_r:serialno_prop:s0" dev="tmpfs" ino=15669 scontext=u:r:untrusted_app_27:s0:c512,c768 tcontext=u:object_r:serialno_prop:s0 tclass=file permissive=0 app=com.wandoujia.phoenix2
06-29 10:13:10.207 7285 7285 I auditd : type=1400 audit(0.0:1147): avc: denied { read } for comm="WaBackgroundHan" name="u:object_r:serialno_prop:s0" dev="tmpfs" ino=15669 scontext=u:r:untrusted_app_27:s0:c512,c768 tcontext=u:object_r:serialno_prop:s0 tclass=file permissive=0 app=com.wandoujia.phoenix2
06-29 10:13:10.229 1570 2465 D PowerManagerService: releaseWakeLockInternal: lock=80850513 [i], flags=0x0
06-29 10:13:10.229 1570 2465 D PowerManagerNotifier: onWakeLockReleased: flags=1, tag="i", packageName=com.tencent.android.qqdownloader, ownerUid=10101, ownerPid=6145, workSource=null
06-29 10:13:10.230 1570 2465 D PowerManagerService: updateWakeLockSummaryLocked: mWakefulness=Awake, mWakeLockSummary=0x1
06-29 10:13:10.230 1570 2465 D PowerManagerService: updateUserActivitySummaryLocked: groupId=0, mWakefulness=Awake, mUserActivitySummary=0x1, nextTimeout=119202 (in 33766 ms)
06-29 10:13:10.230 1570 2465 D PowerManagerNotifier: onScreenPolicyUpdate: newPolicy=3
06-29 10:13:10.230 1570 2465 D PowerManagerService: updateDisplayPowerStateLocked: displayReady=true, groupId=0, policy=BRIGHT, mWakefulness=Awake, mWakeLockSummary=0x1, mUserActivitySummary=0x1, mBootCompleted=true, screenBrightnessOverride=NaN, useAutoBrightness=false, mScreenBrightnessBoostInProgress=false, mIsVrModeEnabled= false, sQuiescent=false
06-29 10:13:10.245 0 0 W [ 85.446023] audit: audit_lost=955 audit_rate_limit=5 audit_backlog_limit=64
06-29 10:13:10.245 0 0 E [ 85.446027] audit: rate limit exceeded
06-29 10:13:10.246 1570 6929 D PowerManagerService: releaseWakeLockInternal: lock=79611768 [i], flags=0x0
06-29 10:13:10.246 1570 6929 D PowerManagerNotifier: onWakeLockReleased: flags=1, tag="i", packageName=com.tencent.android.qqdownloader, ownerUid=10101, ownerPid=6145, workSource=null
06-29 10:13:10.247 1570 6929 D PowerManagerService: updateWakeLockSummaryLocked: mWakefulness=Awake, mWakeLockSummary=0x1
06-29 10:13:10.247 1570 6929 D PowerManagerService: updateUserActivitySummaryLocked: groupId=0, mWakefulness=Awake, mUserActivitySummary=0x1, nextTimeout=119202 (in 33749 ms)
06-29 10:13:10.247 1570 6929 D PowerManagerNotifier: onScreenPolicyUpdate: newPolicy=3
06-29 10:13:10.247 1570 6929 D PowerManagerService: updateDisplayPowerStateLocked: displayReady=true, groupId=0, policy=BRIGHT, mWakefulness=Awake, mWakeLockSummary=0x1, mUserActivitySummary=0x1, mBootCompleted=true, screenBrightnessOverride=NaN, useAutoBrightness=false, mScreenBrightnessBoostInProgress=false, mIsVrModeEnabled= false, sQuiescent=false
06-29 10:13:10.235 7285 7285 I auditd : type=1400 audit(0.0:1148): avc: denied { read } for comm="DaemonThread-6" name="cache" dev="dm-16" ino=16 scontext=u:r:untrusted_app_27:s0:c512,c768 tcontext=u:object_r:cache_file:s0 tclass=lnk_file permissive=0 app=com.wandoujia.phoenix2
06-29 10:13:10.296 1570 6929 D PowerManagerService: releaseWakeLockInternal: lock=233494153 [i], flags=0x0
06-29 10:13:10.297 1570 6929 D PowerManagerNotifier: onWakeLockReleased: flags=1, tag="i", packageName=com.tencent.android.qqdownloader, ownerUid=10101, ownerPid=6145, workSource=null
06-29 10:13:10.297 1570 6929 D PowerManagerService: updateWakeLockSummaryLocked: mWakefulness=Awake, mWakeLockSummary=0x1
06-29 10:13:10.297 1570 6929 D PowerManagerService: updateUserActivitySummaryLocked: groupId=0, mWakefulness=Awake, mUserActivitySummary=0x1, nextTimeout=119202 (in 33698 ms)
06-29 10:13:10.297 1570 6929 D PowerManagerNotifier: onScreenPolicyUpdate: newPolicy=3
06-29 10:13:10.297 1570 6929 D PowerManagerService: updateDisplayPowerStateLocked: displayReady=true, groupId=0, policy=BRIGHT, mWakefulness=Awake, mWakeLockSummary=0x1, mUserActivitySummary=0x1, mBootCompleted=true, screenBrightnessOverride=NaN, useAutoBrightness=false, mScreenBrightnessBoostInProgress=false, mIsVrModeEnabled= false, sQuiescent=false
06-29 10:13:10.301 1570 6929 D PowerManagerService: releaseWakeLockInternal: lock=33247159 [i], flags=0x0
06-29 10:13:10.301 1570 6929 D PowerManagerNotifier: onWakeLockReleased: flags=1, tag="i", packageName=com.tencent.android.qqdownloader, ownerUid=10101, ownerPid=6145, workSource=null
06-29 10:13:10.301 1570 6929 D PowerManagerService: updateWakeLockSummaryLocked: mWakefulness=Awake, mWakeLockSummary=0x1
06-29 10:13:10.301 1570 6929 D PowerManagerService: updateUserActivitySummaryLocked: groupId=0, mWakefulness=Awake, mUserActivitySummary=0x1, nextTimeout=119202 (in 33694 ms)
06-29 10:13:10.301 1570 6929 D PowerManagerNotifier: onScreenPolicyUpdate: newPolicy=3
06-29 10:13:10.301 1570 6929 D PowerManagerService: updateDisplayPowerStateLocked: displayReady=true, groupId=0, policy=BRIGHT, mWakefulness=Awake, mWakeLockSummary=0x1, mUserActivitySummary=0x1, mBootCompleted=true, screenBrightnessOverride=NaN, useAutoBrightness=false, mScreenBrightnessBoostInProgress=false, mIsVrModeEnabled= false, sQuiescent=false
06-29 10:13:10.306 1570 6929 D ActivityTaskManager: Skipping, freeform mode : Task{8a4e915 #163 type=undefined A=10109:com.netease.cloudmusic U=0 visible=false mode=freeform translucent=true sz=0 visible freeform task=true rootAffinity=10109:com.netease.cloudmusic isMini=false}
06-29 10:13:10.347 1570 2017 D PowerManagerService: acquireWakeLockInternal: lock=196703225, flags=0x1, tag="i", ws=null, uid=10101, pid=6145
06-29 10:13:10.347 1570 2017 D PowerManagerService: updateWakeLockSummaryLocked: mWakefulness=Awake, mWakeLockSummary=0x1
06-29 10:13:10.347 1570 2017 D PowerManagerService: updateUserActivitySummaryLocked: groupId=0, mWakefulness=Awake, mUserActivitySummary=0x1, nextTimeout=119202 (in 33648 ms)
06-29 10:13:10.347 1570 2017 D PowerManagerNotifier: onScreenPolicyUpdate: newPolicy=3
06-29 10:13:10.347 1570 2017 D PowerManagerService: updateDisplayPowerStateLocked: displayReady=true, groupId=0, policy=BRIGHT, mWakefulness=Awake, mWakeLockSummary=0x1, mUserActivitySummary=0x1, mBootCompleted=true, screenBrightnessOverride=NaN, useAutoBrightness=false, mScreenBrightnessBoostInProgress=false, mIsVrModeEnabled= false, sQuiescent=false
06-29 10:13:10.347 1570 2017 D PowerManagerNotifier: onWakeLockAcquired: flags=1, tag="i", packageName=com.tencent.android.qqdownloader, ownerUid=10101, ownerPid=6145, workSource=null
06-29 10:13:10.353 1570 2017 D PowerManagerService: acquireWakeLockInternal: lock=182611774, flags=0x1, tag="i", ws=null, uid=10101, pid=6145
06-29 10:13:10.353 1570 2017 D PowerManagerService: updateWakeLockSummaryLocked: mWakefulness=Awake, mWakeLockSummary=0x1
06-29 10:13:10.353 1570 2017 D PowerManagerService: updateUserActivitySummaryLocked: groupId=0, mWakefulness=Awake, mUserActivitySummary=0x1, nextTimeout=119202 (in 33642 ms)
06-29 10:13:10.353 1570 2017 D PowerManagerNotifier: onScreenPolicyUpdate: newPolicy=3
06-29 10:13:10.353 1570 2017 D PowerManagerService: updateDisplayPowerStateLocked: displayReady=true, groupId=0, policy=BRIGHT, mWakefulness=Awake, mWakeLockSummary=0x1, mUserActivitySummary=0x1, mBootCompleted=true, screenBrightnessOverride=NaN, useAutoBrightness=false, mScreenBrightnessBoostInProgress=false, mIsVrModeEnabled= false, sQuiescent=false
06-29 10:13:10.353 1570 2017 D PowerManagerNotifier: onWakeLockAcquired: flags=1, tag="i", packageName=com.tencent.android.qqdownloader, ownerUid=10101, ownerPid=6145, workSource=null
06-29 10:13:10.362 1570 2017 D PowerManagerService: acquireWakeLockInternal: lock=138572191, flags=0x1, tag="i", ws=null, uid=10101, pid=6145
06-29 10:13:10.362 1570 2017 D PowerManagerService: updateWakeLockSummaryLocked: mWakefulness=Awake, mWakeLockSummary=0x1
06-29 10:13:10.362 1570 2017 D PowerManagerService: updateUserActivitySummaryLocked: groupId=0, mWakefulness=Awake, mUserActivitySummary=0x1, nextTimeout=119202 (in 33633 ms)
06-29 10:13:10.362 1570 2017 D PowerManagerNotifier: onScreenPolicyUpdate: newPolicy=3
06-29 10:13:10.362 1570 2017 D PowerManagerService: updateDisplayPowerStateLocked: displayReady=true, groupId=0, policy=BRIGHT, mWakefulness=Awake, mWakeLockSummary=0x1, mUserActivitySummary=0x1, mBootCompleted=true, screenBrightnessOverride=NaN, useAutoBrightness=false, mScreenBrightnessBoostInProgress=false, mIsVrModeEnabled= false, sQuiescent=false
06-29 10:13:10.362 1570 2017 D PowerManagerNotifier: onWakeLockAcquired: flags=1, tag="i", packageName=com.tencent.android.qqdownloader, ownerUid=10101, ownerPid=6145, workSource=null
06-29 10:13:10.370 1570 2017 D PowerManagerService: releaseWakeLockInternal: lock=68095376 [i], flags=0x0
06-29 10:13:10.370 1570 2017 D PowerManagerNotifier: onWakeLockReleased: flags=1, tag="i", packageName=com.tencent.android.qqdownloader, ownerUid=10101, ownerPid=6145, workSource=null
06-29 10:13:10.370 1570 2017 D PowerManagerService: updateWakeLockSummaryLocked: mWakefulness=Awake, mWakeLockSummary=0x1
06-29 10:13:10.370 1570 2017 D PowerManagerService: updateUserActivitySummaryLocked: groupId=0, mWakefulness=Awake, mUserActivitySummary=0x1, nextTimeout=119202 (in 33625 ms)
06-29 10:13:10.370 1570 2017 D PowerManagerNotifier: onScreenPolicyUpdate: newPolicy=3
06-29 10:13:10.370 1570 2017 D PowerManagerService: updateDisplayPowerStateLocked: displayReady=true, groupId=0, policy=BRIGHT, mWakefulness=Awake, mWakeLockSummary=0x1, mUserActivitySummary=0x1, mBootCompleted=true, screenBrightnessOverride=NaN, useAutoBrightness=false, mScreenBrightnessBoostInProgress=false, mIsVrModeEnabled= false, sQuiescent=false
06-29 10:13:10.403 1570 2017 D PowerManagerService: acquireWakeLockInternal: lock=48431852, flags=0x1, tag="i", ws=null, uid=10101, pid=6145
06-29 10:13:10.403 1570 2017 D PowerManagerService: updateWakeLockSummaryLocked: mWakefulness=Awake, mWakeLockSummary=0x1
06-29 10:13:10.403 1570 2017 D PowerManagerService: updateUserActivitySummaryLocked: groupId=0, mWakefulness=Awake, mUserActivitySummary=0x1, nextTimeout=119202 (in 33592 ms)
06-29 10:13:10.403 1570 2017 D PowerManagerNotifier: onScreenPolicyUpdate: newPolicy=3
06-29 10:13:10.404 1570 2017 D PowerManagerService: updateDisplayPowerStateLocked: displayReady=true, groupId=0, policy=BRIGHT, mWakefulness=Awake, mWakeLockSummary=0x1, mUserActivitySummary=0x1, mBootCompleted=true, screenBrightnessOverride=NaN, useAutoBrightness=false, mScreenBrightnessBoostInProgress=false, mIsVrModeEnabled= false, sQuiescent=false
06-29 10:13:10.404 1570 2017 D PowerManagerNotifier: onWakeLockAcquired: flags=1, tag="i", packageName=com.tencent.android.qqdownloader, ownerUid=10101, ownerPid=6145, workSource=null
06-29 10:13:10.430 1570 2017 D PowerManagerService: releaseWakeLockInternal: lock=138572191 [i], flags=0x0
06-29 10:13:10.430 1570 2017 D PowerManagerNotifier: onWakeLockReleased: flags=1, tag="i", packageName=com.tencent.android.qqdownloader, ownerUid=10101, ownerPid=6145, workSource=null
06-29 10:13:10.430 1570 2017 D PowerManagerService: updateWakeLockSummaryLocked: mWakefulness=Awake, mWakeLockSummary=0x1
06-29 10:13:10.430 1570 2017 D PowerManagerService: updateUserActivitySummaryLocked: groupId=0, mWakefulness=Awake, mUserActivitySummary=0x1, nextTimeout=119202 (in 33565 ms)
06-29 10:13:10.430 1570 2017 D PowerManagerNotifier: onScreenPolicyUpdate: newPolicy=3
06-29 10:13:10.430 1570 2017 D PowerManagerService: updateDisplayPowerStateLocked: displayReady=true, groupId=0, policy=BRIGHT, mWakefulness=Awake, mWakeLockSummary=0x1, mUserActivitySummary=0x1, mBootCompleted=true, screenBrightnessOverride=NaN, useAutoBrightness=false, mScreenBrightnessBoostInProgress=false, mIsVrModeEnabled= false, sQuiescent=false
06-29 10:13:10.501 1570 2017 D ActivityTaskManager: Skipping, freeform mode : Task{8a4e915 #163 type=undefined A=10109:com.netease.cloudmusic U=0 visible=false mode=freeform translucent=true sz=0 visible freeform task=true rootAffinity=10109:com.netease.cloudmusic isMini=false}
06-29 10:13:10.549 1570 2017 W ActivityManager: Unable to start service Intent { act=mtopsdk.xstate.aidl.IXState cat=[android.intent.category.DEFAULT] pkg=com.wandoujia.phoenix2 cmp=com.wandoujia.phoenix2/mtopsdk.xstate.XStateService } U=0: not found
06-29 10:13:10.575 1570 2017 D PowerManagerService: releaseWakeLockInternal: lock=196703225 [i], flags=0x0
06-29 10:13:10.575 1570 2017 D PowerManagerNotifier: onWakeLockReleased: flags=1, tag="i", packageName=com.tencent.android.qqdownloader, ownerUid=10101, ownerPid=6145, workSource=null
06-29 10:13:10.575 1570 2017 D PowerManagerService: updateWakeLockSummaryLocked: mWakefulness=Awake, mWakeLockSummary=0x1
06-29 10:13:10.575 1570 2017 D PowerManagerService: updateUserActivitySummaryLocked: groupId=0, mWakefulness=Awake, mUserActivitySummary=0x1, nextTimeout=119202 (in 33420 ms)
06-29 10:13:10.575 1570 2017 D PowerManagerNotifier: onScreenPolicyUpdate: newPolicy=3
06-29 10:13:10.575 1570 2017 D PowerManagerService: updateDisplayPowerStateLocked: displayReady=true, groupId=0, policy=BRIGHT, mWakefulness=Awake, mWakeLockSummary=0x1, mUserActivitySummary=0x1, mBootCompleted=true, screenBrightnessOverride=NaN, useAutoBrightness=false, mScreenBrightnessBoostInProgress=false, mIsVrModeEnabled= false, sQuiescent=false
06-29 10:13:10.635 1570 2017 D PowerManagerService: releaseWakeLockInternal: lock=262379878 [i], flags=0x0
06-29 10:13:10.635 1570 2017 D PowerManagerNotifier: onWakeLockReleased: flags=1, tag="i", packageName=com.tencent.android.qqdownloader, ownerUid=10101, ownerPid=6145, workSource=null
06-29 10:13:10.635 1570 2017 D PowerManagerService: updateWakeLockSummaryLocked: mWakefulness=Awake, mWakeLockSummary=0x1
06-29 10:13:10.635 1570 2017 D PowerManagerService: updateUserActivitySummaryLocked: groupId=0, mWakefulness=Awake, mUserActivitySummary=0x1, nextTimeout=119202 (in 33360 ms)
06-29 10:13:10.635 1570 2017 D PowerManagerNotifier: onScreenPolicyUpdate: newPolicy=3
06-29 10:13:10.635 1570 2017 D PowerManagerService: updateDisplayPowerStateLocked: displayReady=true, groupId=0, policy=BRIGHT, mWakefulness=Awake, mWakeLockSummary=0x1, mUserActivitySummary=0x1, mBootCompleted=true, screenBrightnessOverride=NaN, useAutoBrightness=false, mScreenBrightnessBoostInProgress=false, mIsVrModeEnabled= false, sQuiescent=false
06-29 10:13:10.639 1570 2017 D PowerManagerService: acquireWakeLockInternal: lock=132018823, flags=0x1, tag="i", ws=null, uid=10101, pid=6145
06-29 10:13:10.640 1570 2017 D PowerManagerService: updateWakeLockSummaryLocked: mWakefulness=Awake, mWakeLockSummary=0x1
06-29 10:13:10.640 1570 2017 D PowerManagerService: updateUserActivitySummaryLocked: groupId=0, mWakefulness=Awake, mUserActivitySummary=0x1, nextTimeout=119202 (in 33355 ms)
06-29 10:13:10.640 1570 2017 D PowerManagerNotifier: onScreenPolicyUpdate: newPolicy=3
06-29 10:13:10.640 1570 2017 D PowerManagerService: updateDisplayPowerStateLocked: displayReady=true, groupId=0, policy=BRIGHT, mWakefulness=Awake, mWakeLockSummary=0x1, mUserActivitySummary=0x1, mBootCompleted=true, screenBrightnessOverride=NaN, useAutoBrightness=false, mScreenBrightnessBoostInProgress=false, mIsVrModeEnabled= false, sQuiescent=false
06-29 10:13:10.640 1570 2017 D PowerManagerNotifier: onWakeLockAcquired: flags=1, tag="i", packageName=com.tencent.android.qqdownloader, ownerUid=10101, ownerPid=6145, workSource=null
06-29 10:13:10.643 1570 2017 D PowerManagerService: acquireWakeLockInternal: lock=201725364, flags=0x1, tag="i", ws=null, uid=10101, pid=6145
06-29 10:13:10.643 1570 2017 D PowerManagerService: updateWakeLockSummaryLocked: mWakefulness=Awake, mWakeLockSummary=0x1
06-29 10:13:10.643 1570 2017 D PowerManagerService: updateUserActivitySummaryLocked: groupId=0, mWakefulness=Awake, mUserActivitySummary=0x1, nextTimeout=119202 (in 33352 ms)
06-29 10:13:10.643 1570 2017 D PowerManagerNotifier: onScreenPolicyUpdate: newPolicy=3
06-29 10:13:10.643 1570 2017 D PowerManagerService: updateDisplayPowerStateLocked: displayReady=true, groupId=0, policy=BRIGHT, mWakefulness=Awake, mWakeLockSummary=0x1, mUserActivitySummary=0x1, mBootCompleted=true, screenBrightnessOverride=NaN, useAutoBrightness=false, mScreenBrightnessBoostInProgress=false, mIsVrModeEnabled= false, sQuiescent=false
06-29 10:13:10.643 1570 2017 D PowerManagerNotifier: onWakeLockAcquired: flags=1, tag="i", packageName=com.tencent.android.qqdownloader, ownerUid=10101, ownerPid=6145, workSource=null
06-29 10:13:10.683 1570 2017 D PowerManagerService: releaseWakeLockInternal: lock=182611774 [i], flags=0x0
06-29 10:13:10.683 1570 2017 D PowerManagerNotifier: onWakeLockReleased: flags=1, tag="i", packageName=com.tencent.android.qqdownloader, ownerUid=10101, ownerPid=6145, workSource=null
06-29 10:13:10.684 1570 2017 D PowerManagerService: updateWakeLockSummaryLocked: mWakefulness=Awake, mWakeLockSummary=0x1
06-29 10:13:10.684 1570 2017 D PowerManagerService: updateUserActivitySummaryLocked: groupId=0, mWakefulness=Awake, mUserActivitySummary=0x1, nextTimeout=119202 (in 33311 ms)
06-29 10:13:10.684 1570 2017 D PowerManagerNotifier: onScreenPolicyUpdate: newPolicy=3
06-29 10:13:10.684 1570 2017 D PowerManagerService: updateDisplayPowerStateLocked: displayReady=true, groupId=0, policy=BRIGHT, mWakefulness=Awake, mWakeLockSummary=0x1, mUserActivitySummary=0x1, mBootCompleted=true, screenBrightnessOverride=NaN, useAutoBrightness=false, mScreenBrightnessBoostInProgress=false, mIsVrModeEnabled= false, sQuiescent=false
06-29 10:13:10.685 1570 6929 D PowerManagerService: releaseWakeLockInternal: lock=169819546 [i], flags=0x0
06-29 10:13:10.685 1570 6929 D PowerManagerNotifier: onWakeLockReleased: flags=1, tag="i", packageName=com.tencent.android.qqdownloader, ownerUid=10101, ownerPid=6145, workSource=null
06-29 10:13:10.685 1570 6929 D PowerManagerService: updateWakeLockSummaryLocked: mWakefulness=Awake, mWakeLockSummary=0x1
06-29 10:13:10.685 1570 6929 D PowerManagerService: updateUserActivitySummaryLocked: groupId=0, mWakefulness=Awake, mUserActivitySummary=0x1, nextTimeout=119202 (in 33310 ms)
06-29 10:13:10.685 1570 6929 D PowerManagerNotifier: onScreenPolicyUpdate: newPolicy=3
06-29 10:13:10.685 1570 6929 D PowerManagerService: updateDisplayPowerStateLocked: displayReady=true, groupId=0, policy=BRIGHT, mWakefulness=Awake, mWakeLockSummary=0x1, mUserActivitySummary=0x1, mBootCompleted=true, screenBrightnessOverride=NaN, useAutoBrightness=false, mScreenBrightnessBoostInProgress=false, mIsVrModeEnabled= false, sQuiescent=false
06-29 10:13:10.701 1570 6929 D PowerManagerService: releaseWakeLockInternal: lock=132018823 [i], flags=0x0
06-29 10:13:10.701 1570 6929 D PowerManagerNotifier: onWakeLockReleased: flags=1, tag="i", packageName=com.tencent.android.qqdownloader, ownerUid=10101, ownerPid=6145, workSource=null
06-29 10:13:10.701 1570 6929 D PowerManagerService: updateWakeLockSummaryLocked: mWakefulness=Awake, mWakeLockSummary=0x1
06-29 10:13:10.701 1570 6929 D PowerManagerService: updateUserActivitySummaryLocked: groupId=0, mWakefulness=Awake, mUserActivitySummary=0x1, nextTimeout=119202 (in 33294 ms)
06-29 10:13:10.701 1570 6929 D PowerManagerNotifier: onScreenPolicyUpdate: newPolicy=3
06-29 10:13:10.702 1570 6929 D PowerManagerService: updateDisplayPowerStateLocked: displayReady=true, groupId=0, policy=BRIGHT, mWakefulness=Awake, mWakeLockSummary=0x1, mUserActivitySummary=0x1, mBootCompleted=true, screenBrightnessOverride=NaN, useAutoBrightness=false, mScreenBrightnessBoostInProgress=false, mIsVrModeEnabled= false, sQuiescent=false
06-29 10:13:10.709 1570 6929 D PowerManagerService: releaseWakeLockInternal: lock=76949439 [i], flags=0x0
06-29 10:13:10.709 1570 6929 D PowerManagerNotifier: onWakeLockReleased: flags=1, tag="i", packageName=com.tencent.android.qqdownloader, ownerUid=10101, ownerPid=6145, workSource=null
06-29 10:13:10.709 1570 6929 D PowerManagerService: updateWakeLockSummaryLocked: mWakefulness=Awake, mWakeLockSummary=0x1
06-29 10:13:10.709 1570 6929 D PowerManagerService: updateUserActivitySummaryLocked: groupId=0, mWakefulness=Awake, mUserActivitySummary=0x1, nextTimeout=119202 (in 33286 ms)
06-29 10:13:10.709 1570 6929 D PowerManagerNotifier: onScreenPolicyUpdate: newPolicy=3
06-29 10:13:10.709 1570 6929 D PowerManagerService: updateDisplayPowerStateLocked: displayReady=true, groupId=0, policy=BRIGHT, mWakefulness=Awake, mWakeLockSummary=0x1, mUserActivitySummary=0x1, mBootCompleted=true, screenBrightnessOverride=NaN, useAutoBrightness=false, mScreenBrightnessBoostInProgress=false, mIsVrModeEnabled= false, sQuiescent=false
06-29 10:13:10.714 1570 2017 D PowerManagerService: releaseWakeLockInternal: lock=201725364 [i], flags=0x0
06-29 10:13:10.714 1570 2017 D PowerManagerNotifier: onWakeLockReleased: flags=1, tag="i", packageName=com.tencent.android.qqdownloader, ownerUid=10101, ownerPid=6145, workSource=null
06-29 10:13:10.715 1570 2017 D PowerManagerService: updateWakeLockSummaryLocked: mWakefulness=Awake, mWakeLockSummary=0x1
06-29 10:13:10.715 1570 2017 D PowerManagerService: updateUserActivitySummaryLocked: groupId=0, mWakefulness=Awake, mUserActivitySummary=0x1, nextTimeout=119202 (in 33281 ms)
06-29 10:13:10.715 1570 2017 D PowerManagerNotifier: onScreenPolicyUpdate: newPolicy=3
06-29 10:13:10.715 1570 2017 D PowerManagerService: updateDisplayPowerStateLocked: displayReady=true, groupId=0, policy=BRIGHT, mWakefulness=Awake, mWakeLockSummary=0x1, mUserActivitySummary=0x1, mBootCompleted=true, screenBrightnessOverride=NaN, useAutoBrightness=false, mScreenBrightnessBoostInProgress=false, mIsVrModeEnabled= false, sQuiescent=false
06-29 10:13:10.716 1570 2017 W UriGrantsManagerService: No permission grants found for com.tencent.android.qqdownloader
06-29 10:13:10.732 1570 6929 D PowerManagerService: releaseWakeLockInternal: lock=48431852 [i], flags=0x0
06-29 10:13:10.732 1570 6929 D PowerManagerNotifier: onWakeLockReleased: flags=1, tag="i", packageName=com.tencent.android.qqdownloader, ownerUid=10101, ownerPid=6145, workSource=null
06-29 10:13:10.732 1570 6929 D PowerManagerService: updateWakeLockSummaryLocked: mWakefulness=Awake, mWakeLockSummary=0x1
06-29 10:13:10.732 1570 6929 D PowerManagerService: updateUserActivitySummaryLocked: groupId=0, mWakefulness=Awake, mUserActivitySummary=0x1, nextTimeout=119202 (in 33263 ms)
06-29 10:13:10.732 1570 6929 D PowerManagerNotifier: onScreenPolicyUpdate: newPolicy=3
06-29 10:13:10.732 1570 6929 D PowerManagerService: updateDisplayPowerStateLocked: displayReady=true, groupId=0, policy=BRIGHT, mWakefulness=Awake, mWakeLockSummary=0x1, mUserActivitySummary=0x1, mBootCompleted=true, screenBrightnessOverride=NaN, useAutoBrightness=false, mScreenBrightnessBoostInProgress=false, mIsVrModeEnabled= false, sQuiescent=false
06-29 10:13:10.735 1570 2017 W BroadcastQueue: Permission Denial: receiving Intent { act=android.intent.action.BOOT_COMPLETED flg=0x89000010 (has extras) } to com.wuba/com.instacart.library.truetime.BootCompletedBroadcastReceiver requires android.permission.RECEIVE_BOOT_COMPLETED due to sender null (uid 1000)
06-29 10:13:10.736 1570 1724 I am_uid_running: 10116
06-29 10:13:10.736 1570 1724 D CompatibilityChangeReporter: Compat change id reported: 135634846; UID 10116; state: DISABLED
06-29 10:13:10.736 1570 1724 D CompatibilityChangeReporter: Compat change id reported: 177438394; UID 10116; state: DISABLED
06-29 10:13:10.736 1570 1724 D CompatibilityChangeReporter: Compat change id reported: 135772972; UID 10116; state: DISABLED
06-29 10:13:10.737 1570 1725 D CompatibilityChangeReporter: Compat change id reported: 143937733; UID 10116; state: ENABLED
06-29 10:13:10.744 1570 1725 I am_proc_start: [0,7589,10116,com.xingin.xhs,broadcast,{com.xingin.xhs/com.igexin.sdk.PushReceiver}]
06-29 10:13:10.744 1570 1725 I ActivityManager: Start proc 7589:com.xingin.xhs/u0a116 for broadcast {com.xingin.xhs/com.igexin.sdk.PushReceiver}
06-29 10:13:10.750 1570 2017 D PowerManagerService: acquireWakeLockInternal: lock=254961484, flags=0x1, tag="i", ws=null, uid=10101, pid=6145
06-29 10:13:10.750 1570 2017 D PowerManagerService: updateWakeLockSummaryLocked: mWakefulness=Awake, mWakeLockSummary=0x1
06-29 10:13:10.750 1570 2017 D PowerManagerService: updateUserActivitySummaryLocked: groupId=0, mWakefulness=Awake, mUserActivitySummary=0x1, nextTimeout=119202 (in 33245 ms)
06-29 10:13:10.750 1570 2017 D PowerManagerNotifier: onScreenPolicyUpdate: newPolicy=3
06-29 10:13:10.750 1570 2017 D PowerManagerService: updateDisplayPowerStateLocked: displayReady=true, groupId=0, policy=BRIGHT, mWakefulness=Awake, mWakeLockSummary=0x1, mUserActivitySummary=0x1, mBootCompleted=true, screenBrightnessOverride=NaN, useAutoBrightness=false, mScreenBrightnessBoostInProgress=false, mIsVrModeEnabled= false, sQuiescent=false
06-29 10:13:10.750 1570 2017 D PowerManagerNotifier: onWakeLockAcquired: flags=1, tag="i", packageName=com.tencent.android.qqdownloader, ownerUid=10101, ownerPid=6145, workSource=null
06-29 10:13:10.762 0 0 I [ 85.966376] binder: 7589:7589 ioctl 40046210 7fe27a47d4 returned -22
06-29 10:13:10.761 1570 2017 D PowerManagerService: acquireWakeLockInternal: lock=130297002, flags=0x1, tag="i", ws=null, uid=10101, pid=6145
06-29 10:13:10.761 1570 2017 D PowerManagerService: updateWakeLockSummaryLocked: mWakefulness=Awake, mWakeLockSummary=0x1
06-29 10:13:10.761 1570 2017 D PowerManagerService: updateUserActivitySummaryLocked: groupId=0, mWakefulness=Awake, mUserActivitySummary=0x1, nextTimeout=119202 (in 33234 ms)
06-29 10:13:10.761 1570 2017 D PowerManagerNotifier: onScreenPolicyUpdate: newPolicy=3
06-29 10:13:10.761 1570 2017 D PowerManagerService: updateDisplayPowerStateLocked: displayReady=true, groupId=0, policy=BRIGHT, mWakefulness=Awake, mWakeLockSummary=0x1, mUserActivitySummary=0x1, mBootCompleted=true, screenBrightnessOverride=NaN, useAutoBrightness=false, mScreenBrightnessBoostInProgress=false, mIsVrModeEnabled= false, sQuiescent=false
06-29 10:13:10.761 1570 2017 D PowerManagerNotifier: onWakeLockAcquired: flags=1, tag="i", packageName=com.tencent.android.qqdownloader, ownerUid=10101, ownerPid=6145, workSource=null
06-29 10:13:10.762 1570 2017 I am_proc_bound: [0,7589,com.xingin.xhs]
06-29 10:13:10.765 1570 2017 D CompatibilityChangeReporter: Compat change id reported: 168419799; UID 10116; state: DISABLED
06-29 10:13:10.768 1570 2017 I am_uid_active: 10116
06-29 10:13:10.783 1570 6929 D PowerManagerService: acquireWakeLockInternal: lock=221208653, flags=0x1, tag="i", ws=null, uid=10101, pid=6145
06-29 10:13:10.783 1570 6929 D PowerManagerService: updateWakeLockSummaryLocked: mWakefulness=Awake, mWakeLockSummary=0x1
06-29 10:13:10.783 1570 6929 D PowerManagerService: updateUserActivitySummaryLocked: groupId=0, mWakefulness=Awake, mUserActivitySummary=0x1, nextTimeout=119202 (in 33212 ms)
06-29 10:13:10.783 1570 6929 D PowerManagerNotifier: onScreenPolicyUpdate: newPolicy=3
06-29 10:13:10.783 1570 6929 D PowerManagerService: updateDisplayPowerStateLocked: displayReady=true, groupId=0, policy=BRIGHT, mWakefulness=Awake, mWakeLockSummary=0x1, mUserActivitySummary=0x1, mBootCompleted=true, screenBrightnessOverride=NaN, useAutoBrightness=false, mScreenBrightnessBoostInProgress=false, mIsVrModeEnabled= false, sQuiescent=false
06-29 10:13:10.783 1570 6929 D PowerManagerNotifier: onWakeLockAcquired: flags=1, tag="i", packageName=com.tencent.android.qqdownloader, ownerUid=10101, ownerPid=6145, workSource=null
06-29 10:13:10.786 1570 6929 D PowerManagerService: acquireWakeLockInternal: lock=85042946, flags=0x1, tag="i", ws=null, uid=10101, pid=6145
06-29 10:13:10.787 1570 6929 D PowerManagerService: updateWakeLockSummaryLocked: mWakefulness=Awake, mWakeLockSummary=0x1
06-29 10:13:10.787 1570 6929 D PowerManagerService: updateUserActivitySummaryLocked: groupId=0, mWakefulness=Awake, mUserActivitySummary=0x1, nextTimeout=119202 (in 33209 ms)
06-29 10:13:10.787 1570 6929 D PowerManagerNotifier: onScreenPolicyUpdate: newPolicy=3
06-29 10:13:10.787 1570 6929 D PowerManagerService: updateDisplayPowerStateLocked: displayReady=true, groupId=0, policy=BRIGHT, mWakefulness=Awake, mWakeLockSummary=0x1, mUserActivitySummary=0x1, mBootCompleted=true, screenBrightnessOverride=NaN, useAutoBrightness=false, mScreenBrightnessBoostInProgress=false, mIsVrModeEnabled= false, sQuiescent=false
06-29 10:13:10.787 1570 6929 D PowerManagerNotifier: onWakeLockAcquired: flags=1, tag="i", packageName=com.tencent.android.qqdownloader, ownerUid=10101, ownerPid=6145, workSource=null
06-29 10:13:10.804 1570 6929 D ActivityTaskManager: Skipping, freeform mode : Task{8a4e915 #163 type=undefined A=10109:com.netease.cloudmusic U=0 visible=false mode=freeform translucent=true sz=0 visible freeform task=true rootAffinity=10109:com.netease.cloudmusic isMini=false}
06-29 10:13:10.820 1570 6929 D PowerManagerService: releaseWakeLockInternal: lock=254961484 [i], flags=0x0
06-29 10:13:10.820 1570 6929 D PowerManagerNotifier: onWakeLockReleased: flags=1, tag="i", packageName=com.tencent.android.qqdownloader, ownerUid=10101, ownerPid=6145, workSource=null
06-29 10:13:10.820 1570 6929 D PowerManagerService: updateWakeLockSummaryLocked: mWakefulness=Awake, mWakeLockSummary=0x1
06-29 10:13:10.820 1570 6929 D PowerManagerService: updateUserActivitySummaryLocked: groupId=0, mWakefulness=Awake, mUserActivitySummary=0x1, nextTimeout=119202 (in 33175 ms)
06-29 10:13:10.820 1570 6929 D PowerManagerNotifier: onScreenPolicyUpdate: newPolicy=3
06-29 10:13:10.820 1570 6929 D PowerManagerService: updateDisplayPowerStateLocked: displayReady=true, groupId=0, policy=BRIGHT, mWakefulness=Awake, mWakeLockSummary=0x1, mUserActivitySummary=0x1, mBootCompleted=true, screenBrightnessOverride=NaN, useAutoBrightness=false, mScreenBrightnessBoostInProgress=false, mIsVrModeEnabled= false, sQuiescent=false
06-29 10:13:10.842 1570 6929 D PowerManagerService: releaseWakeLockInternal: lock=130297002 [i], flags=0x0
06-29 10:13:10.843 1570 6929 D PowerManagerNotifier: onWakeLockReleased: flags=1, tag="i", packageName=com.tencent.android.qqdownloader, ownerUid=10101, ownerPid=6145, workSource=null
06-29 10:13:10.843 1570 6929 D PowerManagerService: updateWakeLockSummaryLocked: mWakefulness=Awake, mWakeLockSummary=0x1
06-29 10:13:10.843 1570 6929 D PowerManagerService: updateUserActivitySummaryLocked: groupId=0, mWakefulness=Awake, mUserActivitySummary=0x1, nextTimeout=119202 (in 33152 ms)
06-29 10:13:10.843 1570 6929 D PowerManagerNotifier: onScreenPolicyUpdate: newPolicy=3
06-29 10:13:10.843 1570 6929 D PowerManagerService: updateDisplayPowerStateLocked: displayReady=true, groupId=0, policy=BRIGHT, mWakefulness=Awake, mWakeLockSummary=0x1, mUserActivitySummary=0x1, mBootCompleted=true, screenBrightnessOverride=NaN, useAutoBrightness=false, mScreenBrightnessBoostInProgress=false, mIsVrModeEnabled= false, sQuiescent=false
06-29 10:13:10.898 1570 6929 D PowerManagerService: releaseWakeLockInternal: lock=85042946 [i], flags=0x0
06-29 10:13:10.898 1570 6929 D PowerManagerNotifier: onWakeLockReleased: flags=1, tag="i", packageName=com.tencent.android.qqdownloader, ownerUid=10101, ownerPid=6145, workSource=null
06-29 10:13:10.898 1570 6929 D PowerManagerService: updateWakeLockSummaryLocked: mWakefulness=Awake, mWakeLockSummary=0x1
06-29 10:13:10.898 1570 6929 D PowerManagerService: updateUserActivitySummaryLocked: groupId=0, mWakefulness=Awake, mUserActivitySummary=0x1, nextTimeout=119202 (in 33097 ms)
06-29 10:13:10.898 1570 6929 D PowerManagerNotifier: onScreenPolicyUpdate: newPolicy=3
06-29 10:13:10.898 1570 6929 D PowerManagerService: updateDisplayPowerStateLocked: displayReady=true, groupId=0, policy=BRIGHT, mWakefulness=Awake, mWakeLockSummary=0x1, mUserActivitySummary=0x1, mBootCompleted=true, screenBrightnessOverride=NaN, useAutoBrightness=false, mScreenBrightnessBoostInProgress=false, mIsVrModeEnabled= false, sQuiescent=false
06-29 10:13:10.904 1570 6929 D PowerManagerService: releaseWakeLockInternal: lock=221208653 [i], flags=0x0
06-29 10:13:10.904 1570 6929 D PowerManagerNotifier: onWakeLockReleased: flags=1, tag="i", packageName=com.tencent.android.qqdownloader, ownerUid=10101, ownerPid=6145, workSource=null
06-29 10:13:10.904 1570 6929 D PowerManagerService: updateWakeLockSummaryLocked: mWakefulness=Awake, mWakeLockSummary=0x1
06-29 10:13:10.904 1570 6929 D PowerManagerService: updateUserActivitySummaryLocked: groupId=0, mWakefulness=Awake, mUserActivitySummary=0x1, nextTimeout=119202 (in 33091 ms)
06-29 10:13:10.904 1570 6929 D PowerManagerNotifier: onScreenPolicyUpdate: newPolicy=3
06-29 10:13:10.904 1570 6929 D PowerManagerService: updateDisplayPowerStateLocked: displayReady=true, groupId=0, policy=BRIGHT, mWakefulness=Awake, mWakeLockSummary=0x1, mUserActivitySummary=0x1, mBootCompleted=true, screenBrightnessOverride=NaN, useAutoBrightness=false, mScreenBrightnessBoostInProgress=false, mIsVrModeEnabled= false, sQuiescent=false
06-29 10:13:10.981 1570 1570 I notification_enqueue: [10101,6145,com.tencent.android.qqdownloader,127,NULL,0,Notification(channel=channel_id_default_silent shortcut=null contentView=com.tencent.android.qqdownloader/0x7f0a01c2 vibrate=null sound=null defaults=0x0 flags=0x2a2 color=0x00000000 groupKey=com.tencent.android.qqdownloader vis=PRIVATE),1]
06-29 10:13:10.992 1570 2017 D PowerManagerService: acquireWakeLockInternal: lock=225951847, flags=0x1, tag="Qdcl.JunkScannerService", ws=null, uid=10133, pid=7368
06-29 10:13:10.992 1570 2017 D PowerManagerService: updateWakeLockSummaryLocked: mWakefulness=Awake, mWakeLockSummary=0x1
06-29 10:13:10.993 1570 2017 D PowerManagerService: updateUserActivitySummaryLocked: groupId=0, mWakefulness=Awake, mUserActivitySummary=0x1, nextTimeout=119202 (in 33003 ms)
06-29 10:13:10.993 1570 2017 D PowerManagerNotifier: onScreenPolicyUpdate: newPolicy=3
06-29 10:13:10.993 1570 2017 D PowerManagerService: updateDisplayPowerStateLocked: displayReady=true, groupId=0, policy=BRIGHT, mWakefulness=Awake, mWakeLockSummary=0x1, mUserActivitySummary=0x1, mBootCompleted=true, screenBrightnessOverride=NaN, useAutoBrightness=false, mScreenBrightnessBoostInProgress=false, mIsVrModeEnabled= false, sQuiescent=false
06-29 10:13:10.993 1570 2017 D PowerManagerNotifier: onWakeLockAcquired: flags=1, tag="Qdcl.JunkScannerService", packageName=com.wandoujia.phoenix2, ownerUid=10133, ownerPid=7368, workSource=null
06-29 10:13:11.010 7368 7634 E ActivityThread: Failed to find provider info for com.pp.assistant.modules.cleaner.cleaner.provider
06-29 10:13:11.010 7368 7634 E ActivityThread: Failed to find provider info for com.pp.assistant.modules.cleaner.cleaner.provider
06-29 10:13:11.011 7368 7634 E ActivityThread: Failed to find provider info for com.pp.assistant.modules.cleaner.cleaner.provider
06-29 10:13:11.050 7368 7634 E ActivityThread: Failed to find provider info for com.pp.assistant.modules.cleaner.cleaner.provider
06-29 10:13:11.051 1570 6159 W BluetoothManagerService: psc is not null in bindBluetoothProfileService
06-29 10:13:11.051 7368 7634 E ActivityThread: Failed to find provider info for com.pp.assistant.modules.cleaner.cleaner.provider
06-29 10:13:11.147 7662 7662 I auditd : type=1400 audit(0.0:1168): avc: denied { setattr } for comm="chmod" name="tmp" dev="dm-21" ino=93 scontext=u:r:untrusted_app_27:s0:c512,c768 tcontext=u:object_r:shell_data_file:s0 tclass=dir permissive=0 app=com.wandoujia.phoenix2
06-29 10:13:11.151 7285 7285 I auditd : type=1400 audit(0.0:1169): avc: denied { read } for comm="WaHandlerThread" name="u:object_r:serialno_prop:s0" dev="tmpfs" ino=15669 scontext=u:r:untrusted_app_27:s0:c512,c768 tcontext=u:object_r:serialno_prop:s0 tclass=file permissive=0 app=com.wandoujia.phoenix2
06-29 10:13:11.171 7667 7667 I auditd : type=1400 audit(0.0:1170): avc: denied { setattr } for comm="chmod" name="tmp" dev="dm-21" ino=93 scontext=u:r:untrusted_app_27:s0:c512,c768 tcontext=u:object_r:shell_data_file:s0 tclass=dir permissive=0 app=com.wandoujia.phoenix2
06-29 10:13:11.182 1570 1570 I GameModeConfig: isGameModeOn = true
06-29 10:13:11.182 1570 1570 I GameModeConfig: isGaming = false
06-29 10:13:11.183 7368 7368 I auditd : type=1400 audit(0.0:1171): avc: denied { read } for comm="WaBackgroundHan" name="u:object_r:serialno_prop:s0" dev="tmpfs" ino=15669 scontext=u:r:untrusted_app_27:s0:c512,c768 tcontext=u:object_r:serialno_prop:s0 tclass=file permissive=0 app=com.wandoujia.phoenix2
06-29 10:13:11.183 7368 7368 I auditd : type=1400 audit(0.0:1172): avc: denied { read } for comm="WaBackgroundHan" name="u:object_r:serialno_prop:s0" dev="tmpfs" ino=15669 scontext=u:r:untrusted_app_27:s0:c512,c768 tcontext=u:object_r:serialno_prop:s0 tclass=file permissive=0 app=com.wandoujia.phoenix2
06-29 10:13:11.213 0 0 I [ 86.414716] binder: 7669:7669 ioctl 40046210 7febee1654 returned -22
06-29 10:13:11.255 0 0 W [ 86.455283] audit: audit_lost=974 audit_rate_limit=5 audit_backlog_limit=64
06-29 10:13:11.255 0 0 E [ 86.455288] audit: rate limit exceeded
06-29 10:13:11.333 1570 6159 D PowerManagerService: releaseWakeLockInternal: lock=225951847 [Qdcl.JunkScannerService], flags=0x0
06-29 10:13:11.334 1570 6159 D PowerManagerNotifier: onWakeLockReleased: flags=1, tag="Qdcl.JunkScannerService", packageName=com.wandoujia.phoenix2, ownerUid=10133, ownerPid=7368, workSource=null
06-29 10:13:11.334 1570 6159 D PowerManagerService: updateWakeLockSummaryLocked: mWakefulness=Awake, mWakeLockSummary=0x1
06-29 10:13:11.334 1570 6159 D PowerManagerService: updateUserActivitySummaryLocked: groupId=0, mWakefulness=Awake, mUserActivitySummary=0x1, nextTimeout=119202 (in 32661 ms)
06-29 10:13:11.334 1570 6159 D PowerManagerNotifier: onScreenPolicyUpdate: newPolicy=3
06-29 10:13:11.334 1570 6159 D PowerManagerService: updateDisplayPowerStateLocked: displayReady=true, groupId=0, policy=BRIGHT, mWakefulness=Awake, mWakeLockSummary=0x1, mUserActivitySummary=0x1, mBootCompleted=true, screenBrightnessOverride=NaN, useAutoBrightness=false, mScreenBrightnessBoostInProgress=false, mIsVrModeEnabled= false, sQuiescent=false
06-29 10:13:11.340 1570 6159 I ActivityManager: Killing 7285:com.wandoujia.phoenix2:aid/u0a133 (adj 915): empty #2
06-29 10:13:11.340 1570 6159 I am_kill : [0,7285,com.wandoujia.phoenix2:aid,915,empty #2]
06-29 10:13:11.480 0 0 I [ 86.680597] binder: 7698:7698 ioctl 40046210 7fcfda3264 returned -22
06-29 10:13:11.558 1570 1723 W NotificationHistory: Attempted to remove conversation for locked/gone/disabled user 0
06-29 10:13:11.564 1570 2465 W ShortcutService: Clock rewound
06-29 10:13:11.756 1570 2465 W ActivityManager: Unable to start service Intent { act=com.taobao.orange.service.OrangeApiService cat=[android.intent.category.DEFAULT] cmp=com.wandoujia.phoenix2/com.taobao.orange.service.OrangeApiService } U=0: not found
06-29 10:13:11.814 1570 1716 I commit_sys_config_file: [notification-policy,30546]
06-29 10:13:11.906 1570 1959 D PowerManagerService: acquireWakeLockInternal: lock=38478618, flags=0x1, tag="NetworkStats", ws=null, uid=1000, pid=1570
06-29 10:13:11.906 1570 1959 D PowerManagerService: updateWakeLockSummaryLocked: mWakefulness=Awake, mWakeLockSummary=0x1
06-29 10:13:11.906 1570 1959 D PowerManagerService: updateUserActivitySummaryLocked: groupId=0, mWakefulness=Awake, mUserActivitySummary=0x1, nextTimeout=119202 (in 32089 ms)
06-29 10:13:11.906 1570 1959 D PowerManagerNotifier: onScreenPolicyUpdate: newPolicy=3
06-29 10:13:11.906 1570 1959 D PowerManagerService: updateDisplayPowerStateLocked: displayReady=true, groupId=0, policy=BRIGHT, mWakefulness=Awake, mWakeLockSummary=0x1, mUserActivitySummary=0x1, mBootCompleted=true, screenBrightnessOverride=NaN, useAutoBrightness=false, mScreenBrightnessBoostInProgress=false, mIsVrModeEnabled= false, sQuiescent=false
06-29 10:13:11.907 1570 1959 D PowerManagerNotifier: onWakeLockAcquired: flags=1, tag="NetworkStats", packageName=android, ownerUid=1000, ownerPid=1570, workSource=null
06-29 10:13:11.928 1570 1959 I netstats_mobile_sample: [0,0,0,0,0,0,0,0,0,0,0,0,1688004791928]
06-29 10:13:11.928 1570 2465 D PowerManagerService: acquireWakeLockInternal: lock=249550641, flags=0x1, tag="MicroMsg.NetSceneSynCheck", ws=null, uid=10102, pid=7076
06-29 10:13:11.928 1570 1959 I netstats_wifi_sample: [4416596,5687,1629372,4692,4416596,5687,1629372,4692,4394855,5861,1558838,4536,1688004791928]
06-29 10:13:11.928 1570 2465 D PowerManagerService: updateWakeLockSummaryLocked: mWakefulness=Awake, mWakeLockSummary=0x1
06-29 10:13:11.928 1570 2465 D PowerManagerService: updateUserActivitySummaryLocked: groupId=0, mWakefulness=Awake, mUserActivitySummary=0x1, nextTimeout=119202 (in 32067 ms)
06-29 10:13:11.928 1570 2465 D PowerManagerNotifier: onScreenPolicyUpdate: newPolicy=3
06-29 10:13:11.928 1570 2465 D PowerManagerService: updateDisplayPowerStateLocked: displayReady=true, groupId=0, policy=BRIGHT, mWakefulness=Awake, mWakeLockSummary=0x1, mUserActivitySummary=0x1, mBootCompleted=true, screenBrightnessOverride=NaN, useAutoBrightness=false, mScreenBrightnessBoostInProgress=false, mIsVrModeEnabled= false, sQuiescent=false
06-29 10:13:11.929 1570 2465 D PowerManagerNotifier: onWakeLockAcquired: flags=1, tag="MicroMsg.NetSceneSynCheck", packageName=com.tencent.mm, ownerUid=10102, ownerPid=7076, workSource=null
06-29 10:13:11.929 1570 1959 D PowerManagerService: releaseWakeLockInternal: lock=38478618 [NetworkStats], flags=0x0
06-29 10:13:11.929 1570 1959 D PowerManagerNotifier: onWakeLockReleased: flags=1, tag="NetworkStats", packageName=android, ownerUid=1000, ownerPid=1570, workSource=null
06-29 10:13:11.929 1570 1959 D PowerManagerService: updateWakeLockSummaryLocked: mWakefulness=Awake, mWakeLockSummary=0x1
06-29 10:13:11.929 1570 1959 D PowerManagerService: updateUserActivitySummaryLocked: groupId=0, mWakefulness=Awake, mUserActivitySummary=0x1, nextTimeout=119202 (in 32066 ms)
06-29 10:13:11.929 1570 1959 D PowerManagerNotifier: onScreenPolicyUpdate: newPolicy=3
06-29 10:13:11.929 1570 1959 D PowerManagerService: updateDisplayPowerStateLocked: displayReady=true, groupId=0, policy=BRIGHT, mWakefulness=Awake, mWakeLockSummary=0x1, mUserActivitySummary=0x1, mBootCompleted=true, screenBrightnessOverride=NaN, useAutoBrightness=false, mScreenBrightnessBoostInProgress=false, mIsVrModeEnabled= false, sQuiescent=false
06-29 10:13:11.973 1570 2465 D PowerManagerService: releaseWakeLockInternal: lock=26836241 [MicroMsg.CoreService], flags=0x0
