07-10 16:11:52.928 4177 4233 I OpenGLRenderer: Davey! duration=9223371915788ms; Flags=0, FrameTimelineVsyncId=1842, IntendedVsync=121065847662, Vsync=121065847662, InputEventId=0, HandleInputStart=121066614013, AnimationStart=121066617450, PerformTraversalsStart=121066620054, DrawStart=121088358127, FrameDeadline=121082514328, FrameInterval=121066608596, FrameStartTime=16666666, SyncQueued=121089336044, SyncStart=121089397554, IssueDrawCommandsStart=121090005471, SwapBuffers=121092812763, FrameCompleted=9223372036854775807, DequeueBufferDuration=29948, QueueBufferDuration=1243802, GpuCompleted=9223372036854775807, SwapBuffersCompleted=121094714273, DisplayPresentTime=0,
07-10 16:11:53.330 662 677 I mpu_uart: [MSG-P:RECV]:No message received in 1000 ms
07-10 16:11:53.949 4177 4233 I OpenGLRenderer: Davey! duration=9223371914771ms; Flags=0, FrameTimelineVsyncId=1848, IntendedVsync=122082461995, Vsync=122082461995, InputEventId=0, HandleInputStart=122082987033, AnimationStart=122082990262, PerformTraversalsStart=122082993283, DrawStart=122104406668, FrameDeadline=122115795327, FrameInterval=122082979116, FrameStartTime=16666666, SyncQueued=122105411668, SyncStart=122105731616, IssueDrawCommandsStart=122106618752, SwapBuffers=122109818439, FrameCompleted=9223372036854775807, DequeueBufferDuration=43125, QueueBufferDuration=891146, GpuCompleted=9223372036854775807, SwapBuffersCompleted=122111259741, DisplayPresentTime=0,
07-10 16:11:54.331 662 677 I mpu_uart: [MSG-P:RECV]:No message received in 1000 ms
07-10 16:11:54.338 662 676 I mpu_uart: [MSG-P:R]:recv sync frame timeout
07-10 16:11:54.922 2102 3372 D MicroService: handleHeartBeat:83
07-10 16:11:54.926 2102 2102 D MicroService: onHeartBeatDetected
07-10 16:11:54.926 2102 2102 D MicroService: sendHeartbeatMessage
07-10 16:11:54.952 4177 4233 I OpenGLRenderer: Davey! duration=9223371913769ms; Flags=0, FrameTimelineVsyncId=1854, IntendedVsync=123084888630, Vsync=123084888630, InputEventId=0, HandleInputStart=123085963178, AnimationStart=123085970314, PerformTraversalsStart=123085974376, DrawStart=123106408960, FrameDeadline=123118221962, FrameInterval=123085949168, FrameStartTime=16666666, SyncQueued=123107567085, SyncStart=123107664793, IssueDrawCommandsStart=123108770522, SwapBuffers=123112182345, FrameCompleted=9223372036854775807, DequeueBufferDuration=50469, QueueBufferDuration=964010, GpuCompleted=9223372036854775807, SwapBuffersCompleted=123113716981, DisplayPresentTime=0,
07-10 16:11:55.331 662 677 I mpu_uart: [MSG-P:RECV]:No message received in 1000 ms
07-10 16:11:55.955 4177 4233 I OpenGLRenderer: Davey! duration=9223371912767ms; Flags=0, FrameTimelineVsyncId=1860, IntendedVsync=124087293630, Vsync=124087293630, InputEventId=0, HandleInputStart=124088269011, AnimationStart=124088273022, PerformTraversalsStart=124088276095, DrawStart=124110691043, FrameDeadline=124120626962, FrameInterval=124088257709, FrameStartTime=16666666, SyncQueued=124111818959, SyncStart=124112148022, IssueDrawCommandsStart=124113184428, SwapBuffers=124116726251, FrameCompleted=9223372036854775807, DequeueBufferDuration=53385, QueueBufferDuration=1407552, GpuCompleted=9223372036854775807, SwapBuffersCompleted=124118788647, DisplayPresentTime=0,
07-10 16:11:56.332 662 677 I mpu_uart: [MSG-P:RECV]:No message received in 1000 ms
07-10 16:11:56.809 2306 2306 D RemoteControlService: startVlanDispatchThread
07-10 16:11:56.917 2102 3563 D MicroService: handleHeartBeat:84
07-10 16:11:56.927 2102 2102 D MicroService: onHeartBeatDetected
07-10 16:11:56.928 2102 2102 D MicroService: sendHeartbeatMessage
07-10 16:11:56.955 4177 4233 I OpenGLRenderer: Davey! duration=9223371911764ms; Flags=0, FrameTimelineVsyncId=1866, IntendedVsync=125089700630, Vsync=125089700630, InputEventId=0, HandleInputStart=125091007501, AnimationStart=125091011980, PerformTraversalsStart=125091014792, DrawStart=125114666615, FrameDeadline=125106367296, FrameInterval=125090998646, FrameStartTime=16666666, SyncQueued=125116220053, SyncStart=125116308855, IssueDrawCommandsStart=125117330365, SwapBuffers=125120881303, FrameCompleted=9223372036854775807, DequeueBufferDuration=47604, QueueBufferDuration=948385, GpuCompleted=9223372036854775807, SwapBuffersCompleted=125122460730, DisplayPresentTime=0,
07-10 16:11:56.966 4177 4364 I OpenGLRenderer: Davey! duration=9223371911744ms; Flags=0, FrameTimelineVsyncId=1867, IntendedVsync=125106367296, Vsync=125106367296, InputEventId=0, HandleInputStart=125117500261, AnimationStart=125117501980, PerformTraversalsStart=125117879428, DrawStart=125117932501, FrameDeadline=125139700628, FrameInterval=125117497084, FrameStartTime=16666666, SyncQueued=125119035417, SyncStart=125122497449, IssueDrawCommandsStart=125122894011, SwapBuffers=125125025938, FrameCompleted=9223372036854775807, DequeueBufferDuration=16510, QueueBufferDuration=11477396, GpuCompleted=9223372036854775807, SwapBuffersCompleted=125136818334, DisplayPresentTime=0,
07-10 16:11:57.135 1566 1808 D PowerManagerService: acquireWakeLockInternal: lock=7649226, flags=0x1, tag="*alarm*", ws=WorkSource{1000}, uid=1000, pid=1566
07-10 16:11:57.136 1566 1808 D PowerManagerService: updateWakeLockSummaryLocked: mWakefulness=Awake, mWakeLockSummary=0x1
07-10 16:11:57.136 1566 1808 D PowerManagerService: updateUserActivitySummaryLocked: groupId=0, mWakefulness=Awake, mUserActivitySummary=0x1, nextTimeout=178991 (in 53675 ms)
07-10 16:11:57.136 1566 1808 D PowerManagerNotifier: onScreenPolicyUpdate: newPolicy=3
07-10 16:11:57.136 1566 1808 D PowerManagerService: updateDisplayPowerStateLocked: displayReady=true, groupId=0, policy=BRIGHT, mWakefulness=Awake, mWakeLockSummary=0x1, mUserActivitySummary=0x1, mBootCompleted=true, screenBrightnessOverride=NaN, useAutoBrightness=true, mScreenBrightnessBoostInProgress=false, mIsVrModeEnabled= false, sQuiescent=false
07-10 16:11:57.136 1566 1808 D PowerManagerService: Acquiring suspend blocker "PowerManagerService.WakeLocks".
07-10 16:11:57.137 1566 1808 D PowerManagerNotifier: onWakeLockAcquired: flags=1, tag="*alarm*", packageName=android, ownerUid=1000, ownerPid=1566, workSource=WorkSource{1000}
07-10 16:11:57.138 1566 2006 D PowerManagerService: acquireWakeLockInternal: lock=31791852, flags=0x1, tag="NetworkTimeUpdateService", ws=null, uid=1000, pid=1566
07-10 16:11:57.138 1566 2006 D PowerManagerService: updateWakeLockSummaryLocked: mWakefulness=Awake, mWakeLockSummary=0x1
07-10 16:11:57.138 1566 2006 D PowerManagerService: updateUserActivitySummaryLocked: groupId=0, mWakefulness=Awake, mUserActivitySummary=0x1, nextTimeout=178991 (in 53673 ms)
07-10 16:11:57.138 1566 2006 D PowerManagerNotifier: onScreenPolicyUpdate: newPolicy=3
07-10 16:11:57.138 1566 2006 D PowerManagerService: updateDisplayPowerStateLocked: displayReady=true, groupId=0, policy=BRIGHT, mWakefulness=Awake, mWakeLockSummary=0x1, mUserActivitySummary=0x1, mBootCompleted=true, screenBrightnessOverride=NaN, useAutoBrightness=true, mScreenBrightnessBoostInProgress=false, mIsVrModeEnabled= false, sQuiescent=false
07-10 16:11:57.138 1566 2006 D PowerManagerNotifier: onWakeLockAcquired: flags=1, tag="NetworkTimeUpdateService", packageName=android, ownerUid=1000, ownerPid=1566, workSource=null
07-10 16:11:57.140 1566 1566 D PowerManagerService: releaseWakeLockInternal: lock=7649226 [*alarm*], flags=0x0
07-10 16:11:57.140 1566 1566 D PowerManagerNotifier: onWakeLockReleased: flags=1, tag="*alarm*", packageName=android, ownerUid=1000, ownerPid=1566, workSource=WorkSource{1000}
07-10 16:11:57.140 1566 1566 D PowerManagerService: updateWakeLockSummaryLocked: mWakefulness=Awake, mWakeLockSummary=0x1
07-10 16:11:57.140 1566 1566 D PowerManagerService: updateUserActivitySummaryLocked: groupId=0, mWakefulness=Awake, mUserActivitySummary=0x1, nextTimeout=178991 (in 53670 ms)
07-10 16:11:57.140 1566 1566 D PowerManagerNotifier: onScreenPolicyUpdate: newPolicy=3
07-10 16:11:57.140 1566 1566 D PowerManagerService: updateDisplayPowerStateLocked: displayReady=true, groupId=0, policy=BRIGHT, mWakefulness=Awake, mWakeLockSummary=0x1, mUserActivitySummary=0x1, mBootCompleted=true, screenBrightnessOverride=NaN, useAutoBrightness=true, mScreenBrightnessBoostInProgress=false, mIsVrModeEnabled= false, sQuiescent=false
07-10 16:11:57.332 662 677 I mpu_uart: [MSG-P:RECV]:No message received in 1000 ms
07-10 16:11:57.341 662 676 I mpu_uart: [MSG-P:R]:recv sync frame timeout
07-10 16:11:57.907 0 0 I [ 126.084453] init: processing action (sys.tlog.tlogdshc.active=1) from (/system/etc/init/tlogd.rc:197)
07-10 16:11:57.908 0 0 I [ 126.085581] init: starting service 'tlogdshc'...
07-10 16:11:57.955 4177 4364 I OpenGLRenderer: Davey! duration=9223371910762ms; Flags=0, FrameTimelineVsyncId=1872, IntendedVsync=126092116630, Vsync=126092116630, InputEventId=0, HandleInputStart=126093052084, AnimationStart=126093056406, PerformTraversalsStart=126093059323, DrawStart=126113081667, FrameDeadline=126125449962, FrameInterval=126093041979, FrameStartTime=16666666, SyncQueued=126114175261, SyncStart=126114286563, IssueDrawCommandsStart=126115358906, SwapBuffers=126118505677, FrameCompleted=9223372036854775807, DequeueBufferDuration=62083, QueueBufferDuration=706094, GpuCompleted=9223372036854775807, SwapBuffersCompleted=126119670834, DisplayPresentTime=0,
07-10 16:11:58.027 0 0 I [ 126.206695] init: Service 'tlogdshc' (pid 4372) exited with status 0 oneshot service took 0.115000 seconds in background
07-10 16:11:58.027 0 0 I [ 126.206727] init: Sending signal 9 to service 'tlogdshc' (pid 4372) process group...
07-10 16:11:58.027 0 0 I [ 126.206950] libprocessgroup: Successfully killed process cgroup uid 0 pid 4372 in 0ms
07-10 16:11:58.333 662 677 I mpu_uart: [MSG-P:RECV]:No message received in 1000 ms
07-10 16:11:58.930 2102 2102 E MicroService: heart beat time out, current timeout cnt is 1
07-10 16:11:58.930 2102 2102 D MicroService: onHeartBeatDetected
07-10 16:11:58.930 2102 2102 D MicroService: sendHeartbeatMessage
07-10 16:11:58.935 2102 3715 D MicroService: handleHeartBeat:85
07-10 16:11:58.961 4177 4233 I OpenGLRenderer: Davey! duration=9223371909760ms; Flags=0, FrameTimelineVsyncId=1878, IntendedVsync=127094524630, Vsync=127094524630, InputEventId=0, HandleInputStart=127095248073, AnimationStart=127095254687, PerformTraversalsStart=127095258489, DrawStart=127118879323, FrameDeadline=127127857962, FrameInterval=127095231667, FrameStartTime=16666666, SyncQueued=127120310469, SyncStart=127120425104, IssueDrawCommandsStart=127121414635, SwapBuffers=127124715989, FrameCompleted=9223372036854775807, DequeueBufferDuration=54636, QueueBufferDuration=1083073, GpuCompleted=9223372036854775807, SwapBuffersCompleted=127126393125, DisplayPresentTime=0,
07-10 16:11:59.333 662 677 I mpu_uart: [MSG-P:RECV]:No message received in 1000 ms
07-10 16:11:59.961 4177 4233 I OpenGLRenderer: Davey! duration=9223371908757ms; Flags=0, FrameTimelineVsyncId=1884, IntendedVsync=128096932630, Vsync=128096932630, InputEventId=0, HandleInputStart=128097890989, AnimationStart=128097897031, PerformTraversalsStart=128097900989, DrawStart=128121465833, FrameDeadline=128130265962, FrameInterval=128097880781, FrameStartTime=16666666, SyncQueued=128122842031, SyncStart=128122950104, IssueDrawCommandsStart=128124227604, SwapBuffers=128127488854, FrameCompleted=9223372036854775807, DequeueBufferDuration=50052, QueueBufferDuration=1394532, GpuCompleted=9223372036854775807, SwapBuffersCompleted=128129467031, DisplayPresentTime=0,
07-10 16:12:00.001 1566 1808 D PowerManagerService: acquireWakeLockInternal: lock=7649226, flags=0x1, tag="*alarm*", ws=WorkSource{1000}, uid=1000, pid=1566
07-10 16:12:00.002 1566 1808 D PowerManagerService: updateWakeLockSummaryLocked: mWakefulness=Awake, mWakeLockSummary=0x1
07-10 16:12:00.002 1566 1808 D PowerManagerService: updateUserActivitySummaryLocked: groupId=0, mWakefulness=Awake, mUserActivitySummary=0x1, nextTimeout=178991 (in 50809 ms)
07-10 16:12:00.002 1566 1808 D PowerManagerNotifier: onScreenPolicyUpdate: newPolicy=3
07-10 16:12:00.002 1566 1808 D PowerManagerService: updateDisplayPowerStateLocked: displayReady=true, groupId=0, policy=BRIGHT, mWakefulness=Awake, mWakeLockSummary=0x1, mUserActivitySummary=0x1, mBootCompleted=true, screenBrightnessOverride=NaN, useAutoBrightness=true, mScreenBrightnessBoostInProgress=false, mIsVrModeEnabled= false, sQuiescent=false
07-10 16:12:00.003 1566 1808 D PowerManagerNotifier: onWakeLockAcquired: flags=1, tag="*alarm*", packageName=android, ownerUid=1000, ownerPid=1566, workSource=WorkSource{1000}
07-10 16:12:00.004 1907 1907 D KeyguardUpdateMonitor: received broadcast android.intent.action.TIME_TICK
07-10 16:12:00.004 1566 1566 D PowerManagerService: releaseWakeLockInternal: lock=7649226 [*alarm*], flags=0x0
07-10 16:12:00.004 1566 1566 D PowerManagerNotifier: onWakeLockReleased: flags=1, tag="*alarm*", packageName=android, ownerUid=1000, ownerPid=1566, workSource=WorkSource{1000}
07-10 16:12:00.005 1566 1566 D PowerManagerService: updateWakeLockSummaryLocked: mWakefulness=Awake, mWakeLockSummary=0x1
07-10 16:12:00.005 1566 1566 D PowerManagerService: updateUserActivitySummaryLocked: groupId=0, mWakefulness=Awake, mUserActivitySummary=0x1, nextTimeout=178991 (in 50806 ms)
07-10 16:12:00.005 1566 1566 D PowerManagerNotifier: onScreenPolicyUpdate: newPolicy=3
07-10 16:12:00.005 1566 1566 D PowerManagerService: updateDisplayPowerStateLocked: displayReady=true, groupId=0, policy=BRIGHT, mWakefulness=Awake, mWakeLockSummary=0x1, mUserActivitySummary=0x1, mBootCompleted=true, screenBrightnessOverride=NaN, useAutoBrightness=true, mScreenBrightnessBoostInProgress=false, mIsVrModeEnabled= false, sQuiescent=false
07-10 16:12:00.007 1907 1907 D KeyguardUpdateMonitor: handleTimeUpdate
07-10 16:12:00.200 1211 1273 I selfinstaller: create socket failed: Connection refused 111
07-10 16:12:00.334 662 677 I mpu_uart: [MSG-P:RECV]:No message received in 1000 ms
07-10 16:12:00.345 662 676 I mpu_uart: [MSG-P:R]:recv sync frame timeout
07-10 16:12:00.616 1566 1853 D DeviceStorageMonitorService: Remaining available storage space : 112591757312 | Total space : 118610538496
07-10 16:12:00.933 2102 2102 D MicroService: onHeartBeatDetected
07-10 16:12:00.933 2102 2102 D MicroService: sendHeartbeatMessage
07-10 16:12:00.940 2102 3842 D MicroService: handleHeartBeat:86
07-10 16:12:00.967 4177 4233 I OpenGLRenderer: Davey! duration=9223371907755ms; Flags=0, FrameTimelineVsyncId=1893, IntendedVsync=129099336630, Vsync=129099336630, InputEventId=0, HandleInputStart=129100431041, AnimationStart=129100437968, PerformTraversalsStart=129100441249, DrawStart=129121755884, FrameDeadline=129132669962, FrameInterval=129100417864, FrameStartTime=16666666, SyncQueued=129122959426, SyncStart=129123057447, IssueDrawCommandsStart=129124269426, SwapBuffers=129127772916, FrameCompleted=9223372036854775807, DequeueBufferDuration=63021, QueueBufferDuration=1066042, GpuCompleted=9223372036854775807, SwapBuffersCompleted=129129462603, DisplayPresentTime=0,
07-10 16:12:01.335 662 677 I mpu_uart: [MSG-P:RECV]:No message received in 1000 ms
07-10 16:12:01.819 2306 2306 D RemoteControlService: startVlanDispatchThread
07-10 16:12:01.969 4177 4233 I OpenGLRenderer: Davey! duration=9223371906752ms; Flags=0, FrameTimelineVsyncId=1899, IntendedVsync=130101746630, Vsync=130101746630, InputEventId=0, HandleInputStart=130102624582, AnimationStart=130102628436, PerformTraversalsStart=130102631822, DrawStart=130125055155, FrameDeadline=130135079962, FrameInterval=130102614426, FrameStartTime=16666666, SyncQueued=130126157290, SyncStart=130126255311, IssueDrawCommandsStart=130127241457, SwapBuffers=130130569322, FrameCompleted=9223372036854775807, DequeueBufferDuration=50885, QueueBufferDuration=957031, GpuCompleted=9223372036854775807, SwapBuffersCompleted=130132204374, DisplayPresentTime=0,
07-10 16:12:02.335 662 677 I mpu_uart: [MSG-P:RECV]:No message received in 1000 ms
07-10 16:12:02.935 2102 3975 D MicroService: handleHeartBeat:87
07-10 16:12:02.935 2102 2102 D MicroService: onHeartBeatDetected
07-10 16:12:02.936 2102 2102 D MicroService: sendHeartbeatMessage
07-10 16:12:02.976 4177 4233 I OpenGLRenderer: Davey! duration=9223371905750ms; Flags=0, FrameTimelineVsyncId=1905, IntendedVsync=131104148630, Vsync=131104148630, InputEventId=0, HandleInputStart=131104735884, AnimationStart=131104739842, PerformTraversalsStart=131104742915, DrawStart=131126060155, FrameDeadline=131120815296, FrameInterval=131104721665, FrameStartTime=16666666, SyncQueued=131127204217, SyncStart=131127308280, IssueDrawCommandsStart=131128363592, SwapBuffers=131131683436, FrameCompleted=9223372036854775807, DequeueBufferDuration=52709, QueueBufferDuration=951979, GpuCompleted=9223372036854775807, SwapBuffersCompleted=131133315207, DisplayPresentTime=0,
07-10 16:12:03.336 662 677 I mpu_uart: [MSG-P:RECV]:No message received in 1000 ms
07-10 16:12:03.348 662 676 I mpu_uart: [MSG-P:R]:recv sync frame timeout
07-10 16:12:03.976 4177 4233 I OpenGLRenderer: Davey! duration=9223371904748ms; Flags=0, FrameTimelineVsyncId=1911, IntendedVsync=132106566630, Vsync=132106566630, InputEventId=0, HandleInputStart=132107830571, AnimationStart=132107834113, PerformTraversalsStart=132107837238, DrawStart=132129022602, FrameDeadline=132139899962, FrameInterval=132107820206, FrameStartTime=16666666, SyncQueued=132130129633, SyncStart=132130216040, IssueDrawCommandsStart=132131174842, SwapBuffers=132134421144, FrameCompleted=9223372036854775807, DequeueBufferDuration=50677, QueueBufferDuration=868281, GpuCompleted=9223372036854775807, SwapBuffersCompleted=132135838748, DisplayPresentTime=0,
07-10 16:12:04.004 1566 2006 D SntpClient: request time failed: java.net.SocketTimeoutException: Poll timed out
07-10 16:12:04.336 662 677 I mpu_uart: [MSG-P:RECV]:No message received in 1000 ms
07-10 16:12:04.922 2102 3976 D MicroService: handleHeartBeat:88
07-10 16:12:04.939 2102 2102 D MicroService: onHeartBeatDetected
07-10 16:12:04.940 2102 2102 D MicroService: sendHeartbeatMessage
07-10 16:12:04.975 4177 4233 I OpenGLRenderer: Davey! duration=9223371903745ms; Flags=0, FrameTimelineVsyncId=1917, IntendedVsync=133108963630, Vsync=133108963630, InputEventId=0, HandleInputStart=133109513487, AnimationStart=133109519268, PerformTraversalsStart=133109523227, DrawStart=133134031664, FrameDeadline=133142296962, FrameInterval=133109504216, FrameStartTime=16666666, SyncQueued=133135246560, SyncStart=133135349425, IssueDrawCommandsStart=133136464425, SwapBuffers=133139822133, FrameCompleted=9223372036854775807, DequeueBufferDuration=53698, QueueBufferDuration=1016146, GpuCompleted=9223372036854775807, SwapBuffersCompleted=133141488695, DisplayPresentTime=0,
07-10 16:12:05.337 662 677 I mpu_uart: [MSG-P:RECV]:No message received in 1000 ms
07-10 16:12:05.974 4177 4364 I OpenGLRenderer: Davey! duration=9223371902743ms; Flags=0, FrameTimelineVsyncId=1923, IntendedVsync=134111377630, Vsync=134111377630, InputEventId=0, HandleInputStart=134113295987, AnimationStart=134113299893, PerformTraversalsStart=134113302706, DrawStart=134138205622, FrameDeadline=134144710962, FrameInterval=134113287497, FrameStartTime=16666666, SyncQueued=134139553070, SyncStart=134139673226, IssueDrawCommandsStart=134140780674, SwapBuffers=134143868747, FrameCompleted=9223372036854775807, DequeueBufferDuration=43489, QueueBufferDuration=1003073, GpuCompleted=9223372036854775807, SwapBuffersCompleted=134145433435, DisplayPresentTime=0,
07-10 16:12:05.989 4177 4364 I OpenGLRenderer: Davey! duration=9223371902723ms; Flags=0, FrameTimelineVsyncId=1924, IntendedVsync=134128044296, Vsync=134128044296, InputEventId=0, HandleInputStart=134140936872, AnimationStart=134140938383, PerformTraversalsStart=134141313539, DrawStart=134141359060, FrameDeadline=134161377628, FrameInterval=134140933903, FrameStartTime=16666666, SyncQueued=134142444997, SyncStart=134145469945, IssueDrawCommandsStart=134146358747, SwapBuffers=134148602497, FrameCompleted=9223372036854775807, DequeueBufferDuration=19792, QueueBufferDuration=9133802, GpuCompleted=9223372036854775807, SwapBuffersCompleted=134158153903, DisplayPresentTime=0,
07-10 16:12:06.337 662 677 I mpu_uart: [MSG-P:RECV]:No message received in 1000 ms
07-10 16:12:06.351 662 676 I mpu_uart: [MSG-P:R]:recv sync frame timeout
07-10 16:12:06.684 0 0 E [ 134.860817] [MAX975X: max96755x_vc1_lcd_dtc_check] *ERROR* DTC_Display: display on, abnormal backlight sta:0 cur:lvl:0 set:lvl:40
07-10 16:12:06.828 2306 2306 D RemoteControlService: startVlanDispatchThread
07-10 16:12:06.927 2102 3980 D MicroService: handleHeartBeat:89
07-10 16:12:06.942 2102 2102 D MicroService: onHeartBeatDetected
07-10 16:12:06.942 2102 2102 D MicroService: sendHeartbeatMessage
07-10 16:12:06.982 4177 4364 I OpenGLRenderer: Davey! duration=9223371901740ms; Flags=0, FrameTimelineVsyncId=1929, IntendedVsync=135113791630, Vsync=135113791630, InputEventId=0, HandleInputStart=135114715257, AnimationStart=135114720361, PerformTraversalsStart=135114723643, DrawStart=135136432028, FrameDeadline=135147124962, FrameInterval=135114704736, FrameStartTime=16666666, SyncQueued=135137546663, SyncStart=135137644684, IssueDrawCommandsStart=135138612497, SwapBuffers=135141873018, FrameCompleted=9223372036854775807, DequeueBufferDuration=49219, QueueBufferDuration=887500, GpuCompleted=9223372036854775807, SwapBuffersCompleted=135143327132, DisplayPresentTime=0,
07-10 16:12:07.338 662 677 I mpu_uart: [MSG-P:RECV]:No message received in 1000 ms
07-10 16:12:07.982 4177 4233 I OpenGLRenderer: Davey! duration=9223371900738ms; Flags=0, FrameTimelineVsyncId=1935, IntendedVsync=136116192630, Vsync=136116192630, InputEventId=0, HandleInputStart=136117132444, AnimationStart=136117136090, PerformTraversalsStart=136117138851, DrawStart=136140662913, FrameDeadline=136149525962, FrameInterval=136117125673, FrameStartTime=16666666, SyncQueued=136141754163, SyncStart=136141839163, IssueDrawCommandsStart=136142718486, SwapBuffers=136145924684, FrameCompleted=9223372036854775807, DequeueBufferDuration=47761, QueueBufferDuration=1007708, GpuCompleted=9223372036854775807, SwapBuffersCompleted=136147457340, DisplayPresentTime=0,
07-10 16:12:08.338 662 677 I mpu_uart: [MSG-P:RECV]:No message received in 1000 ms
07-10 16:12:08.455 662 676 D mpu_uart: [MSG-P:R-M]:recved H:38, L:0
07-10 16:12:08.456 662 676 V mpu_uart: recv data buf:[0x3c, 0x26, 0x0, 0x2, 0xd, 0x2, 0x1, 0x1c, 0xd, 0xa, 0x20, 0x42, 0x2d, 0x6d, 0x61, 0x69, 0x6e, 0x5f, 0x6c, 0x6f, 0x6f, 0x70, 0x20, 0x69, 0x73, 0x20, 0x72, 0x75, 0x6e, 0x6e, 0x69, 0x6e, 0x67, 0xd, 0xa, 0x0, 0x0, 0x70, ]
07-10 16:12:08.456 662 677 D mpu_uart: [SESSION-Distribute]:Message en queue:d
07-10 16:12:08.912 2102 4044 I MicroService: Receive message: SocketMessageBean{businessData='21930', srcService='IDCM_HHServer', destService='FSEM_SettingService', messageType='0', uuid='1688976729745391000', payloadData={
07-10 16:12:08.912 2102 4044 I MicroService: "dstService" : "FSEM_SettingService",
07-10 16:12:08.912 2102 4044 I MicroService: "messageType" : 0,
07-10 16:12:08.912 2102 4044 I MicroService: "methodName" : "syncTime",
07-10 16:12:08.912 2102 4044 I MicroService: "parameters" : {
07-10 16:12:08.912 2102 4044 I MicroService: "IDCM_Time_12_24" : "24",
07-10 16:12:08.912 2102 4044 I MicroService: "IDCM_Timestamp" : 1688976729000,
07-10 16:12:08.912 2102 4044 I MicroService: "IDCM_Timezone" : "Asia/Shanghai"
07-10 16:12:08.912 2102 4044 I MicroService: },
07-10 16:12:08.912 2102 4044 I MicroService: "srcService" : "IDCM_HHServer",
07-10 16:12:08.912 2102 4044 I MicroService: "uuid" : 1688976729745391000
07-10 16:12:08.912 2102 4044 I MicroService: }
07-10 16:12:08.912 2102 4044 I MicroService: }
07-10 16:12:08.912 2102 4044 I MicroService: onRequest(syncTime): {"IDCM_Time_12_24":"24","IDCM_Timestamp":1688976729000,"IDCM_Timezone":"Asia\/Shanghai"}
07-10 16:12:08.914 2119 2177 D MicroSettings: ITCMicroCommonCallback: get request method = syncTime parameters = {"IDCM_Time_12_24":"24","IDCM_Timestamp":1688976729000,"IDCM_Timezone":"Asia\/Shanghai"}
07-10 16:12:08.914 2119 3977 D MicroSettings: SetTimeAction: current timestamp: 1688976728914
07-10 16:12:08.914 2119 3977 D MicroSettings: SetTimeAction: setTime: 1688976729000
07-10 16:12:08.915 1566 2057 D AlarmManagerService: Setting time of day to sec=1688976729
07-10 16:12:08.915 2102 4044 D MicroService: handleHeartBeat:90
07-10 16:12:09.001 1566 2057 W AlarmManagerService: Unable to set rtc to 1688976729: Permission denied
07-10 16:12:09.002 2119 3977 D MicroSettings: SetTimeAction: setTimezone: Asia/Shanghai
07-10 16:12:09.003 1566 2057 D AlarmManagerService: Kernel timezone updated to -480 minutes west of GMT
07-10 16:12:09.005 2119 3977 W ContextImpl: Calling a method in the system process without a qualified user: android.app.ContextImpl.sendBroadcast:1173 android.content.ContextWrapper.sendBroadcast:479 com.thundercomm.microsettings.action.SetTimeAction.timeUpdated:191 com.thundercomm.microsettings.action.SetTimeAction.update24HourFormat:173 com.thundercomm.microsettings.action.SetTimeAction.doActualAction:133
07-10 16:12:09.013 2102 4093 D MicroService: handleHeartBeat:91
07-10 16:12:09.014 1566 1566 D DevicePolicyManager: updateSystemUpdateFreezePeriodsRecord
07-10 16:12:09.014 1566 1566 D ConditionProviders.SCP: onReceive android.intent.action.TIME_SET
07-10 16:12:09.015 1566 1566 D ConditionProviders.SCP: evaluateSubscriptionLocked cal=ScheduleCalendar[mDays={1, 2, 3, 4, 5, 6, 7}, mSchedule=ScheduleInfo{days=[1, 2, 3, 4, 5, 6, 7], startHour=22, startMinute=0, endHour=7, endMinute=0, exitAtAlarm=true, nextAlarm=Thu Jan 01 08:00:00 GMT+08:00 1970 (0)}], now=Mon Jul 10 16:12:09 GMT+08:00 2023 (1688976729014), nextUserAlarmTime=Thu Jan 01 08:00:00 GMT+08:00 1970 (0)
07-10 16:12:09.016 1566 1566 D ConditionProviders.SCP: notifyCondition condition://android/schedule?days=1.2.3.4.5.6.7&start=22.0&end=7.0&exitAtAlarm=true STATE_FALSE reason=!meetsSchedule
07-10 16:12:09.016 1907 1907 D KeyguardUpdateMonitor: received broadcast android.intent.action.TIME_SET
07-10 16:12:09.017 1907 1907 D KeyguardUpdateMonitor: handleTimeUpdate
07-10 16:12:09.017 1566 1566 D ConditionProviders.SCP: Scheduling evaluate for Mon Jul 10 22:00:00 GMT+08:00 2023 (1688997600000), in +5h47m50s986ms, now=Mon Jul 10 16:12:09 GMT+08:00 2023 (1688976729014)
07-10 16:12:09.017 2555 2618 D IconProvider: onReceive: android.intent.action.TIME_SET
07-10 16:12:09.019 2739 2776 D OsAgent : [time_change_update][3164] [HC] =>> [HS]
07-10 16:12:09.019 2555 2618 D BaseModelUpdateTask: BaseModelUpdateTask constructor
07-10 16:12:09.019 2555 2618 D BaseModelUpdateTask: java.lang.Exception
07-10 16:12:09.019 2555 2618 D BaseModelUpdateTask: at com.android.launcher3.model.BaseModelUpdateTask.(BaseModelUpdateTask.java:57)
07-10 16:12:09.019 2555 2618 D BaseModelUpdateTask: at com.android.launcher3.model.PackageUpdatedTask.(PackageUpdatedTask.java:88)
07-10 16:12:09.019 2555 2618 D BaseModelUpdateTask: at com.android.launcher3.LauncherModel.onPackageChanged(LauncherModel.java:156)
07-10 16:12:09.019 2555 2618 D BaseModelUpdateTask: at com.android.launcher3.LauncherModel.onAppIconChanged(LauncherModel.java:226)
07-10 16:12:09.019 2555 2618 D BaseModelUpdateTask: at com.android.launcher3.LauncherAppState$IconObserver.onAppIconChanged(LauncherAppState.java:206)
07-10 16:12:09.019 2555 2618 D BaseModelUpdateTask: at com.android.launcher3.icons.IconProvider$IconChangeReceiver.onReceive(IconProvider.java:371)
07-10 16:12:09.019 2555 2618 D BaseModelUpdateTask: at android.app.LoadedApk$ReceiverDispatcher$Args.lambda$getRunnable$0$LoadedApk$ReceiverDispatcher$Args(LoadedApk.java:1679)
07-10 16:12:09.019 2555 2618 D BaseModelUpdateTask: at android.app.LoadedApk$ReceiverDispatcher$Args$$ExternalSyntheticLambda0.run(Unknown Source:2)
07-10 16:12:09.019 2555 2618 D BaseModelUpdateTask: at android.os.Handler.handleCallback(Handler.java:938)
07-10 16:12:09.019 2555 2618 D BaseModelUpdateTask: at android.os.Handler.dispatchMessage(Handler.java:99)
07-10 16:12:09.019 2555 2618 D BaseModelUpdateTask: at android.os.Looper.loopOnce(Looper.java:201)
07-10 16:12:09.019 2555 2618 D BaseModelUpdateTask: at android.os.Looper.loop(Looper.java:288)
07-10 16:12:09.019 2555 2618 D BaseModelUpdateTask: at android.os.HandlerThread.run(HandlerThread.java:67)
07-10 16:12:09.019 1566 1566 D CompatibilityChangeReporter: Compat change id reported: 171306433; UID 1000; state: ENABLED
07-10 16:12:09.019 822 822 V LocSvc_HIDL_IzatSubscription: [timeChangeUpdate][645] [HS] <<<<= [HC]
07-10 16:12:09.021 2555 2618 D PackageUpdatedTask: PackageUpdatedTask constructor: op=2,user=UserHandle{0},packages=[com.android.calendar]
07-10 16:12:09.021 2555 2618 D PackageUpdatedTask: java.lang.Exception
07-10 16:12:09.021 2555 2618 D PackageUpdatedTask: at com.android.launcher3.model.PackageUpdatedTask.(PackageUpdatedTask.java:93)
07-10 16:12:09.021 2555 2618 D PackageUpdatedTask: at com.android.launcher3.LauncherModel.onPackageChanged(LauncherModel.java:156)
07-10 16:12:09.021 2555 2618 D PackageUpdatedTask: at com.android.launcher3.LauncherModel.onAppIconChanged(LauncherModel.java:226)
07-10 16:12:09.021 2555 2618 D PackageUpdatedTask: at com.android.launcher3.LauncherAppState$IconObserver.onAppIconChanged(LauncherAppState.java:206)
07-10 16:12:09.021 2555 2618 D PackageUpdatedTask: at com.android.launcher3.icons.IconProvider$IconChangeReceiver.onReceive(IconProvider.java:371)
07-10 16:12:09.021 2555 2618 D PackageUpdatedTask: at android.app.LoadedApk$ReceiverDispatcher$Args.lambda$getRunnable$0$LoadedApk$ReceiverDispatcher$Args(LoadedApk.java:1679)
07-10 16:12:09.021 2555 2618 D PackageUpdatedTask: at android.app.LoadedApk$ReceiverDispatcher$Args$$ExternalSyntheticLambda0.run(Unknown Source:2)
07-10 16:12:09.021 2555 2618 D PackageUpdatedTask: at android.os.Handler.handleCallback(Handler.java:938)
07-10 16:12:09.021 2555 2618 D PackageUpdatedTask: at android.os.Handler.dispatchMessage(Handler.java:99)
07-10 16:12:09.021 2555 2618 D PackageUpdatedTask: at android.os.Looper.loopOnce(Looper.java:201)
07-10 16:12:09.021 2555 2618 D PackageUpdatedTask: at android.os.Looper.loop(Looper.java:288)
07-10 16:12:09.021 2555 2618 D PackageUpdatedTask: at android.os.HandlerThread.run(HandlerThread.java:67)
07-10 16:12:09.021 2555 2555 D IconProvider: onReceive: android.intent.action.TIME_SET
07-10 16:12:09.023 1566 1689 D CompatibilityChangeReporter: Compat change id reported: 135634846; UID 10054; state: DISABLED
07-10 16:12:09.023 1566 1689 D CompatibilityChangeReporter: Compat change id reported: 177438394; UID 10054; state: DISABLED
07-10 16:12:09.023 1566 1689 D CompatibilityChangeReporter: Compat change id reported: 135772972; UID 10054; state: DISABLED
07-10 16:12:09.024 1566 1689 D CompatibilityChangeReporter: Compat change id reported: 135754954; UID 10054; state: ENABLED
07-10 16:12:09.024 2555 2618 D Launcher.IconCache: Package not found
07-10 16:12:09.024 2555 2618 D Launcher.IconCache: android.content.pm.PackageManager$NameNotFoundException: com.android.calendar
07-10 16:12:09.024 2555 2618 D Launcher.IconCache: at android.app.ApplicationPackageManager.getPackageInfoAsUser(ApplicationPackageManager.java:241)
07-10 16:12:09.024 2555 2618 D Launcher.IconCache: at android.app.ApplicationPackageManager.getPackageInfo(ApplicationPackageManager.java:213)
07-10 16:12:09.024 2555 2618 D Launcher.IconCache: at com.android.launcher3.icons.IconCache.updateIconsForPkg(IconCache.java:122)
07-10 16:12:09.024 2555 2618 D Launcher.IconCache: at com.android.launcher3.model.PackageUpdatedTask.execute(PackageUpdatedTask.java:130)
07-10 16:12:09.024 2555 2618 D Launcher.IconCache: at com.android.launcher3.model.BaseModelUpdateTask.run(BaseModelUpdateTask.java:80)
07-10 16:12:09.024 2555 2618 D Launcher.IconCache: at com.android.launcher3.util.LooperExecutor.execute(LooperExecutor.java:45)
07-10 16:12:09.024 2555 2618 D Launcher.IconCache: at com.android.launcher3.LauncherModel.enqueueModelUpdateTask(LauncherModel.java:555)
07-10 16:12:09.024 2555 2618 D Launcher.IconCache: at com.android.launcher3.LauncherModel.onPackageChanged(LauncherModel.java:156)
07-10 16:12:09.024 2555 2618 D Launcher.IconCache: at com.android.launcher3.LauncherModel.onAppIconChanged(LauncherModel.java:226)
07-10 16:12:09.024 2555 2618 D Launcher.IconCache: at com.android.launcher3.LauncherAppState$IconObserver.onAppIconChanged(LauncherAppState.java:206)
07-10 16:12:09.024 2555 2618 D Launcher.IconCache: at com.android.launcher3.icons.IconProvider$IconChangeReceiver.onReceive(IconProvider.java:371)
07-10 16:12:09.024 2555 2618 D Launcher.IconCache: at android.app.LoadedApk$ReceiverDispatcher$Args.lambda$getRunnable$0$LoadedApk$ReceiverDispatcher$Args(LoadedApk.java:1679)
07-10 16:12:09.024 2555 2618 D Launcher.IconCache: at android.app.LoadedApk$ReceiverDispatcher$Args$$ExternalSyntheticLambda0.run(Unknown Source:2)
07-10 16:12:09.024 2555 2618 D Launcher.IconCache: at android.os.Handler.handleCallback(Handler.java:938)
07-10 16:12:09.024 2555 2618 D Launcher.IconCache: at android.os.Handler.dispatchMessage(Handler.java:99)
07-10 16:12:09.024 2555 2618 D Launcher.IconCache: at android.os.Looper.loopOnce(Looper.java:201)
07-10 16:12:09.024 2555 2618 D Launcher.IconCache: at android.os.Looper.loop(Looper.java:288)
07-10 16:12:09.024 2555 2618 D Launcher.IconCache: at android.os.HandlerThread.run(HandlerThread.java:67)
07-10 16:12:09.024 1566 1690 D CompatibilityChangeReporter: Compat change id reported: 143937733; UID 10054; state: ENABLED
07-10 16:12:09.025 2555 2618 D BaseModelUpdateTask: BaseModelUpdateTask constructor
07-10 16:12:09.025 2555 2618 D BaseModelUpdateTask: java.lang.Exception
07-10 16:12:09.025 2555 2618 D BaseModelUpdateTask: at com.android.launcher3.model.BaseModelUpdateTask.(BaseModelUpdateTask.java:57)
07-10 16:12:09.025 2555 2618 D BaseModelUpdateTask: at com.android.launcher3.LauncherModel$6.(LauncherModel.java:605)
07-10 16:12:09.025 2555 2618 D BaseModelUpdateTask: at com.android.launcher3.LauncherModel.refreshAndBindWidgetsAndShortcuts(LauncherModel.java:605)
07-10 16:12:09.025 2555 2618 D BaseModelUpdateTask: at com.android.launcher3.Launcher.refreshAndBindWidgetsForPackageUser(Launcher.java:2866)
07-10 16:12:09.025 2555 2618 D BaseModelUpdateTask: at com.android.launcher3.model.PackageUpdatedTask.execute(PackageUpdatedTask.java:139)
07-10 16:12:09.025 2555 2618 D BaseModelUpdateTask: at com.android.launcher3.model.BaseModelUpdateTask.run(BaseModelUpdateTask.java:80)
07-10 16:12:09.025 2555 2618 D BaseModelUpdateTask: at com.android.launcher3.util.LooperExecutor.execute(LooperExecutor.java:45)
07-10 16:12:09.025 2555 2618 D BaseModelUpdateTask: at com.android.launcher3.LauncherModel.enqueueModelUpdateTask(LauncherModel.java:555)
07-10 16:12:09.025 2555 2618 D BaseModelUpdateTask: at com.android.launcher3.LauncherModel.onPackageChanged(LauncherModel.java:156)
07-10 16:12:09.025 2555 2618 D BaseModelUpdateTask: at com.android.launcher3.LauncherModel.onAppIconChanged(LauncherModel.java:226)
07-10 16:12:09.025 2555 2618 D BaseModelUpdateTask: at com.android.launcher3.LauncherAppState$IconObserver.onAppIconChanged(LauncherAppState.java:206)
07-10 16:12:09.025 2555 2618 D BaseModelUpdateTask: at com.android.launcher3.icons.IconProvider$IconChangeReceiver.onReceive(IconProvider.java:371)
07-10 16:12:09.025 2555 2618 D BaseModelUpdateTask: at android.app.LoadedApk$ReceiverDispatcher$Args.lambda$getRunnable$0$LoadedApk$ReceiverDispatcher$Args(LoadedApk.java:1679)
07-10 16:12:09.025 2555 2618 D BaseModelUpdateTask: at android.app.LoadedApk$ReceiverDispatcher$Args$$ExternalSyntheticLambda0.run(Unknown Source:2)
07-10 16:12:09.025 2555 2618 D BaseModelUpdateTask: at android.os.Handler.handleCallback(Handler.java:938)
07-10 16:12:09.025 2555 2618 D BaseModelUpdateTask: at android.os.Handler.dispatchMessage(Handler.java:99)
07-10 16:12:09.025 2555 2618 D BaseModelUpdateTask: at android.os.Looper.loopOnce(Looper.java:201)
07-10 16:12:09.025 2555 2618 D BaseModelUpdateTask: at android.os.Looper.loop(Looper.java:288)
07-10 16:12:09.025 2555 2618 D BaseModelUpdateTask: at android.os.HandlerThread.run(HandlerThread.java:67)
07-10 16:12:09.028 2102 2102 D MicroService: onHeartBeatDetected
07-10 16:12:09.028 2102 2102 D MicroService: sendHeartbeatMessage
07-10 16:12:09.048 683 683 D Zygote : Forked child process 4381
07-10 16:12:09.049 1566 1851 D CompatibilityChangeReporter: Compat change id reported: 135634846; UID 10027; state: DISABLED
07-10 16:12:09.049 1566 1851 D CompatibilityChangeReporter: Compat change id reported: 177438394; UID 10027; state: DISABLED
07-10 16:12:09.049 1566 1851 D CompatibilityChangeReporter: Compat change id reported: 135772972; UID 10027; state: DISABLED
07-10 16:12:09.049 1566 1851 D CompatibilityChangeReporter: Compat change id reported: 135754954; UID 10027; state: ENABLED
07-10 16:12:09.050 1566 1690 I ActivityManager: Start proc 4381:com.qualcomm.timeservice/u0a54 for broadcast {com.qualcomm.timeservice/com.qualcomm.timeservice.TimeServiceBroadcastReceiver}
07-10 16:12:09.051 2555 2618 I WidgetsModel: found whitelist widget: com.android.settings, label: è®¾ç½®å¿«æ·æ–¹å¼, sectionName:S
07-10 16:12:09.051 1566 1690 D CompatibilityChangeReporter: Compat change id reported: 143937733; UID 10027; state: ENABLED
07-10 16:12:09.051 2555 2618 I WidgetsModel: found whitelist widget: com.android.gallery3d, label: 照片, sectionName:T
07-10 16:12:09.051 2555 2618 I WidgetsModel: found whitelist widget: com.android.systemui, label: 对è¯, sectionName:D
07-10 16:12:09.051 2555 2618 I WidgetsModel: found whitelist widget: com.android.music, label: 音ä¹, sectionName:Y
07-10 16:12:09.055 2555 2618 D ModelWriter: removing items from db
07-10 16:12:09.055 2555 2618 D ModelWriter: java.lang.Exception
07-10 16:12:09.055 2555 2618 D ModelWriter: at com.android.launcher3.model.ModelWriter.deleteItemsFromDatabase(ModelWriter.java:280)
07-10 16:12:09.055 2555 2618 D ModelWriter: at com.android.launcher3.model.ModelWriter.deleteItemsFromDatabase(ModelWriter.java:268)
07-10 16:12:09.055 2555 2618 D ModelWriter: at com.android.launcher3.model.BaseModelUpdateTask.deleteAndBindComponentsRemoved(BaseModelUpdateTask.java:140)
07-10 16:12:09.055 2555 2618 D ModelWriter: at com.android.launcher3.model.PackageUpdatedTask.execute(PackageUpdatedTask.java:353)
07-10 16:12:09.055 2555 2618 D ModelWriter: at com.android.launcher3.model.BaseModelUpdateTask.run(BaseModelUpdateTask.java:80)
07-10 16:12:09.055 2555 2618 D ModelWriter: at com.android.launcher3.util.LooperExecutor.execute(LooperExecutor.java:45)
07-10 16:12:09.055 2555 2618 D ModelWriter: at com.android.launcher3.LauncherModel.enqueueModelUpdateTask(LauncherModel.java:555)
07-10 16:12:09.055 2555 2618 D ModelWriter: at com.android.launcher3.LauncherModel.onPackageChanged(LauncherModel.java:156)
07-10 16:12:09.055 2555 2618 D ModelWriter: at com.android.launcher3.LauncherModel.onAppIconChanged(LauncherModel.java:226)
07-10 16:12:09.055 2555 2618 D ModelWriter: at com.android.launcher3.LauncherAppState$IconObserver.onAppIconChanged(LauncherAppState.java:206)
07-10 16:12:09.055 2555 2618 D ModelWriter: at com.android.launcher3.icons.IconProvider$IconChangeReceiver.onReceive(IconProvider.java:371)
07-10 16:12:09.055 2555 2618 D ModelWriter: at android.app.LoadedApk$ReceiverDispatcher$Args.lambda$getRunnable$0$LoadedApk$ReceiverDispatcher$Args(LoadedApk.java:1679)
07-10 16:12:09.055 2555 2618 D ModelWriter: at android.app.LoadedApk$ReceiverDispatcher$Args$$ExternalSyntheticLambda0.run(Unknown Source:2)
07-10 16:12:09.055 2555 2618 D ModelWriter: at android.os.Handler.handleCallback(Handler.java:938)
07-10 16:12:09.055 2555 2618 D ModelWriter: at android.os.Handler.dispatchMessage(Handler.java:99)
07-10 16:12:09.055 2555 2618 D ModelWriter: at android.os.Looper.loopOnce(Looper.java:201)
07-10 16:12:09.055 2555 2618 D ModelWriter: at android.os.Looper.loop(Looper.java:288)
07-10 16:12:09.055 2555 2618 D ModelWriter: at android.os.HandlerThread.run(HandlerThread.java:67)
07-10 16:12:09.070 683 683 D Zygote : Forked child process 4388
07-10 16:12:09.070 4381 4381 E omm.timeservic: Not starting debugger since process cannot load the jdwp agent.
07-10 16:12:09.071 1566 1690 I ActivityManager: Start proc 4388:com.android.providers.calendar/u0a27 for content provider {com.android.providers.calendar/com.android.providers.calendar.CalendarProvider2}
07-10 16:12:09.071 2555 2618 D BaseModelUpdateTask: BaseModelUpdateTask constructor
07-10 16:12:09.071 2555 2618 D BaseModelUpdateTask: java.lang.Exception
07-10 16:12:09.071 2555 2618 D BaseModelUpdateTask: at com.android.launcher3.model.BaseModelUpdateTask.(BaseModelUpdateTask.java:57)
07-10 16:12:09.071 2555 2618 D BaseModelUpdateTask: at com.android.launcher3.model.AddWorkspaceItemsTask.(AddWorkspaceItemsTask.java:58)
07-10 16:12:09.071 2555 2618 D BaseModelUpdateTask: at com.android.launcher3.LauncherModel.addAndBindAddedWorkspaceItems(LauncherModel.java:145)
07-10 16:12:09.071 2555 2618 D BaseModelUpdateTask: at com.android.launcher3.model.PackageUpdatedTask.updateToWorkSpace(PackageUpdatedTask.java:406)
07-10 16:12:09.071 2555 2618 D BaseModelUpdateTask: at com.android.launcher3.model.PackageUpdatedTask.execute(PackageUpdatedTask.java:370)
07-10 16:12:09.071 2555 2618 D BaseModelUpdateTask: at com.android.launcher3.model.BaseModelUpdateTask.run(BaseModelUpdateTask.java:80)
07-10 16:12:09.071 2555 2618 D BaseModelUpdateTask: at com.android.launcher3.util.LooperExecutor.execute(LooperExecutor.java:45)
07-10 16:12:09.071 2555 2618 D BaseModelUpdateTask: at com.android.launcher3.LauncherModel.enqueueModelUpdateTask(LauncherModel.java:555)
07-10 16:12:09.071 2555 2618 D BaseModelUpdateTask: at com.android.launcher3.LauncherModel.onPackageChanged(LauncherModel.java:156)
07-10 16:12:09.071 2555 2618 D BaseModelUpdateTask: at com.android.launcher3.LauncherModel.onAppIconChanged(LauncherModel.java:226)
07-10 16:12:09.071 2555 2618 D BaseModelUpdateTask: at com.android.launcher3.LauncherAppState$IconObserver.onAppIconChanged(LauncherAppState.java:206)
07-10 16:12:09.071 2555 2618 D BaseModelUpdateTask: at com.android.launcher3.icons.IconProvider$IconChangeReceiver.onReceive(IconProvider.java:371)
07-10 16:12:09.071 2555 2618 D BaseModelUpdateTask: at android.app.LoadedApk$ReceiverDispatcher$Args.lambda$getRunnable$0$LoadedApk$ReceiverDispatcher$Args(LoadedApk.java:1679)
07-10 16:12:09.071 2555 2618 D BaseModelUpdateTask: at android.app.LoadedApk$ReceiverDispatcher$Args$$ExternalSyntheticLambda0.run(Unknown Source:2)
07-10 16:12:09.071 2555 2618 D BaseModelUpdateTask: at android.os.Handler.handleCallback(Handler.java:938)
07-10 16:12:09.071 2555 2618 D BaseModelUpdateTask: at android.os.Handler.dispatchMessage(Handler.java:99)
07-10 16:12:09.071 2555 2618 D BaseModelUpdateTask: at android.os.Looper.loopOnce(Looper.java:201)
07-10 16:12:09.071 2555 2618 D BaseModelUpdateTask: at android.os.Looper.loop(Looper.java:288)
07-10 16:12:09.071 2555 2618 D BaseModelUpdateTask: at android.os.HandlerThread.run(HandlerThread.java:67)
07-10 16:12:09.073 4381 4381 D ProcessState: Binder ioctl to enable oneway spam detection failed: Invalid argument
07-10 16:12:09.075 0 0 I [ 137.169665] binder: 4381:4381 ioctl 40046210 7fe4a4a554 returned -22
07-10 16:12:09.080 1566 2057 D CompatibilityChangeReporter: Compat change id reported: 168419799; UID 10054; state: DISABLED
07-10 16:12:09.080 1566 2057 D CompatibilityInfo: mCompatibilityFlags - 4
07-10 16:12:09.080 1566 2057 D CompatibilityInfo: applicationDensity - 240
07-10 16:12:09.080 1566 2057 D CompatibilityInfo: applicationScale - 1.0
07-10 16:12:09.083 1566 2057 D CompatibilityInfo: mCompatibilityFlags - 4
07-10 16:12:09.083 1566 2057 D CompatibilityInfo: applicationDensity - 240
07-10 16:12:09.083 1566 2057 D CompatibilityInfo: applicationScale - 1.0
07-10 16:12:09.083 4388 4388 E viders.calenda: Not starting debugger since process cannot load the jdwp agent.
07-10 16:12:09.087 0 0 I [ 137.181276] binder: 4388:4388 ioctl 40046210 7fe4a4a554 returned -22
07-10 16:12:09.085 4381 4381 D CompatibilityChangeReporter: Compat change id reported: 171979766; UID 10054; state: DISABLED
07-10 16:12:09.085 4388 4388 D ProcessState: Binder ioctl to enable oneway spam detection failed: Invalid argument
07-10 16:12:09.087 1566 2057 D CompatibilityInfo: mCompatibilityFlags - 4
07-10 16:12:09.087 1566 2057 D CompatibilityInfo: applicationDensity - 240
07-10 16:12:09.087 1566 2057 D CompatibilityInfo: applicationScale - 1.0
07-10 16:12:09.090 4388 4388 D CompatibilityChangeReporter: Compat change id reported: 171979766; UID 10027; state: ENABLED
07-10 16:12:09.094 4381 4381 D nativeloader: classloader namespace configured for unbundled vendor apk. library_path=/vendor/app/TimeService/lib/arm64:/vendor/lib64
07-10 16:12:09.096 1566 2006 D SntpClient: request time failed: java.net.SocketTimeoutException: Poll timed out
07-10 16:12:09.099 4388 4388 I Perf : Connecting to perf service.
07-10 16:12:09.101 4388 4388 V GraphicsEnvironment: ANGLE Developer option for 'com.android.providers.calendar' set to: 'default'
07-10 16:12:09.101 4388 4388 V GraphicsEnvironment: ANGLE GameManagerService for com.android.providers.calendar: false
07-10 16:12:09.102 4388 4388 D NetworkSecurityConfig: No Network Security Config specified, using platform default
07-10 16:12:09.102 4388 4388 D NetworkSecurityConfig: No Network Security Config specified, using platform default
07-10 16:12:09.104 4381 4381 I Perf : Connecting to perf service.
07-10 16:12:09.107 4381 4381 V GraphicsEnvironment: ANGLE Developer option for 'com.qualcomm.timeservice' set to: 'default'
07-10 16:12:09.107 4388 4388 I CalendarProvider2: Created com.android.providers.calendar.CalendarAlarmManager@b9f1325(com.android.providers.calendar.CalendarProvider2@e2e9cfa)
07-10 16:12:09.107 4381 4381 V GraphicsEnvironment: ANGLE GameManagerService for com.qualcomm.timeservice: false
07-10 16:12:09.108 4381 4381 D NetworkSecurityConfig: No Network Security Config specified, using platform default
07-10 16:12:09.109 4381 4381 D NetworkSecurityConfig: No Network Security Config specified, using platform default
07-10 16:12:09.110 4381 4381 D TimeService: Receivedandroid.intent.action.TIME_SET intent. Current Time is 1688976729110
07-10 16:12:09.111 1566 2057 D PowerManagerService: acquireWakeLockInternal: lock=29346972, flags=0x1, tag="TimeService", ws=null, uid=10054, pid=4381
07-10 16:12:09.111 1566 2057 D PowerManagerService: updateWakeLockSummaryLocked: mWakefulness=Awake, mWakeLockSummary=0x1
07-10 16:12:09.111 1566 2057 D PowerManagerService: updateUserActivitySummaryLocked: groupId=0, mWakefulness=Awake, mUserActivitySummary=0x1, nextTimeout=178991 (in 41784 ms)
07-10 16:12:09.111 1566 2057 D PowerManagerNotifier: onScreenPolicyUpdate: newPolicy=3
07-10 16:12:09.111 1566 2057 D PowerManagerService: updateDisplayPowerStateLocked: displayReady=true, groupId=0, policy=BRIGHT, mWakefulness=Awake, mWakeLockSummary=0x1, mUserActivitySummary=0x1, mBootCompleted=true, screenBrightnessOverride=NaN, useAutoBrightness=true, mScreenBrightnessBoostInProgress=false, mIsVrModeEnabled= false, sQuiescent=false
07-10 16:12:09.111 1566 2057 D PowerManagerNotifier: onWakeLockAcquired: flags=1, tag="TimeService", packageName=com.qualcomm.timeservice, ownerUid=10054, ownerPid=4381, workSource=null
07-10 16:12:09.112 660 928 D QC-time-services: Daemon: Connection accepted:time_genoff
07-10 16:12:09.113 660 4414 D QC-time-services: Daemon:Received base = 2, unit = 1, operation = 0,value = 1688976729113
07-10 16:12:09.113 660 4414 D QC-time-services: Daemon:genoff_opr: Base = 2, val = 1688976729113, operation = 0
07-10 16:12:09.113 660 4414 D QC-time-services: Daemon:Value read from QTimer mseconds = 139869
07-10 16:12:09.113 660 4414 D QC-time-services: Daemon:Value read from RTC mseconds on boot = 7000
07-10 16:12:09.113 660 4414 D QC-time-services: Daemon:Delta read on boot mseconds = 0
07-10 16:12:09.113 660 4414 D QC-time-services: Daemon:new time 1688976729113
07-10 16:12:09.113 660 4414 D QC-time-services: Daemon: delta 1688976589244 genoff 1688976589244
07-10 16:12:09.113 660 4414 D QC-time-services: Daemon:genoff_persistent_update: Writing genoff = 1688976589244 to memory
07-10 16:12:09.113 660 4414 D QC-time-services: Daemon:Opening File: /mnt/vendor/persist/time/ats_2 /data/vendor/time/ats_2
07-10 16:12:09.113 660 4414 D QC-time-services: Daemon:time_persistent_memory_opr:Genoff write operation
07-10 16:12:09.113 1566 1851 D CompatibilityChangeReporter: Compat change id reported: 143231523; UID 1000; state: DISABLED
07-10 16:12:09.115 660 4414 D QC-time-services: Updating the TOD offset
07-10 16:12:09.115 660 4414 D QC-time-services: Daemon:genoff_persistent_update: Writing genoff = 1688976589244 to memory
07-10 16:12:09.115 660 4414 D QC-time-services: Daemon:Opening File: /mnt/vendor/persist/time/ats_1 /data/vendor/time/ats_1
07-10 16:12:09.115 660 4414 D QC-time-services: Daemon:time_persistent_memory_opr:Genoff write operation
07-10 16:12:09.116 660 4414 D QC-time-services: Daemon:genoff_set: Updating the WLAN offset
07-10 16:12:09.116 660 4414 D QC-time-services: Daemon:genoff_persistent_update: Writing genoff = 1688976589244 to memory
07-10 16:12:09.116 660 4414 D QC-time-services: Daemon:Opening File: /mnt/vendor/persist/time/ats_16 /data/vendor/time/ats_16
07-10 16:12:09.116 660 4414 D QC-time-services: Daemon:time_persistent_memory_opr:Genoff write operation
07-10 16:12:09.116 1566 2057 D CompatibilityChangeReporter: Compat change id reported: 143231523; UID 10027; state: DISABLED
07-10 16:12:09.117 660 928 E QC-time-services: Daemon: Time-services: Waiting to acceptconnection
07-10 16:12:09.117 4381 4381 D TimeService: Set time successfully!
07-10 16:12:09.118 1566 3602 D PowerManagerService: releaseWakeLockInternal: lock=29346972 [TimeService], flags=0x0
