07-10 16:11:50.875 2102 3077 D MicroService: Send message to IDCM:SocketMessageBean{businessData='21930', srcService='FSEM_SettingService', destService='IDCM_MultiScreenService', messageType='0', uuid='1688976710871102190', payloadData={"srcService":"FSEM_SettingService","dstService":"IDCM_MultiScreenService","messageType":0,"uuid":1688976710871102190,"methodName":"reportScreenDisplay","parameters":{"ScreenDisplay":1}}}
07-10 16:11:50.876 4177 4177 W BatteryBroadcastRcvr: Problem reading the battery meter.
07-10 16:11:50.877 4177 4177 D BatteryInfo: time for callback: 0ms
07-10 16:11:50.877 4177 4177 E ImsConnector: unregisterListener: mImsManager is null
07-10 16:11:50.879 0 0 D [ 119.059074] cnss: Sending get info message, type: 0, cmd length: 28, state: 0x107
07-10 16:11:50.882 2910 2910 D SYS_EVENT: send event 16 notification to client
07-10 16:11:50.882 2873 2873 D PASRDozeReceiver: Received Intent Intent { act=android.intent.action.SCREEN_ON flg=0x50200010 }
07-10 16:11:50.883 0 0 D [ 119.063181] cnss: Runtime resume status: 0
07-10 16:11:50.883 2873 2873 D PASRDozeReceiver: Sent intent Successfully
07-10 16:11:50.883 2873 2873 D PASRService: PASRService started
07-10 16:11:50.883 2873 2873 D PASRService: OnStart, Intent: android.intent.action.SCREEN_ON
07-10 16:11:50.883 2873 2873 D PASRService: State is now: -1
07-10 16:11:50.883 1566 1566 D PowerManagerService: Releasing suspend blocker "PowerManagerService.Broadcasts".
07-10 16:11:50.883 4177 4365 D BatteryTipLoader: BatteryInfoLoader post query: 0ms
07-10 16:11:50.884 4177 4365 D BatteryInfo: time for getBatteryInfo: 1ms
07-10 16:11:50.884 4177 4365 D BatteryTipLoader: BatteryInfoLoader.loadInBackground: 1ms
07-10 16:11:50.890 0 0 D [ 119.068926] cnss: Received QMI WLFW respond get info indication
07-10 16:11:50.890 0 0 D [ 119.068936] cnss: Extract message with event length: 812, type: 0, is last: 0, seq no: 0
07-10 16:11:50.890 0 0 D [ 119.070432] cnss: Received QMI WLFW respond get info indication
07-10 16:11:50.890 0 0 D [ 119.070438] cnss: Extract message with event length: 576, type: 0, is last: 0, seq no: 0
07-10 16:11:50.890 0 0 D [ 119.070489] cnss: Received QMI WLFW respond get info indication
07-10 16:11:50.890 0 0 D [ 119.070493] cnss: Extract message with event length: 748, type: 0, is last: 0, seq no: 0
07-10 16:11:50.890 0 0 D [ 119.070858] cnss: Received QMI WLFW respond get info indication
07-10 16:11:50.890 0 0 D [ 119.070862] cnss: Extract message with event length: 812, type: 0, is last: 0, seq no: 0
07-10 16:11:50.891 1907 1907 V PanelView: com.android.systemui:id/notification_panel: setExpandedHeight(0.0)
07-10 16:11:50.892 1907 1907 D StatusBar: updateQsExpansionEnabled - QS Expand enabled: true
07-10 16:11:50.892 1907 1907 D KeyguardUpdateMonitor: received broadcast android.intent.action.TIME_TICK
07-10 16:11:50.895 1907 2341 D Tile.BluetoothTile: handleUpdateState: true, connected: false, isTransient: false
07-10 16:11:50.898 930 930 D SurfaceFlinger: Finished setting power mode 2 on display 4630946816427681409
07-10 16:11:50.898 1566 1900 E DisplayDeviceConfig: requesting nits when no mapping exists.
07-10 16:11:50.898 1566 1704 D PowerManagerNotifier: onScreenPolicyUpdate: newPolicy=3
07-10 16:11:50.898 1566 1704 D PowerManagerService: updateDisplayPowerStateLocked: displayReady=true, groupId=0, policy=BRIGHT, mWakefulness=Awake, mWakeLockSummary=0x0, mUserActivitySummary=0x1, mBootCompleted=true, screenBrightnessOverride=NaN, useAutoBrightness=true, mScreenBrightnessBoostInProgress=false, mIsVrModeEnabled= false, sQuiescent=false
07-10 16:11:50.898 1566 1704 D PowerManagerNotifier: onWakefulnessChangeFinished
07-10 16:11:50.898 1566 1900 E DisplayDeviceConfig: requesting nits when no mapping exists.
07-10 16:11:50.899 0 0 W [ 119.076167] [drm: programmable_fetch_get_num_lines:228] low vbp+vfp may lead to perf issues in some cases
07-10 16:11:50.899 0 0 I [ 119.076828] [MAX975X: max96755x_drm_notifier_callback] *INFO* receives BLANK: UNBLANK
07-10 16:11:50.899 1907 2875 D KeyguardViewMediator: notifyScreenTurnedOn
07-10 16:11:50.895 1566 1566 W ActivityManager: type=1400 audit(0.0:322): avc: denied { getattr } for path="/data/tlog/fatal/dropbox" dev="dm-15" ino=449366 scontext=u:r:system_server:s0 tcontext=u:object_r:tlog_data_file:s0 tclass=dir permissive=0
07-10 16:11:50.900 1566 1689 I DropBoxManagerService: add tag=system_server_wtf isTagEnabled=true flags=0x2
07-10 16:11:50.900 1566 1689 E DropBoxManagerService: Can't write: system_server_wtf
07-10 16:11:50.900 1566 1689 E DropBoxManagerService: java.io.IOException: Can't mkdir: /data/tlog/fatal/dropbox
07-10 16:11:50.900 1566 1689 E DropBoxManagerService: at com.android.server.DropBoxManagerService.init(DropBoxManagerService.java:1011)
07-10 16:11:50.900 1566 1689 E DropBoxManagerService: at com.android.server.DropBoxManagerService.addEntry(DropBoxManagerService.java:470)
07-10 16:11:50.900 1566 1689 E DropBoxManagerService: at com.android.server.DropBoxManagerService.addEntry(DropBoxManagerService.java:421)
07-10 16:11:50.900 1566 1689 E DropBoxManagerService: at com.android.server.DropBoxManagerService.addData(DropBoxManagerService.java:392)
07-10 16:11:50.900 1566 1689 E DropBoxManagerService: at com.android.server.DropBoxManagerService$2.addData(DropBoxManagerService.java:161)
07-10 16:11:50.900 1566 1689 E DropBoxManagerService: at android.os.DropBoxManager.addData(DropBoxManager.java:333)
07-10 16:11:50.900 1566 1689 E DropBoxManagerService: at android.os.DropBoxManager.addText(DropBoxManager.java:320)
07-10 16:11:50.900 1566 1689 E DropBoxManagerService: at com.android.server.am.ActivityManagerService$16.run(ActivityManagerService.java:8479)
07-10 16:11:50.900 1566 1689 E DropBoxManagerService: at com.android.server.am.ActivityManagerService.addErrorToDropBox(ActivityManagerService.java:8488)
07-10 16:11:50.900 1566 1689 E DropBoxManagerService: at com.android.server.am.ActivityManagerService.handleApplicationWtfInner(ActivityManagerService.java:8221)
07-10 16:11:50.900 1566 1689 E DropBoxManagerService: at com.android.server.am.ActivityManagerService$15.run(ActivityManagerService.java:8187)
07-10 16:11:50.900 1566 1689 E DropBoxManagerService: at android.os.Handler.handleCallback(Handler.java:938)
07-10 16:11:50.900 1566 1689 E DropBoxManagerService: at android.os.Handler.dispatchMessage(Handler.java:99)
07-10 16:11:50.900 1566 1689 E DropBoxManagerService: at android.os.Looper.loopOnce(Looper.java:201)
07-10 16:11:50.900 1566 1689 E DropBoxManagerService: at android.os.Looper.loop(Looper.java:288)
07-10 16:11:50.900 1566 1689 E DropBoxManagerService: at android.os.HandlerThread.run(HandlerThread.java:67)
07-10 16:11:50.900 1566 1689 E DropBoxManagerService: at com.android.server.ServiceThread.run(ServiceThread.java:44)
07-10 16:11:50.895 1566 1566 W ActivityManager: type=1400 audit(0.0:323): avc: denied { getattr } for path="/data/tlog/fatal/dropbox" dev="dm-15" ino=449366 scontext=u:r:system_server:s0 tcontext=u:object_r:tlog_data_file:s0 tclass=dir permissive=0
07-10 16:11:50.901 1566 1689 I DropBoxManagerService: add tag=system_server_wtf isTagEnabled=true flags=0x2
07-10 16:11:50.902 1566 1689 E DropBoxManagerService: Can't write: system_server_wtf
07-10 16:11:50.902 1566 1689 E DropBoxManagerService: java.io.IOException: Can't mkdir: /data/tlog/fatal/dropbox
07-10 16:11:50.902 1566 1689 E DropBoxManagerService: at com.android.server.DropBoxManagerService.init(DropBoxManagerService.java:1011)
07-10 16:11:50.902 1566 1689 E DropBoxManagerService: at com.android.server.DropBoxManagerService.addEntry(DropBoxManagerService.java:470)
07-10 16:11:50.902 1566 1689 E DropBoxManagerService: at com.android.server.DropBoxManagerService.addEntry(DropBoxManagerService.java:421)
07-10 16:11:50.902 1566 1689 E DropBoxManagerService: at com.android.server.DropBoxManagerService.addData(DropBoxManagerService.java:392)
07-10 16:11:50.902 1566 1689 E DropBoxManagerService: at com.android.server.DropBoxManagerService$2.addData(DropBoxManagerService.java:161)
07-10 16:11:50.902 1566 1689 E DropBoxManagerService: at android.os.DropBoxManager.addData(DropBoxManager.java:333)
07-10 16:11:50.902 1566 1689 E DropBoxManagerService: at android.os.DropBoxManager.addText(DropBoxManager.java:320)
07-10 16:11:50.902 1566 1689 E DropBoxManagerService: at com.android.server.am.ActivityManagerService$16.run(ActivityManagerService.java:8479)
07-10 16:11:50.902 1566 1689 E DropBoxManagerService: at com.android.server.am.ActivityManagerService.addErrorToDropBox(ActivityManagerService.java:8488)
07-10 16:11:50.902 1566 1689 E DropBoxManagerService: at com.android.server.am.ActivityManagerService.handleApplicationWtfInner(ActivityManagerService.java:8221)
07-10 16:11:50.902 1566 1689 E DropBoxManagerService: at com.android.server.am.ActivityManagerService$15.run(ActivityManagerService.java:8187)
07-10 16:11:50.902 1566 1689 E DropBoxManagerService: at android.os.Handler.handleCallback(Handler.java:938)
07-10 16:11:50.902 1566 1689 E DropBoxManagerService: at android.os.Handler.dispatchMessage(Handler.java:99)
07-10 16:11:50.902 1566 1689 E DropBoxManagerService: at android.os.Looper.loopOnce(Looper.java:201)
07-10 16:11:50.902 1566 1689 E DropBoxManagerService: at android.os.Looper.loop(Looper.java:288)
07-10 16:11:50.902 1566 1689 E DropBoxManagerService: at android.os.HandlerThread.run(HandlerThread.java:67)
07-10 16:11:50.902 1566 1689 E DropBoxManagerService: at com.android.server.ServiceThread.run(ServiceThread.java:44)
07-10 16:11:50.903 3288 3288 I ImeService: ImeService(com.baidu.input_hryt.ImeService@53cec90) life called >>> onFinishInput
07-10 16:11:50.904 3288 3288 D ImeService: onFinishInput
07-10 16:11:50.904 3288 3288 I ImeService: ImeService(com.baidu.input_hryt.ImeService@53cec90) life called >>> onStartInput false 10.6.1003.19
07-10 16:11:50.904 3288 3288 D ImeService: current version:10.6.1003.19
07-10 16:11:50.904 3288 3288 D ImeService: onStartInput:packageName:com.android.settings inputType:0 restarting:false,fieldId:-1,imeOptions:0
07-10 16:11:50.906 3288 3456 E CarAuth : check ok
07-10 16:11:50.907 3288 3288 I ColorPicker: invalidatePickedColors: oldFloatColor=fff5f7fa
07-10 16:11:50.910 4177 4210 D BatteryInfo: time for getStats: 0ms
07-10 16:11:50.911 1907 1907 D KeyguardUpdateMonitor: handleTimeUpdate
07-10 16:11:50.911 1907 1907 D KeyguardViewMediator: handleNotifyScreenTurnedOn
07-10 16:11:50.912 4177 4210 D BatteryInfo: time for regular BatteryInfo: 2ms
07-10 16:11:50.912 4177 4210 D BatteryInfo: time for getBatteryInfo: 0ms
07-10 16:11:50.914 2102 3335 D MicroService: handleHeartBeat:81
07-10 16:11:50.915 0 0 D [ 119.095300] cnss: Received QMI WLFW respond get info indication
07-10 16:11:50.915 0 0 D [ 119.095307] cnss: Extract message with event length: 748, type: 0, is last: 0, seq no: 0
07-10 16:11:50.916 4177 4209 D BatteryTipLoader: BatteryInfoLoader post query: 0ms
07-10 16:11:50.917 4177 4209 D BatteryInfo: time for getBatteryInfo: 1ms
07-10 16:11:50.917 4177 4209 D BatteryTipLoader: BatteryInfoLoader.loadInBackground: 1ms
07-10 16:11:50.918 4177 4177 D BatteryInfo: time for callback: 0ms
07-10 16:11:50.922 2102 2102 D MicroService: onHeartBeatDetected
07-10 16:11:50.922 2102 2102 D MicroService: sendHeartbeatMessage
07-10 16:11:50.951 0 0 I [ 119.130527] [schedu][0x8b60cd7d][16: 11:50.950229] wlan: [3489:I:OSIF] scan start scan id 40963
07-10 16:11:51.103 0 0 I : [ 119.281392] atmel_mxt_ts 0-004a: Enter resume
07-10 16:11:51.329 662 677 I mpu_uart: [MSG-P:RECV]:No message received in 1000 ms
07-10 16:11:51.335 662 676 I mpu_uart: [MSG-P:R]:recv sync frame timeout
07-10 16:11:51.796 2306 2306 D RemoteControlService: startVlanDispatchThread
07-10 16:11:51.823 0 0 I : [ 120.000159] atmel_mxt_ts 0-004a: Report KEY_POWER to wakeup system
07-10 16:11:51.923 4177 4233 I OpenGLRenderer: Davey! duration=9223371916793ms; Flags=0, FrameTimelineVsyncId=1803, IntendedVsync=120061553306, Vsync=120061553306, InputEventId=0, HandleInputStart=120062539638, AnimationStart=120062546305, PerformTraversalsStart=120062550159, DrawStart=120086820628, FrameDeadline=120078219972, FrameInterval=120062524169, FrameStartTime=16666666, SyncQueued=120088084378, SyncStart=120088165575, IssueDrawCommandsStart=120089203075, SwapBuffers=120092681513, FrameCompleted=9223372036854775807, DequeueBufferDuration=52917, QueueBufferDuration=940729, GpuCompleted=9223372036854775807, SwapBuffersCompleted=120094180367, DisplayPresentTime=0,
07-10 16:11:52.132 1387 3565 D LOWI-9.0.0.87.a: [LOWI-Scan] wait_event:Wait done with Cmd 34
07-10 16:11:52.133 1387 3565 D LOWI-9.0.0.87.a: [LOWI-Scan] do_listen_events: Rcvd valid Netlink Cmd 34 Err 0
07-10 16:11:52.135 1566 3602 D WifiNl80211Manager: Scan result ready event
07-10 16:11:52.136 1566 3602 D WifiNative: Scan result ready event
07-10 16:11:52.136 1387 3565 D LOWI-9.0.0.87.a: [LOWI-Scan]
07-10 16:11:52.136 1387 3565 D LOWI-9.0.0.87.a: [LOWI-Scan] print_bss_handler: Report Probe TSF 119165034 as it greater than Beacon TSF 119161103
07-10 16:11:52.136 1387 3565 D LOWI-9.0.0.87.a: [LOWI-Scan] is_qcom_ie, bss_age: 0
07-10 16:11:52.136 1387 3565 D LOWI-9.0.0.87.a: [LOWI-Scan] BSS 7c:a7:b0:11:0a:ac LOWI_PHY_MODE_11NA_HT20(4), Beacon Interval: 100, LOWI_ENCRYPTION_TYPE_OPEN 11mcRanging: No, ANQP: No, LCI: No, Civic: No, capability(0x0011): ESS Privacy
07-10 16:11:52.136 1387 3565 D LOWI-9.0.0.87.a: [LOWI-Scan] BSS 7c:a7:b0:11:0a:ac FREQ: 5180, cFreq1[40:80:160] = [0:0:0] cFreq2 = 0 Country Code =
07-10 16:11:52.136 1387 3565 D LOWI-9.0.0.87.a: [LOWI-Scan] BSS 7c:a7:b0:11:0a:ac (wlan0) ASSO: NO AddInfo: 0x0, TSF 0, 00:01:59.165, RSSI: -94, CPL: 127, AGE: 1148, SSID Kunyi-0300028-5G, TSFDelta: 0x148b105f, TXRate: 0
07-10 16:11:52.136 1387 3565 D LOWI-9.0.0.87.a: [LOWI-Scan]
07-10 16:11:52.136 1387 3565 D LOWI-9.0.0.87.a: [LOWI-Scan] print_bss_handler: Report Probe TSF 119208891 as it greater than Beacon TSF 48178809
07-10 16:11:52.136 1387 3565 D LOWI-9.0.0.87.a: [LOWI-Scan] decode_rsn_wpa_ie: LOWI_ENCRYPTION_TYPE_WPA_PSK
07-10 16:11:52.136 1387 3565 D LOWI-9.0.0.87.a: [LOWI-Scan] is_qcom_ie, bss_age: 0
07-10 16:11:52.136 1387 3565 D LOWI-9.0.0.87.a: [LOWI-Scan] BSS 0c:dc:7e:9c:33:f5 LOWI_PHY_MODE_11NG_HT40(7), Beacon Interval: 100, LOWI_ENCRYPTION_TYPE_WPA_PSK 11mcRanging: No, ANQP: No, LCI: No, Civic: No, capability(0x0431): ESS Privacy ShortPreamble ShortSlotTime
07-10 16:11:52.136 1387 3565 D LOWI-9.0.0.87.a: [LOWI-Scan] BSS 0c:dc:7e:9c:33:f5 FREQ: 2412, cFreq1[40:80:160] = [2422:0:0] cFreq2 = 0 Country Code = CN
07-10 16:11:52.137 1387 3565 D LOWI-9.0.0.87.a: [LOWI-Scan] BSS 0c:dc:7e:9c:33:f5 (wlan0) ASSO: NO AddInfo: 0x0, TSF 0, 00:01:59.208, RSSI: -130, CPL: 127, AGE: 1104, SSID 3A4F20AA, TSFDelta: 0xe7d71072, TXRate: 0
07-10 16:11:52.137 1387 3565 D LOWI-9.0.0.87.a: [LOWI-Scan]
07-10 16:11:52.137 1387 3565 D LOWI-9.0.0.87.a: [LOWI-Scan] print_bss_handler: Report beacon TSF 119214987 as it greater than probe TSF 119205016
07-10 16:11:52.137 1387 3565 D LOWI-9.0.0.87.a: [LOWI-Scan] decode_rsn_wpa_ie: LOWI_ENCRYPTION_TYPE_WPA_PSK
07-10 16:11:52.137 1387 3565 D LOWI-9.0.0.87.a: [LOWI-Scan] is_qcom_ie, bss_age: 0
07-10 16:11:52.137 1387 3565 D LOWI-9.0.0.87.a: [LOWI-Scan] BSS 34:ab:95:79:fb:85 LOWI_PHY_MODE_11NG_HT40(7), Beacon Interval: 100, LOWI_ENCRYPTION_TYPE_WPA_PSK 11mcRanging: No, ANQP: No, LCI: No, Civic: No, capability(0x0431): ESS Privacy ShortPreamble ShortSlotTime
07-10 16:11:52.137 1387 3565 D LOWI-9.0.0.87.a: [LOWI-Scan] BSS 34:ab:95:79:fb:85 FREQ: 2412, cFreq1[40:80:160] = [2422:0:0] cFreq2 = 0 Country Code = CN
07-10 16:11:52.137 1387 3565 D LOWI-9.0.0.87.a: [LOWI-Scan] BSS 34:ab:95:79:fb:85 (wlan0) ASSO: NO AddInfo: 0x1, TSF 0, 00:01:59.214, RSSI: -138, CPL: 127, AGE: 1100, SSID F2E696B8, TSFDelta: 0x14c9a2d, TXRate: 0
07-10 16:11:52.138 1387 3565 D LOWI-9.0.0.87.a: [LOWI-Scan]
07-10 16:11:52.138 1387 3565 D LOWI-9.0.0.87.a: [LOWI-Scan] print_bss_handler: Report beacon TSF 119216078 as it greater than probe TSF 119204931
07-10 16:11:52.138 1387 3565 D LOWI-9.0.0.87.a: [LOWI-Scan] decode_rsn_wpa_ie: LOWI_ENCRYPTION_TYPE_WPA_PSK
07-10 16:11:52.138 1387 3565 D LOWI-9.0.0.87.a: [LOWI-Scan] is_qcom_ie, bss_age: 0
07-10 16:11:52.140 0 0 I [ 120.315148] [schedu][0x8cbbdbb1][16: 11:52.134845] wlan: [3489:I:OSIF] vdev 0, scan id 40963 type COMPLETED(1) reason COMPLETED(1) scan found 88 bss
07-10 16:11:52.138 1387 3565 D LOWI-9.0.0.87.a: [LOWI-Scan] BSS e8:31:cd:5d:e6:a1 LOWI_PHY_MODE_11NG_HT40(7), Beacon Interval: 100, LOWI_ENCRYPTION_TYPE_WPA_PSK 11mcRanging: No, ANQP: No, LCI: No, Civic: No, capability(0x0431): ESS Privacy ShortPreamble ShortSlotTime
07-10 16:11:52.138 1387 3565 D LOWI-9.0.0.87.a: [LOWI-Scan] BSS e8:31:cd:5d:e6:a1 FREQ: 2412, cFreq1[40:80:160] = [2422:0:0] cFreq2 = 0 Country Code = CN
07-10 16:11:52.138 1387 3565 D LOWI-9.0.0.87.a: [LOWI-Scan] BSS e8:31:cd:5d:e6:a1 (wlan0) ASSO: NO AddInfo: 0x1, TSF 0, 00:01:59.216, RSSI: -140, CPL: 127, AGE: 1096, SSID 82914562, TSFDelta: 0xed5a26a5, TXRate: 0
07-10 16:11:52.138 1387 3565 D LOWI-9.0.0.87.a: [LOWI-Scan]
07-10 16:11:52.138 1387 3565 D LOWI-9.0.0.87.a: [LOWI-Scan] print_bss_handler: Report Probe TSF 119204827 as it greater than Beacon TSF 0
07-10 16:11:52.138 1387 3565 D LOWI-9.0.0.87.a: [LOWI-Scan] decode_rsn_wpa_ie: LOWI_ENCRYPTION_TYPE_WPA_PSK
07-10 16:11:52.138 1387 3565 D LOWI-9.0.0.87.a: [LOWI-Scan] is_qcom_ie, bss_age: 0
07-10 16:11:52.138 1387 3565 D LOWI-9.0.0.87.a: [LOWI-Scan] BSS a4:e5:7c:45:4f:a1 LOWI_PHY_MODE_11NG_HT40(7), Beacon Interval: 100, LOWI_ENCRYPTION_TYPE_WPA_PSK 11mcRanging: No, ANQP: No, LCI: No, Civic: No, capability(0x0431): ESS Privacy ShortPreamble ShortSlotTime
07-10 16:11:52.138 1387 3565 D LOWI-9.0.0.87.a: [LOWI-Scan] BSS a4:e5:7c:45:4f:a1 FREQ: 2412, cFreq1[40:80:160] = [2422:0:0] cFreq2 = 0 Country Code = CN
07-10 16:11:52.138 1387 3565 D LOWI-9.0.0.87.a: [LOWI-Scan] BSS a4:e5:7c:45:4f:a1 (wlan0) ASSO: NO AddInfo: 0x0, TSF 0, 00:01:59.204, RSSI: -144, CPL: 127, AGE: 1108, SSID DED7D6AD, TSFDelta: 0x221f2d35, TXRate: 0
07-10 16:11:52.139 1387 3565 D LOWI-9.0.0.87.a: [LOWI-Scan]
07-10 16:11:52.139 1387 3565 D LOWI-9.0.0.87.a: [LOWI-Scan] print_bss_handler: Report beacon TSF 119247563 as it greater than probe TSF 119247563
07-10 16:11:52.139 1387 3565 D LOWI-9.0.0.87.a: [LOWI-Scan] is_qcom_ie, bss_age: 0
07-10 16:11:52.139 1387 3565 D LOWI-9.0.0.87.a: [LOWI-Scan] BSS 48:73:97:be:82:20 LOWI_PHY_MODE_11AC_VHT40(9), Beacon Interval: 100, LOWI_ENCRYPTION_TYPE_OPEN 11mcRanging: No, ANQP: No, LCI: No, Civic: No, capability(0x8001): ESS
07-10 16:11:52.139 1387 3565 D LOWI-9.0.0.87.a: [LOWI-Scan] BSS 48:73:97:be:82:20 FREQ: 5220, cFreq1[40:80:160] = [5230:0:0] cFreq2 = 0 Country Code = CN
07-10 16:11:52.139 1387 3565 D LOWI-9.0.0.87.a: [LOWI-Scan] BSS 48:73:97:be:82:20 (wlan0) ASSO: NO AddInfo: 0x1, TSF 0, 00:01:59.247, RSSI: -116, CPL: 127, AGE: 1068, SSID , TSFDelta: 0x2fd93d84, TXRate: 0
07-10 16:11:52.139 1387 3565 D LOWI-9.0.0.87.a: [LOWI-Scan]
07-10 16:11:52.139 1387 3565 D LOWI-9.0.0.87.a: [LOWI-Scan] print_bss_handler: Report beacon TSF 119247745 as it greater than probe TSF 119247745
07-10 16:11:52.139 1387 3565 D LOWI-9.0.0.87.a: [LOWI-Scan] is_qcom_ie, bss_age: 0
07-10 16:11:52.139 1387 3565 D LOWI-9.0.0.87.a: [LOWI-Scan] BSS 48:73:97:be:82:21 LOWI_PHY_MODE_11AC_VHT40(9), Beacon Interval: 100, LOWI_ENCRYPTION_TYPE_OPEN 11mcRanging: No, ANQP: No, LCI: No, Civic: No, capability(0x8001): ESS
07-10 16:11:52.139 1387 3565 D LOWI-9.0.0.87.a: [LOWI-Scan] BSS 48:73:97:be:82:21 FREQ: 5220, cFreq1[40:80:160] = [5230:0:0] cFreq2 = 0 Country Code = CN
07-10 16:11:52.139 1387 3565 D LOWI-9.0.0.87.a: [LOWI-Scan] BSS 48:73:97:be:82:21 (wlan0) ASSO: NO AddInfo: 0x1, TSF 0, 00:01:59.247, RSSI: -116, CPL: 127, AGE: 1068, SSID GUEST, TSFDelta: 0x2fdbb4cb, TXRate: 0
07-10 16:11:52.139 1387 3565 D LOWI-9.0.0.87.a: [LOWI-Scan]
07-10 16:11:52.139 1387 3565 D LOWI-9.0.0.87.a: [LOWI-Scan] print_bss_handler: Report beacon TSF 119247828 as it greater than probe TSF 119247828
07-10 16:11:52.139 1387 3565 D LOWI-9.0.0.87.a: [LOWI-Scan] decode_rsn_wpa_ie: LOWI_ENCRYPTION_TYPE_WPA_PSK
07-10 16:11:52.139 1387 3565 D LOWI-9.0.0.87.a: [LOWI-Scan] is_qcom_ie, bss_age: 0
07-10 16:11:52.140 1387 3565 D LOWI-9.0.0.87.a: [LOWI-Scan] BSS 48:73:97:be:82:22 LOWI_PHY_MODE_11AC_VHT40(9), Beacon Interval: 100, LOWI_ENCRYPTION_TYPE_WPA_PSK 11mcRanging: No, ANQP: No, LCI: No, Civic: No, capability(0x8011): ESS Privacy
07-10 16:11:52.140 1387 3565 D LOWI-9.0.0.87.a: [LOWI-Scan] BSS 48:73:97:be:82:22 FREQ: 5220, cFreq1[40:80:160] = [5230:0:0] cFreq2 = 0 Country Code = CN
07-10 16:11:52.140 1387 3565 D LOWI-9.0.0.87.a: [LOWI-Scan] BSS 48:73:97:be:82:22 (wlan0) ASSO: NO AddInfo: 0x1, TSF 0, 00:01:59.247, RSSI: -116, CPL: 127, AGE: 1068, SSID HELLO, TSFDelta: 0x2fde3b07, TXRate: 0
07-10 16:11:52.140 1387 3565 D LOWI-9.0.0.87.a: [LOWI-Scan]
07-10 16:11:52.140 1387 3565 D LOWI-9.0.0.87.a: [LOWI-Scan] print_bss_handler: Report beacon TSF 119249709 as it greater than probe TSF 119249709
07-10 16:11:52.140 1387 3565 D LOWI-9.0.0.87.a: [LOWI-Scan] decode_rsn_wpa_ie: LOWI_ENCRYPTION_TYPE_WPA_EAP
07-10 16:11:52.140 1387 3565 D LOWI-9.0.0.87.a: [LOWI-Scan] is_qcom_ie, bss_age: 0
07-10 16:11:52.140 1387 3565 D LOWI-9.0.0.87.a: [LOWI-Scan] BSS 48:73:97:be:82:23 LOWI_PHY_MODE_11AC_VHT40(9), Beacon Interval: 100, LOWI_ENCRYPTION_TYPE_WPA_EAP 11mcRanging: No, ANQP: No, LCI: No, Civic: No, capability(0x8011): ESS Privacy
07-10 16:11:52.140 1387 3565 D LOWI-9.0.0.87.a: [LOWI-Scan] BSS 48:73:97:be:82:23 FREQ: 5220, cFreq1[40:80:160] = [5230:0:0] cFreq2 = 0 Country Code = CN
07-10 16:11:52.140 1387 3565 D LOWI-9.0.0.87.a: [LOWI-Scan] BSS 48:73:97:be:82:23 (wlan0) ASSO: NO AddInfo: 0x1, TSF 0, 00:01:59.249, RSSI: -114, CPL: 127, AGE: 1064, SSID HH, TSFDelta: 0x2fe13960, TXRate: 0
07-10 16:11:52.140 1387 3565 D LOWI-9.0.0.87.a: [LOWI-Scan]
07-10 16:11:52.140 1387 3565 D LOWI-9.0.0.87.a: [LOWI-Scan] print_bss_handler: Report beacon TSF 119250033 as it greater than probe TSF 119250033
07-10 16:11:52.140 1387 3565 D LOWI-9.0.0.87.a: [LOWI-Scan] is_qcom_ie, bss_age: 0
07-10 16:11:52.140 1387 3565 D LOWI-9.0.0.87.a: [LOWI-Scan] BSS 48:73:97:be:82:24 LOWI_PHY_MODE_11AC_VHT40(9), Beacon Interval: 100, LOWI_ENCRYPTION_TYPE_OPEN 11mcRanging: No, ANQP: No, LCI: No, Civic: No, capability(0x8001): ESS
07-10 16:11:52.140 1387 3565 D LOWI-9.0.0.87.a: [LOWI-Scan] BSS 48:73:97:be:82:24 FREQ: 5220, cFreq1[40:80:160] = [5230:0:0] cFreq2 = 0 Country Code = CN
07-10 16:11:52.140 1387 3565 D LOWI-9.0.0.87.a: [LOWI-Scan] BSS 48:73:97:be:82:24 (wlan0) ASSO: NO AddInfo: 0x1, TSF 0, 00:01:59.250, RSSI: -116, CPL: 127, AGE: 1064, SSID HH-mobile, TSFDelta: 0x2fe3ec6b, TXRate: 0
07-10 16:11:52.141 1387 3565 D LOWI-9.0.0.87.a: [LOWI-Scan]
07-10 16:11:52.141 1387 3565 D LOWI-9.0.0.87.a: [LOWI-Scan] print_bss_handler: Report beacon TSF 119250160 as it greater than probe TSF 119250160
07-10 16:11:52.141 1387 3565 D LOWI-9.0.0.87.a: [LOWI-Scan] decode_rsn_wpa_ie: LOWI_ENCRYPTION_TYPE_WPA_PSK
07-10 16:11:52.141 1387 3565 D LOWI-9.0.0.87.a: [LOWI-Scan] is_qcom_ie, bss_age: 0
07-10 16:11:52.141 1387 3565 D LOWI-9.0.0.87.a: [LOWI-Scan] BSS 48:73:97:be:82:25 LOWI_PHY_MODE_11AC_VHT40(9), Beacon Interval: 100, LOWI_ENCRYPTION_TYPE_WPA_PSK 11mcRanging: No, ANQP: No, LCI: No, Civic: No, capability(0x8011): ESS Privacy
07-10 16:11:52.141 1387 3565 D LOWI-9.0.0.87.a: [LOWI-Scan] BSS 48:73:97:be:82:25 FREQ: 5220, cFreq1[40:80:160] = [5230:0:0] cFreq2 = 0 Country Code = CN
07-10 16:11:52.141 1387 3565 D LOWI-9.0.0.87.a: [LOWI-Scan] BSS 48:73:97:be:82:25 (wlan0) ASSO: NO AddInfo: 0x1, TSF 0, 00:01:59.250, RSSI: -116, CPL: 127, AGE: 1064, SSID , TSFDelta: 0x2fe67a40, TXRate: 0
07-10 16:11:52.142 1387 3565 D LOWI-9.0.0.87.a: [LOWI-Scan]
07-10 16:11:52.142 1387 3565 D LOWI-9.0.0.87.a: [LOWI-Scan] print_bss_handler: Report beacon TSF 119250237 as it greater than probe TSF 119250237
07-10 16:11:52.142 1387 3565 D LOWI-9.0.0.87.a: [LOWI-Scan] decode_rsn_wpa_ie: LOWI_ENCRYPTION_TYPE_WPA_PSK
07-10 16:11:52.142 1387 3565 D LOWI-9.0.0.87.a: [LOWI-Scan] is_qcom_ie, bss_age: 0
07-10 16:11:52.142 1387 3565 D LOWI-9.0.0.87.a: [LOWI-Scan] BSS 48:73:97:be:82:26 LOWI_PHY_MODE_11AC_VHT40(9), Beacon Interval: 100, LOWI_ENCRYPTION_TYPE_WPA_PSK 11mcRanging: No, ANQP: No, LCI: No, Civic: No, capability(0x8011): ESS Privacy
07-10 16:11:52.142 1387 3565 D LOWI-9.0.0.87.a: [LOWI-Scan] BSS 48:73:97:be:82:26 FREQ: 5220, cFreq1[40:80:160] = [5230:0:0] cFreq2 = 0 Country Code = CN
07-10 16:11:52.142 1387 3565 D LOWI-9.0.0.87.a: [LOWI-Scan] BSS 48:73:97:be:82:26 (wlan0) ASSO: NO AddInfo: 0x1, TSF 0, 00:01:59.250, RSSI: -116, CPL: 127, AGE: 1064, SSID , TSFDelta: 0x2fe96969, TXRate: 0
07-10 16:11:52.142 1387 3565 D LOWI-9.0.0.87.a: [LOWI-Scan]
07-10 16:11:52.142 1387 3565 D LOWI-9.0.0.87.a: [LOWI-Scan] print_bss_handler: Report beacon TSF 119595778 as it greater than probe TSF 119595778
07-10 16:11:52.142 1387 3565 D LOWI-9.0.0.87.a: [LOWI-Scan] decode_rsn_wpa_ie: LOWI_ENCRYPTION_TYPE_WPA_PSK
07-10 16:11:52.142 1387 3565 D LOWI-9.0.0.87.a: [LOWI-Scan] is_qcom_ie, bss_age: 0
07-10 16:11:52.142 1387 3565 D LOWI-9.0.0.87.a: [LOWI-Scan] BSS 48:73:97:be:8a:95 LOWI_PHY_MODE_11AC_VHT40(9), Beacon Interval: 100, LOWI_ENCRYPTION_TYPE_WPA_PSK 11mcRanging: No, ANQP: No, LCI: No, Civic: No, capability(0x8011): ESS Privacy
07-10 16:11:52.142 1387 3565 D LOWI-9.0.0.87.a: [LOWI-Scan] BSS 48:73:97:be:8a:95 FREQ: 5260, cFreq1[40:80:160] = [5270:0:0] cFreq2 = 0 Country Code = CN
07-10 16:11:52.142 1387 3565 D LOWI-9.0.0.87.a: [LOWI-Scan] BSS 48:73:97:be:8a:95 (wlan0) ASSO: NO AddInfo: 0x1, TSF 0, 00:01:59.595, RSSI: -136, CPL: 127, AGE: 720, SSID , TSFDelta: 0x1dd5b862, TXRate: 0
07-10 16:11:52.143 1387 3565 D LOWI-9.0.0.87.a: [LOWI-Scan]
07-10 16:11:52.143 1387 3565 D LOWI-9.0.0.87.a: [LOWI-Scan] print_bss_handler: Report beacon TSF 119623817 as it greater than probe TSF 119623817
07-10 16:11:52.143 1387 3565 D LOWI-9.0.0.87.a: [LOWI-Scan] decode_rsn_wpa_ie: LOWI_ENCRYPTION_TYPE_WPA_PSK
07-10 16:11:52.143 1387 3565 D LOWI-9.0.0.87.a: [LOWI-Scan] is_qcom_ie, bss_age: 0
07-10 16:11:52.143 1387 3565 D LOWI-9.0.0.87.a: [LOWI-Scan] BSS 30:5f:77:0c:46:90 LOWI_PHY_MODE_11NG_HT20(5), Beacon Interval: 100, LOWI_ENCRYPTION_TYPE_WPA_PSK 11mcRanging: No, ANQP: No, LCI: No, Civic: No, capability(0x8431): ESS Privacy ShortPreamble ShortSlotTime
07-10 16:11:52.143 1387 3565 D LOWI-9.0.0.87.a: [LOWI-Scan] BSS 30:5f:77:0c:46:90 FREQ: 2437, cFreq1[40:80:160] = [0:0:0] cFreq2 = 0 Country Code = CN
07-10 16:11:52.143 1387 3565 D LOWI-9.0.0.87.a: [LOWI-Scan] BSS 30:5f:77:0c:46:90 (wlan0) ASSO: NO AddInfo: 0x1, TSF 0, 00:01:59.623, RSSI: -162, CPL: 127, AGE: 692, SSID HELLO, TSFDelta: 0x6ebd5ca0, TXRate: 0
07-10 16:11:52.143 1387 3565 D LOWI-9.0.0.87.a: [LOWI-Scan]
07-10 16:11:52.143 1387 3565 D LOWI-9.0.0.87.a: [LOWI-Scan] print_bss_handler: Report beacon TSF 119634391 as it greater than probe TSF 119634391
07-10 16:11:52.143 1387 3565 D LOWI-9.0.0.87.a: [LOWI-Scan] decode_rsn_wpa_ie: LOWI_ENCRYPTION_TYPE_WPA_PSK
07-10 16:11:52.143 1387 3565 D LOWI-9.0.0.87.a: [LOWI-Scan] is_qcom_ie, bss_age: 0
07-10 16:11:52.143 1387 3565 D LOWI-9.0.0.87.a: [LOWI-Scan] BSS b8:45:f4:1d:3f:a0 LOWI_PHY_MODE_11NG_HT20(5), Beacon Interval: 100, LOWI_ENCRYPTION_TYPE_WPA_PSK 11mcRanging: No, ANQP: No, LCI: No, Civic: No, capability(0x8431): ESS Privacy ShortPreamble ShortSlotTime
07-10 16:11:52.143 1387 3565 D LOWI-9.0.0.87.a: [LOWI-Scan] BSS b8:45:f4:1d:3f:a0 FREQ: 2437, cFreq1[40:80:160] = [0:0:0] cFreq2 = 0 Country Code = CN
07-10 16:11:52.143 1387 3565 D LOWI-9.0.0.87.a: [LOWI-Scan] BSS b8:45:f4:1d:3f:a0 (wlan0) ASSO: NO AddInfo: 0x1, TSF 0, 00:01:59.634, RSSI: -146, CPL: 127, AGE: 680, SSID HELLO, TSFDelta: 0x68bd22bf, TXRate: 0
07-10 16:11:52.144 1387 3565 D LOWI-9.0.0.87.a: [LOWI-Scan]
07-10 16:11:52.144 1387 3565 D LOWI-9.0.0.87.a: [LOWI-Scan] print_bss_handler: Report beacon TSF 119642168 as it greater than probe TSF 119642168
07-10 16:11:52.144 1387 3565 D LOWI-9.0.0.87.a: [LOWI-Scan] is_qcom_ie, bss_age: 0
07-10 16:11:52.144 1387 3565 D LOWI-9.0.0.87.a: [LOWI-Scan] BSS 48:73:97:be:7c:84 LOWI_PHY_MODE_11AC_VHT40(9), Beacon Interval: 100, LOWI_ENCRYPTION_TYPE_OPEN 11mcRanging: No, ANQP: No, LCI: No, Civic: No, capability(0x8001): ESS
07-10 16:11:52.144 1387 3565 D LOWI-9.0.0.87.a: [LOWI-Scan] BSS 48:73:97:be:7c:84 FREQ: 5260, cFreq1[40:80:160] = [5270:0:0] cFreq2 = 0 Country Code = CN
07-10 16:11:52.144 1387 3565 D LOWI-9.0.0.87.a: [LOWI-Scan] BSS 48:73:97:be:7c:84 (wlan0) ASSO: NO AddInfo: 0x1, TSF 0, 00:01:59.642, RSSI: -106, CPL: 127, AGE: 672, SSID HH-mobile, TSFDelta: 0xa44d30c9, TXRate: 0
07-10 16:11:52.144 1387 3565 D LOWI-9.0.0.87.a: [LOWI-Scan]
07-10 16:11:52.144 1387 3565 D LOWI-9.0.0.87.a: [LOWI-Scan] print_bss_handler: Report beacon TSF 119642342 as it greater than probe TSF 119642342
07-10 16:11:52.144 1387 3565 D LOWI-9.0.0.87.a: [LOWI-Scan] decode_rsn_wpa_ie: LOWI_ENCRYPTION_TYPE_WPA_PSK
07-10 16:11:52.144 1387 3565 D LOWI-9.0.0.87.a: [LOWI-Scan] is_qcom_ie, bss_age: 0
07-10 16:11:52.144 1387 3565 D LOWI-9.0.0.87.a: [LOWI-Scan] BSS 48:73:97:be:7c:85 LOWI_PHY_MODE_11AC_VHT40(9), Beacon Interval: 100, LOWI_ENCRYPTION_TYPE_WPA_PSK 11mcRanging: No, ANQP: No, LCI: No, Civic: No, capability(0x8011): ESS Privacy
07-10 16:11:52.144 1387 3565 D LOWI-9.0.0.87.a: [LOWI-Scan] BSS 48:73:97:be:7c:85 FREQ: 5260, cFreq1[40:80:160] = [5270:0:0] cFreq2 = 0 Country Code = CN
07-10 16:11:52.144 1387 3565 D LOWI-9.0.0.87.a: [LOWI-Scan] BSS 48:73:97:be:7c:85 (wlan0) ASSO: NO AddInfo: 0x1, TSF 0, 00:01:59.642, RSSI: -106, CPL: 127, AGE: 672, SSID , TSFDelta: 0xa44fbe86, TXRate: 0
07-10 16:11:52.145 1387 3565 D LOWI-9.0.0.87.a: [LOWI-Scan]
07-10 16:11:52.145 1387 3565 D LOWI-9.0.0.87.a: [LOWI-Scan] print_bss_handler: Report beacon TSF 119642881 as it greater than probe TSF 119642881
07-10 16:11:52.145 1387 3565 D LOWI-9.0.0.87.a: [LOWI-Scan] decode_rsn_wpa_ie: LOWI_ENCRYPTION_TYPE_WPA_PSK
07-10 16:11:52.145 1387 3565 D LOWI-9.0.0.87.a: [LOWI-Scan] is_qcom_ie, bss_age: 0
07-10 16:11:52.145 1387 3565 D LOWI-9.0.0.87.a: [LOWI-Scan] BSS 48:73:97:be:7c:86 LOWI_PHY_MODE_11AC_VHT40(9), Beacon Interval: 100, LOWI_ENCRYPTION_TYPE_WPA_PSK 11mcRanging: No, ANQP: No, LCI: No, Civic: No, capability(0x8011): ESS Privacy
07-10 16:11:52.145 1387 3565 D LOWI-9.0.0.87.a: [LOWI-Scan] BSS 48:73:97:be:7c:86 FREQ: 5260, cFreq1[40:80:160] = [5270:0:0] cFreq2 = 0 Country Code = CN
07-10 16:11:52.145 1387 3565 D LOWI-9.0.0.87.a: [LOWI-Scan] BSS 48:73:97:be:7c:86 (wlan0) ASSO: NO AddInfo: 0x1, TSF 0, 00:01:59.642, RSSI: -106, CPL: 127, AGE: 672, SSID , TSFDelta: 0xa452adc7, TXRate: 0
07-10 16:11:52.145 1387 3565 D LOWI-9.0.0.87.a: [LOWI-Scan]
07-10 16:11:52.145 1387 3565 D LOWI-9.0.0.87.a: [LOWI-Scan] print_bss_handler: Report beacon TSF 119862954 as it greater than probe TSF 119838125
07-10 16:11:52.145 1387 3565 D LOWI-9.0.0.87.a: [LOWI-Scan] decode_rsn_wpa_ie: LOWI_ENCRYPTION_TYPE_WPA_PSK
07-10 16:11:52.145 1387 3565 D LOWI-9.0.0.87.a: [LOWI-Scan] is_qcom_ie, bss_age: 0
07-10 16:11:52.145 1387 3565 D LOWI-9.0.0.87.a: [LOWI-Scan] BSS fc:ee:e6:4f:12:2b LOWI_PHY_MODE_11NG_HT20(5), Beacon Interval: 100, LOWI_ENCRYPTION_TYPE_WPA_PSK 11mcRanging: No, ANQP: No, LCI: No, Civic: No, capability(0x0411): ESS Privacy ShortSlotTime
07-10 16:11:52.145 1387 3565 D LOWI-9.0.0.87.a: [LOWI-Scan] BSS fc:ee:e6:4f:12:2b FREQ: 2447, cFreq1[40:80:160] = [0:0:0] cFreq2 = 0 Country Code =
07-10 16:11:52.145 1387 3565 D LOWI-9.0.0.87.a: [LOWI-Scan] BSS fc:ee:e6:4f:12:2b (wlan0) ASSO: NO AddInfo: 0x1, TSF 0, 00:01:59.862, RSSI: -144, CPL: 127, AGE: 452, SSID GS560WiFi-fceee64f122b, TSFDelta: 0x85b32241, TXRate: 0
07-10 16:11:52.145 1387 3565 D LOWI-9.0.0.87.a: [LOWI-Scan]
07-10 16:11:52.145 1387 3565 D LOWI-9.0.0.87.a: [LOWI-Scan] print_bss_handler: Report beacon TSF 119892471 as it greater than probe TSF 119892471
07-10 16:11:52.145 1387 3565 D LOWI-9.0.0.87.a: [LOWI-Scan] is_qcom_ie, bss_age: 0
07-10 16:11:52.145 1387 3565 D LOWI-9.0.0.87.a: [LOWI-Scan] BSS 48:73:97:be:7c:20 LOWI_PHY_MODE_11AC_VHT40(9), Beacon Interval: 100, LOWI_ENCRYPTION_TYPE_OPEN 11mcRanging: No, ANQP: No, LCI: No, Civic: No, capability(0x8001): ESS
07-10 16:11:52.145 1387 3565 D LOWI-9.0.0.87.a: [LOWI-Scan] BSS 48:73:97:be:7c:20 FREQ: 5300, cFreq1[40:80:160] = [5310:0:0] cFreq2 = 0 Country Code = CN
07-10 16:11:52.146 1387 3565 D LOWI-9.0.0.87.a: [LOWI-Scan] BSS 48:73:97:be:7c:20 (wlan0) ASSO: NO AddInfo: 0x1, TSF 0, 00:01:59.892, RSSI: -144, CPL: 127, AGE: 420, SSID , TSFDelta: 0xc11a581e, TXRate: 0
07-10 16:11:52.146 1387 3565 D LOWI-9.0.0.87.a: [LOWI-Scan]
07-10 16:11:52.146 1387 3565 D LOWI-9.0.0.87.a: [LOWI-Scan] print_bss_handler: Report beacon TSF 119892591 as it greater than probe TSF 119892591
07-10 16:11:52.146 1387 3565 D LOWI-9.0.0.87.a: [LOWI-Scan] is_qcom_ie, bss_age: 0
07-10 16:11:52.146 1387 3565 D LOWI-9.0.0.87.a: [LOWI-Scan] BSS 48:73:97:be:7c:21 LOWI_PHY_MODE_11AC_VHT40(9), Beacon Interval: 100, LOWI_ENCRYPTION_TYPE_OPEN 11mcRanging: No, ANQP: No, LCI: No, Civic: No, capability(0x8001): ESS
07-10 16:11:52.146 1387 3565 D LOWI-9.0.0.87.a: [LOWI-Scan] BSS 48:73:97:be:7c:21 FREQ: 5300, cFreq1[40:80:160] = [5310:0:0] cFreq2 = 0 Country Code = CN
07-10 16:11:52.146 1387 3565 D LOWI-9.0.0.87.a: [LOWI-Scan] BSS 48:73:97:be:7c:21 (wlan0) ASSO: NO AddInfo: 0x1, TSF 0, 00:01:59.892, RSSI: -142, CPL: 127, AGE: 420, SSID GUEST, TSFDelta: 0xc11ccf65, TXRate: 0
07-10 16:11:52.146 1387 3565 D LOWI-9.0.0.87.a: [LOWI-Scan]
07-10 16:11:52.146 1387 3565 D LOWI-9.0.0.87.a: [LOWI-Scan] print_bss_handler: Report beacon TSF 119893128 as it greater than probe TSF 119893128
07-10 16:11:52.146 1387 3565 D LOWI-9.0.0.87.a: [LOWI-Scan] decode_rsn_wpa_ie: LOWI_ENCRYPTION_TYPE_WPA_PSK
07-10 16:11:52.146 1387 3565 D LOWI-9.0.0.87.a: [LOWI-Scan] is_qcom_ie, bss_age: 0
07-10 16:11:52.146 1387 3565 D LOWI-9.0.0.87.a: [LOWI-Scan] BSS 48:73:97:be:7c:22 LOWI_PHY_MODE_11AC_VHT40(9), Beacon Interval: 100, LOWI_ENCRYPTION_TYPE_WPA_PSK 11mcRanging: No, ANQP: No, LCI: No, Civic: No, capability(0x8011): ESS Privacy
07-10 16:11:52.146 1387 3565 D LOWI-9.0.0.87.a: [LOWI-Scan] BSS 48:73:97:be:7c:22 FREQ: 5300, cFreq1[40:80:160] = [5310:0:0] cFreq2 = 0 Country Code = CN
07-10 16:11:52.146 1387 3565 D LOWI-9.0.0.87.a: [LOWI-Scan] BSS 48:73:97:be:7c:22 (wlan0) ASSO: NO AddInfo: 0x1, TSF 0, 00:01:59.893, RSSI: -142, CPL: 127, AGE: 420, SSID HELLO, TSFDelta: 0xc11f55a1, TXRate: 0
07-10 16:11:52.147 1387 3565 D LOWI-9.0.0.87.a: [LOWI-Scan]
07-10 16:11:52.147 1387 3565 D LOWI-9.0.0.87.a: [LOWI-Scan] print_bss_handler: Report beacon TSF 119893209 as it greater than probe TSF 119893209
07-10 16:11:52.147 1387 3565 D LOWI-9.0.0.87.a: [LOWI-Scan] decode_rsn_wpa_ie: LOWI_ENCRYPTION_TYPE_WPA_EAP
07-10 16:11:52.147 1387 3565 D LOWI-9.0.0.87.a: [LOWI-Scan] is_qcom_ie, bss_age: 0
07-10 16:11:52.147 1387 3565 D LOWI-9.0.0.87.a: [LOWI-Scan] BSS 48:73:97:be:7c:23 LOWI_PHY_MODE_11AC_VHT40(9), Beacon Interval: 100, LOWI_ENCRYPTION_TYPE_WPA_EAP 11mcRanging: No, ANQP: No, LCI: No, Civic: No, capability(0x8011): ESS Privacy
07-10 16:11:52.147 1387 3565 D LOWI-9.0.0.87.a: [LOWI-Scan] BSS 48:73:97:be:7c:23 FREQ: 5300, cFreq1[40:80:160] = [5310:0:0] cFreq2 = 0 Country Code = CN
07-10 16:11:52.147 1387 3565 D LOWI-9.0.0.87.a: [LOWI-Scan] BSS 48:73:97:be:7c:23 (wlan0) ASSO: NO AddInfo: 0x1, TSF 0, 00:01:59.893, RSSI: -138, CPL: 127, AGE: 420, SSID HH, TSFDelta: 0xc12253e2, TXRate: 0
07-10 16:11:52.147 1387 3565 D LOWI-9.0.0.87.a: [LOWI-Scan]
07-10 16:11:52.147 1387 3565 D LOWI-9.0.0.87.a: [LOWI-Scan] print_bss_handler: Report beacon TSF 119893795 as it greater than probe TSF 119893795
07-10 16:11:52.147 1387 3565 D LOWI-9.0.0.87.a: [LOWI-Scan] is_qcom_ie, bss_age: 0
07-10 16:11:52.147 1387 3565 D LOWI-9.0.0.87.a: [LOWI-Scan] BSS 48:73:97:be:7c:24 LOWI_PHY_MODE_11AC_VHT40(9), Beacon Interval: 100, LOWI_ENCRYPTION_TYPE_OPEN 11mcRanging: No, ANQP: No, LCI: No, Civic: No, capability(0x8001): ESS
07-10 16:11:52.147 1387 3565 D LOWI-9.0.0.87.a: [LOWI-Scan] BSS 48:73:97:be:7c:24 FREQ: 5300, cFreq1[40:80:160] = [5310:0:0] cFreq2 = 0 Country Code = CN
07-10 16:11:52.147 1387 3565 D LOWI-9.0.0.87.a: [LOWI-Scan] BSS 48:73:97:be:7c:24 (wlan0) ASSO: NO AddInfo: 0x1, TSF 0, 00:01:59.893, RSSI: -136, CPL: 127, AGE: 420, SSID HH-mobile, TSFDelta: 0xc125071d, TXRate: 0
07-10 16:11:52.147 1387 3565 D LOWI-9.0.0.87.a: [LOWI-Scan]
07-10 16:11:52.147 1387 3565 D LOWI-9.0.0.87.a: [LOWI-Scan] print_bss_handler: Report beacon TSF 119893875 as it greater than probe TSF 119893875
07-10 16:11:52.147 1387 3565 D LOWI-9.0.0.87.a: [LOWI-Scan] decode_rsn_wpa_ie: LOWI_ENCRYPTION_TYPE_WPA_PSK
07-10 16:11:52.147 1387 3565 D LOWI-9.0.0.87.a: [LOWI-Scan] is_qcom_ie, bss_age: 0
07-10 16:11:52.147 1387 3565 D LOWI-9.0.0.87.a: [LOWI-Scan] BSS 48:73:97:be:7c:25 LOWI_PHY_MODE_11AC_VHT40(9), Beacon Interval: 100, LOWI_ENCRYPTION_TYPE_WPA_PSK 11mcRanging: No, ANQP: No, LCI: No, Civic: No, capability(0x8011): ESS Privacy
07-10 16:11:52.147 1387 3565 D LOWI-9.0.0.87.a: [LOWI-Scan] BSS 48:73:97:be:7c:25 FREQ: 5300, cFreq1[40:80:160] = [5310:0:0] cFreq2 = 0 Country Code = CN
07-10 16:11:52.147 1387 3565 D LOWI-9.0.0.87.a: [LOWI-Scan] BSS 48:73:97:be:7c:25 (wlan0) ASSO: NO AddInfo: 0x1, TSF 0, 00:01:59.893, RSSI: -136, CPL: 127, AGE: 420, SSID , TSFDelta: 0xc12794f2, TXRate: 0
07-10 16:11:52.148 1387 3565 D LOWI-9.0.0.87.a: [LOWI-Scan]
07-10 16:11:52.148 1387 3565 D LOWI-9.0.0.87.a: [LOWI-Scan] print_bss_handler: Report beacon TSF 119894194 as it greater than probe TSF 119894194
07-10 16:11:52.148 1387 3565 D LOWI-9.0.0.87.a: [LOWI-Scan] decode_rsn_wpa_ie: LOWI_ENCRYPTION_TYPE_WPA_PSK
07-10 16:11:52.148 1387 3565 D LOWI-9.0.0.87.a: [LOWI-Scan] is_qcom_ie, bss_age: 0
07-10 16:11:52.148 1387 3565 D LOWI-9.0.0.87.a: [LOWI-Scan] BSS 48:73:97:be:7c:26 LOWI_PHY_MODE_11AC_VHT40(9), Beacon Interval: 100, LOWI_ENCRYPTION_TYPE_WPA_PSK 11mcRanging: No, ANQP: No, LCI: No, Civic: No, capability(0x8011): ESS Privacy
07-10 16:11:52.148 1387 3565 D LOWI-9.0.0.87.a: [LOWI-Scan] BSS 48:73:97:be:7c:26 FREQ: 5300, cFreq1[40:80:160] = [5310:0:0] cFreq2 = 0 Country Code = CN
07-10 16:11:52.148 1387 3565 D LOWI-9.0.0.87.a: [LOWI-Scan] BSS 48:73:97:be:7c:26 (wlan0) ASSO: NO AddInfo: 0x1, TSF 0, 00:01:59.894, RSSI: -134, CPL: 127, AGE: 420, SSID , TSFDelta: 0xc12a841b, TXRate: 0
07-10 16:11:52.148 1387 3565 D LOWI-9.0.0.87.a: [LOWI-Scan]
07-10 16:11:52.148 1387 3565 D LOWI-9.0.0.87.a: [LOWI-Scan] print_bss_handler: Report beacon TSF 120090773 as it greater than probe TSF 120090773
07-10 16:11:52.148 1387 3565 D LOWI-9.0.0.87.a: [LOWI-Scan] decode_rsn_wpa_ie: LOWI_ENCRYPTION_TYPE_WPA_PSK
07-10 16:11:52.148 1387 3565 D LOWI-9.0.0.87.a: [LOWI-Scan] is_qcom_ie, bss_age: 0
07-10 16:11:52.148 1387 3565 D LOWI-9.0.0.87.a: [LOWI-Scan] BSS 62:7c:19:c3:71:63 LOWI_PHY_MODE_11AC_VHT20_2G(11), Beacon Interval: 100, LOWI_ENCRYPTION_TYPE_WPA_PSK 11mcRanging: No, ANQP: No, LCI: No, Civic: No, capability(0x1431): ESS Privacy ShortPreamble ShortSlotTime
07-10 16:11:52.148 1387 3565 D LOWI-9.0.0.87.a: [LOWI-Scan] BSS 62:7c:19:c3:71:63 FREQ: 2462, cFreq1[40:80:160] = [2462:0:0] cFreq2 = 0 Country Code = US
07-10 16:11:52.148 1387 3565 D LOWI-9.0.0.87.a: [LOWI-Scan] BSS 62:7c:19:c3:71:63 (wlan0) ASSO: NO AddInfo: 0x1, TSF 0, 00:02:00.090, RSSI: -182, CPL: 127, AGE: 228, SSID HiPhi000709, TSFDelta: 0xfb8fc008, TXRate: 0
07-10 16:11:52.148 1387 3565 D LOWI-9.0.0.87.a: [LOWI-Scan]
07-10 16:11:52.148 1387 3565 D LOWI-9.0.0.87.a: [LOWI-Scan] print_bss_handler: Report beacon TSF 119639134 as it greater than probe TSF 119639134
07-10 16:11:52.148 1387 3565 D LOWI-9.0.0.87.a: [LOWI-Scan] is_qcom_ie, bss_age: 0
07-10 16:11:52.148 1387 3565 D LOWI-9.0.0.87.a: [LOWI-Scan] BSS 48:73:97:be:7b:f0 LOWI_PHY_MODE_11AC_VHT40(9), Beacon Interval: 100, LOWI_ENCRYPTION_TYPE_OPEN 11mcRanging: No, ANQP: No, LCI: No, Civic: No, capability(0x8001): ESS
07-10 16:11:52.148 1387 3565 D LOWI-9.0.0.87.a: [LOWI-Scan] BSS 48:73:97:be:7b:f0 FREQ: 5260, cFreq1[40:80:160] = [5270:0:0] cFreq2 = 0 Country Code = CN
07-10 16:11:52.148 1387 3565 D LOWI-9.0.0.87.a: [LOWI-Scan] BSS 48:73:97:be:7b:f0 (wlan0) ASSO: NO AddInfo: 0x1, TSF 0, 00:01:59.639, RSSI: -146, CPL: 127, AGE: 680, SSID , TSFDelta: 0x7e0f955b, TXRate: 0
07-10 16:11:52.148 1387 3565 D LOWI-9.0.0.87.a: [LOWI-Scan]
07-10 16:11:52.149 1387 3565 D LOWI-9.0.0.87.a: [LOWI-Scan] print_bss_handler: Report beacon TSF 119639245 as it greater than probe TSF 119639245
07-10 16:11:52.149 1387 3565 D LOWI-9.0.0.87.a: [LOWI-Scan] is_qcom_ie, bss_age: 0
07-10 16:11:52.149 1387 3565 D LOWI-9.0.0.87.a: [LOWI-Scan] BSS 48:73:97:be:7b:f1 LOWI_PHY_MODE_11AC_VHT40(9), Beacon Interval: 100, LOWI_ENCRYPTION_TYPE_OPEN 11mcRanging: No, ANQP: No, LCI: No, Civic: No, capability(0x8001): ESS
07-10 16:11:52.149 1387 3565 D LOWI-9.0.0.87.a: [LOWI-Scan] BSS 48:73:97:be:7b:f1 FREQ: 5260, cFreq1[40:80:160] = [5270:0:0] cFreq2 = 0 Country Code = CN
07-10 16:11:52.149 1387 3565 D LOWI-9.0.0.87.a: [LOWI-Scan] BSS 48:73:97:be:7b:f1 (wlan0) ASSO: NO AddInfo: 0x1, TSF 0, 00:01:59.639, RSSI: -142, CPL: 127, AGE: 680, SSID GUEST, TSFDelta: 0x7e120ca2, TXRate: 0
07-10 16:11:52.149 1387 3565 D LOWI-9.0.0.87.a: [LOWI-Scan]
07-10 16:11:52.149 1387 3565 D LOWI-9.0.0.87.a: [LOWI-Scan] print_bss_handler: Report beacon TSF 119639933 as it greater than probe TSF 119639933
07-10 16:11:52.149 1387 3565 D LOWI-9.0.0.87.a: [LOWI-Scan] is_qcom_ie, bss_age: 0
07-10 16:11:52.149 1387 3565 D LOWI-9.0.0.87.a: [LOWI-Scan] BSS 48:73:97:be:7b:f4 LOWI_PHY_MODE_11AC_VHT40(9), Beacon Interval: 100, LOWI_ENCRYPTION_TYPE_OPEN 11mcRanging: No, ANQP: No, LCI: No, Civic: No, capability(0x8001): ESS
07-10 16:11:52.149 1387 3565 D LOWI-9.0.0.87.a: [LOWI-Scan] BSS 48:73:97:be:7b:f4 FREQ: 5260, cFreq1[40:80:160] = [5270:0:0] cFreq2 = 0 Country Code = CN
07-10 16:11:52.149 1387 3565 D LOWI-9.0.0.87.a: [LOWI-Scan] BSS 48:73:97:be:7b:f4 (wlan0) ASSO: NO AddInfo: 0x1, TSF 0, 00:01:59.639, RSSI: -140, CPL: 127, AGE: 680, SSID HH-mobile, TSFDelta: 0x7e1a4472, TXRate: 0
07-10 16:11:52.149 1387 3565 D LOWI-9.0.0.87.a: [LOWI-Scan]
07-10 16:11:52.149 1387 3565 D LOWI-9.0.0.87.a: [LOWI-Scan] print_bss_handler: Report beacon TSF 119640337 as it greater than probe TSF 119640337
07-10 16:11:52.149 1387 3565 D LOWI-9.0.0.87.a: [LOWI-Scan] decode_rsn_wpa_ie: LOWI_ENCRYPTION_TYPE_WPA_PSK
07-10 16:11:52.149 1387 3565 D LOWI-9.0.0.87.a: [LOWI-Scan] is_qcom_ie, bss_age: 0
07-10 16:11:52.149 1387 3565 D LOWI-9.0.0.87.a: [LOWI-Scan] BSS 48:73:97:be:7b:f5 LOWI_PHY_MODE_11AC_VHT40(9), Beacon Interval: 100, LOWI_ENCRYPTION_TYPE_WPA_PSK 11mcRanging: No, ANQP: No, LCI: No, Civic: No, capability(0x8011): ESS Privacy
07-10 16:11:52.149 1387 3565 D LOWI-9.0.0.87.a: [LOWI-Scan] BSS 48:73:97:be:7b:f5 FREQ: 5260, cFreq1[40:80:160] = [5270:0:0] cFreq2 = 0 Country Code = CN
07-10 16:11:52.149 1387 3565 D LOWI-9.0.0.87.a: [LOWI-Scan] BSS 48:73:97:be:7b:f5 (wlan0) ASSO: NO AddInfo: 0x1, TSF 0, 00:01:59.640, RSSI: -140, CPL: 127, AGE: 676, SSID , TSFDelta: 0x7e1cd22f, TXRate: 0
07-10 16:11:52.149 1387 3565 D LOWI-9.0.0.87.a: [LOWI-Scan]
07-10 16:11:52.149 1387 3565 D LOWI-9.0.0.87.a: [LOWI-Scan] print_bss_handler: Report Probe TSF 119680720 as it greater than Beacon TSF 48704322
07-10 16:11:52.149 1387 3565 D LOWI-9.0.0.87.a: [LOWI-Scan] decode_rsn_wpa_ie: LOWI_ENCRYPTION_TYPE_WPA_PSK
07-10 16:11:52.149 1387 3565 D LOWI-9.0.0.87.a: [LOWI-Scan] is_qcom_ie, bss_age: 0
07-10 16:11:52.149 1387 3565 D LOWI-9.0.0.87.a: [LOWI-Scan] BSS 62:52:84:54:be:c5 LOWI_PHY_MODE_11AC_VHT20_2G(11), Beacon Interval: 100, LOWI_ENCRYPTION_TYPE_WPA_PSK 11mcRanging: No, ANQP: No, LCI: No, Civic: No, capability(0x1431): ESS Privacy ShortPreamble ShortSlotTime
07-10 16:11:52.149 1387 3565 D LOWI-9.0.0.87.a: [LOWI-Scan] BSS 62:52:84:54:be:c5 FREQ: 2437, cFreq1[40:80:160] = [2437:0:0] cFreq2 = 0 Country Code = US
07-10 16:11:52.149 1387 3565 D LOWI-9.0.0.87.a: [LOWI-Scan] BSS 62:52:84:54:be:c5 (wlan0) ASSO: NO AddInfo: 0x0, TSF 0, 00:01:59.680, RSSI: -136, CPL: 127, AGE: 636, SSID HiPhi000369, TSFDelta: 0xafe94e5f, TXRate: 0
07-10 16:11:52.150 1387 3565 D LOWI-9.0.0.87.a: [LOWI-Scan]
07-10 16:11:52.150 1387 3565 D LOWI-9.0.0.87.a: [LOWI-Scan] print_bss_handler: Report beacon TSF 119896790 as it greater than probe TSF 119896790
07-10 16:11:52.150 1387 3565 D LOWI-9.0.0.87.a: [LOWI-Scan] decode_rsn_wpa_ie: LOWI_ENCRYPTION_TYPE_WPA_PSK
07-10 16:11:52.150 1387 3565 D LOWI-9.0.0.87.a: [LOWI-Scan] is_qcom_ie, bss_age: 0
07-10 16:11:52.150 1387 3565 D LOWI-9.0.0.87.a: [LOWI-Scan] BSS 48:73:97:be:88:86 LOWI_PHY_MODE_11AC_VHT40(9), Beacon Interval: 100, LOWI_ENCRYPTION_TYPE_WPA_PSK 11mcRanging: No, ANQP: No, LCI: No, Civic: No, capability(0x8011): ESS Privacy
07-10 16:11:52.150 1387 3565 D LOWI-9.0.0.87.a: [LOWI-Scan] BSS 48:73:97:be:88:86 FREQ: 5300, cFreq1[40:80:160] = [5310:0:0] cFreq2 = 0 Country Code = CN
07-10 16:11:52.150 1387 3565 D LOWI-9.0.0.87.a: [LOWI-Scan] BSS 48:73:97:be:88:86 (wlan0) ASSO: NO AddInfo: 0x1, TSF 0, 00:01:59.896, RSSI: -100, CPL: 127, AGE: 420, SSID , TSFDelta: 0x399f3b9d, TXRate: 0
07-10 16:11:52.150 1387 3565 D LOWI-9.0.0.87.a: [LOWI-Scan]
07-10 16:11:52.150 1387 3565 D LOWI-9.0.0.87.a: [LOWI-Scan] print_bss_handler: Report beacon TSF 119914920 as it greater than probe TSF 119914920
07-10 16:11:52.150 1387 3565 D LOWI-9.0.0.87.a: [LOWI-Scan] is_qcom_ie, bss_age: 0
07-10 16:11:52.150 1387 3565 D LOWI-9.0.0.87.a: [LOWI-Scan] BSS 48:73:97:be:7d:40 LOWI_PHY_MODE_11AC_VHT40(9), Beacon Interval: 100, LOWI_ENCRYPTION_TYPE_OPEN 11mcRanging: No, ANQP: No, LCI: No, Civic: No, capability(0x8001): ESS
07-10 16:11:52.150 1387 3565 D LOWI-9.0.0.87.a: [LOWI-Scan] BSS 48:73:97:be:7d:40 FREQ: 5300, cFreq1[40:80:160] = [5310:0:0] cFreq2 = 0 Country Code = CN
07-10 16:11:52.150 1387 3565 D LOWI-9.0.0.87.a: [LOWI-Scan] BSS 48:73:97:be:7d:40 (wlan0) ASSO: NO AddInfo: 0x1, TSF 0, 00:01:59.914, RSSI: -116, CPL: 127, AGE: 404, SSID , TSFDelta: 0x58b3d051, TXRate: 0
07-10 16:11:52.150 1387 3565 D LOWI-9.0.0.87.a: [LOWI-Scan]
07-10 16:11:52.150 1387 3565 D LOWI-9.0.0.87.a: [LOWI-Scan] print_bss_handler: Report beacon TSF 119915046 as it greater than probe TSF 119915046
07-10 16:11:52.150 1387 3565 D LOWI-9.0.0.87.a: [LOWI-Scan] is_qcom_ie, bss_age: 0
07-10 16:11:52.150 1387 3565 D LOWI-9.0.0.87.a: [LOWI-Scan] BSS 48:73:97:be:7d:41 LOWI_PHY_MODE_11AC_VHT40(9), Beacon Interval: 100, LOWI_ENCRYPTION_TYPE_OPEN 11mcRanging: No, ANQP: No, LCI: No, Civic: No, capability(0x8001): ESS
07-10 16:11:52.150 1387 3565 D LOWI-9.0.0.87.a: [LOWI-Scan] BSS 48:73:97:be:7d:41 FREQ: 5300, cFreq1[40:80:160] = [5310:0:0] cFreq2 = 0 Country Code = CN
07-10 16:11:52.150 1387 3565 D LOWI-9.0.0.87.a: [LOWI-Scan] BSS 48:73:97:be:7d:41 (wlan0) ASSO: NO AddInfo: 0x1, TSF 0, 00:01:59.915, RSSI: -116, CPL: 127, AGE: 404, SSID GUEST, TSFDelta: 0x58b532c4, TXRate: 0
07-10 16:11:52.150 1387 3565 D LOWI-9.0.0.87.a: [LOWI-Scan]
07-10 16:11:52.150 1387 3565 D LOWI-9.0.0.87.a: [LOWI-Scan] print_bss_handler: Report beacon TSF 119915111 as it greater than probe TSF 119915111
07-10 16:11:52.150 1387 3565 D LOWI-9.0.0.87.a: [LOWI-Scan] decode_rsn_wpa_ie: LOWI_ENCRYPTION_TYPE_WPA_PSK
07-10 16:11:52.151 1387 3565 D LOWI-9.0.0.87.a: [LOWI-Scan] is_qcom_ie, bss_age: 0
07-10 16:11:52.151 1387 3565 D LOWI-9.0.0.87.a: [LOWI-Scan] BSS 48:73:97:be:7d:42 LOWI_PHY_MODE_11AC_VHT40(9), Beacon Interval: 100, LOWI_ENCRYPTION_TYPE_WPA_PSK 11mcRanging: No, ANQP: No, LCI: No, Civic: No, capability(0x8011): ESS Privacy
07-10 16:11:52.151 1387 3565 D LOWI-9.0.0.87.a: [LOWI-Scan] BSS 48:73:97:be:7d:42 FREQ: 5300, cFreq1[40:80:160] = [5310:0:0] cFreq2 = 0 Country Code = CN
07-10 16:11:52.151 1387 3565 D LOWI-9.0.0.87.a: [LOWI-Scan] BSS 48:73:97:be:7d:42 (wlan0) ASSO: NO AddInfo: 0x1, TSF 0, 00:01:59.915, RSSI: -116, CPL: 127, AGE: 404, SSID HELLO, TSFDelta: 0x58b69c98, TXRate: 0
07-10 16:11:52.151 1387 3565 D LOWI-9.0.0.87.a: [LOWI-Scan]
07-10 16:11:52.151 1387 3565 D LOWI-9.0.0.87.a: [LOWI-Scan] print_bss_handler: Report beacon TSF 119915282 as it greater than probe TSF 119915282
07-10 16:11:52.151 1387 3565 D LOWI-9.0.0.87.a: [LOWI-Scan] decode_rsn_wpa_ie: LOWI_ENCRYPTION_TYPE_WPA_EAP
07-10 16:11:52.151 1387 3565 D LOWI-9.0.0.87.a: [LOWI-Scan] is_qcom_ie, bss_age: 0
07-10 16:11:52.151 1387 3565 D LOWI-9.0.0.87.a: [LOWI-Scan] BSS 48:73:97:be:7d:43 LOWI_PHY_MODE_11AC_VHT40(9), Beacon Interval: 100, LOWI_ENCRYPTION_TYPE_WPA_EAP 11mcRanging: No, ANQP: No, LCI: No, Civic: No, capability(0x8011): ESS Privacy
07-10 16:11:52.151 1387 3565 D LOWI-9.0.0.87.a: [LOWI-Scan] BSS 48:73:97:be:7d:43 FREQ: 5300, cFreq1[40:80:160] = [5310:0:0] cFreq2 = 0 Country Code = CN
07-10 16:11:52.151 1387 3565 D LOWI-9.0.0.87.a: [LOWI-Scan] BSS 48:73:97:be:7d:43 (wlan0) ASSO: NO AddInfo: 0x1, TSF 0, 00:01:59.915, RSSI: -116, CPL: 127, AGE: 404, SSID HH, TSFDelta: 0x58b84279, TXRate: 0
07-10 16:11:52.151 1387 3565 D LOWI-9.0.0.87.a: [LOWI-Scan]
07-10 16:11:52.151 1387 3565 D LOWI-9.0.0.87.a: [LOWI-Scan] print_bss_handler: Report beacon TSF 119915354 as it greater than probe TSF 119915354
07-10 16:11:52.151 1387 3565 D LOWI-9.0.0.87.a: [LOWI-Scan] is_qcom_ie, bss_age: 0
07-10 16:11:52.151 1387 3565 D LOWI-9.0.0.87.a: [LOWI-Scan] BSS 48:73:97:be:7d:44 LOWI_PHY_MODE_11AC_VHT40(9), Beacon Interval: 100, LOWI_ENCRYPTION_TYPE_OPEN 11mcRanging: No, ANQP: No, LCI: No, Civic: No, capability(0x8001): ESS
07-10 16:11:52.151 1387 3565 D LOWI-9.0.0.87.a: [LOWI-Scan] BSS 48:73:97:be:7d:44 FREQ: 5300, cFreq1[40:80:160] = [5310:0:0] cFreq2 = 0 Country Code = CN
07-10 16:11:52.151 1387 3565 D LOWI-9.0.0.87.a: [LOWI-Scan] BSS 48:73:97:be:7d:44 (wlan0) ASSO: NO AddInfo: 0x1, TSF 0, 00:01:59.915, RSSI: -116, CPL: 127, AGE: 404, SSID HH-mobile, TSFDelta: 0x58b9c308, TXRate: 0
07-10 16:11:52.152 1387 3565 D LOWI-9.0.0.87.a: [LOWI-Scan]
07-10 16:11:52.152 1387 3565 D LOWI-9.0.0.87.a: [LOWI-Scan] print_bss_handler: Report beacon TSF 119915549 as it greater than probe TSF 119915549
07-10 16:11:52.152 1387 3565 D LOWI-9.0.0.87.a: [LOWI-Scan] decode_rsn_wpa_ie: LOWI_ENCRYPTION_TYPE_WPA_PSK
