07-10 16:10:04.264 1566 3602 D CompatibilityChangeReporter: Compat change id reported: 168419799; UID 10090; state: DISABLED
07-10 16:10:04.264 1566 3602 D CompatibilityInfo: mCompatibilityFlags - 4
07-10 16:10:04.264 1566 3602 D CompatibilityInfo: applicationDensity - 240
07-10 16:10:04.264 1566 3602 D CompatibilityInfo: applicationScale - 1.0
07-10 16:10:04.267 1566 3602 D CompatibilityChangeReporter: Compat change id reported: 135634846; UID 1000; state: DISABLED
07-10 16:10:04.267 1566 3602 D CompatibilityChangeReporter: Compat change id reported: 177438394; UID 1000; state: DISABLED
07-10 16:10:04.267 1566 3602 D CompatibilityChangeReporter: Compat change id reported: 135772972; UID 1000; state: DISABLED
07-10 16:10:04.267 1566 3602 D CompatibilityChangeReporter: Compat change id reported: 135754954; UID 1000; state: ENABLED
07-10 16:10:04.280 683 683 D Zygote : Forked child process 3789
07-10 16:10:04.280 1566 1690 I ActivityManager: Start proc 3789:com.android.settings/1000 for broadcast {com.android.settings/com.android.settings.fuelgauge.batterytip.AnomalyConfigReceiver}
07-10 16:10:04.304 2306 2306 D RemoteControlService: startVlanDispatchThread
07-10 16:10:04.306 3789 3789 E ndroid.setting: Not starting debugger since process cannot load the jdwp agent.
07-10 16:10:04.309 3789 3789 D ProcessState: Binder ioctl to enable oneway spam detection failed: Invalid argument
07-10 16:10:04.310 0 0 I [ 14.711327] binder: 3789:3789 ioctl 40046210 7fe4a4a554 returned -22
07-10 16:10:04.317 1566 3602 D CompatibilityChangeReporter: Compat change id reported: 168419799; UID 1000; state: DISABLED
07-10 16:10:04.317 1566 3602 D CompatibilityInfo: mCompatibilityFlags - 4
07-10 16:10:04.317 1566 3602 D CompatibilityInfo: applicationDensity - 240
07-10 16:10:04.317 1566 3602 D CompatibilityInfo: applicationScale - 1.0
07-10 16:10:04.323 1566 3602 D CompatibilityInfo: mCompatibilityFlags - 4
07-10 16:10:04.323 1566 3602 D CompatibilityInfo: applicationDensity - 240
07-10 16:10:04.323 1566 3602 D CompatibilityInfo: applicationScale - 1.0
07-10 16:10:04.325 3789 3789 D CompatibilityChangeReporter: Compat change id reported: 171979766; UID 1000; state: ENABLED
07-10 16:10:04.337 3789 3789 E ndroid.setting: Dex checksum does not match for dex: /system_ext/priv-app/Settings/Settings.apk.Expected: 449154572, actual: 769795218
07-10 16:10:04.339 3789 3789 W ndroid.setting: ClassLoaderContext shared library size mismatch. Expected=2, found=0 (PCL[]{PCL[/system/framework/org.apache.http.legacy.jar*2058259660]#PCL[/system_ext/framework/extphonelib.jar*2894378777]} | PCL[])
07-10 16:10:04.340 3789 3789 E ndroid.setting: Dex checksum does not match for dex: /system_ext/priv-app/Settings/Settings.apk.Expected: 449154572, actual: 769795218
07-10 16:10:04.357 3789 3789 I Perf : Connecting to perf service.
07-10 16:10:04.361 3789 3789 V GraphicsEnvironment: ANGLE Developer option for 'com.android.settings' set to: 'default'
07-10 16:10:04.361 3789 3789 V GraphicsEnvironment: ANGLE GameManagerService for com.android.settings: false
07-10 16:10:04.362 3789 3789 D NetworkSecurityConfig: No Network Security Config specified, using platform default
07-10 16:10:04.362 3789 3789 D NetworkSecurityConfig: No Network Security Config specified, using platform default
07-10 16:10:04.373 3789 3789 I CarUiInstaller: CarUiInstaller started for com.android.settings
07-10 16:10:04.378 3789 3789 D SettingsSliceProvider: init
07-10 16:10:04.378 3789 3789 D SettingsSliceProvider: onCreateSliceProvider
07-10 16:10:04.409 3789 3789 D CompatibilityChangeReporter: Compat change id reported: 160794467; UID 1000; state: ENABLED
07-10 16:10:04.413 1566 3602 D CompatibilityInfo: mCompatibilityFlags - 4
07-10 16:10:04.413 1566 3602 D CompatibilityInfo: applicationDensity - 240
07-10 16:10:04.413 1566 3602 D CompatibilityInfo: applicationScale - 1.0
07-10 16:10:04.415 1566 3602 D CompatibilityInfo: mCompatibilityFlags - 4
07-10 16:10:04.415 1566 3602 D CompatibilityInfo: applicationDensity - 240
07-10 16:10:04.415 1566 3602 D CompatibilityInfo: applicationScale - 1.0
07-10 16:10:04.416 3789 3789 D DevelopmentDeviceBootCompletedReceiver: Set DEVELOPMENT_ENABLE_ACTIVATED to 0.
07-10 16:10:04.417 1566 3602 D CompatibilityInfo: mCompatibilityFlags - 4
07-10 16:10:04.417 1566 3602 D CompatibilityInfo: applicationDensity - 240
07-10 16:10:04.417 1566 3602 D CompatibilityInfo: applicationScale - 1.0
07-10 16:10:04.426 1566 3602 D CompatibilityInfo: mCompatibilityFlags - 4
07-10 16:10:04.426 1566 3602 D CompatibilityInfo: applicationDensity - 240
07-10 16:10:04.426 1566 3602 D CompatibilityInfo: applicationScale - 1.0
07-10 16:10:04.432 3789 3789 I HibernationPolicy: scheduleHibernationJob with frequency 1296000000ms and threshold 7776000000ms
07-10 16:10:04.434 3789 3789 I HibernationPolicy: user 0 is a profileowner. Running hibernation job.
07-10 16:10:04.435 3789 3789 I HibernationPolicy: Job already scheduled.
07-10 16:10:04.436 1566 3602 I ActivityManager: com.android.shell is exempt from freezer
07-10 16:10:04.436 1566 3602 D CompatibilityChangeReporter: Compat change id reported: 135634846; UID 2000; state: DISABLED
07-10 16:10:04.436 1566 3602 D CompatibilityChangeReporter: Compat change id reported: 177438394; UID 2000; state: DISABLED
07-10 16:10:04.437 1566 3602 D CompatibilityChangeReporter: Compat change id reported: 135772972; UID 2000; state: DISABLED
07-10 16:10:04.437 1566 3602 D CompatibilityChangeReporter: Compat change id reported: 135754954; UID 2000; state: ENABLED
07-10 16:10:04.438 1566 3602 I ActivityManager: Killing 3770:com.android.permissioncontroller/u0a89 (adj 905): empty #2
07-10 16:10:04.445 1566 1691 I libprocessgroup: Successfully killed process cgroup uid 10089 pid 3770 in 5ms
07-10 16:10:04.452 683 683 D Zygote : Forked child process 3806
07-10 16:10:04.453 1566 1690 I ActivityManager: Start proc 3806:com.android.shell/2000 for broadcast {com.android.shell/com.android.shell.HeapDumpReceiver}
07-10 16:10:04.456 683 683 I Zygote : Process 3770 exited due to signal 9 (Killed)
07-10 16:10:04.471 3806 3806 E m.android.shel: Not starting debugger since process cannot load the jdwp agent.
07-10 16:10:04.473 3806 3806 D ProcessState: Binder ioctl to enable oneway spam detection failed: Invalid argument
07-10 16:10:04.474 0 0 I [ 14.875088] binder: 3806:3806 ioctl 40046210 7fe4a4a554 returned -22
07-10 16:10:04.476 1566 3602 D CompatibilityChangeReporter: Compat change id reported: 168419799; UID 2000; state: DISABLED
07-10 16:10:04.476 1566 3602 D CompatibilityInfo: mCompatibilityFlags - 4
07-10 16:10:04.476 1566 3602 D CompatibilityInfo: applicationDensity - 240
07-10 16:10:04.476 1566 3602 D CompatibilityInfo: applicationScale - 1.0
07-10 16:10:04.480 1566 3602 D CompatibilityInfo: mCompatibilityFlags - 4
07-10 16:10:04.480 1566 3602 D CompatibilityInfo: applicationDensity - 240
07-10 16:10:04.480 1566 3602 D CompatibilityInfo: applicationScale - 1.0
07-10 16:10:04.481 3806 3806 D CompatibilityChangeReporter: Compat change id reported: 171979766; UID 2000; state: ENABLED
07-10 16:10:04.504 3806 3806 I Perf : Connecting to perf service.
07-10 16:10:04.507 3806 3806 V GraphicsEnvironment: ANGLE Developer option for 'com.android.shell' set to: 'default'
07-10 16:10:04.508 3806 3806 V GraphicsEnvironment: ANGLE GameManagerService for com.android.shell: false
07-10 16:10:04.508 3806 3806 D NetworkSecurityConfig: No Network Security Config specified, using platform default
07-10 16:10:04.509 3806 3806 D NetworkSecurityConfig: No Network Security Config specified, using platform default
07-10 16:10:04.517 3806 3806 D HeapDumpReceiver: onReceive(): Intent { act=android.intent.action.BOOT_COMPLETED flg=0x89000010 cmp=com.android.shell/.HeapDumpReceiver (has extras) }
07-10 16:10:04.518 3806 3821 D HeapDumpReceiver: Deleting from /data/user_de/0/com.android.shell/files/heapdumps
07-10 16:10:04.518 1566 3602 W BroadcastQueue: Permission Denial: receiving Intent { act=android.intent.action.BOOT_COMPLETED flg=0x89000010 (has extras) } to com.baidu.input_hryt/com.baidu.input.directboot.DirectBootReceiver requires android.permission.RECEIVE_BOOT_COMPLETED due to sender null (uid 1000)
07-10 16:10:04.519 1566 3602 I ActivityManager: Killing 3789:com.android.settings/1000 (adj 905): empty #2
07-10 16:10:04.521 1566 1689 W BroadcastQueue: Permission Denial: receiving Intent { act=android.intent.action.BOOT_COMPLETED flg=0x89000010 (has extras) } to com.baidu.input_hryt/com.baidu.input.switchguide.InputMethodChangedReceiver requires android.permission.RECEIVE_BOOT_COMPLETED due to sender null (uid 1000)
07-10 16:10:04.521 1566 1689 D CompatibilityChangeReporter: Compat change id reported: 168419799; UID 1000; state: DISABLED
07-10 16:10:04.521 1566 1689 D CompatibilityInfo: mCompatibilityFlags - 4
07-10 16:10:04.521 1566 1689 D CompatibilityInfo: applicationDensity - 240
07-10 16:10:04.521 1566 1689 D CompatibilityInfo: applicationScale - 1.0
07-10 16:10:04.525 1566 1691 I libprocessgroup: Successfully killed process cgroup uid 1000 pid 3789 in 5ms
07-10 16:10:04.526 2833 2833 I hs : FseReceiver-onReceive() -> android.intent.action.BOOT_COMPLETED
07-10 16:10:04.528 2833 2833 W ContextImpl: Calling a method in the system process without a qualified user: android.app.ContextImpl.startService:1816 android.content.ContextWrapper.startService:774 com.hryt.hiphishowfsecontrol.mce_app.broadcasts.FseReceiver.onReceive:49 android.app.ActivityThread.handleReceiver:4309 android.app.ActivityThread.access$1600:248
07-10 16:10:04.529 1566 3602 D CompatibilityInfo: mCompatibilityFlags - 4
07-10 16:10:04.529 1566 3602 D CompatibilityInfo: applicationDensity - 240
07-10 16:10:04.529 1566 3602 D CompatibilityInfo: applicationScale - 1.0
07-10 16:10:04.529 2833 2833 I hs : FseReceiver-onReceive() -> start FseService
07-10 16:10:04.530 2833 2833 I hs : FseService-onCreate()
07-10 16:10:04.530 2833 2833 I hs : FseService-onStartCommand()
07-10 16:10:04.530 2833 2833 I hs : HttpReceiver-init HttpReceiver
07-10 16:10:04.530 2833 2833 I hs : HHMediaManager-init HHMediaManager
07-10 16:10:04.531 1566 3602 D CompatibilityChangeReporter: Compat change id reported: 168419799; UID 10079; state: DISABLED
07-10 16:10:04.531 1566 3602 D CompatibilityInfo: mCompatibilityFlags - 4
07-10 16:10:04.531 1566 3602 D CompatibilityInfo: applicationDensity - 240
07-10 16:10:04.531 1566 3602 D CompatibilityInfo: applicationScale - 1.0
07-10 16:10:04.533 2980 2980 I hpplay : [main]:BootReceiver:onReceive android.intent.action.BOOT_COMPLETED
07-10 16:10:04.534 1566 3602 D CompatibilityInfo: mCompatibilityFlags - 4
07-10 16:10:04.534 1566 3602 D CompatibilityInfo: applicationDensity - 240
07-10 16:10:04.534 1566 3602 D CompatibilityInfo: applicationScale - 1.0
07-10 16:10:04.535 2980 2980 I hpplay : [main]:CastService:onCreate
07-10 16:10:04.535 1566 1600 D CompatibilityChangeReporter: Compat change id reported: 135634846; UID 10073; state: DISABLED
07-10 16:10:04.535 1566 1600 D CompatibilityChangeReporter: Compat change id reported: 177438394; UID 10073; state: DISABLED
07-10 16:10:04.535 1566 1600 D CompatibilityChangeReporter: Compat change id reported: 135772972; UID 10073; state: DISABLED
07-10 16:10:04.535 1566 1600 D CompatibilityChangeReporter: Compat change id reported: 135754954; UID 10073; state: ENABLED
07-10 16:10:04.535 1566 1690 D CompatibilityChangeReporter: Compat change id reported: 143937733; UID 10073; state: ENABLED
07-10 16:10:04.537 2833 2833 I hs : CacheProcessor-init CacheProcessor
07-10 16:10:04.538 2980 2980 I hpplay-java: [main]:LelinkCastWrapper:LelinkCastImpl context/key: com.hryt.lebotp.CastApplication@a866f84/21429,soPath:null,sdcardDataDir:null,soType:0
07-10 16:10:04.540 2833 3822 I System.out: HttpServer/ listen port:2020
07-10 16:10:04.542 2980 2980 I hpplay-java: [main]:ContextPath:initDirs,appPath:/system_ext/app/TCCast
07-10 16:10:04.543 683 683 D Zygote : Forked child process 3824
07-10 16:10:04.543 683 683 I Zygote : Process 3789 exited due to signal 9 (Killed)
07-10 16:10:04.546 1566 1690 I ActivityManager: Start proc 3824:com.qti.ltebc/u0a73 for broadcast {com.qti.ltebc/com.qualcomm.ltebc.LTEBroadcastBootReceiver}
07-10 16:10:04.548 1566 2057 D CompatibilityChangeReporter: Compat change id reported: 149924527; UID 10079; state: ENABLED
07-10 16:10:04.548 1566 2057 D CompatibilityChangeReporter: Compat change id reported: 132649864; UID 10079; state: DISABLED
07-10 16:10:04.550 2982 3132 E MediaProvider: Creating a non-default top level directory or deleting an existing one is not allowed!
07-10 16:10:04.551 2982 3132 E MediaProvider: Creating a non-default top level directory or deleting an existing one is not allowed!
07-10 16:10:04.553 2982 3134 E MediaProvider: Creating a non-default top level directory or deleting an existing one is not allowed!
07-10 16:10:04.554 3824 3824 E com.qti.ltebc: Not starting debugger since process cannot load the jdwp agent.
07-10 16:10:04.554 2982 3134 E MediaProvider: Creating a non-default top level directory or deleting an existing one is not allowed!
07-10 16:10:04.556 3824 3824 D ProcessState: Binder ioctl to enable oneway spam detection failed: Invalid argument
07-10 16:10:04.558 0 0 I [ 14.958347] binder: 3824:3824 ioctl 40046210 7fe4a4a554 returned -22
07-10 16:10:04.557 2982 3132 E MediaProvider: Creating a non-default top level directory or deleting an existing one is not allowed!
07-10 16:10:04.557 2982 3132 E MediaProvider: Creating a non-default top level directory or deleting an existing one is not allowed!
07-10 16:10:04.560 2982 3134 E MediaProvider: Creating a non-default top level directory or deleting an existing one is not allowed!
07-10 16:10:04.560 2982 3134 E MediaProvider: Creating a non-default top level directory or deleting an existing one is not allowed!
07-10 16:10:04.563 2982 3132 E MediaProvider: Creating a non-default top level directory or deleting an existing one is not allowed!
07-10 16:10:04.563 1566 2057 D CompatibilityChangeReporter: Compat change id reported: 168419799; UID 10073; state: DISABLED
07-10 16:10:04.563 1566 2057 D CompatibilityInfo: mCompatibilityFlags - 4
07-10 16:10:04.563 1566 2057 D CompatibilityInfo: applicationDensity - 240
07-10 16:10:04.563 1566 2057 D CompatibilityInfo: applicationScale - 1.0
07-10 16:10:04.563 2982 3132 E MediaProvider: Creating a non-default top level directory or deleting an existing one is not allowed!
07-10 16:10:04.565 2982 3134 E MediaProvider: Creating a non-default top level directory or deleting an existing one is not allowed!
07-10 16:10:04.566 1566 2057 D CompatibilityInfo: mCompatibilityFlags - 4
07-10 16:10:04.566 1566 2057 D CompatibilityInfo: applicationDensity - 240
07-10 16:10:04.566 1566 2057 D CompatibilityInfo: applicationScale - 1.0
07-10 16:10:04.566 2982 3134 E MediaProvider: Creating a non-default top level directory or deleting an existing one is not allowed!
07-10 16:10:04.566 2980 2980 I hpplay-java: [main]:ContextPath:initDirs,libPathParent:/data/user/0/com.hryt.lebotp
07-10 16:10:04.567 3824 3824 D CompatibilityChangeReporter: Compat change id reported: 171979766; UID 10073; state: ENABLED
07-10 16:10:04.568 2980 2980 I hpplay-java: [main]:ModuleLoader:loadClass
07-10 16:10:04.568 2980 3839 I hpplay-java: [AsyncTask #1]:ModuleLoader:checkDex API_VERSION:60055, BU_VERSION:27712
07-10 16:10:04.569 2980 2980 D hpplay : [main]:CastService:initCastServer
07-10 16:10:04.569 2980 2980 I hpplay : [main]:LelinkHelper:setMiniProgramQRListener
07-10 16:10:04.569 2102 2102 D MicroService: onHeartBeatDetected
07-10 16:10:04.570 2102 2102 D MicroService: sendHeartbeatMessage
07-10 16:10:04.571 2980 2980 D hpplay : [main]:CastService:getSN:5d6a326e967d1bdf1f47aedaf0b2de14751158c40c277ed3ac36da03654c52f4
07-10 16:10:04.572 2980 2980 I hpplay : [main]:Utils:getIPAddress: 192.168.4.16
07-10 16:10:04.572 2980 2980 I hpplay : [main]:Utils:getIPAddress: 192.168.8.16
07-10 16:10:04.572 2980 2980 I hpplay : [main]:Utils:getIPAddress: 192.168.11.16
07-10 16:10:04.573 2980 2980 I hpplay : [main]:Utils:getIPAddress: 192.168.50.16
07-10 16:10:04.573 2980 2980 I hpplay : [main]:Utils:ip: 16
07-10 16:10:04.573 2980 3839 I hpplay-java: [AsyncTask #1]:ModuleLoader:getVersionCode version:1
07-10 16:10:04.573 2980 2980 I hpplay : [main]:Utils:createDeviceName: 高åˆå¨±ä¹å‰¯å±
07-10 16:10:04.573 2980 2980 I hpplay : [main]:CastService:SDK:lecast-release-60055
07-10 16:10:04.573 2980 2980 I hpplay : null
07-10 16:10:04.573 2980 2980 I hpplay : [main]:CastService:registerNetworkChangedReceiver
07-10 16:10:04.576 1566 1845 D ConnectivityService: NetReassign [no changes]
07-10 16:10:04.580 2982 3132 E MediaProvider: Creating a non-default top level directory or deleting an existing one is not allowed!
07-10 16:10:04.581 2982 3132 E MediaProvider: Creating a non-default top level directory or deleting an existing one is not allowed!
07-10 16:10:04.582 2980 3839 I hpplay-java: [AsyncTask #1]:ModuleLoader:cleanUpdateFolders info.getAbsolutePath():/data/user/0/com.hryt.lebotp/files/hpplay/hpdata/60055/27712
07-10 16:10:04.583 2980 3839 I hpplay-java: [AsyncTask #1]:ModuleLoader:cleanUpdateFolders version:27712,BU_VERSION_CODE:27712
07-10 16:10:04.584 2980 3839 I hpplay-java: [AsyncTask #1]:APIFileUtil:api:60055
07-10 16:10:04.584 2980 3839 I hpplay-java: bu:27712
07-10 16:10:04.584 2980 3839 I hpplay-java: bu.dat:0edfcac6ae5ba4047d28e219a2f7f0cc
07-10 16:10:04.584 2980 3839 I hpplay-java: [AsyncTask #1]:APIFileUtil:getMd5ByFile: /data/user/0/com.hryt.lebotp/files/hpplay/hpdata/60055/27712/bu.dex
07-10 16:10:04.587 2102 3842 D MicroService: handleHeartBeat:6
07-10 16:10:04.597 2980 3839 I hpplay-java: [AsyncTask #1]:APIFileUtil:getMd5ByFile: 0edfcac6ae5ba4047d28e219a2f7f0cc
07-10 16:10:04.597 2980 3839 I hpplay-java: [AsyncTask #1]:APIFileUtil:getMd5ByFile: /data/user/0/com.hryt.lebotp/files/hpplay/hpdata/60055/27712/liblelink.so
07-10 16:10:04.599 2980 3839 I hpplay-java: [AsyncTask #1]:APIFileUtil:api:60055
07-10 16:10:04.599 2980 3839 I hpplay-java: bu:27712
07-10 16:10:04.599 2980 3839 I hpplay-java: bu.dat:0edfcac6ae5ba4047d28e219a2f7f0cc
07-10 16:10:04.599 2980 3839 I hpplay-java: [AsyncTask #1]:APIFileUtil:getMd5ByFile: /data/user/0/com.hryt.lebotp/files/hpplay/hpdata/60055/27712/bu.dex
07-10 16:10:04.599 1566 2642 D BufferPoolAccessor2.0: bufferpool2 0xb40000700574d6a8 : 0(0 size) total buffers - 0(0 size) used buffers - 1/7 (recycle/alloc) - 6/24 (fetch/transfer)
07-10 16:10:04.599 1566 2642 D BufferPoolAccessor2.0: evictor expired: 1, evicted: 1
07-10 16:10:04.600 3824 3824 I Perf : Connecting to perf service.
07-10 16:10:04.600 1325 2549 D BufferPoolAccessor2.0: bufferpool2 0xb4000071e0d319d8 : 0(0 size) total buffers - 0(0 size) used buffers - 7/10 (recycle/alloc) - 3/9 (fetch/transfer)
07-10 16:10:04.600 1325 2549 D BufferPoolAccessor2.0: bufferpool2 0xb4000071e0d35158 : 0(0 size) total buffers - 0(0 size) used buffers - 4/7 (recycle/alloc) - 3/6 (fetch/transfer)
07-10 16:10:04.600 1325 2549 D BufferPoolAccessor2.0: evictor expired: 2, evicted: 2
07-10 16:10:04.601 1907 2644 D BufferPoolAccessor2.0: bufferpool2 0xb40000700572f358 : 0(0 size) total buffers - 0(0 size) used buffers - 1/7 (recycle/alloc) - 6/38 (fetch/transfer)
07-10 16:10:04.601 1907 2644 D BufferPoolAccessor2.0: evictor expired: 1, evicted: 1
07-10 16:10:04.604 3824 3824 V GraphicsEnvironment: ANGLE Developer option for 'com.qti.ltebc' set to: 'default'
07-10 16:10:04.604 3824 3824 V GraphicsEnvironment: ANGLE GameManagerService for com.qti.ltebc: false
07-10 16:10:04.605 3824 3824 D NetworkSecurityConfig: Using Network Security Config from resource network_security_config debugBuild: false
07-10 16:10:04.606 3824 3824 D NetworkSecurityConfig: Using Network Security Config from resource network_security_config debugBuild: false
07-10 16:10:04.608 2980 3839 I hpplay-java: [AsyncTask #1]:APIFileUtil:getMd5ByFile: 0edfcac6ae5ba4047d28e219a2f7f0cc
07-10 16:10:04.608 2980 3839 I hpplay-java: [AsyncTask #1]:APIFileUtil:getMd5ByFile: /data/user/0/com.hryt.lebotp/files/hpplay/hpdata/60055/27712/liblelink.so
07-10 16:10:04.608 2980 3839 I hpplay-java: [AsyncTask #1]:ModuleLoader:checkDex cleanedFolders size:1
07-10 16:10:04.609 3824 3824 D LTE Application: getLibraryName = msp
07-10 16:10:04.617 2982 3132 E MediaProvider: Creating a non-default top level directory or deleting an existing one is not allowed!
07-10 16:10:04.618 2982 3132 E MediaProvider: Creating a non-default top level directory or deleting an existing one is not allowed!
07-10 16:10:04.621 2980 3839 W hpplay-java: [AsyncTask #1]:APIFileUtil:java.io.FileNotFoundException: /storage/emulated/0/com.hryt.lebotp/sink/sdk/hpdata/60055/27712/bu.dex: open failed: ENOENT (No such file or directory)
07-10 16:10:04.621 2980 3839 W hpplay-java: at libcore.io.IoBridge.open(IoBridge.java:575)
07-10 16:10:04.621 2980 3839 W hpplay-java: at java.io.FileOutputStream.(FileOutputStream.java:236)
07-10 16:10:04.621 2980 3839 W hpplay-java: at java.io.FileOutputStream.(FileOutputStream.java:186)
07-10 16:10:04.621 2980 3839 W hpplay-java: at com.hpplay.sdk.sink.util.APIFileUtil.a(SourceFile:3)
07-10 16:10:04.621 2980 3839 W hpplay-java: at com.hpplay.sdk.sink.util.APIFileUtil.a(SourceFile:28)
07-10 16:10:04.621 2980 3839 W hpplay-java: at com.hpplay.sdk.sink.proxy.ModuleLoader.c(SourceFile:12)
07-10 16:10:04.621 2980 3839 W hpplay-java: at com.hpplay.sdk.sink.proxy.ModuleLoader.d(SourceFile:14)
07-10 16:10:04.621 2980 3839 W hpplay-java: at com.hpplay.sdk.sink.proxy.ModuleLoader.c(SourceFile:1)
07-10 16:10:04.621 2980 3839 W hpplay-java: at com.hpplay.sdk.sink.proxy.ModuleLoader$2.call(SourceFile:1)
07-10 16:10:04.621 2980 3839 W hpplay-java: at com.hpplay.common.asyncmanager.AsyncCallableJob.doInBackground(SourceFile:1)
07-10 16:10:04.621 2980 3839 W hpplay-java: at android.os.AsyncTask$3.call(AsyncTask.java:394)
07-10 16:10:04.621 2980 3839 W hpplay-java: at java.util.concurrent.FutureTask.run(FutureTask.java:266)
07-10 16:10:04.621 2980 3839 W hpplay-java: at java.util.concurrent.ThreadPoolExecutor.runWorker(ThreadPoolExecutor.java:1167)
07-10 16:10:04.621 2980 3839 W hpplay-java: at java.util.concurrent.ThreadPoolExecutor$Worker.run(ThreadPoolExecutor.java:641)
07-10 16:10:04.621 2980 3839 W hpplay-java: at java.lang.Thread.run(Thread.java:920)
07-10 16:10:04.621 2980 3839 W hpplay-java: Caused by: android.system.ErrnoException: open failed: ENOENT (No such file or directory)
07-10 16:10:04.621 2980 3839 W hpplay-java: at libcore.io.Linux.open(Native Method)
07-10 16:10:04.621 2980 3839 W hpplay-java: at libcore.io.ForwardingOs.open(ForwardingOs.java:567)
07-10 16:10:04.621 2980 3839 W hpplay-java: at libcore.io.BlockGuardOs.open(BlockGuardOs.java:273)
07-10 16:10:04.621 2980 3839 W hpplay-java: at libcore.io.ForwardingOs.open(ForwardingOs.java:567)
07-10 16:10:04.621 2980 3839 W hpplay-java: at android.app.ActivityThread$AndroidOs.open(ActivityThread.java:7766)
07-10 16:10:04.621 2980 3839 W hpplay-java: at libcore.io.IoBridge.open(IoBridge.java:561)
07-10 16:10:04.621 2980 3839 W hpplay-java: ... 14 more
07-10 16:10:04.622 2980 3839 W hpplay-java: [AsyncTask #1]:APIFileUtil:java.io.FileNotFoundException: /storage/emulated/0/com.hryt.lebotp/sink/sdk/hpdata/60055/27712/config.dat: open failed: ENOENT (No such file or directory)
07-10 16:10:04.622 2980 3839 W hpplay-java: at libcore.io.IoBridge.open(IoBridge.java:575)
07-10 16:10:04.622 2980 3839 W hpplay-java: at java.io.FileOutputStream.(FileOutputStream.java:236)
07-10 16:10:04.622 2980 3839 W hpplay-java: at java.io.FileOutputStream.(FileOutputStream.java:186)
07-10 16:10:04.622 2980 3839 W hpplay-java: at com.hpplay.sdk.sink.util.APIFileUtil.a(SourceFile:3)
07-10 16:10:04.622 2980 3839 W hpplay-java: at com.hpplay.sdk.sink.util.APIFileUtil.a(SourceFile:28)
07-10 16:10:04.622 2980 3839 W hpplay-java: at com.hpplay.sdk.sink.proxy.ModuleLoader.c(SourceFile:12)
07-10 16:10:04.622 2980 3839 W hpplay-java: at com.hpplay.sdk.sink.proxy.ModuleLoader.d(SourceFile:14)
07-10 16:10:04.622 2980 3839 W hpplay-java: at com.hpplay.sdk.sink.proxy.ModuleLoader.c(SourceFile:1)
07-10 16:10:04.622 2980 3839 W hpplay-java: at com.hpplay.sdk.sink.proxy.ModuleLoader$2.call(SourceFile:1)
07-10 16:10:04.622 2980 3839 W hpplay-java: at com.hpplay.common.asyncmanager.AsyncCallableJob.doInBackground(SourceFile:1)
07-10 16:10:04.622 2980 3839 W hpplay-java: at android.os.AsyncTask$3.call(AsyncTask.java:394)
07-10 16:10:04.622 2980 3839 W hpplay-java: at java.util.concurrent.FutureTask.run(FutureTask.java:266)
07-10 16:10:04.622 2980 3839 W hpplay-java: at java.util.concurrent.ThreadPoolExecutor.runWorker(ThreadPoolExecutor.java:1167)
07-10 16:10:04.622 2980 3839 W hpplay-java: at java.util.concurrent.ThreadPoolExecutor$Worker.run(ThreadPoolExecutor.java:641)
07-10 16:10:04.622 2980 3839 W hpplay-java: at java.lang.Thread.run(Thread.java:920)
07-10 16:10:04.622 2980 3839 W hpplay-java: Caused by: android.system.ErrnoException: open failed: ENOENT (No such file or directory)
07-10 16:10:04.622 2980 3839 W hpplay-java: at libcore.io.Linux.open(Native Method)
07-10 16:10:04.622 2980 3839 W hpplay-java: at libcore.io.ForwardingOs.open(ForwardingOs.java:567)
07-10 16:10:04.622 2980 3839 W hpplay-java: at libcore.io.BlockGuardOs.open(BlockGuardOs.java:273)
07-10 16:10:04.622 2980 3839 W hpplay-java: at libcore.io.ForwardingOs.open(ForwardingOs.java:567)
07-10 16:10:04.622 2980 3839 W hpplay-java: at android.app.ActivityThread$AndroidOs.open(ActivityThread.java:7766)
07-10 16:10:04.622 2980 3839 W hpplay-java: at libcore.io.IoBridge.open(IoBridge.java:561)
07-10 16:10:04.622 2980 3839 W hpplay-java: ... 14 more
07-10 16:10:04.630 2982 3132 E MediaProvider: Creating a non-default top level directory or deleting an existing one is not allowed!
07-10 16:10:04.631 2982 3132 E MediaProvider: Creating a non-default top level directory or deleting an existing one is not allowed!
07-10 16:10:04.641 2982 3134 E MediaProvider: Creating a non-default top level directory or deleting an existing one is not allowed!
07-10 16:10:04.643 2982 3134 E MediaProvider: Creating a non-default top level directory or deleting an existing one is not allowed!
07-10 16:10:04.646 2980 3839 W hpplay-java: [AsyncTask #1]:APIFileUtil:java.io.FileNotFoundException: /storage/emulated/0/com.hryt.lebotp/sink/sdk/hpdata/60055/27712/oat/bu.dex.cur.prof: open failed: ENOENT (No such file or directory)
07-10 16:10:04.646 2980 3839 W hpplay-java: at libcore.io.IoBridge.open(IoBridge.java:575)
07-10 16:10:04.646 2980 3839 W hpplay-java: at java.io.FileOutputStream.(FileOutputStream.java:236)
07-10 16:10:04.646 2980 3839 W hpplay-java: at java.io.FileOutputStream.(FileOutputStream.java:186)
07-10 16:10:04.646 2980 3839 W hpplay-java: at com.hpplay.sdk.sink.util.APIFileUtil.a(SourceFile:3)
07-10 16:10:04.646 2980 3839 W hpplay-java: at com.hpplay.sdk.sink.util.APIFileUtil.a(SourceFile:28)
07-10 16:10:04.646 2980 3839 W hpplay-java: at com.hpplay.sdk.sink.util.APIFileUtil.a(SourceFile:32)
07-10 16:10:04.646 2980 3839 W hpplay-java: at com.hpplay.sdk.sink.proxy.ModuleLoader.c(SourceFile:12)
07-10 16:10:04.646 2980 3839 W hpplay-java: at com.hpplay.sdk.sink.proxy.ModuleLoader.d(SourceFile:14)
07-10 16:10:04.646 2980 3839 W hpplay-java: at com.hpplay.sdk.sink.proxy.ModuleLoader.c(SourceFile:1)
07-10 16:10:04.646 2980 3839 W hpplay-java: at com.hpplay.sdk.sink.proxy.ModuleLoader$2.call(SourceFile:1)
07-10 16:10:04.646 2980 3839 W hpplay-java: at com.hpplay.common.asyncmanager.AsyncCallableJob.doInBackground(SourceFile:1)
07-10 16:10:04.646 2980 3839 W hpplay-java: at android.os.AsyncTask$3.call(AsyncTask.java:394)
07-10 16:10:04.646 2980 3839 W hpplay-java: at java.util.concurrent.FutureTask.run(FutureTask.java:266)
07-10 16:10:04.646 2980 3839 W hpplay-java: at java.util.concurrent.ThreadPoolExecutor.runWorker(ThreadPoolExecutor.java:1167)
07-10 16:10:04.646 2980 3839 W hpplay-java: at java.util.concurrent.ThreadPoolExecutor$Worker.run(ThreadPoolExecutor.java:641)
07-10 16:10:04.646 2980 3839 W hpplay-java: at java.lang.Thread.run(Thread.java:920)
07-10 16:10:04.646 2980 3839 W hpplay-java: Caused by: android.system.ErrnoException: open failed: ENOENT (No such file or directory)
07-10 16:10:04.646 2980 3839 W hpplay-java: at libcore.io.Linux.open(Native Method)
07-10 16:10:04.646 2980 3839 W hpplay-java: at libcore.io.ForwardingOs.open(ForwardingOs.java:567)
07-10 16:10:04.646 2980 3839 W hpplay-java: at libcore.io.BlockGuardOs.open(BlockGuardOs.java:273)
07-10 16:10:04.646 2980 3839 W hpplay-java: at libcore.io.ForwardingOs.open(ForwardingOs.java:567)
07-10 16:10:04.646 2980 3839 W hpplay-java: at android.app.ActivityThread$AndroidOs.open(ActivityThread.java:7766)
07-10 16:10:04.646 2980 3839 W hpplay-java: at libcore.io.IoBridge.open(IoBridge.java:561)
07-10 16:10:04.646 2980 3839 W hpplay-java: ... 15 more
07-10 16:10:04.657 2982 3132 E MediaProvider: Creating a non-default top level directory or deleting an existing one is not allowed!
07-10 16:10:04.659 2982 3132 E MediaProvider: Creating a non-default top level directory or deleting an existing one is not allowed!
07-10 16:10:04.663 2980 3839 W hpplay-java: [AsyncTask #1]:APIFileUtil:java.io.FileNotFoundException: /storage/emulated/0/com.hryt.lebotp/sink/sdk/hpdata/60055/27712/oat/arm/bu.vdex: open failed: ENOENT (No such file or directory)
07-10 16:10:04.663 2980 3839 W hpplay-java: at libcore.io.IoBridge.open(IoBridge.java:575)
07-10 16:10:04.663 2980 3839 W hpplay-java: at java.io.FileOutputStream.(FileOutputStream.java:236)
07-10 16:10:04.663 2980 3839 W hpplay-java: at java.io.FileOutputStream.(FileOutputStream.java:186)
07-10 16:10:04.663 2980 3839 W hpplay-java: at com.hpplay.sdk.sink.util.APIFileUtil.a(SourceFile:3)
07-10 16:10:04.663 2980 3839 W hpplay-java: at com.hpplay.sdk.sink.util.APIFileUtil.a(SourceFile:28)
07-10 16:10:04.663 2980 3839 W hpplay-java: at com.hpplay.sdk.sink.util.APIFileUtil.a(SourceFile:32)
07-10 16:10:04.663 2980 3839 W hpplay-java: at com.hpplay.sdk.sink.util.APIFileUtil.a(SourceFile:32)
07-10 16:10:04.663 2980 3839 W hpplay-java: at com.hpplay.sdk.sink.proxy.ModuleLoader.c(SourceFile:12)
07-10 16:10:04.663 2980 3839 W hpplay-java: at com.hpplay.sdk.sink.proxy.ModuleLoader.d(SourceFile:14)
07-10 16:10:04.663 2980 3839 W hpplay-java: at com.hpplay.sdk.sink.proxy.ModuleLoader.c(SourceFile:1)
07-10 16:10:04.663 2980 3839 W hpplay-java: at com.hpplay.sdk.sink.proxy.ModuleLoader$2.call(SourceFile:1)
07-10 16:10:04.663 2980 3839 W hpplay-java: at com.hpplay.common.asyncmanager.AsyncCallableJob.doInBackground(SourceFile:1)
07-10 16:10:04.663 2980 3839 W hpplay-java: at android.os.AsyncTask$3.call(AsyncTask.java:394)
07-10 16:10:04.663 2980 3839 W hpplay-java: at java.util.concurrent.FutureTask.run(FutureTask.java:266)
07-10 16:10:04.663 2980 3839 W hpplay-java: at java.util.concurrent.ThreadPoolExecutor.runWorker(ThreadPoolExecutor.java:1167)
07-10 16:10:04.663 2980 3839 W hpplay-java: at java.util.concurrent.ThreadPoolExecutor$Worker.run(ThreadPoolExecutor.java:641)
07-10 16:10:04.663 2980 3839 W hpplay-java: at java.lang.Thread.run(Thread.java:920)
07-10 16:10:04.663 2980 3839 W hpplay-java: Caused by: android.system.ErrnoException: open failed: ENOENT (No such file or directory)
07-10 16:10:04.663 2980 3839 W hpplay-java: at libcore.io.Linux.open(Native Method)
07-10 16:10:04.663 2980 3839 W hpplay-java: at libcore.io.ForwardingOs.open(ForwardingOs.java:567)
07-10 16:10:04.663 2980 3839 W hpplay-java: at libcore.io.BlockGuardOs.open(BlockGuardOs.java:273)
07-10 16:10:04.663 2980 3839 W hpplay-java: at libcore.io.ForwardingOs.open(ForwardingOs.java:567)
07-10 16:10:04.663 2980 3839 W hpplay-java: at android.app.ActivityThread$AndroidOs.open(ActivityThread.java:7766)
07-10 16:10:04.663 2980 3839 W hpplay-java: at libcore.io.IoBridge.open(IoBridge.java:561)
07-10 16:10:04.663 2980 3839 W hpplay-java: ... 16 more
07-10 16:10:04.663 2980 3839 W hpplay-java: [AsyncTask #1]:APIFileUtil:java.io.FileNotFoundException: /storage/emulated/0/com.hryt.lebotp/sink/sdk/hpdata/60055/27712/oat/bu.dex.prof: open failed: ENOENT (No such file or directory)
07-10 16:10:04.663 2980 3839 W hpplay-java: at libcore.io.IoBridge.open(IoBridge.java:575)
07-10 16:10:04.663 2980 3839 W hpplay-java: at java.io.FileOutputStream.(FileOutputStream.java:236)
07-10 16:10:04.663 2980 3839 W hpplay-java: at java.io.FileOutputStream.(FileOutputStream.java:186)
07-10 16:10:04.663 2980 3839 W hpplay-java: at com.hpplay.sdk.sink.util.APIFileUtil.a(SourceFile:3)
07-10 16:10:04.663 2980 3839 W hpplay-java: at com.hpplay.sdk.sink.util.APIFileUtil.a(SourceFile:28)
07-10 16:10:04.663 2980 3839 W hpplay-java: at com.hpplay.sdk.sink.util.APIFileUtil.a(SourceFile:32)
07-10 16:10:04.663 2980 3839 W hpplay-java: at com.hpplay.sdk.sink.proxy.ModuleLoader.c(SourceFile:12)
07-10 16:10:04.663 2980 3839 W hpplay-java: at com.hpplay.sdk.sink.proxy.ModuleLoader.d(SourceFile:14)
07-10 16:10:04.663 2980 3839 W hpplay-java: at com.hpplay.sdk.sink.proxy.ModuleLoader.c(SourceFile:1)
07-10 16:10:04.663 2980 3839 W hpplay-java: at com.hpplay.sdk.sink.proxy.ModuleLoader$2.call(SourceFile:1)
07-10 16:10:04.663 2980 3839 W hpplay-java: at com.hpplay.common.asyncmanager.AsyncCallableJob.doInBackground(SourceFile:1)
07-10 16:10:04.663 2980 3839 W hpplay-java: at android.os.AsyncTask$3.call(AsyncTask.java:394)
07-10 16:10:04.663 2980 3839 W hpplay-java: at java.util.concurrent.FutureTask.run(FutureTask.java:266)
07-10 16:10:04.663 2980 3839 W hpplay-java: at java.util.concurrent.ThreadPoolExecutor.runWorker(ThreadPoolExecutor.java:1167)
07-10 16:10:04.663 2980 3839 W hpplay-java: at java.util.concurrent.ThreadPoolExecutor$Worker.run(ThreadPoolExecutor.java:641)
07-10 16:10:04.663 2980 3839 W hpplay-java: at java.lang.Thread.run(Thread.java:920)
07-10 16:10:04.663 2980 3839 W hpplay-java: Caused by: android.system.ErrnoException: open failed: ENOENT (No such file or directory)
07-10 16:10:04.663 2980 3839 W hpplay-java: at libcore.io.Linux.open(Native Method)
07-10 16:10:04.663 2980 3839 W hpplay-java: at libcore.io.ForwardingOs.open(ForwardingOs.java:567)
07-10 16:10:04.663 2980 3839 W hpplay-java: at libcore.io.BlockGuardOs.open(BlockGuardOs.java:273)
07-10 16:10:04.663 2980 3839 W hpplay-java: at libcore.io.ForwardingOs.open(ForwardingOs.java:567)
07-10 16:10:04.663 2980 3839 W hpplay-java: at android.app.ActivityThread$AndroidOs.open(ActivityThread.java:7766)
07-10 16:10:04.663 2980 3839 W hpplay-java: at libcore.io.IoBridge.open(IoBridge.java:561)
07-10 16:10:04.663 2980 3839 W hpplay-java: ... 15 more
07-10 16:10:04.663 2980 3839 I hpplay-java: [AsyncTask #1]:ModuleLoader:checkDex preparedFolder:/data/user/0/com.hryt.lebotp/files/hpplay/hpdata/60055/27712
07-10 16:10:04.664 2980 2980 I hpplay-java: [main]:ModuleLoader:handleMessage what: 1
07-10 16:10:04.664 2980 2980 I hpplay-java: [main]:ModuleLoader:loadBu,isFirstLoadBuDex:true
07-10 16:10:04.665 2980 3844 I hpplay-java: [AsyncTask #2]:ModuleLoader:loadDex path: /data/user/0/com.hryt.lebotp/files/hpplay/hpdata/60055/27712/bu.dex library: /data/user/0/com.hryt.lebotp/lib
07-10 16:10:04.668 2980 3844 I ModuleLinkerImp: =====>set DEFAULT_PATH
07-10 16:10:04.672 2980 3844 I PatchUtils: system abis -----> arm64-v8a,armeabi-v7a,armeabi,
07-10 16:10:04.672 2980 3844 I PatchParser: no new patch
07-10 16:10:04.672 2980 3844 I LinkerInfosManager: start find external classloader dex
07-10 16:10:04.673 2980 3844 D SystemHookUtils: dex path /data/user/0/com.hryt.lebotp/files/hpplay/hpdata/60055/27712/bu.dex
07-10 16:10:04.673 2980 3844 W com.hryt.lebot: Opening an oat file without a class loader. Are you using the deprecated DexFile APIs?
07-10 16:10:04.695 2980 3844 I SystemHookUtils: android high version sdk find dex file size 1
07-10 16:10:04.698 2980 3844 I LinkerInfosManager: ================= not patch classloader
07-10 16:10:04.698 2980 3844 I LinkerInfosManager: ================= external path /data/user/0/com.hryt.lebotp/files/hpplay/hpdata/60055/27712/bu.dex
07-10 16:10:04.698 2980 3844 W com.hryt.lebot: Opening an oat file without a class loader. Are you using the deprecated DexFile APIs?
07-10 16:10:04.708 2980 3844 I LinkerInfosManager: =======use local path ==========
07-10 16:10:04.708 2980 3844 I LinkerInfosManager: ================= com.hpplay.component.common.utils.ModuleInfos
07-10 16:10:04.708 2980 3844 I ModuleLoadUtils: main dex find class failed
07-10 16:10:04.708 2980 3844 I SystemHookUtils: parent find class failed
07-10 16:10:04.708 2980 3844 I ModuleLoadUtils: component find class failed
07-10 16:10:04.708 2980 3844 I ModuleLoadUtils: .ModuleInfos not find ...
07-10 16:10:04.708 2980 3844 I ModuleLinkerImp: init time 40
07-10 16:10:04.708 2980 3844 I ModuleLinkerImp: =====> 0
07-10 16:10:04.709 2980 3844 I hpplay-java: [AsyncTask #2]:LBHandler:create name: LelinkCastImpl looper:Looper (main, tid 2) {857ffe4}
07-10 16:10:04.710 2980 2980 I hpplay-java: [main]:ModuleLoader:handleMessage what: 3
07-10 16:10:04.710 2980 2980 I hpplay-java: [main]:ModuleLoader:mSoPath: null
07-10 16:10:04.710 2980 2980 I hpplay-java: [main]:ModuleLoader:liblelink commit id api:6c5f3fe6fa2c124d6f6cf0d4a2bdb3175056ea81
07-10 16:10:04.715 2980 3845 I hpplay-java: [AsyncTask #3]:BuildConfigSupport:isDEBUG DEBUG:false
07-10 16:10:04.716 2980 3845 I hpplay-java: [AsyncTask #3]:BuildConfigSupport:getBuVersionCode BU_VERSION_CODE: 27712
07-10 16:10:04.716 2980 3845 I hpplay-java: [AsyncTask #3]:BuildConfigSupport:getVersionCode VERSION_CODE:60055
07-10 16:10:04.717 2980 3845 I hpplay-java: [AsyncTask #3]:BuildConfigSupport:getBuVersionName BU_VERSION_NAME:2.77.12-2023-05-22-18-03
07-10 16:10:04.717 2980 3845 I hpplay-java: [AsyncTask #3]:Utils:getApplication in sub thread
07-10 16:10:04.717 2980 3845 I hpplay-java: [AsyncTask #3]:Utils:getApplication in sub thread 3
07-10 16:10:04.719 2980 2980 I hpplay-java: [main]:Utils:getApplication in sub thread 2
07-10 16:10:04.719 2980 3845 I hpplay-java: [AsyncTask #3]:Utils:getApplication in sub thread 4
07-10 16:10:04.720 2980 3845 I hpplay-java: [AsyncTask #3]:LelinkCastImpl:liblelink commit id bu:6c5f3fe6fa2c124d6f6cf0d4a2bdb3175056ea81
07-10 16:10:04.720 2980 3845 I hpplay-java: [AsyncTask #3]:LelinkLoader:no external so file found
07-10 16:10:04.720 2980 3845 I hpplay-java: [AsyncTask #3]:LelinkLoader:loadSo BU_VERSION_CODE:27712, PackageName:com.hryt.lebotp,loadFile /data/user/0/com.hryt.lebotp/lib/liblelink.so
07-10 16:10:04.723 2980 3846 E ActivityThread: Failed to find provider info for com.tcl.xian.StartandroidService.MyContentProvider
07-10 16:10:04.726 2980 3845 I hpplay-java: [AsyncTask #3]:BPIFileUtil:getMd5ByFile: 0FA04FD08975C81CDD9275F6AE23A020, filePath:/data/user/0/com.hryt.lebotp/files/hpplay/file/config/dcf
07-10 16:10:04.727 2980 3845 I hpplay-java: [AsyncTask #3]:BPIFileUtil:getMd5ByFile: 0FA04FD08975C81CDD9275F6AE23A020, filePath:/data/user/0/com.hryt.lebotp/files/hpplay/file/config/dccf
07-10 16:10:04.728 2980 3845 I hpplay-java: [AsyncTask #3]:LibLoader:loadSo mDefaultPath:/data/user/0/com.hryt.lebotp/lib
07-10 16:10:04.728 2980 3845 I hpplay-java: [AsyncTask #3]:LibLoader:getValidPath nativeLibraryDir:/system_ext/app/TCCast/lib/arm
07-10 16:10:04.728 2980 3845 I hpplay-java: [AsyncTask #3]:LelinkLoader:getAbiType type:0, lelink64:49874acff73e68e73f39747be195fdfc,isSupportArm64:true
07-10 16:10:04.728 2980 3845 I hpplay-java: [AsyncTask #3]:LelinkLoader:getAbiType type:0, lelink64:49874acff73e68e73f39747be195fdfc,isSupportArm64:true
07-10 16:10:04.728 2980 3845 I hpplay-java: [AsyncTask #3]:LibLoader:getValidPath check path:/data/user/0/com.hryt.lebotp/lib/liblelink.so
07-10 16:10:04.729 2980 3845 I hpplay-java: [AsyncTask #3]:LibLoader:getValidPath check path:/system_ext/app/TCCast/lib/arm/liblelink.so
07-10 16:10:04.729 2980 3845 I hpplay-java: [AsyncTask #3]:LibLoader:getValidPath check path:/data/user/0/com.hryt.lebotp/files/hpplay/file/liblelink.so
07-10 16:10:04.729 2980 3845 I hpplay-java: [AsyncTask #3]:LibLoader:getValidPath check path:/system_ext/app/TCCast/lib/arm/liblelink.so
07-10 16:10:04.729 2980 3845 I hpplay-java: [AsyncTask #3]:LibLoader:getValidPath check path:/system/app/com.hryt.lebotp/lib/arm/liblelink.so
07-10 16:10:04.729 2980 3845 I hpplay-java: [AsyncTask #3]:LibLoader:getValidPath check path:/system/lib/com.hryt.lebotp/liblelink.so
07-10 16:10:04.729 2980 3845 I hpplay-java: [AsyncTask #3]:LibLoader:getValidPath check path:/system/etc/liblelink.so
07-10 16:10:04.729 2980 3845 I hpplay-java: [AsyncTask #3]:LibLoader:getValidPath check path:/system/lib/liblelink.so
07-10 16:10:04.730 2980 3845 I hpplay-java: [AsyncTask #3]:LibLoader:getValidPath check path:/data/app-lib/com.hryt.lebotp/liblelink.so
07-10 16:10:04.730 2980 3845 I hpplay-java: [AsyncTask #3]:LibLoader:getValidPath check path:/product/lib/liblelink.so
07-10 16:10:04.730 2980 3845 I hpplay-java: [AsyncTask #3]:LibLoader:getValidPath check path:/system/private-app/com.hryt.lebotp/lib/arm/liblelink.so
07-10 16:10:04.730 2980 3845 I hpplay-java: [AsyncTask #3]:LibLoader:getValidPath check path:/system_ext/app/TCCast/lib/arm/liblelink.so
07-10 16:10:04.730 2980 3845 I hpplay-java: [AsyncTask #3]:LibLoader:getValidPath check path:/data/user/0/com.hryt.lebotp/files/hpplay/common/liblelink.so
07-10 16:10:04.731 2980 3845 I hpplay-java: [AsyncTask #3]:LelinkLoader:getAbiType type:0, lelink64:49874acff73e68e73f39747be195fdfc,isSupportArm64:true
07-10 16:10:04.734 662 677 I mpu_uart: [MSG-P:RECV]:No message received in 1000 ms
07-10 16:10:04.771 2980 3845 I hpplay-java: [AsyncTask #3]:BPIFileUtil:getMd5ByFile: 755D6CF73544EC724E1C37A535EC35F2, filePath:/data/user/0/com.hryt.lebotp/files/hpplay/common/liblelink.so
07-10 16:10:04.771 2980 3845 W hpplay-java: [AsyncTask #3]:LelinkLoader:error,liblelink.so wrong MD5 755d6cf73544ec724e1c37a535ec35f2, newSoMd5:755D6CF73544EC724E1C37A535EC35F2
07-10 16:10:04.771 2980 3845 I hpplay-java: [AsyncTask #3]:LibLoader:getValidPath soPath:/data/user/0/com.hryt.lebotp/files/hpplay/common/liblelink.so
07-10 16:10:04.774 2980 3845 I hpplay-base: liblelink ver: 27712 (May 22 2023 18:01:54)
07-10 16:10:04.774 2980 3845 I hpplay-base: liblelink commit id: 6c5f3fe6fa2c124d6f6cf0d4a2bdb3175056ea81
07-10 16:10:04.775 2980 3845 I hpplay-java: [AsyncTask #3]:LibLoader:loadSo lelink true
07-10 16:10:04.775 2980 3845 I hpplay-java: [AsyncTask #3]:LelinkLoader:load so from assets java.lang.NumberFormatException: For input string: "lib"
07-10 16:10:04.775 2980 2980 I hpplay-java: [main]:ModuleLoader:handleMessage what: 2
07-10 16:10:04.775 2980 2980 I hpplay-java: [main]:LelinkCastWrapper:onLoad isSuccess:true
07-10 16:10:04.911 3824 3824 I MSP-JNI : JNI_OnLoad called
07-10 16:10:04.912 3824 3824 E MSP-JNI : Failed to get class in Jload
07-10 16:10:04.912 3824 3824 I MSP-JNI : FindClass - com/qualcomm/ltebc/LTEBroadcastService JNI EXCEPTION CLEARED
07-10 16:10:04.912 3824 3824 I MSP-JNI : JNI_OnLoad: Initializing File Delivery references
07-10 16:10:04.913 3824 3824 I MSP-JNI : FindClass CARRIER_SPECIFIC_CLASS_DEFINITION JNI EXCEPTION CLEARED
07-10 16:10:04.913 3824 3824 I MSP-JNI : JNI_OnLoad: Completed File Delivery initialization
07-10 16:10:04.917 3824 3824 I LTE Application: LTEApplicationCreate
07-10 16:10:04.917 3824 3824 I LTE Application: applicationContext : com.qualcomm.ltebc.LTEQTIApplication@54fe36d
07-10 16:10:04.919 3824 3824 I LTE QMI Link: Creating QMI Link
07-10 16:10:04.921 3824 3824 D LTE Application: packageName = com.qti.ltebc versionCode = 5401010 versionName = MSDC_LA_5.4.01.01.0
07-10 16:10:04.921 3824 3824 I LTE Application: LTE Broadcast Library Release Version = MSDC_LA_5.4.01.01.0
07-10 16:10:04.921 3824 3824 D LTE Application: IntentSender : Last intent Status NOT_SENT forcedBroadcast flag = true
07-10 16:10:04.921 3824 3824 D LTE Application: sendBroadcastIntent IntentAction : Sending com.qualcomm.intent.EMBMS_STATUS ACTIVE = false
07-10 16:10:04.922 3824 3824 W SOCKET : ConnectionManager constructor has been initialised
07-10 16:10:04.922 3824 3824 E System : Ignoring attempt to set property "java.net.preferIPv6Addresses" to value "false".
07-10 16:10:04.924 3824 3824 D LTE Application: Android API Version 31
07-10 16:10:04.924 3824 3824 I LTE Application: Package Name : com.qti.ltebc
07-10 16:10:04.925 3824 3824 I LTE Application: app is not whitelisted
07-10 16:10:04.927 3824 3824 I LTE Broadcast Receiver: Broadcast Receiver Received intent : Intent { act=android.intent.action.BOOT_COMPLETED flg=0x89000010 cmp=com.qti.ltebc/com.qualcomm.ltebc.LTEBroadcastBootReceiver (has extras) }
07-10 16:10:04.927 3824 3824 I LTE Broadcast Receiver: Received intent : android.intent.action.BOOT_COMPLETED isBindCalled = false
07-10 16:10:04.927 3824 3824 I LTE Application: startRootServiceASync true
07-10 16:10:04.928 3824 3848 I LTE Application: startRootServiceSync true
07-10 16:10:04.928 3824 3848 I LTE Application: startRootServiceSync initState LTEBC_MSP_NOT_INITIALIZED
07-10 16:10:04.928 3824 3848 I LTE Application: setWakeupMode - mode :WAKEUP_MODE_BG
07-10 16:10:04.928 3824 3848 I LTE Application: startRootServiceSync(): Started from BOOT
07-10 16:10:04.929 3824 3848 I LTE Application: startRootServiceSync(): setting alarm wake up and exit from BOOT 1688976605428
07-10 16:10:04.929 3824 3848 I LTE Application: scheduleNextWakeup appName: null wakeupInFg: false
07-10 16:10:04.929 3824 3848 I LTE Application: wakeupTime is 1688976605428
07-10 16:10:04.929 3824 3848 I LTE Application: Next wakeup will be due to boot
07-10 16:10:04.929 3824 3848 D CompatibilityChangeReporter: Compat change id reported: 160794467; UID 10073; state: ENABLED
07-10 16:10:04.929 1566 2057 I ActivityManager: Killing 3806:com.android.shell/2000 (adj 915): empty #2
07-10 16:10:04.931 1566 1600 D CompatibilityChangeReporter: Compat change id reported: 171306433; UID 10073; state: ENABLED
07-10 16:10:04.931 1566 1691 I libprocessgroup: Successfully killed process cgroup uid 2000 pid 3806 in 0ms
07-10 16:10:04.933 1566 2057 D CompatibilityChangeReporter: Compat change id reported: 168419799; UID 10053; state: DISABLED
07-10 16:10:04.934 1566 2057 D CompatibilityInfo: mCompatibilityFlags - 4
07-10 16:10:04.934 1566 2057 D CompatibilityInfo: applicationDensity - 240
07-10 16:10:04.934 1566 2057 D CompatibilityInfo: applicationScale - 1.0
07-10 16:10:04.935 3824 3848 I LTE Application: Alarm Set to 1688976605428
07-10 16:10:04.936 2873 2873 D PASRReceiver: Received Intent Intent { act=android.intent.action.BOOT_COMPLETED flg=0x89000010 cmp=com.qti.pasrservice/.PASRReceiver (has extras) }
07-10 16:10:04.936 3824 3848 I com.qti.ltebc: System.exit called, status: 0
07-10 16:10:04.936 3824 3848 I AndroidRuntime: VM exiting with result code 0, cleanup skipped.
07-10 16:10:04.938 1566 1600 D CompatibilityInfo: mCompatibilityFlags - 4
07-10 16:10:04.938 1566 1600 D CompatibilityInfo: applicationDensity - 240
07-10 16:10:04.938 1566 1600 D CompatibilityInfo: applicationScale - 1.0
07-10 16:10:04.938 2873 2873 D PASRReceiver: PASRService Auto Boot Started Successfully
07-10 16:10:04.939 2873 2873 E PASRService: onCreate
07-10 16:10:04.939 1566 1600 D CompatibilityInfo: mCompatibilityFlags - 4
07-10 16:10:04.939 1566 1600 D CompatibilityInfo: applicationDensity - 240
07-10 16:10:04.939 1566 1600 D CompatibilityInfo: applicationScale - 1.0
07-10 16:10:04.940 2873 2873 D PASRService: PASRService started
07-10 16:10:04.940 2296 2296 I MStatsReceiver: prop ==
07-10 16:10:04.940 2296 2296 I MStatsReceiver: Received intent but prop is not set.
07-10 16:10:04.942 1566 2057 D CompatibilityChangeReporter: Compat change id reported: 168419799; UID 10067; state: DISABLED
07-10 16:10:04.942 1566 2057 D CompatibilityInfo: mCompatibilityFlags - 4
07-10 16:10:04.942 1566 2057 D CompatibilityInfo: applicationDensity - 240
07-10 16:10:04.942 1566 2057 D CompatibilityInfo: applicationScale - 1.0
07-10 16:10:04.946 1566 1600 D CompatibilityChangeReporter: Compat change id reported: 168419799; UID 10070; state: DISABLED
07-10 16:10:04.946 1566 1600 D CompatibilityInfo: mCompatibilityFlags - 4
07-10 16:10:04.946 1566 1600 D CompatibilityInfo: applicationDensity - 240
07-10 16:10:04.946 1566 1600 D CompatibilityInfo: applicationScale - 1.0
07-10 16:10:04.952 683 683 I Zygote : Process 3806 exited due to signal 9 (Killed)
07-10 16:10:04.953 1566 2057 D CompatibilityChangeReporter: Compat change id reported: 168419799; UID 10080; state: DISABLED
07-10 16:10:04.953 1566 2057 D CompatibilityInfo: mCompatibilityFlags - 4
07-10 16:10:04.953 1566 2057 D CompatibilityInfo: applicationDensity - 240
07-10 16:10:04.953 1566 2057 D CompatibilityInfo: applicationScale - 1.0
07-10 16:10:04.955 2593 2593 I QCCAuthMgr: BootReceiver - onReceive
07-10 16:10:04.955 2593 2593 I QCCAuthMgr: android.intent.action.BOOT_COMPLETED intent received
07-10 16:10:04.955 2593 2593 D QCCAuthMgr: SMQContentProvider query uri: content://com.qti.smq.Feedback.provider/smq_settings, selection: key=?, uri_matcher: 1
07-10 16:10:04.955 2593 2593 D QCCAuthMgr: SMQContentProvider query tableName: smq_settings
07-10 16:10:04.956 2593 2593 I QCCAuthMgr: BootReceiver - db is not initial
07-10 16:10:04.957 1566 2057 D CompatibilityChangeReporter: Compat change id reported: 168419799; UID 10081; state: DISABLED
07-10 16:10:04.957 1566 2057 D CompatibilityInfo: mCompatibilityFlags - 4
07-10 16:10:04.957 1566 2057 D CompatibilityInfo: applicationDensity - 240
07-10 16:10:04.957 1566 2057 D CompatibilityInfo: applicationScale - 1.0
07-10 16:10:04.958 1566 2057 I ActivityManager: Process com.qti.ltebc (pid 3824) has died: cch+5 CEM
07-10 16:10:04.959 1566 1691 I libprocessgroup: Successfully killed process cgroup uid 10073 pid 3824 in 0ms
07-10 16:10:04.959 683 683 I Zygote : Process 3824 exited cleanly (0)
07-10 16:10:04.959 2919 2919 I QCC-Netstat:BootReceiver: android.intent.action.BOOT_COMPLETED received
