07-10 16:10:28.320 2555 2555 D ViewTouchDebug: mView : DecorView@b70634[QuickstepLauncher]Receive event : MotionEvent { action=ACTION_UP, actionButton=0, id[0]=0, x[0]=2398.0, y[0]=540.0, toolType[0]=TOOL_TYPE_FINGER, buttonState=0, classification=NONE, metaState=0, flags=0x0, edgeFlags=0x0, pointerCount=1, historySize=0, eventTime=36499, downTime=36424, deviceId=4, source=0x5002, displayId=0, eventId=157213143 }
07-10 16:10:28.327 2555 2555 D StateManager: goToState: Normal
07-10 16:10:28.329 1566 1743 I thunderperf: Maybe need boostperf for current app!
07-10 16:10:28.331 1566 1743 I ThunderPerfManager: Start bindService: PERF_SERVICE=com.thundercomm.gamemode.perfservice service=android.os.BinderProxy@65e6b86
07-10 16:10:28.332 2029 2053 D FgBoostPerfService: [FgBoostPerfService.perfBoostAcq]start: stat=true pkgName=com.android.settings
07-10 16:10:28.334 2029 2053 I FgBoostPerfService: [FgBoostPerfService.perfBoostAcq] not game-mode or game app!
07-10 16:10:28.335 1566 1743 I ThunderPerfManager: PerfAcq error : state=true pkgName=com.android.settings
07-10 16:10:28.335 2029 2053 I FgBoostPerfService: [GetGpuMode] isMode=1 isGame=false mGpuMode=1
07-10 16:10:28.336 2029 2053 I FgBoostPerfService: [GetGpuDpiType] isMode=1 isGame=false mGpuDpiType=0
07-10 16:10:28.336 2029 2053 I FgBoostPerfService: [GetGpuDpiType] isMode=1 isGame=false mGpuStandardValue=1
07-10 16:10:28.337 1566 1743 I thunderperf: Current app pkgName=com.android.settings bm:com.thundercomm.perf.BoostPerfManager@a9acc47 gpuMode=-1 gpuType=-1 gpuStandardVal=-1
07-10 16:10:28.337 1566 1743 I ThunderBoostPerfService: Resolution: Uid=10072 Pid=2555 gMode=-1 dType=-1 gpuStandardVal=-1
07-10 16:10:28.338 1566 1743 I thunderperf: PlatormCompat.setOverrides: Uid1=10072 Pid1=2555 Uid2=10072 Pid2=2555
07-10 16:10:28.338 1566 1743 I thunderperf: PlatormCompat.setOverrides: needCheck:false
07-10 16:10:28.339 1566 1743 I thunderperf: CompatConfig.addOverrideUnsafe: bef-state=1
07-10 16:10:28.339 1566 1743 I thunderperf: CompatConfig.addOverrideUnsafe: aft-state=0
07-10 16:10:28.340 1566 1743 I thunderperf: CompatConfig.addOverrideUnsafe: bef-state=1
07-10 16:10:28.341 1566 1743 I thunderperf: CompatConfig.addOverrideUnsafe: aft-state=0
07-10 16:10:28.341 1566 1743 I thunderperf: CompatConfig.addOverrideUnsafe: bef-state=1
07-10 16:10:28.341 1566 1743 I thunderperf: CompatConfig.addOverrideUnsafe: aft-state=0
07-10 16:10:28.342 1566 1743 I thunderperf: CompatConfig.addOverrideUnsafe: bef-state=1
07-10 16:10:28.342 1566 1743 I thunderperf: CompatConfig.addOverrideUnsafe: aft-state=0
07-10 16:10:28.342 1566 1743 I thunderperf: CompatConfig.addOverrideUnsafe: bef-state=1
07-10 16:10:28.342 1566 1743 I thunderperf: CompatConfig.addOverrideUnsafe: aft-state=0
07-10 16:10:28.343 1566 1743 I thunderperf: CompatConfig.addOverrideUnsafe: bef-state=1
07-10 16:10:28.343 1566 1743 I thunderperf: CompatConfig.addOverrideUnsafe: aft-state=0
07-10 16:10:28.343 1566 1743 I thunderperf: CompatConfig.addOverrideUnsafe: bef-state=1
07-10 16:10:28.344 1566 1743 I thunderperf: CompatConfig.addOverrideUnsafe: aft-state=0
07-10 16:10:28.344 1566 1743 I thunderperf: CompatConfig.addOverrideUnsafe: bef-state=1
07-10 16:10:28.344 1566 1743 I thunderperf: CompatConfig.addOverrideUnsafe: aft-state=0
07-10 16:10:28.344 1566 1743 I thunderperf: CompatConfig.addOverrideUnsafe: bef-state=1
07-10 16:10:28.345 1566 1743 I thunderperf: CompatConfig.addOverrideUnsafe: aft-state=0
07-10 16:10:28.345 1566 1743 I thunderperf: CompatConfig.addOverrideUnsafe: bef-state=1
07-10 16:10:28.345 1566 1743 I thunderperf: CompatConfig.addOverrideUnsafe: aft-state=0
07-10 16:10:28.346 1566 1743 I thunderperf: CompatConfig.addOverrideUnsafe: bef-state=1
07-10 16:10:28.346 1566 1743 I thunderperf: CompatConfig.addOverrideUnsafe: aft-state=0
07-10 16:10:28.346 1566 1743 I thunderperf: CompatConfig.addOverrideUnsafe: bef-state=1
07-10 16:10:28.346 1566 1743 I thunderperf: CompatConfig.addOverrideUnsafe: aft-state=0
07-10 16:10:28.347 1566 1743 I thunderperf: CompatConfig.addOverrideUnsafe: bef-state=1
07-10 16:10:28.347 1566 1743 I thunderperf: CompatConfig.addOverrideUnsafe: aft-state=0
07-10 16:10:28.347 1566 1743 I thunderperf: CompatConfig.addOverrideUnsafe: bef-state=1
07-10 16:10:28.347 1566 1743 I thunderperf: CompatConfig.addOverrideUnsafe: aft-state=0
07-10 16:10:28.352 1566 1743 I ThunderBoostPerfService: Disable downscaling com.android.settings to 2380x1020
07-10 16:10:28.353 1566 1743 I ActivityTaskManager: START u0 {act=android.intent.action.MAIN cat=[android.intent.category.LAUNCHER] flg=0x10200000 cmp=com.android.settings/.Settings bnds=[2306,440][2508,640]} from uid 10072
07-10 16:10:28.353 1566 1681 I EventSequenceValidator: inc AccIntentStartedEvents to 2
07-10 16:10:28.355 1566 1743 D ActivityTaskManager: TaskLaunchParamsModifier:task=null activity=ActivityRecord{325ba12 u0 com.android.settings/.Settings taskAffinity=1000:com.android.settings.root display-area-from-source=DefaultTaskDisplayArea@151977129 display-id=0 display-windowing-mode=1 suggested-display-area=DefaultTaskDisplayArea@151977129
07-10 16:10:28.358 1566 1743 E ANDR-PERF-JNI: com_qualcomm_qtiperformance_native_perf_io_prefetch_start
07-10 16:10:28.358 1566 1743 D ActivityTaskManager: TaskLaunchParamsModifier:task=null activity=ActivityRecord{325ba12 u0 com.android.settings/.Settings taskAffinity=1000:com.android.settings.root t-1} display-area-from-source=DefaultTaskDisplayArea@151977129 display-id=0 display-windowing-mode=1 suggested-display-area=DefaultTaskDisplayArea@151977129 non-freeform-display display-area=DefaultTaskDisplayArea@151977129
07-10 16:10:28.358 1566 1743 W ActivityTaskManager: Can't find TaskDisplayArea to determine support for multi window. Task id=18 attached=false
07-10 16:10:28.359 1566 1743 D ActivityTaskManager: TaskLaunchParamsModifier:task=Task{1fee99 #18 type=standard A=1000:com.android.settings.root U=0 visible=false mode=fullscreen translucent=true sz=0 visible freeform task=true rootAffinity=1000:com.android.settings.root isMini=false} activity=ActivityRecord{325ba12 u0 com.android.settings/.Settings taskAffinity=1000:com.android.settings.root t-1} display-area-from-source=DefaultTaskDisplayArea@151977129 display-id=0 display-windowing-mode=1 suggested-display-area=DefaultTaskDisplayArea@151977129 non-freeform-display display-area=DefaultTaskDisplayArea@151977129
07-10 16:10:28.360 856 3325 E ANDR-IOP: io prefetch is disabled
07-10 16:10:28.360 1566 1743 D CompatibilityChangeReporter: Compat change id reported: 174042980; UID 1000; state: DISABLED
07-10 16:10:28.361 1566 1743 D CompatibilityInfo: mCompatibilityFlags - 4
07-10 16:10:28.361 1566 1743 D CompatibilityInfo: applicationDensity - 240
07-10 16:10:28.361 1566 1743 D CompatibilityInfo: applicationScale - 1.0
07-10 16:10:28.361 1566 1743 I ActivityTaskManager: addStartingWindow startWindow type:2
07-10 16:10:28.361 1566 1743 I ActivityTaskManager: Schedule add splash screen timeout, the mStartingData:com.android.server.wm.SplashScreenStartingData@ba1655e
07-10 16:10:28.361 1566 1743 I ActivityTaskManager: Schedule add splash screen timeout
07-10 16:10:28.362 1566 1743 D ActivityTrigger: ActivityTrigger activityPauseTrigger
07-10 16:10:28.362 1566 1743 D PowerManagerService: acquireWakeLockInternal: lock=105128930, flags=0x1, tag="*launch*", ws=WorkSource{1000}, uid=1000, pid=1566
07-10 16:10:28.362 1566 1743 D PowerManagerService: updateWakeLockSummaryLocked: mWakefulness=Awake, mWakeLockSummary=0x1
07-10 16:10:28.362 1566 1743 D PowerManagerService: updateUserActivitySummaryLocked: groupId=0, mWakefulness=Awake, mUserActivitySummary=0x1, nextTimeout=96424 (in 59882 ms)
07-10 16:10:28.362 1566 1743 D PowerManagerNotifier: onScreenPolicyUpdate: newPolicy=3
07-10 16:10:28.362 1566 1743 D PowerManagerService: updateDisplayPowerStateLocked: displayReady=true, groupId=0, policy=BRIGHT, mWakefulness=Awake, mWakeLockSummary=0x1, mUserActivitySummary=0x1, mBootCompleted=true, screenBrightnessOverride=NaN, useAutoBrightness=true, mScreenBrightnessBoostInProgress=false, mIsVrModeEnabled= false, sQuiescent=false
07-10 16:10:28.362 1566 1743 D PowerManagerService: Acquiring suspend blocker "PowerManagerService.WakeLocks".
07-10 16:10:28.362 1566 1743 D PowerManagerNotifier: onWakeLockAcquired: flags=1, tag="*launch*", packageName=android, ownerUid=1000, ownerPid=1566, workSource=WorkSource{1000}
07-10 16:10:28.363 1566 1743 D RecentTaskTest: checkUnusedTasks : 5
07-10 16:10:28.363 1566 1743 D RecentTaskTest: packageName : com.microsoft.emmx
07-10 16:10:28.363 1566 1743 D RecentTaskTest: packageName : com.ss.android.article.video.landscape
07-10 16:10:28.363 1566 1743 D RecentTaskTest: packageName : com.android.settings
07-10 16:10:28.363 1566 1743 D RecentTaskTest: nonSystemAppTasks size : 0
07-10 16:10:28.363 1566 1743 D RecentTaskTest:
07-10 16:10:28.365 1907 2210 W StartingSurfaceDrawer: Window background is transparent, fill background with black color
07-10 16:10:28.367 1566 1681 D CompatibilityChangeReporter: Compat change id reported: 135634846; UID 1000; state: DISABLED
07-10 16:10:28.367 1566 1681 D CompatibilityChangeReporter: Compat change id reported: 177438394; UID 1000; state: DISABLED
07-10 16:10:28.367 1566 1681 D CompatibilityChangeReporter: Compat change id reported: 135772972; UID 1000; state: DISABLED
07-10 16:10:28.367 1907 2210 D BaseIconFactory: normalizeAndWrapToAdaptiveIcon: scale=0.8232189
07-10 16:10:28.367 1566 1681 D CompatibilityChangeReporter: Compat change id reported: 135754954; UID 1000; state: ENABLED
07-10 16:10:28.369 1566 3063 I ActivityTaskManager: FOREGROUND_APPLICATION_CHANGED to com.android.settings.homepage.SettingsHomepageActivity
07-10 16:10:28.372 683 683 D Zygote : Forked child process 4177
07-10 16:10:28.373 1566 1690 I ActivityManager: Start proc 4177:com.android.settings/1000 for pre-top-activity {com.android.settings/com.android.settings.Settings}
07-10 16:10:28.373 1566 4178 W ContextImpl: Calling a method in the system process without a qualified user: android.app.ContextImpl.sendBroadcast:1173 com.qualcomm.qti.Performance$SendGameLaunchBroadcast.run:217 java.lang.Thread.run:920
07-10 16:10:28.378 2948 3886 W SQLiteLog: (28) double-quoted string literal: "com.android.settings"
07-10 16:10:28.380 4177 4177 E ndroid.setting: Not starting debugger since process cannot load the jdwp agent.
07-10 16:10:28.381 4177 4177 D ProcessState: Binder ioctl to enable oneway spam detection failed: Invalid argument
07-10 16:10:28.382 0 0 I [ 36.561446] binder: 4177:4177 ioctl 40046210 7fe4a4a554 returned -22
07-10 16:10:28.382 930 930 I BpBinder: onLastStrongRef automatically unlinking death recipients:
07-10 16:10:28.384 1566 2701 D CompatibilityInfo: mCompatibilityFlags - 4
07-10 16:10:28.384 1566 2701 D CompatibilityInfo: applicationDensity - 240
07-10 16:10:28.384 1566 2701 D CompatibilityInfo: applicationScale - 1.0
07-10 16:10:28.385 1173 1173 I perfetto: ing_service_impl.cc:912 Configured tracing session 1, #sources:1, duration:5000 ms, #buffers:1, total buffer size:4096 KB, total sessions:1, uid:1071 session name: ""
07-10 16:10:28.385 1566 2701 D CompatibilityChangeReporter: Compat change id reported: 181136395; UID 1000; state: DISABLED
07-10 16:10:28.385 1566 2701 D CompatibilityChangeReporter: Compat change id reported: 174042936; UID 1000; state: DISABLED
07-10 16:10:28.386 1566 2701 D CompatibilityInfo: mCompatibilityFlags - 4
07-10 16:10:28.386 1566 2701 D CompatibilityInfo: applicationDensity - 240
07-10 16:10:28.386 1566 2701 D CompatibilityInfo: applicationScale - 1.0
07-10 16:10:28.387 4177 4177 D CompatibilityChangeReporter: Compat change id reported: 171979766; UID 1000; state: ENABLED
07-10 16:10:28.383 1171 1171 W traced_probes: type=1400 audit(0.0:106): avc: denied { read } for name="format" dev="tracefs" ino=6416 scontext=u:r:traced_probes:s0 tcontext=u:object_r:debugfs_tracing_debug:s0 tclass=file permissive=0
07-10 16:10:28.383 1171 1171 W traced_probes: type=1400 audit(0.0:107): avc: denied { read } for name="format" dev="tracefs" ino=6404 scontext=u:r:traced_probes:s0 tcontext=u:object_r:debugfs_tracing_debug:s0 tclass=file permissive=0
07-10 16:10:28.383 1171 1171 W traced_probes: type=1400 audit(0.0:108): avc: denied { read } for name="format" dev="tracefs" ino=6410 scontext=u:r:traced_probes:s0 tcontext=u:object_r:debugfs_tracing_debug:s0 tclass=file permissive=0
07-10 16:10:28.383 1171 1171 W traced_probes: type=1400 audit(0.0:109): avc: denied { read } for name="format" dev="tracefs" ino=6422 scontext=u:r:traced_probes:s0 tcontext=u:object_r:debugfs_tracing_debug:s0 tclass=file permissive=0
07-10 16:10:28.383 1171 1171 W traced_probes: type=1400 audit(0.0:110): avc: denied { read } for name="format" dev="tracefs" ino=6428 scontext=u:r:traced_probes:s0 tcontext=u:object_r:debugfs_tracing_debug:s0 tclass=file permissive=0
07-10 16:10:28.383 1171 1171 W traced_probes: type=1400 audit(0.0:111): avc: denied { read } for name="format" dev="tracefs" ino=6464 scontext=u:r:traced_probes:s0 tcontext=u:object_r:debugfs_tracing_debug:s0 tclass=file permissive=0
07-10 16:10:28.389 1566 1687 I UsageStatsService: Time changed in by 2 seconds
07-10 16:10:28.389 2029 3891 I GameMode_ActivityMonitoringService: onActivityLaunch: com.android.settings, isGameApp: false
07-10 16:10:28.389 2029 3891 V GameMode_GpuUtils: fps:60
07-10 16:10:28.390 4177 4177 E ndroid.setting: Dex checksum does not match for dex: /system_ext/priv-app/Settings/Settings.apk.Expected: 449154572, actual: 769795218
07-10 16:10:28.391 4177 4177 W ndroid.setting: ClassLoaderContext shared library size mismatch. Expected=2, found=0 (PCL[]{PCL[/system/framework/org.apache.http.legacy.jar*2058259660]#PCL[/system_ext/framework/extphonelib.jar*2894378777]} | PCL[])
07-10 16:10:28.391 0 0 W [ 36.568440] audit: audit_lost=1 audit_rate_limit=5 audit_backlog_limit=64
07-10 16:10:28.391 0 0 E [ 36.568443] audit: rate limit exceeded
07-10 16:10:28.391 4177 4177 E ndroid.setting: Dex checksum does not match for dex: /system_ext/priv-app/Settings/Settings.apk.Expected: 449154572, actual: 769795218
07-10 16:10:28.394 2029 3891 D GameModeIF_GameModeSettings: getUriFor setting_content_uri_root = content://com.thundercomm.gamemode.api/gamemode_settings , name = gamemode_enable
07-10 16:10:28.398 4177 4177 I Perf : Connecting to perf service.
07-10 16:10:28.400 4177 4177 V GraphicsEnvironment: ANGLE Developer option for 'com.android.settings' set to: 'default'
07-10 16:10:28.400 4177 4177 V GraphicsEnvironment: ANGLE GameManagerService for com.android.settings: false
07-10 16:10:28.400 4177 4177 D NetworkSecurityConfig: No Network Security Config specified, using platform default
07-10 16:10:28.400 4177 4177 D NetworkSecurityConfig: No Network Security Config specified, using platform default
07-10 16:10:28.403 4177 4177 I CarUiInstaller: CarUiInstaller started for com.android.settings
07-10 16:10:28.404 4177 4177 D SettingsSliceProvider: init
07-10 16:10:28.404 4177 4177 D SettingsSliceProvider: onCreateSliceProvider
07-10 16:10:28.420 1171 1171 D hw-ProcessState: Binder ioctl to enable oneway spam detection failed: Invalid argument
07-10 16:10:28.420 0 0 I [ 36.600247] binder: 1171:1171 ioctl 40046210 7fd6ee4e94 returned -22
07-10 16:10:28.421 584 584 E android.hardware.atrace@1.0-service: Failed to enable tracing on: /sys/kernel/debug/tracing/events/mdss/enable
07-10 16:10:28.421 584 584 E android.hardware.atrace@1.0-service: Failed to enable tracing on: /sys/kernel/debug/tracing/events/sde/enable
07-10 16:10:28.421 584 584 E android.hardware.atrace@1.0-service: Failed to enable tracing on: /sys/kernel/debug/tracing/events/mali_systrace/enable
07-10 16:10:28.421 584 584 E android.hardware.atrace@1.0-service: Failed to disable tracing on: /sys/kernel/debug/tracing/events/mdss/enable
07-10 16:10:28.421 584 584 E android.hardware.atrace@1.0-service: Failed to disable tracing on: /sys/kernel/debug/tracing/events/sde/enable
07-10 16:10:28.421 584 584 E android.hardware.atrace@1.0-service: Failed to disable tracing on: /sys/kernel/debug/tracing/events/mali_systrace/enable
07-10 16:10:28.421 584 584 E android.hardware.atrace@1.0-service: Failed to disable tracing on: /sys/kernel/debug/tracing/events/kmem/ion_alloc_buffer_start/enable
07-10 16:10:28.421 584 584 E android.hardware.atrace@1.0-service: Failed to enable tracing on: /sys/kernel/debug/tracing/events/kmem/ion_alloc_buffer_start/enable
07-10 16:10:28.421 584 584 E android.hardware.atrace@1.0-service: Failed to disable tracing on: /sys/kernel/debug/tracing/events/mdss/enable
07-10 16:10:28.421 584 584 E android.hardware.atrace@1.0-service: Failed to disable tracing on: /sys/kernel/debug/tracing/events/sde/enable
07-10 16:10:28.421 584 584 E android.hardware.atrace@1.0-service: Failed to disable tracing on: /sys/kernel/debug/tracing/events/mali_systrace/enable
07-10 16:10:28.421 584 584 E android.hardware.atrace@1.0-service: Failed to disable tracing on: /sys/kernel/debug/tracing/events/kmem/ion_alloc_buffer_start/enable
07-10 16:10:28.424 1171 1171 I perfetto: probes_producer.cc:241 Ftrace setup (target_buf=1)
07-10 16:10:28.425 4177 4177 I SettingsHomepageActivity: SettingsHomepageActivity: onCreate
07-10 16:10:28.426 1171 1171 I perfetto: ftrace_procfs.cc:206 enabled ftrace in /sys/kernel/tracing/
07-10 16:10:28.427 0 0 W [ 36.607200] perfetto: enabled ftrace
07-10 16:10:28.478 522 522 I hwservicemanager: getTransport: Cannot find entry android.hardware.graphics.mapper@4.0::IMapper/default in either framework or device VINTF manifest.
07-10 16:10:28.478 1566 2701 I Gralloc4: mapper 4.x is not supported
07-10 16:10:28.479 522 522 I hwservicemanager: getTransport: Cannot find entry android.hardware.graphics.allocator@4.0::IAllocator/default in either framework or device VINTF manifest.
07-10 16:10:28.479 1566 2701 W Gralloc4: allocator 4.x is not supported
07-10 16:10:28.480 1566 4204 I AdrenoGLES-0: QUALCOMM build : 47421dbee6, I139f36ad46
07-10 16:10:28.480 1566 4204 I AdrenoGLES-0: Build Date : 02/18/22
07-10 16:10:28.480 1566 4204 I AdrenoGLES-0: OpenGL ES Shader Compiler Version: EV031.32.02.17
07-10 16:10:28.480 1566 4204 I AdrenoGLES-0: Local Branch :
07-10 16:10:28.480 1566 4204 I AdrenoGLES-0: Remote Branch :
07-10 16:10:28.480 1566 4204 I AdrenoGLES-0: Remote Branch :
07-10 16:10:28.480 1566 4204 I AdrenoGLES-0: Reconstruct Branch :
07-10 16:10:28.480 1566 4204 I AdrenoGLES-0: Build Config : S P 10.0.7 AArch64
07-10 16:10:28.480 1566 4204 I AdrenoGLES-0: Driver Path : /vendor/lib64/egl/libGLESv2_adreno.so
07-10 16:10:28.481 522 522 I hwservicemanager: getTransport: Cannot find entry android.hardware.graphics.mapper@4.0::IMapper/default in either framework or device VINTF manifest.
07-10 16:10:28.482 1566 4204 I AdrenoGLES-0: PFP: 0x016dd093, ME: 0x00000000
07-10 16:10:28.487 1566 4204 D libEGL : MSAA-->msaa:2 gamemode:0 4x_msaa:0
07-10 16:10:28.488 1566 4204 D libEGL : MSAA-->msaa:2 gamemode:0 4x_msaa:0
07-10 16:10:28.488 1566 4204 D libEGL : MSAA-->msaa:2 gamemode:0 4x_msaa:0
07-10 16:10:28.536 4177 4177 D CompatibilityChangeReporter: Compat change id reported: 171228096; UID 1000; state: ENABLED
07-10 16:10:28.542 2593 2611 D QCCAuthMgr: SMQContentProvider query uri: content://com.qti.smq.Feedback.provider/smq_settings, selection: key=?, uri_matcher: 1
07-10 16:10:28.542 2593 2611 D QCCAuthMgr: SMQContentProvider query tableName: smq_settings
07-10 16:10:28.542 4177 4177 D AvatarViewMixin: Feature disabled by config. Skipping
07-10 16:10:28.547 4177 4177 D PrefCtrlListHelper: Could not find Context-only controller for pref: com.android.settings.network.TopLevelNetworkEntryPreferenceController
07-10 16:10:28.548 4177 4177 D PrefCtrlListHelper: Could not find Context-only controller for pref: com.android.settings.connecteddevice.TopLevelConnectedDevicesPreferenceController
07-10 16:10:28.548 4177 4177 D PrefCtrlListHelper: Could not find Context-only controller for pref: com.android.settings.fuelgauge.TopLevelBatteryPreferenceController
07-10 16:10:28.548 4177 4177 D PrefCtrlListHelper: Could not find Context-only controller for pref: com.android.settings.deviceinfo.TopLevelStoragePreferenceController
07-10 16:10:28.548 4177 4177 D PrefCtrlListHelper: Could not find Context-only controller for pref: com.android.settings.display.TopLevelDisplayPreferenceController
07-10 16:10:28.548 4177 4177 D PrefCtrlListHelper: Could not find Context-only controller for pref: com.android.settings.display.TopLevelWallpaperPreferenceController
07-10 16:10:28.548 4177 4177 D PrefCtrlListHelper: Could not find Context-only controller for pref: com.android.settings.accessibility.TopLevelAccessibilityPreferenceController
07-10 16:10:28.549 4177 4177 D PrefCtrlListHelper: Could not find Context-only controller for pref: com.android.settings.security.TopLevelSecurityEntryPreferenceController
07-10 16:10:28.549 4177 4177 D PrefCtrlListHelper: Could not find Context-only controller for pref: com.android.settings.location.TopLevelLocationPreferenceController
07-10 16:10:28.549 4177 4177 D PrefCtrlListHelper: Could not find Context-only controller for pref: com.android.settings.accounts.TopLevelAccountEntryPreferenceController
07-10 16:10:28.549 4177 4177 D PrefCtrlListHelper: Could not find Context-only controller for pref: com.android.settings.deviceinfo.aboutphone.TopLevelAboutDevicePreferenceController
07-10 16:10:28.549 4177 4177 D PrefCtrlListHelper: Could not find Context-only controller for pref: com.android.settings.support.SupportPreferenceController
07-10 16:10:28.553 1566 2701 E UserRestrictionsUtils: Unknown restriction queried by uid 1000 (com.thundercomm.screensaver et al): null
07-10 16:10:28.553 1566 2701 E UserRestrictionsUtils: Unknown restriction queried by uid 1000 (com.thundercomm.screensaver et al): null
07-10 16:10:28.553 1566 2701 E UserRestrictionsUtils: Unknown restriction queried by uid 1000 (com.thundercomm.screensaver et al): null
07-10 16:10:28.555 1566 2701 E UserRestrictionsUtils: Unknown restriction queried by uid 1000 (com.thundercomm.screensaver et al): null
07-10 16:10:28.556 1566 2701 E UserRestrictionsUtils: Unknown restriction queried by uid 1000 (com.thundercomm.screensaver et al): null
07-10 16:10:28.556 1566 2701 E UserRestrictionsUtils: Unknown restriction queried by uid 1000 (com.thundercomm.screensaver et al): null
07-10 16:10:28.556 1566 2701 E UserRestrictionsUtils: Unknown restriction queried by uid 1000 (com.thundercomm.screensaver et al): null
07-10 16:10:28.556 1566 2701 E UserRestrictionsUtils: Unknown restriction queried by uid 1000 (com.thundercomm.screensaver et al): null
07-10 16:10:28.557 1566 2701 E UserRestrictionsUtils: Unknown restriction queried by uid 1000 (com.thundercomm.screensaver et al): null
07-10 16:10:28.557 1566 2701 E UserRestrictionsUtils: Unknown restriction queried by uid 1000 (com.thundercomm.screensaver et al): null
07-10 16:10:28.557 1566 3063 E UserRestrictionsUtils: Unknown restriction queried by uid 1000 (com.thundercomm.screensaver et al): null
07-10 16:10:28.557 1566 1600 E UserRestrictionsUtils: Unknown restriction queried by uid 1000 (com.thundercomm.screensaver et al): null
07-10 16:10:28.557 1566 2065 E UserRestrictionsUtils: Unknown restriction queried by uid 1000 (com.thundercomm.screensaver et al): null
07-10 16:10:28.557 1566 3602 E UserRestrictionsUtils: Unknown restriction queried by uid 1000 (com.thundercomm.screensaver et al): null
07-10 16:10:28.558 1566 1743 E UserRestrictionsUtils: Unknown restriction queried by uid 1000 (com.thundercomm.screensaver et al): null
07-10 16:10:28.558 1566 2881 E UserRestrictionsUtils: Unknown restriction queried by uid 1000 (com.thundercomm.screensaver et al): null
07-10 16:10:28.558 1566 2057 E UserRestrictionsUtils: Unknown restriction queried by uid 1000 (com.thundercomm.screensaver et al): null
07-10 16:10:28.558 1566 2679 E UserRestrictionsUtils: Unknown restriction queried by uid 1000 (com.thundercomm.screensaver et al): null
07-10 16:10:28.558 4177 4177 W InstrumentedPrefFrag: Screen title missing for fragment com.android.settings.homepage.TopLevelSettings
07-10 16:10:28.563 4177 4177 D TopLevelSettings: NO dashboard tiles for TopLevelSettings
07-10 16:10:28.563 4177 4177 D TopLevelSettings: All preferences added, reporting fully drawn
07-10 16:10:28.579 4177 4177 W BatteryBroadcastRcvr: Problem reading the battery meter.
07-10 16:10:28.581 4177 4177 I TopLevelSettings: TopLevelSettings: TopLevelSettings::com.android.settings.connecteddevice.ConnectedDeviceDashboardFragment
07-10 16:10:28.587 4177 4206 D BatteryInfo: time for getStats: 0ms
07-10 16:10:28.587 4177 4206 D BatteryInfo: time for regular BatteryInfo: 0ms
07-10 16:10:28.587 4177 4206 D BatteryInfo: time for getBatteryInfo: 0ms
07-10 16:10:28.587 4177 4177 W UnsafeUtil: platform method missing - proto runtime falling back to safer methods: java.lang.NoSuchMethodException: sun.misc.Unsafe.copyMemory [class java.lang.Object, long, class java.lang.Object, long, long]
07-10 16:10:28.588 4177 4210 D UsageGraph: No enabled state changed, skipping updateCategory call
07-10 16:10:28.589 4177 4209 D BatteryTipLoader: BatteryInfoLoader post query: 0ms
07-10 16:10:28.590 4177 4209 D BatteryInfo: time for getBatteryInfo: 1ms
07-10 16:10:28.590 4177 4209 D BatteryTipLoader: BatteryInfoLoader.loadInBackground: 1ms
07-10 16:10:28.596 2555 2555 D ActivityChangeReceiver: onReceive
07-10 16:10:28.596 4177 4177 W BatteryBroadcastRcvr: Problem reading the battery meter.
07-10 16:10:28.596 2555 4217 D MCUUtil : saveLastActivity activityName=com.android.settings.homepage.SettingsHomepageActivity packageName=com.android.settings
07-10 16:10:28.596 4177 4177 D BatteryInfo: time for callback: 0ms
07-10 16:10:28.599 4177 4210 D BatteryInfo: time for getStats: 0ms
07-10 16:10:28.599 4177 4210 D BatteryInfo: time for regular BatteryInfo: 0ms
07-10 16:10:28.600 4177 4210 D BatteryInfo: time for getBatteryInfo: 0ms
07-10 16:10:28.609 4177 4218 D BatteryTipLoader: BatteryInfoLoader post query: 0ms
07-10 16:10:28.609 4177 4218 D BatteryInfo: time for getBatteryInfo: 0ms
07-10 16:10:28.609 4177 4218 D BatteryTipLoader: BatteryInfoLoader.loadInBackground: 0ms
07-10 16:10:28.626 4177 4201 I AdrenoGLES-0: QUALCOMM build : 47421dbee6, I139f36ad46
07-10 16:10:28.626 4177 4201 I AdrenoGLES-0: Build Date : 02/18/22
07-10 16:10:28.626 4177 4201 I AdrenoGLES-0: OpenGL ES Shader Compiler Version: EV031.32.02.17
07-10 16:10:28.626 4177 4201 I AdrenoGLES-0: Local Branch :
07-10 16:10:28.626 4177 4201 I AdrenoGLES-0: Remote Branch :
07-10 16:10:28.626 4177 4201 I AdrenoGLES-0: Remote Branch :
07-10 16:10:28.626 4177 4201 I AdrenoGLES-0: Reconstruct Branch :
07-10 16:10:28.626 4177 4201 I AdrenoGLES-0: Build Config : S P 10.0.7 AArch64
07-10 16:10:28.626 4177 4201 I AdrenoGLES-0: Driver Path : /vendor/lib64/egl/libGLESv2_adreno.so
07-10 16:10:28.627 522 522 I hwservicemanager: getTransport: Cannot find entry android.hardware.graphics.mapper@4.0::IMapper/default in either framework or device VINTF manifest.
07-10 16:10:28.629 4177 4201 I AdrenoGLES-0: PFP: 0x016dd093, ME: 0x00000000
07-10 16:10:28.633 4177 4201 D libEGL : MSAA-->msaa:2 gamemode:0 4x_msaa:0
07-10 16:10:28.633 4177 4201 D libEGL : MSAA-->msaa:2 gamemode:0 4x_msaa:0
07-10 16:10:28.634 4177 4201 D libEGL : MSAA-->msaa:2 gamemode:0 4x_msaa:0
07-10 16:10:28.639 853 1070 I SDM : HWCDisplay::GetColorModeCount: Supported color mode count = 1
07-10 16:10:28.640 853 1070 I SDM : HWCDisplay::GetColorModes: Color mode = 0 is supported
07-10 16:10:28.640 930 1708 E HWComposer: getSupportedContentTypes: getSupportedContentTypes failed for display 4630946816427681409: Unsupported (8)
07-10 16:10:28.640 4177 4201 D hw-ProcessState: Binder ioctl to enable oneway spam detection failed: Invalid argument
07-10 16:10:28.640 522 522 I hwservicemanager: getTransport: Cannot find entry android.hardware.graphics.mapper@4.0::IMapper/default in either framework or device VINTF manifest.
07-10 16:10:28.640 4177 4220 I Gralloc4: mapper 4.x is not supported
07-10 16:10:28.641 522 522 I hwservicemanager: getTransport: Cannot find entry android.hardware.graphics.allocator@4.0::IAllocator/default in either framework or device VINTF manifest.
07-10 16:10:28.641 4177 4220 W Gralloc4: allocator 4.x is not supported
07-10 16:10:28.643 0 0 I [ 36.820694] binder: 4177:4201 ioctl 40046210 6ea38c41f4 returned -22
07-10 16:10:28.659 1566 1682 I ActivityTaskManager: Removing AddSplashScreenTimeoutRunnable from the message queue
07-10 16:10:28.661 1566 1682 E system_server: Dex checksum does not match for dex: /system_ext/priv-app/Settings/Settings.apk.Expected: 449154572, actual: 769795218
07-10 16:10:28.661 1566 1678 E system_server: Dex checksum does not match for dex: /system_ext/priv-app/Settings/Settings.apk.Expected: 449154572, actual: 769795218
07-10 16:10:28.662 4177 4177 D BatteryInfo: time for callback: 0ms
07-10 16:10:28.665 1566 1678 I ActivityTaskManager: Displayed com.android.settings/.Settings: +306ms
07-10 16:10:28.665 1566 1678 I ActivityTaskManager: Fully drawn com.android.settings/.Settings: +306ms
07-10 16:10:28.676 1566 1681 I EventSequenceValidator: dec AccIntentStartedEvents to 1
07-10 16:10:28.677 3288 3288 I ImeService: ImeService(com.baidu.input_hryt.ImeService@53cec90) life called >>> onUnbindInput
07-10 16:10:28.678 3288 3288 D ImeService: onUnbindInput
07-10 16:10:28.678 3288 3288 I ImeService: ImeService(com.baidu.input_hryt.ImeService@53cec90) life called >>> onUnbindInput false
07-10 16:10:28.681 3288 3288 I ImeService: ImeService(com.baidu.input_hryt.ImeService@53cec90) life called >>> onBindInput
07-10 16:10:28.681 3288 3288 D ImeService: onBindInput
07-10 16:10:28.681 3288 3288 I ImeService: ImeService(com.baidu.input_hryt.ImeService@53cec90) life called >>> onFinishInput
07-10 16:10:28.681 3288 3288 D ImeService: onFinishInput
07-10 16:10:28.682 3288 3288 I ImeService: ImeService(com.baidu.input_hryt.ImeService@53cec90) life called >>> onStartInput false 10.6.1003.19
07-10 16:10:28.683 3288 3288 D ImeService: current version:10.6.1003.19
07-10 16:10:28.683 3288 3288 D ImeService: onStartInput:packageName:com.android.settings inputType:0 restarting:false,fieldId:-1,imeOptions:0
07-10 16:10:28.684 4177 4177 D PrefCtrlListHelper: Could not find Context-only controller for pref: com.android.settings.slices.SlicePreferenceController
07-10 16:10:28.685 4177 4177 D BluetoothEventManager: adding SourceInfo Handler
07-10 16:10:28.685 3288 3288 I ColorPicker: invalidatePickedColors: oldFloatColor=fff5f7fa
07-10 16:10:28.685 3288 4228 E CarAuth : check ok
07-10 16:10:28.685 4177 4177 D LocalBluetoothProfileManager: LocalBluetoothProfileManager construction complete
07-10 16:10:28.686 4177 4177 D LocalBluetoothProfileManager: Adding local A2DP profile
07-10 16:10:28.686 4177 4177 D BluetoothA2dp: Binding service...
07-10 16:10:28.687 4177 4177 D LocalBluetoothProfileManager: Adding local HEADSET profile
07-10 16:10:28.687 4177 4177 D BluetoothHeadset: Binding service...
07-10 16:10:28.687 1566 3272 W BluetoothManagerService: psc is not null in bindBluetoothProfileService
07-10 16:10:28.688 4177 4177 D LocalBluetoothProfileManager: Adding local MAP profile
07-10 16:10:28.688 4177 4177 D BluetoothMap: Create BluetoothMap proxy object
07-10 16:10:28.688 4177 4177 D BluetoothMap: Binding service...
07-10 16:10:28.688 4177 4177 D LocalBluetoothProfileManager: Adding local OPP profile
07-10 16:10:28.689 4177 4177 D LocalBluetoothProfileManager: Adding local Hearing Aid profile
07-10 16:10:28.689 4177 4177 D BluetoothHearingAid: Binding service...
07-10 16:10:28.689 4177 4177 D LocalBluetoothProfileManager: Adding local HID_HOST profile
07-10 16:10:28.690 4177 4177 D BluetoothHidHost: Binding service...
07-10 16:10:28.690 4177 4177 D LocalBluetoothProfileManager: Adding local PAN profile
07-10 16:10:28.690 4177 4177 D BluetoothPan: Binding service...
07-10 16:10:28.691 4177 4177 D LocalBluetoothProfileManager: Adding local PBAP profile
07-10 16:10:28.692 4177 4177 D LocalBluetoothProfileManager: Adding local SAP profile
07-10 16:10:28.692 4177 4177 D BluetoothSap: Create BluetoothSap proxy object
07-10 16:10:28.692 4177 4177 D BluetoothSap: Binding service...
07-10 16:10:28.694 4177 4177 D PrefCtrlListHelper: Could not find Context-only controller for pref: com.android.settings.connecteddevice.AddDevicePreferenceController
07-10 16:10:28.694 4177 4177 D PrefCtrlListHelper: Could not find Context-only controller for pref: com.android.settings.connecteddevice.PreviouslyConnectedDevicePreferenceController
07-10 16:10:28.694 4177 4177 D PrefCtrlListHelper: Could not find Context-only controller for pref: com.android.settings.connecteddevice.GroupPreviouslyConnectedDevicePreferenceController
07-10 16:10:28.695 4177 4177 D PrefCtrlListHelper: Could not find Context-only controller for pref: com.android.settings.connecteddevice.AdvancedConnectedDeviceController
07-10 16:10:28.695 4177 4177 D PrefCtrlListHelper: Could not find Context-only controller for pref: com.android.settings.connecteddevice.DiscoverableFooterPreferenceController
07-10 16:10:28.696 4177 4177 D LocalBluetoothProfileManager: getBCProfile returning: null
07-10 16:10:28.696 4177 4177 D LocalBluetoothProfileManager: getBCProfile returning: null
07-10 16:10:28.696 4177 4177 D LocalBluetoothProfileManager: getBCProfile returning: null
07-10 16:10:28.696 4177 4177 D LocalBluetoothProfileManager: getBCProfile returning: null
07-10 16:10:28.697 4177 4177 D LocalBluetoothProfileManager: getBCProfile returning: null
07-10 16:10:28.697 4177 4177 D LocalBluetoothProfileManager: getBCProfile returning: null
07-10 16:10:28.704 1566 2057 E UserRestrictionsUtils: Unknown restriction queried by uid 1000 (com.thundercomm.screensaver et al): null
07-10 16:10:28.705 4177 4177 D LocalBluetoothProfileManager: getBCProfile returning: null
07-10 16:10:28.706 1905 1921 D BluetoothDatabase: getBondedDevicesOrdered: Invalid address for device LocalStorage
07-10 16:10:28.706 4177 4177 D ConnectedDeviceFrag: NO dashboard tiles for ConnectedDeviceFrag
07-10 16:10:28.706 4177 4177 D ConnectedDeviceFrag: All preferences added, reporting fully drawn
07-10 16:10:28.711 4177 4177 E ActivityThread: Failed to find provider info for com.google.android.gms.nearby.fastpair
07-10 16:10:28.711 4177 4210 E ActivityThread: Failed to find provider info for com.google.android.gms.nearby.fastpair
07-10 16:10:28.711 4177 4177 D LocalBluetoothManager: setting foreground activity to non-null context
07-10 16:10:28.712 4177 4210 W SliceManager: Unknown URI: content://com.google.android.gms.nearby.fastpair/device_status_list_item
07-10 16:10:28.712 4177 4177 D LocalBluetoothManager: setting foreground activity to non-null context
07-10 16:10:28.712 4177 4177 D LocalBluetoothManager: setting foreground activity to non-null context
07-10 16:10:28.712 4177 4177 D LocalBluetoothManager: setting foreground activity to non-null context
07-10 16:10:28.712 4177 4177 D LocalBluetoothManager: setting foreground activity to non-null context
07-10 16:10:28.712 1905 1921 D BluetoothDatabase: getBondedDevicesOrdered: Invalid address for device LocalStorage
07-10 16:10:28.713 4177 4177 D LocalBluetoothManager: setting foreground activity to non-null context
07-10 16:10:28.713 1905 1921 D BluetoothDatabase: getBondedDevicesOrdered: Invalid address for device LocalStorage
07-10 16:10:28.718 4177 4177 D SettingsHomepageActivity: changeSettingsDetailsFragment: ConnectedDeviceDashboardFragment{a00e7cc} (6ae6566c-01a3-43ed-9481-96256534791d) id=0x7f0a025e}, title: 已连接的设备, level: 1
07-10 16:10:28.754 4177 4177 D BluetoothA2dp: Proxy object connected
07-10 16:10:28.755 1905 2904 D BluetoothDatabase: getBondedDevicesOrdered: Invalid address for device LocalStorage
07-10 16:10:28.755 1905 1929 D BluetoothDatabase: getBondedDevicesOrdered: Invalid address for device LocalStorage
07-10 16:10:28.756 4177 4177 D BluetoothMap: Proxy object connected
07-10 16:10:28.756 4177 4177 D BluetoothMap: getConnectedDevices()
07-10 16:10:28.756 1905 1929 D BluetoothDatabase: getBondedDevicesOrdered: Invalid address for device LocalStorage
07-10 16:10:28.757 1905 2904 D BluetoothDatabase: getBondedDevicesOrdered: Invalid address for device LocalStorage
07-10 16:10:28.757 4177 4177 D BluetoothHearingAid: Proxy object connected
07-10 16:10:28.757 1905 2904 D BluetoothDatabase: getBondedDevicesOrdered: Invalid address for device LocalStorage
07-10 16:10:28.758 1905 1929 D BluetoothDatabase: getBondedDevicesOrdered: Invalid address for device LocalStorage
07-10 16:10:28.758 4177 4177 D BluetoothHidHost: Proxy object connected
07-10 16:10:28.758 1905 1929 D BluetoothHidHostService: getDevicesMatchingConnectionStates()
07-10 16:10:28.758 4177 4177 D BluetoothPan: Proxy object connected
07-10 16:10:28.758 4177 4177 D BluetoothSap: Proxy object connected
07-10 16:10:28.758 4177 4177 D BluetoothSap: getConnectedDevices()
07-10 16:10:28.758 1905 1929 V SapService: getConnectedDevices()
07-10 16:10:28.759 1905 2904 D BluetoothDatabase: getBondedDevicesOrdered: Invalid address for device LocalStorage
07-10 16:10:28.759 1905 1921 D BluetoothDatabase: getBondedDevicesOrdered: Invalid address for device LocalStorage
07-10 16:10:28.774 1566 2881 D PowerManagerService: releaseWakeLockInternal: lock=105128930 [*launch*], flags=0x0
07-10 16:10:28.774 1566 2881 D PowerManagerNotifier: onWakeLockReleased: flags=1, tag="*launch*", packageName=android, ownerUid=1000, ownerPid=1566, workSource=WorkSource{1000}
07-10 16:10:28.774 1566 2881 D PowerManagerService: updateWakeLockSummaryLocked: mWakefulness=Awake, mWakeLockSummary=0x0
07-10 16:10:28.774 1566 2881 D PowerManagerService: updateUserActivitySummaryLocked: groupId=0, mWakefulness=Awake, mUserActivitySummary=0x1, nextTimeout=96424 (in 59470 ms)
07-10 16:10:28.774 1566 2881 D PowerManagerNotifier: onScreenPolicyUpdate: newPolicy=3
07-10 16:10:28.774 1566 2881 D PowerManagerService: updateDisplayPowerStateLocked: displayReady=true, groupId=0, policy=BRIGHT, mWakefulness=Awake, mWakeLockSummary=0x0, mUserActivitySummary=0x1, mBootCompleted=true, screenBrightnessOverride=NaN, useAutoBrightness=true, mScreenBrightnessBoostInProgress=false, mIsVrModeEnabled= false, sQuiescent=false
07-10 16:10:28.774 1566 2881 D PowerManagerService: Releasing suspend blocker "PowerManagerService.WakeLocks".
07-10 16:10:28.788 4177 4219 D BluetoothHeadset: Proxy object connected
07-10 16:10:28.789 1905 1921 D BluetoothDatabase: getBondedDevicesOrdered: Invalid address for device LocalStorage
07-10 16:10:28.789 1905 1921 D BluetoothDatabase: getBondedDevicesOrdered: Invalid address for device LocalStorage
07-10 16:10:28.817 2102 2102 D MicroService: onHeartBeatDetected
07-10 16:10:28.817 2102 2102 D MicroService: sendHeartbeatMessage
07-10 16:10:28.822 2102 3975 D MicroService: handleHeartBeat:27
07-10 16:10:28.934 2555 2555 D StateManager: goToState: Normal
07-10 16:10:28.982 1566 1682 W Choreographer: Frame time is 0.369554 ms in the future! Check that graphics HAL is generating vsync timestamps using the correct timebase.
07-10 16:10:28.982 4177 4177 W Choreographer: Frame time is 0.29872 ms in the future! Check that graphics HAL is generating vsync timestamps using the correct timebase.
07-10 16:10:28.982 1907 2207 W Choreographer: Frame time is 0.355699 ms in the future! Check that graphics HAL is generating vsync timestamps using the correct timebase.
07-10 16:10:28.982 2555 2555 W Choreographer: Frame time is 0.335022 ms in the future! Check that graphics HAL is generating vsync timestamps using the correct timebase.
07-10 16:10:29.018 1566 2057 W InputManager-JNI: Input channel object '19a796a Splash Screen com.android.settings (client)' was disposed without first being removed with the input manager!
07-10 16:10:29.271 662 677 I mpu_uart: [MSG-P:RECV]:No message received in 1000 ms
07-10 16:10:29.577 1907 1907 D ViewTouchDebug: mView : com.android.systemui.navigationbar.NavigationBarFrame{a844b78 V.E...... ........ 0,0-2560,46 #7f0b03f3 app:id/navigation_bar_frame}Receive event : MotionEvent { action=ACTION_OUTSIDE, actionButton=0, id[0]=0, x[0]=0.0, y[0]=-1034.0, toolType[0]=TOOL_TYPE_FINGER, buttonState=0, classification=NONE, metaState=0, flags=0x0, edgeFlags=0x0, pointerCount=1, historySize=0, eventTime=37757, downTime=37757, deviceId=4, source=0x5002, displayId=0, eventId=1503996282 }
07-10 16:10:29.577 4177 4177 D ViewTouchDebug: mView : DecorView@696c089[Settings]Receive event : MotionEvent { action=ACTION_DOWN, actionButton=0, id[0]=0, x[0]=613.0, y[0]=862.0, toolType[0]=TOOL_TYPE_FINGER, buttonState=0, classification=NONE, metaState=0, flags=0x0, edgeFlags=0x0, pointerCount=1, historySize=0, eventTime=37757, downTime=37757, deviceId=4, source=0x5002, displayId=0, eventId=89842791 }
07-10 16:10:29.578 1566 1817 D PowerManagerService: userActivityNoUpdateLocked: groupId=0, eventTime=37757, event=2, flags=0x0, uid=1000
07-10 16:10:29.578 1566 1817 D PowerManagerNotifier: onUserActivity: event=2, uid=1000
07-10 16:10:29.578 1566 1817 D PowerManagerService: updateUserActivitySummaryLocked: groupId=0, mWakefulness=Awake, mUserActivitySummary=0x1, nextTimeout=97757 (in 59999 ms)
07-10 16:10:29.578 1566 1817 D PowerManagerNotifier: onScreenPolicyUpdate: newPolicy=3
07-10 16:10:29.578 1566 1817 D PowerManagerService: updateDisplayPowerStateLocked: displayReady=true, groupId=0, policy=BRIGHT, mWakefulness=Awake, mWakeLockSummary=0x0, mUserActivitySummary=0x1, mBootCompleted=true, screenBrightnessOverride=NaN, useAutoBrightness=true, mScreenBrightnessBoostInProgress=false, mIsVrModeEnabled= false, sQuiescent=false
07-10 16:10:29.578 2555 2555 D TouchInteractionService: onInputEvent mUncheckedConsumer = com.android.quickstep.InputConsumer$$ExternalSyntheticLambda0@209ac5d
07-10 16:10:29.691 4177 4177 D ViewTouchDebug: mView : DecorView@696c089[Settings]Receive event : MotionEvent { action=ACTION_UP, actionButton=0, id[0]=0, x[0]=879.0, y[0]=266.0, toolType[0]=TOOL_TYPE_FINGER, buttonState=0, classification=NONE, metaState=0, flags=0x0, edgeFlags=0x0, pointerCount=1, historySize=0, eventTime=37871, downTime=37757, deviceId=4, source=0x5002, displayId=0, eventId=221941122 }
07-10 16:10:29.691 1566 1817 D PowerManagerService: userActivityNoUpdateLocked: groupId=0, eventTime=37871, event=2, flags=0x0, uid=1000
07-10 16:10:29.691 1566 1817 D PowerManagerNotifier: onUserActivity: event=2, uid=1000
07-10 16:10:29.691 1566 1817 D PowerManagerService: updateUserActivitySummaryLocked: groupId=0, mWakefulness=Awake, mUserActivitySummary=0x1, nextTimeout=97871 (in 60000 ms)
07-10 16:10:29.691 1566 1817 D PowerManagerNotifier: onScreenPolicyUpdate: newPolicy=3
07-10 16:10:29.691 1566 1817 D PowerManagerService: updateDisplayPowerStateLocked: displayReady=true, groupId=0, policy=BRIGHT, mWakefulness=Awake, mWakeLockSummary=0x0, mUserActivitySummary=0x1, mBootCompleted=true, screenBrightnessOverride=NaN, useAutoBrightness=true, mScreenBrightnessBoostInProgress=false, mIsVrModeEnabled= false, sQuiescent=false
07-10 16:10:30.062 1211 1273 I selfinstaller: create socket failed: Connection refused 111
07-10 16:10:30.271 662 677 I mpu_uart: [MSG-P:RECV]:No message received in 1000 ms
07-10 16:10:30.300 1566 1680 D CompatibilityInfo: mCompatibilityFlags - 4
07-10 16:10:30.300 1566 1680 D CompatibilityInfo: applicationDensity - 240
07-10 16:10:30.300 1566 1680 D CompatibilityInfo: applicationScale - 1.0
07-10 16:10:30.820 2102 2102 D MicroService: onHeartBeatDetected
07-10 16:10:30.820 2102 2102 D MicroService: sendHeartbeatMessage
07-10 16:10:30.833 2102 3976 D MicroService: handleHeartBeat:28
07-10 16:10:31.092 4177 4177 D ViewTouchDebug: mView : DecorView@696c089[Settings]Receive event : MotionEvent { action=ACTION_DOWN, actionButton=0, id[0]=0, x[0]=538.0, y[0]=1001.0, toolType[0]=TOOL_TYPE_FINGER, buttonState=0, classification=NONE, metaState=0, flags=0x0, edgeFlags=0x0, pointerCount=1, historySize=0, eventTime=39270, downTime=39270, deviceId=4, source=0x5002, displayId=0, eventId=939620187 }
07-10 16:10:31.092 1566 1817 D PowerManagerService: userActivityNoUpdateLocked: groupId=0, eventTime=39270, event=2, flags=0x0, uid=1000
07-10 16:10:31.092 1566 1817 D PowerManagerNotifier: onUserActivity: event=2, uid=1000
07-10 16:10:31.092 1566 1817 D PowerManagerService: updateUserActivitySummaryLocked: groupId=0, mWakefulness=Awake, mUserActivitySummary=0x1, nextTimeout=99270 (in 59998 ms)
07-10 16:10:31.092 1566 1817 D PowerManagerNotifier: onScreenPolicyUpdate: newPolicy=3
07-10 16:10:31.092 1566 1817 D PowerManagerService: updateDisplayPowerStateLocked: displayReady=true, groupId=0, policy=BRIGHT, mWakefulness=Awake, mWakeLockSummary=0x0, mUserActivitySummary=0x1, mBootCompleted=true, screenBrightnessOverride=NaN, useAutoBrightness=true, mScreenBrightnessBoostInProgress=false, mIsVrModeEnabled= false, sQuiescent=false
07-10 16:10:31.094 1907 1907 D ViewTouchDebug: mView : com.android.systemui.navigationbar.NavigationBarFrame{a844b78 V.E...... ........ 0,0-2560,46 #7f0b03f3 app:id/navigation_bar_frame}Receive event : MotionEvent { action=ACTION_OUTSIDE, actionButton=0, id[0]=0, x[0]=0.0, y[0]=-1034.0, toolType[0]=TOOL_TYPE_FINGER, buttonState=0, classification=NONE, metaState=0, flags=0x0, edgeFlags=0x0, pointerCount=1, historySize=0, eventTime=39270, downTime=39270, deviceId=4, source=0x5002, displayId=0, eventId=1592850167 }
07-10 16:10:31.097 2555 2555 D TouchInteractionService: onInputEvent mUncheckedConsumer = com.android.quickstep.InputConsumer$$ExternalSyntheticLambda0@209ac5d
07-10 16:10:31.169 4177 4177 D ViewTouchDebug: mView : DecorView@696c089[Settings]Receive event : MotionEvent { action=ACTION_UP, actionButton=0, id[0]=0, x[0]=538.0, y[0]=1001.0, toolType[0]=TOOL_TYPE_FINGER, buttonState=0, classification=NONE, metaState=0, flags=0x0, edgeFlags=0x0, pointerCount=1, historySize=0, eventTime=39349, downTime=39270, deviceId=4, source=0x5002, displayId=0, eventId=305352229 }
07-10 16:10:31.196 4177 4177 I TopLevelSettings: TopLevelSettings: TopLevelSettings::com.android.settings.deviceinfo.aboutphone.MyDeviceInfoFragment
07-10 16:10:31.272 662 677 I mpu_uart: [MSG-P:RECV]:No message received in 1000 ms
07-10 16:10:31.283 662 676 I mpu_uart: [MSG-P:R]:recv sync frame timeout
07-10 16:10:31.303 4177 4177 D LocalBluetoothManager: setting foreground activity to null
07-10 16:10:31.318 4177 4177 D PrefCtrlListHelper: Could not find Context-only controller for pref: com.android.settings.deviceinfo.DeviceNamePreferenceController
07-10 16:10:31.319 4177 4177 D PrefCtrlListHelper: Could not find Context-only controller for pref: com.android.settings.deviceinfo.BrandedAccountPreferenceController
07-10 16:10:31.319 4177 4177 D PrefCtrlListHelper: Could not find Context-only controller for pref: com.android.settings.deviceinfo.PhoneNumberPreferenceController
07-10 16:10:31.320 4177 4177 D PrefCtrlListHelper: Could not find Context-only controller for pref: com.android.settings.deviceinfo.HardwareInfoPreferenceController
07-10 16:10:31.320 4177 4177 D PrefCtrlListHelper: Could not find Context-only controller for pref: com.android.settings.deviceinfo.firmwareversion.FirmwareVersionPreferenceController
07-10 16:10:31.320 4177 4177 D PrefCtrlListHelper: Could not find Context-only controller for pref: com.android.settings.deviceinfo.BuildNumberPreferenceController
07-10 16:10:31.326 1566 2057 E UserRestrictionsUtils: Unknown restriction queried by uid 1000 (com.thundercomm.screensaver et al): null
07-10 16:10:31.326 1566 2057 E UserRestrictionsUtils: Unknown restriction queried by uid 1000 (com.thundercomm.screensaver et al): null
07-10 16:10:31.327 1566 2057 E UserRestrictionsUtils: Unknown restriction queried by uid 1000 (com.thundercomm.screensaver et al): null
07-10 16:10:31.327 1566 2057 E UserRestrictionsUtils: Unknown restriction queried by uid 1000 (com.thundercomm.screensaver et al): null
07-10 16:10:31.328 1566 2057 E UserRestrictionsUtils: Unknown restriction queried by uid 1000 (com.thundercomm.screensaver et al): null
07-10 16:10:31.333 4177 4177 D MyDeviceInfoFragment: NO dashboard tiles for MyDeviceInfoFragment
07-10 16:10:31.333 4177 4177 D MyDeviceInfoFragment: All preferences added, reporting fully drawn
07-10 16:10:31.341 1566 1689 W BroadcastQueue: Permission Denial: broadcasting Intent { act=android.net.conn.CONNECTIVITY_CHANGE flg=0x4200010 (has extras) } from null (pid=-1, uid=-1) requires android.permission.CHANGE_NETWORK_STATE due to registered receiver BroadcastFilter{4586351 1000/u0 ReceiverList{a0b3078 4177 com.android.settings/1000/u0 remote:f17eddb}}
07-10 16:10:31.346 4177 4177 D SettingsHomepageActivity: changeSettingsDetailsFragment: MyDeviceInfoFragment{1dc6341} (af3142b4-0904-4e3d-b297-159d6d5f61a9) id=0x7f0a025e}, title: 关于本机, level: 1
07-10 16:10:31.378 4177 4177 E ImsConnector: unregisterListener: mImsManager is null
07-10 16:10:31.592 2306 2306 D RemoteControlService: startVlanDispatchThread
07-10 16:10:31.594 1566 1817 D PowerManagerService: userActivityNoUpdateLocked: groupId=0, eventTime=39773, event=2, flags=0x0, uid=1000
07-10 16:10:31.594 1566 1817 D PowerManagerNotifier: onUserActivity: event=2, uid=1000
07-10 16:10:31.594 1907 1907 D ViewTouchDebug: mView : com.android.systemui.navigationbar.NavigationBarFrame{a844b78 V.E...... ........ 0,0-2560,46 #7f0b03f3 app:id/navigation_bar_frame}Receive event : MotionEvent { action=ACTION_OUTSIDE, actionButton=0, id[0]=0, x[0]=0.0, y[0]=-1034.0, toolType[0]=TOOL_TYPE_FINGER, buttonState=0, classification=NONE, metaState=0, flags=0x0, edgeFlags=0x0, pointerCount=1, historySize=0, eventTime=39773, downTime=39773, deviceId=4, source=0x5002, displayId=0, eventId=1696023241 }
07-10 16:10:31.595 1566 1817 D PowerManagerService: updateUserActivitySummaryLocked: groupId=0, mWakefulness=Awake, mUserActivitySummary=0x1, nextTimeout=99773 (in 59998 ms)
