07-10 16:11:46.961 2102 3068 I MicroService: onRequest(sendOperationInfo): {"functionInfo":{"IDCM_OperationInfo":[{"activityMaterials":[{"materialType":0,"url":"https:\/\/tsp-pro-mrs.obs.cn-east-2.myhuaweicloud.com\/web\/secondScreen\/ee\/20221012\/d18c9cf633dbcad2595540f87fd14409.jpeg"},{"materialType":0,"url":"https:\/\/tsp-pro-mrs.obs.cn-east-2.myhuaweicloud.com\/web\/secondScreen\/ee\/20221012\/85f7c184e35ac606dfd8174025b6158d.jpeg"},{"materialType":0,"url":"https:\/\/tsp-pro-mrs.obs.cn-east-2.myhuaweicloud.com\/web\/secondScreen\/ee\/20221012\/216cc7b2e7b7b8bd9b5562173f0e76d8.jpeg"},{"materialType":0,"url":"https:\/\/tsp-pro-mrs.obs.cn-east-2.myhuaweicloud.com\/web\/secondScreen\/ee\/20221011\/25ac207841b23280042402f0e2bd84fb.jpeg"},{"materialType":0,"url":"https:\/\/tsp-pro-mrs.obs.cn-east-2.myhuaweicloud.com\/web\/secondScreen\/ee\/20221011\/1f306f032b8a67b97ebdd223bef913b3.jpeg"},{"materialType":0,"url":"https:\/\/tsp-pro-mrs.obs.cn-east-2.myhuaweicloud.com\/web\/secondScreen\/ee\/20221011\/25709b5732beb0415afed83363301572.jpeg"},{"materialType":0,"url":"https:\/\/tsp-pro-mrs.obs.cn-east-2.myhuaweicloud.com\/web\/secondScreen\/ee\/20221011\/92f3422fa0a8fec7936cf5a6a9b08978.jpeg"}],"activityStatus":0,"endTime":1677550912000,"id":39,"releaseTime":1676602609000,"startTime":1676600512000,"title":"230217-04"},{"activityMaterials":[{"materialType":1,"url":"https:\/\/tsp-pro-mrs.obs.cn-east-2.myhuaweicloud.com\/web\/secondScreen\/ee\/20221011\/b7443bef7d535cd81d422486530785b0.mp4"}],"activityStatus":0,"endTime":1677550912000,"id":40,"releaseTime":1676602943000,"startTime":1676600512000,"title":"230217-04"},{"activityMaterials":[{"materialType":0,"url":"https:\/\/hiphicloud.human-horizons.com:8443\/web\/secondScreen\/ee\/20221012\/85f7c184e35ac606dfd8174025b6158d.jpeg"},{"materialType":0,"url":"https:\/\/hiphicloud.human-horizons.com:8443\/web\/secondScreen\/ee\/20221011\/25ac207841b23280042402f0e2bd84fb.jpeg"}],"activityStatus":0,"id":43,"releaseTime":1683705174000,"startTime":1683705128000,"title":"2023510-01"}]}}
07-10 16:11:46.966 4290 4303 D ScreenSaver_12: [ScreensaverMicroService] request:83 IDCM request me
07-10 16:11:46.968 4290 4303 E ScreenSaver_12: [ScreensaverMicroService] updateScreensaverData:115 IDCM_OperationInfo = [{"activityMaterials":[{"materialType":0,"url":"https:\/\/tsp-pro-mrs.obs.cn-east-2.myhuaweicloud.com\/web\/secondScreen\/ee\/20221012\/d18c9cf633dbcad2595540f87fd14409.jpeg"},{"materialType":0,"url":"https:\/\/tsp-pro-mrs.obs.cn-east-2.myhuaweicloud.com\/web\/secondScreen\/ee\/20221012\/85f7c184e35ac606dfd8174025b6158d.jpeg"},{"materialType":0,"url":"https:\/\/tsp-pro-mrs.obs.cn-east-2.myhuaweicloud.com\/web\/secondScreen\/ee\/20221012\/216cc7b2e7b7b8bd9b5562173f0e76d8.jpeg"},{"materialType":0,"url":"https:\/\/tsp-pro-mrs.obs.cn-east-2.myhuaweicloud.com\/web\/secondScreen\/ee\/20221011\/25ac207841b23280042402f0e2bd84fb.jpeg"},{"materialType":0,"url":"https:\/\/tsp-pro-mrs.obs.cn-east-2.myhuaweicloud.com\/web\/secondScreen\/ee\/20221011\/1f306f032b8a67b97ebdd223bef913b3.jpeg"},{"materialType":0,"url":"https:\/\/tsp-pro-mrs.obs.cn-east-2.myhuaweicloud.com\/web\/secondScreen\/ee\/20221011\/25709b5732beb0415afed83363301572.jpeg"},{"materialType":0,"url":"https:\/\/tsp-pro-mrs.obs.cn-east-2.myhuaweicloud.com\/web\/secondScreen\/ee\/20221011\/92f3422fa0a8fec7936cf5a6a9b08978.jpeg"}],"activityStatus":0,"endTime":1677550912000,"id":39,"releaseTime":1676602609000,"startTime":1676600512000,"title":"230217-04"},{"activityMaterials":[{"materialType":1,"url":"https:\/\/tsp-pro-mrs.obs.cn-east-2.myhuaweicloud.com\/web\/secondScreen\/ee\/20221011\/b7443bef7d535cd81d422486530785b0.mp4"}],"activityStatus":0,"endTime":1677550912000,"id":40,"releaseTime":1676602943000,"startTime":1676600512000,"title":"230217-04"},{"activityMaterials":[{"materialType":0,"url":"https:\/\/hiphicloud.human-horizons.com:8443\/web\/secondScreen\/ee\/20221012\/85f7c184e35ac606dfd8174025b6158d.jpeg"},{"materialType":0,"url":"https:\/\/hiphicloud.human-horizons.com:8443\/web\/secondScreen\/ee\/20221011\/25ac207841b23280042402f0e2bd84fb.jpeg"}],"activityStatus":0,"id":43,"releaseTime":1683705174000,"startTime":1683705128000,"title":"2023510-01"}]
07-10 16:11:46.968 4290 4303 D ScreenSaver_12: [ScreensaverManager] updateActivityThemeScreensaverData:247 updateActivityThemeScreensaverData
07-10 16:11:46.991 4290 4303 D ScreenSaver_12: [ScreensaverManager] onActivityThemeScreensaverData:62 onActivityThemeScreensaverData: 2
07-10 16:11:46.992 2102 3068 D MicroService: handleHeartBeat:78
07-10 16:11:47.327 662 677 I mpu_uart: [MSG-P:RECV]:No message received in 1000 ms
07-10 16:11:48.327 662 677 I mpu_uart: [MSG-P:RECV]:No message received in 1000 ms
07-10 16:11:48.333 662 676 I mpu_uart: [MSG-P:R]:recv sync frame timeout
07-10 16:11:48.903 2102 3074 D MicroService: handleHeartBeat:79
07-10 16:11:48.919 2102 2102 D MicroService: onHeartBeatDetected
07-10 16:11:48.920 2102 2102 D MicroService: sendHeartbeatMessage
07-10 16:11:49.002 2102 3080 I MicroService: Receive message: SocketMessageBean{businessData='21930', srcService='IDCM_TBoxService', destService='FSEM_SettingService', messageType='0', uuid='1688976709836249000', payloadData={"dstService":"FSEM_SettingService","messageType":0,"methodName":"netstatus","parameters":{"functionInfo":{"IDCM_celltype":6,"IDCM_netstatus":0,"IDCM_signalstrength":108}},"srcService":"IDCM_TBoxService","uuid":1688976709836249000}
07-10 16:11:49.002 2102 3080 I MicroService: }
07-10 16:11:49.002 2102 3080 I MicroService: onRequest(netstatus): {"functionInfo":{"IDCM_celltype":6,"IDCM_netstatus":0,"IDCM_signalstrength":108}}
07-10 16:11:49.003 2119 2177 D MicroSettings: ITCMicroCommonCallback: get request method = netstatus parameters = {"functionInfo":{"IDCM_celltype":6,"IDCM_netstatus":0,"IDCM_signalstrength":108}}
07-10 16:11:49.004 2119 3716 D MicroSettings: TBoxNetStatusSyncAction: doActualAction()
07-10 16:11:49.004 2119 3716 D MicroSettings: TBoxNetStatusSyncAction: leve = 1
07-10 16:11:49.004 2119 3716 D MicroSettings: TBoxNetStatusSyncAction: drawable = 2131231167
07-10 16:11:49.004 2102 3080 D MicroService: handleHeartBeat:80
07-10 16:11:49.006 2119 3716 I MicroSettings: TBoxNetStatusSyncAction: setNetStatus completed: 2131231167
07-10 16:11:49.201 4290 4290 V DreamService[SystemDream]: After dream started 5 seconds we close the screen
07-10 16:11:49.207 1566 3063 D PowerManagerService: acquireWakeLockInternal: lock=84976023, flags=0x1, tag="PhoneWindowManager.mPowerKeyWakeLock", ws=null, uid=1000, pid=1566
07-10 16:11:49.207 1566 3063 D PowerManagerService: updateWakeLockSummaryLocked: mWakefulness=Dreaming, mWakeLockSummary=0x3
07-10 16:11:49.208 1566 3063 D PowerManagerService: updateUserActivitySummaryLocked: groupId=0, mWakefulness=Dreaming, mUserActivitySummary=0x4, nextTimeout=-1 (117389 ms ago)
07-10 16:11:49.208 1566 3063 D PowerManagerNotifier: onScreenPolicyUpdate: newPolicy=3
07-10 16:11:49.208 1907 1907 D StatusBar: disable disable2
07-10 16:11:49.208 1566 3063 D PowerManagerService: updateDisplayPowerStateLocked: displayReady=true, groupId=0, policy=BRIGHT, mWakefulness=Dreaming, mWakeLockSummary=0x3, mUserActivitySummary=0x4, mBootCompleted=true, screenBrightnessOverride=NaN, useAutoBrightness=true, mScreenBrightnessBoostInProgress=false, mIsVrModeEnabled= false, sQuiescent=false
07-10 16:11:49.208 1566 3063 D PowerManagerNotifier: onWakeLockAcquired: flags=1, tag="PhoneWindowManager.mPowerKeyWakeLock", packageName=android, ownerUid=1000, ownerPid=1566, workSource=null
07-10 16:11:49.216 1566 1679 D CompatibilityChangeReporter: Compat change id reported: 173031413; UID 1000; state: ENABLED
07-10 16:11:49.217 1566 1679 D CompatibilityChangeReporter: Compat change id reported: 173031413; UID 1000; state: DISABLED
07-10 16:11:49.261 1566 3063 D PowerManagerService: releaseWakeLockInternal: lock=84976023 [PhoneWindowManager.mPowerKeyWakeLock], flags=0x0
07-10 16:11:49.261 1566 3063 D PowerManagerNotifier: onWakeLockReleased: flags=1, tag="PhoneWindowManager.mPowerKeyWakeLock", packageName=android, ownerUid=1000, ownerPid=1566, workSource=null
07-10 16:11:49.261 1566 1566 D WindowManager: powerPress: eventTime=117441 interactive=true count=0 beganFromNonInteractive=false mShortPressOnPowerBehavior=1
07-10 16:11:49.262 1566 3063 D PowerManagerService: updateWakeLockSummaryLocked: mWakefulness=Dreaming, mWakeLockSummary=0x3
07-10 16:11:49.262 1566 3063 D PowerManagerService: updateUserActivitySummaryLocked: groupId=0, mWakefulness=Dreaming, mUserActivitySummary=0x4, nextTimeout=-1 (117443 ms ago)
07-10 16:11:49.262 1566 3063 D PowerManagerNotifier: onScreenPolicyUpdate: newPolicy=3
07-10 16:11:49.262 1566 3063 D PowerManagerService: updateDisplayPowerStateLocked: displayReady=true, groupId=0, policy=BRIGHT, mWakefulness=Dreaming, mWakeLockSummary=0x3, mUserActivitySummary=0x4, mBootCompleted=true, screenBrightnessOverride=NaN, useAutoBrightness=true, mScreenBrightnessBoostInProgress=false, mIsVrModeEnabled= false, sQuiescent=false
07-10 16:11:49.262 1566 1566 D PowerManagerService: sleepDisplayGroupNoUpdateLocked: eventTime=117441, groupId=0, reason=4, flags=0, uid=1000
07-10 16:11:49.263 1566 1566 I PowerManagerService: Powering off display group due to power_button (groupId= 0, uid= 1000)...
07-10 16:11:49.263 1566 1566 I PowerManagerService: Going to sleep due to power_button (uid 1000)...
07-10 16:11:49.265 1566 1566 D PowerManagerNotifier: onWakefulnessChangeStarted: wakefulness=3, reason=4, interactive=false
07-10 16:11:49.267 1566 1566 D PowerManagerService: updateWakeLockSummaryLocked: mWakefulness=Dozing, mWakeLockSummary=0x2
07-10 16:11:49.267 1566 1566 D PowerManagerService: updateUserActivitySummaryLocked: groupId=0, mWakefulness=Dozing, mUserActivitySummary=0x4, nextTimeout=-1 (117448 ms ago)
07-10 16:11:49.267 1566 1566 D PowerManagerNotifier: onScreenPolicyUpdate: newPolicy=3
07-10 16:11:49.267 1566 1566 D PowerManagerService: updateDisplayPowerStateLocked: displayReady=true, groupId=0, policy=BRIGHT, mWakefulness=Dozing, mWakeLockSummary=0x2, mUserActivitySummary=0x4, mBootCompleted=true, screenBrightnessOverride=NaN, useAutoBrightness=true, mScreenBrightnessBoostInProgress=false, mIsVrModeEnabled= false, sQuiescent=false
07-10 16:11:49.267 1566 1566 D PowerManagerService: Releasing suspend blocker "PowerManagerService.WakeLocks".
07-10 16:11:49.268 1566 1704 I DreamManagerService: Gently waking up from dream.
07-10 16:11:49.269 1566 1704 D PowerManagerService: reallySleepDisplayGroupNoUpdateLocked: eventTime=117449, uid=1000
07-10 16:11:49.269 1566 1704 I PowerManagerService: Sleeping display group (groupId=0, uid=1000)...
07-10 16:11:49.269 1566 1704 I PowerManagerService: Sleeping (uid 1000)...
07-10 16:11:49.270 1566 1704 D PowerManagerNotifier: onWakefulnessChangeStarted: wakefulness=0, reason=2, interactive=false
07-10 16:11:49.270 1566 1704 D PowerManagerService: updateWakeLockSummaryLocked: mWakefulness=Asleep, mWakeLockSummary=0x0
07-10 16:11:49.270 1566 1704 D PowerManagerService: updateUserActivitySummaryLocked: groupId=0, mWakefulness=Asleep, mUserActivitySummary=0x0, nextTimeout=0 (117450 ms ago)
07-10 16:11:49.270 1566 1704 D PowerManagerNotifier: onScreenPolicyUpdate: newPolicy=0
07-10 16:11:49.270 1566 1704 D PowerManagerService: updateDisplayPowerStateLocked: displayReady=false, groupId=0, policy=OFF, mWakefulness=Asleep, mWakeLockSummary=0x0, mUserActivitySummary=0x0, mBootCompleted=true, screenBrightnessOverride=NaN, useAutoBrightness=true, mScreenBrightnessBoostInProgress=false, mIsVrModeEnabled= false, sQuiescent=false
07-10 16:11:49.271 1566 1678 I DreamManagerService: Performing gentle wake from dream.
07-10 16:11:49.273 1566 1566 D CompatibilityChangeReporter: Compat change id reported: 156215187; UID 10092; state: DISABLED
07-10 16:11:49.274 1907 1949 D KeyguardViewMediator: onStartedGoingToSleep(2)
07-10 16:11:49.276 1566 2881 D ActivityTrigger: ActivityTrigger activityPauseTrigger
07-10 16:11:49.277 1566 2881 D PowerManagerService: acquireWakeLockInternal: lock=105128930, flags=0x1, tag="*launch*", ws=WorkSource{1000}, uid=1000, pid=1566
07-10 16:11:49.277 1566 2881 D PowerManagerService: updateWakeLockSummaryLocked: mWakefulness=Asleep, mWakeLockSummary=0x1
07-10 16:11:49.277 1566 2881 D PowerManagerService: updateUserActivitySummaryLocked: groupId=0, mWakefulness=Asleep, mUserActivitySummary=0x0, nextTimeout=0 (117458 ms ago)
07-10 16:11:49.277 1566 2881 D PowerManagerNotifier: onScreenPolicyUpdate: newPolicy=0
07-10 16:11:49.277 1566 2881 D PowerManagerService: updateDisplayPowerStateLocked: displayReady=false, groupId=0, policy=OFF, mWakefulness=Asleep, mWakeLockSummary=0x1, mUserActivitySummary=0x0, mBootCompleted=true, screenBrightnessOverride=NaN, useAutoBrightness=true, mScreenBrightnessBoostInProgress=false, mIsVrModeEnabled= false, sQuiescent=false
07-10 16:11:49.278 1566 2881 D PowerManagerService: Acquiring suspend blocker "PowerManagerService.WakeLocks".
07-10 16:11:49.278 1566 2881 D PowerManagerNotifier: onWakeLockAcquired: flags=1, tag="*launch*", packageName=android, ownerUid=1000, ownerPid=1566, workSource=WorkSource{1000}
07-10 16:11:49.279 853 986 I SDM : HWCDisplay::GetColorModeCount: Supported color mode count = 1
07-10 16:11:49.279 853 986 I SDM : HWCDisplay::GetColorModes: Color mode = 0 is supported
07-10 16:11:49.279 930 1050 E HWComposer: getSupportedContentTypes: getSupportedContentTypes failed for display 4630946816427681409: Unsupported (8)
07-10 16:11:49.280 1566 2881 W WindowManager: performLayoutAndPlaceSurfacesLocked called while in layout. Callers=com.android.server.wm.WindowSurfacePlacer.performSurfacePlacement:126 com.android.server.wm.WindowSurfacePlacer.performSurfacePlacement:115 com.android.server.wm.ActivityRecord.commitVisibility:4822
07-10 16:11:49.286 1907 1949 D KeyguardViewMediator: notifyStartedGoingToSleep
07-10 16:11:49.286 1907 1949 D KeyguardViewMediator: setOccluded false
07-10 16:11:49.289 1566 2881 D PowerManagerService: releaseWakeLockInternal: lock=255738571 [WindowManager], flags=0x0
07-10 16:11:49.289 1566 2881 D PowerManagerNotifier: onWakeLockReleased: flags=536870922, tag="WindowManager", packageName=android, ownerUid=1000, ownerPid=1566, workSource=WorkSource{1000}
07-10 16:11:49.289 1566 2881 D PowerManagerService: userActivityNoUpdateLocked: groupId=0, eventTime=117470, event=0, flags=0x1, uid=1000
07-10 16:11:49.290 1566 2881 D PowerManagerNotifier: onUserActivity: event=0, uid=1000
07-10 16:11:49.290 1566 2881 D PowerManagerService: updateWakeLockSummaryLocked: mWakefulness=Asleep, mWakeLockSummary=0x1
07-10 16:11:49.290 1566 2881 D PowerManagerService: updateUserActivitySummaryLocked: groupId=0, mWakefulness=Asleep, mUserActivitySummary=0x0, nextTimeout=0 (117470 ms ago)
07-10 16:11:49.290 1566 2881 D PowerManagerNotifier: onScreenPolicyUpdate: newPolicy=0
07-10 16:11:49.290 1566 2881 D PowerManagerService: updateDisplayPowerStateLocked: displayReady=false, groupId=0, policy=OFF, mWakefulness=Asleep, mWakeLockSummary=0x1, mUserActivitySummary=0x0, mBootCompleted=true, screenBrightnessOverride=NaN, useAutoBrightness=true, mScreenBrightnessBoostInProgress=false, mIsVrModeEnabled= false, sQuiescent=false
07-10 16:11:49.290 1907 1907 V KeyguardUpdateMonitor: startListeningForFingerprint()
07-10 16:11:49.291 1907 1907 V KeyguardUpdateMonitor: startListeningForFingerprint()
07-10 16:11:49.291 1907 1907 D KeyguardViewMediator: handleNotifyStartedGoingToSleep
07-10 16:11:49.292 1566 1704 D libEGL : MSAA-->msaa:2 gamemode:0 4x_msaa:0
07-10 16:11:49.296 1907 1907 V KeyguardUpdateMonitor: startListeningForFingerprint()
07-10 16:11:49.297 1907 1907 D KeyguardViewMediator: adjustStatusBarLocked: mShowing=false mOccluded=false isSecure=false force=false --> flags=0x0
07-10 16:11:49.300 1566 2881 I ActivityTaskManager: FOREGROUND_APPLICATION_CHANGED to com.android.settings.homepage.SettingsHomepageActivity
07-10 16:11:49.311 1566 2065 D DreamManagerService: Dream finished: android.os.Binder@a99d520, immediate=true
07-10 16:11:49.311 1566 2065 I DreamManagerService: Leaving dreamland.
07-10 16:11:49.311 4177 4177 W BatteryBroadcastRcvr: Problem reading the battery meter.
07-10 16:11:49.311 1566 1892 I EthernetNetworkFactory: networkForRequest, request: NetworkRequest [ REQUEST id=34, [ Capabilities: INTERNET&NOT_RESTRICTED&TRUSTED&NOT_VCN_MANAGED Uid: 1000 RequestorUid: 1000 RequestorPkg: com.thundercomm.screensaver] ], network: NetworkInterfaceState{ refCount: 4, iface: eth0, up: true, hwAddress: 36:7c:7c:00:00:0f, networkCapabilities: [ Transports: ETHERNET Capabilities: INTERNET&NOT_RESTRICTED&TRUSTED&NOT_VPN&NOT_ROAMING&NOT_CONGESTED&NOT_SUSPENDED&NOT_VCN_MANAGED LinkUpBandwidth>=100000Kbps LinkDnBandwidth>=100000Kbps], networkAgent: com.android.server.ethernet.EthernetNetworkFactory$NetworkInterfaceState$1@c532712, score: 70, ipClient: android.net.ip.IIpClient$Stub$Proxy@f3b4ee3,linkProperties: {InterfaceName: eth0 LinkAddresses: [ fe80::ae87:f7c2:3195:7572/64,192.168.50.16/24 ] DnsAddresses: [ /101.226.4.6 ] Domains: null MTU: 0 TcpBufferSizes: 524288,1048576,3145728,524288,1048576,2097152 Routes: [ fe80::/64 -> :: eth0 mtu 0,192.168.50.0/24 -> 0.0.0.0 eth0 mtu 0,0.0.0.0/0 -> 192.168.50.4 eth0 mtu 0 ]}}
07-10 16:11:49.312 2029 3891 I GameMode_ActivityMonitoringService: onActivityLaunch: com.android.settings, isGameApp: false
07-10 16:11:49.312 2029 3891 V GameMode_GpuUtils: fps:60
07-10 16:11:49.312 1566 1678 I DreamManagerService: Performing gentle wake from dream.
07-10 16:11:49.313 1566 1678 I DreamController: Stopping dream: name=ComponentInfo{com.thundercomm.screensaver/com.thundercomm.screensaver.service.SystemDream}, isTest=false, canDoze=false, userId=0, reason='finished self'(from 'requested stopDream')
07-10 16:11:49.313 1566 2881 W InputManager-JNI: Input channel object '68e0a8c com.thundercomm.screensaver/android.service.dreams.DreamActivity (client)' was disposed without first being removed with the input manager!
07-10 16:11:49.317 1566 1689 W BroadcastQueue: Permission Denial: broadcasting Intent { act=android.net.conn.CONNECTIVITY_CHANGE flg=0x4200010 (has extras) } from null (pid=-1, uid=-1) requires android.permission.CHANGE_NETWORK_STATE due to registered receiver BroadcastFilter{de76011 1000/u0 ReceiverList{8392838 4177 com.android.settings/1000/u0 remote:367ec9b}}
07-10 16:11:49.320 4177 4354 D UsageGraph: No enabled state changed, skipping updateCategory call
07-10 16:11:49.322 2029 3891 D GameModeIF_GameModeSettings: getUriFor setting_content_uri_root = content://com.thundercomm.gamemode.api/gamemode_settings , name = gamemode_enable
07-10 16:11:49.323 1566 1682 W ActivityTaskManager: Can't find TaskDisplayArea to determine support for multi window. Task id=19 attached=false
07-10 16:11:49.324 2555 2555 D ActivityChangeReceiver: onReceive
07-10 16:11:49.325 2555 4217 D MCUUtil : saveLastActivity activityName=com.android.settings.homepage.SettingsHomepageActivity packageName=com.android.settings
07-10 16:11:49.326 1566 1598 I ActivityManager: Killing 4256:com.android.permissioncontroller/u0a89 (adj 905): empty #2
07-10 16:11:49.328 662 677 I mpu_uart: [MSG-P:RECV]:No message received in 1000 ms
07-10 16:11:49.332 4177 4177 W BatteryBroadcastRcvr: Problem reading the battery meter.
07-10 16:11:49.332 1566 1691 I libprocessgroup: Successfully killed process cgroup uid 10089 pid 4256 in 5ms
07-10 16:11:49.332 4177 4177 E ImsConnector: unregisterListener: mImsManager is null
07-10 16:11:49.334 4177 4210 D BatteryInfo: time for getStats: 0ms
07-10 16:11:49.334 4177 4210 D BatteryInfo: time for regular BatteryInfo: 0ms
07-10 16:11:49.335 1907 1907 V KeyguardUpdateMonitor: startListeningForFingerprint()
07-10 16:11:49.340 1566 1598 D PowerManagerService: releaseWakeLockInternal: lock=105128930 [*launch*], flags=0x0
07-10 16:11:49.340 1566 1598 D PowerManagerNotifier: onWakeLockReleased: flags=1, tag="*launch*", packageName=android, ownerUid=1000, ownerPid=1566, workSource=WorkSource{1000}
07-10 16:11:49.340 1566 1598 D PowerManagerService: updateWakeLockSummaryLocked: mWakefulness=Asleep, mWakeLockSummary=0x0
07-10 16:11:49.340 1566 1598 D PowerManagerService: updateUserActivitySummaryLocked: groupId=0, mWakefulness=Asleep, mUserActivitySummary=0x0, nextTimeout=0 (117520 ms ago)
07-10 16:11:49.340 1566 1598 D PowerManagerNotifier: onScreenPolicyUpdate: newPolicy=0
07-10 16:11:49.340 1566 1598 D PowerManagerService: updateDisplayPowerStateLocked: displayReady=false, groupId=0, policy=OFF, mWakefulness=Asleep, mWakeLockSummary=0x0, mUserActivitySummary=0x0, mBootCompleted=true, screenBrightnessOverride=NaN, useAutoBrightness=true, mScreenBrightnessBoostInProgress=false, mIsVrModeEnabled= false, sQuiescent=false
07-10 16:11:49.340 1566 1598 D PowerManagerService: Releasing suspend blocker "PowerManagerService.WakeLocks".
07-10 16:11:49.341 4177 4210 D BatteryInfo: time for getBatteryInfo: 7ms
07-10 16:11:49.341 4177 4177 D BatteryInfo: time for callback: 0ms
07-10 16:11:49.344 4177 4353 D BatteryTipLoader: BatteryInfoLoader post query: 1ms
07-10 16:11:49.344 4177 4353 D BatteryInfo: time for getBatteryInfo: 0ms
07-10 16:11:49.344 4177 4353 D BatteryTipLoader: BatteryInfoLoader.loadInBackground: 1ms
07-10 16:11:49.346 4177 4357 D BatteryInfo: time for getStats: 0ms
07-10 16:11:49.347 4177 4357 D BatteryInfo: time for regular BatteryInfo: 1ms
07-10 16:11:49.347 4177 4357 D BatteryInfo: time for getBatteryInfo: 0ms
07-10 16:11:49.347 4177 4177 D BatteryInfo: time for callback: 0ms
07-10 16:11:49.349 4177 4358 D BatteryTipLoader: BatteryInfoLoader post query: 0ms
07-10 16:11:49.349 4177 4358 D BatteryInfo: time for getBatteryInfo: 0ms
07-10 16:11:49.349 4177 4358 D BatteryTipLoader: BatteryInfoLoader.loadInBackground: 0ms
07-10 16:11:49.354 3288 3288 I ImeService: ImeService(com.baidu.input_hryt.ImeService@53cec90) life called >>> onUnbindInput
07-10 16:11:49.354 3288 3288 D ImeService: onUnbindInput
07-10 16:11:49.354 3288 3288 I ImeService: ImeService(com.baidu.input_hryt.ImeService@53cec90) life called >>> onUnbindInput false
07-10 16:11:49.355 3288 3288 I ImeService: ImeService(com.baidu.input_hryt.ImeService@53cec90) life called >>> onBindInput
07-10 16:11:49.355 3288 3288 D ImeService: onBindInput
07-10 16:11:49.355 3288 3288 I ImeService: ImeService(com.baidu.input_hryt.ImeService@53cec90) life called >>> onFinishInput
07-10 16:11:49.355 3288 3288 D ImeService: onFinishInput
07-10 16:11:49.355 3288 3288 I ImeService: ImeService(com.baidu.input_hryt.ImeService@53cec90) life called >>> onStartInput false 10.6.1003.19
07-10 16:11:49.355 3288 3288 D ImeService: current version:10.6.1003.19
07-10 16:11:49.355 3288 3288 D ImeService: onStartInput:packageName:com.android.settings inputType:0 restarting:false,fieldId:-1,imeOptions:0
07-10 16:11:49.357 3288 3458 E CarAuth : check ok
07-10 16:11:49.357 3288 3288 I ColorPicker: invalidatePickedColors: oldFloatColor=fff5f7fa
07-10 16:11:49.361 683 683 I Zygote : Process 4256 exited due to signal 9 (Killed)
07-10 16:11:49.409 1566 1704 I DisplayPowerController[0]: Blocking screen off
07-10 16:11:49.409 1566 1900 E DisplayDeviceConfig: requesting nits when no mapping exists.
07-10 16:11:49.410 1566 1900 E DisplayDeviceConfig: requesting nits when no mapping exists.
07-10 16:11:49.410 1566 1704 I DisplayPowerController[0]: Unblocked screen off after 1 ms
07-10 16:11:49.407 1566 1566 W ActivityManager: type=1400 audit(0.0:320): avc: denied { getattr } for path="/data/tlog/fatal/dropbox" dev="dm-15" ino=449366 scontext=u:r:system_server:s0 tcontext=u:object_r:tlog_data_file:s0 tclass=dir permissive=0
07-10 16:11:49.411 1566 1566 W ActivityManager: type=1400 audit(0.0:321): avc: denied { getattr } for path="/data/tlog/fatal/dropbox" dev="dm-15" ino=449366 scontext=u:r:system_server:s0 tcontext=u:object_r:tlog_data_file:s0 tclass=dir permissive=0
07-10 16:11:49.414 1566 1689 I DropBoxManagerService: add tag=system_server_wtf isTagEnabled=true flags=0x2
07-10 16:11:49.415 1566 1689 E DropBoxManagerService: Can't write: system_server_wtf
07-10 16:11:49.415 1566 1689 E DropBoxManagerService: java.io.IOException: Can't mkdir: /data/tlog/fatal/dropbox
07-10 16:11:49.415 1566 1689 E DropBoxManagerService: at com.android.server.DropBoxManagerService.init(DropBoxManagerService.java:1011)
07-10 16:11:49.415 1566 1689 E DropBoxManagerService: at com.android.server.DropBoxManagerService.addEntry(DropBoxManagerService.java:470)
07-10 16:11:49.415 1566 1689 E DropBoxManagerService: at com.android.server.DropBoxManagerService.addEntry(DropBoxManagerService.java:421)
07-10 16:11:49.415 1566 1689 E DropBoxManagerService: at com.android.server.DropBoxManagerService.addData(DropBoxManagerService.java:392)
07-10 16:11:49.415 1566 1689 E DropBoxManagerService: at com.android.server.DropBoxManagerService$2.addData(DropBoxManagerService.java:161)
07-10 16:11:49.415 1566 1689 E DropBoxManagerService: at android.os.DropBoxManager.addData(DropBoxManager.java:333)
07-10 16:11:49.415 1566 1689 E DropBoxManagerService: at android.os.DropBoxManager.addText(DropBoxManager.java:320)
07-10 16:11:49.415 1566 1689 E DropBoxManagerService: at com.android.server.am.ActivityManagerService$16.run(ActivityManagerService.java:8479)
07-10 16:11:49.415 1566 1689 E DropBoxManagerService: at com.android.server.am.ActivityManagerService.addErrorToDropBox(ActivityManagerService.java:8488)
07-10 16:11:49.415 1566 1689 E DropBoxManagerService: at com.android.server.am.ActivityManagerService.handleApplicationWtfInner(ActivityManagerService.java:8221)
07-10 16:11:49.415 1566 1689 E DropBoxManagerService: at com.android.server.am.ActivityManagerService$15.run(ActivityManagerService.java:8187)
07-10 16:11:49.415 1566 1689 E DropBoxManagerService: at android.os.Handler.handleCallback(Handler.java:938)
07-10 16:11:49.415 1566 1689 E DropBoxManagerService: at android.os.Handler.dispatchMessage(Handler.java:99)
07-10 16:11:49.415 1566 1689 E DropBoxManagerService: at android.os.Looper.loopOnce(Looper.java:201)
07-10 16:11:49.415 1566 1689 E DropBoxManagerService: at android.os.Looper.loop(Looper.java:288)
07-10 16:11:49.415 1566 1689 E DropBoxManagerService: at android.os.HandlerThread.run(HandlerThread.java:67)
07-10 16:11:49.415 1566 1689 E DropBoxManagerService: at com.android.server.ServiceThread.run(ServiceThread.java:44)
07-10 16:11:49.415 1566 1689 I DropBoxManagerService: add tag=system_server_wtf isTagEnabled=true flags=0x2
07-10 16:11:49.416 1566 1689 E DropBoxManagerService: Can't write: system_server_wtf
07-10 16:11:49.416 1566 1689 E DropBoxManagerService: java.io.IOException: Can't mkdir: /data/tlog/fatal/dropbox
07-10 16:11:49.416 1566 1689 E DropBoxManagerService: at com.android.server.DropBoxManagerService.init(DropBoxManagerService.java:1011)
07-10 16:11:49.416 1566 1689 E DropBoxManagerService: at com.android.server.DropBoxManagerService.addEntry(DropBoxManagerService.java:470)
07-10 16:11:49.416 1566 1689 E DropBoxManagerService: at com.android.server.DropBoxManagerService.addEntry(DropBoxManagerService.java:421)
07-10 16:11:49.416 1566 1689 E DropBoxManagerService: at com.android.server.DropBoxManagerService.addData(DropBoxManagerService.java:392)
07-10 16:11:49.416 1566 1689 E DropBoxManagerService: at com.android.server.DropBoxManagerService$2.addData(DropBoxManagerService.java:161)
07-10 16:11:49.416 1566 1689 E DropBoxManagerService: at android.os.DropBoxManager.addData(DropBoxManager.java:333)
07-10 16:11:49.416 1566 1689 E DropBoxManagerService: at android.os.DropBoxManager.addText(DropBoxManager.java:320)
07-10 16:11:49.416 1566 1689 E DropBoxManagerService: at com.android.server.am.ActivityManagerService$16.run(ActivityManagerService.java:8479)
07-10 16:11:49.416 1566 1689 E DropBoxManagerService: at com.android.server.am.ActivityManagerService.addErrorToDropBox(ActivityManagerService.java:8488)
07-10 16:11:49.416 1566 1689 E DropBoxManagerService: at com.android.server.am.ActivityManagerService.handleApplicationWtfInner(ActivityManagerService.java:8221)
07-10 16:11:49.416 1566 1689 E DropBoxManagerService: at com.android.server.am.ActivityManagerService$15.run(ActivityManagerService.java:8187)
07-10 16:11:49.416 1566 1689 E DropBoxManagerService: at android.os.Handler.handleCallback(Handler.java:938)
07-10 16:11:49.416 1566 1689 E DropBoxManagerService: at android.os.Handler.dispatchMessage(Handler.java:99)
07-10 16:11:49.416 1566 1689 E DropBoxManagerService: at android.os.Looper.loopOnce(Looper.java:201)
07-10 16:11:49.416 1566 1689 E DropBoxManagerService: at android.os.Looper.loop(Looper.java:288)
07-10 16:11:49.416 1566 1689 E DropBoxManagerService: at android.os.HandlerThread.run(HandlerThread.java:67)
07-10 16:11:49.416 1566 1689 E DropBoxManagerService: at com.android.server.ServiceThread.run(ServiceThread.java:44)
07-10 16:11:49.416 1566 1704 D ActivityTaskManager: Top Process State changed to PROCESS_STATE_TOP_SLEEPING
07-10 16:11:49.416 1566 1704 D PowerManagerService: acquireWakeLockInternal: lock=243027061, flags=0x1, tag="ActivityManager-Sleep", ws=null, uid=1000, pid=1566
07-10 16:11:49.417 1566 1704 D PowerManagerService: updateWakeLockSummaryLocked: mWakefulness=Asleep, mWakeLockSummary=0x1
07-10 16:11:49.417 1566 1704 D PowerManagerService: updateUserActivitySummaryLocked: groupId=0, mWakefulness=Asleep, mUserActivitySummary=0x0, nextTimeout=0 (117597 ms ago)
07-10 16:11:49.417 1566 1704 D PowerManagerNotifier: onScreenPolicyUpdate: newPolicy=0
07-10 16:11:49.417 1566 1704 D PowerManagerService: updateDisplayPowerStateLocked: displayReady=false, groupId=0, policy=OFF, mWakefulness=Asleep, mWakeLockSummary=0x1, mUserActivitySummary=0x0, mBootCompleted=true, screenBrightnessOverride=NaN, useAutoBrightness=true, mScreenBrightnessBoostInProgress=false, mIsVrModeEnabled= false, sQuiescent=false
07-10 16:11:49.417 1566 1704 D PowerManagerService: Acquiring suspend blocker "PowerManagerService.WakeLocks".
07-10 16:11:49.417 1566 1704 D PowerManagerNotifier: onWakeLockAcquired: flags=1, tag="ActivityManager-Sleep", packageName=android, ownerUid=1000, ownerPid=1566, workSource=null
07-10 16:11:49.418 1566 1704 D ActivityTrigger: ActivityTrigger activityPauseTrigger
07-10 16:11:49.420 1907 1946 D KeyguardViewMediator: notifyScreenTurnedOff
07-10 16:11:49.420 1566 1704 E libEGL : call to OpenGL ES API with no current context (logged once per thread)
07-10 16:11:49.423 1566 1704 V DisplayPowerController[0]: Brightness [0.0] reason changing to: 'screen_off', previous reason: 'manual'.
07-10 16:11:49.423 1566 1681 I DisplayDeviceRepository: Display device changed state: "内置å±å¹•", OFF
07-10 16:11:49.424 930 930 D SurfaceFlinger: Setting power mode 0 on display 4630946816427681409
07-10 16:11:49.424 1566 1681 I InputManager-JNI: Viewport [0] to add: local:4630946816427681409, isActive: false
07-10 16:11:49.425 853 986 I SDM : DisplayBase::SetDisplayState: Set state = 0, display 29-0, teardown = 0
07-10 16:11:49.425 1905 2554 I BtGatt.ScanManager: msg.what = 8
07-10 16:11:49.425 1566 1818 I InputReader: Reconfiguring input devices, changes=DISPLAY_INFO |
07-10 16:11:49.426 1566 1818 I InputReader: Disabling gpio-keys (device 3) because the associated viewport is not active
07-10 16:11:49.426 1566 1818 I InputReader: Disabling Atmel maXTouch Touchscreen (device 4) because the associated viewport is not active
07-10 16:11:49.426 1566 1818 I InputReader: Disabling gpio-keys (device 3) because the associated viewport is not active
07-10 16:11:49.426 1905 2554 I BtGatt.ScanManager: msg.what = 4
07-10 16:11:49.426 1907 1907 D KeyguardViewMediator: handleNotifyScreenTurnedOff
07-10 16:11:49.427 1566 1696 E KernelCpuSpeedReader: Failed to read cpu-freq: /sys/devices/system/cpu/cpu4/cpufreq/stats/time_in_state: open failed: ENOENT (No such file or directory)
07-10 16:11:49.427 1566 1696 E KernelCpuSpeedReader: Failed to read cpu-freq: /sys/devices/system/cpu/cpu0/cpufreq/stats/time_in_state: open failed: ENOENT (No such file or directory)
07-10 16:11:49.429 1907 1907 V PanelView: com.android.systemui:id/notification_panel: setExpandedHeight(0.0)
07-10 16:11:49.429 1907 1907 D StatusBar: updateQsExpansionEnabled - QS Expand enabled: true
07-10 16:11:49.429 2133 2298 E QmiAgentHwInterface: Failed to sendRequest: android.os.RemoteException: sendRequest failed with status: 2
07-10 16:11:49.430 1907 2341 D Tile.BluetoothTile: handleUpdateState: true, connected: false, isTransient: false
07-10 16:11:49.462 1566 1600 D PowerManagerService: releaseWakeLockInternal: lock=243027061 [ActivityManager-Sleep], flags=0x0
07-10 16:11:49.462 1566 1600 D PowerManagerNotifier: onWakeLockReleased: flags=1, tag="ActivityManager-Sleep", packageName=android, ownerUid=1000, ownerPid=1566, workSource=null
07-10 16:11:49.462 1566 1600 D PowerManagerService: updateWakeLockSummaryLocked: mWakefulness=Asleep, mWakeLockSummary=0x0
07-10 16:11:49.462 1566 1600 D PowerManagerService: updateUserActivitySummaryLocked: groupId=0, mWakefulness=Asleep, mUserActivitySummary=0x0, nextTimeout=0 (117643 ms ago)
07-10 16:11:49.462 1566 1600 D PowerManagerNotifier: onScreenPolicyUpdate: newPolicy=0
07-10 16:11:49.463 1566 1600 D PowerManagerService: updateDisplayPowerStateLocked: displayReady=false, groupId=0, policy=OFF, mWakefulness=Asleep, mWakeLockSummary=0x0, mUserActivitySummary=0x0, mBootCompleted=true, screenBrightnessOverride=NaN, useAutoBrightness=true, mScreenBrightnessBoostInProgress=false, mIsVrModeEnabled= false, sQuiescent=false
07-10 16:11:49.463 1566 1600 D PowerManagerService: Releasing suspend blocker "PowerManagerService.WakeLocks".
07-10 16:11:49.467 0 0 I [ 117.647589] [MAX975X: max96755x_drm_notifier_callback] *INFO* receives BLANK: POWERDOWN
07-10 16:11:49.467 0 0 I : [ 117.647971] atmel_mxt_ts 0-004a: Enter suspend
07-10 16:11:49.469 930 930 D SurfaceFlinger: Finished setting power mode 0 on display 4630946816427681409
07-10 16:11:49.470 835 835 I QTI PowerHAL: Power isModeSupported: 9
07-10 16:11:49.470 1566 1900 D PowerManagerService: Setting HAL interactive mode to false
07-10 16:11:49.470 1566 1900 D PowerManagerService: Setting HAL auto-suspend mode to true
07-10 16:11:49.470 835 835 I QTI PowerHAL: Power setMode: 7 to: 0
07-10 16:11:49.471 582 590 I android.system.suspend@1.0-service: automatic system suspend enabled
07-10 16:11:49.471 1566 1704 D PowerManagerNotifier: onScreenPolicyUpdate: newPolicy=0
07-10 16:11:49.471 1566 1704 D PowerManagerService: updateDisplayPowerStateLocked: displayReady=true, groupId=0, policy=OFF, mWakefulness=Asleep, mWakeLockSummary=0x0, mUserActivitySummary=0x0, mBootCompleted=true, screenBrightnessOverride=NaN, useAutoBrightness=true, mScreenBrightnessBoostInProgress=false, mIsVrModeEnabled= false, sQuiescent=false
07-10 16:11:49.471 835 835 I QTI PowerHAL: Got set_interactive hint
07-10 16:11:49.471 1566 1704 D PowerManagerNotifier: onWakefulnessChangeFinished
07-10 16:11:49.471 1566 1704 D PowerManagerService: Acquiring suspend blocker "PowerManagerService.Broadcasts".
07-10 16:11:49.471 1566 1704 D PowerManagerService: Releasing suspend blocker "PowerManagerService.Display".
07-10 16:11:49.472 862 4363 E ANDR-PERF-LM: Core: detectAndRunIdle() 174: Not able to open /sys/class/power_supply/battery/status, Error: No such file or directory
07-10 16:11:49.472 1907 1955 D KeyguardViewMediator: onFinishedGoingToSleep(2)
07-10 16:11:49.472 1566 1566 D PowerManagerNotifier: Sending go to sleep broadcast.
07-10 16:11:49.472 1907 1955 D KeyguardViewMediator: notifyFinishedGoingToSleep
07-10 16:11:49.475 0 0 W [ 117.656044] ALERT: changing window size from 16000000 to 20000000 at 117656031514
07-10 16:11:49.474 1907 1907 D KeyguardViewMediator: handleNotifyFinishedGoingToSleep
07-10 16:11:49.476 1907 1907 V KeyguardUpdateMonitor: startListeningForFingerprint()
07-10 16:11:49.479 1907 1907 V PanelView: com.android.systemui:id/notification_panel: setExpandedHeight(0.0)
07-10 16:11:49.479 1907 1907 D StatusBar: updateQsExpansionEnabled - QS Expand enabled: true
07-10 16:11:49.480 1907 2341 D Tile.BluetoothTile: handleUpdateState: true, connected: false, isTransient: false
07-10 16:11:49.485 807 1859 D audio_hw_primary: adev_set_parameters: enter: screen_state=off
07-10 16:11:49.485 807 1859 D audio_hw_hfp: hfp_set_parameters: enter
07-10 16:11:49.485 807 1859 D sound_trigger_hw: handle_screen_status_change: screen off
07-10 16:11:49.485 807 1859 D audio_hw_extn: audio_extn_fm_set_parameters: Enter
07-10 16:11:49.493 1566 1595 W System : A resource failed to call close.
07-10 16:11:49.493 1566 1595 W System : A resource failed to call close.
07-10 16:11:49.494 1566 1595 W System : A resource failed to call close.
07-10 16:11:49.496 2119 2119 I MicroServiceManager: requestResult(reportScreenDisplay) parameters is{"ScreenDisplay":0}.
07-10 16:11:49.496 2119 2119 D MicroSettings: DisplayStatusReportUtil: report screen status:0
07-10 16:11:49.498 2555 2555 D StateManager: goToState: Normal
07-10 16:11:49.500 2102 3077 D MicroService: Send message to IDCM:SocketMessageBean{businessData='21930', srcService='FSEM_SettingService', destService='IDCM_MultiScreenService', messageType='0', uuid='1688976709496177868', payloadData={"srcService":"FSEM_SettingService","dstService":"IDCM_MultiScreenService","messageType":0,"uuid":1688976709496177868,"methodName":"reportScreenDisplay","parameters":{"ScreenDisplay":0}}}
07-10 16:11:49.501 930 1046 I BpBinder: onLastStrongRef automatically unlinking death recipients:
07-10 16:11:49.503 2910 2910 D SYS_EVENT: send event 8 notification to client
07-10 16:11:49.505 2873 2873 D PASRDozeReceiver: Received Intent Intent { act=android.intent.action.SCREEN_OFF flg=0x50200010 }
07-10 16:11:49.506 2873 2873 D PASRDozeReceiver: Sent intent Successfully
07-10 16:11:49.506 2873 2873 D PASRService: PASRService started
07-10 16:11:49.507 2873 2873 D PASRService: OnStart, Intent: android.intent.action.SCREEN_OFF
07-10 16:11:49.507 1566 1566 D PowerManagerService: Releasing suspend blocker "PowerManagerService.Broadcasts".
07-10 16:11:49.507 2873 2873 D PASRService: Screen Off
07-10 16:11:50.186 0 0 D [ 118.365030] cnss: Runtime suspend start
07-10 16:11:50.186 0 0 I [ 118.365798] [kworke][0x8a80c2ed][16: 11:50.185502] wlan: [82:I:PMO] pmo_core_is_wow_applicable: 319: lpass enabled, enabling wow
07-10 16:11:50.186 0 0 I [ 118.366045] [kworke][0x8a80d5ef][16: 11:50.185755] wlan: [82:I:PMO] pmo_core_enable_wow_in_fw: 807: drv wow is enabled
07-10 16:11:50.186 0 0 I [ 118.366064] [kworke][0x8a80d737][16: 11:50.185772] wlan: [82:I:PMO] pmo_core_enable_wow_in_fw: 820: RTPM wow
07-10 16:11:50.186 0 0 I [ 118.366125] [kworke][0x8a80dbe0][16: 11:50.185834] wlan: [82:I:WMI] send_wow_enable_cmd_tlv: 1831: suspend type: WOW_IFACE_PAUSE_ENABLED flag is 0x10
07-10 16:11:50.243 0 0 D [ 118.423862] cnss: Setting MHI state: SUSPEND(6)
07-10 16:11:50.243 0 0 D [ 118.423948] cnss: Suspending PCI link
07-10 16:11:50.243 0 0 D [ 118.423956] cnss: Use PCIe DRV suspend
07-10 16:11:50.251 0 0 D [ 118.428512] cnss: Runtime suspend status: 0
07-10 16:11:50.328 662 677 I mpu_uart: [MSG-P:RECV]:No message received in 1000 ms
07-10 16:11:50.813 1566 1818 D PowerManagerService: acquireWakeLockInternal: lock=84976023, flags=0x1, tag="PhoneWindowManager.mPowerKeyWakeLock", ws=null, uid=1000, pid=1566
07-10 16:11:50.814 1566 1818 D PowerManagerService: updateWakeLockSummaryLocked: mWakefulness=Asleep, mWakeLockSummary=0x1
07-10 16:11:50.814 1566 1818 D PowerManagerService: updateUserActivitySummaryLocked: groupId=0, mWakefulness=Asleep, mUserActivitySummary=0x0, nextTimeout=0 (118994 ms ago)
07-10 16:11:50.814 1566 1818 D PowerManagerNotifier: onScreenPolicyUpdate: newPolicy=0
07-10 16:11:50.815 1566 1818 D PowerManagerService: updateDisplayPowerStateLocked: displayReady=true, groupId=0, policy=OFF, mWakefulness=Asleep, mWakeLockSummary=0x1, mUserActivitySummary=0x0, mBootCompleted=true, screenBrightnessOverride=NaN, useAutoBrightness=true, mScreenBrightnessBoostInProgress=false, mIsVrModeEnabled= false, sQuiescent=false
07-10 16:11:50.815 1566 1818 D PowerManagerService: Acquiring suspend blocker "PowerManagerService.WakeLocks".
07-10 16:11:50.817 1566 1818 D PowerManagerNotifier: onWakeLockAcquired: flags=1, tag="PhoneWindowManager.mPowerKeyWakeLock", packageName=android, ownerUid=1000, ownerPid=1566, workSource=null
07-10 16:11:50.820 1566 1818 D PowerManagerService: wakeDisplayGroupNoUpdateLocked: eventTime=118991, groupId=0, uid=1000
07-10 16:11:50.820 1566 1818 I PowerManagerService: Powering on display group fromAsleep (groupId=0, uid=1000, reason=WAKE_REASON_POWER_BUTTON, details=android.policy:POWER)...
07-10 16:11:50.820 1566 1818 I PowerManagerService: Waking up from Asleep (uid=1000, reason=WAKE_REASON_POWER_BUTTON, details=android.policy:POWER)...
07-10 16:11:50.821 1566 1818 D PowerManagerNotifier: onWakefulnessChangeStarted: wakefulness=1, reason=1, interactive=true
07-10 16:11:50.822 1566 1818 D PowerManagerService: Acquiring suspend blocker "PowerManagerService.Broadcasts".
07-10 16:11:50.822 1566 1818 D PowerManagerNotifier: onWakeUp: reason=WAKE_REASON_POWER_BUTTON, details=android.policy:POWER, reasonUid=1000 opPackageName=android opUid=1000
07-10 16:11:50.823 1566 1818 D PowerManagerService: userActivityNoUpdateLocked: groupId=0, eventTime=118991, event=0, flags=0x0, uid=1000
07-10 16:11:50.823 1566 1818 D PowerManagerNotifier: onUserActivity: event=0, uid=1000
07-10 16:11:50.823 1566 1818 D PowerManagerService: updateWakeLockSummaryLocked: mWakefulness=Awake, mWakeLockSummary=0x1
07-10 16:11:50.823 1566 1818 D PowerManagerService: updateUserActivitySummaryLocked: groupId=0, mWakefulness=Awake, mUserActivitySummary=0x1, nextTimeout=178991 (in 59988 ms)
07-10 16:11:50.823 1566 1818 D PowerManagerNotifier: onScreenPolicyUpdate: newPolicy=3
07-10 16:11:50.823 1566 1818 D PowerManagerService: updateDisplayPowerStateLocked: displayReady=false, groupId=0, policy=BRIGHT, mWakefulness=Awake, mWakeLockSummary=0x1, mUserActivitySummary=0x1, mBootCompleted=true, screenBrightnessOverride=NaN, useAutoBrightness=true, mScreenBrightnessBoostInProgress=false, mIsVrModeEnabled= false, sQuiescent=false
07-10 16:11:50.823 1566 1818 D PowerManagerService: Acquiring suspend blocker "PowerManagerService.Display".
07-10 16:11:50.824 1566 1704 I DisplayPowerController[0]: Blocking screen on until initial contents have been drawn.
07-10 16:11:50.824 1566 1704 D ActivityTaskManager: Top Process State changed to PROCESS_STATE_TOP
07-10 16:11:50.825 1566 1818 D PowerManagerService: releaseWakeLockInternal: lock=84976023 [PhoneWindowManager.mPowerKeyWakeLock], flags=0x0
07-10 16:11:50.825 1566 1818 D PowerManagerNotifier: onWakeLockReleased: flags=1, tag="PhoneWindowManager.mPowerKeyWakeLock", packageName=android, ownerUid=1000, ownerPid=1566, workSource=null
07-10 16:11:50.825 1566 1818 D PowerManagerService: updateWakeLockSummaryLocked: mWakefulness=Awake, mWakeLockSummary=0x0
07-10 16:11:50.825 1566 1818 D PowerManagerService: updateUserActivitySummaryLocked: groupId=0, mWakefulness=Awake, mUserActivitySummary=0x1, nextTimeout=178991 (in 59986 ms)
07-10 16:11:50.825 1566 1818 D PowerManagerNotifier: onScreenPolicyUpdate: newPolicy=3
07-10 16:11:50.825 1566 1818 D PowerManagerService: updateDisplayPowerStateLocked: displayReady=false, groupId=0, policy=BRIGHT, mWakefulness=Awake, mWakeLockSummary=0x0, mUserActivitySummary=0x1, mBootCompleted=true, screenBrightnessOverride=NaN, useAutoBrightness=true, mScreenBrightnessBoostInProgress=false, mIsVrModeEnabled= false, sQuiescent=false
07-10 16:11:50.825 1566 1818 D PowerManagerService: Releasing suspend blocker "PowerManagerService.WakeLocks".
07-10 16:11:50.843 0 0 I [ 119.022746] [drm: dsi_display_set_mode] [msm-dsi-info]: mdp_transfer_time_us=0 us
07-10 16:11:50.843 0 0 I [ 119.022754] [drm: dsi_display_set_mode] [msm-dsi-info]: hactive= 2560,vactive= 1080,fps=60
07-10 16:11:50.843 0 0 I [ 119.022846] [drm: dsi_ctrl_isr_configure] [msm-dsi-info]: dsi-ctrl-0: IRQ 385 registered
07-10 16:11:50.833 1566 1704 E SensorManager: sensor or listener is null
07-10 16:11:50.834 1907 1949 D KeyguardViewMediator: notifyScreenOn
07-10 16:11:50.834 1907 1907 D KeyguardViewMediator: handleNotifyScreenTurningOn
07-10 16:11:50.834 1566 1704 V DisplayPowerController[0]: Brightness [0.3939394] reason changing to: 'manual', previous reason: 'screen_off'.
07-10 16:11:50.834 1566 1696 E KernelCpuSpeedReader: Failed to read cpu-freq: /sys/devices/system/cpu/cpu4/cpufreq/stats/time_in_state: open failed: ENOENT (No such file or directory)
07-10 16:11:50.834 1566 1696 E KernelCpuSpeedReader: Failed to read cpu-freq: /sys/devices/system/cpu/cpu0/cpufreq/stats/time_in_state: open failed: ENOENT (No such file or directory)
07-10 16:11:50.837 1566 1900 D PowerManagerService: Setting HAL auto-suspend mode to false
07-10 16:11:50.837 1566 1900 D PowerManagerService: Setting HAL interactive mode to true
07-10 16:11:50.838 930 930 D SurfaceFlinger: Setting power mode 2 on display 4630946816427681409
07-10 16:11:50.840 853 986 I SDM : DisplayBase::SetDisplayState: Set state = 1, display 29-0, teardown = 0
07-10 16:11:50.839 835 835 I QTI PowerHAL: Power setMode: 7 to: 1
07-10 16:11:50.841 835 835 I QTI PowerHAL: Got set_interactive hint
07-10 16:11:50.843 1566 1681 I DisplayDeviceRepository: Display device changed state: "内置å±å¹•", ON
07-10 16:11:50.844 1566 1681 I InputManager-JNI: Viewport [0] to add: local:4630946816427681409, isActive: true
07-10 16:11:50.845 1907 1949 D KeyguardViewMediator: onStartedWakingUp, seq = 2
07-10 16:11:50.845 1907 1949 D KeyguardViewMediator: notifyStartedWakingUp
07-10 16:11:50.845 1566 1566 D PowerManagerNotifier: Sending wake up broadcast.
07-10 16:11:50.846 1566 1818 I InputReader: Reconfiguring input devices, changes=DISPLAY_INFO |
07-10 16:11:50.846 1566 1818 I InputReader: Device reconfigured: id=3, name='gpio-keys', size 2560x1080, orientation 0, mode 4, display id 0
07-10 16:11:50.846 1566 1818 I InputReader: Device reconfigured: id=4, name='Atmel maXTouch Touchscreen', size 2560x1080, orientation 0, mode 1, display id 0
07-10 16:11:50.846 1907 1907 D KeyguardViewMediator: handleNotifyWakingUp
07-10 16:11:50.846 1905 2554 I BtGatt.ScanManager: msg.what = 8
07-10 16:11:50.848 1566 1704 I DisplayPowerController[0]: Unblocked screen on after 24 ms
07-10 16:11:50.849 2133 2298 E QmiAgentHwInterface: Failed to sendRequest: android.os.RemoteException: sendRequest failed with status: 2
07-10 16:11:50.849 1905 2554 I BtGatt.ScanManager: msg.what = 5
07-10 16:11:50.850 1566 1689 W BroadcastQueue: Background execution not allowed: receiving Intent { act=android.intent.action.USER_PRESENT flg=0x24200010 } to com.microsoft.emmx/org.chromium.chrome.browser.sharing.click_to_call.ClickToCallMessageHandler$PhoneUnlockedReceiver
07-10 16:11:50.850 1566 1689 W BroadcastQueue: Background execution not allowed: receiving Intent { act=android.intent.action.USER_PRESENT flg=0x24200010 } to com.ss.android.article.video.landscape/com.taobao.accs.EventReceiver
07-10 16:11:50.851 2910 2910 D SYS_EVENT: send event 64 notification to client
07-10 16:11:50.851 1566 1566 D WindowManager: powerPress: eventTime=118991 interactive=true count=0 beganFromNonInteractive=true mShortPressOnPowerBehavior=1
07-10 16:11:50.851 4177 4177 W BatteryBroadcastRcvr: Problem reading the battery meter.
07-10 16:11:50.854 1566 1566 E SensorManager: sensor or listener is null
07-10 16:11:50.855 1566 1689 W BroadcastQueue: Permission Denial: broadcasting Intent { act=android.net.conn.CONNECTIVITY_CHANGE flg=0x4200010 (has extras) } from null (pid=-1, uid=-1) requires android.permission.CHANGE_NETWORK_STATE due to registered receiver BroadcastFilter{8b0af6a 1000/u0 ReceiverList{acd2955 4177 com.android.settings/1000/u0 remote:8c6fc0c}}
07-10 16:11:50.855 0 0 W [ 119.036075] ALERT: changing window size from 20000000 to 16000000 at 119036050368
07-10 16:11:50.855 1566 1838 E WifiScoringParams: Invalid frequency(-1), using 5G as default rssi array
07-10 16:11:50.859 807 1736 D audio_hw_primary: adev_set_parameters: enter: screen_state=on
07-10 16:11:50.859 807 1736 D audio_hw_hfp: hfp_set_parameters: enter
07-10 16:11:50.859 807 1736 D sound_trigger_hw: handle_screen_status_change: screen on
07-10 16:11:50.859 807 1736 D audio_hw_extn: audio_extn_fm_set_parameters: Enter
07-10 16:11:50.862 4177 4357 D BatteryInfo: time for getStats: 0ms
07-10 16:11:50.862 4177 4357 D BatteryInfo: time for regular BatteryInfo: 0ms
07-10 16:11:50.863 4177 4357 D BatteryInfo: time for getBatteryInfo: 1ms
07-10 16:11:50.863 1387 3565 D LOWI-9.0.0.87.a: [LOWI-Scan] wait_event:Wait done with Cmd 33
07-10 16:11:50.863 1387 3565 D LOWI-9.0.0.87.a: [LOWI-Scan] do_listen_events: Rcvd valid Netlink Cmd 0 Err 0
07-10 16:11:50.869 0 0 D [ 119.043508] cnss: Runtime resume start
07-10 16:11:50.869 0 0 D [ 119.043528] cnss: Resuming PCI link
07-10 16:11:50.869 0 0 D [ 119.045000] cnss: Set PCI link status to: 2
07-10 16:11:50.869 0 0 D [ 119.045012] cnss: Setting MHI state: RESUME(7)
07-10 16:11:50.871 2119 2119 I MicroServiceManager: requestResult(reportScreenDisplay) parameters is{"ScreenDisplay":1}.
07-10 16:11:50.871 0 0 I [ 119.049849] [kworke][0x8b492bc3][16: 11:50.869566] wlan: [357:I:PMO] pmo_core_psoc_send_host_wakeup_ind_to_fw: 1225: Host wakeup indication sent to fw
07-10 16:11:50.871 2119 2119 D MicroSettings: DisplayStatusReportUtil: report screen status:1
07-10 16:11:50.873 4177 4210 D UsageGraph: No enabled state changed, skipping updateCategory call
07-10 16:11:50.873 3288 3471 I FileUtil: load json file length : 0
