07-10 16:12:27.217 1387 3565 D LOWI-9.0.0.87.a: [LOWI-Scan] print_bss_handler: Report beacon TSF 154428445 as it greater than probe TSF 154428445
07-10 16:12:27.217 1387 3565 D LOWI-9.0.0.87.a: [LOWI-Scan] decode_rsn_wpa_ie: LOWI_ENCRYPTION_TYPE_WPA_PSK
07-10 16:12:27.217 1387 3565 D LOWI-9.0.0.87.a: [LOWI-Scan] is_qcom_ie, bss_age: 0
07-10 16:12:27.217 1387 3565 D LOWI-9.0.0.87.a: [LOWI-Scan] BSS 48:73:97:be:7c:36 LOWI_PHY_MODE_11AC_VHT40(9), Beacon Interval: 100, LOWI_ENCRYPTION_TYPE_WPA_PSK 11mcRanging: No, ANQP: No, LCI: No, Civic: No, capability(0x8011): ESS Privacy
07-10 16:12:27.217 1387 3565 D LOWI-9.0.0.87.a: [LOWI-Scan] BSS 48:73:97:be:7c:36 FREQ: 5785, cFreq1[40:80:160] = [5795:0:0] cFreq2 = 0 Country Code = CN
07-10 16:12:27.217 1387 3565 D LOWI-9.0.0.87.a: [LOWI-Scan] BSS 48:73:97:be:7c:36 (wlan0) ASSO: NO AddInfo: 0x1, TSF 0, 00:02:34.428, RSSI: -118, CPL: 127, AGE: 876, SSID , TSFDelta: 0x5a6b02f2, TXRate: 0
07-10 16:12:27.217 1387 3565 D LOWI-9.0.0.87.a: [LOWI-Scan]
07-10 16:12:27.217 1387 3565 D LOWI-9.0.0.87.a: [LOWI-Scan] print_bss_handler: Report beacon TSF 154445158 as it greater than probe TSF 154445158
07-10 16:12:27.217 1387 3565 D LOWI-9.0.0.87.a: [LOWI-Scan] is_qcom_ie, bss_age: 0
07-10 16:12:27.217 1387 3565 D LOWI-9.0.0.87.a: [LOWI-Scan] BSS 48:73:97:be:7c:90 LOWI_PHY_MODE_11AC_VHT40(9), Beacon Interval: 100, LOWI_ENCRYPTION_TYPE_OPEN 11mcRanging: No, ANQP: No, LCI: No, Civic: No, capability(0x8001): ESS
07-10 16:12:27.217 1387 3565 D LOWI-9.0.0.87.a: [LOWI-Scan] BSS 48:73:97:be:7c:90 FREQ: 5785, cFreq1[40:80:160] = [5795:0:0] cFreq2 = 0 Country Code = CN
07-10 16:12:27.217 1387 3565 D LOWI-9.0.0.87.a: [LOWI-Scan] BSS 48:73:97:be:7c:90 (wlan0) ASSO: NO AddInfo: 0x1, TSF 0, 00:02:34.445, RSSI: -112, CPL: 127, AGE: 860, SSID , TSFDelta: 0x592cca6c, TXRate: 0
07-10 16:12:27.217 1387 3565 D LOWI-9.0.0.87.a: [LOWI-Scan]
07-10 16:12:27.217 1387 3565 D LOWI-9.0.0.87.a: [LOWI-Scan] print_bss_handler: Report beacon TSF 154445625 as it greater than probe TSF 154445625
07-10 16:12:27.217 1387 3565 D LOWI-9.0.0.87.a: [LOWI-Scan] is_qcom_ie, bss_age: 0
07-10 16:12:27.217 1387 3565 D LOWI-9.0.0.87.a: [LOWI-Scan] BSS 48:73:97:be:7c:91 LOWI_PHY_MODE_11AC_VHT40(9), Beacon Interval: 100, LOWI_ENCRYPTION_TYPE_OPEN 11mcRanging: No, ANQP: No, LCI: No, Civic: No, capability(0x8001): ESS
07-10 16:12:27.217 1387 3565 D LOWI-9.0.0.87.a: [LOWI-Scan] BSS 48:73:97:be:7c:91 FREQ: 5785, cFreq1[40:80:160] = [5795:0:0] cFreq2 = 0 Country Code = CN
07-10 16:12:27.217 1387 3565 D LOWI-9.0.0.87.a: [LOWI-Scan] BSS 48:73:97:be:7c:91 (wlan0) ASSO: NO AddInfo: 0x1, TSF 0, 00:02:34.445, RSSI: -112, CPL: 127, AGE: 860, SSID GUEST, TSFDelta: 0x592e3bb0, TXRate: 0
07-10 16:12:27.217 1387 3565 D LOWI-9.0.0.87.a: [LOWI-Scan]
07-10 16:12:27.218 1387 3565 D LOWI-9.0.0.87.a: [LOWI-Scan] print_bss_handler: Report beacon TSF 154445824 as it greater than probe TSF 154445824
07-10 16:12:27.218 1387 3565 D LOWI-9.0.0.87.a: [LOWI-Scan] decode_rsn_wpa_ie: LOWI_ENCRYPTION_TYPE_WPA_PSK
07-10 16:12:27.218 1387 3565 D LOWI-9.0.0.87.a: [LOWI-Scan] is_qcom_ie, bss_age: 0
07-10 16:12:27.218 1387 3565 D LOWI-9.0.0.87.a: [LOWI-Scan] BSS 48:73:97:be:7c:92 LOWI_PHY_MODE_11AC_VHT40(9), Beacon Interval: 100, LOWI_ENCRYPTION_TYPE_WPA_PSK 11mcRanging: No, ANQP: No, LCI: No, Civic: No, capability(0x8011): ESS Privacy
07-10 16:12:27.218 1387 3565 D LOWI-9.0.0.87.a: [LOWI-Scan] BSS 48:73:97:be:7c:92 FREQ: 5785, cFreq1[40:80:160] = [5795:0:0] cFreq2 = 0 Country Code = CN
07-10 16:12:27.218 1387 3565 D LOWI-9.0.0.87.a: [LOWI-Scan] BSS 48:73:97:be:7c:92 (wlan0) ASSO: NO AddInfo: 0x1, TSF 0, 00:02:34.445, RSSI: -112, CPL: 127, AGE: 860, SSID HELLO, TSFDelta: 0x592fb454, TXRate: 0
07-10 16:12:27.218 1387 3565 D LOWI-9.0.0.87.a: [LOWI-Scan]
07-10 16:12:27.218 1387 3565 D LOWI-9.0.0.87.a: [LOWI-Scan] print_bss_handler: Report beacon TSF 154446009 as it greater than probe TSF 154446009
07-10 16:12:27.218 1387 3565 D LOWI-9.0.0.87.a: [LOWI-Scan] decode_rsn_wpa_ie: LOWI_ENCRYPTION_TYPE_WPA_EAP
07-10 16:12:27.218 1387 3565 D LOWI-9.0.0.87.a: [LOWI-Scan] is_qcom_ie, bss_age: 0
07-10 16:12:27.218 1387 3565 D LOWI-9.0.0.87.a: [LOWI-Scan] BSS 48:73:97:be:7c:93 LOWI_PHY_MODE_11AC_VHT40(9), Beacon Interval: 100, LOWI_ENCRYPTION_TYPE_WPA_EAP 11mcRanging: No, ANQP: No, LCI: No, Civic: No, capability(0x8011): ESS Privacy
07-10 16:12:27.218 1387 3565 D LOWI-9.0.0.87.a: [LOWI-Scan] BSS 48:73:97:be:7c:93 FREQ: 5785, cFreq1[40:80:160] = [5795:0:0] cFreq2 = 0 Country Code = CN
07-10 16:12:27.218 1387 3565 D LOWI-9.0.0.87.a: [LOWI-Scan] BSS 48:73:97:be:7c:93 (wlan0) ASSO: NO AddInfo: 0x1, TSF 0, 00:02:34.446, RSSI: -112, CPL: 127, AGE: 860, SSID HH, TSFDelta: 0x5931691d, TXRate: 0
07-10 16:12:27.218 1387 3565 D LOWI-9.0.0.87.a: [LOWI-Scan]
07-10 16:12:27.218 1387 3565 D LOWI-9.0.0.87.a: [LOWI-Scan] print_bss_handler: Report beacon TSF 154446196 as it greater than probe TSF 154446196
07-10 16:12:27.218 1387 3565 D LOWI-9.0.0.87.a: [LOWI-Scan] is_qcom_ie, bss_age: 0
07-10 16:12:27.218 1387 3565 D LOWI-9.0.0.87.a: [LOWI-Scan] BSS 48:73:97:be:7c:94 LOWI_PHY_MODE_11AC_VHT40(9), Beacon Interval: 100, LOWI_ENCRYPTION_TYPE_OPEN 11mcRanging: No, ANQP: No, LCI: No, Civic: No, capability(0x8001): ESS
07-10 16:12:27.218 1387 3565 D LOWI-9.0.0.87.a: [LOWI-Scan] BSS 48:73:97:be:7c:94 FREQ: 5785, cFreq1[40:80:160] = [5795:0:0] cFreq2 = 0 Country Code = CN
07-10 16:12:27.218 1387 3565 D LOWI-9.0.0.87.a: [LOWI-Scan] BSS 48:73:97:be:7c:94 (wlan0) ASSO: NO AddInfo: 0x1, TSF 0, 00:02:34.446, RSSI: -112, CPL: 127, AGE: 860, SSID HH-mobile, TSFDelta: 0x5932f84c, TXRate: 0
07-10 16:12:27.218 1387 3565 D LOWI-9.0.0.87.a: [LOWI-Scan]
07-10 16:12:27.218 1387 3565 D LOWI-9.0.0.87.a: [LOWI-Scan] print_bss_handler: Report beacon TSF 154446529 as it greater than probe TSF 154446529
07-10 16:12:27.218 1387 3565 D LOWI-9.0.0.87.a: [LOWI-Scan] decode_rsn_wpa_ie: LOWI_ENCRYPTION_TYPE_WPA_PSK
07-10 16:12:27.218 1387 3565 D LOWI-9.0.0.87.a: [LOWI-Scan] is_qcom_ie, bss_age: 0
07-10 16:12:27.218 1387 3565 D LOWI-9.0.0.87.a: [LOWI-Scan] BSS 48:73:97:be:7c:95 LOWI_PHY_MODE_11AC_VHT40(9), Beacon Interval: 100, LOWI_ENCRYPTION_TYPE_WPA_PSK 11mcRanging: No, ANQP: No, LCI: No, Civic: No, capability(0x8011): ESS Privacy
07-10 16:12:27.218 1387 3565 D LOWI-9.0.0.87.a: [LOWI-Scan] BSS 48:73:97:be:7c:95 FREQ: 5785, cFreq1[40:80:160] = [5795:0:0] cFreq2 = 0 Country Code = CN
07-10 16:12:27.218 1387 3565 D LOWI-9.0.0.87.a: [LOWI-Scan] BSS 48:73:97:be:7c:95 (wlan0) ASSO: NO AddInfo: 0x1, TSF 0, 00:02:34.446, RSSI: -112, CPL: 127, AGE: 860, SSID , TSFDelta: 0x593470f5, TXRate: 0
07-10 16:12:27.218 1387 3565 D LOWI-9.0.0.87.a: [LOWI-Scan]
07-10 16:12:27.218 1387 3565 D LOWI-9.0.0.87.a: [LOWI-Scan] print_bss_handler: Report beacon TSF 154447055 as it greater than probe TSF 154447055
07-10 16:12:27.218 1387 3565 D LOWI-9.0.0.87.a: [LOWI-Scan] decode_rsn_wpa_ie: LOWI_ENCRYPTION_TYPE_WPA_PSK
07-10 16:12:27.218 1387 3565 D LOWI-9.0.0.87.a: [LOWI-Scan] is_qcom_ie, bss_age: 0
07-10 16:12:27.218 1387 3565 D LOWI-9.0.0.87.a: [LOWI-Scan] BSS 48:73:97:be:7c:96 LOWI_PHY_MODE_11AC_VHT40(9), Beacon Interval: 100, LOWI_ENCRYPTION_TYPE_WPA_PSK 11mcRanging: No, ANQP: No, LCI: No, Civic: No, capability(0x8011): ESS Privacy
07-10 16:12:27.218 1387 3565 D LOWI-9.0.0.87.a: [LOWI-Scan] BSS 48:73:97:be:7c:96 FREQ: 5785, cFreq1[40:80:160] = [5795:0:0] cFreq2 = 0 Country Code = CN
07-10 16:12:27.218 1387 3565 D LOWI-9.0.0.87.a: [LOWI-Scan] BSS 48:73:97:be:7c:96 (wlan0) ASSO: NO AddInfo: 0x1, TSF 0, 00:02:34.447, RSSI: -112, CPL: 127, AGE: 860, SSID , TSFDelta: 0x59361e22, TXRate: 0
07-10 16:12:27.218 1387 3565 D LOWI-9.0.0.87.a: [LOWI-Scan]
07-10 16:12:27.218 1387 3565 D LOWI-9.0.0.87.a: [LOWI-Scan] print_bss_handler: Report beacon TSF 154617796 as it greater than probe TSF 154617796
07-10 16:12:27.218 1387 3565 D LOWI-9.0.0.87.a: [LOWI-Scan] decode_rsn_wpa_ie: LOWI_ENCRYPTION_TYPE_WPA_PSK
07-10 16:12:27.218 1387 3565 D LOWI-9.0.0.87.a: [LOWI-Scan] is_qcom_ie, bss_age: 0
07-10 16:12:27.218 1387 3565 D LOWI-9.0.0.87.a: [LOWI-Scan] BSS 48:73:97:be:8a:96 LOWI_PHY_MODE_11AC_VHT40(9), Beacon Interval: 100, LOWI_ENCRYPTION_TYPE_WPA_PSK 11mcRanging: No, ANQP: No, LCI: No, Civic: No, capability(0x8011): ESS Privacy
07-10 16:12:27.218 1387 3565 D LOWI-9.0.0.87.a: [LOWI-Scan] BSS 48:73:97:be:8a:96 FREQ: 5260, cFreq1[40:80:160] = [5270:0:0] cFreq2 = 0 Country Code = CN
07-10 16:12:27.218 1387 3565 D LOWI-9.0.0.87.a: [LOWI-Scan] BSS 48:73:97:be:8a:96 (wlan0) ASSO: NO AddInfo: 0x1, TSF 0, 00:02:34.617, RSSI: -138, CPL: 127, AGE: 688, SSID , TSFDelta: 0x1cec1e6b, TXRate: 0
07-10 16:12:27.219 1387 3565 D LOWI-9.0.0.87.a: [LOWI-Scan]
07-10 16:12:27.219 1387 3565 D LOWI-9.0.0.87.a: [LOWI-Scan] print_bss_handler: Report beacon TSF 154641793 as it greater than probe TSF 154641793
07-10 16:12:27.219 1387 3565 D LOWI-9.0.0.87.a: [LOWI-Scan] is_qcom_ie, bss_age: 0
07-10 16:12:27.219 1387 3565 D LOWI-9.0.0.87.a: [LOWI-Scan] BSS b8:45:f4:1d:c3:80 LOWI_PHY_MODE_11AC_VHT40(9), Beacon Interval: 100, LOWI_ENCRYPTION_TYPE_OPEN 11mcRanging: No, ANQP: No, LCI: No, Civic: No, capability(0x8001): ESS
07-10 16:12:27.219 1387 3565 D LOWI-9.0.0.87.a: [LOWI-Scan] BSS b8:45:f4:1d:c3:80 FREQ: 5260, cFreq1[40:80:160] = [5270:0:0] cFreq2 = 0 Country Code = CN
07-10 16:12:27.219 1387 3565 D LOWI-9.0.0.87.a: [LOWI-Scan] BSS b8:45:f4:1d:c3:80 (wlan0) ASSO: NO AddInfo: 0x1, TSF 0, 00:02:34.641, RSSI: -158, CPL: 127, AGE: 664, SSID , TSFDelta: 0x690ba60c, TXRate: 0
07-10 16:12:27.219 1387 3565 D LOWI-9.0.0.87.a: [LOWI-Scan]
07-10 16:12:27.219 1387 3565 D LOWI-9.0.0.87.a: [LOWI-Scan] print_bss_handler: Report beacon TSF 154641911 as it greater than probe TSF 154641911
07-10 16:12:27.219 1387 3565 D LOWI-9.0.0.87.a: [LOWI-Scan] is_qcom_ie, bss_age: 0
07-10 16:12:27.219 1387 3565 D LOWI-9.0.0.87.a: [LOWI-Scan] BSS b8:45:f4:1d:c3:81 LOWI_PHY_MODE_11AC_VHT40(9), Beacon Interval: 100, LOWI_ENCRYPTION_TYPE_OPEN 11mcRanging: No, ANQP: No, LCI: No, Civic: No, capability(0x8001): ESS
07-10 16:12:27.219 1387 3565 D LOWI-9.0.0.87.a: [LOWI-Scan] BSS b8:45:f4:1d:c3:81 FREQ: 5260, cFreq1[40:80:160] = [5270:0:0] cFreq2 = 0 Country Code = CN
07-10 16:12:27.219 1387 3565 D LOWI-9.0.0.87.a: [LOWI-Scan] BSS b8:45:f4:1d:c3:81 (wlan0) ASSO: NO AddInfo: 0x1, TSF 0, 00:02:34.641, RSSI: -158, CPL: 127, AGE: 664, SSID GUEST, TSFDelta: 0x690d68fa, TXRate: 0
07-10 16:12:27.219 1387 3565 D LOWI-9.0.0.87.a: [LOWI-Scan]
07-10 16:12:27.219 1387 3565 D LOWI-9.0.0.87.a: [LOWI-Scan] print_bss_handler: Report beacon TSF 154642325 as it greater than probe TSF 154642325
07-10 16:12:27.219 1387 3565 D LOWI-9.0.0.87.a: [LOWI-Scan] is_qcom_ie, bss_age: 0
07-10 16:12:27.219 1387 3565 D LOWI-9.0.0.87.a: [LOWI-Scan] BSS b8:45:f4:1d:c3:84 LOWI_PHY_MODE_11AC_VHT40(9), Beacon Interval: 100, LOWI_ENCRYPTION_TYPE_OPEN 11mcRanging: No, ANQP: No, LCI: No, Civic: No, capability(0x8001): ESS
07-10 16:12:27.219 1387 3565 D LOWI-9.0.0.87.a: [LOWI-Scan] BSS b8:45:f4:1d:c3:84 FREQ: 5260, cFreq1[40:80:160] = [5270:0:0] cFreq2 = 0 Country Code = CN
07-10 16:12:27.219 1387 3565 D LOWI-9.0.0.87.a: [LOWI-Scan] BSS b8:45:f4:1d:c3:84 (wlan0) ASSO: NO AddInfo: 0x1, TSF 0, 00:02:34.642, RSSI: -158, CPL: 127, AGE: 664, SSID HH-mobile, TSFDelta: 0x69139d88, TXRate: 0
07-10 16:12:27.219 1387 3565 D LOWI-9.0.0.87.a: [LOWI-Scan]
07-10 16:12:27.219 1387 3565 D LOWI-9.0.0.87.a: [LOWI-Scan] print_bss_handler: Report beacon TSF 154642838 as it greater than probe TSF 154642838
07-10 16:12:27.219 1387 3565 D LOWI-9.0.0.87.a: [LOWI-Scan] decode_rsn_wpa_ie: LOWI_ENCRYPTION_TYPE_WPA_PSK
07-10 16:12:27.219 1387 3565 D LOWI-9.0.0.87.a: [LOWI-Scan] is_qcom_ie, bss_age: 0
07-10 16:12:27.219 1387 3565 D LOWI-9.0.0.87.a: [LOWI-Scan] BSS b8:45:f4:1d:c3:85 LOWI_PHY_MODE_11AC_VHT40(9), Beacon Interval: 100, LOWI_ENCRYPTION_TYPE_WPA_PSK 11mcRanging: No, ANQP: No, LCI: No, Civic: No, capability(0x8011): ESS Privacy
07-10 16:12:27.219 1387 3565 D LOWI-9.0.0.87.a: [LOWI-Scan] BSS b8:45:f4:1d:c3:85 FREQ: 5260, cFreq1[40:80:160] = [5270:0:0] cFreq2 = 0 Country Code = CN
07-10 16:12:27.219 1387 3565 D LOWI-9.0.0.87.a: [LOWI-Scan] BSS b8:45:f4:1d:c3:85 (wlan0) ASSO: NO AddInfo: 0x1, TSF 0, 00:02:34.642, RSSI: -156, CPL: 127, AGE: 664, SSID , TSFDelta: 0x69156f69, TXRate: 0
07-10 16:12:27.220 1387 3565 D LOWI-9.0.0.87.a: [LOWI-Scan]
07-10 16:12:27.220 1387 3565 D LOWI-9.0.0.87.a: [LOWI-Scan] print_bss_handler: Report beacon TSF 154655652 as it greater than probe TSF 154655652
07-10 16:12:27.220 1387 3565 D LOWI-9.0.0.87.a: [LOWI-Scan] is_qcom_ie, bss_age: 0
07-10 16:12:27.220 1387 3565 D LOWI-9.0.0.87.a: [LOWI-Scan] BSS b8:45:f4:1d:c3:b0 LOWI_PHY_MODE_11AC_VHT40(9), Beacon Interval: 100, LOWI_ENCRYPTION_TYPE_OPEN 11mcRanging: No, ANQP: No, LCI: No, Civic: No, capability(0x8001): ESS
07-10 16:12:27.220 1387 3565 D LOWI-9.0.0.87.a: [LOWI-Scan] BSS b8:45:f4:1d:c3:b0 FREQ: 5260, cFreq1[40:80:160] = [5270:0:0] cFreq2 = 0 Country Code = CN
07-10 16:12:27.220 1387 3565 D LOWI-9.0.0.87.a: [LOWI-Scan] BSS b8:45:f4:1d:c3:b0 (wlan0) ASSO: NO AddInfo: 0x1, TSF 0, 00:02:34.655, RSSI: -174, CPL: 127, AGE: 652, SSID , TSFDelta: 0x691ad880, TXRate: 0
07-10 16:12:27.220 1387 3565 D LOWI-9.0.0.87.a: [LOWI-Scan]
07-10 16:12:27.220 1387 3565 D LOWI-9.0.0.87.a: [LOWI-Scan] print_bss_handler: Report beacon TSF 154655737 as it greater than probe TSF 154655737
07-10 16:12:27.220 1387 3565 D LOWI-9.0.0.87.a: [LOWI-Scan] is_qcom_ie, bss_age: 0
07-10 16:12:27.220 1387 3565 D LOWI-9.0.0.87.a: [LOWI-Scan] BSS b8:45:f4:1d:c3:b1 LOWI_PHY_MODE_11AC_VHT40(9), Beacon Interval: 100, LOWI_ENCRYPTION_TYPE_OPEN 11mcRanging: No, ANQP: No, LCI: No, Civic: No, capability(0x8001): ESS
07-10 16:12:27.220 1387 3565 D LOWI-9.0.0.87.a: [LOWI-Scan] BSS b8:45:f4:1d:c3:b1 FREQ: 5260, cFreq1[40:80:160] = [5270:0:0] cFreq2 = 0 Country Code = CN
07-10 16:12:27.220 1387 3565 D LOWI-9.0.0.87.a: [LOWI-Scan] BSS b8:45:f4:1d:c3:b1 (wlan0) ASSO: NO AddInfo: 0x1, TSF 0, 00:02:34.655, RSSI: -172, CPL: 127, AGE: 652, SSID GUEST, TSFDelta: 0x691cac6d, TXRate: 0
07-10 16:12:27.220 1387 3565 D LOWI-9.0.0.87.a: [LOWI-Scan]
07-10 16:12:27.220 1387 3565 D LOWI-9.0.0.87.a: [LOWI-Scan] print_bss_handler: Report beacon TSF 154655820 as it greater than probe TSF 154655820
07-10 16:12:27.220 1387 3565 D LOWI-9.0.0.87.a: [LOWI-Scan] decode_rsn_wpa_ie: LOWI_ENCRYPTION_TYPE_WPA_PSK
07-10 16:12:27.220 1387 3565 D LOWI-9.0.0.87.a: [LOWI-Scan] is_qcom_ie, bss_age: 0
07-10 16:12:27.220 1387 3565 D LOWI-9.0.0.87.a: [LOWI-Scan] BSS b8:45:f4:1d:c3:b2 LOWI_PHY_MODE_11AC_VHT40(9), Beacon Interval: 100, LOWI_ENCRYPTION_TYPE_WPA_PSK 11mcRanging: No, ANQP: No, LCI: No, Civic: No, capability(0x8011): ESS Privacy
07-10 16:12:27.220 1387 3565 D LOWI-9.0.0.87.a: [LOWI-Scan] BSS b8:45:f4:1d:c3:b2 FREQ: 5260, cFreq1[40:80:160] = [5270:0:0] cFreq2 = 0 Country Code = CN
07-10 16:12:27.220 1387 3565 D LOWI-9.0.0.87.a: [LOWI-Scan] BSS b8:45:f4:1d:c3:b2 (wlan0) ASSO: NO AddInfo: 0x1, TSF 0, 00:02:34.655, RSSI: -172, CPL: 127, AGE: 652, SSID HELLO, TSFDelta: 0x691e9876, TXRate: 0
07-10 16:12:27.220 1387 3565 D LOWI-9.0.0.87.a: [LOWI-Scan]
07-10 16:12:27.220 1387 3565 D LOWI-9.0.0.87.a: [LOWI-Scan] print_bss_handler: Report beacon TSF 154655880 as it greater than probe TSF 154655880
07-10 16:12:27.220 1387 3565 D LOWI-9.0.0.87.a: [LOWI-Scan] is_qcom_ie, bss_age: 0
07-10 16:12:27.220 1387 3565 D LOWI-9.0.0.87.a: [LOWI-Scan] BSS b8:45:f4:1d:c3:b4 LOWI_PHY_MODE_11AC_VHT40(9), Beacon Interval: 100, LOWI_ENCRYPTION_TYPE_OPEN 11mcRanging: No, ANQP: No, LCI: No, Civic: No, capability(0x8001): ESS
07-10 16:12:27.220 1387 3565 D LOWI-9.0.0.87.a: [LOWI-Scan] BSS b8:45:f4:1d:c3:b4 FREQ: 5260, cFreq1[40:80:160] = [5270:0:0] cFreq2 = 0 Country Code = CN
07-10 16:12:27.220 1387 3565 D LOWI-9.0.0.87.a: [LOWI-Scan] BSS b8:45:f4:1d:c3:b4 (wlan0) ASSO: NO AddInfo: 0x1, TSF 0, 00:02:34.655, RSSI: -170, CPL: 127, AGE: 652, SSID HH-mobile, TSFDelta: 0x6922bf75, TXRate: 0
07-10 16:12:27.220 1387 3565 D LOWI-9.0.0.87.a: [LOWI-Scan]
07-10 16:12:27.220 1387 3565 D LOWI-9.0.0.87.a: [LOWI-Scan] print_bss_handler: Report beacon TSF 154660621 as it greater than probe TSF 154660621
07-10 16:12:27.220 1387 3565 D LOWI-9.0.0.87.a: [LOWI-Scan] decode_rsn_wpa_ie: LOWI_ENCRYPTION_TYPE_WPA_PSK
07-10 16:12:27.220 1387 3565 D LOWI-9.0.0.87.a: [LOWI-Scan] is_qcom_ie, bss_age: 0
07-10 16:12:27.220 1387 3565 D LOWI-9.0.0.87.a: [LOWI-Scan] BSS 48:73:97:be:7b:f6 LOWI_PHY_MODE_11AC_VHT40(9), Beacon Interval: 100, LOWI_ENCRYPTION_TYPE_WPA_PSK 11mcRanging: No, ANQP: No, LCI: No, Civic: No, capability(0x8011): ESS Privacy
07-10 16:12:27.220 1387 3565 D LOWI-9.0.0.87.a: [LOWI-Scan] BSS 48:73:97:be:7b:f6 FREQ: 5260, cFreq1[40:80:160] = [5270:0:0] cFreq2 = 0 Country Code = CN
07-10 16:12:27.220 1387 3565 D LOWI-9.0.0.87.a: [LOWI-Scan] BSS 48:73:97:be:7b:f6 (wlan0) ASSO: NO AddInfo: 0x1, TSF 0, 00:02:34.660, RSSI: -160, CPL: 127, AGE: 644, SSID , TSFDelta: 0x7d22756e, TXRate: 0
07-10 16:12:27.221 1387 3565 D LOWI-9.0.0.87.a: [LOWI-Scan]
07-10 16:12:27.221 1387 3565 D LOWI-9.0.0.87.a: [LOWI-Scan] print_bss_handler: Report beacon TSF 154838859 as it greater than probe TSF 154838859
07-10 16:12:27.221 1387 3565 D LOWI-9.0.0.87.a: [LOWI-Scan] is_qcom_ie, bss_age: 0
07-10 16:12:27.221 1387 3565 D LOWI-9.0.0.87.a: [LOWI-Scan] BSS b8:45:f4:1d:3f:84 LOWI_PHY_MODE_11AC_VHT40(9), Beacon Interval: 100, LOWI_ENCRYPTION_TYPE_OPEN 11mcRanging: No, ANQP: No, LCI: No, Civic: No, capability(0x8001): ESS
07-10 16:12:27.221 1387 3565 D LOWI-9.0.0.87.a: [LOWI-Scan] BSS b8:45:f4:1d:3f:84 FREQ: 5300, cFreq1[40:80:160] = [5310:0:0] cFreq2 = 0 Country Code = CN
07-10 16:12:27.221 1387 3565 D LOWI-9.0.0.87.a: [LOWI-Scan] BSS b8:45:f4:1d:3f:84 (wlan0) ASSO: NO AddInfo: 0x1, TSF 0, 00:02:34.838, RSSI: -176, CPL: 127, AGE: 468, SSID HH-mobile, TSFDelta: 0x6f0b4783, TXRate: 0
07-10 16:12:27.221 1387 3565 D LOWI-9.0.0.87.a: [LOWI-Scan]
07-10 16:12:27.221 1387 3565 D LOWI-9.0.0.87.a: [LOWI-Scan] print_bss_handler: Report beacon TSF 154839050 as it greater than probe TSF 154839050
07-10 16:12:27.221 1387 3565 D LOWI-9.0.0.87.a: [LOWI-Scan] is_qcom_ie, bss_age: 0
07-10 16:12:27.221 1387 3565 D LOWI-9.0.0.87.a: [LOWI-Scan] BSS 30:5f:77:0c:2b:71 LOWI_PHY_MODE_11AC_VHT40(9), Beacon Interval: 100, LOWI_ENCRYPTION_TYPE_OPEN 11mcRanging: No, ANQP: No, LCI: No, Civic: No, capability(0x8001): ESS
07-10 16:12:27.221 1387 3565 D LOWI-9.0.0.87.a: [LOWI-Scan] BSS 30:5f:77:0c:2b:71 FREQ: 5300, cFreq1[40:80:160] = [5310:0:0] cFreq2 = 0 Country Code = CN
07-10 16:12:27.221 1387 3565 D LOWI-9.0.0.87.a: [LOWI-Scan] BSS 30:5f:77:0c:2b:71 (wlan0) ASSO: NO AddInfo: 0x1, TSF 0, 00:02:34.839, RSSI: -172, CPL: 127, AGE: 468, SSID GUEST, TSFDelta: 0x6e2e8613, TXRate: 0
07-10 16:12:27.221 1387 3565 D LOWI-9.0.0.87.a: [LOWIDiagLog] Log: lowiMeasResult->request: invalid null argument
07-10 16:12:27.221 1387 3565 I LOWI-9.0.0.87.a: [LOWI-Scan] lowi_close_record:Scan done in 142653ms, 75 APs in scan results
07-10 16:12:27.221 1387 3565 D LOWI-9.0.0.87.a: [LOWI-Scan] WipsScanUsingNL: passive scan cached 0, took 34974 ms, err 0
07-10 16:12:27.221 1387 3565 D LOWI-9.0.0.87.a: [LOWI-Scan] lowi_proc_req_passive_scan_with_live_meas - No WLAN Frames to be parsed
07-10 16:12:27.221 1387 3565 D LOWI-9.0.0.87.a: [LOWIScanResultReceiver] Send scan meas to listener
07-10 16:12:27.221 1387 3565 D LOWI-9.0.0.87.a: [LOWIScanResultReceiver] Enter passive listening mode
07-10 16:12:27.221 1387 3565 D LOWI-9.0.0.87.a: [LOWIWifiDriverInterface] getMeasurements - Passive listening mode
07-10 16:12:27.221 1387 3565 D LOWI-9.0.0.87.a: [LOWI-Scan] WipsScanUsingNL:wait -1 sec for netlink message
07-10 16:12:27.221 1387 1429 D LOWI-9.0.0.87.a: [LOWIEventReceiver] handleEvent:FROM:NA, TO:NA, REQ:NA, IREQ:NA, REQ_ID:0, RESP:NA, INFO:NA
07-10 16:12:27.221 1387 1429 D LOWI-9.0.0.87.a: [LOWIBackgroundScanMgr] isRspForBgScanMgr: evt(LOWI_NO_EVT) - not handled
07-10 16:12:27.221 1387 1429 D LOWI-9.0.0.87.a: [LOWIScheduler] manageMsg: NULL results or NULL request in results
07-10 16:12:27.221 1387 1429 D LOWI-9.0.0.87.a: [LOWIController] Measurements received
07-10 16:12:27.221 1387 1429 D LOWI-9.0.0.87.a: [LOWICacheManager] putInCache:Num of Meas to add: 75
07-10 16:12:27.227 1387 1429 D LOWI-9.0.0.87.a: [LOWICacheManager] addToCache: Cache Full, Cache Limit: 100, Purging: 50
07-10 16:12:27.228 1387 1429 D LOWI-9.0.0.87.a: [LOWIController] processMeasurementResults: No current Request. Cache measurements
07-10 16:12:27.228 1387 1429 D LOWI-9.0.0.87.a: [LOWIControllerExtn] sendLOWILpDiscoveryScanResponse: Not a discovery scan response
07-10 16:12:27.361 2339 2339 W WifiDebugService: Can not find target wifi network : hht_test_wifi_fc4318c9
07-10 16:12:27.550 662 677 I mpu_uart: [MSG-P:RECV]:No message received in 1000 ms
07-10 16:12:27.996 0 0 I [ 156.086507] init: processing action (sys.tlog.tlogdshc.active=1) from (/system/etc/init/tlogd.rc:197)
07-10 16:12:27.996 0 0 I [ 156.087521] init: starting service 'tlogdshc'...
07-10 16:12:28.116 0 0 I [ 156.209286] init: Service 'tlogdshc' (pid 4418) exited with status 0 oneshot service took 0.116000 seconds in background
07-10 16:12:28.116 0 0 I [ 156.209314] init: Sending signal 9 to service 'tlogdshc' (pid 4418) process group...
07-10 16:12:28.116 0 0 I [ 156.209496] libprocessgroup: Successfully killed process cgroup uid 0 pid 4418 in 0ms
07-10 16:12:28.551 662 677 I mpu_uart: [MSG-P:RECV]:No message received in 1000 ms
07-10 16:12:29.044 2102 3335 D MicroService: handleHeartBeat:101
07-10 16:12:29.052 2102 2102 D MicroService: onHeartBeatDetected
07-10 16:12:29.052 2102 2102 D MicroService: sendHeartbeatMessage
07-10 16:12:29.118 4177 4364 I OpenGLRenderer: Davey! duration=9223371879687ms; Flags=0, FrameTimelineVsyncId=2062, IntendedVsync=157166748630, Vsync=157166748630, InputEventId=0, HandleInputStart=157167396446, AnimationStart=157167402436, PerformTraversalsStart=157167405769, DrawStart=157186260925, FrameDeadline=157183415296, FrameInterval=157167384884, FrameStartTime=16666666, SyncQueued=157187493842, SyncStart=157187576342, IssueDrawCommandsStart=157188741290, SwapBuffers=157191897332, FrameCompleted=9223372036854775807, DequeueBufferDuration=54271, QueueBufferDuration=929167, GpuCompleted=9223372036854775807, SwapBuffersCompleted=157193550873, DisplayPresentTime=0,
07-10 16:12:29.552 662 677 I mpu_uart: [MSG-P:RECV]:No message received in 1000 ms
07-10 16:12:29.559 662 676 I mpu_uart: [MSG-P:R]:recv sync frame timeout
07-10 16:12:30.138 4177 4364 I OpenGLRenderer: Davey! duration=9223371878668ms; Flags=0, FrameTimelineVsyncId=2068, IntendedVsync=158185823296, Vsync=158185823296, InputEventId=0, HandleInputStart=158186786654, AnimationStart=158186789623, PerformTraversalsStart=158186792175, DrawStart=158206651029, FrameDeadline=158219156628, FrameInterval=158186778321, FrameStartTime=16666666, SyncQueued=158207545144, SyncStart=158207624935, IssueDrawCommandsStart=158208463477, SwapBuffers=158211059623, FrameCompleted=9223372036854775807, DequeueBufferDuration=35989, QueueBufferDuration=928229, GpuCompleted=9223372036854775807, SwapBuffersCompleted=158212460925, DisplayPresentTime=0,
07-10 16:12:30.335 1211 1273 I selfinstaller: create socket failed: Connection refused 111
07-10 16:12:30.553 662 677 I mpu_uart: [MSG-P:RECV]:No message received in 1000 ms
07-10 16:12:31.039 2102 3340 D MicroService: handleHeartBeat:102
07-10 16:12:31.055 2102 2102 D MicroService: onHeartBeatDetected
07-10 16:12:31.055 2102 2102 D MicroService: sendHeartbeatMessage
07-10 16:12:31.139 4177 4364 I OpenGLRenderer: Davey! duration=9223371877666ms; Flags=0, FrameTimelineVsyncId=2074, IntendedVsync=159188268630, Vsync=159188268630, InputEventId=0, HandleInputStart=159189232123, AnimationStart=159189235612, PerformTraversalsStart=159189238320, DrawStart=159210387123, FrameDeadline=159221601962, FrameInterval=159189223841, FrameStartTime=16666666, SyncQueued=159211510404, SyncStart=159211854258, IssueDrawCommandsStart=159212895143, SwapBuffers=159216149050, FrameCompleted=9223372036854775807, DequeueBufferDuration=49010, QueueBufferDuration=962760, GpuCompleted=9223372036854775807, SwapBuffersCompleted=159217729258, DisplayPresentTime=0,
07-10 16:12:31.553 662 677 I mpu_uart: [MSG-P:RECV]:No message received in 1000 ms
07-10 16:12:31.982 2306 2306 D RemoteControlService: startVlanDispatchThread
07-10 16:12:32.144 4177 4364 I OpenGLRenderer: Davey! duration=9223371876663ms; Flags=0, FrameTimelineVsyncId=2080, IntendedVsync=160190667296, Vsync=160190667296, InputEventId=0, HandleInputStart=160192153528, AnimationStart=160192157591, PerformTraversalsStart=160192160820, DrawStart=160213607278, FrameDeadline=160224000628, FrameInterval=160192142331, FrameStartTime=16666666, SyncQueued=160214915820, SyncStart=160215283424, IssueDrawCommandsStart=160216377278, SwapBuffers=160220481445, FrameCompleted=9223372036854775807, DequeueBufferDuration=53125, QueueBufferDuration=1136927, GpuCompleted=9223372036854775807, SwapBuffersCompleted=160222301133, DisplayPresentTime=0,
07-10 16:12:32.554 662 677 I mpu_uart: [MSG-P:RECV]:No message received in 1000 ms
07-10 16:12:32.562 662 676 I mpu_uart: [MSG-P:R]:recv sync frame timeout
07-10 16:12:33.033 2102 3372 D MicroService: handleHeartBeat:103
07-10 16:12:33.057 2102 2102 D MicroService: onHeartBeatDetected
07-10 16:12:33.058 2102 2102 D MicroService: sendHeartbeatMessage
07-10 16:12:33.144 4177 4364 I OpenGLRenderer: Davey! duration=9223371875661ms; Flags=0, FrameTimelineVsyncId=2086, IntendedVsync=161193086296, Vsync=161193086296, InputEventId=0, HandleInputStart=161194001809, AnimationStart=161194005351, PerformTraversalsStart=161194008372, DrawStart=161215109830, FrameDeadline=161209752962, FrameInterval=161193991184, FrameStartTime=16666666, SyncQueued=161216305455, SyncStart=161216387695, IssueDrawCommandsStart=161217305195, SwapBuffers=161220559309, FrameCompleted=9223372036854775807, DequeueBufferDuration=45417, QueueBufferDuration=886510, GpuCompleted=9223372036854775807, SwapBuffersCompleted=161221943788, DisplayPresentTime=0,
07-10 16:12:33.555 662 677 I mpu_uart: [MSG-P:RECV]:No message received in 1000 ms
07-10 16:12:34.146 4177 4191 I OpenGLRenderer: Davey! duration=9223371874659ms; Flags=0, FrameTimelineVsyncId=2092, IntendedVsync=162195502630, Vsync=162195502630, InputEventId=0, HandleInputStart=162196875351, AnimationStart=162196878632, PerformTraversalsStart=162196881132, DrawStart=162219143215, FrameDeadline=162228835962, FrameInterval=162196867486, FrameStartTime=16666666, SyncQueued=162220571028, SyncStart=162220673007, IssueDrawCommandsStart=162221485351, SwapBuffers=162224328684, FrameCompleted=9223372036854775807, DequeueBufferDuration=40833, QueueBufferDuration=844479, GpuCompleted=9223372036854775807, SwapBuffersCompleted=162225714361, DisplayPresentTime=0,
07-10 16:12:34.555 662 677 I mpu_uart: [MSG-P:RECV]:No message received in 1000 ms
07-10 16:12:35.037 2102 3563 D MicroService: handleHeartBeat:104
07-10 16:12:35.060 2102 2102 D MicroService: onHeartBeatDetected
07-10 16:12:35.060 2102 2102 D MicroService: sendHeartbeatMessage
07-10 16:12:35.151 4177 4233 I OpenGLRenderer: Davey! duration=9223371873656ms; Flags=0, FrameTimelineVsyncId=2098, IntendedVsync=163197897630, Vsync=163197897630, InputEventId=0, HandleInputStart=163199323163, AnimationStart=163199327954, PerformTraversalsStart=163199331079, DrawStart=163219250194, FrameDeadline=163214564296, FrameInterval=163199312069, FrameStartTime=16666666, SyncQueued=163220480090, SyncStart=163220722225, IssueDrawCommandsStart=163221561288, SwapBuffers=163224437746, FrameCompleted=9223372036854775807, DequeueBufferDuration=40729, QueueBufferDuration=778594, GpuCompleted=9223372036854775807, SwapBuffersCompleted=163225692486, DisplayPresentTime=0,
07-10 16:12:35.556 662 677 I mpu_uart: [MSG-P:RECV]:No message received in 1000 ms
07-10 16:12:35.566 662 676 I mpu_uart: [MSG-P:R]:recv sync frame timeout
07-10 16:12:36.153 4177 4233 I OpenGLRenderer: Davey! duration=9223371872654ms; Flags=0, FrameTimelineVsyncId=2104, IntendedVsync=164200309630, Vsync=164200309630, InputEventId=0, HandleInputStart=164201141496, AnimationStart=164201145141, PerformTraversalsStart=164201148266, DrawStart=164222234673, FrameDeadline=164233642962, FrameInterval=164201134985, FrameStartTime=16666666, SyncQueued=164223243475, SyncStart=164223318162, IssueDrawCommandsStart=164224242173, SwapBuffers=164226993110, FrameCompleted=9223372036854775807, DequeueBufferDuration=42136, QueueBufferDuration=939479, GpuCompleted=9223372036854775807, SwapBuffersCompleted=164228405402, DisplayPresentTime=0,
07-10 16:12:36.556 662 677 I mpu_uart: [MSG-P:RECV]:No message received in 1000 ms
07-10 16:12:36.992 2306 2306 D RemoteControlService: startVlanDispatchThread
07-10 16:12:37.046 2102 3715 D MicroService: handleHeartBeat:105
07-10 16:12:37.063 2102 2102 D MicroService: onHeartBeatDetected
07-10 16:12:37.063 2102 2102 D MicroService: sendHeartbeatMessage
07-10 16:12:37.152 4177 4233 I OpenGLRenderer: Davey! duration=9223371871651ms; Flags=0, FrameTimelineVsyncId=2110, IntendedVsync=165202711630, Vsync=165202711630, InputEventId=0, HandleInputStart=165203576756, AnimationStart=165203582120, PerformTraversalsStart=165203585297, DrawStart=165226311652, FrameDeadline=165236044962, FrameInterval=165203568058, FrameStartTime=16666666, SyncQueued=165227721599, SyncStart=165227834724, IssueDrawCommandsStart=165229031027, SwapBuffers=165232562954, FrameCompleted=9223372036854775807, DequeueBufferDuration=56718, QueueBufferDuration=1420885, GpuCompleted=9223372036854775807, SwapBuffersCompleted=165234609099, DisplayPresentTime=0,
07-10 16:12:37.557 662 677 I mpu_uart: [MSG-P:RECV]:No message received in 1000 ms
07-10 16:12:37.836 662 676 D mpu_uart: [MSG-P:R-M]:recved H:38, L:0
07-10 16:12:37.837 662 676 V mpu_uart: recv data buf:[0x3c, 0x26, 0x0, 0x2, 0xd, 0x2, 0x1, 0x1c, 0xd, 0xa, 0x20, 0x42, 0x2d, 0x6d, 0x61, 0x69, 0x6e, 0x5f, 0x6c, 0x6f, 0x6f, 0x70, 0x20, 0x69, 0x73, 0x20, 0x72, 0x75, 0x6e, 0x6e, 0x69, 0x6e, 0x67, 0xd, 0xa, 0x0, 0x0, 0x70, ]
07-10 16:12:37.837 662 677 D mpu_uart: [SESSION-Distribute]:Message en queue:d
07-10 16:12:38.158 4177 4233 I OpenGLRenderer: Davey! duration=9223371870649ms; Flags=0, FrameTimelineVsyncId=2116, IntendedVsync=166205126630, Vsync=166205126630, InputEventId=0, HandleInputStart=166206007537, AnimationStart=166206011703, PerformTraversalsStart=166206015141, DrawStart=166225375609, FrameDeadline=166221793296, FrameInterval=166205998005, FrameStartTime=16666666, SyncQueued=166226462745, SyncStart=166226539203, IssueDrawCommandsStart=166227459724, SwapBuffers=166230700141, FrameCompleted=9223372036854775807, DequeueBufferDuration=49948, QueueBufferDuration=1026875, GpuCompleted=9223372036854775807, SwapBuffersCompleted=166232289672, DisplayPresentTime=0,
07-10 16:12:38.838 662 677 I mpu_uart: [MSG-P:RECV]:No message received in 1000 ms
07-10 16:12:39.055 2102 3842 D MicroService: handleHeartBeat:106
07-10 16:12:39.066 2102 2102 D MicroService: onHeartBeatDetected
07-10 16:12:39.066 2102 2102 D MicroService: sendHeartbeatMessage
07-10 16:12:39.158 4177 4191 I OpenGLRenderer: Davey! duration=9223371869647ms; Flags=0, FrameTimelineVsyncId=2122, IntendedVsync=167207534630, Vsync=167207534630, InputEventId=0, HandleInputStart=167208997067, AnimationStart=167209001703, PerformTraversalsStart=167209004359, DrawStart=167230412849, FrameDeadline=167240867962, FrameInterval=167208987797, FrameStartTime=16666666, SyncQueued=167231568630, SyncStart=167231652640, IssueDrawCommandsStart=167232723370, SwapBuffers=167236177380, FrameCompleted=9223372036854775807, DequeueBufferDuration=51562, QueueBufferDuration=1057760, GpuCompleted=9223372036854775807, SwapBuffersCompleted=167237848890, DisplayPresentTime=0,
07-10 16:12:39.838 662 677 I mpu_uart: [MSG-P:RECV]:No message received in 1000 ms
07-10 16:12:40.125 2102 3975 I MicroService: Receive message: SocketMessageBean{businessData='21930', srcService='IDCM_TBoxService', destService='FSEM_SettingService', messageType='0', uuid='1688976760878861000', payloadData={"dstService":"FSEM_SettingService","messageType":0,"methodName":"netstatus","parameters":{"functionInfo":{"IDCM_celltype":6,"IDCM_netstatus":0,"IDCM_signalstrength":107}},"srcService":"IDCM_TBoxService","uuid":1688976760878861000}
07-10 16:12:40.125 2102 3975 I MicroService: }
07-10 16:12:40.126 2102 3975 I MicroService: onRequest(netstatus): {"functionInfo":{"IDCM_celltype":6,"IDCM_netstatus":0,"IDCM_signalstrength":107}}
07-10 16:12:40.128 2119 2177 D MicroSettings: ITCMicroCommonCallback: get request method = netstatus parameters = {"functionInfo":{"IDCM_celltype":6,"IDCM_netstatus":0,"IDCM_signalstrength":107}}
07-10 16:12:40.128 2102 3975 D MicroService: handleHeartBeat:107
07-10 16:12:40.129 2119 4099 D MicroSettings: TBoxNetStatusSyncAction: doActualAction()
07-10 16:12:40.129 2119 4099 D MicroSettings: TBoxNetStatusSyncAction: leve = 1
07-10 16:12:40.129 2119 4099 D MicroSettings: TBoxNetStatusSyncAction: drawable = 2131231167
07-10 16:12:40.131 2119 4099 I MicroSettings: TBoxNetStatusSyncAction: setNetStatus completed: 2131231167
07-10 16:12:40.162 4177 4191 I OpenGLRenderer: Davey! duration=9223371868644ms; Flags=0, FrameTimelineVsyncId=2128, IntendedVsync=168209945630, Vsync=168209945630, InputEventId=0, HandleInputStart=168210493473, AnimationStart=168210496859, PerformTraversalsStart=168210499515, DrawStart=168231281442, FrameDeadline=168243278962, FrameInterval=168210484880, FrameStartTime=16666666, SyncQueued=168232372484, SyncStart=168232454046, IssueDrawCommandsStart=168233408994, SwapBuffers=168236623369, FrameCompleted=9223372036854775807, DequeueBufferDuration=51928, QueueBufferDuration=762969, GpuCompleted=9223372036854775807, SwapBuffersCompleted=168237907380, DisplayPresentTime=0,
07-10 16:12:40.838 662 677 I mpu_uart: [MSG-P:RECV]:No message received in 1000 ms
07-10 16:12:40.840 662 676 I mpu_uart: [MSG-P:R]:recv sync frame timeout
07-10 16:12:41.058 2102 3976 D MicroService: handleHeartBeat:108
07-10 16:12:41.069 2102 2102 D MicroService: onHeartBeatDetected
07-10 16:12:41.069 2102 2102 D MicroService: sendHeartbeatMessage
07-10 16:12:41.164 4177 4191 I OpenGLRenderer: Davey! duration=9223371867642ms; Flags=0, FrameTimelineVsyncId=2134, IntendedVsync=169212344630, Vsync=169212344630, InputEventId=0, HandleInputStart=169213621285, AnimationStart=169213625869, PerformTraversalsStart=169213629046, DrawStart=169233856650, FrameDeadline=169245677962, FrameInterval=169213611546, FrameStartTime=16666666, SyncQueued=169235031181, SyncStart=169235114619, IssueDrawCommandsStart=169236209462, SwapBuffers=169239793473, FrameCompleted=9223372036854775807, DequeueBufferDuration=54167, QueueBufferDuration=1064791, GpuCompleted=9223372036854775807, SwapBuffersCompleted=169241504462, DisplayPresentTime=0,
07-10 16:12:41.839 662 677 I mpu_uart: [MSG-P:RECV]:No message received in 1000 ms
07-10 16:12:42.004 2306 2306 D RemoteControlService: startVlanDispatchThread
07-10 16:12:42.165 4177 4191 I OpenGLRenderer: Davey! duration=9223371866639ms; Flags=0, FrameTimelineVsyncId=2140, IntendedVsync=170214751630, Vsync=170214751630, InputEventId=0, HandleInputStart=170216297535, AnimationStart=170216301337, PerformTraversalsStart=170216304983, DrawStart=170237377535, FrameDeadline=170248084962, FrameInterval=170216287431, FrameStartTime=16666666, SyncQueued=170238401493, SyncStart=170238475087, IssueDrawCommandsStart=170239368160, SwapBuffers=170242433681, FrameCompleted=9223372036854775807, DequeueBufferDuration=43072, QueueBufferDuration=1591198, GpuCompleted=9223372036854775807, SwapBuffersCompleted=170244561077, DisplayPresentTime=0,
07-10 16:12:42.840 662 677 I mpu_uart: [MSG-P:RECV]:No message received in 1000 ms
07-10 16:12:43.071 2102 2102 E MicroService: heart beat time out, current timeout cnt is 1
07-10 16:12:43.071 2102 2102 D MicroService: onHeartBeatDetected
07-10 16:12:43.071 2102 2102 D MicroService: sendHeartbeatMessage
07-10 16:12:43.077 2102 3980 D MicroService: handleHeartBeat:109
07-10 16:12:43.168 4177 4191 I OpenGLRenderer: Davey! duration=9223371865637ms; Flags=0, FrameTimelineVsyncId=2146, IntendedVsync=171217159630, Vsync=171217159630, InputEventId=0, HandleInputStart=171218099097, AnimationStart=171218103003, PerformTraversalsStart=171218106753, DrawStart=171241055764, FrameDeadline=171250492962, FrameInterval=171218088472, FrameStartTime=16666666, SyncQueued=171242512951, SyncStart=171242646597, IssueDrawCommandsStart=171243816024, SwapBuffers=171247458576, FrameCompleted=9223372036854775807, DequeueBufferDuration=64583, QueueBufferDuration=1349063, GpuCompleted=9223372036854775807, SwapBuffersCompleted=171249622847, DisplayPresentTime=0,
07-10 16:12:43.840 662 677 I mpu_uart: [MSG-P:RECV]:No message received in 1000 ms
07-10 16:12:43.843 662 676 I mpu_uart: [MSG-P:R]:recv sync frame timeout
07-10 16:12:44.173 4177 4191 I OpenGLRenderer: Davey! duration=9223371864635ms; Flags=0, FrameTimelineVsyncId=2152, IntendedVsync=172219572630, Vsync=172219572630, InputEventId=0, HandleInputStart=172221219826, AnimationStart=172221223524, PerformTraversalsStart=172221226857, DrawStart=172240818107, FrameDeadline=172236239296, FrameInterval=172221210972, FrameStartTime=16666666, SyncQueued=172241914097, SyncStart=172241994930, IssueDrawCommandsStart=172242931649, SwapBuffers=172246104097, FrameCompleted=9223372036854775807, DequeueBufferDuration=47969, QueueBufferDuration=891250, GpuCompleted=9223372036854775807, SwapBuffersCompleted=172247523211, DisplayPresentTime=0,
07-10 16:12:44.840 662 677 I mpu_uart: [MSG-P:RECV]:No message received in 1000 ms
07-10 16:12:45.069 2102 4044 D MicroService: handleHeartBeat:110
07-10 16:12:45.073 2102 2102 D MicroService: onHeartBeatDetected
07-10 16:12:45.073 2102 2102 D MicroService: sendHeartbeatMessage
07-10 16:12:45.175 4177 4191 I OpenGLRenderer: Davey! duration=9223371863632ms; Flags=0, FrameTimelineVsyncId=2158, IntendedVsync=173221982630, Vsync=173221982630, InputEventId=0, HandleInputStart=173223371128, AnimationStart=173223374773, PerformTraversalsStart=173223377430, DrawStart=173244349201, FrameDeadline=173255315962, FrameInterval=173223361909, FrameStartTime=16666666, SyncQueued=173245429461, SyncStart=173245528003, IssueDrawCommandsStart=173246402430, SwapBuffers=173249492794, FrameCompleted=9223372036854775807, DequeueBufferDuration=48333, QueueBufferDuration=894427, GpuCompleted=9223372036854775807, SwapBuffersCompleted=173250929565, DisplayPresentTime=0,
07-10 16:12:45.841 662 677 I mpu_uart: [MSG-P:RECV]:No message received in 1000 ms
07-10 16:12:46.130 2102 4093 I MicroService: Receive message: SocketMessageBean{businessData='21930', srcService='IDCM_TBoxService', destService='FSEM_SettingService', messageType='0', uuid='1688976766884617000', payloadData={"dstService":"FSEM_SettingService","messageType":0,"methodName":"netstatus","parameters":{"functionInfo":{"IDCM_celltype":6,"IDCM_netstatus":0,"IDCM_signalstrength":108}},"srcService":"IDCM_TBoxService","uuid":1688976766884617000}
07-10 16:12:46.130 2102 4093 I MicroService: }
07-10 16:12:46.130 2102 4093 I MicroService: onRequest(netstatus): {"functionInfo":{"IDCM_celltype":6,"IDCM_netstatus":0,"IDCM_signalstrength":108}}
07-10 16:12:46.132 2119 2177 D MicroSettings: ITCMicroCommonCallback: get request method = netstatus parameters = {"functionInfo":{"IDCM_celltype":6,"IDCM_netstatus":0,"IDCM_signalstrength":108}}
07-10 16:12:46.132 2102 4093 D MicroService: handleHeartBeat:111
07-10 16:12:46.132 2119 4106 D MicroSettings: TBoxNetStatusSyncAction: doActualAction()
07-10 16:12:46.133 2119 4106 D MicroSettings: TBoxNetStatusSyncAction: leve = 1
07-10 16:12:46.133 2119 4106 D MicroSettings: TBoxNetStatusSyncAction: drawable = 2131231167
07-10 16:12:46.135 2119 4106 I MicroSettings: TBoxNetStatusSyncAction: setNetStatus completed: 2131231167
07-10 16:12:46.175 4177 4191 I OpenGLRenderer: Davey! duration=9223371862630ms; Flags=0, FrameTimelineVsyncId=2164, IntendedVsync=174224383630, Vsync=174224383630, InputEventId=0, HandleInputStart=174226054513, AnimationStart=174226057898, PerformTraversalsStart=174226060711, DrawStart=174248537221, FrameDeadline=174257716962, FrameInterval=174226046231, FrameStartTime=16666666, SyncQueued=174249924669, SyncStart=174250149044, IssueDrawCommandsStart=174251380554, SwapBuffers=174254901388, FrameCompleted=9223372036854775807, DequeueBufferDuration=46615, QueueBufferDuration=1000833, GpuCompleted=9223372036854775807, SwapBuffersCompleted=174256857794, DisplayPresentTime=0,
07-10 16:12:46.842 662 677 I mpu_uart: [MSG-P:RECV]:No message received in 1000 ms
07-10 16:12:46.847 662 676 I mpu_uart: [MSG-P:R]:recv sync frame timeout
07-10 16:12:47.018 2306 2306 D RemoteControlService: startVlanDispatchThread
07-10 16:12:47.066 2102 4094 D MicroService: handleHeartBeat:112
07-10 16:12:47.076 2102 2102 D MicroService: onHeartBeatDetected
07-10 16:12:47.076 2102 2102 D MicroService: sendHeartbeatMessage
07-10 16:12:47.181 4177 4191 I OpenGLRenderer: Davey! duration=9223371861627ms; Flags=0, FrameTimelineVsyncId=2170, IntendedVsync=175226791630, Vsync=175226791630, InputEventId=0, HandleInputStart=175227960137, AnimationStart=175227964512, PerformTraversalsStart=175227966804, DrawStart=175248149252, FrameDeadline=175260124962, FrameInterval=175227947637, FrameStartTime=16666666, SyncQueued=175249332116, SyncStart=175249704669, IssueDrawCommandsStart=175250740294, SwapBuffers=175254142846, FrameCompleted=9223372036854775807, DequeueBufferDuration=53020, QueueBufferDuration=956145, GpuCompleted=9223372036854775807, SwapBuffersCompleted=175255701127, DisplayPresentTime=0,
07-10 16:12:47.842 662 677 I mpu_uart: [MSG-P:RECV]:No message received in 1000 ms
07-10 16:12:48.181 4177 4191 I OpenGLRenderer: Davey! duration=9223371860625ms; Flags=0, FrameTimelineVsyncId=2176, IntendedVsync=176229197630, Vsync=176229197630, InputEventId=0, HandleInputStart=176230529668, AnimationStart=176230532741, PerformTraversalsStart=176230535293, DrawStart=176251027272, FrameDeadline=176245864296, FrameInterval=176230520866, FrameStartTime=16666666, SyncQueued=176252207376, SyncStart=176252285814, IssueDrawCommandsStart=176252915501, SwapBuffers=176255246491, FrameCompleted=9223372036854775807, DequeueBufferDuration=31667, QueueBufferDuration=686302, GpuCompleted=9223372036854775807, SwapBuffersCompleted=176256318887, DisplayPresentTime=0,
07-10 16:12:48.842 662 677 I mpu_uart: [MSG-P:RECV]:No message received in 1000 ms
07-10 16:12:49.055 2102 4095 D MicroService: handleHeartBeat:113
07-10 16:12:49.078 2102 2102 D MicroService: onHeartBeatDetected
07-10 16:12:49.079 2102 2102 D MicroService: sendHeartbeatMessage
07-10 16:12:49.181 4177 4233 I OpenGLRenderer: Davey! duration=9223371859623ms; Flags=0, FrameTimelineVsyncId=2182, IntendedVsync=177231603630, Vsync=177231603630, InputEventId=0, HandleInputStart=177232924876, AnimationStart=177232929043, PerformTraversalsStart=177232931959, DrawStart=177254752584, FrameDeadline=177264936962, FrameInterval=177232915814, FrameStartTime=16666666, SyncQueued=177256236439, SyncStart=177256358939, IssueDrawCommandsStart=177257483626, SwapBuffers=177261617168, FrameCompleted=9223372036854775807, DequeueBufferDuration=57396, QueueBufferDuration=1037969, GpuCompleted=9223372036854775807, SwapBuffersCompleted=177263235814, DisplayPresentTime=0,
07-10 16:12:49.195 4177 4233 I OpenGLRenderer: Davey! duration=9223371859603ms; Flags=0, FrameTimelineVsyncId=2183, IntendedVsync=177248270296, Vsync=177248270296, InputEventId=0, HandleInputStart=177257690345, AnimationStart=177257692897, PerformTraversalsStart=177258310241, DrawStart=177258370918, FrameDeadline=177281603628, FrameInterval=177257685918, FrameStartTime=16666666, SyncQueued=177259922272, SyncStart=177263271387, IssueDrawCommandsStart=177263744407, SwapBuffers=177266054824, FrameCompleted=9223372036854775807, DequeueBufferDuration=20469, QueueBufferDuration=11702604, GpuCompleted=9223372036854775807, SwapBuffersCompleted=177278163782, DisplayPresentTime=0,
07-10 16:12:49.843 662 677 I mpu_uart: [MSG-P:RECV]:No message received in 1000 ms
07-10 16:12:49.850 662 676 I mpu_uart: [MSG-P:R]:recv sync frame timeout
07-10 16:12:50.186 4177 4233 I OpenGLRenderer: Davey! duration=9223371858620ms; Flags=0, FrameTimelineVsyncId=2188, IntendedVsync=178234011630, Vsync=178234011630, InputEventId=0, HandleInputStart=178234558417, AnimationStart=178234561959, PerformTraversalsStart=178234564459, DrawStart=178255353678, FrameDeadline=178267344962, FrameInterval=178234548105, FrameStartTime=16666666, SyncQueued=178256489615, SyncStart=178256563261, IssueDrawCommandsStart=178257517115, SwapBuffers=178260710553, FrameCompleted=9223372036854775807, DequeueBufferDuration=45781, QueueBufferDuration=754167, GpuCompleted=9223372036854775807, SwapBuffersCompleted=178261953469, DisplayPresentTime=0,
07-10 16:12:50.843 662 677 I mpu_uart: [MSG-P:RECV]:No message received in 1000 ms
07-10 16:12:50.903 1566 1704 D PowerManagerService: handleUserActivityTimeout
07-10 16:12:50.904 1566 1704 D PowerManagerService: updateUserActivitySummaryLocked: groupId=0, mWakefulness=Awake, mUserActivitySummary=0x4, nextTimeout=-1 (179000 ms ago)
07-10 16:12:50.904 1566 1704 D PowerManagerService: updateWakefulnessLocked: Bed time for group 0
07-10 16:12:50.904 1566 1704 D PowerManagerService: dreamDisplayGroupNoUpdateLocked: eventTime=178999, uid=1000
07-10 16:12:50.904 1566 1704 I PowerManagerService: Napping display group (groupId=0, uid=1000)...
07-10 16:12:50.904 1566 1704 I PowerManagerService: Nap time (uid 1000)...
07-10 16:12:50.906 1566 1704 D PowerManagerNotifier: onWakefulnessChangeStarted: wakefulness=2, reason=0, interactive=true
07-10 16:12:50.906 1566 1704 D PowerManagerService: updateWakeLockSummaryLocked: mWakefulness=Dreaming, mWakeLockSummary=0x0
07-10 16:12:50.906 1566 1704 D PowerManagerService: updateUserActivitySummaryLocked: groupId=0, mWakefulness=Dreaming, mUserActivitySummary=0x4, nextTimeout=-1 (179003 ms ago)
07-10 16:12:50.906 1566 1704 D PowerManagerNotifier: onScreenPolicyUpdate: newPolicy=3
07-10 16:12:50.907 1566 1704 D PowerManagerService: updateDisplayPowerStateLocked: displayReady=true, groupId=0, policy=BRIGHT, mWakefulness=Dreaming, mWakeLockSummary=0x0, mUserActivitySummary=0x4, mBootCompleted=true, screenBrightnessOverride=NaN, useAutoBrightness=true, mScreenBrightnessBoostInProgress=false, mIsVrModeEnabled= false, sQuiescent=false
07-10 16:12:50.907 1566 1704 D PowerManagerNotifier: onWakefulnessChangeFinished
07-10 16:12:50.907 1566 1704 I DreamManagerService: Entering dreamland.
07-10 16:12:50.910 1566 1566 I ActivityManager: Killing 4381:com.qualcomm.timeservice/u0a54 (adj 915): empty #2
07-10 16:12:50.913 1566 1566 I ActivityManager: Killing 4316:com.thundercomm.gamemode.provider/u0a62 (adj 925): empty #3
07-10 16:12:50.915 1566 1704 D PowerManagerService: acquireWakeLockInternal: lock=45104850, flags=0x1, tag="startDream", ws=null, uid=1000, pid=1566
07-10 16:12:50.915 1566 1704 D PowerManagerService: updateWakeLockSummaryLocked: mWakefulness=Dreaming, mWakeLockSummary=0x1
07-10 16:12:50.915 1566 1704 D PowerManagerService: updateUserActivitySummaryLocked: groupId=0, mWakefulness=Dreaming, mUserActivitySummary=0x4, nextTimeout=-1 (179012 ms ago)
07-10 16:12:50.915 1566 1704 D PowerManagerNotifier: onScreenPolicyUpdate: newPolicy=3
07-10 16:12:50.915 1566 1704 D PowerManagerService: updateDisplayPowerStateLocked: displayReady=true, groupId=0, policy=BRIGHT, mWakefulness=Dreaming, mWakeLockSummary=0x1, mUserActivitySummary=0x4, mBootCompleted=true, screenBrightnessOverride=NaN, useAutoBrightness=true, mScreenBrightnessBoostInProgress=false, mIsVrModeEnabled= false, sQuiescent=false
07-10 16:12:50.915 1566 1704 D PowerManagerService: Acquiring suspend blocker "PowerManagerService.WakeLocks".
07-10 16:12:50.916 1566 1704 D PowerManagerNotifier: onWakeLockAcquired: flags=1, tag="startDream", packageName=android, ownerUid=1000, ownerPid=1566, workSource=null
07-10 16:12:50.916 1566 1704 I PowerManagerService: Dreaming...
07-10 16:12:50.922 1566 1678 I DreamController: Starting dream: name=ComponentInfo{com.thundercomm.screensaver/com.thundercomm.screensaver.service.SystemDream}, isTest=false, canDoze=false, userId=0
07-10 16:12:50.924 1907 1907 V ShadeControllerImpl: NotificationShadeWindow: com.android.systemui.statusbar.phone.NotificationShadeWindowView{7930cf4 I.E...... ......ID 0,0-2560,1080} canPanelBeCollapsed(): false
07-10 16:12:50.927 1566 1691 I libprocessgroup: Successfully killed process cgroup uid 10054 pid 4381 in 15ms
07-10 16:12:50.928 1566 1678 D CompatibilityChangeReporter: Compat change id reported: 135634846; UID 1000; state: DISABLED
07-10 16:12:50.928 1566 1678 D CompatibilityChangeReporter: Compat change id reported: 177438394; UID 1000; state: DISABLED
07-10 16:12:50.928 1566 1678 D CompatibilityChangeReporter: Compat change id reported: 135772972; UID 1000; state: DISABLED
07-10 16:12:50.929 1566 1678 D CompatibilityChangeReporter: Compat change id reported: 135754954; UID 1000; state: ENABLED
07-10 16:12:50.946 683 683 D Zygote : Forked child process 4427
07-10 16:12:50.947 1566 1690 I ActivityManager: Start proc 4427:com.thundercomm.screensaver/1000 for service {com.thundercomm.screensaver/com.thundercomm.screensaver.service.SystemDream}
07-10 16:12:50.963 683 683 I Zygote : Process 4381 exited due to signal 9 (Killed)
07-10 16:12:50.964 683 683 I Zygote : Process 4316 exited due to signal 9 (Killed)
07-10 16:12:50.965 1566 1691 I libprocessgroup: Successfully killed process cgroup uid 10062 pid 4316 in 0ms
07-10 16:12:50.972 4427 4427 E omm.screensave: Not starting debugger since process cannot load the jdwp agent.
07-10 16:12:50.973 4427 4427 D ProcessState: Binder ioctl to enable oneway spam detection failed: Invalid argument
07-10 16:12:50.975 0 0 I [ 179.069488] binder: 4427:4427 ioctl 40046210 7fe4a4a554 returned -22
07-10 16:12:50.976 1566 2062 D CompatibilityInfo: mCompatibilityFlags - 4
