07-10 16:11:00.010 1566 1566 D PowerManagerService: releaseWakeLockInternal: lock=7649226 [*alarm*], flags=0x0
07-10 16:11:00.010 1566 1566 D PowerManagerNotifier: onWakeLockReleased: flags=1, tag="*alarm*", packageName=android, ownerUid=1000, ownerPid=1566, workSource=WorkSource{1000}
07-10 16:11:00.011 1566 1566 D PowerManagerService: updateWakeLockSummaryLocked: mWakefulness=Awake, mWakeLockSummary=0x0
07-10 16:11:00.011 1566 1566 D PowerManagerService: updateUserActivitySummaryLocked: groupId=0, mWakefulness=Awake, mUserActivitySummary=0x1, nextTimeout=112087 (in 43896 ms)
07-10 16:11:00.011 1566 1566 D PowerManagerNotifier: onScreenPolicyUpdate: newPolicy=3
07-10 16:11:00.011 1566 1566 D PowerManagerService: updateDisplayPowerStateLocked: displayReady=true, groupId=0, policy=BRIGHT, mWakefulness=Awake, mWakeLockSummary=0x0, mUserActivitySummary=0x1, mBootCompleted=true, screenBrightnessOverride=NaN, useAutoBrightness=true, mScreenBrightnessBoostInProgress=false, mIsVrModeEnabled= false, sQuiescent=false
07-10 16:11:00.011 1566 1566 D PowerManagerService: Releasing suspend blocker "PowerManagerService.WakeLocks".
07-10 16:11:00.045 1907 1955 I OpenGLRenderer: Davey! duration=9223371968657ms; Flags=0, FrameTimelineVsyncId=1283, IntendedVsync=68197173454, Vsync=68197173454, InputEventId=0, HandleInputStart=68197766012, AnimationStart=68197770022, PerformTraversalsStart=68197772470, DrawStart=68203506637, FrameDeadline=68230506786, FrameInterval=68197752418, FrameStartTime=16666666, SyncQueued=68203921845, SyncStart=68204179918, IssueDrawCommandsStart=68204430647, SwapBuffers=68206422679, FrameCompleted=9223372036854775807, DequeueBufferDuration=61094, QueueBufferDuration=1209062, GpuCompleted=9223372036854775807, SwapBuffersCompleted=68208254918, DisplayPresentTime=0,
07-10 16:11:00.105 1211 1273 I selfinstaller: create socket failed: Connection refused 111
07-10 16:11:00.514 1566 1853 D DeviceStorageMonitorService: Remaining available storage space : 112593936384 | Total space : 118610538496
07-10 16:11:00.722 1566 1678 D CompatibilityChangeReporter: Compat change id reported: 135634846; UID 10089; state: DISABLED
07-10 16:11:00.723 1566 1678 D CompatibilityChangeReporter: Compat change id reported: 177438394; UID 10089; state: DISABLED
07-10 16:11:00.724 1566 1678 D CompatibilityChangeReporter: Compat change id reported: 135772972; UID 10089; state: DISABLED
07-10 16:11:00.724 1566 1678 D CompatibilityChangeReporter: Compat change id reported: 135754954; UID 10089; state: DISABLED
07-10 16:11:00.725 1566 1690 D CompatibilityChangeReporter: Compat change id reported: 143937733; UID 10089; state: DISABLED
07-10 16:11:00.751 683 683 D Zygote : Forked child process 4256
07-10 16:11:00.751 1566 1690 I ActivityManager: Start proc 4256:com.android.permissioncontroller/u0a89 for service {com.android.permissioncontroller/com.android.permissioncontroller.permission.service.PermissionControllerServiceImpl}
07-10 16:11:00.760 4256 4256 I libc : SetHeapTaggingLevel: tag level set to 0
07-10 16:11:00.774 4256 4256 E ssioncontrolle: Not starting debugger since process cannot load the jdwp agent.
07-10 16:11:00.779 0 0 I [ 68.957286] binder: 4256:4256 ioctl 40046210 7fe4a4a554 returned -22
07-10 16:11:00.777 4256 4256 D ProcessState: Binder ioctl to enable oneway spam detection failed: Invalid argument
07-10 16:11:00.785 1566 1861 D CompatibilityChangeReporter: Compat change id reported: 168419799; UID 10089; state: DISABLED
07-10 16:11:00.785 1566 1861 D CompatibilityInfo: mCompatibilityFlags - 4
07-10 16:11:00.785 1566 1861 D CompatibilityInfo: applicationDensity - 240
07-10 16:11:00.785 1566 1861 D CompatibilityInfo: applicationScale - 1.0
07-10 16:11:00.788 1566 1861 D CompatibilityInfo: mCompatibilityFlags - 4
07-10 16:11:00.788 1566 1861 D CompatibilityInfo: applicationDensity - 240
07-10 16:11:00.788 1566 1861 D CompatibilityInfo: applicationScale - 1.0
07-10 16:11:00.790 4256 4256 D CompatibilityChangeReporter: Compat change id reported: 171979766; UID 10089; state: DISABLED
07-10 16:11:00.794 4256 4256 D ApplicationLoaders: Returning zygote-cached class loader: /system/framework/android.test.base.jar
07-10 16:11:00.808 4256 4256 I Perf : Connecting to perf service.
07-10 16:11:00.811 4256 4256 V GraphicsEnvironment: ANGLE Developer option for 'com.android.permissioncontroller' set to: 'default'
07-10 16:11:00.812 4256 4256 V GraphicsEnvironment: ANGLE GameManagerService for com.android.permissioncontroller: false
07-10 16:11:00.813 4256 4256 D NetworkSecurityConfig: No Network Security Config specified, using platform default
07-10 16:11:00.813 4256 4256 D NetworkSecurityConfig: No Network Security Config specified, using platform default
07-10 16:11:00.819 4256 4256 I CarUiInstaller: CarUiInstaller started for com.android.permissioncontroller
07-10 16:11:00.833 662 677 I mpu_uart: [MSG-P:RECV]:No message received in 1000 ms
07-10 16:11:00.834 4256 4270 I PermissionControllerServiceImpl: Updating user sensitive for user 0
07-10 16:11:00.859 2102 2102 D MicroService: onHeartBeatDetected
07-10 16:11:00.859 2102 2102 D MicroService: sendHeartbeatMessage
07-10 16:11:00.861 2102 3715 D MicroService: handleHeartBeat:45
07-10 16:11:01.661 2306 2306 D RemoteControlService: startVlanDispatchThread
07-10 16:11:01.833 662 677 I mpu_uart: [MSG-P:RECV]:No message received in 1000 ms
07-10 16:11:02.527 4177 4233 I OpenGLRenderer: Davey! duration=9223371966190ms; Flags=0, FrameTimelineVsyncId=1298, IntendedVsync=70663528630, Vsync=70663528630, InputEventId=0, HandleInputStart=70664538980, AnimationStart=70664544969, PerformTraversalsStart=70664548615, DrawStart=70688082521, FrameDeadline=70680195296, FrameInterval=70664529084, FrameStartTime=16666666, SyncQueued=70689239605, SyncStart=70689573823, IssueDrawCommandsStart=70690659865, SwapBuffers=70694042886, FrameCompleted=9223372036854775807, DequeueBufferDuration=57448, QueueBufferDuration=925938, GpuCompleted=9223372036854775807, SwapBuffersCompleted=70695519136, DisplayPresentTime=0,
07-10 16:11:02.540 4177 4191 I OpenGLRenderer: Davey! duration=9223371966171ms; Flags=0, FrameTimelineVsyncId=1299, IntendedVsync=70680195296, Vsync=70680195296, InputEventId=0, HandleInputStart=70690790490, AnimationStart=70690791948, PerformTraversalsStart=70691150073, DrawStart=70691188876, FrameDeadline=70713528628, FrameInterval=70690787365, FrameStartTime=16666666, SyncQueued=70692223146, SyncStart=70695556896, IssueDrawCommandsStart=70696276115, SwapBuffers=70698480542, FrameCompleted=9223372036854775807, DequeueBufferDuration=16979, QueueBufferDuration=9463437, GpuCompleted=9223372036854775807, SwapBuffersCompleted=70708331688, DisplayPresentTime=0,
07-10 16:11:02.834 662 677 I mpu_uart: [MSG-P:RECV]:No message received in 1000 ms
07-10 16:11:02.851 2102 3842 D MicroService: handleHeartBeat:46
07-10 16:11:02.851 662 676 I mpu_uart: [MSG-P:R]:recv sync frame timeout
07-10 16:11:02.862 2102 2102 D MicroService: onHeartBeatDetected
07-10 16:11:02.862 2102 2102 D MicroService: sendHeartbeatMessage
07-10 16:11:03.834 662 677 I mpu_uart: [MSG-P:RECV]:No message received in 1000 ms
07-10 16:11:04.525 4177 4191 I OpenGLRenderer: Davey! duration=9223371964191ms; Flags=0, FrameTimelineVsyncId=1310, IntendedVsync=72663609630, Vsync=72663609630, InputEventId=0, HandleInputStart=72664619656, AnimationStart=72664624708, PerformTraversalsStart=72664627312, DrawStart=72689886739, FrameDeadline=72680276296, FrameInterval=72664609396, FrameStartTime=16666666, SyncQueued=72690953198, SyncStart=72691026583, IssueDrawCommandsStart=72691939552, SwapBuffers=72695241791, FrameCompleted=9223372036854775807, DequeueBufferDuration=89271, QueueBufferDuration=1196459, GpuCompleted=9223372036854775807, SwapBuffersCompleted=72696959969, DisplayPresentTime=0,
07-10 16:11:04.539 4177 4191 I OpenGLRenderer: Davey! duration=9223371964171ms; Flags=0, FrameTimelineVsyncId=1311, IntendedVsync=72680276296, Vsync=72680276296, InputEventId=0, HandleInputStart=72692374083, AnimationStart=72692375906, PerformTraversalsStart=72692751010, DrawStart=72692795750, FrameDeadline=72713609628, FrameInterval=72692370698, FrameStartTime=16666666, SyncQueued=72693793198, SyncStart=72697004708, IssueDrawCommandsStart=72697539291, SwapBuffers=72699945541, FrameCompleted=9223372036854775807, DequeueBufferDuration=18594, QueueBufferDuration=8535885, GpuCompleted=9223372036854775807, SwapBuffersCompleted=72708968146, DisplayPresentTime=0,
07-10 16:11:04.834 662 677 I mpu_uart: [MSG-P:RECV]:No message received in 1000 ms
07-10 16:11:04.864 2102 3975 D MicroService: handleHeartBeat:47
07-10 16:11:04.865 2102 2102 D MicroService: onHeartBeatDetected
07-10 16:11:04.865 2102 2102 D MicroService: sendHeartbeatMessage
07-10 16:11:05.834 662 677 I mpu_uart: [MSG-P:RECV]:No message received in 1000 ms
07-10 16:11:05.855 662 676 I mpu_uart: [MSG-P:R]:recv sync frame timeout
07-10 16:11:06.525 4177 4190 I OpenGLRenderer: Davey! duration=9223371962191ms; Flags=0, FrameTimelineVsyncId=1322, IntendedVsync=74663666630, Vsync=74663666630, InputEventId=0, HandleInputStart=74664410801, AnimationStart=74664415541, PerformTraversalsStart=74664418509, DrawStart=74687517884, FrameDeadline=74680333296, FrameInterval=74664399134, FrameStartTime=16666666, SyncQueued=74688817572, SyncStart=74688895280, IssueDrawCommandsStart=74689835437, SwapBuffers=74693004707, FrameCompleted=9223372036854775807, DequeueBufferDuration=48646, QueueBufferDuration=883906, GpuCompleted=9223372036854775807, SwapBuffersCompleted=74694417676, DisplayPresentTime=0,
07-10 16:11:06.677 2306 2306 D RemoteControlService: startVlanDispatchThread
07-10 16:11:06.835 662 677 I mpu_uart: [MSG-P:RECV]:No message received in 1000 ms
07-10 16:11:06.856 2102 3976 D MicroService: handleHeartBeat:48
07-10 16:11:06.867 2102 2102 D MicroService: onHeartBeatDetected
07-10 16:11:06.867 2102 2102 D MicroService: sendHeartbeatMessage
07-10 16:11:07.835 662 677 I mpu_uart: [MSG-P:RECV]:No message received in 1000 ms
07-10 16:11:08.542 4177 4190 I OpenGLRenderer: Davey! duration=9223371960174ms; Flags=0, FrameTimelineVsyncId=1334, IntendedVsync=76680351630, Vsync=76680351630, InputEventId=0, HandleInputStart=76680905175, AnimationStart=76680910175, PerformTraversalsStart=76680913144, DrawStart=76703886061, FrameDeadline=76697018296, FrameInterval=76680894915, FrameStartTime=16666666, SyncQueued=76705142675, SyncStart=76705224342, IssueDrawCommandsStart=76706237467, SwapBuffers=76709652259, FrameCompleted=9223372036854775807, DequeueBufferDuration=58490, QueueBufferDuration=1124167, GpuCompleted=9223372036854775807, SwapBuffersCompleted=76711388873, DisplayPresentTime=0,
07-10 16:11:08.835 662 677 I mpu_uart: [MSG-P:RECV]:No message received in 1000 ms
07-10 16:11:08.858 662 676 I mpu_uart: [MSG-P:R]:recv sync frame timeout
07-10 16:11:08.864 2102 3980 D MicroService: handleHeartBeat:49
07-10 16:11:08.870 2102 2102 D MicroService: onHeartBeatDetected
07-10 16:11:08.870 2102 2102 D MicroService: sendHeartbeatMessage
07-10 16:11:09.542 4177 4190 I OpenGLRenderer: Davey! duration=9223371959174ms; Flags=0, FrameTimelineVsyncId=1340, IntendedVsync=77680335630, Vsync=77680335630, InputEventId=0, HandleInputStart=77680972727, AnimationStart=77680978612, PerformTraversalsStart=77680982102, DrawStart=77705004185, FrameDeadline=77713668962, FrameInterval=77680960071, FrameStartTime=16666666, SyncQueued=77706204758, SyncStart=77706566425, IssueDrawCommandsStart=77707625383, SwapBuffers=77711117571, FrameCompleted=9223372036854775807, DequeueBufferDuration=52760, QueueBufferDuration=1406771, GpuCompleted=9223372036854775807, SwapBuffersCompleted=77713109602, DisplayPresentTime=0,
07-10 16:11:09.836 662 677 I mpu_uart: [MSG-P:RECV]:No message received in 1000 ms
07-10 16:11:10.534 662 676 D mpu_uart: [MSG-P:R-M]:recved H:38, L:0
07-10 16:11:10.535 662 676 V mpu_uart: recv data buf:[0x3c, 0x26, 0x0, 0x2, 0xd, 0x2, 0x1, 0x1c, 0xd, 0xa, 0x20, 0x42, 0x2d, 0x6d, 0x61, 0x69, 0x6e, 0x5f, 0x6c, 0x6f, 0x6f, 0x70, 0x20, 0x69, 0x73, 0x20, 0x72, 0x75, 0x6e, 0x6e, 0x69, 0x6e, 0x67, 0xd, 0xa, 0x0, 0x0, 0x70, ]
07-10 16:11:10.540 662 677 D mpu_uart: [SESSION-Distribute]:Message en queue:d
07-10 16:11:10.545 4177 4190 I OpenGLRenderer: Davey! duration=9223371958174ms; Flags=0, FrameTimelineVsyncId=1346, IntendedVsync=78680354630, Vsync=78680354630, InputEventId=0, HandleInputStart=78681232570, AnimationStart=78681236164, PerformTraversalsStart=78681239185, DrawStart=78702935227, FrameDeadline=78713687962, FrameInterval=78681223247, FrameStartTime=16666666, SyncQueued=78704057622, SyncStart=78704152466, IssueDrawCommandsStart=78705092102, SwapBuffers=78708249237, FrameCompleted=9223372036854775807, DequeueBufferDuration=46875, QueueBufferDuration=789166, GpuCompleted=9223372036854775807, SwapBuffersCompleted=78709606164, DisplayPresentTime=0,
07-10 16:11:10.863 2102 4044 D MicroService: handleHeartBeat:50
07-10 16:11:10.872 2102 2102 D MicroService: onHeartBeatDetected
07-10 16:11:10.872 2102 2102 D MicroService: sendHeartbeatMessage
07-10 16:11:11.541 662 677 I mpu_uart: [MSG-P:RECV]:No message received in 1000 ms
07-10 16:11:11.691 2306 2306 D RemoteControlService: startVlanDispatchThread
07-10 16:11:12.541 662 677 I mpu_uart: [MSG-P:RECV]:No message received in 1000 ms
07-10 16:11:12.544 4177 4190 I OpenGLRenderer: Davey! duration=9223371956174ms; Flags=0, FrameTimelineVsyncId=1358, IntendedVsync=80680439630, Vsync=80680439630, InputEventId=0, HandleInputStart=80680982465, AnimationStart=80680986424, PerformTraversalsStart=80680989601, DrawStart=80702816372, FrameDeadline=80697106296, FrameInterval=80680973611, FrameStartTime=16666666, SyncQueued=80703917309, SyncStart=80704028455, IssueDrawCommandsStart=80704939236, SwapBuffers=80708160486, FrameCompleted=9223372036854775807, DequeueBufferDuration=47604, QueueBufferDuration=881719, GpuCompleted=9223372036854775807, SwapBuffersCompleted=80709627361, DisplayPresentTime=0,
07-10 16:11:12.865 2102 4093 D MicroService: handleHeartBeat:51
07-10 16:11:12.875 2102 2102 D MicroService: onHeartBeatDetected
07-10 16:11:12.875 2102 2102 D MicroService: sendHeartbeatMessage
07-10 16:11:12.963 2102 4094 I MicroService: Receive message: SocketMessageBean{businessData='21930', srcService='IDCM_TBoxService', destService='FSEM_SettingService', messageType='0', uuid='1688976673799912000', payloadData={"dstService":"FSEM_SettingService","messageType":0,"methodName":"netstatus","parameters":{"functionInfo":{"IDCM_celltype":5,"IDCM_netstatus":0,"IDCM_signalstrength":108}},"srcService":"IDCM_TBoxService","uuid":1688976673799912000}
07-10 16:11:12.963 2102 4094 I MicroService: }
07-10 16:11:12.963 2102 4094 I MicroService: onRequest(netstatus): {"functionInfo":{"IDCM_celltype":5,"IDCM_netstatus":0,"IDCM_signalstrength":108}}
07-10 16:11:12.966 2119 2237 D MicroSettings: ITCMicroCommonCallback: get request method = netstatus parameters = {"functionInfo":{"IDCM_celltype":5,"IDCM_netstatus":0,"IDCM_signalstrength":108}}
07-10 16:11:12.966 2102 4094 D MicroService: handleHeartBeat:52
07-10 16:11:12.967 2119 3977 D MicroSettings: TBoxNetStatusSyncAction: doActualAction()
07-10 16:11:12.967 2119 3977 D MicroSettings: TBoxNetStatusSyncAction: leve = 1
07-10 16:11:12.967 2119 3977 D MicroSettings: TBoxNetStatusSyncAction: drawable = 2131231162
07-10 16:11:12.969 2119 3977 I MicroSettings: TBoxNetStatusSyncAction: setNetStatus completed: 2131231162
07-10 16:11:13.538 662 676 I mpu_uart: [MSG-P:R]:recv sync frame timeout
07-10 16:11:13.541 662 677 I mpu_uart: [MSG-P:RECV]:No message received in 1000 ms
07-10 16:11:13.558 4177 4190 I OpenGLRenderer: Davey! duration=9223371955157ms; Flags=0, FrameTimelineVsyncId=1367, IntendedVsync=81696947176, Vsync=81696947176, InputEventId=0, HandleInputStart=81697838976, AnimationStart=81697843455, PerformTraversalsStart=81697846632, DrawStart=81722764705, FrameDeadline=81730280508, FrameInterval=81697828455, FrameStartTime=16666666, SyncQueued=81724042048, SyncStart=81724139340, IssueDrawCommandsStart=81725253871, SwapBuffers=81728812465, FrameCompleted=9223372036854775807, DequeueBufferDuration=58021, QueueBufferDuration=831875, GpuCompleted=9223372036854775807, SwapBuffersCompleted=81730183403, DisplayPresentTime=0,
07-10 16:11:13.574 4177 4233 I OpenGLRenderer: Davey! duration=9223371955137ms; Flags=0, FrameTimelineVsyncId=1368, IntendedVsync=81713611347, Vsync=81713611347, InputEventId=0, HandleInputStart=81725406684, AnimationStart=81725408142, PerformTraversalsStart=81725802725, DrawStart=81725850955, FrameDeadline=81746944679, FrameInterval=81725403663, FrameStartTime=16666666, SyncQueued=81726954184, SyncStart=81730221475, IssueDrawCommandsStart=81730612517, SwapBuffers=81732529653, FrameCompleted=9223372036854775807, DequeueBufferDuration=14896, QueueBufferDuration=9337083, GpuCompleted=9223372036854775807, SwapBuffersCompleted=81742171319, DisplayPresentTime=0,
07-10 16:11:13.966 2102 4095 I MicroService: Receive message: SocketMessageBean{businessData='21930', srcService='IDCM_TBoxService', destService='FSEM_SettingService', messageType='0', uuid='1688976674799893000', payloadData={"dstService":"FSEM_SettingService","messageType":0,"methodName":"netstatus","parameters":{"functionInfo":{"IDCM_celltype":5,"IDCM_netstatus":0,"IDCM_signalstrength":108}},"srcService":"IDCM_TBoxService","uuid":1688976674799893000}
07-10 16:11:13.966 2102 4095 I MicroService: }
07-10 16:11:13.966 2102 4095 I MicroService: onRequest(netstatus): {"functionInfo":{"IDCM_celltype":5,"IDCM_netstatus":0,"IDCM_signalstrength":108}}
07-10 16:11:13.967 2119 2237 D MicroSettings: ITCMicroCommonCallback: get request method = netstatus parameters = {"functionInfo":{"IDCM_celltype":5,"IDCM_netstatus":0,"IDCM_signalstrength":108}}
07-10 16:11:13.968 2102 4095 D MicroService: handleHeartBeat:53
07-10 16:11:13.968 2119 4099 D MicroSettings: TBoxNetStatusSyncAction: doActualAction()
07-10 16:11:13.968 2119 4099 D MicroSettings: TBoxNetStatusSyncAction: leve = 1
07-10 16:11:13.968 2119 4099 D MicroSettings: TBoxNetStatusSyncAction: drawable = 2131231162
07-10 16:11:13.971 2119 4099 I MicroSettings: TBoxNetStatusSyncAction: setNetStatus completed: 2131231162
07-10 16:11:14.541 662 677 I mpu_uart: [MSG-P:RECV]:No message received in 1000 ms
07-10 16:11:14.876 2102 2102 D MicroService: onHeartBeatDetected
07-10 16:11:14.876 2102 2102 D MicroService: sendHeartbeatMessage
07-10 16:11:14.876 2102 4098 D MicroService: handleHeartBeat:54
07-10 16:11:14.973 2102 4100 I MicroService: Receive message: SocketMessageBean{businessData='21930', srcService='IDCM_TBoxService', destService='FSEM_SettingService', messageType='0', uuid='1688976675802681000', payloadData={"dstService":"FSEM_SettingService","messageType":0,"methodName":"netstatus","parameters":{"functionInfo":{"IDCM_celltype":5,"IDCM_netstatus":0,"IDCM_signalstrength":108}},"srcService":"IDCM_TBoxService","uuid":1688976675802681000}
07-10 16:11:14.973 2102 4100 I MicroService: }
07-10 16:11:14.973 2102 4100 I MicroService: onRequest(netstatus): {"functionInfo":{"IDCM_celltype":5,"IDCM_netstatus":0,"IDCM_signalstrength":108}}
07-10 16:11:14.975 2119 2237 D MicroSettings: ITCMicroCommonCallback: get request method = netstatus parameters = {"functionInfo":{"IDCM_celltype":5,"IDCM_netstatus":0,"IDCM_signalstrength":108}}
07-10 16:11:14.975 2102 4100 D MicroService: handleHeartBeat:55
07-10 16:11:14.975 2119 4106 D MicroSettings: TBoxNetStatusSyncAction: doActualAction()
07-10 16:11:14.976 2119 4106 D MicroSettings: TBoxNetStatusSyncAction: leve = 1
07-10 16:11:14.976 2119 4106 D MicroSettings: TBoxNetStatusSyncAction: drawable = 2131231162
07-10 16:11:14.978 2119 4106 I MicroSettings: TBoxNetStatusSyncAction: setNetStatus completed: 2131231162
07-10 16:11:15.542 662 677 I mpu_uart: [MSG-P:RECV]:No message received in 1000 ms
07-10 16:11:15.557 4177 4233 I OpenGLRenderer: Davey! duration=9223371953157ms; Flags=0, FrameTimelineVsyncId=1385, IntendedVsync=83697547175, Vsync=83697547175, InputEventId=0, HandleInputStart=83698362100, AnimationStart=83698366891, PerformTraversalsStart=83698369704, DrawStart=83723383506, FrameDeadline=83714213841, FrameInterval=83698351787, FrameStartTime=16666666, SyncQueued=83724673037, SyncStart=83724750589, IssueDrawCommandsStart=83725772673, SwapBuffers=83729027360, FrameCompleted=9223372036854775807, DequeueBufferDuration=47656, QueueBufferDuration=864635, GpuCompleted=9223372036854775807, SwapBuffersCompleted=83730427933, DisplayPresentTime=0,
07-10 16:11:15.983 2102 4105 I MicroService: Receive message: SocketMessageBean{businessData='21930', srcService='IDCM_TBoxService', destService='FSEM_SettingService', messageType='0', uuid='1688976676810029000', payloadData={"dstService":"FSEM_SettingService","messageType":0,"methodName":"netstatus","parameters":{"functionInfo":{"IDCM_celltype":5,"IDCM_netstatus":0,"IDCM_signalstrength":108}},"srcService":"IDCM_TBoxService","uuid":1688976676810029000}
07-10 16:11:15.983 2102 4105 I MicroService: }
07-10 16:11:15.983 2102 4105 I MicroService: onRequest(netstatus): {"functionInfo":{"IDCM_celltype":5,"IDCM_netstatus":0,"IDCM_signalstrength":108}}
07-10 16:11:15.985 2119 2237 D MicroSettings: ITCMicroCommonCallback: get request method = netstatus parameters = {"functionInfo":{"IDCM_celltype":5,"IDCM_netstatus":0,"IDCM_signalstrength":108}}
07-10 16:11:15.985 2102 4105 D MicroService: handleHeartBeat:56
07-10 16:11:15.985 2119 4151 D MicroSettings: TBoxNetStatusSyncAction: doActualAction()
07-10 16:11:15.985 2119 4151 D MicroSettings: TBoxNetStatusSyncAction: leve = 1
07-10 16:11:15.985 2119 4151 D MicroSettings: TBoxNetStatusSyncAction: drawable = 2131231162
07-10 16:11:15.987 2119 4151 I MicroSettings: TBoxNetStatusSyncAction: setNetStatus completed: 2131231162
07-10 16:11:16.542 662 676 I mpu_uart: [MSG-P:R]:recv sync frame timeout
07-10 16:11:16.542 662 677 I mpu_uart: [MSG-P:RECV]:No message received in 1000 ms
07-10 16:11:16.705 2306 2306 D RemoteControlService: startVlanDispatchThread
07-10 16:11:16.866 2102 3066 D MicroService: handleHeartBeat:57
07-10 16:11:16.879 2102 2102 D MicroService: onHeartBeatDetected
07-10 16:11:16.879 2102 2102 D MicroService: sendHeartbeatMessage
07-10 16:11:16.965 2102 3068 I MicroService: Receive message: SocketMessageBean{businessData='21930', srcService='IDCM_TBoxService', destService='FSEM_SettingService', messageType='0', uuid='1688976677806673000', payloadData={"dstService":"FSEM_SettingService","messageType":0,"methodName":"netstatus","parameters":{"functionInfo":{"IDCM_celltype":5,"IDCM_netstatus":0,"IDCM_signalstrength":108}},"srcService":"IDCM_TBoxService","uuid":1688976677806673000}
07-10 16:11:16.965 2102 3068 I MicroService: }
07-10 16:11:16.966 2102 3068 I MicroService: onRequest(netstatus): {"functionInfo":{"IDCM_celltype":5,"IDCM_netstatus":0,"IDCM_signalstrength":108}}
07-10 16:11:16.967 2119 2237 D MicroSettings: ITCMicroCommonCallback: get request method = netstatus parameters = {"functionInfo":{"IDCM_celltype":5,"IDCM_netstatus":0,"IDCM_signalstrength":108}}
07-10 16:11:16.967 2102 3068 D MicroService: handleHeartBeat:58
07-10 16:11:16.968 2119 4152 D MicroSettings: TBoxNetStatusSyncAction: doActualAction()
07-10 16:11:16.968 2119 4152 D MicroSettings: TBoxNetStatusSyncAction: leve = 1
07-10 16:11:16.968 2119 4152 D MicroSettings: TBoxNetStatusSyncAction: drawable = 2131231162
07-10 16:11:16.970 2119 4152 I MicroSettings: TBoxNetStatusSyncAction: setNetStatus completed: 2131231162
07-10 16:11:17.542 662 677 I mpu_uart: [MSG-P:RECV]:No message received in 1000 ms
07-10 16:11:17.562 4177 4233 I OpenGLRenderer: Davey! duration=9223371951157ms; Flags=0, FrameTimelineVsyncId=1404, IntendedVsync=85697336691, Vsync=85697336691, InputEventId=0, HandleInputStart=85698205068, AnimationStart=85698209547, PerformTraversalsStart=85698212411, DrawStart=85717257568, FrameDeadline=85714003357, FrameInterval=85698195693, FrameStartTime=16666666, SyncQueued=85718379026, SyncStart=85718681266, IssueDrawCommandsStart=85719680432, SwapBuffers=85722828714, FrameCompleted=9223372036854775807, DequeueBufferDuration=54271, QueueBufferDuration=877188, GpuCompleted=9223372036854775807, SwapBuffersCompleted=85724443297, DisplayPresentTime=0,
07-10 16:11:17.980 2102 3074 I MicroService: Receive message: SocketMessageBean{businessData='21930', srcService='IDCM_TBoxService', destService='FSEM_SettingService', messageType='0', uuid='1688976678808048000', payloadData={"dstService":"FSEM_SettingService","messageType":0,"methodName":"netstatus","parameters":{"functionInfo":{"IDCM_celltype":6,"IDCM_netstatus":0,"IDCM_signalstrength":108}},"srcService":"IDCM_TBoxService","uuid":1688976678808048000}
07-10 16:11:17.980 2102 3074 I MicroService: }
07-10 16:11:17.980 2102 3074 I MicroService: onRequest(netstatus): {"functionInfo":{"IDCM_celltype":6,"IDCM_netstatus":0,"IDCM_signalstrength":108}}
07-10 16:11:17.982 2119 2237 D MicroSettings: ITCMicroCommonCallback: get request method = netstatus parameters = {"functionInfo":{"IDCM_celltype":6,"IDCM_netstatus":0,"IDCM_signalstrength":108}}
07-10 16:11:17.982 2102 3074 D MicroService: handleHeartBeat:59
07-10 16:11:17.983 2119 4156 D MicroSettings: TBoxNetStatusSyncAction: doActualAction()
07-10 16:11:17.983 2119 4156 D MicroSettings: TBoxNetStatusSyncAction: leve = 1
07-10 16:11:17.983 2119 4156 D MicroSettings: TBoxNetStatusSyncAction: drawable = 2131231167
07-10 16:11:17.985 2119 4156 I MicroSettings: TBoxNetStatusSyncAction: setNetStatus completed: 2131231167
07-10 16:11:18.542 662 677 I mpu_uart: [MSG-P:RECV]:No message received in 1000 ms
07-10 16:11:18.874 2102 3080 D MicroService: handleHeartBeat:60
07-10 16:11:18.881 2102 2102 D MicroService: onHeartBeatDetected
07-10 16:11:18.881 2102 2102 D MicroService: sendHeartbeatMessage
07-10 16:11:19.543 662 677 I mpu_uart: [MSG-P:RECV]:No message received in 1000 ms
07-10 16:11:19.545 662 676 I mpu_uart: [MSG-P:R]:recv sync frame timeout
07-10 16:11:19.575 4177 4233 I OpenGLRenderer: Davey! duration=9223371949140ms; Flags=0, FrameTimelineVsyncId=1419, IntendedVsync=87713958936, Vsync=87713958936, InputEventId=0, HandleInputStart=87714810900, AnimationStart=87714814963, PerformTraversalsStart=87714817463, DrawStart=87739304963, FrameDeadline=87730625602, FrameInterval=87714801317, FrameStartTime=16666666, SyncQueued=87740533348, SyncStart=87740617775, IssueDrawCommandsStart=87741613921, SwapBuffers=87745015900, FrameCompleted=9223372036854775807, DequeueBufferDuration=50990, QueueBufferDuration=1027708, GpuCompleted=9223372036854775807, SwapBuffersCompleted=87746562359, DisplayPresentTime=0,
07-10 16:11:20.543 662 677 I mpu_uart: [MSG-P:RECV]:No message received in 1000 ms
07-10 16:11:20.575 4177 4233 I OpenGLRenderer: Davey! duration=9223371948140ms; Flags=0, FrameTimelineVsyncId=1425, IntendedVsync=88713888630, Vsync=88713888630, InputEventId=0, HandleInputStart=88714750171, AnimationStart=88714754337, PerformTraversalsStart=88714757358, DrawStart=88738771577, FrameDeadline=88730555296, FrameInterval=88714742254, FrameStartTime=16666666, SyncQueued=88740127046, SyncStart=88740487775, IssueDrawCommandsStart=88741423764, SwapBuffers=88745012046, FrameCompleted=9223372036854775807, DequeueBufferDuration=46718, QueueBufferDuration=948542, GpuCompleted=9223372036854775807, SwapBuffersCompleted=88746465483, DisplayPresentTime=0,
07-10 16:11:20.591 4177 4233 I OpenGLRenderer: Davey! duration=9223371948121ms; Flags=0, FrameTimelineVsyncId=1426, IntendedVsync=88730555296, Vsync=88730555296, InputEventId=0, HandleInputStart=88741613504, AnimationStart=88741615796, PerformTraversalsStart=88742161004, DrawStart=88742217827, FrameDeadline=88763888628, FrameInterval=88741609181, FrameStartTime=16666666, SyncQueued=88743571994, SyncStart=88746509806, IssueDrawCommandsStart=88746979650, SwapBuffers=88749284181, FrameCompleted=9223372036854775807, DequeueBufferDuration=17969, QueueBufferDuration=10345000, GpuCompleted=9223372036854775807, SwapBuffersCompleted=88759990171, DisplayPresentTime=0,
07-10 16:11:20.884 2102 2102 E MicroService: heart beat time out, current timeout cnt is 1
07-10 16:11:20.884 2102 2102 D MicroService: onHeartBeatDetected
07-10 16:11:20.884 2102 2102 D MicroService: sendHeartbeatMessage
07-10 16:11:20.887 2102 3335 D MicroService: handleHeartBeat:61
07-10 16:11:21.544 662 677 I mpu_uart: [MSG-P:RECV]:No message received in 1000 ms
07-10 16:11:21.576 4177 4233 I OpenGLRenderer: Davey! duration=9223371947140ms; Flags=0, FrameTimelineVsyncId=1431, IntendedVsync=89713908630, Vsync=89713908630, InputEventId=0, HandleInputStart=89714772514, AnimationStart=89714776577, PerformTraversalsStart=89714779650, DrawStart=89739145014, FrameDeadline=89747241962, FrameInterval=89714761941, FrameStartTime=16666666, SyncQueued=89740314441, SyncStart=89740412150, IssueDrawCommandsStart=89741452202, SwapBuffers=89744962202, FrameCompleted=9223372036854775807, DequeueBufferDuration=50937, QueueBufferDuration=956615, GpuCompleted=9223372036854775807, SwapBuffersCompleted=89746429597, DisplayPresentTime=0,
07-10 16:11:21.717 2306 2306 D RemoteControlService: startVlanDispatchThread
07-10 16:11:22.544 662 677 I mpu_uart: [MSG-P:RECV]:No message received in 1000 ms
07-10 16:11:22.549 662 676 I mpu_uart: [MSG-P:R]:recv sync frame timeout
07-10 16:11:22.886 2102 3340 D MicroService: handleHeartBeat:62
07-10 16:11:22.887 2102 2102 D MicroService: onHeartBeatDetected
07-10 16:11:22.887 2102 2102 D MicroService: sendHeartbeatMessage
07-10 16:11:23.544 662 677 I mpu_uart: [MSG-P:RECV]:No message received in 1000 ms
07-10 16:11:23.575 4177 4233 I OpenGLRenderer: Davey! duration=9223371945140ms; Flags=0, FrameTimelineVsyncId=1443, IntendedVsync=91713989630, Vsync=91713989630, InputEventId=0, HandleInputStart=91714546628, AnimationStart=91714551315, PerformTraversalsStart=91714555013, DrawStart=91738878399, FrameDeadline=91730656296, FrameInterval=91714535274, FrameStartTime=16666666, SyncQueued=91740161420, SyncStart=91740255118, IssueDrawCommandsStart=91741293347, SwapBuffers=91745083295, FrameCompleted=9223372036854775807, DequeueBufferDuration=57969, QueueBufferDuration=899114, GpuCompleted=9223372036854775807, SwapBuffersCompleted=91746501524, DisplayPresentTime=0,
07-10 16:11:24.544 662 677 I mpu_uart: [MSG-P:RECV]:No message received in 1000 ms
07-10 16:11:24.594 4177 4233 I OpenGLRenderer: Davey! duration=9223371944123ms; Flags=0, FrameTimelineVsyncId=1449, IntendedVsync=92730637630, Vsync=92730637630, InputEventId=0, HandleInputStart=92731214805, AnimationStart=92731219336, PerformTraversalsStart=92731222878, DrawStart=92754517617, FrameDeadline=92747304296, FrameInterval=92731205325, FrameStartTime=16666666, SyncQueued=92755746211, SyncStart=92756115846, IssueDrawCommandsStart=92757161628, SwapBuffers=92760925013, FrameCompleted=9223372036854775807, DequeueBufferDuration=49583, QueueBufferDuration=984635, GpuCompleted=9223372036854775807, SwapBuffersCompleted=92762544961, DisplayPresentTime=0,
07-10 16:11:24.609 4177 4190 I OpenGLRenderer: Davey! duration=9223371944104ms; Flags=0, FrameTimelineVsyncId=1450, IntendedVsync=92747304296, Vsync=92747304296, InputEventId=0, HandleInputStart=92757621055, AnimationStart=92757623086, PerformTraversalsStart=92758167825, DrawStart=92758226107, FrameDeadline=92780637628, FrameInterval=92757616784, FrameStartTime=16666666, SyncQueued=92759588763, SyncStart=92762590117, IssueDrawCommandsStart=92763399544, SwapBuffers=92766221575, FrameCompleted=9223372036854775807, DequeueBufferDuration=18594, QueueBufferDuration=10360000, GpuCompleted=9223372036854775807, SwapBuffersCompleted=92777007461, DisplayPresentTime=0,
07-10 16:11:24.880 2102 3372 D MicroService: handleHeartBeat:63
07-10 16:11:24.890 2102 2102 D MicroService: onHeartBeatDetected
07-10 16:11:24.890 2102 2102 D MicroService: sendHeartbeatMessage
07-10 16:11:25.544 662 677 I mpu_uart: [MSG-P:RECV]:No message received in 1000 ms
07-10 16:11:25.552 662 676 I mpu_uart: [MSG-P:R]:recv sync frame timeout
07-10 16:11:25.594 4177 4190 I OpenGLRenderer: Davey! duration=9223371943123ms; Flags=0, FrameTimelineVsyncId=1455, IntendedVsync=93730658630, Vsync=93730658630, InputEventId=0, HandleInputStart=93731505898, AnimationStart=93731511158, PerformTraversalsStart=93731514648, DrawStart=93755028867, FrameDeadline=93763991962, FrameInterval=93731495794, FrameStartTime=16666666, SyncQueued=93756180065, SyncStart=93756507617, IssueDrawCommandsStart=93757536210, SwapBuffers=93760946471, FrameCompleted=9223372036854775807, DequeueBufferDuration=53958, QueueBufferDuration=869323, GpuCompleted=9223372036854775807, SwapBuffersCompleted=93762361835, DisplayPresentTime=0,
07-10 16:11:25.606 4177 4190 I OpenGLRenderer: Davey! duration=9223371943104ms; Flags=0, FrameTimelineVsyncId=1456, IntendedVsync=93747325296, Vsync=93747325296, InputEventId=0, HandleInputStart=93757709440, AnimationStart=93757711210, PerformTraversalsStart=93758087252, DrawStart=93758139440, FrameDeadline=93780658628, FrameInterval=93757705481, FrameStartTime=16666666, SyncQueued=93759193033, SyncStart=93762403294, IssueDrawCommandsStart=93762808710, SwapBuffers=93765001523, FrameCompleted=9223372036854775807, DequeueBufferDuration=16250, QueueBufferDuration=10475365, GpuCompleted=9223372036854775807, SwapBuffersCompleted=93775881835, DisplayPresentTime=0,
07-10 16:11:26.545 662 677 I mpu_uart: [MSG-P:RECV]:No message received in 1000 ms
07-10 16:11:26.594 4177 4190 I OpenGLRenderer: Davey! duration=9223371942123ms; Flags=0, FrameTimelineVsyncId=1461, IntendedVsync=94730675630, Vsync=94730675630, InputEventId=0, HandleInputStart=94731262200, AnimationStart=94731266471, PerformTraversalsStart=94731269648, DrawStart=94754141471, FrameDeadline=94764008962, FrameInterval=94731253762, FrameStartTime=16666666, SyncQueued=94755318189, SyncStart=94755687304, IssueDrawCommandsStart=94756656783, SwapBuffers=94760436106, FrameCompleted=9223372036854775807, DequeueBufferDuration=49062, QueueBufferDuration=980313, GpuCompleted=9223372036854775807, SwapBuffersCompleted=94762120325, DisplayPresentTime=0,
07-10 16:11:26.611 4177 4190 I OpenGLRenderer: Davey! duration=9223371942104ms; Flags=0, FrameTimelineVsyncId=1462, IntendedVsync=94747342296, Vsync=94747342296, InputEventId=0, HandleInputStart=94757138189, AnimationStart=94757140221, PerformTraversalsStart=94757686054, DrawStart=94757730793, FrameDeadline=94780675628, FrameInterval=94757135012, FrameStartTime=16666666, SyncQueued=94759026366, SyncStart=94762171783, IssueDrawCommandsStart=94762693189, SwapBuffers=94765599439, FrameCompleted=9223372036854775807, DequeueBufferDuration=20833, QueueBufferDuration=10590104, GpuCompleted=9223372036854775807, SwapBuffersCompleted=94776694596, DisplayPresentTime=0,
07-10 16:11:26.730 2306 2306 D RemoteControlService: startVlanDispatchThread
07-10 16:11:26.884 2102 3563 D MicroService: handleHeartBeat:64
07-10 16:11:26.893 2102 2102 D MicroService: onHeartBeatDetected
07-10 16:11:26.893 2102 2102 D MicroService: sendHeartbeatMessage
07-10 16:11:27.545 662 677 I mpu_uart: [MSG-P:RECV]:No message received in 1000 ms
07-10 16:11:27.592 4177 4190 I OpenGLRenderer: Davey! duration=9223371941123ms; Flags=0, FrameTimelineVsyncId=1467, IntendedVsync=95730705630, Vsync=95730705630, InputEventId=0, HandleInputStart=95731525376, AnimationStart=95731529543, PerformTraversalsStart=95731533085, DrawStart=95755361574, FrameDeadline=95764038962, FrameInterval=95731516106, FrameStartTime=16666666, SyncQueued=95756615324, SyncStart=95756704595, IssueDrawCommandsStart=95757644491, SwapBuffers=95760994074, FrameCompleted=9223372036854775807, DequeueBufferDuration=50885, QueueBufferDuration=1199323, GpuCompleted=9223372036854775807, SwapBuffersCompleted=95762897720, DisplayPresentTime=0,
07-10 16:11:27.904 0 0 I [ 96.081411] init: processing action (sys.tlog.tlogdshc.active=1) from (/system/etc/init/tlogd.rc:197)
07-10 16:11:27.904 0 0 I [ 96.082404] init: starting service 'tlogdshc'...
07-10 16:11:28.020 0 0 I [ 96.196644] init: Service 'tlogdshc' (pid 4281) exited with status 0 oneshot service took 0.108000 seconds in background
07-10 16:11:28.020 0 0 I [ 96.196678] init: Sending signal 9 to service 'tlogdshc' (pid 4281) process group...
07-10 16:11:28.020 0 0 I [ 96.196906] libprocessgroup: Successfully killed process cgroup uid 0 pid 4281 in 0ms
07-10 16:11:28.546 662 677 I mpu_uart: [MSG-P:RECV]:No message received in 1000 ms
07-10 16:11:28.555 662 676 I mpu_uart: [MSG-P:R]:recv sync frame timeout
07-10 16:11:28.596 4177 4190 I OpenGLRenderer: Davey! duration=9223371940123ms; Flags=0, FrameTimelineVsyncId=1473, IntendedVsync=96730713630, Vsync=96730713630, InputEventId=0, HandleInputStart=96731319595, AnimationStart=96731325116, PerformTraversalsStart=96731328657, DrawStart=96751665220, FrameDeadline=96764046962, FrameInterval=96731306834, FrameStartTime=16666666, SyncQueued=96752923970, SyncStart=96753023293, IssueDrawCommandsStart=96754104386, SwapBuffers=96757645532, FrameCompleted=9223372036854775807, DequeueBufferDuration=63437, QueueBufferDuration=1683021, GpuCompleted=9223372036854775807, SwapBuffersCompleted=96760151574, DisplayPresentTime=0,
07-10 16:11:28.878 2102 3715 D MicroService: handleHeartBeat:65
07-10 16:11:28.895 2102 2102 D MicroService: onHeartBeatDetected
07-10 16:11:28.896 2102 2102 D MicroService: sendHeartbeatMessage
07-10 16:11:29.546 662 677 I mpu_uart: [MSG-P:RECV]:No message received in 1000 ms
07-10 16:11:29.613 4177 4233 I OpenGLRenderer: Davey! duration=9223371939107ms; Flags=0, FrameTimelineVsyncId=1479, IntendedVsync=97747406296, Vsync=97747406296, InputEventId=0, HandleInputStart=97748112042, AnimationStart=97748129386, PerformTraversalsStart=97748131834, DrawStart=97771647824, FrameDeadline=97780739628, FrameInterval=97748098240, FrameStartTime=16666666, SyncQueued=97772912146, SyncStart=97772995740, IssueDrawCommandsStart=97773949646, SwapBuffers=97777306157, FrameCompleted=9223372036854775807, DequeueBufferDuration=50417, QueueBufferDuration=967031, GpuCompleted=9223372036854775807, SwapBuffersCompleted=97778815844, DisplayPresentTime=0,
07-10 16:11:30.152 1211 1273 I selfinstaller: create socket failed: Connection refused 111
07-10 16:11:30.547 662 677 I mpu_uart: [MSG-P:RECV]:No message received in 1000 ms
07-10 16:11:30.613 4177 4233 I OpenGLRenderer: Davey! duration=9223371938107ms; Flags=0, FrameTimelineVsyncId=1485, IntendedVsync=98747417630, Vsync=98747417630, InputEventId=0, HandleInputStart=98747930115, AnimationStart=98747933500, PerformTraversalsStart=98747936209, DrawStart=98770236729, FrameDeadline=98764084296, FrameInterval=98747922198, FrameStartTime=16666666, SyncQueued=98771443917, SyncStart=98771536886, IssueDrawCommandsStart=98772553136, SwapBuffers=98776455271, FrameCompleted=9223372036854775807, DequeueBufferDuration=49218, QueueBufferDuration=1190625, GpuCompleted=9223372036854775807, SwapBuffersCompleted=98778321521, DisplayPresentTime=0,
07-10 16:11:30.627 4177 4233 I OpenGLRenderer: Davey! duration=9223371938086ms; Flags=0, FrameTimelineVsyncId=1486, IntendedVsync=98764084296, Vsync=98764084296, InputEventId=0, HandleInputStart=98772722667, AnimationStart=98772724802, PerformTraversalsStart=98773253969, DrawStart=98773299334, FrameDeadline=98797417628, FrameInterval=98772718917, FrameStartTime=16666666, SyncQueued=98774610271, SyncStart=98778372459, IssueDrawCommandsStart=98778911417, SwapBuffers=98781896261, FrameCompleted=9223372036854775807, DequeueBufferDuration=20208, QueueBufferDuration=10551250, GpuCompleted=9223372036854775807, SwapBuffersCompleted=98792913344, DisplayPresentTime=0,
07-10 16:11:30.881 2102 3842 D MicroService: handleHeartBeat:66
07-10 16:11:30.898 2102 2102 D MicroService: onHeartBeatDetected
07-10 16:11:30.898 2102 2102 D MicroService: sendHeartbeatMessage
07-10 16:11:30.978 2102 3975 I MicroService: Receive message: SocketMessageBean{businessData='21930', srcService='IDCM_TBoxService', destService='FSEM_SettingService', messageType='0', uuid='1688976691819053000', payloadData={"dstService":"FSEM_SettingService","messageType":0,"methodName":"netstatus","parameters":{"functionInfo":{"IDCM_celltype":6,"IDCM_netstatus":0,"IDCM_signalstrength":107}},"srcService":"IDCM_TBoxService","uuid":1688976691819053000}
07-10 16:11:30.978 2102 3975 I MicroService: }
07-10 16:11:30.978 2102 3975 I MicroService: onRequest(netstatus): {"functionInfo":{"IDCM_celltype":6,"IDCM_netstatus":0,"IDCM_signalstrength":107}}
07-10 16:11:30.980 2119 2237 D MicroSettings: ITCMicroCommonCallback: get request method = netstatus parameters = {"functionInfo":{"IDCM_celltype":6,"IDCM_netstatus":0,"IDCM_signalstrength":107}}
07-10 16:11:30.981 2119 3336 D MicroSettings: TBoxNetStatusSyncAction: doActualAction()
07-10 16:11:30.981 2119 3336 D MicroSettings: TBoxNetStatusSyncAction: leve = 1
07-10 16:11:30.981 2119 3336 D MicroSettings: TBoxNetStatusSyncAction: drawable = 2131231167
07-10 16:11:30.981 2102 3975 D MicroService: handleHeartBeat:67
07-10 16:11:30.985 2119 3336 I MicroSettings: TBoxNetStatusSyncAction: setNetStatus completed: 2131231167
07-10 16:11:31.547 662 677 I mpu_uart: [MSG-P:RECV]:No message received in 1000 ms
07-10 16:11:31.558 662 676 I mpu_uart: [MSG-P:R]:recv sync frame timeout
07-10 16:11:31.609 4177 4233 I OpenGLRenderer: Davey! duration=9223371937106ms; Flags=0, FrameTimelineVsyncId=1494, IntendedVsync=99748218326, Vsync=99748218326, InputEventId=0, HandleInputStart=99749657302, AnimationStart=99749661885, PerformTraversalsStart=99749664489, DrawStart=99771961364, FrameDeadline=99781551658, FrameInterval=99749648135, FrameStartTime=16666666, SyncQueued=99773254594, SyncStart=99773572146, IssueDrawCommandsStart=99774623396, SwapBuffers=99778048187, FrameCompleted=9223372036854775807, DequeueBufferDuration=52969, QueueBufferDuration=894687, GpuCompleted=9223372036854775807, SwapBuffersCompleted=99779538344, DisplayPresentTime=0,
07-10 16:11:31.625 4177 4190 I OpenGLRenderer: Davey! duration=9223371937086ms; Flags=0, FrameTimelineVsyncId=1495, IntendedVsync=99764897183, Vsync=99764897183, InputEventId=0, HandleInputStart=99774751208, AnimationStart=99774752719, PerformTraversalsStart=99775119646, DrawStart=99775153500, FrameDeadline=99798230515, FrameInterval=99774748760, FrameStartTime=16666666, SyncQueued=99776215635, SyncStart=99779583917, IssueDrawCommandsStart=99780054229, SwapBuffers=99782272667, FrameCompleted=9223372036854775807, DequeueBufferDuration=17865, QueueBufferDuration=10268490, GpuCompleted=9223372036854775807, SwapBuffersCompleted=99792907875, DisplayPresentTime=0,
07-10 16:11:31.745 2306 2306 D RemoteControlService: startVlanDispatchThread
07-10 16:11:32.548 662 677 I mpu_uart: [MSG-P:RECV]:No message received in 1000 ms
07-10 16:11:32.898 2102 3976 D MicroService: handleHeartBeat:68
07-10 16:11:32.900 2102 2102 D MicroService: onHeartBeatDetected
07-10 16:11:32.900 2102 2102 D MicroService: sendHeartbeatMessage
07-10 16:11:33.235 0 0 I : [ 101.413589] boot log copy done
07-10 16:11:33.549 662 677 I mpu_uart: [MSG-P:RECV]:No message received in 1000 ms
07-10 16:11:33.611 4177 4190 I OpenGLRenderer: Davey! duration=9223371935107ms; Flags=0, FrameTimelineVsyncId=1507, IntendedVsync=101747532630, Vsync=101747532630, InputEventId=0, HandleInputStart=101748893603, AnimationStart=101748899489, PerformTraversalsStart=101748902562, DrawStart=101770994280, FrameDeadline=101764199296, FrameInterval=101748878447, FrameStartTime=16666666, SyncQueued=101772277353, SyncStart=101772366572, IssueDrawCommandsStart=101773400114, SwapBuffers=101776661416, FrameCompleted=9223372036854775807, DequeueBufferDuration=52760, QueueBufferDuration=1329896, GpuCompleted=9223372036854775807, SwapBuffersCompleted=101778587041, DisplayPresentTime=0,
07-10 16:11:33.983 2102 3980 I MicroService: Receive message: SocketMessageBean{businessData='21930', srcService='IDCM_TBoxService', destService='FSEM_SettingService', messageType='0', uuid='1688976694822151000', payloadData={"dstService":"FSEM_SettingService","messageType":0,"methodName":"netstatus","parameters":{"functionInfo":{"IDCM_celltype":6,"IDCM_netstatus":0,"IDCM_signalstrength":108}},"srcService":"IDCM_TBoxService","uuid":1688976694822151000}
07-10 16:11:33.983 2102 3980 I MicroService: }
07-10 16:11:33.984 2102 3980 I MicroService: onRequest(netstatus): {"functionInfo":{"IDCM_celltype":6,"IDCM_netstatus":0,"IDCM_signalstrength":108}}
07-10 16:11:33.985 2119 2237 D MicroSettings: ITCMicroCommonCallback: get request method = netstatus parameters = {"functionInfo":{"IDCM_celltype":6,"IDCM_netstatus":0,"IDCM_signalstrength":108}}
07-10 16:11:33.986 2102 3980 D MicroService: handleHeartBeat:69
07-10 16:11:33.986 2119 3342 D MicroSettings: TBoxNetStatusSyncAction: doActualAction()
07-10 16:11:33.986 2119 3342 D MicroSettings: TBoxNetStatusSyncAction: leve = 1
07-10 16:11:33.986 2119 3342 D MicroSettings: TBoxNetStatusSyncAction: drawable = 2131231167
07-10 16:11:33.988 2119 3342 I MicroSettings: TBoxNetStatusSyncAction: setNetStatus completed: 2131231167
07-10 16:11:34.549 662 677 I mpu_uart: [MSG-P:RECV]:No message received in 1000 ms
07-10 16:11:34.561 662 676 I mpu_uart: [MSG-P:R]:recv sync frame timeout
07-10 16:11:34.609 4177 4190 I OpenGLRenderer: Davey! duration=9223371934106ms; Flags=0, FrameTimelineVsyncId=1516, IntendedVsync=102747766051, Vsync=102747766051, InputEventId=0, HandleInputStart=102748670426, AnimationStart=102748674540, PerformTraversalsStart=102748677145, DrawStart=102772833759, FrameDeadline=102781099383, FrameInterval=102748658967, FrameStartTime=16666666, SyncQueued=102774269905, SyncStart=102774379957, IssueDrawCommandsStart=102775594540, SwapBuffers=102779514020, FrameCompleted=9223372036854775807, DequeueBufferDuration=64166, QueueBufferDuration=1033906, GpuCompleted=9223372036854775807, SwapBuffersCompleted=102781147978, DisplayPresentTime=0,
07-10 16:11:34.625 4177 4190 I OpenGLRenderer: Davey! duration=9223371934086ms; Flags=0, FrameTimelineVsyncId=1517, IntendedVsync=102764436965, Vsync=102764436965, InputEventId=0, HandleInputStart=102776219957, AnimationStart=102776221520, PerformTraversalsStart=102776602978, DrawStart=102776651624, FrameDeadline=102797770297, FrameInterval=102776215426, FrameStartTime=16666666, SyncQueued=102777753395, SyncStart=102781193134, IssueDrawCommandsStart=102781729957, SwapBuffers=102784318395, FrameCompleted=9223372036854775807, DequeueBufferDuration=17969, QueueBufferDuration=9475625, GpuCompleted=9223372036854775807, SwapBuffersCompleted=102794263082, DisplayPresentTime=0,
07-10 16:11:34.890 2102 4044 D MicroService: handleHeartBeat:70
07-10 16:11:34.902 2102 2102 D MicroService: onHeartBeatDetected
07-10 16:11:34.902 2102 2102 D MicroService: sendHeartbeatMessage
07-10 16:11:35.549 662 677 I mpu_uart: [MSG-P:RECV]:No message received in 1000 ms
07-10 16:11:35.627 4177 4190 I OpenGLRenderer: Davey! duration=9223371933090ms; Flags=0, FrameTimelineVsyncId=1522, IntendedVsync=103764425804, Vsync=103764425804, InputEventId=0, HandleInputStart=103765045165, AnimationStart=103765050217, PerformTraversalsStart=103765052665, DrawStart=103787828238, FrameDeadline=103797759136, FrameInterval=103765035478, FrameStartTime=16666666, SyncQueued=103789113915, SyncStart=103789446988, IssueDrawCommandsStart=103790410998, SwapBuffers=103793627873, FrameCompleted=9223372036854775807, DequeueBufferDuration=44323, QueueBufferDuration=929844, GpuCompleted=9223372036854775807, SwapBuffersCompleted=103795204852, DisplayPresentTime=0,
07-10 16:11:36.550 662 677 I mpu_uart: [MSG-P:RECV]:No message received in 1000 ms
07-10 16:11:36.625 4177 4190 I OpenGLRenderer: Davey! duration=9223371932090ms; Flags=0, FrameTimelineVsyncId=1528, IntendedVsync=104764201630, Vsync=104764201630, InputEventId=0, HandleInputStart=104764770008, AnimationStart=104764773758, PerformTraversalsStart=104764776467, DrawStart=104788331571, FrameDeadline=104797534962, FrameInterval=104764759644, FrameStartTime=16666666, SyncQueued=104789773394, SyncStart=104789906154, IssueDrawCommandsStart=104791012196, SwapBuffers=104794447925, FrameCompleted=9223372036854775807, DequeueBufferDuration=54062, QueueBufferDuration=942968, GpuCompleted=9223372036854775807, SwapBuffersCompleted=104795908915, DisplayPresentTime=0,
07-10 16:11:36.640 4177 4233 I OpenGLRenderer: Davey! duration=9223371932071ms; Flags=0, FrameTimelineVsyncId=1529, IntendedVsync=104780868296, Vsync=104780868296, InputEventId=0, HandleInputStart=104791223654, AnimationStart=104791226310, PerformTraversalsStart=104791844071, DrawStart=104791904071, FrameDeadline=104814201628, FrameInterval=104791219852, FrameStartTime=16666666, SyncQueued=104793161310, SyncStart=104795956467, IssueDrawCommandsStart=104796408654, SwapBuffers=104798935477, FrameCompleted=9223372036854775807, DequeueBufferDuration=15416, QueueBufferDuration=11505052, GpuCompleted=9223372036854775807, SwapBuffersCompleted=104810789540, DisplayPresentTime=0,
07-10 16:11:36.760 2306 2306 D RemoteControlService: startVlanDispatchThread
07-10 16:11:36.905 2102 2102 E MicroService: heart beat time out, current timeout cnt is 1
07-10 16:11:36.905 2102 2102 D MicroService: onHeartBeatDetected
07-10 16:11:36.905 2102 2102 D MicroService: sendHeartbeatMessage
07-10 16:11:36.906 2102 4093 D MicroService: handleHeartBeat:71
07-10 16:11:37.551 662 677 I mpu_uart: [MSG-P:RECV]:No message received in 1000 ms
07-10 16:11:37.565 662 676 I mpu_uart: [MSG-P:R]:recv sync frame timeout
