07-10 16:10:04.961 1566 1600 D CompatibilityInfo: mCompatibilityFlags - 4
07-10 16:10:04.961 1566 1600 D CompatibilityInfo: applicationDensity - 240
07-10 16:10:04.961 1566 1600 D CompatibilityInfo: applicationScale - 1.0
07-10 16:10:04.963 1566 1600 D CompatibilityChangeReporter: Compat change id reported: 135634846; UID 10056; state: DISABLED
07-10 16:10:04.964 1566 1690 D CompatibilityChangeReporter: Compat change id reported: 143937733; UID 10056; state: DISABLED
07-10 16:10:04.976 684 684 D Zygote : Forked child process 3852
07-10 16:10:04.976 1566 1690 I ActivityManager: Start proc 3852:com.qualcomm.qti.qms.service.connectionsecurity/u0a56 for broadcast {com.qualcomm.qti.qms.service.connectionsecurity/com.qualcomm.qti.qms.service.connectionsecurity.ConnSecBroadcastReceiver}
07-10 16:10:04.995 3852 3852 W nectionsecurit: Using default instruction set features for ARM CPU variant (cortex-a9) using conservative defaults
07-10 16:10:04.998 3852 3852 E nectionsecurit: Not starting debugger since process cannot load the jdwp agent.
07-10 16:10:05.001 3852 3852 D ProcessState: Binder ioctl to enable oneway spam detection failed: Invalid argument
07-10 16:10:05.002 0 0 I [ 15.403146] binder: 3852:3852 ioctl 40046210 ffcabdb8 returned -22
07-10 16:10:05.010 1566 1600 D CompatibilityChangeReporter: Compat change id reported: 168419799; UID 10056; state: DISABLED
07-10 16:10:05.010 1566 1600 D CompatibilityInfo: mCompatibilityFlags - 4
07-10 16:10:05.010 1566 1600 D CompatibilityInfo: applicationDensity - 240
07-10 16:10:05.010 1566 1600 D CompatibilityInfo: applicationScale - 1.0
07-10 16:10:05.016 1566 1600 D CompatibilityInfo: mCompatibilityFlags - 4
07-10 16:10:05.016 1566 1600 D CompatibilityInfo: applicationDensity - 240
07-10 16:10:05.016 1566 1600 D CompatibilityInfo: applicationScale - 1.0
07-10 16:10:05.017 3852 3852 D CompatibilityChangeReporter: Compat change id reported: 171979766; UID 10056; state: DISABLED
07-10 16:10:05.022 3852 3852 D ApplicationLoaders: Returning zygote-cached class loader: /system/framework/android.test.base.jar
07-10 16:10:05.036 3852 3852 D nativeloader: classloader namespace configured for unbundled vendor apk. library_path=/vendor/app/ConnectionSecurityService/lib/arm:/vendor/app/ConnectionSecurityService/ConnectionSecurityService.apk!/lib/armeabi-v7a:/vendor/lib
07-10 16:10:05.058 3852 3852 I Perf : Connecting to perf service.
07-10 16:10:05.063 3852 3852 V GraphicsEnvironment: ANGLE Developer option for 'com.qualcomm.qti.qms.service.connectionsecurity' set to: 'default'
07-10 16:10:05.064 3852 3852 V GraphicsEnvironment: ANGLE GameManagerService for com.qualcomm.qti.qms.service.connectionsecurity: false
07-10 16:10:05.065 3852 3852 D NetworkSecurityConfig: No Network Security Config specified, using platform default
07-10 16:10:05.065 3852 3852 D NetworkSecurityConfig: No Network Security Config specified, using platform default
07-10 16:10:05.069 1566 1600 D CompatibilityInfo: mCompatibilityFlags - 4
07-10 16:10:05.069 1566 1600 D CompatibilityInfo: applicationDensity - 240
07-10 16:10:05.069 1566 1600 D CompatibilityInfo: applicationScale - 1.0
07-10 16:10:05.070 2133 2133 D RCSService BC-Receiver: Boot Complete Event Received. Is IMS RCS Single Reg enabled0
07-10 16:10:05.070 2133 2133 D RCSService BC-Receiver: START RCS SERVICE ON BOOTUP
07-10 16:10:05.071 2133 2133 I QRCSService: onStartCommand- Call
07-10 16:10:05.072 2133 3867 I QRCSService: Already HIDL-IUceService is Started
07-10 16:10:05.073 1566 1600 D CompatibilityChangeReporter: Compat change id reported: 168419799; UID 10082; state: DISABLED
07-10 16:10:05.073 1566 1600 D CompatibilityInfo: mCompatibilityFlags - 4
07-10 16:10:05.073 1566 1600 D CompatibilityInfo: applicationDensity - 240
07-10 16:10:05.073 1566 1600 D CompatibilityInfo: applicationScale - 1.0
07-10 16:10:05.075 2948 2948 D hw-ProcessState: Binder ioctl to enable oneway spam detection failed: Invalid argument
07-10 16:10:05.076 0 0 I [ 15.477201] binder: 2948:2948 ioctl 40046210 7fe4a49c04 returned -22
07-10 16:10:05.078 1566 1600 D CompatibilityChangeReporter: Compat change id reported: 135634846; UID 10085; state: DISABLED
07-10 16:10:05.078 1566 1600 D CompatibilityChangeReporter: Compat change id reported: 177438394; UID 10085; state: DISABLED
07-10 16:10:05.078 1566 1600 D CompatibilityChangeReporter: Compat change id reported: 135772972; UID 10085; state: DISABLED
07-10 16:10:05.079 1566 1600 D CompatibilityChangeReporter: Compat change id reported: 135754954; UID 10085; state: ENABLED
07-10 16:10:05.079 1566 1690 D CompatibilityChangeReporter: Compat change id reported: 143937733; UID 10085; state: ENABLED
07-10 16:10:05.080 1566 2057 D CompatibilityInfo: mCompatibilityFlags - 4
07-10 16:10:05.080 1566 2057 D CompatibilityInfo: applicationDensity - 240
07-10 16:10:05.080 1566 2057 D CompatibilityInfo: applicationScale - 1.0
07-10 16:10:05.089 683 683 D Zygote : Forked child process 3870
07-10 16:10:05.090 1566 1690 I ActivityManager: Start proc 3870:com.qualcomm.qtil.aptxui/u0a85 for broadcast {com.qualcomm.qtil.aptxui/com.qualcomm.qtil.aptxui.aptxuiBootReceiver}
07-10 16:10:05.105 3870 3870 E omm.qtil.aptxu: Not starting debugger since process cannot load the jdwp agent.
07-10 16:10:05.108 3870 3870 D ProcessState: Binder ioctl to enable oneway spam detection failed: Invalid argument
07-10 16:10:05.110 0 0 I [ 15.510899] binder: 3870:3870 ioctl 40046210 7fe4a4a554 returned -22
07-10 16:10:05.113 1566 2057 D CompatibilityChangeReporter: Compat change id reported: 168419799; UID 10085; state: DISABLED
07-10 16:10:05.113 1566 2057 D CompatibilityInfo: mCompatibilityFlags - 4
07-10 16:10:05.113 1566 2057 D CompatibilityInfo: applicationDensity - 240
07-10 16:10:05.113 1566 2057 D CompatibilityInfo: applicationScale - 1.0
07-10 16:10:05.117 1566 2057 D CompatibilityInfo: mCompatibilityFlags - 4
07-10 16:10:05.117 1566 2057 D CompatibilityInfo: applicationDensity - 240
07-10 16:10:05.117 1566 2057 D CompatibilityInfo: applicationScale - 1.0
07-10 16:10:05.119 3870 3870 D CompatibilityChangeReporter: Compat change id reported: 171979766; UID 10085; state: ENABLED
07-10 16:10:05.128 2948 2948 I tflite : Initialized TensorFlow Lite runtime.
07-10 16:10:05.137 3870 3870 I Perf : Connecting to perf service.
07-10 16:10:05.141 3870 3870 V GraphicsEnvironment: ANGLE Developer option for 'com.qualcomm.qtil.aptxui' set to: 'default'
07-10 16:10:05.141 3870 3870 V GraphicsEnvironment: ANGLE GameManagerService for com.qualcomm.qtil.aptxui: false
07-10 16:10:05.142 3870 3870 D NetworkSecurityConfig: No Network Security Config specified, using platform default
07-10 16:10:05.142 3870 3870 D NetworkSecurityConfig: No Network Security Config specified, using platform default
07-10 16:10:05.144 3870 3870 I aptxuiApplication: mQssEnabled: false
07-10 16:10:05.144 3870 3870 I aptxuiApplication: aptxui (aptX UI app) Version Name: 4.0.6
07-10 16:10:05.144 3870 3870 I aptxuiApplication: aptxui (aptX UI app) Package Name: com.qualcomm.qtil.aptxui
07-10 16:10:05.144 3870 3870 D aptxuiApplication: creation complete
07-10 16:10:05.146 1566 2057 D CompatibilityInfo: mCompatibilityFlags - 4
07-10 16:10:05.146 1566 2057 D CompatibilityInfo: applicationDensity - 240
07-10 16:10:05.146 1566 2057 D CompatibilityInfo: applicationScale - 1.0
07-10 16:10:05.149 3870 3870 I aptxuiService: onBind: Intent { act=com.qualcomm.qtil.aptxui.aptxuiService cmp=com.qualcomm.qtil.aptxui/.aptxuiService }
07-10 16:10:05.150 1566 2057 D CompatibilityInfo: mCompatibilityFlags - 4
07-10 16:10:05.150 1566 2057 D CompatibilityInfo: applicationDensity - 240
07-10 16:10:05.150 1566 2057 D CompatibilityInfo: applicationScale - 1.0
07-10 16:10:05.151 3870 3870 I aptxuiApplication: onServiceConnected: ComponentInfo{com.qualcomm.qtil.aptxui/com.qualcomm.qtil.aptxui.aptxuiService}
07-10 16:10:05.151 2212 2212 D TlogClient_BootCompletedReceiver: Receive device boot completed broadcast.
07-10 16:10:05.155 2212 2212 D TlogClient_BootCompletedReceiver: starting LogCollectService
07-10 16:10:05.156 1566 1600 D CompatibilityInfo: mCompatibilityFlags - 4
07-10 16:10:05.156 1566 1600 D CompatibilityInfo: applicationDensity - 240
07-10 16:10:05.156 1566 1600 D CompatibilityInfo: applicationScale - 1.0
07-10 16:10:05.156 2212 2212 D TlogClient_BootCompletedReceiver: starting LogCollectService completed.
07-10 16:10:05.159 1566 1600 I ActivityManager: Killing 3852:com.qualcomm.qti.qms.service.connectionsecurity/u0a56 (adj 905): empty #2
07-10 16:10:05.161 1566 1600 D CompatibilityInfo: mCompatibilityFlags - 4
07-10 16:10:05.161 1566 1600 D CompatibilityInfo: applicationDensity - 240
07-10 16:10:05.161 1566 1600 D CompatibilityInfo: applicationScale - 1.0
07-10 16:10:05.170 1566 1691 I libprocessgroup: Successfully killed process cgroup uid 10056 pid 3852 in 10ms
07-10 16:10:05.171 2029 2029 I GameMode_BootCompletedReceiver: Receive device boot completed broadcast, starting ActivityMonitoringService
07-10 16:10:05.174 1566 1600 D CompatibilityInfo: mCompatibilityFlags - 4
07-10 16:10:05.174 1566 1600 D CompatibilityInfo: applicationDensity - 240
07-10 16:10:05.174 1566 1600 D CompatibilityInfo: applicationScale - 1.0
07-10 16:10:05.175 2029 2029 D GameMode_BootCompletedReceiver: starting ActivityMonitoringService completed.
07-10 16:10:05.176 1566 2057 D CompatibilityInfo: mCompatibilityFlags - 4
07-10 16:10:05.176 1566 2057 D CompatibilityInfo: applicationDensity - 240
07-10 16:10:05.176 1566 2057 D CompatibilityInfo: applicationScale - 1.0
07-10 16:10:05.177 2205 2205 D TlogServer_DeviceBootReceiver: Receive device boot completed broadcast.
07-10 16:10:05.177 2205 2205 D TlogServer_DeviceBootReceiver: starting CoreService
07-10 16:10:05.178 1566 1600 D CompatibilityInfo: mCompatibilityFlags - 4
07-10 16:10:05.178 1566 1600 D CompatibilityInfo: applicationDensity - 240
07-10 16:10:05.178 1566 1600 D CompatibilityInfo: applicationScale - 1.0
07-10 16:10:05.178 2205 2205 D TlogServer_DeviceBootReceiver: starting CoreService completed.
07-10 16:10:05.178 2205 2205 D TlogServer_CoreService: start Ap Ip Listener
07-10 16:10:05.179 1566 1600 D CompatibilityInfo: mCompatibilityFlags - 4
07-10 16:10:05.179 1566 1600 D CompatibilityInfo: applicationDensity - 240
07-10 16:10:05.179 1566 1600 D CompatibilityInfo: applicationScale - 1.0
07-10 16:10:05.182 1566 3602 D CompatibilityInfo: mCompatibilityFlags - 4
07-10 16:10:05.182 1566 3602 D CompatibilityInfo: applicationDensity - 240
07-10 16:10:05.182 1566 3602 D CompatibilityInfo: applicationScale - 1.0
07-10 16:10:05.183 1566 3602 I ActivityManager: Finished processing BOOT_COMPLETED for u0
07-10 16:10:05.183 1566 3602 W BroadcastQueue: Background execution not allowed: receiving Intent { act=android.intent.action.INPUT_METHOD_CHANGED flg=0x20000010 (has extras) } to com.baidu.input_hryt/com.baidu.input.switchguide.InputMethodChangedReceiver
07-10 16:10:05.184 684 684 I Zygote : Process 3852 exited due to signal 9 (Killed)
07-10 16:10:05.184 2205 2205 D TlogServer_CoreService: Server onStarted: 192.168.4.16
07-10 16:10:05.187 1566 1689 D CompatibilityChangeReporter: Compat change id reported: 135634846; UID 10054; state: DISABLED
07-10 16:10:05.187 1566 1689 D CompatibilityChangeReporter: Compat change id reported: 177438394; UID 10054; state: DISABLED
07-10 16:10:05.187 1566 1689 D CompatibilityChangeReporter: Compat change id reported: 135772972; UID 10054; state: DISABLED
07-10 16:10:05.187 1566 1689 D CompatibilityChangeReporter: Compat change id reported: 135754954; UID 10054; state: ENABLED
07-10 16:10:05.188 1566 1690 D CompatibilityChangeReporter: Compat change id reported: 143937733; UID 10054; state: ENABLED
07-10 16:10:05.188 2029 2029 I GameMode_ActivityMonitoringService: onActivityLaunch: com.android.launcher3, isGameApp: false
07-10 16:10:05.189 2029 2029 D GameModeIF_GameModeSettings: getUriFor setting_content_uri_root = content://com.thundercomm.gamemode.api/gamemode_settings , name = gamemode_enable
07-10 16:10:05.192 2029 2029 D GameModeIF_GameModeSettings: getUriFor setting_content_uri_root = content://com.thundercomm.gamemode.api/gamemode_settings , name = gamemode_gpu_standard_enable
07-10 16:10:05.194 2029 2029 D GameModeIF_GameModeSettings: getUriFor setting_content_uri_root = content://com.thundercomm.gamemode.api/gamemode_settings , name = gamemode_gpu_custom_enable
07-10 16:10:05.195 2029 2029 D GameModeIF_GameModeSettings: getUriFor setting_content_uri_root = content://com.thundercomm.gamemode.api/gamemode_settings , name = gamemode_gpu_custom_fps
07-10 16:10:05.196 683 683 D Zygote : Forked child process 3895
07-10 16:10:05.197 1566 1690 I ActivityManager: Start proc 3895:com.qualcomm.timeservice/u0a54 for broadcast {com.qualcomm.timeservice/com.qualcomm.timeservice.TimeServiceBroadcastReceiver}
07-10 16:10:05.197 2029 2029 V GameMode_GpuUtils: fps:60
07-10 16:10:05.200 2029 2029 D GameModeIF_GameModeSettings: getUriFor setting_content_uri_root = content://com.thundercomm.gamemode.api/gamemode_settings , name = gamemode_gpu_custom_aliasing
07-10 16:10:05.204 2029 2029 E GameMode_GameModeService: sInstance is null!
07-10 16:10:05.204 2029 2029 D GameMode_GameModeActionUtils: Hide GameMode entry by service!
07-10 16:10:05.205 2029 2029 W ContextImpl: Calling a method in the system process without a qualified user: android.app.ContextImpl.startService:1816 android.content.ContextWrapper.startService:774 com.thundercomm.gamemode.ingame.services.GameModeActionUtils.startGameModeService:118 com.thundercomm.gamemode.ingame.services.GameModeActionUtils.startGameModeEntry:29 com.thundercomm.gamemode.ingame.services.ActivityMonitoringService$1.onActivityLaunch:140
07-10 16:10:05.207 1566 2057 D CompatibilityInfo: mCompatibilityFlags - 4
07-10 16:10:05.207 1566 2057 D CompatibilityInfo: applicationDensity - 240
07-10 16:10:05.207 1566 2057 D CompatibilityInfo: applicationScale - 1.0
07-10 16:10:05.208 2029 2029 D GameModeIF_GameModeSettings: getUriFor setting_content_uri_root = content://com.thundercomm.gamemode.api/gamemode_settings , name = gamemode_isgaming
07-10 16:10:05.211 1566 1566 I GameModeConfig: Current uri is uri = content://com.thundercomm.gamemode.api/gamemode_settings/gamemode_isgaming
07-10 16:10:05.211 1566 1566 D GameModeIF_GameModeSettings: getUriFor setting_content_uri_root = content://com.thundercomm.gamemode.api/gamemode_settings , name = gamemode_isgaming
07-10 16:10:05.211 2029 2029 D GameModeIF_GameModeSettings: gamemode_isgaming set to 0
07-10 16:10:05.212 3895 3895 E omm.timeservic: Not starting debugger since process cannot load the jdwp agent.
07-10 16:10:05.212 2029 2029 D hw-ProcessState: Binder ioctl to enable oneway spam detection failed: Invalid argument
07-10 16:10:05.214 0 0 I [ 15.614486] binder: 2029:2029 ioctl 40046210 7fe4a49094 returned -22
07-10 16:10:05.215 0 0 I [ 15.616433] binder: 3895:3895 ioctl 40046210 7fe4a4a554 returned -22
07-10 16:10:05.213 1566 1566 I GameModeConfig: isGameModeOn = true
07-10 16:10:05.213 1566 1566 I GameModeConfig: isGaming = false
07-10 16:10:05.214 1566 1566 I GameModeConfig: isGameModeOn = true
07-10 16:10:05.214 1566 1566 I GameModeConfig: isGaming = false
07-10 16:10:05.214 1566 1566 I GameModeConfig: isDisableVoice = true
07-10 16:10:05.214 3895 3895 D ProcessState: Binder ioctl to enable oneway spam detection failed: Invalid argument
07-10 16:10:05.214 1566 1850 I GameModeConfig: isGameModeOn = true
07-10 16:10:05.214 1566 1850 I GameModeConfig: isGaming = false
07-10 16:10:05.217 2029 2029 D GameModeIF_GameModeSettings: getUriFor setting_content_uri_root = content://com.thundercomm.gamemode.api/gamemode_settings , name = gamemode_enable
07-10 16:10:05.220 1566 1600 D CompatibilityChangeReporter: Compat change id reported: 168419799; UID 10054; state: DISABLED
07-10 16:10:05.220 1566 1600 D CompatibilityInfo: mCompatibilityFlags - 4
07-10 16:10:05.220 1566 1600 D CompatibilityInfo: applicationDensity - 240
07-10 16:10:05.220 1566 1600 D CompatibilityInfo: applicationScale - 1.0
07-10 16:10:05.220 2029 2029 D GameMode_GameModeService: onCreate
07-10 16:10:05.223 1566 1600 D CompatibilityInfo: mCompatibilityFlags - 4
07-10 16:10:05.223 1566 1600 D CompatibilityInfo: applicationDensity - 240
07-10 16:10:05.223 1566 1600 D CompatibilityInfo: applicationScale - 1.0
07-10 16:10:05.226 3895 3895 D CompatibilityChangeReporter: Compat change id reported: 171979766; UID 10054; state: DISABLED
07-10 16:10:05.239 3895 3895 D nativeloader: classloader namespace configured for unbundled vendor apk. library_path=/vendor/app/TimeService/lib/arm64:/vendor/lib64
07-10 16:10:05.249 3895 3895 I Perf : Connecting to perf service.
07-10 16:10:05.253 3895 3895 V GraphicsEnvironment: ANGLE Developer option for 'com.qualcomm.timeservice' set to: 'default'
07-10 16:10:05.253 3895 3895 V GraphicsEnvironment: ANGLE GameManagerService for com.qualcomm.timeservice: false
07-10 16:10:05.254 3895 3895 D NetworkSecurityConfig: No Network Security Config specified, using platform default
07-10 16:10:05.255 3895 3895 D NetworkSecurityConfig: No Network Security Config specified, using platform default
07-10 16:10:05.256 3895 3895 D TimeService: Receivedandroid.intent.action.TIME_SET intent. Current Time is 1688976605256
07-10 16:10:05.257 1566 1600 D PowerManagerService: acquireWakeLockInternal: lock=91746104, flags=0x1, tag="TimeService", ws=null, uid=10054, pid=3895
07-10 16:10:05.257 1566 1600 D PowerManagerService: updateWakeLockSummaryLocked: mWakefulness=Awake, mWakeLockSummary=0x1
07-10 16:10:05.258 1566 1600 D PowerManagerService: updateUserActivitySummaryLocked: groupId=0, mWakefulness=Awake, mUserActivitySummary=0x1, nextTimeout=70663 (in 55003 ms)
07-10 16:10:05.258 1566 1600 D PowerManagerNotifier: onScreenPolicyUpdate: newPolicy=3
07-10 16:10:05.258 1566 1600 D PowerManagerService: updateDisplayPowerStateLocked: displayReady=true, groupId=0, policy=BRIGHT, mWakefulness=Awake, mWakeLockSummary=0x1, mUserActivitySummary=0x1, mBootCompleted=true, screenBrightnessOverride=NaN, useAutoBrightness=true, mScreenBrightnessBoostInProgress=false, mIsVrModeEnabled= false, sQuiescent=false
07-10 16:10:05.258 1566 1600 D PowerManagerNotifier: onWakeLockAcquired: flags=1, tag="TimeService", packageName=com.qualcomm.timeservice, ownerUid=10054, ownerPid=3895, workSource=null
07-10 16:10:05.259 660 928 D QC-time-services: Daemon: Connection accepted:time_genoff
07-10 16:10:05.259 660 3913 D QC-time-services: Daemon:Received base = 2, unit = 1, operation = 0,value = 1688976605259
07-10 16:10:05.259 660 3913 D QC-time-services: Daemon:genoff_opr: Base = 2, val = 1688976605259, operation = 0
07-10 16:10:05.259 660 3913 D QC-time-services: Daemon:Value read from QTimer mseconds = 18321
07-10 16:10:05.259 660 3913 D QC-time-services: Daemon:Value read from RTC mseconds on boot = 7000
07-10 16:10:05.259 660 3913 D QC-time-services: Daemon:Delta read on boot mseconds = 0
07-10 16:10:05.259 660 3913 D QC-time-services: Daemon:new time 1688976605259
07-10 16:10:05.259 660 3913 D QC-time-services: Daemon: delta 1688976586938 genoff 1688976586938
07-10 16:10:05.259 660 3913 D QC-time-services: Daemon:genoff_persistent_update: Writing genoff = 1688976586938 to memory
07-10 16:10:05.259 660 3913 D QC-time-services: Daemon:Opening File: /mnt/vendor/persist/time/ats_2 /data/vendor/time/ats_2
07-10 16:10:05.259 660 3913 D QC-time-services: Daemon:time_persistent_memory_opr:Genoff write operation
07-10 16:10:05.261 660 3913 D QC-time-services: Updating the TOD offset
07-10 16:10:05.261 660 3913 D QC-time-services: Daemon:genoff_persistent_update: Writing genoff = 1688976586938 to memory
07-10 16:10:05.261 660 3913 D QC-time-services: Daemon:Opening File: /mnt/vendor/persist/time/ats_1 /data/vendor/time/ats_1
07-10 16:10:05.261 660 3913 D QC-time-services: Daemon:time_persistent_memory_opr:Genoff write operation
07-10 16:10:05.263 660 3913 D QC-time-services: Daemon:genoff_set: Updating the WLAN offset
07-10 16:10:05.263 660 3913 D QC-time-services: Daemon:genoff_persistent_update: Writing genoff = 1688976586938 to memory
07-10 16:10:05.263 660 3913 D QC-time-services: Daemon:Opening File: /mnt/vendor/persist/time/ats_16 /data/vendor/time/ats_16
07-10 16:10:05.263 660 3913 D QC-time-services: Daemon:time_persistent_memory_opr:Genoff write operation
07-10 16:10:05.264 660 928 E QC-time-services: Daemon: Time-services: Waiting to acceptconnection
07-10 16:10:05.264 3895 3895 D TimeService: Set time successfully!
07-10 16:10:05.265 1566 1600 D PowerManagerService: releaseWakeLockInternal: lock=91746104 [TimeService], flags=0x0
07-10 16:10:05.265 1566 1600 D PowerManagerNotifier: onWakeLockReleased: flags=1, tag="TimeService", packageName=com.qualcomm.timeservice, ownerUid=10054, ownerPid=3895, workSource=null
07-10 16:10:05.265 1566 1600 D PowerManagerService: updateWakeLockSummaryLocked: mWakefulness=Awake, mWakeLockSummary=0x1
07-10 16:10:05.265 1566 1600 D PowerManagerService: updateUserActivitySummaryLocked: groupId=0, mWakefulness=Awake, mUserActivitySummary=0x1, nextTimeout=70663 (in 54996 ms)
07-10 16:10:05.265 1566 1600 D PowerManagerNotifier: onScreenPolicyUpdate: newPolicy=3
07-10 16:10:05.265 1566 1600 D PowerManagerService: updateDisplayPowerStateLocked: displayReady=true, groupId=0, policy=BRIGHT, mWakefulness=Awake, mWakeLockSummary=0x1, mUserActivitySummary=0x1, mBootCompleted=true, screenBrightnessOverride=NaN, useAutoBrightness=true, mScreenBrightnessBoostInProgress=false, mIsVrModeEnabled= false, sQuiescent=false
07-10 16:10:05.266 1566 2057 D CompatibilityChangeReporter: Compat change id reported: 135634846; UID 10017; state: DISABLED
07-10 16:10:05.267 1566 2057 D CompatibilityChangeReporter: Compat change id reported: 177438394; UID 10017; state: DISABLED
07-10 16:10:05.267 1566 2057 D CompatibilityChangeReporter: Compat change id reported: 135772972; UID 10017; state: DISABLED
07-10 16:10:05.267 1566 2057 D CompatibilityChangeReporter: Compat change id reported: 135754954; UID 10017; state: ENABLED
07-10 16:10:05.267 1566 1690 D CompatibilityChangeReporter: Compat change id reported: 143937733; UID 10017; state: ENABLED
07-10 16:10:05.267 1566 2057 I ActivityManager: Killing 3870:com.qualcomm.qtil.aptxui/u0a85 (adj 905): empty #2
07-10 16:10:05.273 683 683 D Zygote : Forked child process 3914
07-10 16:10:05.273 1566 1690 I ActivityManager: Start proc 3914:com.android.externalstorage/u0a17 for broadcast {com.android.externalstorage/com.android.externalstorage.MountReceiver}
07-10 16:10:05.274 1566 1691 I libprocessgroup: Successfully killed process cgroup uid 10085 pid 3870 in 5ms
07-10 16:10:05.278 2029 2029 E ThemeUtils: View class com.airbnb.lottie.LottieAnimationView is an AppCompat widget that can only be used with a Theme.AppCompat theme (or descendant).
07-10 16:10:05.283 3914 3914 E externalstorag: Not starting debugger since process cannot load the jdwp agent.
07-10 16:10:05.287 3914 3914 D ProcessState: Binder ioctl to enable oneway spam detection failed: Invalid argument
07-10 16:10:05.290 0 0 I [ 15.689074] binder: 3914:3914 ioctl 40046210 7fe4a4a554 returned -22
07-10 16:10:05.288 683 683 I Zygote : Process 3870 exited due to signal 9 (Killed)
07-10 16:10:05.294 1566 3602 D CompatibilityChangeReporter: Compat change id reported: 168419799; UID 10017; state: DISABLED
07-10 16:10:05.294 1566 3602 D CompatibilityInfo: mCompatibilityFlags - 4
07-10 16:10:05.294 1566 3602 D CompatibilityInfo: applicationDensity - 240
07-10 16:10:05.294 1566 3602 D CompatibilityInfo: applicationScale - 1.0
07-10 16:10:05.296 1566 3602 D CompatibilityInfo: mCompatibilityFlags - 4
07-10 16:10:05.296 1566 3602 D CompatibilityInfo: applicationDensity - 240
07-10 16:10:05.296 1566 3602 D CompatibilityInfo: applicationScale - 1.0
07-10 16:10:05.299 3914 3914 D CompatibilityChangeReporter: Compat change id reported: 171979766; UID 10017; state: ENABLED
07-10 16:10:05.304 2029 3921 W LOTTIE : Lottie doesn't support layer effects. If you are using them for fills, strokes, trim paths etc. then try adding them directly as contents in your shape. Found: [å¡«å……]
07-10 16:10:05.318 3914 3914 I Perf : Connecting to perf service.
07-10 16:10:05.322 3914 3914 V GraphicsEnvironment: ANGLE Developer option for 'com.android.externalstorage' set to: 'default'
07-10 16:10:05.322 3914 3914 V GraphicsEnvironment: ANGLE GameManagerService for com.android.externalstorage: false
07-10 16:10:05.323 3914 3914 D NetworkSecurityConfig: No Network Security Config specified, using platform default
07-10 16:10:05.324 3914 3914 D NetworkSecurityConfig: No Network Security Config specified, using platform default
07-10 16:10:05.330 3914 3914 D ExternalStorage: After updating volumes, found 1 active roots
07-10 16:10:05.333 3914 3914 D ExternalStorage: After updating volumes, found 1 active roots
07-10 16:10:05.335 1566 1600 I ActivityManager: Killing 3895:com.qualcomm.timeservice/u0a54 (adj 905): empty #2
07-10 16:10:05.337 1566 1600 D CompatibilityInfo: mCompatibilityFlags - 4
07-10 16:10:05.337 1566 1600 D CompatibilityInfo: applicationDensity - 240
07-10 16:10:05.337 1566 1600 D CompatibilityInfo: applicationScale - 1.0
07-10 16:10:05.341 1566 1691 I libprocessgroup: Successfully killed process cgroup uid 10054 pid 3895 in 5ms
07-10 16:10:05.341 1566 1600 D CompatibilityInfo: mCompatibilityFlags - 4
07-10 16:10:05.341 1566 1600 D CompatibilityInfo: applicationDensity - 240
07-10 16:10:05.341 1566 1600 D CompatibilityInfo: applicationScale - 1.0
07-10 16:10:05.343 1566 1600 D CompatibilityInfo: mCompatibilityFlags - 4
07-10 16:10:05.343 1566 1600 D CompatibilityInfo: applicationDensity - 240
07-10 16:10:05.343 1566 1600 D CompatibilityInfo: applicationScale - 1.0
07-10 16:10:05.344 1566 1600 D CompatibilityChangeReporter: Compat change id reported: 135634846; UID 10073; state: DISABLED
07-10 16:10:05.344 1566 1600 D CompatibilityChangeReporter: Compat change id reported: 177438394; UID 10073; state: DISABLED
07-10 16:10:05.344 1566 1600 D CompatibilityChangeReporter: Compat change id reported: 135772972; UID 10073; state: DISABLED
07-10 16:10:05.344 1566 1600 D CompatibilityChangeReporter: Compat change id reported: 135754954; UID 10073; state: ENABLED
07-10 16:10:05.344 1566 1690 D CompatibilityChangeReporter: Compat change id reported: 143937733; UID 10073; state: ENABLED
07-10 16:10:05.344 1566 1566 D PowerManagerService: acquireWakeLockInternal: lock=246376633, flags=0x1, tag="*job*/com.android.providers.media.module/com.android.providers.media.MediaService", ws=WorkSource{10090}, uid=1000, pid=1566
07-10 16:10:05.345 1566 1566 D PowerManagerService: updateWakeLockSummaryLocked: mWakefulness=Awake, mWakeLockSummary=0x1
07-10 16:10:05.345 1566 1566 D PowerManagerService: updateUserActivitySummaryLocked: groupId=0, mWakefulness=Awake, mUserActivitySummary=0x1, nextTimeout=70663 (in 54916 ms)
07-10 16:10:05.345 1566 1566 D PowerManagerNotifier: onScreenPolicyUpdate: newPolicy=3
07-10 16:10:05.345 1566 1566 D PowerManagerService: updateDisplayPowerStateLocked: displayReady=true, groupId=0, policy=BRIGHT, mWakefulness=Awake, mWakeLockSummary=0x1, mUserActivitySummary=0x1, mBootCompleted=true, screenBrightnessOverride=NaN, useAutoBrightness=true, mScreenBrightnessBoostInProgress=false, mIsVrModeEnabled= false, sQuiescent=false
07-10 16:10:05.345 1566 1566 D PowerManagerNotifier: onWakeLockAcquired: flags=1, tag="*job*/com.android.providers.media.module/com.android.providers.media.MediaService", packageName=android, ownerUid=1000, ownerPid=1566, workSource=WorkSource{10090}
07-10 16:10:05.345 2982 3422 I MediaProvider: Begin Intent { act=android.intent.action.MEDIA_MOUNTED dat=file:///storage/emulated/0 flg=0x5000010 cmp=com.android.providers.media.module/com.android.providers.media.MediaService (has extras) }
07-10 16:10:05.345 2982 3422 I MediaProvider: Volume MediaVolume name: [external_primary] id: [emulated;0] user: [UserHandle{0}] path: [/storage/emulated/0] already attached
07-10 16:10:05.345 2982 3422 I MediaProvider: End Intent { act=android.intent.action.MEDIA_MOUNTED dat=file:///storage/emulated/0 flg=0x5000010 cmp=com.android.providers.media.module/com.android.providers.media.MediaService (has extras) }
07-10 16:10:05.346 1566 3602 D PowerManagerService: releaseWakeLockInternal: lock=246376633 [*job*/com.android.providers.media.module/com.android.providers.media.MediaService], flags=0x0
07-10 16:10:05.346 1566 3602 D PowerManagerNotifier: onWakeLockReleased: flags=1, tag="*job*/com.android.providers.media.module/com.android.providers.media.MediaService", packageName=android, ownerUid=1000, ownerPid=1566, workSource=WorkSource{10090}
07-10 16:10:05.346 1566 3602 D PowerManagerService: updateWakeLockSummaryLocked: mWakefulness=Awake, mWakeLockSummary=0x1
07-10 16:10:05.346 1566 3602 D PowerManagerService: updateUserActivitySummaryLocked: groupId=0, mWakefulness=Awake, mUserActivitySummary=0x1, nextTimeout=70663 (in 54915 ms)
07-10 16:10:05.346 1566 3602 D PowerManagerNotifier: onScreenPolicyUpdate: newPolicy=3
07-10 16:10:05.346 1566 3602 D PowerManagerService: updateDisplayPowerStateLocked: displayReady=true, groupId=0, policy=BRIGHT, mWakefulness=Awake, mWakeLockSummary=0x1, mUserActivitySummary=0x1, mBootCompleted=true, screenBrightnessOverride=NaN, useAutoBrightness=true, mScreenBrightnessBoostInProgress=false, mIsVrModeEnabled= false, sQuiescent=false
07-10 16:10:05.350 683 683 D Zygote : Forked child process 3930
07-10 16:10:05.350 1566 1690 I ActivityManager: Start proc 3930:com.qti.ltebc/u0a73 for broadcast {com.qti.ltebc/com.qualcomm.ltebc.LTEBroadcastReceiver}
07-10 16:10:05.356 683 683 I Zygote : Process 3895 exited due to signal 9 (Killed)
07-10 16:10:05.360 3930 3930 E com.qti.ltebc: Not starting debugger since process cannot load the jdwp agent.
07-10 16:10:05.362 3930 3930 D ProcessState: Binder ioctl to enable oneway spam detection failed: Invalid argument
07-10 16:10:05.366 0 0 I [ 15.764614] binder: 3930:3930 ioctl 40046210 7fe4a4a554 returned -22
07-10 16:10:05.368 1566 1600 D CompatibilityChangeReporter: Compat change id reported: 168419799; UID 10073; state: DISABLED
07-10 16:10:05.368 1566 1600 D CompatibilityInfo: mCompatibilityFlags - 4
07-10 16:10:05.368 1566 1600 D CompatibilityInfo: applicationDensity - 240
07-10 16:10:05.368 1566 1600 D CompatibilityInfo: applicationScale - 1.0
07-10 16:10:05.368 1566 1600 D CompatibilityInfo: mCompatibilityFlags - 4
07-10 16:10:05.368 1566 1600 D CompatibilityInfo: applicationDensity - 240
07-10 16:10:05.368 1566 1600 D CompatibilityInfo: applicationScale - 1.0
07-10 16:10:05.371 3930 3930 D CompatibilityChangeReporter: Compat change id reported: 171979766; UID 10073; state: ENABLED
07-10 16:10:05.385 3930 3930 I Perf : Connecting to perf service.
07-10 16:10:05.389 3930 3930 V GraphicsEnvironment: ANGLE Developer option for 'com.qti.ltebc' set to: 'default'
07-10 16:10:05.390 3930 3930 V GraphicsEnvironment: ANGLE GameManagerService for com.qti.ltebc: false
07-10 16:10:05.391 3930 3930 D NetworkSecurityConfig: Using Network Security Config from resource network_security_config debugBuild: false
07-10 16:10:05.392 3930 3930 D NetworkSecurityConfig: Using Network Security Config from resource network_security_config debugBuild: false
07-10 16:10:05.393 3930 3930 D LTE Application: getLibraryName = msp
07-10 16:10:05.404 2029 2029 E ThemeUtils: View class androidx.appcompat.widget.SwitchCompat is an AppCompat widget that can only be used with a Theme.AppCompat theme (or descendant).
07-10 16:10:05.411 2029 2029 E ThemeUtils: View class androidx.appcompat.widget.SwitchCompat is an AppCompat widget that can only be used with a Theme.AppCompat theme (or descendant).
07-10 16:10:05.414 2029 2029 E ThemeUtils: View class androidx.appcompat.widget.SwitchCompat is an AppCompat widget that can only be used with a Theme.AppCompat theme (or descendant).
07-10 16:10:05.427 2029 2029 D GameModeIF_GameModeSettings: getUriFor setting_content_uri_root = content://com.thundercomm.gamemode.api/gamemode_settings , name = gamemode_bulletscreen
07-10 16:10:05.430 2029 2029 D GameMode_GameModeService: onStartCommand, type=hide_entry
07-10 16:10:05.434 1202 1263 I MMParserExtractor: Created(0xb400007850064ef0)
07-10 16:10:05.434 1202 1263 E MM_OSAL : FileSource::FileSource
07-10 16:10:05.434 1202 1263 E MM_OSAL : FileSource::FileSource m_bEveryThingOK 1
07-10 16:10:05.438 2029 3946 D MediaCodecList: codecHandlesFormat: no format, so no extra checks
07-10 16:10:05.439 2029 3946 D MediaCodecList: codecHandlesFormat: no format, so no extra checks
07-10 16:10:05.440 2029 3947 D CCodec : allocate(c2.android.vorbis.decoder)
07-10 16:10:05.442 2029 3947 I Codec2Client: Available Codec2 services: "default" "software"
07-10 16:10:05.444 2029 3947 I CCodec : setting up 'default' as default (vendor) store
07-10 16:10:05.448 1325 2631 V C2Store : in init
07-10 16:10:05.448 1325 2631 V C2Store : loading dll
07-10 16:10:05.451 2029 3947 I CCodec : Created component [c2.android.vorbis.decoder]
07-10 16:10:05.452 2029 3947 D CCodecConfig: read media type: audio/vorbis
07-10 16:10:05.454 2029 3947 D ReflectedParamUpdater: extent() != 1 for single value type: algo.buffers.max-count.values
07-10 16:10:05.455 2029 3947 D ReflectedParamUpdater: extent() != 1 for single value type: output.subscribed-indices.values
07-10 16:10:05.455 2029 3947 D ReflectedParamUpdater: extent() != 1 for single value type: input.buffers.allocator-ids.values
07-10 16:10:05.455 2029 3947 D ReflectedParamUpdater: extent() != 1 for single value type: output.buffers.allocator-ids.values
07-10 16:10:05.455 2029 3947 D ReflectedParamUpdater: extent() != 1 for single value type: algo.buffers.allocator-ids.values
07-10 16:10:05.455 2029 3947 D ReflectedParamUpdater: extent() != 1 for single value type: output.buffers.pool-ids.values
07-10 16:10:05.455 2029 3947 D ReflectedParamUpdater: extent() != 1 for single value type: algo.buffers.pool-ids.values
07-10 16:10:05.457 2029 3947 I CCodecConfig: query failed after returning 7 values (BAD_INDEX)
07-10 16:10:05.457 2029 3947 D CCodecConfig: c2 config diff is Dict {
07-10 16:10:05.457 2029 3947 D CCodecConfig: c2::u32 coded.bitrate.value = 64000
07-10 16:10:05.457 2029 3947 D CCodecConfig: c2::u32 input.buffers.max-size.value = 32768
07-10 16:10:05.457 2029 3947 D CCodecConfig: c2::u32 input.delay.value = 0
07-10 16:10:05.457 2029 3947 D CCodecConfig: string input.media-type.value = "audio/vorbis"
07-10 16:10:05.457 2029 3947 D CCodecConfig: string output.media-type.value = "audio/raw"
07-10 16:10:05.457 2029 3947 D CCodecConfig: c2::u32 raw.channel-count.value = 1
07-10 16:10:05.457 2029 3947 D CCodecConfig: c2::u32 raw.sample-rate.value = 48000
07-10 16:10:05.457 2029 3947 D CCodecConfig: }
07-10 16:10:05.457 2029 3947 D CCodec : [c2.android.vorbis.decoder] buffers are bound to CCodec for this session
07-10 16:10:05.458 2029 3947 D CCodecConfig: no c2 equivalents for durationUs
07-10 16:10:05.458 2029 3947 D CCodecConfig: no c2 equivalents for track-id
07-10 16:10:05.458 2029 3947 D CCodecConfig: no c2 equivalents for csd-1
07-10 16:10:05.458 2029 3947 D CCodecConfig: no c2 equivalents for language
07-10 16:10:05.458 2029 3947 D CCodecConfig: no c2 equivalents for file-format
07-10 16:10:05.458 2029 3947 D CCodecConfig: no c2 equivalents for flags
07-10 16:10:05.458 2029 3947 D CCodecConfig: config failed => CORRUPTED
07-10 16:10:05.458 2029 3947 D CCodecConfig: c2 config diff is c2::u32 coded.bitrate.value = 48000
07-10 16:10:05.459 2029 3947 W Codec2Client: query -- param skipped: index = 1107298332.
07-10 16:10:05.459 2029 3947 D CCodec : setup formats input: AMessage(what = 0x00000000) = {
07-10 16:10:05.459 2029 3947 D CCodec : int32_t bitrate = 48000
07-10 16:10:05.459 2029 3947 D CCodec : int32_t channel-count = 1
07-10 16:10:05.459 2029 3947 D CCodec : int32_t max-input-size = 65307
07-10 16:10:05.459 2029 3947 D CCodec : string mime = "audio/vorbis"
07-10 16:10:05.459 2029 3947 D CCodec : int32_t sample-rate = 48000
07-10 16:10:05.459 2029 3947 D CCodec : }
07-10 16:10:05.459 2029 3947 D CCodec : setup formats output: AMessage(what = 0x00000000) = {
07-10 16:10:05.459 2029 3947 D CCodec : int32_t channel-count = 1
07-10 16:10:05.459 2029 3947 D CCodec : string mime = "audio/raw"
07-10 16:10:05.459 2029 3947 D CCodec : int32_t sample-rate = 48000
07-10 16:10:05.459 2029 3947 D CCodec : int32_t android._config-pcm-encoding = 2
07-10 16:10:05.459 2029 3947 D CCodec : }
07-10 16:10:05.459 2029 3947 I CCodecConfig: query failed after returning 7 values (BAD_INDEX)
07-10 16:10:05.459 2029 3947 W Codec2Client: query -- param skipped: index = 1342179345.
07-10 16:10:05.459 2029 3947 W Codec2Client: query -- param skipped: index = 2415921170.
07-10 16:10:05.460 2029 3947 D C2Store : Using ION
07-10 16:10:05.461 2029 3947 D CCodecBufferChannel: [c2.android.vorbis.decoder#223] Created input block pool with allocatorID 16 => poolID 17 - OK (0)
07-10 16:10:05.461 1566 2690 D BufferPoolAccessor2.0: bufferpool2 0xb400007005750738 : 0(0 size) total buffers - 0(0 size) used buffers - 3/7 (recycle/alloc) - 6/18 (fetch/transfer)
07-10 16:10:05.462 1566 2690 D BufferPoolAccessor2.0: Destruction - bufferpool2 0xb400007005750738 cached: 0/0M, 0/0% in use; allocs: 7, 43% recycled; transfers: 18, 67% unfetched
07-10 16:10:05.462 1566 1824 D BufferPoolAccessor2.0: Destruction - bufferpool2 0xb40000700574d6a8 cached: 0/0M, 0/0% in use; allocs: 7, 14% recycled; transfers: 24, 75% unfetched
07-10 16:10:05.462 1566 2657 D BufferPoolAccessor2.0: bufferpool2 0xb400007005758668 : 0(0 size) total buffers - 0(0 size) used buffers - 3/7 (recycle/alloc) - 8/26 (fetch/transfer)
07-10 16:10:05.462 1566 2657 D BufferPoolAccessor2.0: Destruction - bufferpool2 0xb400007005758668 cached: 0/0M, 0/0% in use; allocs: 7, 43% recycled; transfers: 26, 69% unfetched
07-10 16:10:05.462 1566 1686 D BufferPoolAccessor2.0: bufferpool2 0xb400007005755f18 : 0(0 size) total buffers - 0(0 size) used buffers - 3/7 (recycle/alloc) - 4/24 (fetch/transfer)
07-10 16:10:05.462 1566 1686 D BufferPoolAccessor2.0: Destruction - bufferpool2 0xb400007005755f18 cached: 0/0M, 0/0% in use; allocs: 7, 43% recycled; transfers: 24, 83% unfetched
07-10 16:10:05.462 1566 1820 D BufferPoolAccessor2.0: bufferpool2 0xb40000700574f268 : 0(0 size) total buffers - 0(0 size) used buffers - 1/7 (recycle/alloc) - 6/34 (fetch/transfer)
07-10 16:10:05.462 1566 1820 D BufferPoolAccessor2.0: Destruction - bufferpool2 0xb40000700574f268 cached: 0/0M, 0/0% in use; allocs: 7, 14% recycled; transfers: 34, 82% unfetched
07-10 16:10:05.462 1566 1686 D BufferPoolAccessor2.0: bufferpool2 0xb400007005756858 : 0(0 size) total buffers - 0(0 size) used buffers - 1/7 (recycle/alloc) - 6/34 (fetch/transfer)
07-10 16:10:05.462 1566 1686 D BufferPoolAccessor2.0: Destruction - bufferpool2 0xb400007005756858 cached: 0/0M, 0/0% in use; allocs: 7, 14% recycled; transfers: 34, 82% unfetched
07-10 16:10:05.462 1907 2645 D BufferPoolAccessor2.0: bufferpool2 0xb40000700572c768 : 0(0 size) total buffers - 0(0 size) used buffers - 1/7 (recycle/alloc) - 6/36 (fetch/transfer)
07-10 16:10:05.463 1907 2645 D BufferPoolAccessor2.0: Destruction - bufferpool2 0xb40000700572c768 cached: 0/0M, 0/0% in use; allocs: 7, 14% recycled; transfers: 36, 83% unfetched
07-10 16:10:05.463 2029 3947 I CCodecBufferChannel: [c2.android.vorbis.decoder#223] Created output block pool with allocatorID 16 => poolID 26 - OK
07-10 16:10:05.463 1907 2645 D BufferPoolAccessor2.0: Destruction - bufferpool2 0xb40000700572f358 cached: 0/0M, 0/0% in use; allocs: 7, 14% recycled; transfers: 38, 84% unfetched
07-10 16:10:05.463 2029 3947 D CCodecBufferChannel: [c2.android.vorbis.decoder#223] Configured output block pool ids 26 => OK
07-10 16:10:05.463 1907 2645 D BufferPoolAccessor2.0: bufferpool2 0xb40000700572f7f8 : 0(0 size) total buffers - 0(0 size) used buffers - 2/7 (recycle/alloc) - 5/18 (fetch/transfer)
07-10 16:10:05.463 1907 2645 D BufferPoolAccessor2.0: Destruction - bufferpool2 0xb40000700572f7f8 cached: 0/0M, 0/0% in use; allocs: 7, 29% recycled; transfers: 18, 72% unfetched
07-10 16:10:05.463 2029 3947 D CCodecBufferChannel: [c2.android.vorbis.decoder#223] start: updating output delay 0
07-10 16:10:05.464 2029 3947 E ion : ioctl c0044901 failed with code -1: Inappropriate ioctl for device
07-10 16:10:05.464 2029 3947 I CCodecBufferChannel: pipelineRoom(3) is <= numClientBuffers(3). Not signalling any more buffers to client
07-10 16:10:05.464 1325 3951 D SimpleC2Component: Using output block pool with poolID 26 => got 26 - 0
07-10 16:10:05.465 1202 1263 D MediaBufferGroup: creating MemoryDealer
07-10 16:10:05.465 2029 3947 I CCodecBufferChannel: pipelineRoom(2) is <= numClientBuffers(2). Not signalling any more buffers to client
07-10 16:10:05.466 2029 3947 I CCodecBufferChannel: pipelineRoom(1) is <= numClientBuffers(1). Not signalling any more buffers to client
07-10 16:10:05.501 2029 3947 D CCodecBufferChannel: [c2.android.vorbis.decoder#223] MediaCodec discarded an unknown buffer
07-10 16:10:05.502 2029 3947 D CCodecBufferChannel: [c2.android.vorbis.decoder#223] MediaCodec discarded an unknown buffer
07-10 16:10:05.502 2029 3947 D CCodecBufferChannel: [c2.android.vorbis.decoder#223] MediaCodec discarded an unknown buffer
07-10 16:10:05.502 2029 3947 I hw-BpHwBinder: onLastStrongRef automatically unlinking death recipients
07-10 16:10:05.503 1325 2653 I hw-BpHwBinder: onLastStrongRef automatically unlinking death recipients
07-10 16:10:05.503 1325 2653 V C2Store : in ~ComponentModule
07-10 16:10:05.503 1325 2653 V C2Store : unloading dll
07-10 16:10:05.600 1325 2549 D BufferPoolAccessor2.0: bufferpool2 0xb4000071e0d36188 : 0(0 size) total buffers - 0(0 size) used buffers - 9/10 (recycle/alloc) - 1/9 (fetch/transfer)
07-10 16:10:05.600 1325 2549 D BufferPoolAccessor2.0: bufferpool2 0xb4000071e0d38d78 : 0(0 size) total buffers - 0(0 size) used buffers - 14/15 (recycle/alloc) - 1/14 (fetch/transfer)
07-10 16:10:05.600 1325 2549 D BufferPoolAccessor2.0: bufferpool2 0xb4000071e0d309a8 : 0(0 size) total buffers - 0(0 size) used buffers - 5/7 (recycle/alloc) - 2/6 (fetch/transfer)
07-10 16:10:05.600 1325 2549 D BufferPoolAccessor2.0: bufferpool2 0xb4000071e0d345c8 : 0(0 size) total buffers - 0(0 size) used buffers - 6/11 (recycle/alloc) - 5/10 (fetch/transfer)
07-10 16:10:05.600 1325 2549 D BufferPoolAccessor2.0: bufferpool2 0xb4000071e0d32568 : 0(0 size) total buffers - 0(0 size) used buffers - 14/17 (recycle/alloc) - 3/16 (fetch/transfer)
07-10 16:10:05.600 1325 2549 D BufferPoolAccessor2.0: bufferpool2 0xb4000071e0d302b8 : 0(0 size) total buffers - 0(0 size) used buffers - 13/16 (recycle/alloc) - 3/15 (fetch/transfer)
07-10 16:10:05.601 1325 2549 D BufferPoolAccessor2.0: bufferpool2 0xb4000071e0d33598 : 0(0 size) total buffers - 0(0 size) used buffers - 14/15 (recycle/alloc) - 1/14 (fetch/transfer)
07-10 16:10:05.601 1325 2549 D BufferPoolAccessor2.0: evictor expired: 7, evicted: 7
07-10 16:10:05.680 3930 3930 I MSP-JNI : JNI_OnLoad called
07-10 16:10:05.680 3930 3930 E MSP-JNI : Failed to get class in Jload
07-10 16:10:05.680 3930 3930 I MSP-JNI : FindClass - com/qualcomm/ltebc/LTEBroadcastService JNI EXCEPTION CLEARED
07-10 16:10:05.681 3930 3930 I MSP-JNI : JNI_OnLoad: Initializing File Delivery references
07-10 16:10:05.681 3930 3930 I MSP-JNI : FindClass CARRIER_SPECIFIC_CLASS_DEFINITION JNI EXCEPTION CLEARED
07-10 16:10:05.681 3930 3930 I MSP-JNI : JNI_OnLoad: Completed File Delivery initialization
07-10 16:10:05.685 3930 3930 I LTE Application: LTEApplicationCreate
07-10 16:10:05.685 3930 3930 I LTE Application: applicationContext : com.qualcomm.ltebc.LTEQTIApplication@54fe36d
07-10 16:10:05.688 3930 3930 I LTE QMI Link: Creating QMI Link
07-10 16:10:05.689 3930 3930 D LTE Application: packageName = com.qti.ltebc versionCode = 5401010 versionName = MSDC_LA_5.4.01.01.0
07-10 16:10:05.689 3930 3930 I LTE Application: LTE Broadcast Library Release Version = MSDC_LA_5.4.01.01.0
07-10 16:10:05.690 3930 3930 D LTE Application: IntentSender : Last intent Status NOT_SENT forcedBroadcast flag = true
07-10 16:10:05.690 3930 3930 D LTE Application: sendBroadcastIntent IntentAction : Sending com.qualcomm.intent.EMBMS_STATUS ACTIVE = false
07-10 16:10:05.691 3930 3930 W SOCKET : ConnectionManager constructor has been initialised
07-10 16:10:05.692 3930 3930 E System : Ignoring attempt to set property "java.net.preferIPv6Addresses" to value "false".
07-10 16:10:05.693 3930 3930 D LTE Application: Android API Version 31
07-10 16:10:05.693 3930 3930 I LTE Application: Package Name : com.qti.ltebc
07-10 16:10:05.695 3930 3930 I LTE Application: app is not whitelisted
07-10 16:10:05.696 3930 3930 I LTE Broadcast Receiver: Broadcast Receiver Received intent : Intent { act=android.intent.action.MEDIA_MOUNTED dat=file:///storage/emulated/0 flg=0x5000010 cmp=com.qti.ltebc/com.qualcomm.ltebc.LTEBroadcastReceiver (has extras) }
07-10 16:10:05.696 3930 3930 I LTE Broadcast Receiver: Handled media mounted or unmounted event
07-10 16:10:05.696 3930 3930 E LTE Broadcast Receiver: Received media mounted event when MSP is not initialized
07-10 16:10:05.696 3930 3930 I LTE Application: getStartupReason - startup_reason: STARTUP_REASON_NOTSET
07-10 16:10:05.696 3930 3930 I LTE Broadcast Receiver: Middleware is started due to media event..exiting app
07-10 16:10:05.697 3930 3930 I com.qti.ltebc: System.exit called, status: 0
07-10 16:10:05.697 3930 3930 I AndroidRuntime: VM exiting with result code 0, cleanup skipped.
07-10 16:10:05.718 1566 3602 I ActivityManager: Process com.qti.ltebc (pid 3930) has died: fg RCVR
07-10 16:10:05.718 1566 1691 I libprocessgroup: Successfully killed process cgroup uid 10073 pid 3930 in 0ms
07-10 16:10:05.718 683 683 I Zygote : Process 3930 exited cleanly (0)
07-10 16:10:05.723 1566 1689 D CompatibilityInfo: mCompatibilityFlags - 4
07-10 16:10:05.724 1566 1689 D CompatibilityInfo: applicationDensity - 240
07-10 16:10:05.724 1566 1689 D CompatibilityInfo: applicationScale - 1.0
07-10 16:10:05.727 3914 3914 D ExternalStorage: After updating volumes, found 1 active roots
07-10 16:10:05.729 1566 3602 D CompatibilityInfo: mCompatibilityFlags - 4
07-10 16:10:05.729 1566 3602 D CompatibilityInfo: applicationDensity - 240
07-10 16:10:05.729 1566 3602 D CompatibilityInfo: applicationScale - 1.0
07-10 16:10:05.734 662 677 I mpu_uart: [MSG-P:RECV]:No message received in 1000 ms
07-10 16:10:05.738 1566 3602 D CompatibilityInfo: mCompatibilityFlags - 4
07-10 16:10:05.738 1566 3602 D CompatibilityInfo: applicationDensity - 240
07-10 16:10:05.739 1566 3602 D CompatibilityInfo: applicationScale - 1.0
07-10 16:10:05.743 1566 3602 D CompatibilityInfo: mCompatibilityFlags - 4
07-10 16:10:05.743 1566 3602 D CompatibilityInfo: applicationDensity - 240
07-10 16:10:05.743 1566 3602 D CompatibilityInfo: applicationScale - 1.0
07-10 16:10:05.746 1566 1600 D CompatibilityChangeReporter: Compat change id reported: 135634846; UID 10073; state: DISABLED
07-10 16:10:05.746 1566 1600 D CompatibilityChangeReporter: Compat change id reported: 177438394; UID 10073; state: DISABLED
07-10 16:10:05.746 1566 1600 D CompatibilityChangeReporter: Compat change id reported: 135772972; UID 10073; state: DISABLED
07-10 16:10:05.746 1566 1600 D CompatibilityChangeReporter: Compat change id reported: 135754954; UID 10073; state: ENABLED
07-10 16:10:05.747 1566 1690 D CompatibilityChangeReporter: Compat change id reported: 143937733; UID 10073; state: ENABLED
07-10 16:10:05.747 1566 1566 D PowerManagerService: acquireWakeLockInternal: lock=73353588, flags=0x1, tag="*job*/com.android.providers.media.module/com.android.providers.media.MediaService", ws=WorkSource{10090}, uid=1000, pid=1566
07-10 16:10:05.748 1566 1566 D PowerManagerService: updateWakeLockSummaryLocked: mWakefulness=Awake, mWakeLockSummary=0x1
07-10 16:10:05.748 1566 1566 D PowerManagerService: updateUserActivitySummaryLocked: groupId=0, mWakefulness=Awake, mUserActivitySummary=0x1, nextTimeout=70663 (in 54513 ms)
07-10 16:10:05.748 1566 1566 D PowerManagerNotifier: onScreenPolicyUpdate: newPolicy=3
07-10 16:10:05.748 1566 1566 D PowerManagerService: updateDisplayPowerStateLocked: displayReady=true, groupId=0, policy=BRIGHT, mWakefulness=Awake, mWakeLockSummary=0x1, mUserActivitySummary=0x1, mBootCompleted=true, screenBrightnessOverride=NaN, useAutoBrightness=true, mScreenBrightnessBoostInProgress=false, mIsVrModeEnabled= false, sQuiescent=false
07-10 16:10:05.748 1566 1566 D PowerManagerNotifier: onWakeLockAcquired: flags=1, tag="*job*/com.android.providers.media.module/com.android.providers.media.MediaService", packageName=android, ownerUid=1000, ownerPid=1566, workSource=WorkSource{10090}
07-10 16:10:05.758 2982 3422 I MediaProvider: Begin Intent { act=android.intent.action.MEDIA_MOUNTED dat=file:///storage/emulated/0 flg=0x5000010 cmp=com.android.providers.media.module/com.android.providers.media.MediaService (has extras) }
07-10 16:10:05.758 2982 3422 I MediaProvider: Volume MediaVolume name: [external_primary] id: [emulated;0] user: [UserHandle{0}] path: [/storage/emulated/0] already attached
07-10 16:10:05.758 2982 3422 I MediaProvider: End Intent { act=android.intent.action.MEDIA_MOUNTED dat=file:///storage/emulated/0 flg=0x5000010 cmp=com.android.providers.media.module/com.android.providers.media.MediaService (has extras) }
07-10 16:10:05.759 1566 1600 D PowerManagerService: releaseWakeLockInternal: lock=73353588 [*job*/com.android.providers.media.module/com.android.providers.media.MediaService], flags=0x0
07-10 16:10:05.759 1566 1600 D PowerManagerNotifier: onWakeLockReleased: flags=1, tag="*job*/com.android.providers.media.module/com.android.providers.media.MediaService", packageName=android, ownerUid=1000, ownerPid=1566, workSource=WorkSource{10090}
07-10 16:10:05.759 1566 1600 D PowerManagerService: updateWakeLockSummaryLocked: mWakefulness=Awake, mWakeLockSummary=0x1
