07-07 22:31:07.918 0 0 I [ 9.301038] msm_vidc: high: 00000001: ....d: Opening video instance: 0000000000000000, 1
07-07 22:31:07.918 0 0 I [ 9.301064] msm_vidc: err : 00000001: ....d: Failed to create debugfs for msm_vidc
07-07 22:31:07.918 0 0 E [ 9.301397] init: Control message: Could not find 'vendor.qti.hardware.iop@2.0::IIop/default' for ctl.interface_start from pid: 522 (/system/bin/hwservicemanager)
07-07 22:31:07.918 0 0 E [ 9.301521] init: Control message: Could not find 'vendor.qti.hardware.iop@2.0::IIop/default' for ctl.interface_start from pid: 522 (/system/bin/hwservicemanager)
07-07 22:31:07.918 1566 1687 D PowerManagerService: acquireWakeLockInternal: lock=207757735, flags=0x1, tag="NetworkStats", ws=null, uid=1000, pid=1566
07-07 22:31:07.918 1566 1687 D PowerManagerService: updateWakeLockSummaryLocked: mWakefulness=Awake, mWakeLockSummary=0x1
07-07 22:31:07.918 1566 1687 D PowerManagerService: updateUserActivitySummaryLocked: groupId=0, mWakefulness=Awake, mUserActivitySummary=0x1, nextTimeout=69131 (in 59829 ms)
07-07 22:31:07.918 1566 1687 D PowerManagerNotifier: onScreenPolicyUpdate: newPolicy=3
07-07 22:31:07.918 1566 1687 D PowerManagerService: updateDisplayPowerStateLocked: displayReady=true, groupId=0, policy=BRIGHT, mWakefulness=Awake, mWakeLockSummary=0x1, mUserActivitySummary=0x1, mBootCompleted=false, screenBrightnessOverride=1.0, useAutoBrightness=false, mScreenBrightnessBoostInProgress=false, mIsVrModeEnabled= false, sQuiescent=false
07-07 22:31:07.918 1566 1687 D PowerManagerNotifier: onWakeLockAcquired: flags=1, tag="NetworkStats", packageName=android, ownerUid=1000, ownerPid=1566, workSource=null
07-07 22:31:07.919 1566 2073 W ContextImpl: Calling a method in the system process without a qualified user: android.app.ContextImpl.bindService:1895 android.content.ContextWrapper.bindService:810 com.qualcomm.qti.activityextension.ActivityNotifier.bindToDynamicDDSService:103 com.qualcomm.qti.activityextension.ActivityNotifier.handleSendActivityInvokeNotification:184 com.qualcomm.qti.activityextension.ActivityNotifier.access$300:26
07-07 22:31:07.920 1566 1704 D PowerManagerService: updateUserActivitySummaryLocked: groupId=0, mWakefulness=Awake, mUserActivitySummary=0x1, nextTimeout=69131 (in 59828 ms)
07-07 22:31:07.920 1566 1704 D PowerManagerNotifier: onScreenPolicyUpdate: newPolicy=3
07-07 22:31:07.920 1566 1704 D PowerManagerService: updateDisplayPowerStateLocked: displayReady=true, groupId=0, policy=BRIGHT, mWakefulness=Awake, mWakeLockSummary=0x1, mUserActivitySummary=0x1, mBootCompleted=false, screenBrightnessOverride=1.0, useAutoBrightness=false, mScreenBrightnessBoostInProgress=false, mIsVrModeEnabled= false, sQuiescent=false
07-07 22:31:07.925 1566 1566 I SystemServerTiming: startMicroService
07-07 22:31:07.926 0 0 I [ 9.309587] msm_vidc: high: 00000001: h265d: Closed video instance: 0000000000000000
07-07 22:31:07.927 1566 1687 D PowerManagerService: releaseWakeLockInternal: lock=207757735 [NetworkStats], flags=0x0
07-07 22:31:07.927 1566 1687 D PowerManagerNotifier: onWakeLockReleased: flags=1, tag="NetworkStats", packageName=android, ownerUid=1000, ownerPid=1566, workSource=null
07-07 22:31:07.930 0 0 E [ 9.314066] init: Control message: Could not find 'vendor.qti.hardware.iop@2.0::IIop/default' for ctl.interface_start from pid: 522 (/system/bin/hwservicemanager)
07-07 22:31:07.927 1566 1690 W ActivityManager: Slow operation: 144ms so far, now at startProcess: done updating battery stats
07-07 22:31:07.927 1566 1690 W ActivityManager: Slow operation: 144ms so far, now at startProcess: building log message
07-07 22:31:07.927 1566 1690 I ActivityManager: Start proc 2102:com.thundercomm.microservice/1000 for added application com.thundercomm.microservice
07-07 22:31:07.927 1566 1690 W ActivityManager: Slow operation: 144ms so far, now at startProcess: starting to update pids map
07-07 22:31:07.928 1566 1690 W ActivityManager: Slow operation: 144ms so far, now at startProcess: done updating pids map
07-07 22:31:07.928 1566 1690 W ActivityManager: Slow operation: 143ms so far, now at startProcess: asking zygote to start proc
07-07 22:31:07.930 1566 1687 D PowerManagerService: updateWakeLockSummaryLocked: mWakefulness=Awake, mWakeLockSummary=0x1
07-07 22:31:07.930 1566 1687 D PowerManagerService: updateUserActivitySummaryLocked: groupId=0, mWakefulness=Awake, mUserActivitySummary=0x1, nextTimeout=69131 (in 59818 ms)
07-07 22:31:07.930 1566 1687 D PowerManagerNotifier: onScreenPolicyUpdate: newPolicy=3
07-07 22:31:07.930 1566 1687 D PowerManagerService: updateDisplayPowerStateLocked: displayReady=true, groupId=0, policy=BRIGHT, mWakefulness=Awake, mWakeLockSummary=0x1, mUserActivitySummary=0x1, mBootCompleted=false, screenBrightnessOverride=1.0, useAutoBrightness=false, mScreenBrightnessBoostInProgress=false, mIsVrModeEnabled= false, sQuiescent=false
07-07 22:31:07.930 1566 1681 D CompatibilityChangeReporter: Compat change id reported: 135634846; UID 1000; state: DISABLED
07-07 22:31:07.931 1566 1681 D CompatibilityChangeReporter: Compat change id reported: 177438394; UID 1000; state: DISABLED
07-07 22:31:07.931 1566 1681 D CompatibilityChangeReporter: Compat change id reported: 135772972; UID 1000; state: DISABLED
07-07 22:31:07.931 1566 1681 D CompatibilityChangeReporter: Compat change id reported: 135754954; UID 1000; state: ENABLED
07-07 22:31:07.931 1566 1566 I SystemServerTiming: startRemoteControlService
07-07 22:31:07.932 1566 1566 I SystemServerTiming: startTcService
07-07 22:31:07.933 1566 2073 W ContextImpl: Calling a method in the system process without a qualified user: android.app.ContextImpl.bindService:1895 android.content.ContextWrapper.bindService:810 com.qualcomm.qti.activityextension.ActivityNotifier.bindToDynamicDDSService:103 com.qualcomm.qti.activityextension.ActivityNotifier.handleSendActivityInvokeNotification:184 com.qualcomm.qti.activityextension.ActivityNotifier.access$300:26
07-07 22:31:07.933 1566 1690 W ActivityManager: Slow operation: 148ms so far, now at startProcess: returned from zygote!
07-07 22:31:07.935 1566 1566 I SystemServerTiming: startBoostPerfService
07-07 22:31:07.936 1566 1690 W ActivityManager: Slow operation: 151ms so far, now at startProcess: done updating battery stats
07-07 22:31:07.936 1566 1690 W ActivityManager: Slow operation: 151ms so far, now at startProcess: building log message
07-07 22:31:07.936 1566 1690 I ActivityManager: Start proc 2119:com.thundercomm.microsettings/1000 for added application com.thundercomm.microsettings
07-07 22:31:07.936 1566 1690 W ActivityManager: Slow operation: 151ms so far, now at startProcess: starting to update pids map
07-07 22:31:07.936 1566 1690 W ActivityManager: Slow operation: 151ms so far, now at startProcess: done updating pids map
07-07 22:31:07.936 1566 1690 W ActivityManager: Slow operation: 150ms so far, now at startProcess: asking zygote to start proc
07-07 22:31:07.939 0 0 I [ 9.320605] binder: 2102:2102 ioctl 40046210 7fe4a4a554 returned -22
07-07 22:31:07.940 1566 1566 W Looper : Slow delivery took 1472ms main h=android.app.PropertyInvalidatedCache$AutoCorker$1 c=null m=0
07-07 22:31:07.941 1566 1687 D PowerManagerService: acquireWakeLockInternal: lock=207757735, flags=0x1, tag="NetworkStats", ws=null, uid=1000, pid=1566
07-07 22:31:07.941 1566 1687 D PowerManagerService: updateWakeLockSummaryLocked: mWakefulness=Awake, mWakeLockSummary=0x1
07-07 22:31:07.941 1566 1687 D PowerManagerService: updateUserActivitySummaryLocked: groupId=0, mWakefulness=Awake, mUserActivitySummary=0x1, nextTimeout=69131 (in 59806 ms)
07-07 22:31:07.941 1566 1687 D PowerManagerNotifier: onScreenPolicyUpdate: newPolicy=3
07-07 22:31:07.942 1566 1687 D PowerManagerService: updateDisplayPowerStateLocked: displayReady=true, groupId=0, policy=BRIGHT, mWakefulness=Awake, mWakeLockSummary=0x1, mUserActivitySummary=0x1, mBootCompleted=false, screenBrightnessOverride=1.0, useAutoBrightness=false, mScreenBrightnessBoostInProgress=false, mIsVrModeEnabled= false, sQuiescent=false
07-07 22:31:07.942 1566 1687 D PowerManagerNotifier: onWakeLockAcquired: flags=1, tag="NetworkStats", packageName=android, ownerUid=1000, ownerPid=1566, workSource=null
07-07 22:31:07.944 1566 1704 D PowerManagerService: updateIsPoweredLocked: wasPowered=true, mIsPowered=true, oldPlugType=0, mPlugType=0, mBatteryLevel=0
07-07 22:31:07.944 1566 1566 D ConditionProviders.SCP: onConnected
07-07 22:31:07.944 1566 1566 I GameModeConfig: isGameModeOn = false
07-07 22:31:07.945 1566 1566 D ConditionProviders: Subscribing to condition://android/event?userId=-10000&calendar=&reply=1 with ComponentInfo{android/com.android.server.notification.EventConditionProvider}
07-07 22:31:07.945 1566 1566 D ConditionProviders: Subscribing to condition://android/schedule?days=1.2.3.4.5.6.7&start=22.0&end=7.0&exitAtAlarm=true with ComponentInfo{android/com.android.server.notification.ScheduleConditionProvider}
07-07 22:31:07.947 1566 1690 W ActivityManager: Slow operation: 161ms so far, now at startProcess: returned from zygote!
07-07 22:31:07.951 1566 1566 D CompatibilityChangeReporter: Compat change id reported: 135634846; UID 10091; state: DISABLED
07-07 22:31:07.951 1566 1566 D CompatibilityChangeReporter: Compat change id reported: 177438394; UID 10091; state: DISABLED
07-07 22:31:07.951 1566 1566 D CompatibilityChangeReporter: Compat change id reported: 135772972; UID 10091; state: DISABLED
07-07 22:31:07.951 1566 1566 D CompatibilityChangeReporter: Compat change id reported: 135754954; UID 10091; state: ENABLED
07-07 22:31:07.951 1566 1690 W ActivityManager: Slow operation: 165ms so far, now at startProcess: done updating battery stats
07-07 22:31:07.951 1566 1690 W ActivityManager: Slow operation: 165ms so far, now at startProcess: building log message
07-07 22:31:07.951 1566 1690 I ActivityManager: Start proc 2133:.dataservices/1001 for added application .dataservices
07-07 22:31:07.951 1566 1690 W ActivityManager: Slow operation: 165ms so far, now at startProcess: starting to update pids map
07-07 22:31:07.951 1566 1690 W ActivityManager: Slow operation: 165ms so far, now at startProcess: done updating pids map
07-07 22:31:07.951 1566 1690 W ActivityManager: Slow operation: 165ms so far, now at startProcess: asking zygote to start proc
07-07 22:31:07.951 1566 1690 D CompatibilityChangeReporter: Compat change id reported: 143937733; UID 10052; state: DISABLED
07-07 22:31:07.953 1566 2065 D CompatibilityChangeReporter: Compat change id reported: 168419799; UID 1000; state: DISABLED
07-07 22:31:07.955 1566 1566 I GameModeConfig: isGameModeOn = false
07-07 22:31:07.957 1566 2065 D CompatibilityChangeReporter: Compat change id reported: 181136395; UID 1000; state: DISABLED
07-07 22:31:07.960 0 0 I [ 9.343861] msm_vidc: high: 00000001: ....d: Opening video instance: 0000000000000000, 1
07-07 22:31:07.960 0 0 I [ 9.343902] msm_vidc: err : 00000001: ....d: Failed to create debugfs for msm_vidc
07-07 22:31:07.957 1566 2065 D CompatibilityChangeReporter: Compat change id reported: 174042936; UID 1000; state: DISABLED
07-07 22:31:07.961 1566 1704 D PowerManagerService: updateIsPoweredLocked: wasPowered=true, mIsPowered=true, oldPlugType=0, mPlugType=0, mBatteryLevel=0
07-07 22:31:07.963 1566 1687 D PowerManagerService: releaseWakeLockInternal: lock=207757735 [NetworkStats], flags=0x0
07-07 22:31:07.963 1566 1687 D PowerManagerNotifier: onWakeLockReleased: flags=1, tag="NetworkStats", packageName=android, ownerUid=1000, ownerPid=1566, workSource=null
07-07 22:31:07.964 1566 1687 D PowerManagerService: updateWakeLockSummaryLocked: mWakefulness=Awake, mWakeLockSummary=0x1
07-07 22:31:07.964 1566 1687 D PowerManagerService: updateUserActivitySummaryLocked: groupId=0, mWakefulness=Awake, mUserActivitySummary=0x1, nextTimeout=69131 (in 59784 ms)
07-07 22:31:07.964 1566 1687 D PowerManagerNotifier: onScreenPolicyUpdate: newPolicy=3
07-07 22:31:07.964 1566 1687 D PowerManagerService: updateDisplayPowerStateLocked: displayReady=true, groupId=0, policy=BRIGHT, mWakefulness=Awake, mWakeLockSummary=0x1, mUserActivitySummary=0x1, mBootCompleted=false, screenBrightnessOverride=1.0, useAutoBrightness=false, mScreenBrightnessBoostInProgress=false, mIsVrModeEnabled= false, sQuiescent=false
07-07 22:31:07.967 1566 1687 D CountryDetector: Using custom country detector class: com.android.server.location.ComprehensiveCountryDetector
07-07 22:31:07.967 1566 1687 E CountryDetector: Could not instantiate the custom country detector class
07-07 22:31:07.967 1566 1687 D CountryDetector: Using default country detector
07-07 22:31:07.969 0 0 I [ 9.352289] msm_vidc: high: 00000001: mpg2d: Closed video instance: 0000000000000000
07-07 22:31:07.975 1566 1690 W ActivityManager: Slow operation: 188ms so far, now at startProcess: returned from zygote!
07-07 22:31:07.984 0 0 I [ 9.365714] msm_vidc: high: 00000001: ....d: Opening video instance: 0000000000000000, 1
07-07 22:31:07.985 0 0 I [ 9.365747] msm_vidc: err : 00000001: ....d: Failed to create debugfs for msm_vidc
07-07 22:31:07.985 0 0 I [ 9.366800] binder: 2133:2133 ioctl 40046210 7fe4a4a554 returned -22
07-07 22:31:07.990 0 0 I [ 9.371140] msm_vidc: high: 00000001: mpg2d: Closed video instance: 0000000000000000
07-07 22:31:07.990 0 0 I [ 9.372592] binder: 2119:2119 ioctl 40046210 7fe4a4a554 returned -22
07-07 22:31:08.007 0 0 I [ 9.390031] msm_vidc: high: 00000001: ....d: Opening video instance: 0000000000000000, 1
07-07 22:31:08.007 0 0 I [ 9.390062] msm_vidc: err : 00000001: ....d: Failed to create debugfs for msm_vidc
07-07 22:31:08.011 0 0 I [ 9.393704] msm_vidc: high: 00000001: vp8d: Closed video instance: 0000000000000000
07-07 22:31:08.011 1566 1690 W ActivityManager: Slow operation: 224ms so far, now at startProcess: done updating battery stats
07-07 22:31:08.011 1566 1690 W ActivityManager: Slow operation: 224ms so far, now at startProcess: building log message
07-07 22:31:08.011 1566 1690 I ActivityManager: Start proc 2148:.qtidataservices/u0a52 for added application .qtidataservices
07-07 22:31:08.011 1566 1690 W ActivityManager: Slow operation: 224ms so far, now at startProcess: starting to update pids map
07-07 22:31:08.012 1566 1690 W ActivityManager: Slow operation: 225ms so far, now at startProcess: done updating pids map
07-07 22:31:08.012 1566 1690 W ActivityManager: Slow operation: 225ms so far, now at startProcess: asking zygote to start proc
07-07 22:31:08.018 1566 1743 D CompatibilityChangeReporter: Compat change id reported: 168419799; UID 1000; state: DISABLED
07-07 22:31:08.022 0 0 I [ 9.404407] binder: 2148:2148 ioctl 40046210 7fe4a4a554 returned -22
07-07 22:31:08.022 0 0 E [ 9.404503] init: Control message: Could not find 'vendor.qti.hardware.iop@2.0::IIop/default' for ctl.interface_start from pid: 522 (/system/bin/hwservicemanager)
07-07 22:31:08.021 1566 1690 W ActivityManager: Slow operation: 235ms so far, now at startProcess: returned from zygote!
07-07 22:31:08.022 1566 2065 D CompatibilityChangeReporter: Compat change id reported: 168419799; UID 1001; state: DISABLED
07-07 22:31:08.025 1566 2065 D CompatibilityChangeReporter: Compat change id reported: 168419799; UID 1001; state: DISABLED
07-07 22:31:08.027 1566 1690 W ActivityManager: Slow operation: 240ms so far, now at startProcess: done updating battery stats
07-07 22:31:08.027 1566 1690 W ActivityManager: Slow operation: 240ms so far, now at startProcess: building log message
07-07 22:31:08.027 1566 1690 I ActivityManager: Start proc 2205:com.thundercomm.tchttpserver/1000 for added application com.thundercomm.tchttpserver
07-07 22:31:08.027 1566 1690 W ActivityManager: Slow operation: 240ms so far, now at startProcess: starting to update pids map
07-07 22:31:08.027 1566 1690 W ActivityManager: Slow operation: 241ms so far, now at startProcess: done updating pids map
07-07 22:31:08.027 1566 1690 W ActivityManager: Slow operation: 240ms so far, now at startProcess: asking zygote to start proc
07-07 22:31:08.030 1566 1600 D CompatibilityChangeReporter: Compat change id reported: 135634846; UID 10062; state: DISABLED
07-07 22:31:08.030 1566 1600 D CompatibilityChangeReporter: Compat change id reported: 177438394; UID 10062; state: DISABLED
07-07 22:31:08.030 1566 1600 D CompatibilityChangeReporter: Compat change id reported: 135772972; UID 10062; state: DISABLED
07-07 22:31:08.030 1566 1600 D CompatibilityChangeReporter: Compat change id reported: 135754954; UID 10062; state: ENABLED
07-07 22:31:08.034 1566 1690 W ActivityManager: Slow operation: 246ms so far, now at startProcess: returned from zygote!
07-07 22:31:08.034 1566 2054 D CompatibilityChangeReporter: Compat change id reported: 168419799; UID 10052; state: DISABLED
07-07 22:31:08.037 1566 1690 W ActivityManager: Slow operation: 250ms so far, now at startProcess: done updating battery stats
07-07 22:31:08.037 1566 1690 W ActivityManager: Slow operation: 250ms so far, now at startProcess: building log message
07-07 22:31:08.037 1566 1690 I ActivityManager: Start proc 2212:com.tc.logclient/1000 for added application com.tc.logclient
07-07 22:31:08.038 1566 1690 W ActivityManager: Slow operation: 250ms so far, now at startProcess: starting to update pids map
07-07 22:31:08.038 1566 1690 W ActivityManager: Slow operation: 250ms so far, now at startProcess: done updating pids map
07-07 22:31:08.038 1566 1690 W ActivityManager: Slow operation: 249ms so far, now at startProcess: asking zygote to start proc
07-07 22:31:08.041 1566 1566 I PackageWatchdog: Syncing health check requests for packages: {}
07-07 22:31:08.042 1566 1566 I ExplicitHealthCheckController: Service not ready to get health check supported packages. Binding...
07-07 22:31:08.047 1566 1566 I ExplicitHealthCheckController: Explicit health check service is bound
07-07 22:31:08.057 0 0 I [ 9.439355] msm_vidc: high: 00000001: ....d: Opening video instance: 0000000000000000, 1
07-07 22:31:08.057 0 0 I [ 9.439393] msm_vidc: err : 00000001: ....d: Failed to create debugfs for msm_vidc
07-07 22:31:08.064 0 0 I [ 9.446524] binder: 2212:2212 ioctl 40046210 7fe4a4a554 returned -22
07-07 22:31:08.063 1566 2065 D CompatibilityChangeReporter: Compat change id reported: 182478738; UID 1073; state: DISABLED
07-07 22:31:08.069 0 0 I [ 9.450092] msm_vidc: high: 00000001: vp9d: Closed video instance: 0000000000000000
07-07 22:31:08.069 0 0 I [ 9.452568] binder: 2205:2205 ioctl 40046210 7fe4a4a554 returned -22
07-07 22:31:08.070 1566 1690 W ActivityManager: Slow operation: 281ms so far, now at startProcess: returned from zygote!
07-07 22:31:08.070 1566 1690 W ActivityManager: Slow operation: 281ms so far, now at startProcess: done updating battery stats
07-07 22:31:08.070 1566 1690 W ActivityManager: Slow operation: 281ms so far, now at startProcess: building log message
07-07 22:31:08.070 1566 1690 I ActivityManager: Start proc 2240:com.thundercomm.tcsetupwizard/1000 for added application com.thundercomm.tcsetupwizard
07-07 22:31:08.070 1566 1690 W ActivityManager: Slow operation: 282ms so far, now at startProcess: starting to update pids map
07-07 22:31:08.070 1566 1690 W ActivityManager: Slow operation: 282ms so far, now at startProcess: done updating pids map
07-07 22:31:08.070 1566 1690 W ActivityManager: Slow operation: 282ms so far, now at startProcess: asking zygote to start proc
07-07 22:31:08.075 1566 2065 D CompatibilityChangeReporter: Compat change id reported: 168419799; UID 1000; state: DISABLED
07-07 22:31:08.075 1566 1690 W ActivityManager: Slow operation: 287ms so far, now at startProcess: returned from zygote!
07-07 22:31:08.079 0 0 I [ 9.460677] binder: 2240:2240 ioctl 40046210 7fe4a4a554 returned -22
07-07 22:31:08.079 0 0 I [ 9.462734] msm_vidc: high: 00000001: ....d: Opening video instance: 0000000000000000, 1
07-07 22:31:08.085 0 0 I [ 9.462762] msm_vidc: err : 00000001: ....d: Failed to create debugfs for msm_vidc
07-07 22:31:08.079 1566 1690 W ActivityManager: Slow operation: 290ms so far, now at startProcess: done updating battery stats
07-07 22:31:08.079 1566 1690 W ActivityManager: Slow operation: 290ms so far, now at startProcess: building log message
07-07 22:31:08.079 1566 1690 I ActivityManager: Start proc 2263:vendor.qti.qesdk.sysservice/1000 for added application vendor.qti.qesdk.sysservice
07-07 22:31:08.079 1566 1690 W ActivityManager: Slow operation: 290ms so far, now at startProcess: starting to update pids map
07-07 22:31:08.085 1566 1690 W ActivityManager: Slow operation: 296ms so far, now at startProcess: done updating pids map
07-07 22:31:08.085 1566 1690 W ActivityManager: Slow operation: 295ms so far, now at startProcess: asking zygote to start proc
07-07 22:31:08.085 1566 1690 D CompatibilityChangeReporter: Compat change id reported: 143937733; UID 10083; state: DISABLED
07-07 22:31:08.087 1566 2057 D CompatibilityChangeReporter: Compat change id reported: 168419799; UID 1000; state: DISABLED
07-07 22:31:08.098 0 0 I [ 9.475316] binder: 2263:2263 ioctl 40046210 7fe4a4a554 returned -22
07-07 22:31:08.098 0 0 I [ 9.476979] msm_vidc: high: 00000001: vp9d: Closed video instance: 0000000000000000
07-07 22:31:08.092 1566 1861 D CompatibilityChangeReporter: Compat change id reported: 171306433; UID 1000; state: ENABLED
07-07 22:31:08.105 1566 1690 W ActivityManager: Slow operation: 315ms so far, now at startProcess: returned from zygote!
07-07 22:31:08.106 1566 1600 D CompatibilityChangeReporter: Compat change id reported: 168419799; UID 1000; state: DISABLED
07-07 22:31:08.111 1566 1690 W ActivityManager: Slow operation: 322ms so far, now at startProcess: done updating battery stats
07-07 22:31:08.112 1566 1690 W ActivityManager: Slow operation: 322ms so far, now at startProcess: building log message
07-07 22:31:08.112 1566 1690 I ActivityManager: Start proc 2296:com.qti.qualcomm.mstatssystemservice/u0a83 for added application com.qti.qualcomm.mstatssystemservice
07-07 22:31:08.112 1566 1690 W ActivityManager: Slow operation: 322ms so far, now at startProcess: starting to update pids map
07-07 22:31:08.112 1566 1690 W ActivityManager: Slow operation: 322ms so far, now at startProcess: done updating pids map
07-07 22:31:08.112 1566 1690 W ActivityManager: Slow operation: 320ms so far, now at startProcess: asking zygote to start proc
07-07 22:31:08.117 1566 1743 D CompatibilityChangeReporter: Compat change id reported: 168419799; UID 1000; state: DISABLED
07-07 22:31:08.124 1566 1690 W ActivityManager: Slow operation: 332ms so far, now at startProcess: returned from zygote!
07-07 22:31:08.124 1566 1690 W ActivityManager: Slow operation: 332ms so far, now at startProcess: done updating battery stats
07-07 22:31:08.124 1566 1690 W ActivityManager: Slow operation: 332ms so far, now at startProcess: building log message
07-07 22:31:08.124 1566 1690 I ActivityManager: Start proc 2304:com.android.se/1068 for added application com.android.se
07-07 22:31:08.124 1566 1690 W ActivityManager: Slow operation: 332ms so far, now at startProcess: starting to update pids map
07-07 22:31:08.124 1566 1690 W ActivityManager: Slow operation: 332ms so far, now at startProcess: done updating pids map
07-07 22:31:08.124 1566 1690 W ActivityManager: Slow operation: 331ms so far, now at startProcess: asking zygote to start proc
07-07 22:31:08.124 1566 1566 D PowerManagerService: releaseWakeLockInternal: lock=198405519 [WiredAccessoryManager], flags=0x0
07-07 22:31:08.124 1566 1566 D PowerManagerNotifier: onWakeLockReleased: flags=1, tag="WiredAccessoryManager", packageName=android, ownerUid=1000, ownerPid=1566, workSource=null
07-07 22:31:08.124 1566 1566 D PowerManagerService: updateWakeLockSummaryLocked: mWakefulness=Awake, mWakeLockSummary=0x0
07-07 22:31:08.125 1566 1566 D PowerManagerService: updateUserActivitySummaryLocked: groupId=0, mWakefulness=Awake, mUserActivitySummary=0x1, nextTimeout=69131 (in 59623 ms)
07-07 22:31:08.125 1566 1566 D PowerManagerNotifier: onScreenPolicyUpdate: newPolicy=3
07-07 22:31:08.125 1566 1566 D PowerManagerService: updateDisplayPowerStateLocked: displayReady=true, groupId=0, policy=BRIGHT, mWakefulness=Awake, mWakeLockSummary=0x0, mUserActivitySummary=0x1, mBootCompleted=false, screenBrightnessOverride=1.0, useAutoBrightness=false, mScreenBrightnessBoostInProgress=false, mIsVrModeEnabled= false, sQuiescent=false
07-07 22:31:08.125 1566 1566 D PowerManagerService: Releasing suspend blocker "PowerManagerService.WakeLocks".
07-07 22:31:08.128 1907 1907 W OneHandedController: Device doesn't support OneHanded feature
07-07 22:31:08.129 1566 1566 D PowerManagerService: updateUserActivitySummaryLocked: groupId=0, mWakefulness=Awake, mUserActivitySummary=0x1, nextTimeout=69131 (in 59619 ms)
07-07 22:31:08.129 1566 1566 D PowerManagerNotifier: onScreenPolicyUpdate: newPolicy=3
07-07 22:31:08.129 1566 1566 D PowerManagerService: updateDisplayPowerStateLocked: displayReady=true, groupId=0, policy=BRIGHT, mWakefulness=Awake, mWakeLockSummary=0x0, mUserActivitySummary=0x1, mBootCompleted=false, screenBrightnessOverride=1.0, useAutoBrightness=false, mScreenBrightnessBoostInProgress=false, mIsVrModeEnabled= false, sQuiescent=false
07-07 22:31:08.132 1566 1690 W ActivityManager: Slow operation: 340ms so far, now at startProcess: returned from zygote!
07-07 22:31:08.133 1566 1690 W ActivityManager: Slow operation: 340ms so far, now at startProcess: done updating battery stats
07-07 22:31:08.133 1566 1690 W ActivityManager: Slow operation: 340ms so far, now at startProcess: building log message
07-07 22:31:08.133 1566 1690 I ActivityManager: Start proc 2306:com.thundercomm.remotecontrolservice/1000 for added application com.thundercomm.remotecontrolservice
07-07 22:31:08.133 1566 1690 W ActivityManager: Slow operation: 340ms so far, now at startProcess: starting to update pids map
07-07 22:31:08.136 1566 1690 W ActivityManager: Slow operation: 344ms so far, now at startProcess: done updating pids map
07-07 22:31:08.137 1566 1690 W ActivityManager: Slow operation: 343ms so far, now at startProcess: asking zygote to start proc
07-07 22:31:08.142 0 0 I [ 9.525112] msm_vidc: high: 00000001: ....e: Opening video instance: 0000000000000000, 0
07-07 22:31:08.142 0 0 I [ 9.525171] msm_vidc: err : 00000001: ....e: Failed to create debugfs for msm_vidc
07-07 22:31:08.146 0 0 I [ 9.527927] binder: 2133:2301 ioctl 40046210 6ea0502344 returned -22
07-07 22:31:08.149 0 0 I [ 9.531051] binder: 2304:2304 ioctl 40046210 7fe4a4a554 returned -22
07-07 22:31:08.151 0 0 I [ 9.533625] binder: 1905:1905 ioctl 40046210 7fe4a49bc4 returned -22
07-07 22:31:08.153 1566 1690 W ActivityManager: Slow operation: 360ms so far, now at startProcess: returned from zygote!
07-07 22:31:08.154 1566 1690 W ActivityManager: Slow operation: 360ms so far, now at startProcess: done updating battery stats
07-07 22:31:08.154 1566 1690 W ActivityManager: Slow operation: 360ms so far, now at startProcess: building log message
07-07 22:31:08.154 1566 1690 I ActivityManager: Start proc 2339:com.thundercomm.tcservice/1000 for added application com.thundercomm.tcservice
07-07 22:31:08.154 1566 1690 W ActivityManager: Slow operation: 360ms so far, now at startProcess: starting to update pids map
07-07 22:31:08.154 0 0 I [ 9.536610] binder: 2296:2296 ioctl 40046210 7fe4a4a554 returned -22
07-07 22:31:08.154 1566 1690 W ActivityManager: Slow operation: 360ms so far, now at startProcess: done updating pids map
07-07 22:31:08.154 1566 1690 W ActivityManager: Slow operation: 359ms so far, now at startProcess: asking zygote to start proc
07-07 22:31:08.154 1566 1690 D CompatibilityChangeReporter: Compat change id reported: 143937733; UID 10061; state: ENABLED
07-07 22:31:08.158 0 0 I [ 9.540975] msm_vidc: high: 00000001: h264e: Closed video instance: 0000000000000000
07-07 22:31:08.162 1566 1743 D CompatibilityChangeReporter: Compat change id reported: 168419799; UID 1068; state: DISABLED
07-07 22:31:08.166 1566 2054 D CompatibilityChangeReporter: Compat change id reported: 168419799; UID 10083; state: DISABLED
07-07 22:31:08.172 1566 1566 I SystemServerTiming: ManagedServices.unbindOtherUserServices_current0
07-07 22:31:08.173 1566 1566 I SystemServerTiming: ManagedServices.unbindOtherUserServices_current0
07-07 22:31:08.173 1566 1566 I SystemServerTiming: ManagedServices.unbindOtherUserServices_current0
07-07 22:31:08.173 1566 1690 W ActivityManager: Slow operation: 378ms so far, now at startProcess: returned from zygote!
07-07 22:31:08.178 0 0 I [ 9.558015] binder: 2339:2339 ioctl 40046210 7fe4a4a554 returned -22
07-07 22:31:08.173 1566 1566 V NotificationAssistants: enabling notification assistant for 0: ComponentInfo{android.ext.services/android.ext.services.notification.Assistant}
07-07 22:31:08.174 1566 1566 V NotificationAssistants: binding: Intent { act=android.service.notification.NotificationAssistantService cmp=android.ext.services/.notification.Assistant (has extras) }
07-07 22:31:08.174 1566 1690 W ActivityManager: Slow operation: 379ms so far, now at startProcess: done updating battery stats
07-07 22:31:08.174 1566 1690 W ActivityManager: Slow operation: 379ms so far, now at startProcess: building log message
07-07 22:31:08.174 1566 1690 I ActivityManager: Start proc 2361:com.qualcomm.qti.devicestatisticsservice/u0a61 for added application com.qualcomm.qti.devicestatisticsservice
07-07 22:31:08.174 1566 1690 W ActivityManager: Slow operation: 379ms so far, now at startProcess: starting to update pids map
07-07 22:31:08.174 1566 1690 W ActivityManager: Slow operation: 379ms so far, now at startProcess: done updating pids map
07-07 22:31:08.174 1566 1690 W ActivityManager: Slow operation: 378ms so far, now at startProcess: asking zygote to start proc
07-07 22:31:08.180 0 0 I [ 9.558038] binder: 2306:2306 ioctl 40046210 7fe4a4a554 returned -22
07-07 22:31:08.181 1566 2057 D CompatibilityChangeReporter: Compat change id reported: 168419799; UID 1000; state: DISABLED
07-07 22:31:08.185 1566 2062 D CompatibilityChangeReporter: Compat change id reported: 168419799; UID 1000; state: DISABLED
07-07 22:31:08.189 1566 1690 W ActivityManager: Slow operation: 394ms so far, now at startProcess: returned from zygote!
07-07 22:31:08.190 1566 1690 W ActivityManager: Slow operation: 394ms so far, now at startProcess: done updating battery stats
07-07 22:31:08.190 1566 1690 W ActivityManager: Slow operation: 394ms so far, now at startProcess: building log message
07-07 22:31:08.190 1566 1690 I ActivityManager: Start proc 2380:com.qualcomm.qti.qdma/1000 for added application com.qualcomm.qti.qdma
07-07 22:31:08.190 1566 1690 W ActivityManager: Slow operation: 394ms so far, now at startProcess: starting to update pids map
07-07 22:31:08.190 1566 1690 W ActivityManager: Slow operation: 394ms so far, now at startProcess: done updating pids map
07-07 22:31:08.190 1566 1690 W ActivityManager: Slow operation: 262ms so far, now at startProcess: asking zygote to start proc
07-07 22:31:08.203 0 0 I [ 9.585381] binder: 2361:2361 ioctl 40046210 7fe4a4a554 returned -22
07-07 22:31:08.207 2119 2119 W ContextImpl: Calling a method in the system process without a qualified user: android.app.ContextImpl.startService:1816 android.content.ContextWrapper.startService:774 com.thundercomm.microsettings.service.SettingsApplication.onCreate:30 android.app.Instrumentation.callApplicationOnCreate:1212 android.app.ActivityThread.handleBindApplication:6744
07-07 22:31:08.207 1566 2065 D CompatibilityChangeReporter: Compat change id reported: 168419799; UID 10061; state: DISABLED
07-07 22:31:08.208 1566 1690 W ActivityManager: Slow operation: 280ms so far, now at startProcess: returned from zygote!
07-07 22:31:08.212 1566 2062 W ActivityManager: Unable to start service Intent { act=com.thundercomm.microsettings.SETTING_SERVICE pkg=com.thundercomm.microsettings } U=0: not found
07-07 22:31:08.212 1566 1690 W ActivityManager: Slow operation: 284ms so far, now at startProcess: done updating battery stats
07-07 22:31:08.212 1566 1690 W ActivityManager: Slow operation: 284ms so far, now at startProcess: building log message
07-07 22:31:08.212 1566 1690 I ActivityManager: Start proc 2398:com.android.settings/1000 for top-activity {com.android.settings/com.android.settings.FallbackHome}
07-07 22:31:08.212 1566 1690 W ActivityManager: Slow operation: 284ms so far, now at startProcess: starting to update pids map
07-07 22:31:08.212 1566 1690 W ActivityManager: Slow operation: 284ms so far, now at startProcess: done updating pids map
07-07 22:31:08.212 1566 1690 W ActivityManager: Slow operation: 261ms so far, now at startProcess: asking zygote to start proc
07-07 22:31:08.212 1566 1690 D CompatibilityChangeReporter: Compat change id reported: 143937733; UID 10091; state: ENABLED
07-07 22:31:08.217 2119 2119 W ContextImpl: Calling a method in the system process without a qualified user: android.app.ContextImpl.startService:1816 android.content.ContextWrapper.startService:774 com.thundercomm.microsettings.service.SettingsApplication.onCreate:36 android.app.Instrumentation.callApplicationOnCreate:1212 android.app.ActivityThread.handleBindApplication:6744
07-07 22:31:08.221 1566 2062 D CompatibilityChangeReporter: Compat change id reported: 157233955; UID 10077; state: ENABLED
07-07 22:31:08.223 1566 2065 W ActivityManager: Unable to start service Intent { act=com.thundercomm.microsettings.EOL_SERVICE pkg=com.thundercomm.microsettings } U=0: not found
07-07 22:31:08.232 0 0 I [ 9.615160] binder: 2380:2380 ioctl 40046210 7fe4a4a554 returned -22
07-07 22:31:08.236 1566 2062 D CompatibilityChangeReporter: Compat change id reported: 168419799; UID 1000; state: DISABLED
07-07 22:31:08.255 0 0 I [ 9.637686] binder: 2398:2398 ioctl 40046210 7fe4a4a554 returned -22
07-07 22:31:08.255 0 0 I [ 9.638378] binder: 2304:2304 ioctl 40046210 7fe4a49504 returned -22
07-07 22:31:08.244 1566 1690 W ActivityManager: Slow operation: 293ms so far, now at startProcess: returned from zygote!
07-07 22:31:08.244 1566 1690 W ActivityManager: Slow operation: 293ms so far, now at startProcess: done updating battery stats
07-07 22:31:08.244 1566 1690 W ActivityManager: Slow operation: 293ms so far, now at startProcess: building log message
07-07 22:31:08.244 1566 1690 I ActivityManager: Start proc 2424:android.ext.services/u0a91 for service {android.ext.services/android.ext.services.autofill.InlineSuggestionRenderServiceImpl}
07-07 22:31:08.244 1566 1690 W ActivityManager: Slow operation: 294ms so far, now at startProcess: starting to update pids map
07-07 22:31:08.244 1566 1690 W ActivityManager: Slow operation: 294ms so far, now at startProcess: done updating pids map
07-07 22:31:08.244 1566 1690 W ActivityManager: Slow operation: 215ms so far, now at startProcess: asking zygote to start proc
07-07 22:31:08.244 1566 1690 D CompatibilityChangeReporter: Compat change id reported: 143937733; UID 10062; state: ENABLED
07-07 22:31:08.252 1566 1690 W ActivityManager: Slow operation: 222ms so far, now at startProcess: returned from zygote!
07-07 22:31:08.252 1566 1690 W ActivityManager: Slow operation: 222ms so far, now at startProcess: done updating battery stats
07-07 22:31:08.252 1566 1690 W ActivityManager: Slow operation: 222ms so far, now at startProcess: building log message
07-07 22:31:08.252 1566 1690 I ActivityManager: Start proc 2439:com.thundercomm.gamemode.provider/u0a62 for content provider {com.thundercomm.gamemode.provider/com.thundercomm.gamemode.provider.SettingsProvider}
07-07 22:31:08.252 1566 1690 W ActivityManager: Slow operation: 222ms so far, now at startProcess: starting to update pids map
07-07 22:31:08.252 1566 1690 W ActivityManager: Slow operation: 222ms so far, now at startProcess: done updating pids map
07-07 22:31:08.265 1566 2065 D CompatibilityChangeReporter: Compat change id reported: 168419799; UID 1000; state: DISABLED
07-07 22:31:08.268 0 0 I [ 9.650599] binder: 2424:2424 ioctl 40046210 7fe4a4a554 returned -22
07-07 22:31:08.280 1566 2062 D CompatibilityChangeReporter: Compat change id reported: 168419799; UID 10091; state: DISABLED
07-07 22:31:08.283 0 0 I [ 9.664831] msm_vidc: high: 00000001: ....e: Opening video instance: 0000000000000000, 0
07-07 22:31:08.283 0 0 I [ 9.664896] msm_vidc: err : 00000001: ....e: Failed to create debugfs for msm_vidc
07-07 22:31:08.287 0 0 I [ 9.667854] input: Remote Mouse Controller as /devices/virtual/input/input4
07-07 22:31:08.290 0 0 I [ 9.673157] input: Remote Keyboard Controller as /devices/virtual/input/input5
07-07 22:31:08.297 0 0 I [ 9.678664] binder: 2439:2439 ioctl 40046210 7fe4a4a554 returned -22
07-07 22:31:08.297 1566 1566 W Looper : Slow dispatch took 121ms main h=android.app.ActivityThread$H c=android.app.LoadedApk$ReceiverDispatcher$Args$$ExternalSyntheticLambda0@9b159bd m=0
07-07 22:31:08.298 1566 1566 D ConditionProviders.SCP: onSubscribe condition://android/schedule?days=1.2.3.4.5.6.7&start=22.0&end=7.0&exitAtAlarm=true
07-07 22:31:08.298 1566 1566 D ConditionProviders.SCP: setRegistered true
07-07 22:31:08.304 1566 1566 D ConditionProviders.SCP: evaluateSubscriptionLocked cal=ScheduleCalendar[mDays={1, 2, 3, 4, 5, 6, 7}, mSchedule=ScheduleInfo{days=[1, 2, 3, 4, 5, 6, 7], startHour=22, startMinute=0, endHour=7, endMinute=0, exitAtAlarm=true, nextAlarm=Thu Jan 01 08:00:00 GMT+08:00 1970 (0)}], now=Fri Jul 07 22:31:08 GMT+08:00 2023 (1688740268298), nextUserAlarmTime=Thu Jan 01 08:00:00 GMT+08:00 1970 (0)
07-07 22:31:08.304 1566 1566 D ConditionProviders.SCP: notifyCondition condition://android/schedule?days=1.2.3.4.5.6.7&start=22.0&end=7.0&exitAtAlarm=true STATE_TRUE reason=meetsSchedule
07-07 22:31:08.306 0 0 I [ 9.683947] msm_vidc: high: 00000001: h265e: Closed video instance: 0000000000000000
07-07 22:31:08.306 1566 1566 D ConditionProviders.SCP: Scheduling evaluate for Sat Jul 08 07:00:00 GMT+08:00 2023 (1688770800000), in +8h28m51s702ms, now=Fri Jul 07 22:31:08 GMT+08:00 2023 (1688740268298)
07-07 22:31:08.306 1566 2057 D CompatibilityChangeReporter: Compat change id reported: 168419799; UID 10062; state: DISABLED
07-07 22:31:08.309 2119 2119 I MicroServiceManager: Init MicroServiceManager: FSEM_SettingService
07-07 22:31:08.309 2119 2119 I MicroServiceManager: addCommonCallbackListener add listener: FSEM_SettingService
07-07 22:31:08.309 2119 2119 I MicroServiceManager: Bind and register callback to MicroService: FSEM_SettingService
07-07 22:31:08.311 1566 1566 I ConnectivityModuleConnector: Networking module service connected
07-07 22:31:08.313 1566 1851 W ActivityThread: Failed to find provider info for com.android.calendar (user not unlocked)
07-07 22:31:08.315 0 0 I [ 9.698989] msm_vidc: high: 00000001: ....e: Opening video instance: 0000000000000000, 0
07-07 22:31:08.315 0 0 I [ 9.699041] msm_vidc: err : 00000001: ....e: Failed to create debugfs for msm_vidc
07-07 22:31:08.316 2119 2119 I MicroServiceManager: Bind and register callback to MicroService: FSEM_SettingService, result: successfully.
07-07 22:31:08.316 2119 2119 I MicroServiceManager: addConnectChangedListener add listener: FSEM_SettingService
07-07 22:31:08.319 1566 1851 W ActivityThread: Failed to find provider info for com.android.calendar (user not unlocked)
07-07 22:31:08.322 0 0 I [ 9.705306] binder: 2339:2339 ioctl 40046210 7fe4a490c4 returned -22
07-07 22:31:08.326 1566 1566 W BluetoothManagerService: bindBluetoothProfileService:Trying to bind to profile: 1, while Bluetooth is disabled
07-07 22:31:08.327 0 0 I [ 9.708564] msm_vidc: high: 00000001: h265e: Closed video instance: 0000000000000000
07-07 22:31:08.327 1566 2507 I Telecom : BluetoothRouteManager: getBluetoothAudioConnectedDevice: no service available.
07-07 22:31:08.328 1566 1566 I Telecom : SystemStateHelper: Registering broadcast receiver: android.content.IntentFilter@f7cf404: TS.init@AAA
07-07 22:31:08.328 1566 1566 I Telecom : SystemStateHelper: Registering broadcast receiver: android.content.IntentFilter@9a54ded: TS.init@AAA
07-07 22:31:08.334 1566 2510 I Telecom : Logging.Events: Non-call EVENT: AUDIO_ROUTE, Entering state QuiescentEarpieceRoute
07-07 22:31:08.334 1566 2510 I Telecom : BluetoothRouteManager: getBluetoothAudioConnectedDevice: no service available.
07-07 22:31:08.336 2339 2339 W ContextImpl: Calling a method in the system process without a qualified user: android.app.ContextImpl.startService:1816 android.content.ContextWrapper.startService:774 com.thundercomm.tcservice.TCService.init:48 com.thundercomm.tcservice.TCService.onCreate:34 android.app.ActivityThread.handleCreateService:4488
07-07 22:31:08.342 1566 2515 I Telecom : CallAudioModeStateMachine: Message received: null.: TS.init->CAMSM.pM_1@AAA
07-07 22:31:08.345 1566 1566 I Telecom : MissedCallNotifierImpl: reloadFromDatabase: Boot not yet complete -- call log db may not be available. Deferring loading until boot complete for user 0: TS.init@AAA
07-07 22:31:08.349 1566 1566 I Telecom : MissedCallNotifierImpl: reloadFromDatabase: Boot not yet complete -- call log db may not be available. Deferring loading until boot complete for user 0: TS.init@AAA
07-07 22:31:08.352 1566 1566 I Telecom : Class: TelecomSystem.INSTANCE being set
07-07 22:31:08.354 1566 1566 D BluetoothManagerService: Bluetooth Adapter name changed to 高åˆå¨±ä¹å‰¯å± by android
07-07 22:31:08.354 1566 1566 D BluetoothManagerService: Stored Bluetooth name: 高åˆå¨±ä¹å‰¯å±
07-07 22:31:08.354 1566 1566 I ConnectivityModuleConnector: Networking module service connected
07-07 22:31:08.356 1566 2531 E DropBoxManagerService: Can't init
07-07 22:31:08.356 1566 2531 E DropBoxManagerService: java.io.IOException: Can't mkdir: /data/tlog/fatal/dropbox
07-07 22:31:08.356 1566 2531 E DropBoxManagerService: at com.android.server.DropBoxManagerService.init(DropBoxManagerService.java:1011)
07-07 22:31:08.356 1566 2531 E DropBoxManagerService: at com.android.server.DropBoxManagerService.access$100(DropBoxManagerService.java:86)
07-07 22:31:08.356 1566 2531 E DropBoxManagerService: at com.android.server.DropBoxManagerService$1$1.run(DropBoxManagerService.java:148)
07-07 22:31:08.359 0 0 I [ 9.742357] msm_vidc: high: 00000001: ....e: Opening video instance: 0000000000000000, 0
07-07 22:31:08.359 0 0 I [ 9.742405] msm_vidc: err : 00000001: ....e: Failed to create debugfs for msm_vidc
07-07 22:31:08.359 0 0 I [ 9.742455] msm_vidc: err : 00000001: ....e: msm_vidc_comm_update_ctrl: failed: control name Ltr Count, min 0, max 0, step 0, default_value 0
07-07 22:31:08.359 1566 1566 I AutofillManagerService: Updating for user 0: disabled=false
07-07 22:31:08.360 1566 1566 D BluetoothManagerService: BluetoothServiceConnection: com.android.bluetooth.btservice.AdapterService
07-07 22:31:08.360 1566 1680 D BluetoothManagerService: MESSAGE_BLUETOOTH_SERVICE_CONNECTED: 1
07-07 22:31:08.362 0 0 I [ 9.745514] msm_vidc: high: 00000001: vp8e: Closed video instance: 0000000000000000
07-07 22:31:08.362 1566 2536 E DropBoxManagerService: Can't init
07-07 22:31:08.362 1566 2536 E DropBoxManagerService: java.io.IOException: Can't mkdir: /data/tlog/fatal/dropbox
07-07 22:31:08.362 1566 2536 E DropBoxManagerService: at com.android.server.DropBoxManagerService.init(DropBoxManagerService.java:1011)
07-07 22:31:08.362 1566 2536 E DropBoxManagerService: at com.android.server.DropBoxManagerService.access$100(DropBoxManagerService.java:86)
07-07 22:31:08.362 1566 2536 E DropBoxManagerService: at com.android.server.DropBoxManagerService$1$1.run(DropBoxManagerService.java:148)
07-07 22:31:08.362 1566 1566 I Telecom : WiredHeadsetManager: ACTION_HEADSET_PLUG event, plugged in: false, : WHC.oADA@AAE
07-07 22:31:08.362 1566 1566 I ExplicitHealthCheckController: Explicit health check service is connected ComponentInfo{android.ext.services/android.ext.services.watchdog.ExplicitHealthCheckServiceImpl}
07-07 22:31:08.363 1566 1566 I ExplicitHealthCheckController: Service initialized, syncing requests
07-07 22:31:08.364 1566 1680 D BluetoothManagerService: MESSAGE_INFORM_ADAPTER_SERVICE_UP
07-07 22:31:08.364 1566 1680 D BluetoothManagerService: Broadcasting onBluetoothServiceUp() to 3 receivers.
07-07 22:31:08.364 0 0 I [ 9.746827] binder: 2380:2380 ioctl 40046210 7fe4a48534 returned -22
07-07 22:31:08.365 1566 1680 D BluetoothManagerService: MESSAGE_BLUETOOTH_STATE_CHANGE: OFF > BLE_TURNING_ON
07-07 22:31:08.365 1566 1680 D BluetoothManagerService: Sending BLE State Change: OFF > BLE_TURNING_ON
07-07 22:31:08.367 1566 1566 V NotificationAssistants: 0 notification assistant service connected: ComponentInfo{android.ext.services/android.ext.services.notification.Assistant}
07-07 22:31:08.367 1566 1566 W Looper : Drained
07-07 22:31:08.368 1566 1566 I GameModeConfig: isGameModeOn = false
07-07 22:31:08.370 1566 1566 W NotificationHistory: Attempted to add notif for locked/gone/disabled user 0
07-07 22:31:08.370 1566 1566 I PackageWatchdog: Syncing health check requests for packages: {}
07-07 22:31:08.370 1566 1566 D ExplicitHealthCheckController: Getting health check supported packages
07-07 22:31:08.371 1566 1566 D CompanionDeviceManagerService: Received BT state transition broadcast: OFF -> BLE_TURNING_ON
07-07 22:31:08.373 1566 2058 D CompatibilityChangeReporter: Compat change id reported: 168419799; UID 1002; state: DISABLED
07-07 22:31:08.374 1566 2057 I ExplicitHealthCheckController: Explicit health check supported packages [PackageConfig{com.android.networkstack, 86400000}]
07-07 22:31:08.374 1566 2057 D PackageWatchdog: Received supported packages [PackageConfig{com.android.networkstack, 86400000}]
07-07 22:31:08.374 1566 2057 D ExplicitHealthCheckController: Getting health check requested packages
07-07 22:31:08.375 1566 2054 I ExplicitHealthCheckController: Explicit health check requested packages []
07-07 22:31:08.375 1566 2054 I ExplicitHealthCheckController: No more health check requests, unbinding...
07-07 22:31:08.375 1566 2054 I ExplicitHealthCheckController: Explicit health check service is unbound
07-07 22:31:08.381 1566 2062 D CompatibilityChangeReporter: Compat change id reported: 135634846; UID 10072; state: DISABLED
07-07 22:31:08.381 1566 2062 D CompatibilityChangeReporter: Compat change id reported: 177438394; UID 10072; state: DISABLED
07-07 22:31:08.381 1566 2062 D CompatibilityChangeReporter: Compat change id reported: 135772972; UID 10072; state: DISABLED
07-07 22:31:08.381 1566 2062 D CompatibilityChangeReporter: Compat change id reported: 135754954; UID 10072; state: ENABLED
07-07 22:31:08.381 1566 1690 D CompatibilityChangeReporter: Compat change id reported: 143937733; UID 10072; state: ENABLED
07-07 22:31:08.388 1566 1690 I ActivityManager: Start proc 2555:com.android.launcher3/u0a72 for service {com.android.launcher3/com.android.quickstep.TouchInteractionService}
07-07 22:31:08.404 0 0 E [ 9.786952] bt_ioctl: BT_CMD_PWR_CTRL pwr_cntrl:0
07-07 22:31:08.404 0 0 E [ 9.786960] bt_ioctl: BT state already:0 no change done
07-07 22:31:08.404 0 0 E : [ 9.786960]
07-07 22:31:08.404 0 0 E [ 9.786973] bt_ioctl: BT_CMD_PWR_CTRL pwr_cntrl:1
07-07 22:31:08.404 0 0 I : [ 9.787000] bt_power vendor:bt_qca6390: Linked as a consumer to regulator.9
07-07 22:31:08.404 0 0 E [ 9.787520] bt_vreg_enable: vreg_en successful for : qca,bt-vdd-aon
07-07 22:31:08.404 0 0 I : [ 9.787552] bt_power vendor:bt_qca6390: Linked as a consumer to regulator.51
07-07 22:31:08.405 0 0 E [ 9.788299] bt_vreg_enable: vreg_en successful for : qca,bt-vdd-dig
07-07 22:31:08.405 0 0 I : [ 9.788321] bt_power vendor:bt_qca6390: Linked as a consumer to regulator.8
07-07 22:31:08.405 0 0 E [ 9.788371] bt_vreg_enable: vreg_en successful for : qca,bt-vdd-rfa1
07-07 22:31:08.405 0 0 I : [ 9.788393] bt_power vendor:bt_qca6390: Linked as a consumer to regulator.36
07-07 22:31:08.405 0 0 E [ 9.788426] bt_vreg_enable: vreg_en successful for : qca,bt-vdd-rfa2
07-07 22:31:08.405 0 0 I : [ 9.788437] bt_power vendor:bt_qca6390: Linked as a consumer to regulator.27
07-07 22:31:08.408 0 0 E [ 9.790365] bt_vreg_enable: vreg_en successful for : qca,bt-vdd-asd
07-07 22:31:08.408 0 0 I [ 9.790730] binder: 2555:2555 ioctl 40046210 7fe4a4a554 returned -22
07-07 22:31:08.416 1566 2062 D CompatibilityChangeReporter: Compat change id reported: 168419799; UID 10072; state: DISABLED
07-07 22:31:08.431 1566 2054 D CompatibilityChangeReporter: Compat change id reported: 135634846; UID 10080; state: DISABLED
07-07 22:31:08.431 1566 2054 D CompatibilityChangeReporter: Compat change id reported: 177438394; UID 10080; state: DISABLED
07-07 22:31:08.431 1566 2054 D CompatibilityChangeReporter: Compat change id reported: 135772972; UID 10080; state: DISABLED
07-07 22:31:08.431 1566 2054 D CompatibilityChangeReporter: Compat change id reported: 135754954; UID 10080; state: ENABLED
07-07 22:31:08.431 1566 1690 D CompatibilityChangeReporter: Compat change id reported: 143937733; UID 10080; state: ENABLED
07-07 22:31:08.438 1566 1690 I ActivityManager: Start proc 2593:com.qualcomm.qti.qccauthmgr/u0a80 for content provider {com.qualcomm.qti.qccauthmgr/com.qualcomm.qti.qccauthmgr.providers.SMQContentProvider}
07-07 22:31:08.456 0 0 I [ 9.839559] binder: 2398:2559 ioctl 40046210 6e9dfeb1f4 returned -22
07-07 22:31:08.461 0 0 I [ 9.844079] bt_configure_gpios: BTON:Turn Bt Off bt-reset-gpio(1121) value(0)
07-07 22:31:08.461 0 0 I [ 9.844080] bt_configure_gpios: BTON:Turn Bt Off
07-07 22:31:08.461 0 0 I [ 9.844082] bt_configure_gpios: bt-sw-ctrl-gpio(1224) value(1)
07-07 22:31:08.461 0 0 I [ 9.844083] bt_enable_bt_reset_gpios_safely: bt_enable_bt_reset_gpios_safely: BTON:Turn Bt On
07-07 22:31:08.461 0 0 I [ 9.844084] bt_enable_bt_reset_gpios_safely: bt_enable_bt_reset_gpios_safely: wl-reset-gpio(1120) value(1)
07-07 22:31:08.461 0 0 I [ 9.844085] bt_enable_bt_reset_gpios_safely: bt_enable_bt_reset_gpios_safely: BTON: Asserting BT_EN
07-07 22:31:08.464 0 0 I [ 9.844815] binder: 2593:2593 ioctl 40046210 7fe4a4a554 returned -22
07-07 22:31:08.468 1566 2062 D CompatibilityChangeReporter: Compat change id reported: 168419799; UID 10080; state: DISABLED
07-07 22:31:08.470 1566 1681 I ActivityManagerTiming: FinishBooting
