07-10 16:10:03.585 1566 3602 D CompatibilityChangeReporter: Compat change id reported: 135772972; UID 1000; state: DISABLED
07-10 16:10:03.585 1566 3602 D CompatibilityChangeReporter: Compat change id reported: 135754954; UID 1000; state: ENABLED
07-10 16:10:03.587 1566 3602 I ActivityManager: com.android.managedprovisioning is exempt from freezer
07-10 16:10:03.587 1566 3602 D CompatibilityChangeReporter: Compat change id reported: 135634846; UID 10026; state: DISABLED
07-10 16:10:03.587 1566 3602 D CompatibilityChangeReporter: Compat change id reported: 177438394; UID 10026; state: DISABLED
07-10 16:10:03.587 1566 3602 D CompatibilityChangeReporter: Compat change id reported: 135772972; UID 10026; state: DISABLED
07-10 16:10:03.587 1566 3602 D CompatibilityChangeReporter: Compat change id reported: 135754954; UID 10026; state: ENABLED
07-10 16:10:03.588 1566 3602 I ActivityManager: Killing 3641:com.android.localtransport/1000 (adj 905): empty #2
07-10 16:10:03.592 683 683 D Zygote : Forked child process 3681
07-10 16:10:03.593 1566 1690 I ActivityManager: Start proc 3681:com.android.dynsystem:dynsystem/1000 for service {com.android.dynsystem/com.android.dynsystem.DynamicSystemInstallationService}
07-10 16:10:03.593 1566 1690 D CompatibilityChangeReporter: Compat change id reported: 143937733; UID 10026; state: ENABLED
07-10 16:10:03.595 1566 1691 I libprocessgroup: Successfully killed process cgroup uid 1000 pid 3641 in 5ms
07-10 16:10:03.599 683 683 D Zygote : Forked child process 3682
07-10 16:10:03.599 1566 1690 I ActivityManager: Start proc 3682:com.android.managedprovisioning/u0a26 for broadcast {com.android.managedprovisioning/com.android.managedprovisioning.BootReminder}
07-10 16:10:03.604 3681 3681 E ystem:dynsyste: Not starting debugger since process cannot load the jdwp agent.
07-10 16:10:03.606 3681 3681 D ProcessState: Binder ioctl to enable oneway spam detection failed: Invalid argument
07-10 16:10:03.608 0 0 I [ 14.008448] binder: 3681:3681 ioctl 40046210 7fe4a4a554 returned -22
07-10 16:10:03.609 683 683 I Zygote : Process 3641 exited due to signal 9 (Killed)
07-10 16:10:03.616 0 0 I [ 14.018597] binder: 3682:3682 ioctl 40046210 7fe4a4a554 returned -22
07-10 16:10:03.613 1566 2058 D CompatibilityInfo: mCompatibilityFlags - 4
07-10 16:10:03.613 1566 2058 D CompatibilityInfo: applicationDensity - 240
07-10 16:10:03.613 1566 2058 D CompatibilityInfo: applicationScale - 1.0
07-10 16:10:03.614 1566 2058 D CompatibilityInfo: mCompatibilityFlags - 4
07-10 16:10:03.614 1566 2058 D CompatibilityInfo: applicationDensity - 240
07-10 16:10:03.614 1566 2058 D CompatibilityInfo: applicationScale - 1.0
07-10 16:10:03.614 3682 3682 E gedprovisionin: Not starting debugger since process cannot load the jdwp agent.
07-10 16:10:03.616 3682 3682 D ProcessState: Binder ioctl to enable oneway spam detection failed: Invalid argument
07-10 16:10:03.620 3681 3681 D CompatibilityChangeReporter: Compat change id reported: 171979766; UID 1000; state: ENABLED
07-10 16:10:03.624 1566 2058 D CompatibilityChangeReporter: Compat change id reported: 168419799; UID 10026; state: DISABLED
07-10 16:10:03.624 1566 2058 D CompatibilityInfo: mCompatibilityFlags - 4
07-10 16:10:03.624 1566 2058 D CompatibilityInfo: applicationDensity - 240
07-10 16:10:03.624 1566 2058 D CompatibilityInfo: applicationScale - 1.0
07-10 16:10:03.627 1566 2058 D CompatibilityInfo: mCompatibilityFlags - 4
07-10 16:10:03.627 1566 2058 D CompatibilityInfo: applicationDensity - 240
07-10 16:10:03.627 1566 2058 D CompatibilityInfo: applicationScale - 1.0
07-10 16:10:03.629 3682 3682 D CompatibilityChangeReporter: Compat change id reported: 171979766; UID 10026; state: ENABLED
07-10 16:10:03.640 1905 2176 D bt_btif : btif_transfer_context event 0, len 0
07-10 16:10:03.640 1905 2215 D bt_btif : btif task fetched event a001
07-10 16:10:03.640 1905 2215 D bt_btif : btif_context_switched for event: 0
07-10 16:10:03.642 3681 3681 I Perf : Connecting to perf service.
07-10 16:10:03.643 1405 3661 D QSEECOMAPI: Loaded image: APP id = 9
07-10 16:10:03.644 1405 3661 I QFP : qsc_start_app: Loading app [fingerpr] succeeded
07-10 16:10:03.644 1405 3661 I QFP : openFramework: entry with eeprom_buffer_size=0
07-10 16:10:03.646 0 0 W [ 14.044732] QSEECOM: qseecom_load_app: App with id 9 (fingerpr) now loaded
07-10 16:10:03.646 3681 3681 V GraphicsEnvironment: ANGLE Developer option for 'com.android.dynsystem' set to: 'default'
07-10 16:10:03.646 3681 3681 V GraphicsEnvironment: ANGLE GameManagerService for com.android.dynsystem: false
07-10 16:10:03.647 3681 3681 D NetworkSecurityConfig: No Network Security Config specified, using platform default
07-10 16:10:03.648 3681 3681 D NetworkSecurityConfig: No Network Security Config specified, using platform default
07-10 16:10:03.651 1566 1850 I GameModeConfig: isGameModeOn = true
07-10 16:10:03.651 1566 1850 I GameModeConfig: isGaming = false
07-10 16:10:03.653 532 569 D DrmLibTime: got the req here! ret=0
07-10 16:10:03.653 532 569 D DrmLibTime: command id, time_cmd_id = 770
07-10 16:10:03.653 532 569 D DrmLibTime: time_getutcsec starts!
07-10 16:10:03.653 532 569 D DrmLibTime: QSEE Time Listener: time_getutcsec
07-10 16:10:03.653 532 569 D DrmLibTime: QSEE Time Listener: get_utc_seconds
07-10 16:10:03.653 532 569 D DrmLibTime: QSEE Time Listener: time_get_modem_time
07-10 16:10:03.653 532 569 D DrmLibTime: QSEE Time Listener: Checking if ATS_MODEM is set or not.
07-10 16:10:03.653 532 569 D QC-time-services: Lib:time_genoff_operation: pargs->base = 13
07-10 16:10:03.653 532 569 D QC-time-services: Lib:time_genoff_operation: pargs->operation = 2
07-10 16:10:03.653 532 569 D QC-time-services: Lib:time_genoff_operation: pargs->ts_val = 0
07-10 16:10:03.653 532 569 D QC-time-services: Lib:time_genoff_operation: Send to server passed!!
07-10 16:10:03.653 660 928 D QC-time-services: Daemon: Connection accepted:time_genoff
07-10 16:10:03.654 660 3713 D QC-time-services: Daemon:Received base = 13, unit = 1, operation = 2,value = 0
07-10 16:10:03.654 660 3713 D QC-time-services: Daemon:genoff_opr: Base = 13, val = 0, operation = 2
07-10 16:10:03.654 660 3713 D QC-time-services: offset is: 0 for base: 13
07-10 16:10:03.654 532 569 E QC-time-services: Receive Passed == base = 13, unit = 1, operation = 2, result = 0
07-10 16:10:03.654 532 569 D DrmLibTime: QSEE Time Listener: ATS_MODEM is not set. Fallback to Android system time.
07-10 16:10:03.654 532 569 D DrmLibTime: QSEE Time Listener: Retrieved Android system time: 1688976603
07-10 16:10:03.654 532 569 D DrmLibTime: time_getutcsec returns 0, sec = 1688976603; nsec = 0
07-10 16:10:03.654 532 569 D DrmLibTime: time_getutcsec finished!
07-10 16:10:03.654 532 569 D DrmLibTime: iotcl_continue_command finished! and return 0
07-10 16:10:03.654 532 569 D DrmLibTime: before calling ioctl to read the next time_cmd
07-10 16:10:03.654 3681 3681 D DynamicSystemInstallationService: onStartCommand(): action=android.os.image.action.NOTIFY_IF_IN_USE
07-10 16:10:03.655 1566 2058 I DynamicSystemService: isInstalled(): false
07-10 16:10:03.662 660 928 E QC-time-services: Daemon: Time-services: Waiting to acceptconnection
07-10 16:10:03.665 2102 3715 I MicroService: Receive message: SocketMessageBean{businessData='21930', srcService='IDCM_HHServer', destService='FSEM_SettingService', messageType='0', uuid='1688976606732072000', payloadData={
07-10 16:10:03.665 2102 3715 I MicroService: "dstService" : "FSEM_SettingService",
07-10 16:10:03.665 2102 3715 I MicroService: "messageType" : 0,
07-10 16:10:03.665 2102 3715 I MicroService: "methodName" : "sendBrightness",
07-10 16:10:03.665 2102 3715 I MicroService: "parameters" : {
07-10 16:10:03.665 2102 3715 I MicroService: "IDCM_BrightValue" : 40
07-10 16:10:03.665 2102 3715 I MicroService: },
07-10 16:10:03.665 2102 3715 I MicroService: "srcService" : "IDCM_HHServer",
07-10 16:10:03.665 2102 3715 I MicroService: "uuid" : 1688976606732072000
07-10 16:10:03.665 2102 3715 I MicroService: }
07-10 16:10:03.665 2102 3715 I MicroService: }
07-10 16:10:03.666 2102 3715 I MicroService: onRequest(sendBrightness): {"IDCM_BrightValue":40}
07-10 16:10:03.667 2119 2237 D MicroSettings: ITCMicroCommonCallback: get request method = sendBrightness parameters = {"IDCM_BrightValue":40}
07-10 16:10:03.667 2102 3715 D MicroService: handleHeartBeat:5
07-10 16:10:03.730 662 675 W mpu_uart: [MSG-P:W]:wait resp time out :0-Timeout set:200
07-10 16:10:03.730 662 675 V mpu_uart: send data buf:[0x3c, 0x7, 0x0, 0x11, 0xff, 0x82, 0x57, ], send_res=7
07-10 16:10:03.731 1405 3661 E QFP : qfpCommand: error from send_command_to_tz: 0, QFP result -11 on (0 0)
07-10 16:10:03.731 1405 3661 I QFP : close: close, usecase 3 options 0
07-10 16:10:03.731 1405 3661 I QFP : closeHandle: closeHandle (0 0)
07-10 16:10:03.734 662 676 D mpu_uart: [MSG-P:R-M]:recved H:15, L:0
07-10 16:10:03.734 662 676 V mpu_uart: recv data buf:[0x3c, 0xf, 0x0, 0x0, 0xff, 0x82, 0x56, 0x30, 0x2e, 0x32, 0x2e, 0x30, 0x0, 0x0, 0x2a, ]
07-10 16:10:03.734 662 677 D mpu_uart: [SESSION-Distribute]:Message en queue:ff
07-10 16:10:03.735 2339 2503 D MCUUpdate: MCU version: 86 length: 9
07-10 16:10:03.738 1405 3661 D QSEECOMAPI: QSEECom_dealloc_memory
07-10 16:10:03.738 1405 3661 D QSEECOMAPI: QSEECom_shutdown_app, app_id = 9
07-10 16:10:03.741 2339 2503 D MCUUpdate: Current version: V0.2.0, Find version: V0.2.0
07-10 16:10:03.741 2339 2503 D MCUUpdate: no need to update!
07-10 16:10:03.742 3682 3682 I Perf : Connecting to perf service.
07-10 16:10:03.750 3682 3682 V GraphicsEnvironment: ANGLE Developer option for 'com.android.managedprovisioning' set to: 'default'
07-10 16:10:03.751 1405 3661 E QFP : Dropping unsupported QBT command
07-10 16:10:03.751 1405 3661 I QFP : openFramework:QFP TZ VERSION: 3.0.3.39
07-10 16:10:03.751 1405 3661 E QFP : releaseWakelock: qbt sensor handle is invalid
07-10 16:10:03.751 1405 3661 E QFP : qfp_init failed -1
07-10 16:10:03.751 1405 3661 E QFP : execute: could not enumerate error -1
07-10 16:10:03.751 1405 3661 I QFP : onError: ERROR: -1
07-10 16:10:03.751 1405 3661 I QFP : onError: Valid Error Code: 2
07-10 16:10:03.751 1405 3661 I QFP : onError: Vendor Error Code: 0
07-10 16:10:03.751 1405 3661 I QFP : ~QtiBiometricsFingerprintCallback:
07-10 16:10:03.751 1405 3661 I QFP : QfpThreadOptimize::invoke: entry.
07-10 16:10:03.751 1405 3661 I QFP : QfpThreadOptimize::invoke: QFP not initialized, exiting Optimize thread
07-10 16:10:03.751 1405 3661 I QFP : QfpThreadErieEvent::invoke: entry.
07-10 16:10:03.751 1405 3661 I QFP : QfpThreadErieEvent::invoke: QFP not initialized, exiting ErieEvent thread
07-10 16:10:03.751 3682 3682 V GraphicsEnvironment: ANGLE GameManagerService for com.android.managedprovisioning: false
07-10 16:10:03.751 1566 1566 D Fingerprint21: handleError, client: FingerprintInternalCleanupClient, error: 2, vendorCode: 0
07-10 16:10:03.752 1566 1566 E Fingerprint21: onError for non-error consumer: FingerprintInternalCleanupClient
07-10 16:10:03.753 3682 3682 D NetworkSecurityConfig: No Network Security Config specified, using platform default
07-10 16:10:03.753 3682 3682 D NetworkSecurityConfig: No Network Security Config specified, using platform default
07-10 16:10:03.754 0 0 W [ 14.152940] QSEECOM: __qseecom_unload_app: App (9) is unloaded
07-10 16:10:03.754 0 0 D [ 14.153406] qbt: qbt_release: entry minor_no=0 fd_available=0
07-10 16:10:03.754 0 0 D [ 14.153407] qbt: qbt_release: Releasing wakelock
07-10 16:10:03.754 0 0 D [ 14.153408] qbt: qbt_release: exit : fd_available=1
07-10 16:10:03.754 0 0 D [ 14.153410] qbt: qbt_release: entry minor_no=1 fd_available=1
07-10 16:10:03.754 0 0 D [ 14.153410] qbt: qbt_release: exit : fd_available=1
07-10 16:10:03.759 662 676 V mpu_uart: [MSG-P:SYNC]:sync resp:62
07-10 16:10:03.759 662 662 I mpu_uart: [TIME-:2]:delete
07-10 16:10:03.759 2339 2505 D MCUUpdate: Check MCU current version :res = 1
07-10 16:10:03.760 1566 2806 I BackupManagerService: [UserID:0] Found 653 stale backup journal(s), scheduling.
07-10 16:10:03.766 3682 3682 I CarUiInstaller: CarUiInstaller started for com.android.managedprovisioning
07-10 16:10:03.775 1566 2058 I ActivityManager: Killing 3682:com.android.managedprovisioning/u0a26 (adj 915): empty #2
07-10 16:10:03.776 1566 2058 I ActivityManager: Killing 3663:com.android.dynsystem/1000 (adj 925): empty #3
07-10 16:10:03.778 1566 2058 D CompatibilityChangeReporter: Compat change id reported: 168419799; UID 10023; state: DISABLED
07-10 16:10:03.778 1566 2058 D CompatibilityInfo: mCompatibilityFlags - 4
07-10 16:10:03.778 1566 2058 D CompatibilityInfo: applicationDensity - 240
07-10 16:10:03.778 1566 2058 D CompatibilityInfo: applicationScale - 1.0
07-10 16:10:03.779 3601 3601 D NetworkSecurityConfig: No Network Security Config specified, using platform default
07-10 16:10:03.781 1566 1691 I libprocessgroup: Successfully killed process cgroup uid 10026 pid 3682 in 5ms
07-10 16:10:03.782 1566 1743 D CompatibilityChangeReporter: Compat change id reported: 135634846; UID 10084; state: DISABLED
07-10 16:10:03.782 1566 1743 D CompatibilityChangeReporter: Compat change id reported: 177438394; UID 10084; state: DISABLED
07-10 16:10:03.782 1566 1743 D CompatibilityChangeReporter: Compat change id reported: 135772972; UID 10084; state: DISABLED
07-10 16:10:03.782 1566 1743 D CompatibilityChangeReporter: Compat change id reported: 135754954; UID 10084; state: ENABLED
07-10 16:10:03.783 1566 1690 D CompatibilityChangeReporter: Compat change id reported: 143937733; UID 10084; state: ENABLED
07-10 16:10:03.791 683 683 D Zygote : Forked child process 3719
07-10 16:10:03.791 1566 1690 I ActivityManager: Start proc 3719:com.android.music/u0a84 for broadcast {com.android.music/com.android.music.MediaPlaybackReceiver}
07-10 16:10:03.801 683 683 I Zygote : Process 3663 exited due to signal 9 (Killed)
07-10 16:10:03.802 683 683 I Zygote : Process 3682 exited due to signal 9 (Killed)
07-10 16:10:03.803 1566 1691 I libprocessgroup: Successfully killed process cgroup uid 1000 pid 3663 in 0ms
07-10 16:10:03.805 1566 1600 D PowerManagerService: releaseWakeLockInternal: lock=182096381 [AudioMix], flags=0x0
07-10 16:10:03.805 1566 1600 D PowerManagerNotifier: onWakeLockReleased: flags=1, tag="AudioMix", packageName=audioserver, ownerUid=1041, ownerPid=0, workSource=null
07-10 16:10:03.805 1566 1600 D PowerManagerService: updateWakeLockSummaryLocked: mWakefulness=Awake, mWakeLockSummary=0x1
07-10 16:10:03.805 1566 1600 D PowerManagerService: updateUserActivitySummaryLocked: groupId=0, mWakefulness=Awake, mUserActivitySummary=0x1, nextTimeout=70663 (in 56456 ms)
07-10 16:10:03.805 1566 1600 D PowerManagerNotifier: onScreenPolicyUpdate: newPolicy=3
07-10 16:10:03.805 1566 1600 D PowerManagerService: updateDisplayPowerStateLocked: displayReady=true, groupId=0, policy=BRIGHT, mWakefulness=Awake, mWakeLockSummary=0x1, mUserActivitySummary=0x1, mBootCompleted=true, screenBrightnessOverride=NaN, useAutoBrightness=true, mScreenBrightnessBoostInProgress=false, mIsVrModeEnabled= false, sQuiescent=false
07-10 16:10:03.806 1566 1600 D PowerManagerService: releaseWakeLockInternal: lock=153852327 [AudioMix], flags=0x0
07-10 16:10:03.806 1566 1600 D PowerManagerNotifier: onWakeLockReleased: flags=1, tag="AudioMix", packageName=audioserver, ownerUid=1041, ownerPid=0, workSource=null
07-10 16:10:03.806 1566 1600 D PowerManagerService: updateWakeLockSummaryLocked: mWakefulness=Awake, mWakeLockSummary=0x1
07-10 16:10:03.806 1566 1600 D PowerManagerService: updateUserActivitySummaryLocked: groupId=0, mWakefulness=Awake, mUserActivitySummary=0x1, nextTimeout=70663 (in 56455 ms)
07-10 16:10:03.806 1566 1600 D PowerManagerNotifier: onScreenPolicyUpdate: newPolicy=3
07-10 16:10:03.806 1566 1600 D PowerManagerService: updateDisplayPowerStateLocked: displayReady=true, groupId=0, policy=BRIGHT, mWakefulness=Awake, mWakeLockSummary=0x1, mUserActivitySummary=0x1, mBootCompleted=true, screenBrightnessOverride=NaN, useAutoBrightness=true, mScreenBrightnessBoostInProgress=false, mIsVrModeEnabled= false, sQuiescent=false
07-10 16:10:03.810 1566 1743 D PowerManagerService: releaseWakeLockInternal: lock=208048742 [AudioMix], flags=0x0
07-10 16:10:03.810 1566 1743 D PowerManagerNotifier: onWakeLockReleased: flags=1, tag="AudioMix", packageName=audioserver, ownerUid=1041, ownerPid=0, workSource=null
07-10 16:10:03.810 1566 1743 D PowerManagerService: updateWakeLockSummaryLocked: mWakefulness=Awake, mWakeLockSummary=0x1
07-10 16:10:03.810 1566 1743 D PowerManagerService: updateUserActivitySummaryLocked: groupId=0, mWakefulness=Awake, mUserActivitySummary=0x1, nextTimeout=70663 (in 56451 ms)
07-10 16:10:03.810 1566 1743 D PowerManagerNotifier: onScreenPolicyUpdate: newPolicy=3
07-10 16:10:03.810 1566 1743 D PowerManagerService: updateDisplayPowerStateLocked: displayReady=true, groupId=0, policy=BRIGHT, mWakefulness=Awake, mWakeLockSummary=0x1, mUserActivitySummary=0x1, mBootCompleted=true, screenBrightnessOverride=NaN, useAutoBrightness=true, mScreenBrightnessBoostInProgress=false, mIsVrModeEnabled= false, sQuiescent=false
07-10 16:10:03.811 3719 3719 E m.android.musi: Not starting debugger since process cannot load the jdwp agent.
07-10 16:10:03.814 3719 3719 D ProcessState: Binder ioctl to enable oneway spam detection failed: Invalid argument
07-10 16:10:03.818 0 0 I [ 14.216193] binder: 3719:3719 ioctl 40046210 7fe4a4a554 returned -22
07-10 16:10:03.821 1566 1743 D CompatibilityChangeReporter: Compat change id reported: 168419799; UID 10084; state: DISABLED
07-10 16:10:03.821 1566 1743 D CompatibilityInfo: mCompatibilityFlags - 4
07-10 16:10:03.821 1566 1743 D CompatibilityInfo: applicationDensity - 240
07-10 16:10:03.821 1566 1743 D CompatibilityInfo: applicationScale - 1.0
07-10 16:10:03.823 1566 1743 D CompatibilityInfo: mCompatibilityFlags - 4
07-10 16:10:03.824 1566 1743 D CompatibilityInfo: applicationDensity - 240
07-10 16:10:03.824 1566 1743 D CompatibilityInfo: applicationScale - 1.0
07-10 16:10:03.829 3719 3719 D CompatibilityChangeReporter: Compat change id reported: 171979766; UID 10084; state: ENABLED
07-10 16:10:03.856 3719 3719 I Perf : Connecting to perf service.
07-10 16:10:03.860 3719 3719 V GraphicsEnvironment: ANGLE Developer option for 'com.android.music' set to: 'default'
07-10 16:10:03.861 3719 3719 V GraphicsEnvironment: ANGLE GameManagerService for com.android.music: false
07-10 16:10:03.862 3719 3719 D NetworkSecurityConfig: No Network Security Config specified, using platform default
07-10 16:10:03.862 3719 3719 D NetworkSecurityConfig: No Network Security Config specified, using platform default
07-10 16:10:03.874 1566 1743 D CompatibilityChangeReporter: Compat change id reported: 135634846; UID 10058; state: DISABLED
07-10 16:10:03.874 1566 1743 D CompatibilityChangeReporter: Compat change id reported: 177438394; UID 10058; state: DISABLED
07-10 16:10:03.874 1566 1743 D CompatibilityChangeReporter: Compat change id reported: 135772972; UID 10058; state: DISABLED
07-10 16:10:03.874 1566 1743 D CompatibilityChangeReporter: Compat change id reported: 135754954; UID 10058; state: ENABLED
07-10 16:10:03.875 1566 1690 D CompatibilityChangeReporter: Compat change id reported: 143937733; UID 10058; state: ENABLED
07-10 16:10:03.875 1566 1743 I ActivityManager: Killing 3681:com.android.dynsystem:dynsystem/1000 (adj 905): empty #2
07-10 16:10:03.882 1566 1691 I libprocessgroup: Successfully killed process cgroup uid 1000 pid 3681 in 5ms
07-10 16:10:03.895 683 683 D Zygote : Forked child process 3736
07-10 16:10:03.895 1566 1690 I ActivityManager: Start proc 3736:com.android.onetimeinitializer/u0a58 for broadcast {com.android.onetimeinitializer/com.android.onetimeinitializer.OneTimeInitializerReceiver}
07-10 16:10:03.902 683 683 I Zygote : Process 3681 exited due to signal 9 (Killed)
07-10 16:10:03.916 3736 3736 E timeinitialize: Not starting debugger since process cannot load the jdwp agent.
07-10 16:10:03.922 0 0 I [ 14.320984] binder: 3736:3736 ioctl 40046210 7fe4a4a554 returned -22
07-10 16:10:03.918 3736 3736 D ProcessState: Binder ioctl to enable oneway spam detection failed: Invalid argument
07-10 16:10:03.926 1566 1600 D CompatibilityChangeReporter: Compat change id reported: 168419799; UID 10058; state: DISABLED
07-10 16:10:03.927 1566 1600 D CompatibilityInfo: mCompatibilityFlags - 4
07-10 16:10:03.927 1566 1600 D CompatibilityInfo: applicationDensity - 240
07-10 16:10:03.927 1566 1600 D CompatibilityInfo: applicationScale - 1.0
07-10 16:10:03.929 1566 1600 D CompatibilityInfo: mCompatibilityFlags - 4
07-10 16:10:03.929 1566 1600 D CompatibilityInfo: applicationDensity - 240
07-10 16:10:03.929 1566 1600 D CompatibilityInfo: applicationScale - 1.0
07-10 16:10:03.931 3736 3736 D CompatibilityChangeReporter: Compat change id reported: 171979766; UID 10058; state: ENABLED
07-10 16:10:03.941 3736 3736 D nativeloader: classloader namespace configured for unbundled product apk. library_path=/product/priv-app/OneTimeInitializer/lib/arm64:/product/lib64:/system/product/lib64
07-10 16:10:03.948 3736 3736 I Perf : Connecting to perf service.
07-10 16:10:03.952 3736 3736 V GraphicsEnvironment: ANGLE Developer option for 'com.android.onetimeinitializer' set to: 'default'
07-10 16:10:03.953 3736 3736 V GraphicsEnvironment: ANGLE GameManagerService for com.android.onetimeinitializer: false
07-10 16:10:03.954 3736 3736 D NetworkSecurityConfig: No Network Security Config specified, using platform default
07-10 16:10:03.954 3736 3736 D NetworkSecurityConfig: No Network Security Config specified, using platform default
07-10 16:10:03.956 3736 3736 V OneTimeInitializerReceiver: OneTimeInitializerReceiver.onReceive
07-10 16:10:03.960 1566 1600 I ActivityManager: com.android.packageinstaller is exempt from freezer
07-10 16:10:03.961 1566 1600 D CompatibilityChangeReporter: Compat change id reported: 135634846; UID 10033; state: DISABLED
07-10 16:10:03.961 1566 1600 D CompatibilityChangeReporter: Compat change id reported: 177438394; UID 10033; state: DISABLED
07-10 16:10:03.961 1566 1600 D CompatibilityChangeReporter: Compat change id reported: 135772972; UID 10033; state: DISABLED
07-10 16:10:03.961 1566 1600 D CompatibilityChangeReporter: Compat change id reported: 135754954; UID 10033; state: ENABLED
07-10 16:10:03.961 1566 1690 D CompatibilityChangeReporter: Compat change id reported: 143937733; UID 10033; state: ENABLED
07-10 16:10:03.962 1566 1600 I ActivityManager: Killing 3719:com.android.music/u0a84 (adj 905): empty #2
07-10 16:10:03.968 1566 1691 I libprocessgroup: Successfully killed process cgroup uid 10084 pid 3719 in 5ms
07-10 16:10:03.977 683 683 D Zygote : Forked child process 3754
07-10 16:10:03.978 1566 1690 I ActivityManager: Start proc 3754:com.android.packageinstaller/u0a33 for broadcast {com.android.packageinstaller/com.android.packageinstaller.TemporaryFileManager}
07-10 16:10:03.994 683 683 I Zygote : Process 3719 exited due to signal 9 (Killed)
07-10 16:10:03.998 3754 3754 E ackageinstalle: Not starting debugger since process cannot load the jdwp agent.
07-10 16:10:04.001 3754 3754 D ProcessState: Binder ioctl to enable oneway spam detection failed: Invalid argument
07-10 16:10:04.002 0 0 I [ 14.403372] binder: 3754:3754 ioctl 40046210 7fe4a4a554 returned -22
07-10 16:10:04.012 1566 3602 D CompatibilityChangeReporter: Compat change id reported: 168419799; UID 10033; state: DISABLED
07-10 16:10:04.012 1566 3602 D CompatibilityInfo: mCompatibilityFlags - 4
07-10 16:10:04.012 1566 3602 D CompatibilityInfo: applicationDensity - 240
07-10 16:10:04.012 1566 3602 D CompatibilityInfo: applicationScale - 1.0
07-10 16:10:04.015 1566 3602 D CompatibilityInfo: mCompatibilityFlags - 4
07-10 16:10:04.015 1566 3602 D CompatibilityInfo: applicationDensity - 240
07-10 16:10:04.015 1566 3602 D CompatibilityInfo: applicationScale - 1.0
07-10 16:10:04.018 3754 3754 D CompatibilityChangeReporter: Compat change id reported: 171979766; UID 10033; state: ENABLED
07-10 16:10:04.022 815 3088 I vendor.qti.bluetooth@1.0-ibs_handler: DeviceSleep: TX Awake, Sending SLEEP_IND
07-10 16:10:04.022 815 3088 D vendor.qti.bluetooth@1.0-ibs_handler: SerialClockVote: vote for UART CLK OFF
07-10 16:10:04.042 1566 2806 I BackupManagerService: [UserID:0] Stale backup journals: Scheduled 7 package(s) total
07-10 16:10:04.047 3754 3754 I Perf : Connecting to perf service.
07-10 16:10:04.051 3754 3754 V GraphicsEnvironment: ANGLE Developer option for 'com.android.packageinstaller' set to: 'default'
07-10 16:10:04.052 3754 3754 V GraphicsEnvironment: ANGLE GameManagerService for com.android.packageinstaller: false
07-10 16:10:04.053 3754 3754 D NetworkSecurityConfig: No Network Security Config specified, using platform default
07-10 16:10:04.053 3754 3754 D NetworkSecurityConfig: No Network Security Config specified, using platform default
07-10 16:10:04.057 1566 3602 D CompatibilityChangeReporter: Compat change id reported: 135634846; UID 10089; state: DISABLED
07-10 16:10:04.057 1566 3602 D CompatibilityChangeReporter: Compat change id reported: 177438394; UID 10089; state: DISABLED
07-10 16:10:04.057 1566 3602 D CompatibilityChangeReporter: Compat change id reported: 135772972; UID 10089; state: DISABLED
07-10 16:10:04.057 1566 3602 D CompatibilityChangeReporter: Compat change id reported: 135754954; UID 10089; state: DISABLED
07-10 16:10:04.057 1566 1690 D CompatibilityChangeReporter: Compat change id reported: 143937733; UID 10089; state: DISABLED
07-10 16:10:04.058 1566 3602 I ActivityManager: Killing 3736:com.android.onetimeinitializer/u0a58 (adj 905): empty #2
07-10 16:10:04.069 1566 1691 I libprocessgroup: Successfully killed process cgroup uid 10058 pid 3736 in 10ms
07-10 16:10:04.070 683 683 D Zygote : Forked child process 3770
07-10 16:10:04.070 1566 1690 I ActivityManager: Start proc 3770:com.android.permissioncontroller/u0a89 for broadcast {com.android.permissioncontroller/com.android.permissioncontroller.permission.service.LocationAccessCheck$SetupPeriodicBackgroundLocationAccessCheck}
07-10 16:10:04.078 3770 3770 I libc : SetHeapTaggingLevel: tag level set to 0
07-10 16:10:04.081 683 683 I Zygote : Process 3736 exited due to signal 9 (Killed)
07-10 16:10:04.091 1387 3565 D LOWI-9.0.0.87.a: [LOWI-Scan] wait_event:Wait done with Cmd 34
07-10 16:10:04.091 1387 3565 D LOWI-9.0.0.87.a: [LOWI-Scan] do_listen_events: Rcvd valid Netlink Cmd 34 Err 0
07-10 16:10:04.092 3770 3770 E ssioncontrolle: Not starting debugger since process cannot load the jdwp agent.
07-10 16:10:04.092 1566 3602 D WifiNl80211Manager: Scan result ready event
07-10 16:10:04.092 1387 3565 D LOWI-9.0.0.87.a: [LOWI-Scan]
07-10 16:10:04.092 1387 3565 D LOWI-9.0.0.87.a: [LOWI-Scan] print_bss_handler: Report Probe TSF 13367363 as it greater than Beacon TSF 0
07-10 16:10:04.092 1387 3565 D LOWI-9.0.0.87.a: [LOWI-Scan] is_qcom_ie, bss_age: 0
07-10 16:10:04.092 1387 3565 D LOWI-9.0.0.87.a: [LOWI-Scan] BSS 7c:a7:b0:11:0a:ac LOWI_PHY_MODE_11NA_HT20(4), Beacon Interval: 100, LOWI_ENCRYPTION_TYPE_OPEN 11mcRanging: No, ANQP: No, LCI: No, Civic: No, capability(0x0011): ESS Privacy
07-10 16:10:04.093 1387 3565 D LOWI-9.0.0.87.a: [LOWI-Scan] BSS 7c:a7:b0:11:0a:ac FREQ: 5180, cFreq1[40:80:160] = [0:0:0] cFreq2 = 0 Country Code =
07-10 16:10:04.093 1387 3565 D LOWI-9.0.0.87.a: [LOWI-Scan] BSS 7c:a7:b0:11:0a:ac (wlan0) ASSO: NO AddInfo: 0x0, TSF 0, 00:00:13.367, RSSI: -82, CPL: 127, AGE: 1128, SSID Kunyi-0300028-5G, TSFDelta: 0x1b459bd7, TXRate: 0
07-10 16:10:04.093 1387 3565 D LOWI-9.0.0.87.a: [LOWI-Scan]
07-10 16:10:04.093 1387 3565 D LOWI-9.0.0.87.a: [LOWI-Scan] print_bss_handler: Report Probe TSF 13398211 as it greater than Beacon TSF 13359344
07-10 16:10:04.093 1387 3565 D LOWI-9.0.0.87.a: [LOWI-Scan] decode_rsn_wpa_ie: LOWI_ENCRYPTION_TYPE_WPA_PSK
07-10 16:10:04.093 1387 3565 D LOWI-9.0.0.87.a: [LOWI-Scan] is_qcom_ie, bss_age: 0
07-10 16:10:04.093 1387 3565 D LOWI-9.0.0.87.a: [LOWI-Scan] BSS 0c:dc:7e:9c:33:f5 LOWI_PHY_MODE_11NG_HT40(7), Beacon Interval: 100, LOWI_ENCRYPTION_TYPE_WPA_PSK 11mcRanging: No, ANQP: No, LCI: No, Civic: No, capability(0x0431): ESS Privacy ShortPreamble ShortSlotTime
07-10 16:10:04.093 1387 3565 D LOWI-9.0.0.87.a: [LOWI-Scan] BSS 0c:dc:7e:9c:33:f5 FREQ: 2412, cFreq1[40:80:160] = [2422:0:0] cFreq2 = 0 Country Code = CN
07-10 16:10:04.093 1566 3602 D WifiNative: Scan result ready event
07-10 16:10:04.093 1387 3565 D LOWI-9.0.0.87.a: [LOWI-Scan] BSS 0c:dc:7e:9c:33:f5 (wlan0) ASSO: NO AddInfo: 0x0, TSF 0, 00:00:13.398, RSSI: -134, CPL: 127, AGE: 1096, SSID 3A4F20AA, TSFDelta: 0xee3b25c3, TXRate: 0
07-10 16:10:04.093 1387 3565 D LOWI-9.0.0.87.a: [LOWI-Scan]
07-10 16:10:04.093 1387 3565 D LOWI-9.0.0.87.a: [LOWI-Scan] print_bss_handler: Report Probe TSF 13409712 as it greater than Beacon TSF 0
07-10 16:10:04.093 1387 3565 D LOWI-9.0.0.87.a: [LOWI-Scan] decode_rsn_wpa_ie: LOWI_ENCRYPTION_TYPE_WPA_PSK
07-10 16:10:04.093 1387 3565 D LOWI-9.0.0.87.a: [LOWI-Scan] is_qcom_ie, bss_age: 0
07-10 16:10:04.093 1387 3565 D LOWI-9.0.0.87.a: [LOWI-Scan] BSS 34:ab:95:79:fb:85 LOWI_PHY_MODE_11NG_HT40(7), Beacon Interval: 100, LOWI_ENCRYPTION_TYPE_WPA_PSK 11mcRanging: No, ANQP: No, LCI: No, Civic: No, capability(0x0431): ESS Privacy ShortPreamble ShortSlotTime
07-10 16:10:04.093 1387 3565 D LOWI-9.0.0.87.a: [LOWI-Scan] BSS 34:ab:95:79:fb:85 FREQ: 2412, cFreq1[40:80:160] = [2422:0:0] cFreq2 = 0 Country Code = CN
07-10 16:10:04.093 1387 3565 D LOWI-9.0.0.87.a: [LOWI-Scan] BSS 34:ab:95:79:fb:85 (wlan0) ASSO: NO AddInfo: 0x0, TSF 0, 00:00:13.409, RSSI: -140, CPL: 127, AGE: 1084, SSID F2E696B8, TSFDelta: 0x89e2b36, TXRate: 0
07-10 16:10:04.093 1387 3565 D LOWI-9.0.0.87.a: [LOWI-Scan]
07-10 16:10:04.093 1387 3565 D LOWI-9.0.0.87.a: [LOWI-Scan] print_bss_handler: Report Probe TSF 13427162 as it greater than Beacon TSF 0
07-10 16:10:04.093 1387 3565 D LOWI-9.0.0.87.a: [LOWI-Scan] decode_rsn_wpa_ie: LOWI_ENCRYPTION_TYPE_WPA_PSK
07-10 16:10:04.093 1387 3565 D LOWI-9.0.0.87.a: [LOWI-Scan] is_qcom_ie, bss_age: 0
07-10 16:10:04.093 1387 3565 D LOWI-9.0.0.87.a: [LOWI-Scan] BSS e8:31:cd:5d:e6:a1 LOWI_PHY_MODE_11NG_HT40(7), Beacon Interval: 100, LOWI_ENCRYPTION_TYPE_WPA_PSK 11mcRanging: No, ANQP: No, LCI: No, Civic: No, capability(0x0431): ESS Privacy ShortPreamble ShortSlotTime
07-10 16:10:04.093 1387 3565 D LOWI-9.0.0.87.a: [LOWI-Scan] BSS e8:31:cd:5d:e6:a1 FREQ: 2412, cFreq1[40:80:160] = [2422:0:0] cFreq2 = 0 Country Code = CN
07-10 16:10:04.093 1387 3565 D LOWI-9.0.0.87.a: [LOWI-Scan] BSS e8:31:cd:5d:e6:a1 (wlan0) ASSO: NO AddInfo: 0x0, TSF 0, 00:00:13.427, RSSI: -138, CPL: 127, AGE: 1068, SSID 82914562, TSFDelta: 0xf4cc11f2, TXRate: 0
07-10 16:10:04.093 1387 3565 D LOWI-9.0.0.87.a: [LOWI-Scan]
07-10 16:10:04.093 1387 3565 D LOWI-9.0.0.87.a: [LOWI-Scan] print_bss_handler: Report Probe TSF 13400330 as it greater than Beacon TSF 0
07-10 16:10:04.093 1387 3565 D LOWI-9.0.0.87.a: [LOWI-Scan] decode_rsn_wpa_ie: LOWI_ENCRYPTION_TYPE_WPA_PSK
07-10 16:10:04.093 1387 3565 D LOWI-9.0.0.87.a: [LOWI-Scan] is_qcom_ie, bss_age: 0
07-10 16:10:04.093 1387 3565 D LOWI-9.0.0.87.a: [LOWI-Scan] BSS a4:e5:7c:45:4f:a1 LOWI_PHY_MODE_11NG_HT40(7), Beacon Interval: 100, LOWI_ENCRYPTION_TYPE_WPA_PSK 11mcRanging: No, ANQP: No, LCI: No, Civic: No, capability(0x0431): ESS Privacy ShortPreamble ShortSlotTime
07-10 16:10:04.093 1387 3565 D LOWI-9.0.0.87.a: [LOWI-Scan] BSS a4:e5:7c:45:4f:a1 FREQ: 2412, cFreq1[40:80:160] = [2422:0:0] cFreq2 = 0 Country Code = CN
07-10 16:10:04.093 1387 3565 D LOWI-9.0.0.87.a: [LOWI-Scan] BSS a4:e5:7c:45:4f:a1 (wlan0) ASSO: NO AddInfo: 0x0, TSF 0, 00:00:13.400, RSSI: -158, CPL: 127, AGE: 1092, SSID DED7D6AD, TSFDelta: 0x294de245, TXRate: 0
07-10 16:10:04.093 1387 3565 D LOWI-9.0.0.87.a: [LOWI-Scan]
07-10 16:10:04.093 1387 3565 D LOWI-9.0.0.87.a: [LOWI-Scan] print_bss_handler: Report beacon TSF 13461608 as it greater than probe TSF 13461608
07-10 16:10:04.093 1387 3565 D LOWI-9.0.0.87.a: [LOWI-Scan] is_qcom_ie, bss_age: 0
07-10 16:10:04.093 1387 3565 D LOWI-9.0.0.87.a: [LOWI-Scan] BSS 48:73:97:be:82:20 LOWI_PHY_MODE_11AC_VHT40(9), Beacon Interval: 100, LOWI_ENCRYPTION_TYPE_OPEN 11mcRanging: No, ANQP: No, LCI: No, Civic: No, capability(0x8001): ESS
07-10 16:10:04.093 1387 3565 D LOWI-9.0.0.87.a: [LOWI-Scan] BSS 48:73:97:be:82:20 FREQ: 5220, cFreq1[40:80:160] = [5230:0:0] cFreq2 = 0 Country Code = CN
07-10 16:10:04.093 1387 3565 D LOWI-9.0.0.87.a: [LOWI-Scan] BSS 48:73:97:be:82:20 (wlan0) ASSO: NO AddInfo: 0x1, TSF 0, 00:00:13.461, RSSI: -120, CPL: 127, AGE: 1032, SSID , TSFDelta: 0x36f7e3b6, TXRate: 0
07-10 16:10:04.093 1387 3565 D LOWI-9.0.0.87.a: [LOWI-Scan]
07-10 16:10:04.093 1387 3565 D LOWI-9.0.0.87.a: [LOWI-Scan] print_bss_handler: Report beacon TSF 13461663 as it greater than probe TSF 13461663
07-10 16:10:04.093 1387 3565 D LOWI-9.0.0.87.a: [LOWI-Scan] is_qcom_ie, bss_age: 0
07-10 16:10:04.093 1387 3565 D LOWI-9.0.0.87.a: [LOWI-Scan] BSS 48:73:97:be:82:21 LOWI_PHY_MODE_11AC_VHT40(9), Beacon Interval: 100, LOWI_ENCRYPTION_TYPE_OPEN 11mcRanging: No, ANQP: No, LCI: No, Civic: No, capability(0x8001): ESS
07-10 16:10:04.093 1387 3565 D LOWI-9.0.0.87.a: [LOWI-Scan] BSS 48:73:97:be:82:21 FREQ: 5220, cFreq1[40:80:160] = [5230:0:0] cFreq2 = 0 Country Code = CN
07-10 16:10:04.093 1387 3565 D LOWI-9.0.0.87.a: [LOWI-Scan] BSS 48:73:97:be:82:21 (wlan0) ASSO: NO AddInfo: 0x1, TSF 0, 00:00:13.461, RSSI: -118, CPL: 127, AGE: 1032, SSID GUEST, TSFDelta: 0x36fa5afd, TXRate: 0
07-10 16:10:04.098 0 0 I [ 14.493983] [schedu][0x13a19140][16: 10:04.091946] wlan: [3489:I:OSIF] vdev 0, scan id 40961 type COMPLETED(1) reason COMPLETED(1) scan found 70 bss
07-10 16:10:04.093 1387 3565 D LOWI-9.0.0.87.a: [LOWI-Scan]
07-10 16:10:04.093 1387 3565 D LOWI-9.0.0.87.a: [LOWI-Scan] print_bss_handler: Report beacon TSF 13461982 as it greater than probe TSF 13461982
07-10 16:10:04.093 1387 3565 D LOWI-9.0.0.87.a: [LOWI-Scan] decode_rsn_wpa_ie: LOWI_ENCRYPTION_TYPE_WPA_PSK
07-10 16:10:04.093 1387 3565 D LOWI-9.0.0.87.a: [LOWI-Scan] is_qcom_ie, bss_age: 0
07-10 16:10:04.093 1387 3565 D LOWI-9.0.0.87.a: [LOWI-Scan] BSS 48:73:97:be:82:22 LOWI_PHY_MODE_11AC_VHT40(9), Beacon Interval: 100, LOWI_ENCRYPTION_TYPE_WPA_PSK 11mcRanging: No, ANQP: No, LCI: No, Civic: No, capability(0x8011): ESS Privacy
07-10 16:10:04.093 1387 3565 D LOWI-9.0.0.87.a: [LOWI-Scan] BSS 48:73:97:be:82:22 FREQ: 5220, cFreq1[40:80:160] = [5230:0:0] cFreq2 = 0 Country Code = CN
07-10 16:10:04.093 1387 3565 D LOWI-9.0.0.87.a: [LOWI-Scan] BSS 48:73:97:be:82:22 (wlan0) ASSO: NO AddInfo: 0x1, TSF 0, 00:00:13.461, RSSI: -118, CPL: 127, AGE: 1032, SSID HELLO, TSFDelta: 0x36fce139, TXRate: 0
07-10 16:10:04.093 1387 3565 D LOWI-9.0.0.87.a: [LOWI-Scan]
07-10 16:10:04.093 1387 3565 D LOWI-9.0.0.87.a: [LOWI-Scan] print_bss_handler: Report beacon TSF 13462542 as it greater than probe TSF 13462542
07-10 16:10:04.093 1387 3565 D LOWI-9.0.0.87.a: [LOWI-Scan] decode_rsn_wpa_ie: LOWI_ENCRYPTION_TYPE_WPA_EAP
07-10 16:10:04.093 1387 3565 D LOWI-9.0.0.87.a: [LOWI-Scan] is_qcom_ie, bss_age: 0
07-10 16:10:04.093 1387 3565 D LOWI-9.0.0.87.a: [LOWI-Scan] BSS 48:73:97:be:82:23 LOWI_PHY_MODE_11AC_VHT40(9), Beacon Interval: 100, LOWI_ENCRYPTION_TYPE_WPA_EAP 11mcRanging: No, ANQP: No, LCI: No, Civic: No, capability(0x8011): ESS Privacy
07-10 16:10:04.093 1387 3565 D LOWI-9.0.0.87.a: [LOWI-Scan] BSS 48:73:97:be:82:23 FREQ: 5220, cFreq1[40:80:160] = [5230:0:0] cFreq2 = 0 Country Code = CN
07-10 16:10:04.093 1387 3565 D LOWI-9.0.0.87.a: [LOWI-Scan] BSS 48:73:97:be:82:23 (wlan0) ASSO: NO AddInfo: 0x1, TSF 0, 00:00:13.462, RSSI: -118, CPL: 127, AGE: 1032, SSID HH, TSFDelta: 0x36ffdf7a, TXRate: 0
07-10 16:10:04.093 1387 3565 D LOWI-9.0.0.87.a: [LOWI-Scan]
07-10 16:10:04.093 1387 3565 D LOWI-9.0.0.87.a: [LOWI-Scan] print_bss_handler: Report beacon TSF 13468467 as it greater than probe TSF 13468467
07-10 16:10:04.093 1387 3565 D LOWI-9.0.0.87.a: [LOWI-Scan] is_qcom_ie, bss_age: 0
07-10 16:10:04.094 1387 3565 D LOWI-9.0.0.87.a: [LOWI-Scan] BSS 48:73:97:be:82:24 LOWI_PHY_MODE_11AC_VHT40(9), Beacon Interval: 100, LOWI_ENCRYPTION_TYPE_OPEN 11mcRanging: No, ANQP: No, LCI: No, Civic: No, capability(0x8001): ESS
07-10 16:10:04.094 1387 3565 D LOWI-9.0.0.87.a: [LOWI-Scan] BSS 48:73:97:be:82:24 FREQ: 5220, cFreq1[40:80:160] = [5230:0:0] cFreq2 = 0 Country Code = CN
07-10 16:10:04.094 1387 3565 D LOWI-9.0.0.87.a: [LOWI-Scan] BSS 48:73:97:be:82:24 (wlan0) ASSO: NO AddInfo: 0x1, TSF 0, 00:00:13.468, RSSI: -120, CPL: 127, AGE: 1024, SSID HH-mobile, TSFDelta: 0x370292b5, TXRate: 0
07-10 16:10:04.094 1387 3565 D LOWI-9.0.0.87.a: [LOWI-Scan]
07-10 16:10:04.094 1387 3565 D LOWI-9.0.0.87.a: [LOWI-Scan] print_bss_handler: Report beacon TSF 13468567 as it greater than probe TSF 13468567
07-10 16:10:04.094 1387 3565 D LOWI-9.0.0.87.a: [LOWI-Scan] decode_rsn_wpa_ie: LOWI_ENCRYPTION_TYPE_WPA_PSK
07-10 16:10:04.094 1387 3565 D LOWI-9.0.0.87.a: [LOWI-Scan] is_qcom_ie, bss_age: 0
07-10 16:10:04.094 1387 3565 D LOWI-9.0.0.87.a: [LOWI-Scan] BSS 48:73:97:be:82:25 LOWI_PHY_MODE_11AC_VHT40(9), Beacon Interval: 100, LOWI_ENCRYPTION_TYPE_WPA_PSK 11mcRanging: No, ANQP: No, LCI: No, Civic: No, capability(0x8011): ESS Privacy
07-10 16:10:04.094 1387 3565 D LOWI-9.0.0.87.a: [LOWI-Scan] BSS 48:73:97:be:82:25 FREQ: 5220, cFreq1[40:80:160] = [5230:0:0] cFreq2 = 0 Country Code = CN
07-10 16:10:04.094 1387 3565 D LOWI-9.0.0.87.a: [LOWI-Scan] BSS 48:73:97:be:82:25 (wlan0) ASSO: NO AddInfo: 0x1, TSF 0, 00:00:13.468, RSSI: -118, CPL: 127, AGE: 1024, SSID , TSFDelta: 0x3705208a, TXRate: 0
07-10 16:10:04.094 1387 3565 D LOWI-9.0.0.87.a: [LOWI-Scan]
07-10 16:10:04.094 1387 3565 D LOWI-9.0.0.87.a: [LOWI-Scan] print_bss_handler: Report beacon TSF 13468594 as it greater than probe TSF 13468594
07-10 16:10:04.094 1387 3565 D LOWI-9.0.0.87.a: [LOWI-Scan] decode_rsn_wpa_ie: LOWI_ENCRYPTION_TYPE_WPA_PSK
07-10 16:10:04.094 1387 3565 D LOWI-9.0.0.87.a: [LOWI-Scan] is_qcom_ie, bss_age: 0
07-10 16:10:04.094 1387 3565 D LOWI-9.0.0.87.a: [LOWI-Scan] BSS 48:73:97:be:82:26 LOWI_PHY_MODE_11AC_VHT40(9), Beacon Interval: 100, LOWI_ENCRYPTION_TYPE_WPA_PSK 11mcRanging: No, ANQP: No, LCI: No, Civic: No, capability(0x8011): ESS Privacy
07-10 16:10:04.094 1387 3565 D LOWI-9.0.0.87.a: [LOWI-Scan] BSS 48:73:97:be:82:26 FREQ: 5220, cFreq1[40:80:160] = [5230:0:0] cFreq2 = 0 Country Code = CN
07-10 16:10:04.094 1387 3565 D LOWI-9.0.0.87.a: [LOWI-Scan] BSS 48:73:97:be:82:26 (wlan0) ASSO: NO AddInfo: 0x1, TSF 0, 00:00:13.468, RSSI: -120, CPL: 127, AGE: 1024, SSID , TSFDelta: 0x37080fcb, TXRate: 0
07-10 16:10:04.094 1387 3565 D LOWI-9.0.0.87.a: [LOWI-Scan]
07-10 16:10:04.094 1387 3565 D LOWI-9.0.0.87.a: [LOWI-Scan] print_bss_handler: Report beacon TSF 13562089 as it greater than probe TSF 13562089
07-10 16:10:04.094 1387 3565 D LOWI-9.0.0.87.a: [LOWI-Scan] is_qcom_ie, bss_age: 0
07-10 16:10:04.094 1387 3565 D LOWI-9.0.0.87.a: [LOWI-Scan] BSS 48:73:97:be:87:40 LOWI_PHY_MODE_11AC_VHT40(9), Beacon Interval: 100, LOWI_ENCRYPTION_TYPE_OPEN 11mcRanging: No, ANQP: No, LCI: No, Civic: No, capability(0x8001): ESS
07-10 16:10:04.094 1387 3565 D LOWI-9.0.0.87.a: [LOWI-Scan] BSS 48:73:97:be:87:40 FREQ: 5745, cFreq1[40:80:160] = [5755:0:0] cFreq2 = 0 Country Code = CN
07-10 16:10:04.094 1387 3565 D LOWI-9.0.0.87.a: [LOWI-Scan] BSS 48:73:97:be:87:40 (wlan0) ASSO: NO AddInfo: 0x1, TSF 0, 00:00:13.562, RSSI: -128, CPL: 127, AGE: 932, SSID , TSFDelta: 0x1c1e9294, TXRate: 0
07-10 16:10:04.094 1387 3565 D LOWI-9.0.0.87.a: [LOWI-Scan]
07-10 16:10:04.094 1387 3565 D LOWI-9.0.0.87.a: [LOWI-Scan] print_bss_handler: Report beacon TSF 13562235 as it greater than probe TSF 13562235
07-10 16:10:04.094 1387 3565 D LOWI-9.0.0.87.a: [LOWI-Scan] is_qcom_ie, bss_age: 0
07-10 16:10:04.094 1387 3565 D LOWI-9.0.0.87.a: [LOWI-Scan] BSS 48:73:97:be:87:41 LOWI_PHY_MODE_11AC_VHT40(9), Beacon Interval: 100, LOWI_ENCRYPTION_TYPE_OPEN 11mcRanging: No, ANQP: No, LCI: No, Civic: No, capability(0x8001): ESS
07-10 16:10:04.094 1387 3565 D LOWI-9.0.0.87.a: [LOWI-Scan] BSS 48:73:97:be:87:41 FREQ: 5745, cFreq1[40:80:160] = [5755:0:0] cFreq2 = 0 Country Code = CN
07-10 16:10:04.094 1387 3565 D LOWI-9.0.0.87.a: [LOWI-Scan] BSS 48:73:97:be:87:41 (wlan0) ASSO: NO AddInfo: 0x1, TSF 0, 00:00:13.562, RSSI: -128, CPL: 127, AGE: 932, SSID GUEST, TSFDelta: 0x1c2003a8, TXRate: 0
07-10 16:10:04.094 1387 3565 D LOWI-9.0.0.87.a: [LOWI-Scan]
07-10 16:10:04.094 1387 3565 D LOWI-9.0.0.87.a: [LOWI-Scan] print_bss_handler: Report beacon TSF 13562289 as it greater than probe TSF 13562289
07-10 16:10:04.094 1387 3565 D LOWI-9.0.0.87.a: [LOWI-Scan] decode_rsn_wpa_ie: LOWI_ENCRYPTION_TYPE_WPA_PSK
07-10 16:10:04.094 1387 3565 D LOWI-9.0.0.87.a: [LOWI-Scan] is_qcom_ie, bss_age: 0
07-10 16:10:04.094 1387 3565 D LOWI-9.0.0.87.a: [LOWI-Scan] BSS 48:73:97:be:87:42 LOWI_PHY_MODE_11AC_VHT40(9), Beacon Interval: 100, LOWI_ENCRYPTION_TYPE_WPA_PSK 11mcRanging: No, ANQP: No, LCI: No, Civic: No, capability(0x8011): ESS Privacy
07-10 16:10:04.094 1387 3565 D LOWI-9.0.0.87.a: [LOWI-Scan] BSS 48:73:97:be:87:42 FREQ: 5745, cFreq1[40:80:160] = [5755:0:0] cFreq2 = 0 Country Code = CN
07-10 16:10:04.094 1387 3565 D LOWI-9.0.0.87.a: [LOWI-Scan] BSS 48:73:97:be:87:42 (wlan0) ASSO: NO AddInfo: 0x1, TSF 0, 00:00:13.562, RSSI: -128, CPL: 127, AGE: 932, SSID HELLO, TSFDelta: 0x1c217c7c, TXRate: 0
07-10 16:10:04.094 1387 3565 D LOWI-9.0.0.87.a: [LOWI-Scan]
07-10 16:10:04.094 1387 3565 D LOWI-9.0.0.87.a: [LOWI-Scan] print_bss_handler: Report beacon TSF 13562391 as it greater than probe TSF 13562391
07-10 16:10:04.094 1387 3565 D LOWI-9.0.0.87.a: [LOWI-Scan] decode_rsn_wpa_ie: LOWI_ENCRYPTION_TYPE_WPA_EAP
07-10 16:10:04.094 1387 3565 D LOWI-9.0.0.87.a: [LOWI-Scan] is_qcom_ie, bss_age: 0
07-10 16:10:04.094 1387 3565 D LOWI-9.0.0.87.a: [LOWI-Scan] BSS 48:73:97:be:87:43 LOWI_PHY_MODE_11AC_VHT40(9), Beacon Interval: 100, LOWI_ENCRYPTION_TYPE_WPA_EAP 11mcRanging: No, ANQP: No, LCI: No, Civic: No, capability(0x8011): ESS Privacy
07-10 16:10:04.094 1387 3565 D LOWI-9.0.0.87.a: [LOWI-Scan] BSS 48:73:97:be:87:43 FREQ: 5745, cFreq1[40:80:160] = [5755:0:0] cFreq2 = 0 Country Code = CN
07-10 16:10:04.094 1387 3565 D LOWI-9.0.0.87.a: [LOWI-Scan] BSS 48:73:97:be:87:43 (wlan0) ASSO: NO AddInfo: 0x1, TSF 0, 00:00:13.562, RSSI: -128, CPL: 127, AGE: 932, SSID HH, TSFDelta: 0x1c2330fd, TXRate: 0
07-10 16:10:04.094 1387 3565 D LOWI-9.0.0.87.a: [LOWI-Scan]
07-10 16:10:04.094 1387 3565 D LOWI-9.0.0.87.a: [LOWI-Scan] print_bss_handler: Report beacon TSF 13562439 as it greater than probe TSF 13562439
07-10 16:10:04.094 1387 3565 D LOWI-9.0.0.87.a: [LOWI-Scan] is_qcom_ie, bss_age: 0
07-10 16:10:04.094 1387 3565 D LOWI-9.0.0.87.a: [LOWI-Scan] BSS 48:73:97:be:87:44 LOWI_PHY_MODE_11AC_VHT40(9), Beacon Interval: 100, LOWI_ENCRYPTION_TYPE_OPEN 11mcRanging: No, ANQP: No, LCI: No, Civic: No, capability(0x8001): ESS
07-10 16:10:04.094 1387 3565 D LOWI-9.0.0.87.a: [LOWI-Scan] BSS 48:73:97:be:87:44 FREQ: 5745, cFreq1[40:80:160] = [5755:0:0] cFreq2 = 0 Country Code = CN
07-10 16:10:04.094 1387 3565 D LOWI-9.0.0.87.a: [LOWI-Scan] BSS 48:73:97:be:87:44 (wlan0) ASSO: NO AddInfo: 0x1, TSF 0, 00:00:13.562, RSSI: -128, CPL: 127, AGE: 932, SSID HH-mobile, TSFDelta: 0x1c24c05c, TXRate: 0
07-10 16:10:04.094 1387 3565 D LOWI-9.0.0.87.a: [LOWI-Scan]
07-10 16:10:04.094 1387 3565 D LOWI-9.0.0.87.a: [LOWI-Scan] print_bss_handler: Report beacon TSF 13562487 as it greater than probe TSF 13562487
07-10 16:10:04.094 1387 3565 D LOWI-9.0.0.87.a: [LOWI-Scan] decode_rsn_wpa_ie: LOWI_ENCRYPTION_TYPE_WPA_PSK
07-10 16:10:04.094 1387 3565 D LOWI-9.0.0.87.a: [LOWI-Scan] is_qcom_ie, bss_age: 0
07-10 16:10:04.094 1387 3565 D LOWI-9.0.0.87.a: [LOWI-Scan] BSS 48:73:97:be:87:45 LOWI_PHY_MODE_11AC_VHT40(9), Beacon Interval: 100, LOWI_ENCRYPTION_TYPE_WPA_PSK 11mcRanging: No, ANQP: No, LCI: No, Civic: No, capability(0x8011): ESS Privacy
07-10 16:10:04.094 1387 3565 D LOWI-9.0.0.87.a: [LOWI-Scan] BSS 48:73:97:be:87:45 FREQ: 5745, cFreq1[40:80:160] = [5755:0:0] cFreq2 = 0 Country Code = CN
07-10 16:10:04.094 1387 3565 D LOWI-9.0.0.87.a: [LOWI-Scan] BSS 48:73:97:be:87:45 (wlan0) ASSO: NO AddInfo: 0x1, TSF 0, 00:00:13.562, RSSI: -128, CPL: 127, AGE: 932, SSID , TSFDelta: 0x1c2638ed, TXRate: 0
07-10 16:10:04.094 1387 3565 D LOWI-9.0.0.87.a: [LOWI-Scan]
07-10 16:10:04.094 1387 3565 D LOWI-9.0.0.87.a: [LOWI-Scan] print_bss_handler: Report beacon TSF 13562536 as it greater than probe TSF 13562536
07-10 16:10:04.094 1387 3565 D LOWI-9.0.0.87.a: [LOWI-Scan] decode_rsn_wpa_ie: LOWI_ENCRYPTION_TYPE_WPA_PSK
07-10 16:10:04.094 1387 3565 D LOWI-9.0.0.87.a: [LOWI-Scan] is_qcom_ie, bss_age: 0
07-10 16:10:04.094 1387 3565 D LOWI-9.0.0.87.a: [LOWI-Scan] BSS 48:73:97:be:87:46 LOWI_PHY_MODE_11AC_VHT40(9), Beacon Interval: 100, LOWI_ENCRYPTION_TYPE_WPA_PSK 11mcRanging: No, ANQP: No, LCI: No, Civic: No, capability(0x8011): ESS Privacy
07-10 16:10:04.094 1387 3565 D LOWI-9.0.0.87.a: [LOWI-Scan] BSS 48:73:97:be:87:46 FREQ: 5745, cFreq1[40:80:160] = [5755:0:0] cFreq2 = 0 Country Code = CN
07-10 16:10:04.095 1387 3565 D LOWI-9.0.0.87.a: [LOWI-Scan] BSS 48:73:97:be:87:46 (wlan0) ASSO: NO AddInfo: 0x1, TSF 0, 00:00:13.562, RSSI: -128, CPL: 127, AGE: 932, SSID , TSFDelta: 0x1c27e632, TXRate: 0
07-10 16:10:04.095 1387 3565 D LOWI-9.0.0.87.a: [LOWI-Scan]
07-10 16:10:04.095 1387 3565 D LOWI-9.0.0.87.a: [LOWI-Scan] print_bss_handler: Report beacon TSF 13639054 as it greater than probe TSF 13639054
07-10 16:10:04.095 1387 3565 D LOWI-9.0.0.87.a: [LOWI-Scan] is_qcom_ie, bss_age: 0
07-10 16:10:04.095 1387 3565 D LOWI-9.0.0.87.a: [LOWI-Scan] BSS 48:73:97:be:7c:90 LOWI_PHY_MODE_11AC_VHT40(9), Beacon Interval: 100, LOWI_ENCRYPTION_TYPE_OPEN 11mcRanging: No, ANQP: No, LCI: No, Civic: No, capability(0x8001): ESS
07-10 16:10:04.095 1387 3565 D LOWI-9.0.0.87.a: [LOWI-Scan] BSS 48:73:97:be:7c:90 FREQ: 5785, cFreq1[40:80:160] = [5795:0:0] cFreq2 = 0 Country Code = CN
07-10 16:10:04.095 1387 3565 D LOWI-9.0.0.87.a: [LOWI-Scan] BSS 48:73:97:be:7c:90 (wlan0) ASSO: NO AddInfo: 0x1, TSF 0, 00:00:13.639, RSSI: -112, CPL: 127, AGE: 856, SSID , TSFDelta: 0x613f85f4, TXRate: 0
07-10 16:10:04.095 1387 3565 D LOWI-9.0.0.87.a: [LOWI-Scan]
07-10 16:10:04.095 1387 3565 D LOWI-9.0.0.87.a: [LOWI-Scan] print_bss_handler: Report beacon TSF 13639221 as it greater than probe TSF 13639221
07-10 16:10:04.095 1387 3565 D LOWI-9.0.0.87.a: [LOWI-Scan] is_qcom_ie, bss_age: 0
07-10 16:10:04.095 1387 3565 D LOWI-9.0.0.87.a: [LOWI-Scan] BSS 48:73:97:be:7c:91 LOWI_PHY_MODE_11AC_VHT40(9), Beacon Interval: 100, LOWI_ENCRYPTION_TYPE_OPEN 11mcRanging: No, ANQP: No, LCI: No, Civic: No, capability(0x8001): ESS
07-10 16:10:04.095 1387 3565 D LOWI-9.0.0.87.a: [LOWI-Scan] BSS 48:73:97:be:7c:91 FREQ: 5785, cFreq1[40:80:160] = [5795:0:0] cFreq2 = 0 Country Code = CN
07-10 16:10:04.095 1387 3565 D LOWI-9.0.0.87.a: [LOWI-Scan] BSS 48:73:97:be:7c:91 (wlan0) ASSO: NO AddInfo: 0x1, TSF 0, 00:00:13.639, RSSI: -112, CPL: 127, AGE: 856, SSID GUEST, TSFDelta: 0x6140f738, TXRate: 0
07-10 16:10:04.095 1387 3565 D LOWI-9.0.0.87.a: [LOWI-Scan]
07-10 16:10:04.095 1387 3565 D LOWI-9.0.0.87.a: [LOWI-Scan] print_bss_handler: Report beacon TSF 13639244 as it greater than probe TSF 13639244
07-10 16:10:04.095 1387 3565 D LOWI-9.0.0.87.a: [LOWI-Scan] decode_rsn_wpa_ie: LOWI_ENCRYPTION_TYPE_WPA_PSK
07-10 16:10:04.095 1387 3565 D LOWI-9.0.0.87.a: [LOWI-Scan] is_qcom_ie, bss_age: 0
07-10 16:10:04.095 1387 3565 D LOWI-9.0.0.87.a: [LOWI-Scan] BSS 48:73:97:be:7c:92 LOWI_PHY_MODE_11AC_VHT40(9), Beacon Interval: 100, LOWI_ENCRYPTION_TYPE_WPA_PSK 11mcRanging: No, ANQP: No, LCI: No, Civic: No, capability(0x8011): ESS Privacy
07-10 16:10:04.095 1387 3565 D LOWI-9.0.0.87.a: [LOWI-Scan] BSS 48:73:97:be:7c:92 FREQ: 5785, cFreq1[40:80:160] = [5795:0:0] cFreq2 = 0 Country Code = CN
07-10 16:10:04.095 1387 3565 D LOWI-9.0.0.87.a: [LOWI-Scan] BSS 48:73:97:be:7c:92 (wlan0) ASSO: NO AddInfo: 0x1, TSF 0, 00:00:13.639, RSSI: -110, CPL: 127, AGE: 856, SSID HELLO, TSFDelta: 0x61426ff4, TXRate: 0
07-10 16:10:04.095 1387 3565 D LOWI-9.0.0.87.a: [LOWI-Scan]
07-10 16:10:04.095 1387 3565 D LOWI-9.0.0.87.a: [LOWI-Scan] print_bss_handler: Report beacon TSF 13639313 as it greater than probe TSF 13639313
07-10 16:10:04.095 1387 3565 D LOWI-9.0.0.87.a: [LOWI-Scan] decode_rsn_wpa_ie: LOWI_ENCRYPTION_TYPE_WPA_EAP
07-10 16:10:04.095 1387 3565 D LOWI-9.0.0.87.a: [LOWI-Scan] is_qcom_ie, bss_age: 0
07-10 16:10:04.095 1387 3565 D LOWI-9.0.0.87.a: [LOWI-Scan] BSS 48:73:97:be:7c:93 LOWI_PHY_MODE_11AC_VHT40(9), Beacon Interval: 100, LOWI_ENCRYPTION_TYPE_WPA_EAP 11mcRanging: No, ANQP: No, LCI: No, Civic: No, capability(0x8011): ESS Privacy
07-10 16:10:04.095 1387 3565 D LOWI-9.0.0.87.a: [LOWI-Scan] BSS 48:73:97:be:7c:93 FREQ: 5785, cFreq1[40:80:160] = [5795:0:0] cFreq2 = 0 Country Code = CN
07-10 16:10:04.095 1387 3565 D LOWI-9.0.0.87.a: [LOWI-Scan] BSS 48:73:97:be:7c:93 (wlan0) ASSO: NO AddInfo: 0x1, TSF 0, 00:00:13.639, RSSI: -110, CPL: 127, AGE: 856, SSID HH, TSFDelta: 0x614424bd, TXRate: 0
07-10 16:10:04.095 1387 3565 D LOWI-9.0.0.87.a: [LOWI-Scan]
07-10 16:10:04.095 1387 3565 D LOWI-9.0.0.87.a: [LOWI-Scan] print_bss_handler: Report beacon TSF 13639438 as it greater than probe TSF 13639438
07-10 16:10:04.095 1387 3565 D LOWI-9.0.0.87.a: [LOWI-Scan] is_qcom_ie, bss_age: 0
07-10 16:10:04.095 1387 3565 D LOWI-9.0.0.87.a: [LOWI-Scan] BSS 48:73:97:be:7c:94 LOWI_PHY_MODE_11AC_VHT40(9), Beacon Interval: 100, LOWI_ENCRYPTION_TYPE_OPEN 11mcRanging: No, ANQP: No, LCI: No, Civic: No, capability(0x8001): ESS
07-10 16:10:04.095 1387 3565 D LOWI-9.0.0.87.a: [LOWI-Scan] BSS 48:73:97:be:7c:94 FREQ: 5785, cFreq1[40:80:160] = [5795:0:0] cFreq2 = 0 Country Code = CN
07-10 16:10:04.095 1387 3565 D LOWI-9.0.0.87.a: [LOWI-Scan] BSS 48:73:97:be:7c:94 (wlan0) ASSO: NO AddInfo: 0x1, TSF 0, 00:00:13.639, RSSI: -112, CPL: 127, AGE: 856, SSID HH-mobile, TSFDelta: 0x6145b3d4, TXRate: 0
07-10 16:10:04.095 1387 3565 D LOWI-9.0.0.87.a: [LOWI-Scan]
07-10 16:10:04.095 1387 3565 D LOWI-9.0.0.87.a: [LOWI-Scan] print_bss_handler: Report beacon TSF 13639464 as it greater than probe TSF 13639464
