07-10 16:10:27.012 1566 2701 D PowerManagerService: updateWakeLockSummaryLocked: mWakefulness=Awake, mWakeLockSummary=0x1
07-10 16:10:27.012 1566 2701 D PowerManagerService: updateUserActivitySummaryLocked: groupId=0, mWakefulness=Awake, mUserActivitySummary=0x1, nextTimeout=84093 (in 48901 ms)
07-10 16:10:27.012 1566 2701 D PowerManagerNotifier: onScreenPolicyUpdate: newPolicy=3
07-10 16:10:27.012 1566 2701 D PowerManagerService: updateDisplayPowerStateLocked: displayReady=true, groupId=0, policy=BRIGHT, mWakefulness=Awake, mWakeLockSummary=0x1, mUserActivitySummary=0x1, mBootCompleted=true, screenBrightnessOverride=NaN, useAutoBrightness=true, mScreenBrightnessBoostInProgress=false, mIsVrModeEnabled= false, sQuiescent=false
07-10 16:10:27.012 1566 2701 D PowerManagerService: Acquiring suspend blocker "PowerManagerService.WakeLocks".
07-10 16:10:27.012 1566 2701 D PowerManagerNotifier: onWakeLockAcquired: flags=1, tag="TimeService", packageName=com.qualcomm.timeservice, ownerUid=10054, ownerPid=4107, workSource=null
07-10 16:10:27.012 2555 2618 D BaseModelUpdateTask: BaseModelUpdateTask constructor
07-10 16:10:27.012 2555 2618 D BaseModelUpdateTask: java.lang.Exception
07-10 16:10:27.012 2555 2618 D BaseModelUpdateTask: at com.android.launcher3.model.BaseModelUpdateTask.(BaseModelUpdateTask.java:57)
07-10 16:10:27.012 2555 2618 D BaseModelUpdateTask: at com.android.launcher3.model.PackageUpdatedTask.(PackageUpdatedTask.java:88)
07-10 16:10:27.012 2555 2618 D BaseModelUpdateTask: at com.android.launcher3.LauncherModel.onPackageChanged(LauncherModel.java:156)
07-10 16:10:27.012 2555 2618 D BaseModelUpdateTask: at com.android.launcher3.LauncherModel.onAppIconChanged(LauncherModel.java:226)
07-10 16:10:27.012 2555 2618 D BaseModelUpdateTask: at com.android.launcher3.LauncherAppState$IconObserver.onAppIconChanged(LauncherAppState.java:206)
07-10 16:10:27.012 2555 2618 D BaseModelUpdateTask: at com.android.launcher3.icons.IconProvider$IconChangeReceiver.onReceive(IconProvider.java:371)
07-10 16:10:27.012 2555 2618 D BaseModelUpdateTask: at android.app.LoadedApk$ReceiverDispatcher$Args.lambda$getRunnable$0$LoadedApk$ReceiverDispatcher$Args(LoadedApk.java:1679)
07-10 16:10:27.012 2555 2618 D BaseModelUpdateTask: at android.app.LoadedApk$ReceiverDispatcher$Args$$ExternalSyntheticLambda0.run(Unknown Source:2)
07-10 16:10:27.012 2555 2618 D BaseModelUpdateTask: at android.os.Handler.handleCallback(Handler.java:938)
07-10 16:10:27.012 2555 2618 D BaseModelUpdateTask: at android.os.Handler.dispatchMessage(Handler.java:99)
07-10 16:10:27.012 2555 2618 D BaseModelUpdateTask: at android.os.Looper.loopOnce(Looper.java:201)
07-10 16:10:27.012 2555 2618 D BaseModelUpdateTask: at android.os.Looper.loop(Looper.java:288)
07-10 16:10:27.012 2555 2618 D BaseModelUpdateTask: at android.os.HandlerThread.run(HandlerThread.java:67)
07-10 16:10:27.013 660 928 D QC-time-services: Daemon: Connection accepted:time_genoff
07-10 16:10:27.013 2555 2618 D PackageUpdatedTask: PackageUpdatedTask constructor: op=2,user=UserHandle{0},packages=[com.android.calendar]
07-10 16:10:27.013 2555 2618 D PackageUpdatedTask: java.lang.Exception
07-10 16:10:27.013 2555 2618 D PackageUpdatedTask: at com.android.launcher3.model.PackageUpdatedTask.(PackageUpdatedTask.java:93)
07-10 16:10:27.013 2555 2618 D PackageUpdatedTask: at com.android.launcher3.LauncherModel.onPackageChanged(LauncherModel.java:156)
07-10 16:10:27.013 2555 2618 D PackageUpdatedTask: at com.android.launcher3.LauncherModel.onAppIconChanged(LauncherModel.java:226)
07-10 16:10:27.013 2555 2618 D PackageUpdatedTask: at com.android.launcher3.LauncherAppState$IconObserver.onAppIconChanged(LauncherAppState.java:206)
07-10 16:10:27.013 2555 2618 D PackageUpdatedTask: at com.android.launcher3.icons.IconProvider$IconChangeReceiver.onReceive(IconProvider.java:371)
07-10 16:10:27.013 2555 2618 D PackageUpdatedTask: at android.app.LoadedApk$ReceiverDispatcher$Args.lambda$getRunnable$0$LoadedApk$ReceiverDispatcher$Args(LoadedApk.java:1679)
07-10 16:10:27.013 2555 2618 D PackageUpdatedTask: at android.app.LoadedApk$ReceiverDispatcher$Args$$ExternalSyntheticLambda0.run(Unknown Source:2)
07-10 16:10:27.013 2555 2618 D PackageUpdatedTask: at android.os.Handler.handleCallback(Handler.java:938)
07-10 16:10:27.013 2555 2618 D PackageUpdatedTask: at android.os.Handler.dispatchMessage(Handler.java:99)
07-10 16:10:27.013 2555 2618 D PackageUpdatedTask: at android.os.Looper.loopOnce(Looper.java:201)
07-10 16:10:27.013 2555 2618 D PackageUpdatedTask: at android.os.Looper.loop(Looper.java:288)
07-10 16:10:27.013 2555 2618 D PackageUpdatedTask: at android.os.HandlerThread.run(HandlerThread.java:67)
07-10 16:10:27.014 660 4157 D QC-time-services: Daemon:Received base = 2, unit = 1, operation = 0,value = 1688976627013
07-10 16:10:27.015 660 4157 D QC-time-services: Daemon:genoff_opr: Base = 2, val = 1688976627013, operation = 0
07-10 16:10:27.015 660 4157 D QC-time-services: Daemon:Value read from QTimer mseconds = 37855
07-10 16:10:27.015 660 4157 D QC-time-services: Daemon:Value read from RTC mseconds on boot = 7000
07-10 16:10:27.015 660 4157 D QC-time-services: Daemon:Delta read on boot mseconds = 0
07-10 16:10:27.015 660 4157 D QC-time-services: Daemon:new time 1688976627013
07-10 16:10:27.015 660 4157 D QC-time-services: Daemon: delta 1688976589158 genoff 1688976589158
07-10 16:10:27.015 660 4157 D QC-time-services: Daemon:genoff_persistent_update: Writing genoff = 1688976589158 to memory
07-10 16:10:27.015 660 4157 D QC-time-services: Daemon:Opening File: /mnt/vendor/persist/time/ats_2 /data/vendor/time/ats_2
07-10 16:10:27.015 660 4157 D QC-time-services: Daemon:time_persistent_memory_opr:Genoff write operation
07-10 16:10:27.015 2555 2618 D Launcher.IconCache: Package not found
07-10 16:10:27.015 2555 2618 D Launcher.IconCache: android.content.pm.PackageManager$NameNotFoundException: com.android.calendar
07-10 16:10:27.015 2555 2618 D Launcher.IconCache: at android.app.ApplicationPackageManager.getPackageInfoAsUser(ApplicationPackageManager.java:241)
07-10 16:10:27.015 2555 2618 D Launcher.IconCache: at android.app.ApplicationPackageManager.getPackageInfo(ApplicationPackageManager.java:213)
07-10 16:10:27.015 2555 2618 D Launcher.IconCache: at com.android.launcher3.icons.IconCache.updateIconsForPkg(IconCache.java:122)
07-10 16:10:27.015 2555 2618 D Launcher.IconCache: at com.android.launcher3.model.PackageUpdatedTask.execute(PackageUpdatedTask.java:130)
07-10 16:10:27.015 2555 2618 D Launcher.IconCache: at com.android.launcher3.model.BaseModelUpdateTask.run(BaseModelUpdateTask.java:80)
07-10 16:10:27.015 2555 2618 D Launcher.IconCache: at com.android.launcher3.util.LooperExecutor.execute(LooperExecutor.java:45)
07-10 16:10:27.015 2555 2618 D Launcher.IconCache: at com.android.launcher3.LauncherModel.enqueueModelUpdateTask(LauncherModel.java:555)
07-10 16:10:27.015 2555 2618 D Launcher.IconCache: at com.android.launcher3.LauncherModel.onPackageChanged(LauncherModel.java:156)
07-10 16:10:27.015 2555 2618 D Launcher.IconCache: at com.android.launcher3.LauncherModel.onAppIconChanged(LauncherModel.java:226)
07-10 16:10:27.015 2555 2618 D Launcher.IconCache: at com.android.launcher3.LauncherAppState$IconObserver.onAppIconChanged(LauncherAppState.java:206)
07-10 16:10:27.015 2555 2618 D Launcher.IconCache: at com.android.launcher3.icons.IconProvider$IconChangeReceiver.onReceive(IconProvider.java:371)
07-10 16:10:27.015 2555 2618 D Launcher.IconCache: at android.app.LoadedApk$ReceiverDispatcher$Args.lambda$getRunnable$0$LoadedApk$ReceiverDispatcher$Args(LoadedApk.java:1679)
07-10 16:10:27.015 2555 2618 D Launcher.IconCache: at android.app.LoadedApk$ReceiverDispatcher$Args$$ExternalSyntheticLambda0.run(Unknown Source:2)
07-10 16:10:27.015 2555 2618 D Launcher.IconCache: at android.os.Handler.handleCallback(Handler.java:938)
07-10 16:10:27.015 2555 2618 D Launcher.IconCache: at android.os.Handler.dispatchMessage(Handler.java:99)
07-10 16:10:27.015 2555 2618 D Launcher.IconCache: at android.os.Looper.loopOnce(Looper.java:201)
07-10 16:10:27.015 2555 2618 D Launcher.IconCache: at android.os.Looper.loop(Looper.java:288)
07-10 16:10:27.015 2555 2618 D Launcher.IconCache: at android.os.HandlerThread.run(HandlerThread.java:67)
07-10 16:10:27.016 1566 1808 D PowerManagerService: acquireWakeLockInternal: lock=7649226, flags=0x1, tag="*alarm*", ws=WorkSource{1000}, uid=1000, pid=1566
07-10 16:10:27.016 1566 1808 D PowerManagerService: updateWakeLockSummaryLocked: mWakefulness=Awake, mWakeLockSummary=0x1
07-10 16:10:27.016 1566 1808 D PowerManagerService: updateUserActivitySummaryLocked: groupId=0, mWakefulness=Awake, mUserActivitySummary=0x1, nextTimeout=84093 (in 48897 ms)
07-10 16:10:27.016 1566 1808 D PowerManagerNotifier: onScreenPolicyUpdate: newPolicy=3
07-10 16:10:27.016 1566 1808 D PowerManagerService: updateDisplayPowerStateLocked: displayReady=true, groupId=0, policy=BRIGHT, mWakefulness=Awake, mWakeLockSummary=0x1, mUserActivitySummary=0x1, mBootCompleted=true, screenBrightnessOverride=NaN, useAutoBrightness=true, mScreenBrightnessBoostInProgress=false, mIsVrModeEnabled= false, sQuiescent=false
07-10 16:10:27.016 1566 1808 D PowerManagerNotifier: onWakeLockAcquired: flags=1, tag="*alarm*", packageName=android, ownerUid=1000, ownerPid=1566, workSource=WorkSource{1000}
07-10 16:10:27.016 2555 2618 D BaseModelUpdateTask: BaseModelUpdateTask constructor
07-10 16:10:27.016 2555 2618 D BaseModelUpdateTask: java.lang.Exception
07-10 16:10:27.016 2555 2618 D BaseModelUpdateTask: at com.android.launcher3.model.BaseModelUpdateTask.(BaseModelUpdateTask.java:57)
07-10 16:10:27.016 2555 2618 D BaseModelUpdateTask: at com.android.launcher3.LauncherModel$6.(LauncherModel.java:605)
07-10 16:10:27.016 2555 2618 D BaseModelUpdateTask: at com.android.launcher3.LauncherModel.refreshAndBindWidgetsAndShortcuts(LauncherModel.java:605)
07-10 16:10:27.016 2555 2618 D BaseModelUpdateTask: at com.android.launcher3.Launcher.refreshAndBindWidgetsForPackageUser(Launcher.java:2866)
07-10 16:10:27.016 2555 2618 D BaseModelUpdateTask: at com.android.launcher3.model.PackageUpdatedTask.execute(PackageUpdatedTask.java:139)
07-10 16:10:27.016 2555 2618 D BaseModelUpdateTask: at com.android.launcher3.model.BaseModelUpdateTask.run(BaseModelUpdateTask.java:80)
07-10 16:10:27.016 2555 2618 D BaseModelUpdateTask: at com.android.launcher3.util.LooperExecutor.execute(LooperExecutor.java:45)
07-10 16:10:27.016 2555 2618 D BaseModelUpdateTask: at com.android.launcher3.LauncherModel.enqueueModelUpdateTask(LauncherModel.java:555)
07-10 16:10:27.016 2555 2618 D BaseModelUpdateTask: at com.android.launcher3.LauncherModel.onPackageChanged(LauncherModel.java:156)
07-10 16:10:27.016 2555 2618 D BaseModelUpdateTask: at com.android.launcher3.LauncherModel.onAppIconChanged(LauncherModel.java:226)
07-10 16:10:27.016 2555 2618 D BaseModelUpdateTask: at com.android.launcher3.LauncherAppState$IconObserver.onAppIconChanged(LauncherAppState.java:206)
07-10 16:10:27.016 2555 2618 D BaseModelUpdateTask: at com.android.launcher3.icons.IconProvider$IconChangeReceiver.onReceive(IconProvider.java:371)
07-10 16:10:27.016 2555 2618 D BaseModelUpdateTask: at android.app.LoadedApk$ReceiverDispatcher$Args.lambda$getRunnable$0$LoadedApk$ReceiverDispatcher$Args(LoadedApk.java:1679)
07-10 16:10:27.016 2555 2618 D BaseModelUpdateTask: at android.app.LoadedApk$ReceiverDispatcher$Args$$ExternalSyntheticLambda0.run(Unknown Source:2)
07-10 16:10:27.016 2555 2618 D BaseModelUpdateTask: at android.os.Handler.handleCallback(Handler.java:938)
07-10 16:10:27.016 2555 2618 D BaseModelUpdateTask: at android.os.Handler.dispatchMessage(Handler.java:99)
07-10 16:10:27.016 2555 2618 D BaseModelUpdateTask: at android.os.Looper.loopOnce(Looper.java:201)
07-10 16:10:27.016 2555 2618 D BaseModelUpdateTask: at android.os.Looper.loop(Looper.java:288)
07-10 16:10:27.016 2555 2618 D BaseModelUpdateTask: at android.os.HandlerThread.run(HandlerThread.java:67)
07-10 16:10:27.017 1566 1566 D ConditionProviders.SCP: evaluateSubscriptionLocked cal=ScheduleCalendar[mDays={1, 2, 3, 4, 5, 6, 7}, mSchedule=ScheduleInfo{days=[1, 2, 3, 4, 5, 6, 7], startHour=22, startMinute=0, endHour=7, endMinute=0, exitAtAlarm=true, nextAlarm=Thu Jan 01 08:00:00 GMT+08:00 1970 (0)}], now=Mon Jul 10 16:10:27 GMT+08:00 2023 (1688976627006), nextUserAlarmTime=Thu Jan 01 08:00:00 GMT+08:00 1970 (0)
07-10 16:10:27.017 1566 1566 D ConditionProviders.SCP: notifyCondition condition://android/schedule?days=1.2.3.4.5.6.7&start=22.0&end=7.0&exitAtAlarm=true STATE_FALSE reason=!meetsSchedule
07-10 16:10:27.017 1566 1566 D ConditionProviders.SCP: Scheduling evaluate for Mon Jul 10 22:00:00 GMT+08:00 2023 (1688997600000), in +5h49m32s994ms, now=Mon Jul 10 16:10:27 GMT+08:00 2023 (1688976627006)
07-10 16:10:27.019 660 4157 D QC-time-services: Updating the TOD offset
07-10 16:10:27.019 660 4157 D QC-time-services: Daemon:genoff_persistent_update: Writing genoff = 1688976589158 to memory
07-10 16:10:27.019 660 4157 D QC-time-services: Daemon:Opening File: /mnt/vendor/persist/time/ats_1 /data/vendor/time/ats_1
07-10 16:10:27.019 660 4157 D QC-time-services: Daemon:time_persistent_memory_opr:Genoff write operation
07-10 16:10:27.021 660 4157 D QC-time-services: Daemon:genoff_set: Updating the WLAN offset
07-10 16:10:27.021 660 4157 D QC-time-services: Daemon:genoff_persistent_update: Writing genoff = 1688976589158 to memory
07-10 16:10:27.021 660 4157 D QC-time-services: Daemon:Opening File: /mnt/vendor/persist/time/ats_16 /data/vendor/time/ats_16
07-10 16:10:27.021 660 4157 D QC-time-services: Daemon:time_persistent_memory_opr:Genoff write operation
07-10 16:10:27.022 4107 4107 D TimeService: Set time successfully!
07-10 16:10:27.022 1566 3602 D PowerManagerService: releaseWakeLockInternal: lock=43481690 [TimeService], flags=0x0
07-10 16:10:27.023 1566 3602 D PowerManagerNotifier: onWakeLockReleased: flags=1, tag="TimeService", packageName=com.qualcomm.timeservice, ownerUid=10054, ownerPid=4107, workSource=null
07-10 16:10:27.023 1566 3602 D PowerManagerService: updateWakeLockSummaryLocked: mWakefulness=Awake, mWakeLockSummary=0x1
07-10 16:10:27.023 1566 3602 D PowerManagerService: updateUserActivitySummaryLocked: groupId=0, mWakefulness=Awake, mUserActivitySummary=0x1, nextTimeout=84093 (in 48890 ms)
07-10 16:10:27.023 1566 3602 D PowerManagerNotifier: onScreenPolicyUpdate: newPolicy=3
07-10 16:10:27.023 1566 3602 D PowerManagerService: updateDisplayPowerStateLocked: displayReady=true, groupId=0, policy=BRIGHT, mWakefulness=Awake, mWakeLockSummary=0x1, mUserActivitySummary=0x1, mBootCompleted=true, screenBrightnessOverride=NaN, useAutoBrightness=true, mScreenBrightnessBoostInProgress=false, mIsVrModeEnabled= false, sQuiescent=false
07-10 16:10:27.024 2555 2555 D IconProvider: onReceive: android.intent.action.TIME_SET
07-10 16:10:27.024 660 928 E QC-time-services: Daemon: Time-services: Waiting to acceptconnection
07-10 16:10:27.024 2739 2776 D OsAgent : [time_change_update][3164] [HC] =>> [HS]
07-10 16:10:27.024 822 822 V LocSvc_HIDL_IzatSubscription: [timeChangeUpdate][645] [HS] <<<<= [HC]
07-10 16:10:27.025 1566 1687 I UsageStatsService: User[0] Time changed in by 2 seconds
07-10 16:10:27.025 1566 1687 I UsageStatsService: User[0] Flushing usage stats to disk
07-10 16:10:27.026 1566 1566 D DevicePolicyManager: updateSystemUpdateFreezePeriodsRecord
07-10 16:10:27.026 1566 1566 D ConditionProviders.SCP: onReceive android.intent.action.TIME_SET
07-10 16:10:27.026 1907 1907 D KeyguardUpdateMonitor: received broadcast android.intent.action.TIME_SET
07-10 16:10:27.026 1566 1566 D ConditionProviders.SCP: evaluateSubscriptionLocked cal=ScheduleCalendar[mDays={1, 2, 3, 4, 5, 6, 7}, mSchedule=ScheduleInfo{days=[1, 2, 3, 4, 5, 6, 7], startHour=22, startMinute=0, endHour=7, endMinute=0, exitAtAlarm=true, nextAlarm=Thu Jan 01 08:00:00 GMT+08:00 1970 (0)}], now=Mon Jul 10 16:10:27 GMT+08:00 2023 (1688976627026), nextUserAlarmTime=Thu Jan 01 08:00:00 GMT+08:00 1970 (0)
07-10 16:10:27.026 1566 1566 D ConditionProviders.SCP: notifyCondition condition://android/schedule?days=1.2.3.4.5.6.7&start=22.0&end=7.0&exitAtAlarm=true STATE_FALSE reason=!meetsSchedule
07-10 16:10:27.027 1566 1566 D ConditionProviders.SCP: Scheduling evaluate for Mon Jul 10 22:00:00 GMT+08:00 2023 (1688997600000), in +5h49m32s974ms, now=Mon Jul 10 16:10:27 GMT+08:00 2023 (1688976627026)
07-10 16:10:27.028 1907 1907 D KeyguardUpdateMonitor: handleTimeUpdate
07-10 16:10:27.030 1566 3602 D CompatibilityInfo: mCompatibilityFlags - 4
07-10 16:10:27.030 1566 3602 D CompatibilityInfo: applicationDensity - 240
07-10 16:10:27.030 1566 3602 D CompatibilityInfo: applicationScale - 1.0
07-10 16:10:27.031 4107 4107 D TimeService: Receivedandroid.intent.action.TIME_SET intent. Current Time is 1688976627031
07-10 16:10:27.031 1566 3602 D PowerManagerService: acquireWakeLockInternal: lock=132759937, flags=0x1, tag="TimeService", ws=null, uid=10054, pid=4107
07-10 16:10:27.031 1566 3602 D PowerManagerService: updateWakeLockSummaryLocked: mWakefulness=Awake, mWakeLockSummary=0x1
07-10 16:10:27.031 1566 3602 D PowerManagerService: updateUserActivitySummaryLocked: groupId=0, mWakefulness=Awake, mUserActivitySummary=0x1, nextTimeout=84093 (in 48881 ms)
07-10 16:10:27.031 1566 3602 D PowerManagerNotifier: onScreenPolicyUpdate: newPolicy=3
07-10 16:10:27.031 1566 3602 D PowerManagerService: updateDisplayPowerStateLocked: displayReady=true, groupId=0, policy=BRIGHT, mWakefulness=Awake, mWakeLockSummary=0x1, mUserActivitySummary=0x1, mBootCompleted=true, screenBrightnessOverride=NaN, useAutoBrightness=true, mScreenBrightnessBoostInProgress=false, mIsVrModeEnabled= false, sQuiescent=false
07-10 16:10:27.032 1566 3602 D PowerManagerNotifier: onWakeLockAcquired: flags=1, tag="TimeService", packageName=com.qualcomm.timeservice, ownerUid=10054, ownerPid=4107, workSource=null
07-10 16:10:27.032 660 928 D QC-time-services: Daemon: Connection accepted:time_genoff
07-10 16:10:27.032 660 4158 D QC-time-services: Daemon:Received base = 2, unit = 1, operation = 0,value = 1688976627032
07-10 16:10:27.033 660 4158 D QC-time-services: Daemon:genoff_opr: Base = 2, val = 1688976627032, operation = 0
07-10 16:10:27.033 660 4158 D QC-time-services: Daemon:Value read from QTimer mseconds = 37873
07-10 16:10:27.033 660 4158 D QC-time-services: Daemon:Value read from RTC mseconds on boot = 7000
07-10 16:10:27.033 660 4158 D QC-time-services: Daemon:Delta read on boot mseconds = 0
07-10 16:10:27.033 660 4158 D QC-time-services: Daemon:new time 1688976627032
07-10 16:10:27.033 660 4158 D QC-time-services: Daemon: delta 1688976589159 genoff 1688976589159
07-10 16:10:27.033 660 4158 D QC-time-services: Daemon:genoff_persistent_update: Writing genoff = 1688976589159 to memory
07-10 16:10:27.033 660 4158 D QC-time-services: Daemon:Opening File: /mnt/vendor/persist/time/ats_2 /data/vendor/time/ats_2
07-10 16:10:27.033 660 4158 D QC-time-services: Daemon:time_persistent_memory_opr:Genoff write operation
07-10 16:10:27.033 2102 3842 I MicroService: Receive message: SocketMessageBean{businessData='21930', srcService='IDCM_MultiScreenService', destService='FSEM_SettingService', messageType='0', uuid='34872935767', payloadData={"srcService":"IDCM_MultiScreenService","dstService":"FSEM_SettingService","messageType":0,"uuid":34872935767,"methodName":"getScreenDisplay","parameters":{"ScreenDisplay":0}}}
07-10 16:10:27.033 2102 3842 I MicroService: onRequest(getScreenDisplay): {"ScreenDisplay":0}
07-10 16:10:27.034 2119 2237 D MicroSettings: ITCMicroCommonCallback: get request method = getScreenDisplay parameters = {"ScreenDisplay":0}
07-10 16:10:27.034 2102 3842 D MicroService: handleHeartBeat:26
07-10 16:10:27.034 2119 3342 I MicroServiceManager: requestResult(reportScreenDisplay) parameters is{"ScreenDisplay":1}.
07-10 16:10:27.034 2119 3342 D MicroSettings: DisplayStatusReportUtil: report screen status:1
07-10 16:10:27.037 1907 1955 I OpenGLRenderer: Davey! duration=9223372001658ms; Flags=0, FrameTimelineVsyncId=489, IntendedVsync=35196051418, Vsync=35196051418, InputEventId=0, HandleInputStart=35199353368, AnimationStart=35199356702, PerformTraversalsStart=35199358316, DrawStart=35206241077, FrameDeadline=35212718084, FrameInterval=35199343160, FrameStartTime=16666666, SyncQueued=35206386337, SyncStart=35206565556, IssueDrawCommandsStart=35206704566, SwapBuffers=35208277691, FrameCompleted=9223372036854775807, DequeueBufferDuration=41250, QueueBufferDuration=1859479, GpuCompleted=9223372036854775807, SwapBuffersCompleted=35210694931, DisplayPresentTime=0,
07-10 16:10:27.038 2102 3077 D MicroService: Send message to IDCM:SocketMessageBean{businessData='21930', srcService='FSEM_SettingService', destService='IDCM_MultiScreenService', messageType='0', uuid='1688976627034984879', payloadData={"srcService":"FSEM_SettingService","dstService":"IDCM_MultiScreenService","messageType":0,"uuid":1688976627034984879,"methodName":"reportScreenDisplay","parameters":{"ScreenDisplay":1}}}
07-10 16:10:27.038 660 4158 D QC-time-services: Updating the TOD offset
07-10 16:10:27.038 660 4158 D QC-time-services: Daemon:genoff_persistent_update: Writing genoff = 1688976589159 to memory
07-10 16:10:27.038 660 4158 D QC-time-services: Daemon:Opening File: /mnt/vendor/persist/time/ats_1 /data/vendor/time/ats_1
07-10 16:10:27.038 660 4158 D QC-time-services: Daemon:time_persistent_memory_opr:Genoff write operation
07-10 16:10:27.039 2555 2618 I WidgetsModel: found whitelist widget: com.android.settings, label: è®¾ç½®å¿«æ·æ–¹å¼, sectionName:S
07-10 16:10:27.039 2555 2618 I WidgetsModel: found whitelist widget: com.android.gallery3d, label: 照片, sectionName:T
07-10 16:10:27.039 2555 2618 I WidgetsModel: found whitelist widget: com.android.systemui, label: 对è¯, sectionName:D
07-10 16:10:27.040 660 4158 D QC-time-services: Daemon:genoff_set: Updating the WLAN offset
07-10 16:10:27.040 660 4158 D QC-time-services: Daemon:genoff_persistent_update: Writing genoff = 1688976589159 to memory
07-10 16:10:27.040 660 4158 D QC-time-services: Daemon:Opening File: /mnt/vendor/persist/time/ats_16 /data/vendor/time/ats_16
07-10 16:10:27.040 660 4158 D QC-time-services: Daemon:time_persistent_memory_opr:Genoff write operation
07-10 16:10:27.040 2555 2618 I WidgetsModel: found whitelist widget: com.android.music, label: 音ä¹, sectionName:Y
07-10 16:10:27.041 4107 4107 D TimeService: Set time successfully!
07-10 16:10:27.041 1566 3602 D PowerManagerService: releaseWakeLockInternal: lock=132759937 [TimeService], flags=0x0
07-10 16:10:27.041 1566 3602 D PowerManagerNotifier: onWakeLockReleased: flags=1, tag="TimeService", packageName=com.qualcomm.timeservice, ownerUid=10054, ownerPid=4107, workSource=null
07-10 16:10:27.041 660 928 E QC-time-services: Daemon: Time-services: Waiting to acceptconnection
07-10 16:10:27.042 1566 3602 D PowerManagerService: updateWakeLockSummaryLocked: mWakefulness=Awake, mWakeLockSummary=0x1
07-10 16:10:27.042 1566 3602 D PowerManagerService: updateUserActivitySummaryLocked: groupId=0, mWakefulness=Awake, mUserActivitySummary=0x1, nextTimeout=84093 (in 48871 ms)
07-10 16:10:27.042 1566 3602 D PowerManagerNotifier: onScreenPolicyUpdate: newPolicy=3
07-10 16:10:27.042 2555 2618 D ModelWriter: removing items from db
07-10 16:10:27.042 2555 2618 D ModelWriter: java.lang.Exception
07-10 16:10:27.042 2555 2618 D ModelWriter: at com.android.launcher3.model.ModelWriter.deleteItemsFromDatabase(ModelWriter.java:280)
07-10 16:10:27.042 2555 2618 D ModelWriter: at com.android.launcher3.model.ModelWriter.deleteItemsFromDatabase(ModelWriter.java:268)
07-10 16:10:27.042 2555 2618 D ModelWriter: at com.android.launcher3.model.BaseModelUpdateTask.deleteAndBindComponentsRemoved(BaseModelUpdateTask.java:140)
07-10 16:10:27.042 2555 2618 D ModelWriter: at com.android.launcher3.model.PackageUpdatedTask.execute(PackageUpdatedTask.java:353)
07-10 16:10:27.042 2555 2618 D ModelWriter: at com.android.launcher3.model.BaseModelUpdateTask.run(BaseModelUpdateTask.java:80)
07-10 16:10:27.042 2555 2618 D ModelWriter: at com.android.launcher3.util.LooperExecutor.execute(LooperExecutor.java:45)
07-10 16:10:27.042 2555 2618 D ModelWriter: at com.android.launcher3.LauncherModel.enqueueModelUpdateTask(LauncherModel.java:555)
07-10 16:10:27.042 2555 2618 D ModelWriter: at com.android.launcher3.LauncherModel.onPackageChanged(LauncherModel.java:156)
07-10 16:10:27.042 2555 2618 D ModelWriter: at com.android.launcher3.LauncherModel.onAppIconChanged(LauncherModel.java:226)
07-10 16:10:27.042 2555 2618 D ModelWriter: at com.android.launcher3.LauncherAppState$IconObserver.onAppIconChanged(LauncherAppState.java:206)
07-10 16:10:27.042 2555 2618 D ModelWriter: at com.android.launcher3.icons.IconProvider$IconChangeReceiver.onReceive(IconProvider.java:371)
07-10 16:10:27.042 2555 2618 D ModelWriter: at android.app.LoadedApk$ReceiverDispatcher$Args.lambda$getRunnable$0$LoadedApk$ReceiverDispatcher$Args(LoadedApk.java:1679)
07-10 16:10:27.042 2555 2618 D ModelWriter: at android.app.LoadedApk$ReceiverDispatcher$Args$$ExternalSyntheticLambda0.run(Unknown Source:2)
07-10 16:10:27.042 2555 2618 D ModelWriter: at android.os.Handler.handleCallback(Handler.java:938)
07-10 16:10:27.042 2555 2618 D ModelWriter: at android.os.Handler.dispatchMessage(Handler.java:99)
07-10 16:10:27.042 2555 2618 D ModelWriter: at android.os.Looper.loopOnce(Looper.java:201)
07-10 16:10:27.042 2555 2618 D ModelWriter: at android.os.Looper.loop(Looper.java:288)
07-10 16:10:27.042 2555 2618 D ModelWriter: at android.os.HandlerThread.run(HandlerThread.java:67)
07-10 16:10:27.042 1566 3602 D PowerManagerService: updateDisplayPowerStateLocked: displayReady=true, groupId=0, policy=BRIGHT, mWakefulness=Awake, mWakeLockSummary=0x1, mUserActivitySummary=0x1, mBootCompleted=true, screenBrightnessOverride=NaN, useAutoBrightness=true, mScreenBrightnessBoostInProgress=false, mIsVrModeEnabled= false, sQuiescent=false
07-10 16:10:27.045 1566 1835 D PowerManagerService: acquireWakeLockInternal: lock=207757735, flags=0x1, tag="NetworkStats", ws=null, uid=1000, pid=1566
07-10 16:10:27.045 1566 1835 D PowerManagerService: updateWakeLockSummaryLocked: mWakefulness=Awake, mWakeLockSummary=0x1
07-10 16:10:27.045 1566 1835 D PowerManagerService: updateUserActivitySummaryLocked: groupId=0, mWakefulness=Awake, mUserActivitySummary=0x1, nextTimeout=84093 (in 48868 ms)
07-10 16:10:27.045 1566 1835 D PowerManagerNotifier: onScreenPolicyUpdate: newPolicy=3
07-10 16:10:27.045 1566 1835 D PowerManagerService: updateDisplayPowerStateLocked: displayReady=true, groupId=0, policy=BRIGHT, mWakefulness=Awake, mWakeLockSummary=0x1, mUserActivitySummary=0x1, mBootCompleted=true, screenBrightnessOverride=NaN, useAutoBrightness=true, mScreenBrightnessBoostInProgress=false, mIsVrModeEnabled= false, sQuiescent=false
07-10 16:10:27.045 1566 1835 D PowerManagerNotifier: onWakeLockAcquired: flags=1, tag="NetworkStats", packageName=android, ownerUid=1000, ownerPid=1566, workSource=null
07-10 16:10:27.046 1566 1835 W BestClock: java.time.DateTimeException: Missing NTP fix
07-10 16:10:27.049 1566 1687 I UsageStatsDatabase: Time changed by +2s222ms. files deleted: 0 files moved: 16
07-10 16:10:27.053 1566 1835 W BestClock: java.time.DateTimeException: Missing NTP fix
07-10 16:10:27.053 1566 1835 D PowerManagerService: releaseWakeLockInternal: lock=207757735 [NetworkStats], flags=0x0
07-10 16:10:27.053 1566 1835 D PowerManagerNotifier: onWakeLockReleased: flags=1, tag="NetworkStats", packageName=android, ownerUid=1000, ownerPid=1566, workSource=null
07-10 16:10:27.053 1566 1835 D PowerManagerService: updateWakeLockSummaryLocked: mWakefulness=Awake, mWakeLockSummary=0x1
07-10 16:10:27.053 1566 1835 D PowerManagerService: updateUserActivitySummaryLocked: groupId=0, mWakefulness=Awake, mUserActivitySummary=0x1, nextTimeout=84093 (in 48859 ms)
07-10 16:10:27.054 1566 1687 I UsageStatsService: User[0] Rollover scheduled @ 2023-07-11 16:10:02(1689063002438)
07-10 16:10:27.054 1566 1835 D PowerManagerNotifier: onScreenPolicyUpdate: newPolicy=3
07-10 16:10:27.054 1566 1835 D PowerManagerService: updateDisplayPowerStateLocked: displayReady=true, groupId=0, policy=BRIGHT, mWakefulness=Awake, mWakeLockSummary=0x1, mUserActivitySummary=0x1, mBootCompleted=true, screenBrightnessOverride=NaN, useAutoBrightness=true, mScreenBrightnessBoostInProgress=false, mIsVrModeEnabled= false, sQuiescent=false
07-10 16:10:27.056 1566 1566 D PowerManagerService: releaseWakeLockInternal: lock=7649226 [*alarm*], flags=0x0
07-10 16:10:27.056 1566 1566 D PowerManagerNotifier: onWakeLockReleased: flags=1, tag="*alarm*", packageName=android, ownerUid=1000, ownerPid=1566, workSource=WorkSource{1000}
07-10 16:10:27.056 1566 1566 D PowerManagerService: updateWakeLockSummaryLocked: mWakefulness=Awake, mWakeLockSummary=0x0
07-10 16:10:27.056 1566 1566 D PowerManagerService: updateUserActivitySummaryLocked: groupId=0, mWakefulness=Awake, mUserActivitySummary=0x1, nextTimeout=84093 (in 48857 ms)
07-10 16:10:27.056 1566 1566 D PowerManagerNotifier: onScreenPolicyUpdate: newPolicy=3
07-10 16:10:27.056 1566 1566 D PowerManagerService: updateDisplayPowerStateLocked: displayReady=true, groupId=0, policy=BRIGHT, mWakefulness=Awake, mWakeLockSummary=0x0, mUserActivitySummary=0x1, mBootCompleted=true, screenBrightnessOverride=NaN, useAutoBrightness=true, mScreenBrightnessBoostInProgress=false, mIsVrModeEnabled= false, sQuiescent=false
07-10 16:10:27.056 1566 1566 D PowerManagerService: Releasing suspend blocker "PowerManagerService.WakeLocks".
07-10 16:10:27.057 2555 2618 D BaseModelUpdateTask: BaseModelUpdateTask constructor
07-10 16:10:27.057 2555 2618 D BaseModelUpdateTask: java.lang.Exception
07-10 16:10:27.057 2555 2618 D BaseModelUpdateTask: at com.android.launcher3.model.BaseModelUpdateTask.(BaseModelUpdateTask.java:57)
07-10 16:10:27.057 2555 2618 D BaseModelUpdateTask: at com.android.launcher3.model.AddWorkspaceItemsTask.(AddWorkspaceItemsTask.java:58)
07-10 16:10:27.057 2555 2618 D BaseModelUpdateTask: at com.android.launcher3.LauncherModel.addAndBindAddedWorkspaceItems(LauncherModel.java:145)
07-10 16:10:27.057 2555 2618 D BaseModelUpdateTask: at com.android.launcher3.model.PackageUpdatedTask.updateToWorkSpace(PackageUpdatedTask.java:406)
07-10 16:10:27.057 2555 2618 D BaseModelUpdateTask: at com.android.launcher3.model.PackageUpdatedTask.execute(PackageUpdatedTask.java:370)
07-10 16:10:27.057 2555 2618 D BaseModelUpdateTask: at com.android.launcher3.model.BaseModelUpdateTask.run(BaseModelUpdateTask.java:80)
07-10 16:10:27.057 2555 2618 D BaseModelUpdateTask: at com.android.launcher3.util.LooperExecutor.execute(LooperExecutor.java:45)
07-10 16:10:27.057 2555 2618 D BaseModelUpdateTask: at com.android.launcher3.LauncherModel.enqueueModelUpdateTask(LauncherModel.java:555)
07-10 16:10:27.057 2555 2618 D BaseModelUpdateTask: at com.android.launcher3.LauncherModel.onPackageChanged(LauncherModel.java:156)
07-10 16:10:27.057 2555 2618 D BaseModelUpdateTask: at com.android.launcher3.LauncherModel.onAppIconChanged(LauncherModel.java:226)
07-10 16:10:27.057 2555 2618 D BaseModelUpdateTask: at com.android.launcher3.LauncherAppState$IconObserver.onAppIconChanged(LauncherAppState.java:206)
07-10 16:10:27.057 2555 2618 D BaseModelUpdateTask: at com.android.launcher3.icons.IconProvider$IconChangeReceiver.onReceive(IconProvider.java:371)
07-10 16:10:27.057 2555 2618 D BaseModelUpdateTask: at android.app.LoadedApk$ReceiverDispatcher$Args.lambda$getRunnable$0$LoadedApk$ReceiverDispatcher$Args(LoadedApk.java:1679)
07-10 16:10:27.057 2555 2618 D BaseModelUpdateTask: at android.app.LoadedApk$ReceiverDispatcher$Args$$ExternalSyntheticLambda0.run(Unknown Source:2)
07-10 16:10:27.057 2555 2618 D BaseModelUpdateTask: at android.os.Handler.handleCallback(Handler.java:938)
07-10 16:10:27.057 2555 2618 D BaseModelUpdateTask: at android.os.Handler.dispatchMessage(Handler.java:99)
07-10 16:10:27.057 2555 2618 D BaseModelUpdateTask: at android.os.Looper.loopOnce(Looper.java:201)
07-10 16:10:27.057 2555 2618 D BaseModelUpdateTask: at android.os.Looper.loop(Looper.java:288)
07-10 16:10:27.057 2555 2618 D BaseModelUpdateTask: at android.os.HandlerThread.run(HandlerThread.java:67)
07-10 16:10:27.057 1566 1836 W BestClock: java.time.DateTimeException: Missing NTP fix
07-10 16:10:27.058 2555 2618 D IconProvider: onReceive: android.intent.action.TIME_SET
07-10 16:10:27.058 2555 2618 D BaseModelUpdateTask: BaseModelUpdateTask constructor
07-10 16:10:27.058 2555 2618 D BaseModelUpdateTask: java.lang.Exception
07-10 16:10:27.058 2555 2618 D BaseModelUpdateTask: at com.android.launcher3.model.BaseModelUpdateTask.(BaseModelUpdateTask.java:57)
07-10 16:10:27.058 2555 2618 D BaseModelUpdateTask: at com.android.launcher3.model.PackageUpdatedTask.(PackageUpdatedTask.java:88)
07-10 16:10:27.058 2555 2618 D BaseModelUpdateTask: at com.android.launcher3.LauncherModel.onPackageChanged(LauncherModel.java:156)
07-10 16:10:27.058 2555 2618 D BaseModelUpdateTask: at com.android.launcher3.LauncherModel.onAppIconChanged(LauncherModel.java:226)
07-10 16:10:27.058 2555 2618 D BaseModelUpdateTask: at com.android.launcher3.LauncherAppState$IconObserver.onAppIconChanged(LauncherAppState.java:206)
07-10 16:10:27.058 2555 2618 D BaseModelUpdateTask: at com.android.launcher3.icons.IconProvider$IconChangeReceiver.onReceive(IconProvider.java:371)
07-10 16:10:27.058 2555 2618 D BaseModelUpdateTask: at android.app.LoadedApk$ReceiverDispatcher$Args.lambda$getRunnable$0$LoadedApk$ReceiverDispatcher$Args(LoadedApk.java:1679)
07-10 16:10:27.058 2555 2618 D BaseModelUpdateTask: at android.app.LoadedApk$ReceiverDispatcher$Args$$ExternalSyntheticLambda0.run(Unknown Source:2)
07-10 16:10:27.058 2555 2618 D BaseModelUpdateTask: at android.os.Handler.handleCallback(Handler.java:938)
07-10 16:10:27.058 2555 2618 D BaseModelUpdateTask: at android.os.Handler.dispatchMessage(Handler.java:99)
07-10 16:10:27.058 2555 2618 D BaseModelUpdateTask: at android.os.Looper.loopOnce(Looper.java:201)
07-10 16:10:27.058 2555 2618 D BaseModelUpdateTask: at android.os.Looper.loop(Looper.java:288)
07-10 16:10:27.058 2555 2618 D BaseModelUpdateTask: at android.os.HandlerThread.run(HandlerThread.java:67)
07-10 16:10:27.058 2555 2618 D PackageUpdatedTask: PackageUpdatedTask constructor: op=2,user=UserHandle{0},packages=[com.android.calendar]
07-10 16:10:27.058 2555 2618 D PackageUpdatedTask: java.lang.Exception
07-10 16:10:27.058 2555 2618 D PackageUpdatedTask: at com.android.launcher3.model.PackageUpdatedTask.(PackageUpdatedTask.java:93)
07-10 16:10:27.058 2555 2618 D PackageUpdatedTask: at com.android.launcher3.LauncherModel.onPackageChanged(LauncherModel.java:156)
07-10 16:10:27.058 2555 2618 D PackageUpdatedTask: at com.android.launcher3.LauncherModel.onAppIconChanged(LauncherModel.java:226)
07-10 16:10:27.058 2555 2618 D PackageUpdatedTask: at com.android.launcher3.LauncherAppState$IconObserver.onAppIconChanged(LauncherAppState.java:206)
07-10 16:10:27.058 2555 2618 D PackageUpdatedTask: at com.android.launcher3.icons.IconProvider$IconChangeReceiver.onReceive(IconProvider.java:371)
07-10 16:10:27.058 2555 2618 D PackageUpdatedTask: at android.app.LoadedApk$ReceiverDispatcher$Args.lambda$getRunnable$0$LoadedApk$ReceiverDispatcher$Args(LoadedApk.java:1679)
07-10 16:10:27.058 2555 2618 D PackageUpdatedTask: at android.app.LoadedApk$ReceiverDispatcher$Args$$ExternalSyntheticLambda0.run(Unknown Source:2)
07-10 16:10:27.058 2555 2618 D PackageUpdatedTask: at android.os.Handler.handleCallback(Handler.java:938)
07-10 16:10:27.058 2555 2618 D PackageUpdatedTask: at android.os.Handler.dispatchMessage(Handler.java:99)
07-10 16:10:27.058 2555 2618 D PackageUpdatedTask: at android.os.Looper.loopOnce(Looper.java:201)
07-10 16:10:27.058 2555 2618 D PackageUpdatedTask: at android.os.Looper.loop(Looper.java:288)
07-10 16:10:27.058 2555 2618 D PackageUpdatedTask: at android.os.HandlerThread.run(HandlerThread.java:67)
07-10 16:10:27.059 2555 2618 D Launcher.IconCache: Package not found
07-10 16:10:27.059 2555 2618 D Launcher.IconCache: android.content.pm.PackageManager$NameNotFoundException: com.android.calendar
07-10 16:10:27.059 2555 2618 D Launcher.IconCache: at android.app.ApplicationPackageManager.getPackageInfoAsUser(ApplicationPackageManager.java:241)
07-10 16:10:27.059 2555 2618 D Launcher.IconCache: at android.app.ApplicationPackageManager.getPackageInfo(ApplicationPackageManager.java:213)
07-10 16:10:27.059 2555 2618 D Launcher.IconCache: at com.android.launcher3.icons.IconCache.updateIconsForPkg(IconCache.java:122)
07-10 16:10:27.059 2555 2618 D Launcher.IconCache: at com.android.launcher3.model.PackageUpdatedTask.execute(PackageUpdatedTask.java:130)
07-10 16:10:27.059 2555 2618 D Launcher.IconCache: at com.android.launcher3.model.BaseModelUpdateTask.run(BaseModelUpdateTask.java:80)
07-10 16:10:27.059 2555 2618 D Launcher.IconCache: at com.android.launcher3.util.LooperExecutor.execute(LooperExecutor.java:45)
07-10 16:10:27.059 2555 2618 D Launcher.IconCache: at com.android.launcher3.LauncherModel.enqueueModelUpdateTask(LauncherModel.java:555)
07-10 16:10:27.059 2555 2618 D Launcher.IconCache: at com.android.launcher3.LauncherModel.onPackageChanged(LauncherModel.java:156)
07-10 16:10:27.059 2555 2618 D Launcher.IconCache: at com.android.launcher3.LauncherModel.onAppIconChanged(LauncherModel.java:226)
07-10 16:10:27.059 2555 2618 D Launcher.IconCache: at com.android.launcher3.LauncherAppState$IconObserver.onAppIconChanged(LauncherAppState.java:206)
07-10 16:10:27.059 2555 2618 D Launcher.IconCache: at com.android.launcher3.icons.IconProvider$IconChangeReceiver.onReceive(IconProvider.java:371)
07-10 16:10:27.059 2555 2618 D Launcher.IconCache: at android.app.LoadedApk$ReceiverDispatcher$Args.lambda$getRunnable$0$LoadedApk$ReceiverDispatcher$Args(LoadedApk.java:1679)
07-10 16:10:27.059 2555 2618 D Launcher.IconCache: at android.app.LoadedApk$ReceiverDispatcher$Args$$ExternalSyntheticLambda0.run(Unknown Source:2)
07-10 16:10:27.059 2555 2618 D Launcher.IconCache: at android.os.Handler.handleCallback(Handler.java:938)
07-10 16:10:27.059 2555 2618 D Launcher.IconCache: at android.os.Handler.dispatchMessage(Handler.java:99)
07-10 16:10:27.059 2555 2618 D Launcher.IconCache: at android.os.Looper.loopOnce(Looper.java:201)
07-10 16:10:27.059 2555 2618 D Launcher.IconCache: at android.os.Looper.loop(Looper.java:288)
07-10 16:10:27.059 2555 2618 D Launcher.IconCache: at android.os.HandlerThread.run(HandlerThread.java:67)
07-10 16:10:27.060 2555 2618 D BaseModelUpdateTask: BaseModelUpdateTask constructor
07-10 16:10:27.060 2555 2618 D BaseModelUpdateTask: java.lang.Exception
07-10 16:10:27.060 2555 2618 D BaseModelUpdateTask: at com.android.launcher3.model.BaseModelUpdateTask.(BaseModelUpdateTask.java:57)
07-10 16:10:27.060 2555 2618 D BaseModelUpdateTask: at com.android.launcher3.LauncherModel$6.(LauncherModel.java:605)
07-10 16:10:27.060 2555 2618 D BaseModelUpdateTask: at com.android.launcher3.LauncherModel.refreshAndBindWidgetsAndShortcuts(LauncherModel.java:605)
07-10 16:10:27.060 2555 2618 D BaseModelUpdateTask: at com.android.launcher3.Launcher.refreshAndBindWidgetsForPackageUser(Launcher.java:2866)
07-10 16:10:27.060 2555 2618 D BaseModelUpdateTask: at com.android.launcher3.model.PackageUpdatedTask.execute(PackageUpdatedTask.java:139)
07-10 16:10:27.060 2555 2618 D BaseModelUpdateTask: at com.android.launcher3.model.BaseModelUpdateTask.run(BaseModelUpdateTask.java:80)
07-10 16:10:27.060 2555 2618 D BaseModelUpdateTask: at com.android.launcher3.util.LooperExecutor.execute(LooperExecutor.java:45)
07-10 16:10:27.060 2555 2618 D BaseModelUpdateTask: at com.android.launcher3.LauncherModel.enqueueModelUpdateTask(LauncherModel.java:555)
07-10 16:10:27.060 2555 2618 D BaseModelUpdateTask: at com.android.launcher3.LauncherModel.onPackageChanged(LauncherModel.java:156)
07-10 16:10:27.060 2555 2618 D BaseModelUpdateTask: at com.android.launcher3.LauncherModel.onAppIconChanged(LauncherModel.java:226)
07-10 16:10:27.060 2555 2618 D BaseModelUpdateTask: at com.android.launcher3.LauncherAppState$IconObserver.onAppIconChanged(LauncherAppState.java:206)
07-10 16:10:27.060 2555 2618 D BaseModelUpdateTask: at com.android.launcher3.icons.IconProvider$IconChangeReceiver.onReceive(IconProvider.java:371)
07-10 16:10:27.060 2555 2618 D BaseModelUpdateTask: at android.app.LoadedApk$ReceiverDispatcher$Args.lambda$getRunnable$0$LoadedApk$ReceiverDispatcher$Args(LoadedApk.java:1679)
07-10 16:10:27.060 2555 2618 D BaseModelUpdateTask: at android.app.LoadedApk$ReceiverDispatcher$Args$$ExternalSyntheticLambda0.run(Unknown Source:2)
07-10 16:10:27.060 2555 2618 D BaseModelUpdateTask: at android.os.Handler.handleCallback(Handler.java:938)
07-10 16:10:27.060 2555 2618 D BaseModelUpdateTask: at android.os.Handler.dispatchMessage(Handler.java:99)
07-10 16:10:27.060 2555 2618 D BaseModelUpdateTask: at android.os.Looper.loopOnce(Looper.java:201)
07-10 16:10:27.060 2555 2618 D BaseModelUpdateTask: at android.os.Looper.loop(Looper.java:288)
07-10 16:10:27.060 2555 2618 D BaseModelUpdateTask: at android.os.HandlerThread.run(HandlerThread.java:67)
07-10 16:10:27.061 1566 1836 W BestClock: java.time.DateTimeException: Missing NTP fix
07-10 16:10:27.065 2555 2618 I WidgetsModel: found whitelist widget: com.android.settings, label: è®¾ç½®å¿«æ·æ–¹å¼, sectionName:S
07-10 16:10:27.066 2555 2618 I WidgetsModel: found whitelist widget: com.android.gallery3d, label: 照片, sectionName:T
07-10 16:10:27.066 2555 2618 I WidgetsModel: found whitelist widget: com.android.systemui, label: 对è¯, sectionName:D
07-10 16:10:27.066 2555 2618 I WidgetsModel: found whitelist widget: com.android.music, label: 音ä¹, sectionName:Y
07-10 16:10:27.066 2555 2618 D ModelWriter: removing items from db
07-10 16:10:27.066 2555 2618 D ModelWriter: java.lang.Exception
07-10 16:10:27.066 2555 2618 D ModelWriter: at com.android.launcher3.model.ModelWriter.deleteItemsFromDatabase(ModelWriter.java:280)
07-10 16:10:27.066 2555 2618 D ModelWriter: at com.android.launcher3.model.ModelWriter.deleteItemsFromDatabase(ModelWriter.java:268)
07-10 16:10:27.066 2555 2618 D ModelWriter: at com.android.launcher3.model.BaseModelUpdateTask.deleteAndBindComponentsRemoved(BaseModelUpdateTask.java:140)
07-10 16:10:27.066 2555 2618 D ModelWriter: at com.android.launcher3.model.PackageUpdatedTask.execute(PackageUpdatedTask.java:353)
07-10 16:10:27.066 2555 2618 D ModelWriter: at com.android.launcher3.model.BaseModelUpdateTask.run(BaseModelUpdateTask.java:80)
07-10 16:10:27.066 2555 2618 D ModelWriter: at com.android.launcher3.util.LooperExecutor.execute(LooperExecutor.java:45)
07-10 16:10:27.066 2555 2618 D ModelWriter: at com.android.launcher3.LauncherModel.enqueueModelUpdateTask(LauncherModel.java:555)
07-10 16:10:27.066 2555 2618 D ModelWriter: at com.android.launcher3.LauncherModel.onPackageChanged(LauncherModel.java:156)
07-10 16:10:27.066 2555 2618 D ModelWriter: at com.android.launcher3.LauncherModel.onAppIconChanged(LauncherModel.java:226)
07-10 16:10:27.066 2555 2618 D ModelWriter: at com.android.launcher3.LauncherAppState$IconObserver.onAppIconChanged(LauncherAppState.java:206)
07-10 16:10:27.066 2555 2618 D ModelWriter: at com.android.launcher3.icons.IconProvider$IconChangeReceiver.onReceive(IconProvider.java:371)
07-10 16:10:27.066 2555 2618 D ModelWriter: at android.app.LoadedApk$ReceiverDispatcher$Args.lambda$getRunnable$0$LoadedApk$ReceiverDispatcher$Args(LoadedApk.java:1679)
07-10 16:10:27.066 2555 2618 D ModelWriter: at android.app.LoadedApk$ReceiverDispatcher$Args$$ExternalSyntheticLambda0.run(Unknown Source:2)
07-10 16:10:27.066 2555 2618 D ModelWriter: at android.os.Handler.handleCallback(Handler.java:938)
07-10 16:10:27.066 2555 2618 D ModelWriter: at android.os.Handler.dispatchMessage(Handler.java:99)
07-10 16:10:27.066 2555 2618 D ModelWriter: at android.os.Looper.loopOnce(Looper.java:201)
07-10 16:10:27.066 2555 2618 D ModelWriter: at android.os.Looper.loop(Looper.java:288)
07-10 16:10:27.066 2555 2618 D ModelWriter: at android.os.HandlerThread.run(HandlerThread.java:67)
07-10 16:10:27.071 2555 2618 D BaseModelUpdateTask: BaseModelUpdateTask constructor
07-10 16:10:27.071 2555 2618 D BaseModelUpdateTask: java.lang.Exception
07-10 16:10:27.071 2555 2618 D BaseModelUpdateTask: at com.android.launcher3.model.BaseModelUpdateTask.(BaseModelUpdateTask.java:57)
07-10 16:10:27.071 2555 2618 D BaseModelUpdateTask: at com.android.launcher3.model.AddWorkspaceItemsTask.(AddWorkspaceItemsTask.java:58)
07-10 16:10:27.071 2555 2618 D BaseModelUpdateTask: at com.android.launcher3.LauncherModel.addAndBindAddedWorkspaceItems(LauncherModel.java:145)
07-10 16:10:27.071 2555 2618 D BaseModelUpdateTask: at com.android.launcher3.model.PackageUpdatedTask.updateToWorkSpace(PackageUpdatedTask.java:406)
07-10 16:10:27.071 2555 2618 D BaseModelUpdateTask: at com.android.launcher3.model.PackageUpdatedTask.execute(PackageUpdatedTask.java:370)
07-10 16:10:27.071 2555 2618 D BaseModelUpdateTask: at com.android.launcher3.model.BaseModelUpdateTask.run(BaseModelUpdateTask.java:80)
07-10 16:10:27.071 2555 2618 D BaseModelUpdateTask: at com.android.launcher3.util.LooperExecutor.execute(LooperExecutor.java:45)
07-10 16:10:27.071 2555 2618 D BaseModelUpdateTask: at com.android.launcher3.LauncherModel.enqueueModelUpdateTask(LauncherModel.java:555)
07-10 16:10:27.071 2555 2618 D BaseModelUpdateTask: at com.android.launcher3.LauncherModel.onPackageChanged(LauncherModel.java:156)
07-10 16:10:27.071 2555 2618 D BaseModelUpdateTask: at com.android.launcher3.LauncherModel.onAppIconChanged(LauncherModel.java:226)
07-10 16:10:27.071 2555 2618 D BaseModelUpdateTask: at com.android.launcher3.LauncherAppState$IconObserver.onAppIconChanged(LauncherAppState.java:206)
07-10 16:10:27.071 2555 2618 D BaseModelUpdateTask: at com.android.launcher3.icons.IconProvider$IconChangeReceiver.onReceive(IconProvider.java:371)
07-10 16:10:27.071 2555 2618 D BaseModelUpdateTask: at android.app.LoadedApk$ReceiverDispatcher$Args.lambda$getRunnable$0$LoadedApk$ReceiverDispatcher$Args(LoadedApk.java:1679)
07-10 16:10:27.071 2555 2618 D BaseModelUpdateTask: at android.app.LoadedApk$ReceiverDispatcher$Args$$ExternalSyntheticLambda0.run(Unknown Source:2)
07-10 16:10:27.071 2555 2618 D BaseModelUpdateTask: at android.os.Handler.handleCallback(Handler.java:938)
07-10 16:10:27.071 2555 2618 D BaseModelUpdateTask: at android.os.Handler.dispatchMessage(Handler.java:99)
07-10 16:10:27.071 2555 2618 D BaseModelUpdateTask: at android.os.Looper.loopOnce(Looper.java:201)
07-10 16:10:27.071 2555 2618 D BaseModelUpdateTask: at android.os.Looper.loop(Looper.java:288)
07-10 16:10:27.071 2555 2618 D BaseModelUpdateTask: at android.os.HandlerThread.run(HandlerThread.java:67)
07-10 16:10:27.270 662 677 I mpu_uart: [MSG-P:RECV]:No message received in 1000 ms
07-10 16:10:27.290 921 976 E GpuMem : Failed to attach bpf program to gpu_mem/gpu_mem_total tracepoint [2(No such file or directory)]
07-10 16:10:27.291 921 976 E GpuMemTracer: Cannot initialize GpuMemTracer before GpuMem
07-10 16:10:27.895 0 0 I [ 36.075343] init: processing action (sys.tlog.tlogdshc.active=1) from (/system/etc/init/tlogd.rc:197)
07-10 16:10:27.896 0 0 I [ 36.076526] init: starting service 'tlogdshc'...
07-10 16:10:28.024 0 0 I [ 36.200192] init: Service 'tlogdshc' (pid 4159) exited with status 0 oneshot service took 0.117000 seconds in background
07-10 16:10:28.024 0 0 I [ 36.200255] init: Sending signal 9 to service 'tlogdshc' (pid 4159) process group...
07-10 16:10:28.024 0 0 I [ 36.200496] libprocessgroup: Successfully killed process cgroup uid 0 pid 4159 in 0ms
07-10 16:10:28.246 1566 1817 D PowerManagerService: userActivityNoUpdateLocked: groupId=0, eventTime=36424, event=2, flags=0x0, uid=1000
07-10 16:10:28.246 1566 1817 D PowerManagerNotifier: onUserActivity: event=2, uid=1000
07-10 16:10:28.247 1566 1817 D PowerManagerService: updateUserActivitySummaryLocked: groupId=0, mWakefulness=Awake, mUserActivitySummary=0x1, nextTimeout=96424 (in 59997 ms)
07-10 16:10:28.247 1566 1817 D PowerManagerNotifier: onScreenPolicyUpdate: newPolicy=3
07-10 16:10:28.247 1566 1817 D PowerManagerService: updateDisplayPowerStateLocked: displayReady=true, groupId=0, policy=BRIGHT, mWakefulness=Awake, mWakeLockSummary=0x0, mUserActivitySummary=0x1, mBootCompleted=true, screenBrightnessOverride=NaN, useAutoBrightness=true, mScreenBrightnessBoostInProgress=false, mIsVrModeEnabled= false, sQuiescent=false
07-10 16:10:28.248 2555 2555 D ViewTouchDebug: mView : DecorView@b70634[QuickstepLauncher]Receive event : MotionEvent { action=ACTION_DOWN, actionButton=0, id[0]=0, x[0]=2398.0, y[0]=540.0, toolType[0]=TOOL_TYPE_FINGER, buttonState=0, classification=NONE, metaState=0, flags=0x0, edgeFlags=0x0, pointerCount=1, historySize=0, eventTime=36424, downTime=36424, deviceId=4, source=0x5002, displayId=0, eventId=676630910 }
07-10 16:10:28.250 1907 1907 D ViewTouchDebug: mView : com.android.systemui.navigationbar.NavigationBarFrame{a844b78 V.E...... ........ 0,0-2560,46 #7f0b03f3 app:id/navigation_bar_frame}Receive event : MotionEvent { action=ACTION_OUTSIDE, actionButton=0, id[0]=0, x[0]=0.0, y[0]=-1034.0, toolType[0]=TOOL_TYPE_FINGER, buttonState=0, classification=NONE, metaState=0, flags=0x0, edgeFlags=0x0, pointerCount=1, historySize=0, eventTime=36424, downTime=36424, deviceId=4, source=0x5002, displayId=0, eventId=1796520235 }
07-10 16:10:28.258 2555 2555 D TouchInteractionService: onInputEvent mUncheckedConsumer = com.android.quickstep.InputConsumer$$ExternalSyntheticLambda0@209ac5d
07-10 16:10:28.271 662 677 I mpu_uart: [MSG-P:RECV]:No message received in 1000 ms
07-10 16:10:28.282 662 676 I mpu_uart: [MSG-P:R]:recv sync frame timeout
