01-01 08:00:07.643 0 0 I : [ 4.983091] subsys-pil-tz 8300000.qcom,turing: cdsp: Brought out of reset
01-01 08:00:07.648 0 0 I [ 4.988830] adsprpc: fastrpc_rpmsg_probe: opened rpmsg channel for adsp
01-01 08:00:07.649 0 0 E [ 4.989657] [drm: dp_display_init_aux_switch][msm-dp-err][18 ]failed to register notifier (-22)
01-01 08:00:07.651 0 0 E [ 4.989892] register_client_adhoc: find path.src 1 dest 589
01-01 08:00:07.651 0 0 E [ 4.989985] register_client_adhoc: Failed to find path.src 1 dest 589
01-01 08:00:07.651 0 0 I : [ 4.990856] apr_tal_rpmsg qcom,glink:adsp.apr_audio_svc.-1.-1: apr_tal_rpmsg_probe: Channel[apr_audio_svc] state[Up]
01-01 08:00:07.651 0 0 E [ 4.991725] [drm: dp_display_init_aux_switch][msm-dp-err][18 ]failed to register notifier (-22)
01-01 08:00:07.651 0 0 E [ 4.991898] register_client_adhoc: find path.src 1 dest 589
01-01 08:00:07.651 0 0 E [ 4.991980] register_client_adhoc: Failed to find path.src 1 dest 589
01-01 08:00:07.651 0 0 I : [ 4.992536] subsys-pil-tz 8300000.qcom,turing: Subsystem error monitoring/handling services are up
01-01 08:00:07.651 0 0 I : [ 4.992562] subsys-pil-tz 8300000.qcom,turing: cdsp: Power/Clock ready interrupt received
01-01 08:00:07.652 0 0 I [ 4.992769] adsprpc: fastrpc_restart_notifier_cb: cdsp subsystem is up
01-01 08:00:07.653 0 0 E [ 4.993672] [drm: dp_display_init_aux_switch][msm-dp-err][18 ]failed to register notifier (-22)
01-01 08:00:07.653 0 0 E [ 4.993797] register_client_adhoc: find path.src 1 dest 589
01-01 08:00:07.654 0 0 E [ 4.993911] register_client_adhoc: Failed to find path.src 1 dest 589
01-01 08:00:07.654 0 0 I [ 4.994459] qcom_smd_qrtr_probe: Entered
01-01 08:00:07.654 0 0 I [ 4.994504] msm_cvp: info: Opening cvp instance: 0000000000000000
01-01 08:00:07.654 0 0 I : [ 4.994539] msm_cvp_v4l2 ab00000.qcom,cvp: Linked as a consumer to regulator.77
01-01 08:00:07.654 0 0 I : [ 4.994548] msm_cvp_v4l2 ab00000.qcom,cvp: Linked as a consumer to regulator.76
01-01 08:00:07.654 0 0 I [ 4.994662] qcom_smd_qrtr_probe: SMD QRTR driver probed
01-01 08:00:07.654 0 0 W : [ 4.995520] subsys-pil-tz 9800000.qcom,npu: Falling back to syfs fallback for: npu.mdt
01-01 08:00:07.655 0 0 E [ 4.996149] [drm: dp_display_init_aux_switch][msm-dp-err][18 ]failed to register notifier (-22)
01-01 08:00:07.655 0 0 E [ 4.996270] register_client_adhoc: find path.src 1 dest 589
01-01 08:00:07.656 0 0 E [ 4.996328] register_client_adhoc: Failed to find path.src 1 dest 589
01-01 08:00:07.656 0 0 I [ 4.996751] subsys-restart: __subsystem_get(): Changing subsys fw_name to cvpss
01-01 08:00:07.656 0 0 W : [ 4.996773] subsys-pil-tz abb0000.qcom,cvpss: Falling back to syfs fallback for: cvpss.mdt
01-01 08:00:07.658 0 0 I : [ 4.996954] subsys-pil-tz 9800000.qcom,npu: npu: loading from 0x0000000086900000 to 0x0000000086e00000
01-01 08:00:07.658 0 0 I : [ 4.998960] subsys-pil-tz abb0000.qcom,cvpss: cvpss: loading from 0x0000000087300000 to 0x0000000087800000
01-01 08:00:07.658 0 0 W : [ 4.998963] subsys-pil-tz 9800000.qcom,npu: Falling back to syfs fallback for: npu.b02
01-01 08:00:07.658 0 0 W : [ 4.998975] subsys-pil-tz 9800000.qcom,npu: Falling back to syfs fallback for: npu.b03
01-01 08:00:07.658 0 0 W : [ 4.999011] subsys-pil-tz 9800000.qcom,npu: Falling back to syfs fallback for: npu.b04
01-01 08:00:07.658 0 0 W : [ 4.999027] subsys-pil-tz 9800000.qcom,npu: Falling back to syfs fallback for: npu.b05
01-01 08:00:07.658 0 0 W : [ 4.999038] subsys-pil-tz 9800000.qcom,npu: Falling back to syfs fallback for: npu.b06
01-01 08:00:07.659 0 0 E [ 4.999561] [drm: dp_display_init_aux_switch][msm-dp-err][485 ]failed to register notifier (-22)
01-01 08:00:07.659 0 0 E [ 4.999725] register_client_adhoc: find path.src 1 dest 589
01-01 08:00:07.659 0 0 E [ 4.999819] register_client_adhoc: Failed to find path.src 1 dest 589
01-01 08:00:07.659 0 0 I [ 5.000009] adsprpc: fastrpc_rpmsg_probe: opened rpmsg channel for cdsp
01-01 08:00:07.660 0 0 W : [ 5.001275] subsys-pil-tz abb0000.qcom,cvpss: Falling back to syfs fallback for: cvpss.b02
01-01 08:00:07.660 0 0 W : [ 5.001280] subsys-pil-tz abb0000.qcom,cvpss: Falling back to syfs fallback for: cvpss.b03
01-01 08:00:07.660 0 0 W : [ 5.001291] subsys-pil-tz abb0000.qcom,cvpss: Falling back to syfs fallback for: cvpss.b04
01-01 08:00:07.660 0 0 W : [ 5.001386] subsys-pil-tz abb0000.qcom,cvpss: Falling back to syfs fallback for: cvpss.b05
01-01 08:00:07.660 0 0 W : [ 5.001394] subsys-pil-tz abb0000.qcom,cvpss: Falling back to syfs fallback for: cvpss.b06
01-01 08:00:07.660 0 0 W : [ 5.001418] subsys-pil-tz abb0000.qcom,cvpss: Falling back to syfs fallback for: cvpss.b07
01-01 08:00:07.660 0 0 W : [ 5.001451] subsys-pil-tz abb0000.qcom,cvpss: Falling back to syfs fallback for: cvpss.b08
01-01 08:00:07.660 0 0 W : [ 5.001467] subsys-pil-tz abb0000.qcom,cvpss: Falling back to syfs fallback for: cvpss.b09
01-01 08:00:07.660 0 0 W : [ 5.001499] subsys-pil-tz abb0000.qcom,cvpss: Falling back to syfs fallback for: cvpss.b10
01-01 08:00:07.660 0 0 W : [ 5.001572] subsys-pil-tz abb0000.qcom,cvpss: Falling back to syfs fallback for: cvpss.b19
01-01 08:00:07.660 0 0 E [ 5.001582] [drm: dp_display_init_aux_switch][msm-dp-err][485 ]failed to register notifier (-22)
01-01 08:00:07.661 0 0 E [ 5.001700] register_client_adhoc: find path.src 1 dest 589
01-01 08:00:07.662 0 0 E [ 5.001769] register_client_adhoc: Failed to find path.src 1 dest 589
01-01 08:00:07.663 0 0 E [ 5.002835] [drm: dp_display_init_aux_switch][msm-dp-err][18 ]failed to register notifier (-22)
01-01 08:00:07.663 0 0 E [ 5.002992] register_client_adhoc: find path.src 1 dest 589
01-01 08:00:07.682 0 0 E [ 5.003043] register_client_adhoc: Failed to find path.src 1 dest 589
01-01 08:00:07.682 0 0 I : [ 5.022813] subsys-pil-tz 9800000.qcom,npu: npu: Brought out of reset
01-01 08:00:07.686 0 0 E [ 5.025588] [drm: dp_display_init_aux_switch][msm-dp-err][760 ]failed to register notifier (-22)
01-01 08:00:07.687 0 0 E [ 5.025655] register_client_adhoc: find path.src 1 dest 589
01-01 08:00:07.691 0 0 E [ 5.025694] register_client_adhoc: Failed to find path.src 1 dest 589
01-01 08:00:07.691 0 0 I : [ 5.030594] subsys-pil-tz abb0000.qcom,cvpss: cvpss: Brought out of reset
01-01 08:00:07.725 0 0 I [ 5.066076] NPU_INFO: npu_get_fw_caps: 236 fw caps 0:2007
01-01 08:00:07.725 0 0 W [ 5.066079] NPU_WARN: host_session_msg_hdlr: 1904 handle npu session msg when FW is disabled
01-01 08:00:07.725 0 0 I [ 5.066082] NPU_INFO: npu_get_fw_caps: 236 fw caps 1:80000005
01-01 08:00:07.725 0 0 I [ 5.066084] NPU_INFO: npu_get_fw_caps: 236 fw caps 2:0
01-01 08:00:07.725 0 0 I [ 5.066086] NPU_INFO: npu_get_fw_caps: 236 fw caps 3:0
01-01 08:00:07.725 0 0 I [ 5.066087] NPU_INFO: npu_get_fw_caps: 236 fw caps 4:0
01-01 08:00:07.725 0 0 I [ 5.066089] NPU_INFO: npu_get_fw_caps: 236 fw caps 5:0
01-01 08:00:07.725 0 0 I [ 5.066090] NPU_INFO: npu_get_fw_caps: 236 fw caps 6:0
01-01 08:00:07.725 0 0 I [ 5.066092] NPU_INFO: npu_get_fw_caps: 236 fw caps 7:0
01-01 08:00:07.728 0 0 I [ 5.069143] qcom_smd_qrtr_probe: Entered
01-01 08:00:07.731 0 0 I [ 5.069301] qcom_smd_qrtr_probe: SMD QRTR driver probed
01-01 08:00:07.731 0 0 E [ 5.070756] [drm: dp_display_init_aux_switch][msm-dp-err][18 ]failed to register notifier (-22)
01-01 08:00:07.731 0 0 E [ 5.070953] register_client_adhoc: find path.src 1 dest 589
01-01 08:00:07.733 0 0 E [ 5.071074] register_client_adhoc: Failed to find path.src 1 dest 589
01-01 08:00:07.734 0 0 I [ 5.074584] msm_cvp: err: Failed to create debugfs for msm_cvp
01-01 08:00:07.734 0 0 I [ 5.074605] msm_cvp: info: Closed cvp instance: 0000000000000000 session_id = 0
01-01 08:00:07.849 0 0 I [ 5.190079] subsys-restart: __subsystem_get(): Changing subsys fw_name to slpi
01-01 08:00:07.849 0 0 W : [ 5.190305] subsys-pil-tz 5c00000.qcom,ssc: Falling back to syfs fallback for: slpi.mdt
01-01 08:00:07.854 0 0 I : [ 5.192326] subsys-pil-tz 5c00000.qcom,ssc: slpi: loading from 0x0000000088c00000 to 0x000000008a100000
01-01 08:00:07.857 0 0 W : [ 5.198088] subsys-pil-tz 5c00000.qcom,ssc: Falling back to syfs fallback for: slpi.b02
01-01 08:00:07.857 0 0 W : [ 5.198169] subsys-pil-tz 5c00000.qcom,ssc: Falling back to syfs fallback for: slpi.b03
01-01 08:00:07.857 0 0 W : [ 5.198189] subsys-pil-tz 5c00000.qcom,ssc: Falling back to syfs fallback for: slpi.b04
01-01 08:00:07.857 0 0 W : [ 5.198236] subsys-pil-tz 5c00000.qcom,ssc: Falling back to syfs fallback for: slpi.b05
01-01 08:00:07.857 0 0 W : [ 5.198283] subsys-pil-tz 5c00000.qcom,ssc: Falling back to syfs fallback for: slpi.b06
01-01 08:00:07.857 0 0 W : [ 5.198291] subsys-pil-tz 5c00000.qcom,ssc: Falling back to syfs fallback for: slpi.b07
01-01 08:00:07.857 0 0 W : [ 5.198306] subsys-pil-tz 5c00000.qcom,ssc: Falling back to syfs fallback for: slpi.b08
01-01 08:00:07.857 0 0 W : [ 5.198330] subsys-pil-tz 5c00000.qcom,ssc: Falling back to syfs fallback for: slpi.b09
01-01 08:00:07.857 0 0 W : [ 5.198340] subsys-pil-tz 5c00000.qcom,ssc: Falling back to syfs fallback for: slpi.b10
01-01 08:00:07.857 0 0 W : [ 5.198351] subsys-pil-tz 5c00000.qcom,ssc: Falling back to syfs fallback for: slpi.b11
01-01 08:00:07.857 0 0 W : [ 5.198376] subsys-pil-tz 5c00000.qcom,ssc: Falling back to syfs fallback for: slpi.b12
01-01 08:00:07.857 0 0 W : [ 5.198392] subsys-pil-tz 5c00000.qcom,ssc: Falling back to syfs fallback for: slpi.b13
01-01 08:00:07.857 0 0 W : [ 5.198395] subsys-pil-tz 5c00000.qcom,ssc: Falling back to syfs fallback for: slpi.b14
01-01 08:00:07.857 0 0 W : [ 5.198458] subsys-pil-tz 5c00000.qcom,ssc: Falling back to syfs fallback for: slpi.b15
01-01 08:00:07.857 0 0 W : [ 5.198459] subsys-pil-tz 5c00000.qcom,ssc: Falling back to syfs fallback for: slpi.b16
01-01 08:00:07.857 0 0 W : [ 5.198489] subsys-pil-tz 5c00000.qcom,ssc: Falling back to syfs fallback for: slpi.b17
01-01 08:00:07.857 0 0 W : [ 5.198503] subsys-pil-tz 5c00000.qcom,ssc: Falling back to syfs fallback for: slpi.b18
01-01 08:00:07.857 0 0 W : [ 5.198506] subsys-pil-tz 5c00000.qcom,ssc: Falling back to syfs fallback for: slpi.b19
01-01 08:00:07.857 0 0 W : [ 5.198536] subsys-pil-tz 5c00000.qcom,ssc: Falling back to syfs fallback for: slpi.b20
01-01 08:00:07.872 0 0 I [ 5.212238] binder: 808:808 ioctl 40046210 7fda2b8ae4 returned -22
01-01 08:00:07.909 0 0 I [ 5.248910] binder: 814:814 ioctl 40046210 7fd0aa8254 returned -22
01-01 08:00:07.909 0 0 I [ 5.249024] binder: 814:814 ioctl 40046210 7fd0aa8234 returned -22
01-01 08:00:07.940 0 0 I [ 5.281271] binder: 830:830 ioctl 40046210 7ffaef0004 returned -22
01-01 08:00:07.977 0 0 I [ 5.313795] binder: 835:835 ioctl 40046210 7fc946b904 returned -22
01-01 08:00:08.002 841 841 I android.hardware.wifi@1.0-service: Wifi Hal is booting up...
01-01 08:00:08.005 841 841 I HidlServiceManagement: Registered android.hardware.wifi@1.4::IWifi/default (start delay of 115ms)
01-01 08:00:08.020 0 0 I [ 5.359930] binder: 887:887 ioctl 40046210 7fd89e3bf4 returned -22
01-01 08:00:08.027 0 0 I [ 5.367845] sysmon-qmi: ssctl_new_server: Connection established between QMI handle and cdsp's SSCTL service
01-01 08:00:08.030 0 0 E [ 5.369006] diag: In diag_send_feature_mask_update, control channel is not open, p: 5, 0000000000000000
01-01 08:00:08.030 0 0 E [ 5.369273] diag: In diag_send_feature_mask_update, control channel is not open, p: 1, 0000000000000000
01-01 08:00:08.030 0 0 I [ 5.369477] sysmon-qmi: ssctl_new_server: Connection established between QMI handle and adsp's SSCTL service
01-01 08:00:08.030 0 0 E [ 5.369762] diag: In diag_send_peripheral_buffering_mode, buffering flag not set for 5
01-01 08:00:08.030 0 0 E [ 5.370212] diag: In diag_send_peripheral_buffering_mode, buffering flag not set for 1
01-01 08:00:08.031 899 899 I irsc_util: Starting irsc tool
01-01 08:00:08.034 899 899 I irsc_util: Num of entries:298
01-01 08:00:08.034 899 899 I irsc_util: Ending irsc tool
01-01 08:00:08.052 0 0 E [ 5.391673] rmt_storage: ERR:main: Mmap Failed for rmts (-1)...pausing execution!
01-01 08:00:08.052 0 0 I [ 5.393516] servloc: service_locator_new_server: Connection established with the Service locator
01-01 08:00:08.052 0 0 I [ 5.393553] servloc: init_service_locator: Service locator initialized
01-01 08:00:08.055 0 0 I [ 5.395186] adsprpc: fastrpc_get_service_location_notify: PDR notifier for adsp registered for msm/adsp/audio_pd (audio_pdr_adsprpc)
01-01 08:00:08.055 0 0 I [ 5.395199] audio_notifer_reg_service: service PDR_ADSP is in use
01-01 08:00:08.055 0 0 I [ 5.395205] adsprpc: fastrpc_get_service_location_notify: audio_pdr_adsprpc (msm/adsp/audio_pd) PDR service for adsp is uninitialized
01-01 08:00:08.055 0 0 I [ 5.395960] service-notifier: service_notifier_new_server: Connection established between QMI handle and 74 service
01-01 08:00:08.056 0 0 I [ 5.396743] adsprpc: fastrpc_pdr_notifier_cb: msm/adsp/audio_pd (audio_pdr_adsprpc) is up on adsp
01-01 08:00:08.056 0 0 I [ 5.396753] apr_adsp_up: Q6 is Up
01-01 08:00:08.059 0 0 I : [ 5.397754] msm-audio-ion soc:qcom,msm-audio-apr:qcom,msm-audio-ion: Linked as a consumer to 15000000.apps-smmu
01-01 08:00:08.059 0 0 I [ 5.399839] iommu: Adding device soc:qcom,msm-audio-apr:qcom,msm-audio-ion to group 50
01-01 08:00:08.061 0 0 I [ 5.401279] binder: 919:919 ioctl 40046210 7fcf52a8b4 returned -22
01-01 08:00:08.065 0 0 E [ 5.405042] [drm: dp_display_init_aux_switch][msm-dp-err][30 ]failed to register notifier (-22)
01-01 08:00:08.065 0 0 E [ 5.405311] register_client_adhoc: find path.src 1 dest 589
01-01 08:00:08.066 0 0 E [ 5.405419] register_client_adhoc: Failed to find path.src 1 dest 589
01-01 08:00:08.066 0 0 I : [ 5.406435] Mass Storage Function, version: 2009/09/11
01-01 08:00:08.066 0 0 I [ 5.406441] LUN: removable file: (no medium)
01-01 08:00:08.068 0 0 I : [ 5.409269] file system registered
01-01 08:00:08.071 0 0 I [ 5.410434] sps: BAM 0x0000000003a84000 (va:0x0000000000000000) enabled: ver:0x19, number of pipes:25
01-01 08:00:08.071 0 0 I [ 5.410439] sps: BAM 0x0000000003a84000 is registered.
01-01 08:00:08.071 0 0 I [ 5.411310] f_cdev_alloc: port_name:at_usb0 (0000000000000000) portno:(0)
01-01 08:00:08.071 0 0 I [ 5.412318] f_cdev_alloc: port_name:at_usb1 (0000000000000000) portno:(1)
01-01 08:00:08.072 0 0 I [ 5.413303] f_cdev_alloc: port_name:at_usb2 (0000000000000000) portno:(2)
01-01 08:00:08.073 0 0 E [ 5.413614] [drm: dp_display_init_aux_switch][msm-dp-err][54 ]failed to register notifier (-22)
01-01 08:00:08.073 0 0 E [ 5.413739] register_client_adhoc: find path.src 1 dest 589
01-01 08:00:08.107 0 0 E [ 5.413783] register_client_adhoc: Failed to find path.src 1 dest 589
01-01 08:00:08.107 0 0 I : [ 5.448408] subsys-pil-tz 5c00000.qcom,ssc: slpi: Brought out of reset
01-01 08:00:08.110 0 0 E : [ 5.449014] scm_call failed: func id 0x72000103, ret: -12, syscall returns: 0x0, 0x0, 0x0
01-01 08:00:08.110 0 0 I [ 5.449897] sysmon-qmi: ssctl_new_server: Connection established between QMI handle and slpi's SSCTL service
01-01 08:00:08.110 0 0 E [ 5.450331] diag: In diag_send_feature_mask_update, control channel is not open, p: 6, 0000000000000000
01-01 08:00:08.110 0 0 E [ 5.450841] diag: In diag_send_peripheral_buffering_mode, buffering flag not set for 6
01-01 08:00:08.117 0 0 I [ 5.453988] binder: 921:921 ioctl 40046210 7fd13019a4 returned -22
01-01 08:00:08.144 683 683 D Build : ro.build.display.id=01.00.0120.C106
01-01 08:00:08.148 684 684 D Build : ro.build.display.id=01.00.0120.C106
01-01 08:00:08.169 0 0 I : [ 5.508134] subsys-pil-tz 5c00000.qcom,ssc: Subsystem error monitoring/handling services are up
01-01 08:00:08.169 0 0 I : [ 5.508143] subsys-pil-tz 5c00000.qcom,ssc: slpi: Power/Clock ready interrupt received
01-01 08:00:08.169 0 0 I : [ 5.508304] qcom_rpmh DRV:apps_rsc TCS Busy, retrying RPMH message send: addr=0x30030
01-01 08:00:08.169 0 0 I : [ 5.508335] qcom_rpmh DRV:apps_rsc TCS Busy, retrying RPMH message send: addr=0x30040
01-01 08:00:08.171 0 0 W : [ 5.511338] kona-asoc-snd soc:qcom,msm-audio-apr:qcom,q6core-audio:sound: msm_init_aux_dev: Max WSA devices is 0 for this target?
01-01 08:00:08.171 0 0 E : [ 5.512182] kona-asoc-snd soc:qcom,msm-audio-apr:qcom,q6core-audio:sound: ASoC: CODEC DAI wsa_macro_vifeedback not registered
01-01 08:00:08.173 0 0 E : [ 5.513196] qcom-lpi-pinctrl soc:qcom,msm-audio-apr:qcom,q6core-audio:lpi_pinctrl@33c0000: snd_event_notify: No snd dev entry found
01-01 08:00:08.175 0 0 I [ 5.514395] msm_vidc: high: 00000001: ....d: Opening video instance: 0000000000000000, 1
01-01 08:00:08.175 0 0 I : [ 5.514451] msm_vidc_v4l2 aa00000.qcom,vidc: Linked as a consumer to regulator.75
01-01 08:00:08.175 0 0 I : [ 5.514462] msm_vidc_v4l2 aa00000.qcom,vidc: Linked as a consumer to regulator.74
01-01 08:00:08.177 0 0 I [ 5.517268] subsys-restart: __subsystem_get(): Changing subsys fw_name to venus
01-01 08:00:08.177 0 0 I [ 5.518175] adsprpc: fastrpc_restart_notifier_cb: slpi subsystem is up
01-01 08:00:08.177 0 0 I : [ 5.518181] platform soc:qcom,msm-audio-apr:qcom,voice-mhi-audio: assigned reserved memory node mailbox_region
01-01 08:00:08.179 0 0 I [ 5.518564] binder: 930:930 ioctl 40046210 7fd45a8bf4 returned -22
01-01 08:00:08.179 0 0 I [ 5.518990] adsprpc: fastrpc_rpmsg_probe: opened rpmsg channel for slpi
01-01 08:00:08.179 0 0 E [ 5.519174] [drm: dp_display_init_aux_switch][msm-dp-err][83 ]failed to register notifier (-22)
01-01 08:00:08.179 0 0 W : [ 5.519281] subsys-pil-tz aab0000.qcom,venus: Falling back to syfs fallback for: venus.mdt
01-01 08:00:08.179 0 0 E [ 5.519539] register_client_adhoc: find path.src 1 dest 589
01-01 08:00:08.179 0 0 E [ 5.519643] register_client_adhoc: Failed to find path.src 1 dest 589
01-01 08:00:08.179 0 0 I [ 5.519862] qcom_smd_qrtr_probe: Entered
01-01 08:00:08.181 0 0 W : [ 5.521354] kona-asoc-snd soc:qcom,msm-audio-apr:qcom,q6core-audio:sound: msm_init_aux_dev: Max WSA devices is 0 for this target?
01-01 08:00:08.181 0 0 I [ 5.521999] qcom_smd_qrtr_probe: SMD QRTR driver probed
01-01 08:00:08.181 0 0 E : [ 5.522132] kona-asoc-snd soc:qcom,msm-audio-apr:qcom,q6core-audio:sound: ASoC: CODEC DAI wsa_macro_vifeedback not registered
01-01 08:00:08.183 0 0 E [ 5.522940] [drm: dp_display_init_aux_switch][msm-dp-err][83 ]failed to register notifier (-22)
01-01 08:00:08.183 0 0 E [ 5.523155] register_client_adhoc: find path.src 1 dest 589
01-01 08:00:08.184 0 0 E [ 5.523267] register_client_adhoc: Failed to find path.src 1 dest 589
01-01 08:00:08.184 0 0 I [ 5.524573] binder: 930:930 ioctl 40046210 7fd45aa624 returned -22
01-01 08:00:08.185 0 0 W : [ 5.524878] kona-asoc-snd soc:qcom,msm-audio-apr:qcom,q6core-audio:sound: msm_init_aux_dev: Max WSA devices is 0 for this target?
01-01 08:00:08.185 0 0 E : [ 5.525584] kona-asoc-snd soc:qcom,msm-audio-apr:qcom,q6core-audio:sound: ASoC: CODEC DAI wsa_macro_vifeedback not registered
01-01 08:00:08.186 0 0 W : [ 5.526103] bolero-clk-rsc-mngr bolero-clk-rsc-mngr: DMA mask not set
01-01 08:00:08.186 0 0 W : [ 5.526471] tx_macro tx-macro: DMA mask not set
01-01 08:00:08.186 0 0 E : [ 5.526485] tx_macro tx-macro: tx_macro_probe: va-macro not registered yet, defer
01-01 08:00:08.186 0 0 W : [ 5.526750] rx_macro rx-macro: DMA mask not set
01-01 08:00:08.186 0 0 E : [ 5.526763] rx_macro rx-macro: rx_macro_probe: va-macro not registered yet, defer
01-01 08:00:08.186 0 0 I [ 5.526912] sysmon-qmi: ssctl_new_server: Connection established between QMI handle and slpi's SSCTL service
01-01 08:00:08.186 0 0 W : [ 5.526997] wsa_macro wsa-macro: DMA mask not set
01-01 08:00:08.186 0 0 E : [ 5.527011] wsa_macro wsa-macro: wsa_macro_probe: va-macro not registered yet, defer
01-01 08:00:08.186 0 0 W : [ 5.527304] va_macro va-macro: DMA mask not set
01-01 08:00:08.186 0 0 E [ 5.527320] msm_cdc_pinctrl_get_gpiodata: device node is null
01-01 08:00:08.186 0 0 I : [ 5.527361] va_macro va-macro: Linked as a consumer to regulator.7
01-01 08:00:08.186 0 0 I : [ 5.527368] va_macro va-macro: bolero_register_macro: register macro successful:3
01-01 08:00:08.188 0 0 E [ 5.528057] [drm: dp_display_init_aux_switch][msm-dp-err][83 ]failed to register notifier (-22)
01-01 08:00:08.188 0 0 E [ 5.528233] register_client_adhoc: find path.src 1 dest 589
01-01 08:00:08.188 0 0 E [ 5.528334] register_client_adhoc: Failed to find path.src 1 dest 589
01-01 08:00:08.188 0 0 E [ 5.529081] diag: In diag_send_feature_mask_update, control channel is not open, p: 3, 0000000000000000
01-01 08:00:08.188 0 0 E [ 5.529421] diag: In diag_send_peripheral_buffering_mode, buffering flag not set for 3
01-01 08:00:08.191 0 0 W : [ 5.529941] kona-asoc-snd soc:qcom,msm-audio-apr:qcom,q6core-audio:sound: msm_init_aux_dev: Max WSA devices is 0 for this target?
01-01 08:00:08.191 0 0 E : [ 5.530881] kona-asoc-snd soc:qcom,msm-audio-apr:qcom,q6core-audio:sound: ASoC: CODEC DAI wsa_macro_vifeedback not registered
01-01 08:00:08.191 0 0 I : [ 5.531621] tx_macro tx-macro: bolero_register_macro: register macro successful:0
01-01 08:00:08.191 0 0 I : [ 5.532219] rx_macro rx-macro: bolero_register_macro: register macro successful:1
01-01 08:00:08.193 0 0 I : [ 5.532664] wsa_macro wsa-macro: bolero_register_macro: register macro successful:2
01-01 08:00:08.193 0 0 E [ 5.533756] [drm: dp_display_init_aux_switch][msm-dp-err][83 ]failed to register notifier (-22)
01-01 08:00:08.195 0 0 E [ 5.533954] register_client_adhoc: find path.src 1 dest 589
01-01 08:00:08.195 0 0 E [ 5.534065] register_client_adhoc: Failed to find path.src 1 dest 589
01-01 08:00:08.195 0 0 W : [ 5.535774] kona-asoc-snd soc:qcom,msm-audio-apr:qcom,q6core-audio:sound: msm_init_aux_dev: Max WSA devices is 0 for this target?
01-01 08:00:08.199 0 0 W : [ 5.539707] swr-wcd tx_swr_ctrl: DMA mask not set
01-01 08:00:08.199 0 0 W : [ 5.540098] swr-wcd rx_swr_ctrl: DMA mask not set
01-01 08:00:08.199 0 0 W : [ 5.540337] swr-wcd wsa_swr_ctrl: DMA mask not set
01-01 08:00:08.206 0 0 W [ 5.544745] QSEECOM: qseecom_load_app: App (soter64) does'nt exist, loading apps for first time
01-01 08:00:08.213 0 0 W [ 5.553535] QSEECOM: qseecom_load_app: App with id 4 (soter64) now loaded
01-01 08:00:08.227 0 0 E : [ 5.566069] msm-pcm-routing soc:qcom,msm-pcm-routing: ASoC: no source widget found for AUDIO_REF_EC_UL30 MUX
01-01 08:00:08.227 0 0 E : [ 5.566086] msm-pcm-routing soc:qcom,msm-pcm-routing: ASoC: Failed to add route AUDIO_REF_EC_UL30 MUX -> direct -> MM_UL30
01-01 08:00:08.231 0 0 E : [ 5.571013] msm-pcm-routing soc:qcom,msm-pcm-routing: ASoC: no source widget found for AUX_PCM_TX
01-01 08:00:08.231 0 0 E : [ 5.571027] msm-pcm-routing soc:qcom,msm-pcm-routing: ASoC: Failed to add route AUX_PCM_TX -> AUX_PCM_UL_TX -> VoLTE Stub Tx Mixer
01-01 08:00:08.231 0 0 D [ 5.572281] cnss: MHI status cb is called with reason MISSION_MODE(6)
01-01 08:00:08.231 0 0 D [ 5.572297] cnss: Notify MHI to use already allocated images
01-01 08:00:08.231 0 0 D [ 5.572303] cnss: PM relax, state: 0x8, count: 0
01-01 08:00:08.233 0 0 I : [ 5.573704] subsys-pil-tz aab0000.qcom,venus: venus: loading from 0x0000000086e00000 to 0x0000000087300000
01-01 08:00:08.233 0 0 E : [ 5.574054] msm-pcm-routing soc:qcom,msm-pcm-routing: ASoC: no source widget found for AUX_PCM_RX
01-01 08:00:08.233 0 0 E : [ 5.574064] msm-pcm-routing soc:qcom,msm-pcm-routing: ASoC: Failed to add route AUX_PCM_RX -> direct -> BE_OUT
01-01 08:00:08.236 0 0 I [ 5.575838] binder: 917:917 ioctl 40046210 7fc647d614 returned -22
01-01 08:00:08.236 0 0 I [ 5.575886] binder: 917:917 ioctl 40046210 7fc647d634 returned -22
01-01 08:00:08.236 0 0 W : [ 5.576259] subsys-pil-tz aab0000.qcom,venus: Falling back to syfs fallback for: venus.b02
01-01 08:00:08.236 0 0 W : [ 5.576327] subsys-pil-tz aab0000.qcom,venus: Falling back to syfs fallback for: venus.b03
01-01 08:00:08.236 0 0 W : [ 5.576348] subsys-pil-tz aab0000.qcom,venus: Falling back to syfs fallback for: venus.b04
01-01 08:00:08.236 0 0 W : [ 5.576381] subsys-pil-tz aab0000.qcom,venus: Falling back to syfs fallback for: venus.b05
01-01 08:00:08.236 0 0 W : [ 5.576420] subsys-pil-tz aab0000.qcom,venus: Falling back to syfs fallback for: venus.b06
01-01 08:00:08.236 0 0 W : [ 5.576467] subsys-pil-tz aab0000.qcom,venus: Falling back to syfs fallback for: venus.b07
01-01 08:00:08.236 0 0 W : [ 5.576480] subsys-pil-tz aab0000.qcom,venus: Falling back to syfs fallback for: venus.b08
01-01 08:00:08.236 0 0 W : [ 5.576516] subsys-pil-tz aab0000.qcom,venus: Falling back to syfs fallback for: venus.b09
01-01 08:00:08.236 0 0 W : [ 5.576540] subsys-pil-tz aab0000.qcom,venus: Falling back to syfs fallback for: venus.b10
01-01 08:00:08.236 0 0 W : [ 5.576901] subsys-pil-tz aab0000.qcom,venus: Falling back to syfs fallback for: venus.b19
01-01 08:00:08.239 0 0 W : [ 5.577228] msm-pcm-routing soc:qcom,msm-pcm-routing: ASoC: no dapm match for MM_DL23 --> MultiMedia23 --> QUIN_TDM_RX_1 Audio Mixer
01-01 08:00:08.239 0 0 E : [ 5.577232] msm-pcm-routing soc:qcom,msm-pcm-routing: ASoC: Failed to add route MM_DL23 -> MultiMedia23 -> QUIN_TDM_RX_1 Audio Mixer
01-01 08:00:08.239 0 0 W : [ 5.577243] msm-pcm-routing soc:qcom,msm-pcm-routing: ASoC: no dapm match for MM_DL24 --> MultiMedia24 --> QUIN_TDM_RX_1 Audio Mixer
01-01 08:00:08.239 0 0 E : [ 5.577246] msm-pcm-routing soc:qcom,msm-pcm-routing: ASoC: Failed to add route MM_DL24 -> MultiMedia24 -> QUIN_TDM_RX_1 Audio Mixer
01-01 08:00:08.239 0 0 W : [ 5.577253] msm-pcm-routing soc:qcom,msm-pcm-routing: ASoC: no dapm match for MM_DL25 --> MultiMedia25 --> QUIN_TDM_RX_1 Audio Mixer
01-01 08:00:08.239 0 0 E : [ 5.577256] msm-pcm-routing soc:qcom,msm-pcm-routing: ASoC: Failed to add route MM_DL25 -> MultiMedia25 -> QUIN_TDM_RX_1 Audio Mixer
01-01 08:00:08.274 0 0 E : [ 5.613644] msm-pcm-routing soc:qcom,msm-pcm-routing: ASoC: no source widget found for AUX_PCM_TX
01-01 08:00:08.274 0 0 E : [ 5.613659] msm-pcm-routing soc:qcom,msm-pcm-routing: ASoC: Failed to add route AUX_PCM_TX -> AUX_PCM_UL_TX -> SLIMBUS_0_RX Port Mixer
01-01 08:00:08.274 0 0 E : [ 5.613716] msm-pcm-routing soc:qcom,msm-pcm-routing: ASoC: no source widget found for SEC_AUX_PCM_TX
01-01 08:00:08.274 0 0 E : [ 5.613722] msm-pcm-routing soc:qcom,msm-pcm-routing: ASoC: Failed to add route SEC_AUX_PCM_TX -> SEC_AUX_PCM_UL_TX -> SLIMBUS_0_RX Port Mixer
01-01 08:00:08.274 0 0 E : [ 5.613776] msm-pcm-routing soc:qcom,msm-pcm-routing: ASoC: no source widget found for TERT_AUX_PCM_TX
01-01 08:00:08.274 0 0 E : [ 5.613782] msm-pcm-routing soc:qcom,msm-pcm-routing: ASoC: Failed to add route TERT_AUX_PCM_TX -> TERT_AUXPCM_UL_TX -> SLIMBUS_0_RX Port Mixer
01-01 08:00:08.274 0 0 E : [ 5.613834] msm-pcm-routing soc:qcom,msm-pcm-routing: ASoC: no source widget found for QUAT_AUX_PCM_TX
01-01 08:00:08.274 0 0 E : [ 5.613840] msm-pcm-routing soc:qcom,msm-pcm-routing: ASoC: Failed to add route QUAT_AUX_PCM_TX -> QUAT_AUXPCM_UL_TX -> SLIMBUS_0_RX Port Mixer
01-01 08:00:08.274 0 0 E : [ 5.613891] msm-pcm-routing soc:qcom,msm-pcm-routing: ASoC: no source widget found for QUIN_AUX_PCM_TX
01-01 08:00:08.274 0 0 E : [ 5.613897] msm-pcm-routing soc:qcom,msm-pcm-routing: ASoC: Failed to add route QUIN_AUX_PCM_TX -> QUIN_AUXPCM_UL_TX -> SLIMBUS_0_RX Port Mixer
01-01 08:00:08.274 0 0 E : [ 5.613949] msm-pcm-routing soc:qcom,msm-pcm-routing: ASoC: no source widget found for SEN_AUX_PCM_TX
01-01 08:00:08.274 0 0 E : [ 5.613955] msm-pcm-routing soc:qcom,msm-pcm-routing: ASoC: Failed to add route SEN_AUX_PCM_TX -> SEN_AUXPCM_UL_TX -> SLIMBUS_0_RX Port Mixer
01-01 08:00:08.274 0 0 W : [ 5.614544] kgsl kgsl-3d0: Falling back to syfs fallback for: a650_sqe.fw
01-01 08:00:08.276 0 0 I : [ 5.616951] subsys-pil-tz aab0000.qcom,venus: venus: Brought out of reset
01-01 08:00:08.279 0 0 W : [ 5.618731] kgsl kgsl-3d0: Falling back to syfs fallback for: a650_gmu.bin
01-01 08:00:08.291 0 0 I [ 5.630798] msm_vidc: err : 00000001: ....d: Failed to create debugfs for msm_vidc
01-01 08:00:08.296 0 0 I [ 5.636158] msm_vidc: high: 00000001: h264d: Closed video instance: 0000000000000000
01-01 08:00:08.297 0 0 I [ 5.637259] msm_vidc: high: 00000001: ....d: Opening video instance: 0000000000000000, 1
01-01 08:00:08.297 0 0 I [ 5.637322] msm_vidc: err : 00000001: ....d: Failed to create debugfs for msm_vidc
01-01 08:00:08.303 0 0 I [ 5.643247] msm_vidc: high: 00000001: h264d: Closed video instance: 0000000000000000
01-01 08:00:08.303 0 0 I [ 5.643994] msm_vidc: high: 00000001: ....d: Opening video instance: 0000000000000000, 1
01-01 08:00:08.303 0 0 I [ 5.644063] msm_vidc: err : 00000001: ....d: Failed to create debugfs for msm_vidc
01-01 08:00:08.307 0 0 I [ 5.646300] msm_vidc: high: 00000001: h265d: Closed video instance: 0000000000000000
01-01 08:00:08.307 0 0 I [ 5.648207] msm_vidc: high: 00000001: ....d: Opening video instance: 0000000000000000, 1
01-01 08:00:08.307 0 0 D [ 5.648235] cnss: WLFW server arriving: node 7 port 1
01-01 08:00:08.307 0 0 D [ 5.648240] cnss: Posting event: SERVER_ARRIVE(0), state: 0x8 flags: 0x0
01-01 08:00:08.307 0 0 D [ 5.648243] cnss: PM stay awake, state: 0x8, count: 1
01-01 08:00:08.307 0 0 D [ 5.648251] cnss: PM relax, state: 0x8, count: 0
01-01 08:00:08.307 0 0 D [ 5.648255] cnss: PM stay awake, state: 0x8, count: 1
01-01 08:00:08.307 0 0 D [ 5.648257] cnss: Processing driver event: SERVER_ARRIVE(0), state: 0x8
01-01 08:00:08.307 0 0 I [ 5.648260] cnss: QMI WLFW service connected, state: 0x9
01-01 08:00:08.307 0 0 D [ 5.648261] cnss: Sending indication register message, state: 0x9
01-01 08:00:08.307 0 0 I [ 5.648272] msm_vidc: err : 00000001: ....d: Failed to create debugfs for msm_vidc
01-01 08:00:08.310 0 0 I [ 5.650723] msm_vidc: high: 00000001: h265d: Closed video instance: 0000000000000000
01-01 08:00:08.310 0 0 D [ 5.650966] cnss: Sending host capability message, state: 0x9
01-01 08:00:08.310 0 0 D [ 5.650969] cnss: Number of clients is 2
01-01 08:00:08.310 0 0 D [ 5.650972] cnss: Assign MSI to user: WAKE, num_vectors: 1, user_base_data: 813, base_vector: 13
01-01 08:00:08.310 0 0 D [ 5.650974] cnss: WAKE MSI base data is 813
01-01 08:00:08.310 0 0 D [ 5.650975] cnss: Calibration done is 0
01-01 08:00:08.310 0 0 D [ 5.650978] cnss: Sending iova starting 0xa0000000 with size 0x10010000
01-01 08:00:08.310 0 0 I [ 5.651523] msm_vidc: high: 00000001: ....d: Opening video instance: 0000000000000000, 1
01-01 08:00:08.310 0 0 I [ 5.651544] msm_vidc: err : 00000001: ....d: Failed to create debugfs for msm_vidc
01-01 08:00:08.315 0 0 D [ 5.653039] cnss: PM relax, state: 0x9, count: 0
01-01 08:00:08.315 0 0 I [ 5.653690] msm_vidc: high: 00000001: vp8d: Closed video instance: 0000000000000000
01-01 08:00:08.315 0 0 I [ 5.654773] msm_vidc: high: 00000001: ....d: Opening video instance: 0000000000000000, 1
01-01 08:00:08.315 0 0 I [ 5.654798] msm_vidc: err : 00000001: ....d: Failed to create debugfs for msm_vidc
01-01 08:00:08.315 0 0 I [ 5.656531] msm_vidc: high: 00000001: vp9d: Closed video instance: 0000000000000000
01-01 08:00:08.317 0 0 I [ 5.657930] msm_vidc: high: 00000001: ....d: Opening video instance: 0000000000000000, 1
01-01 08:00:08.317 0 0 I [ 5.657956] msm_vidc: err : 00000001: ....d: Failed to create debugfs for msm_vidc
01-01 08:00:08.320 0 0 I [ 5.659673] msm_vidc: high: 00000001: vp9d: Closed video instance: 0000000000000000
01-01 08:00:08.321 0 0 I [ 5.661403] msm_vidc: high: 00000001: ....d: Opening video instance: 0000000000000000, 1
01-01 08:00:08.321 0 0 I [ 5.661432] msm_vidc: err : 00000001: ....d: Failed to create debugfs for msm_vidc
01-01 08:00:08.330 0 0 I [ 5.668369] msm_vidc: high: 00000001: mpg2d: Closed video instance: 0000000000000000
01-01 08:00:08.330 0 0 I [ 5.670066] msm_vidc: high: 00000001: ....d: Opening video instance: 0000000000000000, 1
01-01 08:00:08.330 0 0 I [ 5.670095] msm_vidc: err : 00000001: ....d: Failed to create debugfs for msm_vidc
01-01 08:00:08.331 0 0 I [ 5.671891] msm_vidc: high: 00000001: mpg2d: Closed video instance: 0000000000000000
01-01 08:00:08.335 0 0 I [ 5.673815] msm_vidc: high: 00000001: ....e: Opening video instance: 0000000000000000, 0
01-01 08:00:08.335 0 0 I [ 5.673872] msm_vidc: err : 00000001: ....e: Failed to create debugfs for msm_vidc
01-01 08:00:08.335 0 0 I [ 5.675848] binder: 1096:1096 ioctl 40046210 7fef886da4 returned -22
01-01 08:00:08.337 0 0 I [ 5.676417] msm_vidc: high: 00000001: h264e: Closed video instance: 0000000000000000
01-01 08:00:08.337 0 0 I [ 5.678308] msm_vidc: high: 00000001: ....e: Opening video instance: 0000000000000000, 0
01-01 08:00:08.337 0 0 I [ 5.678365] msm_vidc: err : 00000001: ....e: Failed to create debugfs for msm_vidc
01-01 08:00:08.340 0 0 I [ 5.680786] msm_vidc: high: 00000001: h265e: Closed video instance: 0000000000000000
01-01 08:00:08.342 0 0 I [ 5.683047] msm_vidc: high: 00000001: ....e: Opening video instance: 0000000000000000, 0
01-01 08:00:08.342 0 0 I [ 5.683105] msm_vidc: err : 00000001: ....e: Failed to create debugfs for msm_vidc
01-01 08:00:08.351 0 0 I [ 5.690334] msm_vidc: high: 00000001: h265e: Closed video instance: 0000000000000000
01-01 08:00:08.357 0 0 I [ 5.697432] msm_vidc: high: 00000001: ....e: Opening video instance: 0000000000000000, 0
01-01 08:00:08.357 0 0 I [ 5.697576] msm_vidc: err : 00000001: ....e: Failed to create debugfs for msm_vidc
01-01 08:00:08.363 0 0 I [ 5.704148] msm_vidc: high: 00000001: h265e: Closed video instance: 0000000000000000
01-01 08:00:08.366 0 0 I [ 5.706680] msm_vidc: high: 00000001: ....e: Opening video instance: 0000000000000000, 0
01-01 08:00:08.366 0 0 I [ 5.706744] msm_vidc: err : 00000001: ....e: Failed to create debugfs for msm_vidc
01-01 08:00:08.366 0 0 I [ 5.707262] msm_vidc: err : 00000001: ....e: msm_vidc_comm_update_ctrl: failed: control name Ltr Count, min 0, max 0, step 0, default_value 0
01-01 08:00:08.370 0 0 I [ 5.711110] msm_vidc: high: 00000001: vp8e: Closed video instance: 0000000000000000
01-01 08:00:08.501 1153 1153 I gsid : no DSU: No such file or directory
01-01 08:00:08.583 0 0 I : [ 5.923272] read descriptors
01-01 08:00:08.583 0 0 I : [ 5.923302] read strings
01-01 08:00:08.584 0 0 I [ 5.924390] binder: 1169:1169 ioctl 40046210 ffd70dd8 returned -22
01-01 08:00:08.587 1170 1170 I iorapd : iorapd (the prefetchening) firing up
01-01 08:00:08.590 1170 1170 I iorapd : Opened existing database at '/data/misc/iorapd/sqlite.db'
01-01 08:00:08.591 1170 1170 W iorapd : Reconnect to package manager service: 1 times
01-01 08:00:08.595 0 0 I [ 5.931871] binder: 1170:1170 ioctl 40046210 7fdaaa74c4 returned -22
01-01 08:00:08.616 0 0 I [ 5.955052] binder: 1198:1198 ioctl 40046210 7fc4f729a4 returned -22
01-01 08:00:08.622 0 0 I [ 5.961605] binder: 1195:1195 ioctl 40046210 7fc4561974 returned -22
01-01 08:00:08.631 0 0 I [ 5.971613] binder: 1197:1197 ioctl 40046210 7fc1bb4ca4 returned -22
01-01 08:00:08.635 1200 1200 I installd: installd firing up
01-01 08:00:08.642 0 0 I [ 5.982494] binder: 1204:1204 ioctl 40046210 7fe6204944 returned -22
01-01 08:00:08.642 0 0 I [ 5.982751] binder: 1200:1200 ioctl 40046210 7ff37adc64 returned -22
01-01 08:00:08.687 0 0 I [ 6.027912] binder: 1223:1223 ioctl 40046210 7fc4a18a24 returned -22
01-01 08:00:08.687 1223 1223 I wificond: wificond is starting up...
01-01 08:00:08.700 0 0 I [ 6.040071] binder: 1202:1202 ioctl 40046210 7fd2dfa0c4 returned -22
01-01 08:00:08.703 0 0 I [ 6.043480] binder: 1222:1241 ioctl 40046210 7674bee0a4 returned -22
01-01 08:00:08.705 0 0 I [ 6.045729] binder: 1223:1223 ioctl 40046210 7fc4a189a4 returned -22
01-01 08:00:08.706 1223 1223 I HidlServiceManagement: Registered android.system.wifi.keystore@1.0::IKeystore/default
01-01 08:00:08.708 0 0 I [ 6.047686] binder: 1224:1224 ioctl 40046210 7fd4bf7b64 returned -22
01-01 08:00:08.769 0 0 I : [ 6.061596] tsnv nv_initialize successfully!
01-01 08:00:08.769 0 0 E [ 6.108264] wlan: Loading driver v5.2.022.10G; 2023-07-07T23:55:54Z; cld:; cmn:;
01-01 08:00:08.779 0 0 I : [ 6.116006] lan743x 0001:01:00.0 eth0: using MSIX interrupts, number of vectors = 6
01-01 08:00:08.786 1236 1236 I imsrcsd : Uce Service HAL is starting up...
01-01 08:00:08.798 1236 1236 I imsrcsd : Uce Service HAL loading imsrcsbaseimpl
01-01 08:00:08.799 0 0 I [ 6.136217] mv2112_config_aneg: autoneg 1
01-01 08:00:08.799 0 0 I : [ 6.136218] mv2112_restart_aneg
01-01 08:00:08.799 0 0 E [ 6.136910] mv2112_read_status: autoneg not complete;time=6136 ms
01-01 08:00:08.799 0 0 I : [ 6.136914] lan743x 0001:01:00.0 eth0: Link is Down
01-01 08:00:08.826 0 0 E : [ 6.157387] ipa ipa3_uc_reg_rdyCB:2973 bad parm. inout=0000000000000000
01-01 08:00:08.826 0 0 I : [ 6.161263] wlan_hdd_state wlan major(476) initialized
01-01 08:00:08.826 0 0 D [ 6.161279] cnss: Start to wait for calibration to complete
01-01 08:00:08.826 0 0 I : [ 6.161466] lan743x 0001:01:00.0 eth0: successfully registered ptp clock
01-01 08:00:08.826 0 0 I [ 6.162462] IPv6: ADDRCONF(NETDEV_UP): eth0: link is not ready
01-01 08:00:08.833 0 0 I [ 6.173421] binder: 1216:1216 ioctl 40046210 7fc0f6d944 returned -22
01-01 08:00:08.875 0 0 E : [ 6.215042] msm-dai-fe soc:qcom,msm-dai-fe: ASoC: no sink widget found for AUXPCM_DL_HL
01-01 08:00:08.875 0 0 E : [ 6.215058] msm-dai-fe soc:qcom,msm-dai-fe: ASoC: Failed to add route AUXPCM_HOSTLESS Playback -> direct -> AUXPCM_DL_HL
01-01 08:00:08.875 0 0 E : [ 6.215113] msm-dai-fe soc:qcom,msm-dai-fe: ASoC: no source widget found for AUXPCM_UL_HL
01-01 08:00:08.875 0 0 E : [ 6.215119] msm-dai-fe soc:qcom,msm-dai-fe: ASoC: Failed to add route AUXPCM_UL_HL -> direct -> AUXPCM_HOSTLESS Capture
01-01 08:00:08.881 0 0 I [ 6.221524] cnss-daemon: NL group_id 10, cnss_nl.family_id 28
01-01 08:00:08.881 0 0 I [ 6.221559] cnss-daemon: wlfw_start: Starting
01-01 08:00:08.881 0 0 I [ 6.222054] cnss-daemon: no interop issues ap currently
01-01 08:00:08.887 0 0 E : [ 6.226826] msm-auxpcm-dev soc:qcom,msm-pri-auxpcm: ASoC: no source widget found for AUX_PCM_RX
01-01 08:00:08.887 0 0 E : [ 6.226840] msm-auxpcm-dev soc:qcom,msm-pri-auxpcm: ASoC: Failed to add route AUX_PCM_RX -> direct -> AUX PCM Playback
01-01 08:00:08.887 0 0 E : [ 6.226955] msm-auxpcm-dev soc:qcom,msm-pri-auxpcm: ASoC: no sink widget found for AUX_PCM_TX
01-01 08:00:08.887 0 0 E : [ 6.226962] msm-auxpcm-dev soc:qcom,msm-pri-auxpcm: ASoC: Failed to add route AUX PCM Capture -> direct -> AUX_PCM_TX
01-01 08:00:08.887 0 0 E : [ 6.227143] msm-auxpcm-dev soc:qcom,msm-sec-auxpcm: ASoC: no source widget found for SEC_AUX_PCM_RX
01-01 08:00:08.887 0 0 E : [ 6.227150] msm-auxpcm-dev soc:qcom,msm-sec-auxpcm: ASoC: Failed to add route SEC_AUX_PCM_RX -> direct -> Sec AUX PCM Playback
01-01 08:00:08.887 0 0 E : [ 6.227260] msm-auxpcm-dev soc:qcom,msm-sec-auxpcm: ASoC: no sink widget found for SEC_AUX_PCM_TX
01-01 08:00:08.887 0 0 E : [ 6.227266] msm-auxpcm-dev soc:qcom,msm-sec-auxpcm: ASoC: Failed to add route Sec AUX PCM Capture -> direct -> SEC_AUX_PCM_TX
01-01 08:00:08.887 0 0 E : [ 6.227381] msm-auxpcm-dev soc:qcom,msm-tert-auxpcm: ASoC: no source widget found for TERT_AUX_PCM_RX
01-01 08:00:08.887 0 0 E : [ 6.227387] msm-auxpcm-dev soc:qcom,msm-tert-auxpcm: ASoC: Failed to add route TERT_AUX_PCM_RX -> direct -> Tert AUX PCM Playback
01-01 08:00:08.887 0 0 E : [ 6.227494] msm-auxpcm-dev soc:qcom,msm-tert-auxpcm: ASoC: no sink widget found for TERT_AUX_PCM_TX
01-01 08:00:08.887 0 0 E : [ 6.227501] msm-auxpcm-dev soc:qcom,msm-tert-auxpcm: ASoC: Failed to add route Tert AUX PCM Capture -> direct -> TERT_AUX_PCM_TX
01-01 08:00:08.887 0 0 E : [ 6.227612] msm-auxpcm-dev soc:qcom,msm-quat-auxpcm: ASoC: no source widget found for QUAT_AUX_PCM_RX
01-01 08:00:08.887 0 0 E : [ 6.227618] msm-auxpcm-dev soc:qcom,msm-quat-auxpcm: ASoC: Failed to add route QUAT_AUX_PCM_RX -> direct -> Quat AUX PCM Playback
01-01 08:00:08.887 0 0 E : [ 6.227787] msm-auxpcm-dev soc:qcom,msm-quat-auxpcm: ASoC: no sink widget found for QUAT_AUX_PCM_TX
01-01 08:00:08.887 0 0 E : [ 6.227795] msm-auxpcm-dev soc:qcom,msm-quat-auxpcm: ASoC: Failed to add route Quat AUX PCM Capture -> direct -> QUAT_AUX_PCM_TX
01-01 08:00:08.887 0 0 E : [ 6.227928] msm-auxpcm-dev soc:qcom,msm-quin-auxpcm: ASoC: no source widget found for QUIN_AUX_PCM_RX
01-01 08:00:08.887 0 0 E : [ 6.227934] msm-auxpcm-dev soc:qcom,msm-quin-auxpcm: ASoC: Failed to add route QUIN_AUX_PCM_RX -> direct -> Quin AUX PCM Playback
01-01 08:00:08.887 0 0 E : [ 6.228115] msm-auxpcm-dev soc:qcom,msm-quin-auxpcm: ASoC: no sink widget found for QUIN_AUX_PCM_TX
01-01 08:00:08.887 0 0 E : [ 6.228123] msm-auxpcm-dev soc:qcom,msm-quin-auxpcm: ASoC: Failed to add route Quin AUX PCM Capture -> direct -> QUIN_AUX_PCM_TX
01-01 08:00:08.887 0 0 E : [ 6.228256] msm-auxpcm-dev soc:qcom,msm-sen-auxpcm: ASoC: no source widget found for SEN_AUX_PCM_RX
01-01 08:00:08.887 0 0 E : [ 6.228262] msm-auxpcm-dev soc:qcom,msm-sen-auxpcm: ASoC: Failed to add route SEN_AUX_PCM_RX -> direct -> Sen AUX PCM Playback
01-01 08:00:08.887 0 0 E : [ 6.228373] msm-auxpcm-dev soc:qcom,msm-sen-auxpcm: ASoC: no sink widget found for SEN_AUX_PCM_TX
01-01 08:00:08.887 0 0 E : [ 6.228378] msm-auxpcm-dev soc:qcom,msm-sen-auxpcm: ASoC: Failed to add route Sen AUX PCM Capture -> direct -> SEN_AUX_PCM_TX
01-01 08:00:08.895 0 0 W : [ 6.228430] msm-dai-q6-hdmi soc:qcom,msm-dai-q6-dp: DAI driver id is not set
01-01 08:00:08.895 0 0 I [ 6.229383] cnss-daemon: wlfw_service_request: Start the pthread: 0x0K
01-01 08:00:08.895 0 0 I [ 6.230572] cnss-daemon: pm_release_vote: pm_handle is NULL
01-01 08:00:08.895 0 0 I [ 6.230581] cnss-daemon: pm_release_vote: pm_handle is NULL
01-01 08:00:08.895 0 0 I [ 6.230611] cnss-daemon: wlfw_build_cal_table: not read /data/vendor/wifi/wlfw_cal_00.bin
01-01 08:00:08.895 0 0 I [ 6.232149] cnss-daemon: ro.baseband : [apq]
01-01 08:00:08.919 0 0 I [ 6.232214] cnss-daemon: Hardware supports external modem
01-01 08:00:08.919 0 0 I [ 6.257611] android_work: did not send uevent (0 0 0000000000000000)
01-01 08:00:08.919 0 0 W [ 6.259377] healthd: No battery devices found
01-01 08:00:08.927 0 0 W [ 6.264943] is_dc_online: 15 callbacks suppressed
01-01 08:00:08.927 0 0 E [ 6.264946] HL6111R: is_dc_online: DC psy unavailable
01-01 08:00:08.927 0 0 W [ 6.264991] healthd: battery none chg=
01-01 08:00:08.927 0 0 E [ 6.265035] HL6111R: is_dc_online: DC psy unavailable
01-01 08:00:08.931 0 0 I [ 6.271472] binder: 1193:1193 ioctl 40046210 7fe6ad9014 returned -22
01-01 08:00:08.931 0 0 I [ 6.271862] binder: 1193:1193 ioctl 40046210 7fe6ad9034 returned -22
01-01 08:00:08.932 0 0 E [ 6.272285] HL6111R: is_dc_online: DC psy unavailable
01-01 08:00:08.932 0 0 I [ 6.272668] binder: 1378:1378 ioctl 40046210 7ff85efe34 returned -22
01-01 08:00:08.932 1216 1216 W storaged: health: invalid battery status
01-01 08:00:08.933 0 0 I [ 6.273580] binder: 1216:1216 ioctl 40046210 7fc0f6d874 returned -22
01-01 08:00:08.933 0 0 I [ 6.273944] binder: 1373:1373 ioctl 40046210 7fde5798a4 returned -22
01-01 08:00:08.933 0 0 I [ 6.274010] binder: 1378:1378 ioctl 40046210 7ff85efa34 returned -22
01-01 08:00:08.952 0 0 I [ 6.285255] cnss-daemon: wlfw_build_cal_table: not read /data/vendor/wifi/wlfw_cal_02.bin
01-01 08:00:08.952 0 0 D [ 6.290714] cnss: Received QMI WLFW request memory indication
01-01 08:00:08.952 0 0 D [ 6.290718] cnss: FW requests for memory, size: 0x5e0000, type: 1
01-01 08:00:08.952 0 0 D [ 6.290719] cnss: FW requests for memory, size: 0xd8000, type: 4
01-01 08:00:08.952 0 0 D [ 6.290721] cnss: Posting event: REQUEST_MEM(2), state: 0x9 flags: 0x0
01-01 08:00:08.952 0 0 D [ 6.290724] cnss: PM stay awake, state: 0x9, count: 1
01-01 08:00:08.952 0 0 D [ 6.290730] cnss: PM relax, state: 0x9, count: 0
01-01 08:00:08.952 0 0 D [ 6.290733] cnss: PM stay awake, state: 0x9, count: 1
01-01 08:00:08.952 0 0 D [ 6.290734] cnss: Processing driver event: REQUEST_MEM(2), state: 0x9
01-01 08:00:08.961 1236 1236 I imsrcsd : Starting Service for First Time imsbaseimpl
01-01 08:00:08.962 1236 1236 I imsrcsd : Interface com.qualcomm.qti.uceservice@2.3::IUceService com.qualcomm.qti.uceservice is found in manifest
01-01 08:00:08.963 1236 1236 I HidlServiceManagement: Registered com.qualcomm.qti.uceservice@2.3::IUceService/com.qualcomm.qti.uceservice (start delay of 284ms)
01-01 08:00:08.971 0 0 I [ 6.300957] binder: 1379:1379 ioctl 40046210 7ff50c09a4 returned -22
01-01 08:00:08.971 0 0 I [ 6.302428] binder: 1373:1373 ioctl 40046210 7fde5796d4 returned -22
01-01 08:00:08.971 0 0 I [ 6.304150] binder: 1206:1206 ioctl 40046210 ffb55f78 returned -22
01-01 08:00:08.972 1236 1236 I imsrcsd : Interface com.qualcomm.qti.imscmservice@2.2::IImsCmService qti.ims.connectionmanagerservice is found in manifest
01-01 08:00:08.975 0 0 D [ 6.313536] qbt: qbt_open: entry minor_no=0 fd_available=1
01-01 08:00:08.972 1236 1236 I HidlServiceManagement: Registered com.qualcomm.qti.imscmservice@2.2::IImsCmService/qti.ims.connectionmanagerservice (start delay of 293ms)
01-01 08:00:08.973 1407 1407 I TLOC : [main ]"TLOC DAEMON main thread"
01-01 08:00:08.973 1407 1407 D TLOC : [TLOCDaemon ]"---------- TLOC Daemon Starts ----------"
01-01 08:00:08.974 1407 1407 D TLOC : [TLOCChannel]"The channel was initialized successfully for TLOCD"
01-01 08:00:08.975 1407 1407 D TLOC : [TLOCChannel]"The channel was initialized successfully for TLOCL"
01-01 08:00:08.976 1236 1236 I imsrcsd : Interface vendor.qti.ims.factory@1.1::IImsFactory default is not found in manifest
01-01 08:00:08.976 1407 1407 D TLOC : [TLOCChannel]"The channel was initialized successfully for MODEM"
01-01 08:00:08.976 1407 1407 D TLOC : [TLOCChannel]"TLOCChannel was initialized successfully"
01-01 08:00:08.976 1407 1407 D TLOC : [TLOCChannel] "TLOCChannel is already initialized"
01-01 08:00:08.977 1236 1236 I imsrcsd : Interface vendor.qti.ims.factory@1.0::IImsFactory default is found in manifest
01-01 08:00:08.977 1236 1236 I HidlServiceManagement: Registered vendor.qti.ims.factory@1.0::IImsFactory/default (start delay of 298ms)
01-01 08:00:08.980 1236 1236 I imsrcsd : Interface vendor.qti.ims.callinfo@1.0::IService default is found in manifest
01-01 08:00:08.981 1236 1236 I HidlServiceManagement: Registered vendor.qti.ims.callinfo@1.0::IService/default (start delay of 301ms)
01-01 08:00:08.981 1236 1236 I imsrcsd : ImsRcsBaseImpl ImsCallInfo After Registering Service
01-01 08:00:08.992 0 0 D [ 6.313538] qbt: qbt_open: exit : 0 fd_available=0
01-01 08:00:08.992 0 0 D [ 6.313549] qbt: qbt_open: entry minor_no=1 fd_available=0
01-01 08:00:08.992 0 0 D [ 6.313550] qbt: qbt_open: exit : 0 fd_available=0
01-01 08:00:08.992 0 0 D [ 6.313558] qbt: qbt_ioctl: cmd received 102
01-01 08:00:08.992 0 0 D [ 6.313568] qbt: qbt_ioctl: qbt_ioctl: QBT_ENABLE_IPC
01-01 08:00:08.992 0 0 I [ 6.316554] binder: 1206:1206 ioctl 40046210 ffb55f60 returned -22
01-01 08:00:08.992 0 0 D [ 6.324120] qbt: qbt_ioctl: cmd received 107
01-01 08:00:08.992 0 0 D [ 6.324123] qbt: qbt_ioctl: Acquiring wakelock
01-01 08:00:09.002 0 0 I [ 6.337260] binder: 1325:1325 ioctl 40046210 7fdeecbaf4 returned -22
01-01 08:00:09.038 0 0 I [ 6.376440] capability: warning: `msm_irqbalance' uses 32-bit capabilities (legacy support in use)
01-01 08:00:09.056 0 0 I [ 6.396156] IPv6: ADDRCONF(NETDEV_UP): vlan0: link is not ready
01-01 08:00:09.127 0 0 I [ 6.465093] IPv6: ADDRCONF(NETDEV_UP): vlan1: link is not ready
01-01 08:00:09.146 0 0 E [ 6.486577] MAIN_MGR: hvdcp_opti Version: 3:0:0
01-01 08:00:09.151 0 0 E [ 6.488467] MAIN_MGR: set keepcaps failed!
01-01 08:00:09.151 0 0 E [ 6.488606] CHG_POLICY_PATH: Failed to get IIO path for MAIN_PSY
01-01 08:00:09.183 0 0 I [ 6.521580] IPv6: ADDRCONF(NETDEV_UP): vlan2: link is not ready
01-01 08:00:09.207 0 0 E : [ 6.545531] bolero-codec soc:qcom,msm-audio-apr:qcom,q6core-audio:bolero-cdc: ASoC: unknown pin WSA AIF VI
01-01 08:00:09.215 0 0 E : [ 6.553924] kona-asoc-snd soc:qcom,msm-audio-apr:qcom,q6core-audio:sound: ASoC: no source widget found for MIC BIAS1
01-01 08:00:09.215 0 0 E : [ 6.553938] kona-asoc-snd soc:qcom,msm-audio-apr:qcom,q6core-audio:sound: ASoC: Failed to add route MIC BIAS1 -> direct -> AMIC1
01-01 08:00:09.215 0 0 E : [ 6.554002] kona-asoc-snd soc:qcom,msm-audio-apr:qcom,q6core-audio:sound: ASoC: no sink widget found for MIC BIAS1
01-01 08:00:09.215 0 0 E : [ 6.554008] kona-asoc-snd soc:qcom,msm-audio-apr:qcom,q6core-audio:sound: ASoC: Failed to add route Analog Mic1 -> direct -> MIC BIAS1
01-01 08:00:09.215 0 0 E : [ 6.554069] kona-asoc-snd soc:qcom,msm-audio-apr:qcom,q6core-audio:sound: ASoC: no source widget found for MIC BIAS2
01-01 08:00:09.215 0 0 E : [ 6.554074] kona-asoc-snd soc:qcom,msm-audio-apr:qcom,q6core-audio:sound: ASoC: Failed to add route MIC BIAS2 -> direct -> AMIC2
01-01 08:00:09.215 0 0 E : [ 6.554132] kona-asoc-snd soc:qcom,msm-audio-apr:qcom,q6core-audio:sound: ASoC: no sink widget found for MIC BIAS2
01-01 08:00:09.215 0 0 E : [ 6.554137] kona-asoc-snd soc:qcom,msm-audio-apr:qcom,q6core-audio:sound: ASoC: Failed to add route Analog Mic2 -> direct -> MIC BIAS2
01-01 08:00:09.215 0 0 E : [ 6.554194] kona-asoc-snd soc:qcom,msm-audio-apr:qcom,q6core-audio:sound: ASoC: no source widget found for MIC BIAS3
01-01 08:00:09.215 0 0 E : [ 6.554199] kona-asoc-snd soc:qcom,msm-audio-apr:qcom,q6core-audio:sound: ASoC: Failed to add route MIC BIAS3 -> direct -> AMIC3
01-01 08:00:09.215 0 0 E : [ 6.554256] kona-asoc-snd soc:qcom,msm-audio-apr:qcom,q6core-audio:sound: ASoC: no sink widget found for MIC BIAS3
01-01 08:00:09.215 0 0 E : [ 6.554261] kona-asoc-snd soc:qcom,msm-audio-apr:qcom,q6core-audio:sound: ASoC: Failed to add route Analog Mic3 -> direct -> MIC BIAS3
01-01 08:00:09.215 0 0 E : [ 6.554319] kona-asoc-snd soc:qcom,msm-audio-apr:qcom,q6core-audio:sound: ASoC: no source widget found for MIC BIAS3
01-01 08:00:09.215 0 0 E : [ 6.554327] kona-asoc-snd soc:qcom,msm-audio-apr:qcom,q6core-audio:sound: ASoC: Failed to add route MIC BIAS3 -> direct -> AMIC4
01-01 08:00:09.215 0 0 E : [ 6.554386] kona-asoc-snd soc:qcom,msm-audio-apr:qcom,q6core-audio:sound: ASoC: no sink widget found for MIC BIAS3
01-01 08:00:09.215 0 0 E : [ 6.554391] kona-asoc-snd soc:qcom,msm-audio-apr:qcom,q6core-audio:sound: ASoC: Failed to add route Analog Mic4 -> direct -> MIC BIAS3
