07-10 16:11:37.627 4177 4233 I OpenGLRenderer: Davey! duration=9223371931090ms; Flags=0, FrameTimelineVsyncId=1534, IntendedVsync=105764225630, Vsync=105764225630, InputEventId=0, HandleInputStart=105764874800, AnimationStart=105764879227, PerformTraversalsStart=105764882768, DrawStart=105787490320, FrameDeadline=105797558962, FrameInterval=105764864227, FrameStartTime=16666666, SyncQueued=105788714279, SyncStart=105788801154, IssueDrawCommandsStart=105789684279, SwapBuffers=105792750529, FrameCompleted=9223372036854775807, DequeueBufferDuration=46667, QueueBufferDuration=836146, GpuCompleted=9223372036854775807, SwapBuffersCompleted=105794096675, DisplayPresentTime=0,
07-10 16:11:38.551 662 677 I mpu_uart: [MSG-P:RECV]:No message received in 1000 ms
07-10 16:11:38.625 4177 4233 I OpenGLRenderer: Davey! duration=9223371930090ms; Flags=0, FrameTimelineVsyncId=1540, IntendedVsync=106764249630, Vsync=106764249630, InputEventId=0, HandleInputStart=106765071726, AnimationStart=106765075997, PerformTraversalsStart=106765078966, DrawStart=106788505320, FrameDeadline=106797582962, FrameInterval=106765061883, FrameStartTime=16666666, SyncQueued=106789883862, SyncStart=106790261310, IssueDrawCommandsStart=106791298914, SwapBuffers=106794711153, FrameCompleted=9223372036854775807, DequeueBufferDuration=55364, QueueBufferDuration=1020208, GpuCompleted=9223372036854775807, SwapBuffersCompleted=106796250945, DisplayPresentTime=0,
07-10 16:11:38.642 4177 4190 I OpenGLRenderer: Davey! duration=9223371930071ms; Flags=0, FrameTimelineVsyncId=1541, IntendedVsync=106780916296, Vsync=106780916296, InputEventId=0, HandleInputStart=106791759226, AnimationStart=106791761258, PerformTraversalsStart=106792375945, DrawStart=106792414487, FrameDeadline=106814249628, FrameInterval=106791755372, FrameStartTime=16666666, SyncQueued=106793552716, SyncStart=106796298133, IssueDrawCommandsStart=106796774226, SwapBuffers=106798983601, FrameCompleted=9223372036854775807, DequeueBufferDuration=18073, QueueBufferDuration=11054739, GpuCompleted=9223372036854775807, SwapBuffersCompleted=106810490581, DisplayPresentTime=0,
07-10 16:11:38.893 2102 4094 D MicroService: handleHeartBeat:72
07-10 16:11:38.907 2102 2102 D MicroService: onHeartBeatDetected
07-10 16:11:38.908 2102 2102 D MicroService: sendHeartbeatMessage
07-10 16:11:39.323 662 676 D mpu_uart: [MSG-P:R-M]:recved H:38, L:0
07-10 16:11:39.323 662 676 V mpu_uart: recv data buf:[0x3c, 0x26, 0x0, 0x2, 0xd, 0x2, 0x1, 0x1c, 0xd, 0xa, 0x20, 0x42, 0x2d, 0x6d, 0x61, 0x69, 0x6e, 0x5f, 0x6c, 0x6f, 0x6f, 0x70, 0x20, 0x69, 0x73, 0x20, 0x72, 0x75, 0x6e, 0x6e, 0x69, 0x6e, 0x67, 0xd, 0xa, 0x0, 0x0, 0x70, ]
07-10 16:11:39.323 662 677 D mpu_uart: [SESSION-Distribute]:Message en queue:d
07-10 16:11:39.627 4177 4190 I OpenGLRenderer: Davey! duration=9223371929090ms; Flags=0, FrameTimelineVsyncId=1546, IntendedVsync=107764264630, Vsync=107764264630, InputEventId=0, HandleInputStart=107765156622, AnimationStart=107765160580, PerformTraversalsStart=107765163236, DrawStart=107787066361, FrameDeadline=107797597962, FrameInterval=107765148288, FrameStartTime=16666666, SyncQueued=107788156205, SyncStart=107788230111, IssueDrawCommandsStart=107789188288, SwapBuffers=107792437299, FrameCompleted=9223372036854775807, DequeueBufferDuration=48385, QueueBufferDuration=1083073, GpuCompleted=9223372036854775807, SwapBuffersCompleted=107794066778, DisplayPresentTime=0,
07-10 16:11:40.323 662 677 I mpu_uart: [MSG-P:RECV]:No message received in 1000 ms
07-10 16:11:40.642 4177 4190 I OpenGLRenderer: Davey! duration=9223371928073ms; Flags=0, FrameTimelineVsyncId=1552, IntendedVsync=108780947296, Vsync=108780947296, InputEventId=0, HandleInputStart=108781823496, AnimationStart=108781827455, PerformTraversalsStart=108781830163, DrawStart=108804820371, FrameDeadline=108814280628, FrameInterval=108781815059, FrameStartTime=16666666, SyncQueued=108806094173, SyncStart=108806202611, IssueDrawCommandsStart=108807214590, SwapBuffers=108810494955, FrameCompleted=9223372036854775807, DequeueBufferDuration=49428, QueueBufferDuration=919063, GpuCompleted=9223372036854775807, SwapBuffersCompleted=108811955215, DisplayPresentTime=0,
07-10 16:11:40.657 4177 4190 I OpenGLRenderer: Davey! duration=9223371928054ms; Flags=0, FrameTimelineVsyncId=1553, IntendedVsync=108797613962, Vsync=108797613962, InputEventId=0, HandleInputStart=108807406882, AnimationStart=108807409226, PerformTraversalsStart=108808066673, DrawStart=108808119903, FrameDeadline=108830947294, FrameInterval=108807403340, FrameStartTime=16666666, SyncQueued=108809164590, SyncStart=108811997038, IssueDrawCommandsStart=108812499017, SwapBuffers=108814846101, FrameCompleted=9223372036854775807, DequeueBufferDuration=18178, QueueBufferDuration=11527448, GpuCompleted=9223372036854775807, SwapBuffersCompleted=108826794538, DisplayPresentTime=0,
07-10 16:11:40.897 2102 4095 D MicroService: handleHeartBeat:73
07-10 16:11:40.910 2102 2102 D MicroService: onHeartBeatDetected
07-10 16:11:40.910 2102 2102 D MicroService: sendHeartbeatMessage
07-10 16:11:41.324 662 677 I mpu_uart: [MSG-P:RECV]:No message received in 1000 ms
07-10 16:11:41.646 4177 4190 I OpenGLRenderer: Davey! duration=9223371927073ms; Flags=0, FrameTimelineVsyncId=1558, IntendedVsync=109780966630, Vsync=109780966630, InputEventId=0, HandleInputStart=109781489017, AnimationStart=109781493340, PerformTraversalsStart=109781496256, DrawStart=109803685111, FrameDeadline=109814299962, FrameInterval=109781480215, FrameStartTime=16666666, SyncQueued=109804879850, SyncStart=109804967663, IssueDrawCommandsStart=109805832871, SwapBuffers=109808728288, FrameCompleted=9223372036854775807, DequeueBufferDuration=41458, QueueBufferDuration=805833, GpuCompleted=9223372036854775807, SwapBuffersCompleted=109810013913, DisplayPresentTime=0,
07-10 16:11:41.772 2306 2306 D RemoteControlService: startVlanDispatchThread
07-10 16:11:42.324 662 677 I mpu_uart: [MSG-P:RECV]:No message received in 1000 ms
07-10 16:11:42.326 662 676 I mpu_uart: [MSG-P:R]:recv sync frame timeout
07-10 16:11:42.642 4177 4190 I OpenGLRenderer: Davey! duration=9223371926073ms; Flags=0, FrameTimelineVsyncId=1564, IntendedVsync=110780995630, Vsync=110780995630, InputEventId=0, HandleInputStart=110781589694, AnimationStart=110781593756, PerformTraversalsStart=110781596933, DrawStart=110805418704, FrameDeadline=110814328962, FrameInterval=110781577923, FrameStartTime=16666666, SyncQueued=110806819641, SyncStart=110807250058, IssueDrawCommandsStart=110808459694, SwapBuffers=110811658496, FrameCompleted=9223372036854775807, DequeueBufferDuration=73229, QueueBufferDuration=911510, GpuCompleted=9223372036854775807, SwapBuffersCompleted=110813155944, DisplayPresentTime=0,
07-10 16:11:42.658 4177 4190 I OpenGLRenderer: Davey! duration=9223371926054ms; Flags=0, FrameTimelineVsyncId=1565, IntendedVsync=110797662296, Vsync=110797662296, InputEventId=0, HandleInputStart=110808623287, AnimationStart=110808624902, PerformTraversalsStart=110809012819, DrawStart=110809059589, FrameDeadline=110830995628, FrameInterval=110808620110, FrameStartTime=16666666, SyncQueued=110810153027, SyncStart=110813201569, IssueDrawCommandsStart=110813616256, SwapBuffers=110815929902, FrameCompleted=9223372036854775807, DequeueBufferDuration=16355, QueueBufferDuration=10736615, GpuCompleted=9223372036854775807, SwapBuffersCompleted=110827068652, DisplayPresentTime=0,
07-10 16:11:42.903 2102 4098 D MicroService: handleHeartBeat:74
07-10 16:11:42.912 2102 2102 D MicroService: onHeartBeatDetected
07-10 16:11:42.913 2102 2102 D MicroService: sendHeartbeatMessage
07-10 16:11:43.000 2102 4100 I MicroService: Receive message: SocketMessageBean{businessData='21930', srcService='IDCM_TBoxService', destService='FSEM_SettingService', messageType='0', uuid='1688976703833321000', payloadData={"dstService":"FSEM_SettingService","messageType":0,"methodName":"netstatus","parameters":{"functionInfo":{"IDCM_celltype":6,"IDCM_netstatus":0,"IDCM_signalstrength":107}},"srcService":"IDCM_TBoxService","uuid":1688976703833321000}
07-10 16:11:43.000 2102 4100 I MicroService: }
07-10 16:11:43.000 2102 4100 I MicroService: onRequest(netstatus): {"functionInfo":{"IDCM_celltype":6,"IDCM_netstatus":0,"IDCM_signalstrength":107}}
07-10 16:11:43.001 2119 2237 D MicroSettings: ITCMicroCommonCallback: get request method = netstatus parameters = {"functionInfo":{"IDCM_celltype":6,"IDCM_netstatus":0,"IDCM_signalstrength":107}}
07-10 16:11:43.002 2102 4100 D MicroService: handleHeartBeat:75
07-10 16:11:43.002 2119 3373 D MicroSettings: TBoxNetStatusSyncAction: doActualAction()
07-10 16:11:43.002 2119 3373 D MicroSettings: TBoxNetStatusSyncAction: leve = 1
07-10 16:11:43.002 2119 3373 D MicroSettings: TBoxNetStatusSyncAction: drawable = 2131231167
07-10 16:11:43.004 2119 3373 I MicroSettings: TBoxNetStatusSyncAction: setNetStatus completed: 2131231167
07-10 16:11:43.325 662 677 I mpu_uart: [MSG-P:RECV]:No message received in 1000 ms
07-10 16:11:43.647 4177 4190 I OpenGLRenderer: Davey! duration=9223371925073ms; Flags=0, FrameTimelineVsyncId=1573, IntendedVsync=111781315860, Vsync=111781315860, InputEventId=0, HandleInputStart=111782743287, AnimationStart=111782747662, PerformTraversalsStart=111782750318, DrawStart=111804382506, FrameDeadline=111814649192, FrameInterval=111782732349, FrameStartTime=16666666, SyncQueued=111805545995, SyncStart=111805630474, IssueDrawCommandsStart=111806705474, SwapBuffers=111810171099, FrameCompleted=9223372036854775807, DequeueBufferDuration=57865, QueueBufferDuration=1017864, GpuCompleted=9223372036854775807, SwapBuffersCompleted=111811743183, DisplayPresentTime=0,
07-10 16:11:43.950 1566 1704 D PowerManagerService: handleUserActivityTimeout
07-10 16:11:43.951 1566 1704 D PowerManagerService: updateUserActivitySummaryLocked: groupId=0, mWakefulness=Awake, mUserActivitySummary=0x4, nextTimeout=-1 (112132 ms ago)
07-10 16:11:43.951 1566 1704 D PowerManagerService: updateWakefulnessLocked: Bed time for group 0
07-10 16:11:43.951 1566 1704 D PowerManagerService: dreamDisplayGroupNoUpdateLocked: eventTime=112131, uid=1000
07-10 16:11:43.951 1566 1704 I PowerManagerService: Napping display group (groupId=0, uid=1000)...
07-10 16:11:43.952 1566 1704 I PowerManagerService: Nap time (uid 1000)...
07-10 16:11:43.955 1566 1704 D PowerManagerNotifier: onWakefulnessChangeStarted: wakefulness=2, reason=0, interactive=true
07-10 16:11:43.956 1566 1704 D PowerManagerService: updateWakeLockSummaryLocked: mWakefulness=Dreaming, mWakeLockSummary=0x0
07-10 16:11:43.956 1566 1704 D PowerManagerService: updateUserActivitySummaryLocked: groupId=0, mWakefulness=Dreaming, mUserActivitySummary=0x4, nextTimeout=-1 (112137 ms ago)
07-10 16:11:43.956 1566 1704 D PowerManagerNotifier: onScreenPolicyUpdate: newPolicy=3
07-10 16:11:43.956 1566 1704 D PowerManagerService: updateDisplayPowerStateLocked: displayReady=true, groupId=0, policy=BRIGHT, mWakefulness=Dreaming, mWakeLockSummary=0x0, mUserActivitySummary=0x4, mBootCompleted=true, screenBrightnessOverride=NaN, useAutoBrightness=true, mScreenBrightnessBoostInProgress=false, mIsVrModeEnabled= false, sQuiescent=false
07-10 16:11:43.956 1566 1704 D PowerManagerNotifier: onWakefulnessChangeFinished
07-10 16:11:43.957 1566 1704 I DreamManagerService: Entering dreamland.
07-10 16:11:43.958 1566 1704 D PowerManagerService: acquireWakeLockInternal: lock=242591949, flags=0x1, tag="startDream", ws=null, uid=1000, pid=1566
07-10 16:11:43.959 1566 1704 D PowerManagerService: updateWakeLockSummaryLocked: mWakefulness=Dreaming, mWakeLockSummary=0x1
07-10 16:11:43.959 1566 1704 D PowerManagerService: updateUserActivitySummaryLocked: groupId=0, mWakefulness=Dreaming, mUserActivitySummary=0x4, nextTimeout=-1 (112140 ms ago)
07-10 16:11:43.959 1566 1704 D PowerManagerNotifier: onScreenPolicyUpdate: newPolicy=3
07-10 16:11:43.959 1566 1704 D PowerManagerService: updateDisplayPowerStateLocked: displayReady=true, groupId=0, policy=BRIGHT, mWakefulness=Dreaming, mWakeLockSummary=0x1, mUserActivitySummary=0x4, mBootCompleted=true, screenBrightnessOverride=NaN, useAutoBrightness=true, mScreenBrightnessBoostInProgress=false, mIsVrModeEnabled= false, sQuiescent=false
07-10 16:11:43.959 1566 1704 D PowerManagerService: Acquiring suspend blocker "PowerManagerService.WakeLocks".
07-10 16:11:43.963 1566 1566 I ActivityManager: Killing 3345:com.android.providers.calendar/u0a27 (adj 915): empty #2
07-10 16:11:43.964 1566 1704 D PowerManagerNotifier: onWakeLockAcquired: flags=1, tag="startDream", packageName=android, ownerUid=1000, ownerPid=1566, workSource=null
07-10 16:11:43.965 1566 1704 I PowerManagerService: Dreaming...
07-10 16:11:43.967 1566 1566 I ActivityManager: Killing 2593:com.qualcomm.qti.qccauthmgr/u0a80 (adj 925): empty #3
07-10 16:11:43.968 1566 1566 I ActivityManager: Killing 2439:com.thundercomm.gamemode.provider/u0a62 (adj 935): empty #4
07-10 16:11:43.982 1566 1566 I ActivityManager: Killing 4107:com.qualcomm.timeservice/u0a54 (adj 945): empty #5
07-10 16:11:43.983 1566 1691 I libprocessgroup: Successfully killed process cgroup uid 10027 pid 3345 in 18ms
07-10 16:11:43.985 1566 1678 I DreamController: Starting dream: name=ComponentInfo{com.thundercomm.screensaver/com.thundercomm.screensaver.service.SystemDream}, isTest=false, canDoze=false, userId=0
07-10 16:11:43.987 1907 1907 V ShadeControllerImpl: NotificationShadeWindow: com.android.systemui.statusbar.phone.NotificationShadeWindowView{7930cf4 I.E...... ......ID 0,0-2560,1080} canPanelBeCollapsed(): false
07-10 16:11:43.987 1566 1678 D CompatibilityChangeReporter: Compat change id reported: 135634846; UID 1000; state: DISABLED
07-10 16:11:43.988 1566 1678 D CompatibilityChangeReporter: Compat change id reported: 177438394; UID 1000; state: DISABLED
07-10 16:11:43.988 1566 1678 D CompatibilityChangeReporter: Compat change id reported: 135772972; UID 1000; state: DISABLED
07-10 16:11:43.988 1566 1678 D CompatibilityChangeReporter: Compat change id reported: 135754954; UID 1000; state: ENABLED
07-10 16:11:44.000 683 683 D Zygote : Forked child process 4290
07-10 16:11:44.001 1566 1691 I libprocessgroup: Successfully killed process cgroup uid 10080 pid 2593 in 0ms
07-10 16:11:44.002 683 683 I Zygote : Process 3345 exited due to signal 9 (Killed)
07-10 16:11:44.004 683 683 I Zygote : Process 4107 exited due to signal 9 (Killed)
07-10 16:11:44.005 1566 1690 I ActivityManager: Start proc 4290:com.thundercomm.screensaver/1000 for service {com.thundercomm.screensaver/com.thundercomm.screensaver.service.SystemDream}
07-10 16:11:44.011 683 683 I Zygote : Process 2439 exited due to signal 9 (Killed)
07-10 16:11:44.021 683 683 I Zygote : Process 2593 exited due to signal 9 (Killed)
07-10 16:11:44.021 4290 4290 E omm.screensave: Not starting debugger since process cannot load the jdwp agent.
07-10 16:11:44.024 1566 1691 I libprocessgroup: Successfully killed process cgroup uid 10062 pid 2439 in 0ms
07-10 16:11:44.024 1566 1691 I libprocessgroup: Successfully killed process cgroup uid 10054 pid 4107 in 0ms
07-10 16:11:44.027 0 0 I [ 112.206459] binder: 4290:4290 ioctl 40046210 7fe4a4a554 returned -22
07-10 16:11:44.026 4290 4290 D ProcessState: Binder ioctl to enable oneway spam detection failed: Invalid argument
07-10 16:11:44.032 1566 2881 D CompatibilityChangeReporter: Compat change id reported: 168419799; UID 1000; state: DISABLED
07-10 16:11:44.032 1566 2881 D CompatibilityInfo: mCompatibilityFlags - 4
07-10 16:11:44.032 1566 2881 D CompatibilityInfo: applicationDensity - 240
07-10 16:11:44.032 1566 2881 D CompatibilityInfo: applicationScale - 1.0
07-10 16:11:44.035 1566 2881 D CompatibilityInfo: mCompatibilityFlags - 4
07-10 16:11:44.035 1566 2881 D CompatibilityInfo: applicationDensity - 240
07-10 16:11:44.035 1566 2881 D CompatibilityInfo: applicationScale - 1.0
07-10 16:11:44.037 4290 4290 D CompatibilityChangeReporter: Compat change id reported: 171979766; UID 1000; state: ENABLED
07-10 16:11:44.156 4290 4290 I Perf : Connecting to perf service.
07-10 16:11:44.160 4290 4290 V GraphicsEnvironment: ANGLE Developer option for 'com.thundercomm.screensaver' set to: 'default'
07-10 16:11:44.160 4290 4290 V GraphicsEnvironment: ANGLE GameManagerService for com.thundercomm.screensaver: false
07-10 16:11:44.161 4290 4290 D NetworkSecurityConfig: Using Network Security Config from resource network_security_config debugBuild: false
07-10 16:11:44.166 4290 4290 D NetworkSecurityConfig: Using Network Security Config from resource network_security_config debugBuild: false
07-10 16:11:44.169 4290 4290 I ScreenSaver_12: [ScreenSaverApplication] onCreate
07-10 16:11:44.181 4290 4290 D ScreenSaver_12: [ScreensaverManager] connect:109 start connect screensaver service...
07-10 16:11:44.181 4290 4290 D ScreenSaver_12: [ScreensaverManager] bindService:114 start bindService
07-10 16:11:44.181 4290 4290 W ContextImpl: Calling a method in the system process without a qualified user: android.app.ContextImpl.bindService:1895 android.content.ContextWrapper.bindService:810 com.thundercomm.screensaver.microservice.manager.ScreensaverManager.bindService:120 com.thundercomm.screensaver.microservice.manager.ScreensaverManager.connect:110 com.thundercomm.screensaver.ScreenSaverApplication.initThemeData:40
07-10 16:11:44.183 1566 2881 D CompatibilityInfo: mCompatibilityFlags - 4
07-10 16:11:44.183 1566 2881 D CompatibilityInfo: applicationDensity - 240
07-10 16:11:44.183 1566 2881 D CompatibilityInfo: applicationScale - 1.0
07-10 16:11:44.184 4290 4290 D ScreenSaver_12: [ScreensaverManager] bindService:121 bindService mIsBind: true
07-10 16:11:44.188 4290 4290 I ScreenSaver_12: [AlbumSettings] readSubscribedThemesLocked readSubscribedThemesLocked.size: 0
07-10 16:11:44.193 4290 4290 I ScreenSaver_12: [AlbumSettings] readMoreThemesLocked mMoreThemes.size: 2
07-10 16:11:44.197 4290 4290 I ScreenSaver_12: [ScreensaverService] started
07-10 16:11:44.199 4290 4290 I MicroServiceManager: Init MicroServiceManager: FSEM_ScreensaverService
07-10 16:11:44.200 4290 4290 D ScreenSaver_12: [ScreensaverMicroService] getInstance:38 getInstance
07-10 16:11:44.200 4290 4290 I ScreenSaver_12: [ScreensaverMicroService] ScreensaverMicroService
07-10 16:11:44.200 4290 4290 I ScreenSaver_12: [ScreensaverMicroService] initMicroService
07-10 16:11:44.200 4290 4290 I MicroServiceManager: addCommonCallbackListener add listener: FSEM_ScreensaverService
07-10 16:11:44.200 4290 4290 I MicroServiceManager: Bind and register callback to MicroService: FSEM_ScreensaverService
07-10 16:11:44.201 2102 2138 I MicroService: registerCommonListener: FSEM_ScreensaverService, count: 3
07-10 16:11:44.202 2102 2138 I MicroService: registerConnectListener: FSEM_ScreensaverService, count: 3
07-10 16:11:44.202 2102 2138 I MicroService: onConnectStateChanged: 1
07-10 16:11:44.202 2102 2138 I MicroService: onConnectStateChanged count = 3
07-10 16:11:44.202 1566 2881 D AudioIDCMicroNegotiator: idcm_common:onConnectStateChange: 1
07-10 16:11:44.202 4290 4290 I MicroServiceManager: Bind and register callback to MicroService: FSEM_ScreensaverService, result: successfully.
07-10 16:11:44.202 4290 4290 I MicroServiceManager: addConnectChangedListener add listener: FSEM_ScreensaverService
07-10 16:11:44.202 2119 2237 D MicroSettings: SettingMicroservices: onNettyConnectState: 1mLastNettyState: 1
07-10 16:11:44.202 2119 2237 D MicroSettings: SettingMicroservices: --------------IDCM is connected -----------------
07-10 16:11:44.202 4290 4290 D ScreenSaver_12: [ScreensaverMicroService] onBindStatus:162 connect micro service ok!!!
07-10 16:11:44.202 4290 4290 I ScreenSaver_12: [ScreensaverService] onBind
07-10 16:11:44.202 4290 4304 D ScreenSaver_12: [ScreensaverMicroService] onConnectStateChange:136 onConnectStateChange: 1, mLastNettyState: 0
07-10 16:11:44.203 4290 4290 D ScreenSaver_12: [ScreensaverService] getBinder:39 getBinder
07-10 16:11:44.203 4290 4304 D ScreenSaver_12: [ScreensaverMicroService] onConnectStateChange:142 connected
07-10 16:11:44.203 4290 4290 D ScreenSaver_12: [ScreensaverService] getBinder:43 action: com.thundercomm.serviceserver.microservice.IBinderScreensaverService
07-10 16:11:44.203 2119 2237 I MicroServiceManager: requestResult(reportScreenDisplay) parameters is{"ScreenDisplay":1}.
07-10 16:11:44.203 2119 2237 D MicroSettings: DisplayStatusReportUtil: report screen status:1
07-10 16:11:44.205 1566 2881 I ActivityTaskManager: START u0 {flg=0x10000000 pkg=com.thundercomm.screensaver cmp=com.thundercomm.screensaver/android.service.dreams.DreamActivity (has extras)} from uid 1000
07-10 16:11:44.205 1566 1681 I EventSequenceValidator: inc AccIntentStartedEvents to 2
07-10 16:11:44.208 2102 3077 D MicroService: Send message to IDCM:SocketMessageBean{businessData='21930', srcService='FSEM_SettingService', destService='IDCM_MultiScreenService', messageType='0', uuid='1688976704203699537', payloadData={"srcService":"FSEM_SettingService","dstService":"IDCM_MultiScreenService","messageType":0,"uuid":1688976704203699537,"methodName":"reportScreenDisplay","parameters":{"ScreenDisplay":1}}}
07-10 16:11:44.209 1566 2881 D CompatibilityChangeReporter: Compat change id reported: 174042980; UID 1000; state: DISABLED
07-10 16:11:44.209 1566 2881 D ActivityTaskManager: TaskLaunchParamsModifier:task=null activity=ActivityRecord{8206f71 u0 com.thundercomm.screensaver/android.service.dreams.DreamActivity taskAffinity=1000:android:com.thundercomm.screensaver/dream display-id=0 display-windowing-mode=1 suggested-display-area=DefaultTaskDisplayArea@151977129
07-10 16:11:44.209 1566 2881 D ActivityTaskManager: TaskLaunchParamsModifier:task=null activity=ActivityRecord{8206f71 u0 com.thundercomm.screensaver/android.service.dreams.DreamActivity taskAffinity=1000:android:com.thundercomm.screensaver/dream t-1} display-id=0 display-windowing-mode=1 suggested-display-area=DefaultTaskDisplayArea@151977129 non-freeform-display display-area=DefaultTaskDisplayArea@151977129
07-10 16:11:44.210 1566 2881 W ActivityTaskManager: Can't find TaskDisplayArea to determine support for multi window. Task id=19 attached=false
07-10 16:11:44.212 1566 2881 D ActivityTaskManager: TaskLaunchParamsModifier:task=Task{a2a1156 #19 type=dream A=1000:android:com.thundercomm.screensaver/dream U=0 visible=false mode=fullscreen translucent=true sz=0 visible freeform task=true rootAffinity=1000:android:com.thundercomm.screensaver/dream isMini=false} activity=ActivityRecord{8206f71 u0 com.thundercomm.screensaver/android.service.dreams.DreamActivity taskAffinity=1000:android:com.thundercomm.screensaver/dream t-1} display-from-task=0 display-id=0 display-windowing-mode=1 suggested-display-area=DefaultTaskDisplayArea@151977129 non-freeform-display display-area=DefaultTaskDisplayArea@151977129
07-10 16:11:44.213 1566 2881 D CompatibilityInfo: mCompatibilityFlags - 4
07-10 16:11:44.213 1566 2881 D CompatibilityInfo: applicationDensity - 240
07-10 16:11:44.213 1566 2881 D CompatibilityInfo: applicationScale - 1.0
07-10 16:11:44.214 1566 2881 I ActivityTaskManager: addStartingWindow startWindow type:2
07-10 16:11:44.214 1566 2881 D ActivityTrigger: ActivityTrigger activityPauseTrigger
07-10 16:11:44.214 1566 2881 D PowerManagerService: acquireWakeLockInternal: lock=105128930, flags=0x1, tag="*launch*", ws=WorkSource{1000}, uid=1000, pid=1566
07-10 16:11:44.214 1566 2881 D PowerManagerService: updateWakeLockSummaryLocked: mWakefulness=Dreaming, mWakeLockSummary=0x1
07-10 16:11:44.214 1566 2881 D PowerManagerService: updateUserActivitySummaryLocked: groupId=0, mWakefulness=Dreaming, mUserActivitySummary=0x4, nextTimeout=-1 (112395 ms ago)
07-10 16:11:44.214 1566 2881 D PowerManagerNotifier: onScreenPolicyUpdate: newPolicy=3
07-10 16:11:44.214 1566 2881 D PowerManagerService: updateDisplayPowerStateLocked: displayReady=true, groupId=0, policy=BRIGHT, mWakefulness=Dreaming, mWakeLockSummary=0x1, mUserActivitySummary=0x4, mBootCompleted=true, screenBrightnessOverride=NaN, useAutoBrightness=true, mScreenBrightnessBoostInProgress=false, mIsVrModeEnabled= false, sQuiescent=false
07-10 16:11:44.214 1566 2881 D PowerManagerNotifier: onWakeLockAcquired: flags=1, tag="*launch*", packageName=android, ownerUid=1000, ownerPid=1566, workSource=WorkSource{1000}
07-10 16:11:44.214 1566 2881 D RecentTaskTest: checkUnusedTasks : 6
07-10 16:11:44.214 1566 2881 D RecentTaskTest: packageName : com.microsoft.emmx
07-10 16:11:44.215 1566 2881 D RecentTaskTest: packageName : com.ss.android.article.video.landscape
07-10 16:11:44.215 1566 2881 D RecentTaskTest: packageName : com.android.settings
07-10 16:11:44.215 1566 2881 D RecentTaskTest: nonSystemAppTasks size : 0
07-10 16:11:44.215 1566 2881 D RecentTaskTest:
07-10 16:11:44.216 4290 4290 D ScreenSaver_12: [ScreensaverManager] onServiceConnected:130 ScreensaverManager onServiceConnected
07-10 16:11:44.216 4290 4290 D ScreenSaver_12: [ScreensaverManager] onServiceConnected:135 onServiceConnected: iBinder is success!
07-10 16:11:44.216 4290 4290 D ScreenSaver_12: [ScreensaverServiceBinder] registerScreensaverCallback:172 registerScreensaverCallback:
07-10 16:11:44.216 4290 4290 I ScreenSaver_12: [ScreensaverManager] subscribe screensaverService and mode Callback ok!
07-10 16:11:44.216 4290 4290 D ScreenSaver_12: [ScreensaverManager] requestRemoteThemeMoreData:306 requestRemoteThemeMoreData
07-10 16:11:44.216 4290 4290 I MicroServiceManager: requestResult(requestOperationInfo) parameters isnull.
07-10 16:11:44.219 2102 4310 D MicroService: Send message to IDCM:SocketMessageBean{businessData='21930', srcService='FSEM_ScreensaverService', destService='IDCM_HiPhiBotService', messageType='0', uuid='1688976704216883599', payloadData={"srcService":"FSEM_ScreensaverService","dstService":"IDCM_HiPhiBotService","messageType":0,"uuid":1688976704216883599,"methodName":"requestOperationInfo","parameters":{}}}
07-10 16:11:44.219 1566 3063 I ActivityTaskManager: FOREGROUND_APPLICATION_CHANGED to android.service.dreams.DreamActivity
07-10 16:11:44.219 1566 3063 I ActivityTaskManager: The Process com.thundercomm.screensaver Already Exists in BG. So sending its PID: 4290
07-10 16:11:44.220 1566 3063 D CompatibilityChangeReporter: Compat change id reported: 181136395; UID 1000; state: DISABLED
07-10 16:11:44.220 1566 3063 D CompatibilityChangeReporter: Compat change id reported: 174042936; UID 1000; state: DISABLED
07-10 16:11:44.220 1566 3063 D CompatibilityInfo: mCompatibilityFlags - 4
07-10 16:11:44.220 1566 3063 D CompatibilityInfo: applicationDensity - 240
07-10 16:11:44.220 1566 3063 D CompatibilityInfo: applicationScale - 1.0
07-10 16:11:44.226 2029 3891 I GameMode_ActivityMonitoringService: onActivityLaunch: com.thundercomm.screensaver, isGameApp: false
07-10 16:11:44.226 2029 3891 V GameMode_GpuUtils: fps:60
07-10 16:11:44.229 930 2684 D PermissionCache: checking android.permission.READ_FRAME_BUFFER for uid=1000 => granted (294 us)
07-10 16:11:44.233 1907 2664 D KeyguardViewMediator: setOccluded true
07-10 16:11:44.233 1907 1907 V KeyguardUpdateMonitor: startListeningForFingerprint()
07-10 16:11:44.234 1907 1907 D KeyguardViewMediator: adjustStatusBarLocked: mShowing=false mOccluded=true isSecure=false force=false --> flags=0x0
07-10 16:11:44.235 2029 3891 D GameModeIF_GameModeSettings: getUriFor setting_content_uri_root = content://com.thundercomm.gamemode.api/gamemode_settings , name = gamemode_enable
07-10 16:11:44.235 1566 4315 I AdrenoGLES-0: QUALCOMM build : 47421dbee6, I139f36ad46
07-10 16:11:44.235 1566 4315 I AdrenoGLES-0: Build Date : 02/18/22
07-10 16:11:44.235 1566 4315 I AdrenoGLES-0: OpenGL ES Shader Compiler Version: EV031.32.02.17
07-10 16:11:44.235 1566 4315 I AdrenoGLES-0: Local Branch :
07-10 16:11:44.235 1566 4315 I AdrenoGLES-0: Remote Branch :
07-10 16:11:44.235 1566 4315 I AdrenoGLES-0: Remote Branch :
07-10 16:11:44.235 1566 4315 I AdrenoGLES-0: Reconstruct Branch :
07-10 16:11:44.235 1566 4315 I AdrenoGLES-0: Build Config : S P 10.0.7 AArch64
07-10 16:11:44.235 1566 4315 I AdrenoGLES-0: Driver Path : /vendor/lib64/egl/libGLESv2_adreno.so
07-10 16:11:44.236 522 522 I hwservicemanager: getTransport: Cannot find entry android.hardware.graphics.mapper@4.0::IMapper/default in either framework or device VINTF manifest.
07-10 16:11:44.236 2029 2052 I Gralloc4: mapper 4.x is not supported
07-10 16:11:44.237 1566 2881 D CompatibilityChangeReporter: Compat change id reported: 135634846; UID 10062; state: DISABLED
07-10 16:11:44.237 1566 2881 D CompatibilityChangeReporter: Compat change id reported: 177438394; UID 10062; state: DISABLED
07-10 16:11:44.237 1566 2881 D CompatibilityChangeReporter: Compat change id reported: 135772972; UID 10062; state: DISABLED
07-10 16:11:44.237 1566 2881 D CompatibilityChangeReporter: Compat change id reported: 135754954; UID 10062; state: ENABLED
07-10 16:11:44.237 1566 1690 D CompatibilityChangeReporter: Compat change id reported: 143937733; UID 10062; state: ENABLED
07-10 16:11:44.239 522 522 I hwservicemanager: getTransport: Cannot find entry android.hardware.graphics.mapper@4.0::IMapper/default in either framework or device VINTF manifest.
07-10 16:11:44.241 1566 4315 I AdrenoGLES-0: PFP: 0x016dd093, ME: 0x00000000
07-10 16:11:44.242 683 683 D Zygote : Forked child process 4316
07-10 16:11:44.243 1566 1690 I ActivityManager: Start proc 4316:com.thundercomm.gamemode.provider/u0a62 for content provider {com.thundercomm.gamemode.provider/com.thundercomm.gamemode.provider.SettingsProvider}
07-10 16:11:44.246 1566 4315 D libEGL : MSAA-->msaa:2 gamemode:0 4x_msaa:0
07-10 16:11:44.246 1566 4315 D libEGL : MSAA-->msaa:2 gamemode:0 4x_msaa:0
07-10 16:11:44.246 1566 4315 D libEGL : MSAA-->msaa:2 gamemode:0 4x_msaa:0
07-10 16:11:44.250 4316 4316 E memode.provide: Not starting debugger since process cannot load the jdwp agent.
07-10 16:11:44.250 4316 4316 D ProcessState: Binder ioctl to enable oneway spam detection failed: Invalid argument
07-10 16:11:44.251 0 0 I [ 112.431217] binder: 4316:4316 ioctl 40046210 7fe4a4a554 returned -22
07-10 16:11:44.251 930 930 I BpBinder: onLastStrongRef automatically unlinking death recipients:
07-10 16:11:44.255 2555 2555 D ActivityChangeReceiver: onReceive
07-10 16:11:44.255 2555 3226 D MCUUtil : saveLastActivity activityName=android.service.dreams.DreamActivity packageName=com.thundercomm.screensaver
07-10 16:11:44.257 1566 3063 D CompatibilityChangeReporter: Compat change id reported: 168419799; UID 10062; state: DISABLED
07-10 16:11:44.257 1566 3063 D CompatibilityInfo: mCompatibilityFlags - 4
07-10 16:11:44.257 1566 3063 D CompatibilityInfo: applicationDensity - 240
07-10 16:11:44.257 1566 3063 D CompatibilityInfo: applicationScale - 1.0
07-10 16:11:44.260 4316 4316 D CompatibilityChangeReporter: Compat change id reported: 171979766; UID 10062; state: ENABLED
07-10 16:11:44.263 4316 4316 D nativeloader: classloader namespace configured for unbundled product apk. library_path=/product/app/GameModeProvider/lib/arm64:/product/lib64:/system/product/lib64
07-10 16:11:44.268 4316 4316 I Perf : Connecting to perf service.
07-10 16:11:44.270 4316 4316 V GraphicsEnvironment: ANGLE Developer option for 'com.thundercomm.gamemode.provider' set to: 'default'
07-10 16:11:44.271 4316 4316 V GraphicsEnvironment: ANGLE GameManagerService for com.thundercomm.gamemode.provider: false
07-10 16:11:44.271 4316 4316 D NetworkSecurityConfig: No Network Security Config specified, using platform default
07-10 16:11:44.271 4316 4316 D NetworkSecurityConfig: No Network Security Config specified, using platform default
07-10 16:11:44.280 4290 4290 W Glide : Failed to find GeneratedAppGlideModule. You should include an annotationProcessor compile dependency on com.github.bumptech.glide:compiler in your application and a @GlideModule annotated AppGlideModule implementation or LibraryGlideModules will be silently ignored
07-10 16:11:44.290 1566 1678 D PowerManagerService: releaseWakeLockInternal: lock=242591949 [startDream], flags=0x0
07-10 16:11:44.290 1566 1678 D PowerManagerNotifier: onWakeLockReleased: flags=1, tag="startDream", packageName=android, ownerUid=1000, ownerPid=1566, workSource=null
07-10 16:11:44.290 1566 1678 D PowerManagerService: updateWakeLockSummaryLocked: mWakefulness=Dreaming, mWakeLockSummary=0x1
07-10 16:11:44.290 1566 1678 D PowerManagerService: updateUserActivitySummaryLocked: groupId=0, mWakefulness=Dreaming, mUserActivitySummary=0x4, nextTimeout=-1 (112472 ms ago)
07-10 16:11:44.290 1566 1678 D PowerManagerNotifier: onScreenPolicyUpdate: newPolicy=3
07-10 16:11:44.290 1566 1678 D PowerManagerService: updateDisplayPowerStateLocked: displayReady=true, groupId=0, policy=BRIGHT, mWakefulness=Dreaming, mWakeLockSummary=0x1, mUserActivitySummary=0x4, mBootCompleted=true, screenBrightnessOverride=NaN, useAutoBrightness=true, mScreenBrightnessBoostInProgress=false, mIsVrModeEnabled= false, sQuiescent=false
07-10 16:11:44.294 1907 1907 V PanelView: com.android.systemui:id/notification_panel: setExpandedHeight(0.0)
07-10 16:11:44.295 1907 1907 E KeyguardBouncer: onFullyShown when view was null
07-10 16:11:44.296 4290 4318 I AdrenoGLES-0: QUALCOMM build : 47421dbee6, I139f36ad46
07-10 16:11:44.296 4290 4318 I AdrenoGLES-0: Build Date : 02/18/22
07-10 16:11:44.296 4290 4318 I AdrenoGLES-0: OpenGL ES Shader Compiler Version: EV031.32.02.17
07-10 16:11:44.296 4290 4318 I AdrenoGLES-0: Local Branch :
07-10 16:11:44.296 4290 4318 I AdrenoGLES-0: Remote Branch :
07-10 16:11:44.296 4290 4318 I AdrenoGLES-0: Remote Branch :
07-10 16:11:44.296 4290 4318 I AdrenoGLES-0: Reconstruct Branch :
07-10 16:11:44.296 4290 4318 I AdrenoGLES-0: Build Config : S P 10.0.7 AArch64
07-10 16:11:44.296 4290 4318 I AdrenoGLES-0: Driver Path : /vendor/lib64/egl/libGLESv2_adreno.so
07-10 16:11:44.297 1566 4336 I DropBoxManagerService: add tag=system_app_wtf isTagEnabled=true flags=0x2
07-10 16:11:44.297 522 522 I hwservicemanager: getTransport: Cannot find entry android.hardware.graphics.mapper@4.0::IMapper/default in either framework or device VINTF manifest.
07-10 16:11:44.297 1907 1907 D StatusBar: disable disable2
07-10 16:11:44.297 1566 4336 E DropBoxManagerService: Can't write: system_app_wtf
07-10 16:11:44.297 1566 4336 E DropBoxManagerService: java.io.IOException: Can't mkdir: /data/tlog/fatal/dropbox
07-10 16:11:44.297 1566 4336 E DropBoxManagerService: at com.android.server.DropBoxManagerService.init(DropBoxManagerService.java:1011)
07-10 16:11:44.297 1566 4336 E DropBoxManagerService: at com.android.server.DropBoxManagerService.addEntry(DropBoxManagerService.java:470)
07-10 16:11:44.297 1566 4336 E DropBoxManagerService: at com.android.server.DropBoxManagerService.addEntry(DropBoxManagerService.java:421)
07-10 16:11:44.297 1566 4336 E DropBoxManagerService: at com.android.server.DropBoxManagerService.addData(DropBoxManagerService.java:392)
07-10 16:11:44.297 1566 4336 E DropBoxManagerService: at com.android.server.DropBoxManagerService$2.addData(DropBoxManagerService.java:161)
07-10 16:11:44.297 1566 4336 E DropBoxManagerService: at android.os.DropBoxManager.addData(DropBoxManager.java:333)
07-10 16:11:44.297 1566 4336 E DropBoxManagerService: at android.os.DropBoxManager.addText(DropBoxManager.java:320)
07-10 16:11:44.297 1566 4336 E DropBoxManagerService: at com.android.server.am.ActivityManagerService$16.run(ActivityManagerService.java:8479)
07-10 16:11:44.298 1907 1907 D KeyguardUpdateMonitor: onKeyguardVisibilityChanged(false)
07-10 16:11:44.291 1566 1566 W system_server: type=1400 audit(0.0:319): avc: denied { getattr } for comm=4572726F722064756D703A20737973 path="/data/tlog/fatal/dropbox" dev="dm-15" ino=449366 scontext=u:r:system_server:s0 tcontext=u:object_r:tlog_data_file:s0 tclass=dir permissive=0
07-10 16:11:44.299 1907 1907 V KeyguardUpdateMonitor: startListeningForFingerprint()
07-10 16:11:44.299 1907 1907 D KeyguardUpdateMonitor: sendKeyguardBouncerChanged(false)
07-10 16:11:44.300 4290 4318 I AdrenoGLES-0: PFP: 0x016dd093, ME: 0x00000000
07-10 16:11:44.304 1907 1907 V PanelBar: collapsePanel: animate=false waiting=false
07-10 16:11:44.307 930 2684 I BpBinder: onLastStrongRef automatically unlinking death recipients:
07-10 16:11:44.308 1907 1907 D KeyguardUpdateMonitor: handleKeyguardBouncerChanged(0)
07-10 16:11:44.309 4290 4318 D libEGL : MSAA-->msaa:2 gamemode:0 4x_msaa:0
07-10 16:11:44.309 4290 4318 D libEGL : MSAA-->msaa:2 gamemode:0 4x_msaa:0
07-10 16:11:44.309 4290 4318 D libEGL : MSAA-->msaa:2 gamemode:0 4x_msaa:0
07-10 16:11:44.309 1907 1907 V KeyguardUpdateMonitor: startListeningForFingerprint()
07-10 16:11:44.312 853 1070 I SDM : HWCDisplay::GetColorModeCount: Supported color mode count = 1
07-10 16:11:44.312 853 1070 I SDM : HWCDisplay::GetColorModes: Color mode = 0 is supported
07-10 16:11:44.312 930 2684 E HWComposer: getSupportedContentTypes: getSupportedContentTypes failed for display 4630946816427681409: Unsupported (8)
07-10 16:11:44.313 4290 4318 D hw-ProcessState: Binder ioctl to enable oneway spam detection failed: Invalid argument
07-10 16:11:44.313 0 0 I [ 112.493274] binder: 4290:4318 ioctl 40046210 6e9f5b61f4 returned -22
07-10 16:11:44.313 1566 1595 W System : A resource failed to call release.
07-10 16:11:44.313 1566 1595 W System : A resource failed to call close.
07-10 16:11:44.313 1566 1595 W System : A resource failed to call close.
07-10 16:11:44.313 1566 1595 W System : A resource failed to call release.
07-10 16:11:44.313 522 522 I hwservicemanager: getTransport: Cannot find entry android.hardware.graphics.mapper@4.0::IMapper/default in either framework or device VINTF manifest.
07-10 16:11:44.313 1566 1595 W System : A resource failed to call close.
07-10 16:11:44.313 1566 1595 W System : A resource failed to call close.
07-10 16:11:44.313 4290 4339 I Gralloc4: mapper 4.x is not supported
07-10 16:11:44.315 522 522 I hwservicemanager: getTransport: Cannot find entry android.hardware.graphics.allocator@4.0::IAllocator/default in either framework or device VINTF manifest.
07-10 16:11:44.315 4290 4339 W Gralloc4: allocator 4.x is not supported
07-10 16:11:44.320 1566 1682 I ActivityTaskManager: Removing AddSplashScreenTimeoutRunnable from the message queue
07-10 16:11:44.321 1566 1682 D PowerManagerService: acquireWakeLockInternal: lock=255738571, flags=0x2000000a, tag="WindowManager", ws=WorkSource{1000}, uid=1000, pid=1566
07-10 16:11:44.321 1566 1682 D PowerManagerService: updateWakeLockSummaryLocked: mWakefulness=Dreaming, mWakeLockSummary=0x3
07-10 16:11:44.321 1566 1682 D PowerManagerService: updateUserActivitySummaryLocked: groupId=0, mWakefulness=Dreaming, mUserActivitySummary=0x4, nextTimeout=-1 (112502 ms ago)
07-10 16:11:44.321 1566 1682 D PowerManagerNotifier: onScreenPolicyUpdate: newPolicy=3
07-10 16:11:44.321 1566 1682 D PowerManagerService: updateDisplayPowerStateLocked: displayReady=true, groupId=0, policy=BRIGHT, mWakefulness=Dreaming, mWakeLockSummary=0x3, mUserActivitySummary=0x4, mBootCompleted=true, screenBrightnessOverride=NaN, useAutoBrightness=true, mScreenBrightnessBoostInProgress=false, mIsVrModeEnabled= false, sQuiescent=false
07-10 16:11:44.321 1566 1682 D PowerManagerNotifier: onWakeLockAcquired: flags=536870922, tag="WindowManager", packageName=android, ownerUid=1000, ownerPid=1566, workSource=WorkSource{1000}
07-10 16:11:44.321 1566 2881 D ConnectivityService: requestNetwork for uid/pid:1000/4290 activeRequest: null callbackRequest: 33 [NetworkRequest [ REQUEST id=34, [ Capabilities: INTERNET&NOT_RESTRICTED&TRUSTED&NOT_VCN_MANAGED Uid: 1000 RequestorUid: 1000 RequestorPkg: com.thundercomm.screensaver] ]] callback flags: 0 priority: 2147483647
07-10 16:11:44.322 1566 1845 D ConnectivityService: NetReassign [34 : null → 100]
07-10 16:11:44.322 1566 1892 D Ethernet: got request NetworkRequest [ REQUEST id=34, [ Capabilities: INTERNET&NOT_RESTRICTED&TRUSTED&NOT_VCN_MANAGED Uid: 1000 RequestorUid: 1000 RequestorPkg: com.thundercomm.screensaver] ]
07-10 16:11:44.322 1566 1892 D EthernetNetworkFactory: acceptRequest, request: NetworkRequest [ REQUEST id=34, [ Capabilities: INTERNET&NOT_RESTRICTED&TRUSTED&NOT_VCN_MANAGED Uid: 1000 RequestorUid: 1000 RequestorPkg: com.thundercomm.screensaver] ]
07-10 16:11:44.323 1566 1681 I EventSequenceValidator: dec AccIntentStartedEvents to 1
07-10 16:11:44.323 1566 1892 I EthernetNetworkFactory: networkForRequest, request: NetworkRequest [ REQUEST id=34, [ Capabilities: INTERNET&NOT_RESTRICTED&TRUSTED&NOT_VCN_MANAGED Uid: 1000 RequestorUid: 1000 RequestorPkg: com.thundercomm.screensaver] ], network: NetworkInterfaceState{ refCount: 3, iface: eth0, up: true, hwAddress: 36:7c:7c:00:00:0f, networkCapabilities: [ Transports: ETHERNET Capabilities: INTERNET&NOT_RESTRICTED&TRUSTED&NOT_VPN&NOT_ROAMING&NOT_CONGESTED&NOT_SUSPENDED&NOT_VCN_MANAGED LinkUpBandwidth>=100000Kbps LinkDnBandwidth>=100000Kbps], networkAgent: com.android.server.ethernet.EthernetNetworkFactory$NetworkInterfaceState$1@c532712, score: 70, ipClient: android.net.ip.IIpClient$Stub$Proxy@f3b4ee3,linkProperties: {InterfaceName: eth0 LinkAddresses: [ fe80::ae87:f7c2:3195:7572/64,192.168.50.16/24 ] DnsAddresses: [ /101.226.4.6 ] Domains: null MTU: 0 TcpBufferSizes: 524288,1048576,3145728,524288,1048576,2097152 Routes: [ fe80::/64 -> :: eth0 mtu 0,192.168.50.0/24 -> 0.0.0.0 eth0 mtu 0,0.0.0.0/0 -> 192.168.50.4 eth0 mtu 0 ]}}
07-10 16:11:44.323 1566 1892 I EthernetNetworkFactory: networkForRequest, request: NetworkRequest [ REQUEST id=34, [ Capabilities: INTERNET&NOT_RESTRICTED&TRUSTED&NOT_VCN_MANAGED Uid: 1000 RequestorUid: 1000 RequestorPkg: com.thundercomm.screensaver] ], network: NetworkInterfaceState{ refCount: 3, iface: eth0, up: true, hwAddress: 36:7c:7c:00:00:0f, networkCapabilities: [ Transports: ETHERNET Capabilities: INTERNET&NOT_RESTRICTED&TRUSTED&NOT_VPN&NOT_ROAMING&NOT_CONGESTED&NOT_SUSPENDED&NOT_VCN_MANAGED LinkUpBandwidth>=100000Kbps LinkDnBandwidth>=100000Kbps], networkAgent: com.android.server.ethernet.EthernetNetworkFactory$NetworkInterfaceState$1@c532712, score: 70, ipClient: android.net.ip.IIpClient$Stub$Proxy@f3b4ee3,linkProperties: {InterfaceName: eth0 LinkAddresses: [ fe80::ae87:f7c2:3195:7572/64,192.168.50.16/24 ] DnsAddresses: [ /101.226.4.6 ] Domains: null MTU: 0 TcpBufferSizes: 524288,1048576,3145728,524288,1048576,2097152 Routes: [ fe80::/64 -> :: eth0 mtu 0,192.168.50.0/24 -> 0.0.0.0 eth0 mtu 0,0.0.0.0/0 -> 192.168.50.4 eth0 mtu 0 ]}}
07-10 16:11:44.323 1566 1838 D UntrustedWifiNetworkFactory: got request NetworkRequest [ REQUEST id=34, [ Capabilities: INTERNET&NOT_RESTRICTED&TRUSTED&NOT_VCN_MANAGED Uid: 1000 RequestorUid: 1000 RequestorPkg: com.thundercomm.screensaver] ]
07-10 16:11:44.323 1566 1838 D OemPaidWifiNetworkFactory: got request NetworkRequest [ REQUEST id=34, [ Capabilities: INTERNET&NOT_RESTRICTED&TRUSTED&NOT_VCN_MANAGED Uid: 1000 RequestorUid: 1000 RequestorPkg: com.thundercomm.screensaver] ]
07-10 16:11:44.324 1566 1678 I ActivityTaskManager: Displayed com.thundercomm.screensaver/android.service.dreams.DreamActivity: +115ms
07-10 16:11:44.324 1566 2881 D PowerManagerService: releaseWakeLockInternal: lock=105128930 [*launch*], flags=0x0
07-10 16:11:44.324 1566 2881 D PowerManagerNotifier: onWakeLockReleased: flags=1, tag="*launch*", packageName=android, ownerUid=1000, ownerPid=1566, workSource=WorkSource{1000}
07-10 16:11:44.324 1566 2881 D PowerManagerService: updateWakeLockSummaryLocked: mWakefulness=Dreaming, mWakeLockSummary=0x3
07-10 16:11:44.324 1566 2881 D PowerManagerService: updateUserActivitySummaryLocked: groupId=0, mWakefulness=Dreaming, mUserActivitySummary=0x4, nextTimeout=-1 (112506 ms ago)
07-10 16:11:44.324 1566 2881 D PowerManagerNotifier: onScreenPolicyUpdate: newPolicy=3
07-10 16:11:44.325 1566 2881 D PowerManagerService: updateDisplayPowerStateLocked: displayReady=true, groupId=0, policy=BRIGHT, mWakefulness=Dreaming, mWakeLockSummary=0x3, mUserActivitySummary=0x4, mBootCompleted=true, screenBrightnessOverride=NaN, useAutoBrightness=true, mScreenBrightnessBoostInProgress=false, mIsVrModeEnabled= false, sQuiescent=false
07-10 16:11:44.325 662 677 I mpu_uart: [MSG-P:RECV]:No message received in 1000 ms
07-10 16:11:44.352 3288 3288 I ImeService: ImeService(com.baidu.input_hryt.ImeService@53cec90) life called >>> onUnbindInput
07-10 16:11:44.352 3288 3288 D ImeService: onUnbindInput
07-10 16:11:44.352 3288 3288 I ImeService: ImeService(com.baidu.input_hryt.ImeService@53cec90) life called >>> onUnbindInput false
07-10 16:11:44.357 3288 3288 I ImeService: ImeService(com.baidu.input_hryt.ImeService@53cec90) life called >>> onBindInput
07-10 16:11:44.357 3288 3288 D ImeService: onBindInput
07-10 16:11:44.357 3288 3288 I ImeService: ImeService(com.baidu.input_hryt.ImeService@53cec90) life called >>> onFinishInput
07-10 16:11:44.357 3288 3288 D ImeService: onFinishInput
07-10 16:11:44.357 3288 3288 I ImeService: ImeService(com.baidu.input_hryt.ImeService@53cec90) life called >>> onStartInput false 10.6.1003.19
07-10 16:11:44.357 3288 3288 D ImeService: current version:10.6.1003.19
07-10 16:11:44.357 3288 3288 D ImeService: onStartInput:packageName:com.thundercomm.screensaver inputType:0 restarting:false,fieldId:-1,imeOptions:0
07-10 16:11:44.358 3288 3423 E CarAuth : check ok
07-10 16:11:44.358 3288 3288 I ColorPicker: invalidatePickedColors: oldFloatColor=fff5f7fa
07-10 16:11:44.603 1566 3063 W InputManager-JNI: Input channel object '1f6eec4 Splash Screen com.thundercomm.screensaver (client)' was disposed without first being removed with the input manager!
07-10 16:11:44.767 1907 1907 D StatusBar: disable disable2
07-10 16:11:44.800 1907 1907 W Choreographer: Frame time is 0.311933 ms in the future! Check that graphics HAL is generating vsync timestamps using the correct timebase.
07-10 16:11:44.800 1566 1682 W Choreographer: Frame time is 0.318599 ms in the future! Check that graphics HAL is generating vsync timestamps using the correct timebase.
07-10 16:11:44.904 2102 4105 D MicroService: handleHeartBeat:76
07-10 16:11:44.915 2102 2102 D MicroService: onHeartBeatDetected
07-10 16:11:44.915 2102 2102 D MicroService: sendHeartbeatMessage
07-10 16:11:45.325 662 677 I mpu_uart: [MSG-P:RECV]:No message received in 1000 ms
07-10 16:11:45.329 662 676 I mpu_uart: [MSG-P:R]:recv sync frame timeout
07-10 16:11:46.326 662 677 I mpu_uart: [MSG-P:RECV]:No message received in 1000 ms
07-10 16:11:46.721 0 0 I : [ 114.901030] qcom_rpmh DRV:apps_rsc TCS Busy, retrying RPMH message send: addr=0x50000
07-10 16:11:46.721 0 0 I : [ 114.901053] qcom_rpmh DRV:apps_rsc TCS Busy, retrying RPMH message send: addr=0x50000
07-10 16:11:46.721 0 0 I : [ 114.901071] qcom_rpmh DRV:apps_rsc TCS Busy, retrying RPMH message send: addr=0x50000
07-10 16:11:46.781 2306 2306 D RemoteControlService: startVlanDispatchThread
07-10 16:11:46.904 2102 3066 D MicroService: handleHeartBeat:77
07-10 16:11:46.918 2102 2102 D MicroService: onHeartBeatDetected
07-10 16:11:46.918 2102 2102 D MicroService: sendHeartbeatMessage
07-10 16:11:46.961 2102 3068 I MicroService: Receive message: SocketMessageBean{businessData='21930', srcService='IDCM_HiPhiBotService', destService='FSEM_ScreensaverService', messageType='0', uuid='1688976707774000000', payloadData={"dstService":"FSEM_ScreensaverService","messageType":0,"methodName":"sendOperationInfo","parameters":{"functionInfo":{"IDCM_OperationInfo":[{"activityMaterials":[{"materialType":0,"url":"https://tsp-pro-mrs.obs.cn-east-2.myhuaweicloud.com/web/secondScreen/ee/20221012/d18c9cf633dbcad2595540f87fd14409.jpeg"},{"materialType":0,"url":"https://tsp-pro-mrs.obs.cn-east-2.myhuaweicloud.com/web/secondScreen/ee/20221012/85f7c184e35ac606dfd8174025b6158d.jpeg"},{"materialType":0,"url":"https://tsp-pro-mrs.obs.cn-east-2.myhuaweicloud.com/web/secondScreen/ee/20221012/216cc7b2e7b7b8bd9b5562173f0e76d8.jpeg"},{"materialType":0,"url":"https://tsp-pro-mrs.obs.cn-east-2.myhuaweicloud.com/web/secondScreen/ee/20221011/25ac207841b23280042402f0e2bd84fb.jpeg"},{"materialType":0,"url":"https://tsp-pro-mrs.obs.cn-east-2.myhuaweicloud.com/web/secondScreen/ee/20221011/1f306f032b8a67b97ebdd223bef913b3.jpeg"},{"materialType":0,"url":"https://tsp-pro-mrs.obs.cn-east-2.myhuaweicloud.com/web/secondScreen/ee/20221011/25709b5732beb0415afed83363301572.jpeg"},{"materialType":0,"url":"https://tsp-pro-mrs.obs.cn-east-2.myhuaweicloud.com/web/secondScreen/ee/20221011/92f3422fa0a8fec7936cf5a6a9b08978.jpeg"}],"activityStatus":0,"endTime":1677550912000,"id":39,"releaseTime":1676602609000,"startTime":1676600512000,"title":"230217-04"},{"activityMaterials":[{"materialType":1,"url":"https://tsp-pro-mrs.obs.cn-east-2.myhuaweicloud.com/web/secondScreen/ee/20221011/b7443bef7d535cd81d422486530785b0.mp4"}],"activityStatus":0,"endTime":1677550912000,"id":40,"releaseTime":1676602943000,"startTime":1676600512000,"title":"230217-04"},{"activityMaterials":[{"materialType":0,"url":"https://hiphicloud.human-horizons.com:8443/web/secondScreen/ee/20221012/85f7c184e35ac606dfd8174025b6158d.jpeg"},{"materialType":0,"url":"https://hiphicloud.human-horizons.com:8443/web/secondScreen/ee/20221011/25ac207841b23280042402f0e2bd84fb.jpeg"}],"activityStatus":0,"id":43,"releaseTime":1683705174000,"startTime":1683705128000,"title":"2023510-01"}]}},"srcService":"IDCM_HiPhiBotService","uuid":1688976707774000000}}
