01-01 08:00:06.217 0 0 E [ 3.178331] [drm: dp_display_init_aux_switch][msm-dp-err][79 ]failed to register notifier (-22)
01-01 08:00:06.217 0 0 E [ 3.178396] register_client_adhoc: find path.src 1 dest 589
01-01 08:00:06.217 0 0 E [ 3.178420] register_client_adhoc: Failed to find path.src 1 dest 589
01-01 08:00:06.217 0 0 E [ 3.178631] [drm: dp_display_init_aux_switch][msm-dp-err][79 ]failed to register notifier (-22)
01-01 08:00:06.217 0 0 E [ 3.178695] register_client_adhoc: find path.src 1 dest 589
01-01 08:00:06.217 0 0 E [ 3.178720] register_client_adhoc: Failed to find path.src 1 dest 589
01-01 08:00:06.217 0 0 E [ 3.178926] [drm: dp_display_init_aux_switch][msm-dp-err][79 ]failed to register notifier (-22)
01-01 08:00:06.217 0 0 E [ 3.178987] register_client_adhoc: find path.src 1 dest 589
01-01 08:00:06.217 0 0 E [ 3.179012] register_client_adhoc: Failed to find path.src 1 dest 589
01-01 08:00:06.217 0 0 E [ 3.179223] [drm: dp_display_init_aux_switch][msm-dp-err][79 ]failed to register notifier (-22)
01-01 08:00:06.217 0 0 E [ 3.179288] register_client_adhoc: find path.src 1 dest 589
01-01 08:00:06.217 0 0 E [ 3.179312] register_client_adhoc: Failed to find path.src 1 dest 589
01-01 08:00:06.217 0 0 E [ 3.179522] [drm: dp_display_init_aux_switch][msm-dp-err][79 ]failed to register notifier (-22)
01-01 08:00:06.217 0 0 E [ 3.179585] register_client_adhoc: find path.src 1 dest 589
01-01 08:00:06.217 0 0 E [ 3.179609] register_client_adhoc: Failed to find path.src 1 dest 589
01-01 08:00:06.217 0 0 E [ 3.179822] [drm: dp_display_init_aux_switch][msm-dp-err][79 ]failed to register notifier (-22)
01-01 08:00:06.217 0 0 E [ 3.179886] register_client_adhoc: find path.src 1 dest 589
01-01 08:00:06.217 0 0 E [ 3.179909] register_client_adhoc: Failed to find path.src 1 dest 589
01-01 08:00:06.217 0 0 E [ 3.180139] [drm: dp_display_init_aux_switch][msm-dp-err][79 ]failed to register notifier (-22)
01-01 08:00:06.217 0 0 E [ 3.180186] register_client_adhoc: find path.src 1 dest 589
01-01 08:00:06.217 0 0 E [ 3.180210] register_client_adhoc: Failed to find path.src 1 dest 589
01-01 08:00:06.217 0 0 E [ 3.180540] [drm: dp_display_init_aux_switch][msm-dp-err][79 ]failed to register notifier (-22)
01-01 08:00:06.217 0 0 E [ 3.180602] register_client_adhoc: find path.src 1 dest 589
01-01 08:00:06.217 0 0 E [ 3.180627] register_client_adhoc: Failed to find path.src 1 dest 589
01-01 08:00:06.217 0 0 E [ 3.181126] [drm: dp_display_init_aux_switch][msm-dp-err][357 ]failed to register notifier (-22)
01-01 08:00:06.217 0 0 E [ 3.181186] register_client_adhoc: find path.src 1 dest 589
01-01 08:00:06.217 0 0 E [ 3.181212] register_client_adhoc: Failed to find path.src 1 dest 589
01-01 08:00:06.217 0 0 E [ 3.181594] [drm: dp_display_init_aux_switch][msm-dp-err][357 ]failed to register notifier (-22)
01-01 08:00:06.217 0 0 E [ 3.181638] register_client_adhoc: find path.src 1 dest 589
01-01 08:00:06.217 0 0 E [ 3.181663] register_client_adhoc: Failed to find path.src 1 dest 589
01-01 08:00:06.217 0 0 E [ 3.182001] [drm: dp_display_init_aux_switch][msm-dp-err][357 ]failed to register notifier (-22)
01-01 08:00:06.217 0 0 E [ 3.182044] register_client_adhoc: find path.src 1 dest 589
01-01 08:00:06.217 0 0 E [ 3.182067] register_client_adhoc: Failed to find path.src 1 dest 589
01-01 08:00:06.217 0 0 E [ 3.182393] [drm: dp_display_init_aux_switch][msm-dp-err][357 ]failed to register notifier (-22)
01-01 08:00:06.217 0 0 E [ 3.182435] register_client_adhoc: find path.src 1 dest 589
01-01 08:00:06.217 0 0 E [ 3.182457] register_client_adhoc: Failed to find path.src 1 dest 589
01-01 08:00:06.217 0 0 E [ 3.183097] [drm: dp_display_init_aux_switch][msm-dp-err][357 ]failed to register notifier (-22)
01-01 08:00:06.217 0 0 E [ 3.183215] register_client_adhoc: find path.src 1 dest 589
01-01 08:00:06.217 0 0 E [ 3.183238] register_client_adhoc: Failed to find path.src 1 dest 589
01-01 08:00:06.217 0 0 E [ 3.183595] [drm: dp_display_init_aux_switch][msm-dp-err][357 ]failed to register notifier (-22)
01-01 08:00:06.217 0 0 E [ 3.183638] register_client_adhoc: find path.src 1 dest 589
01-01 08:00:06.217 0 0 E [ 3.183662] register_client_adhoc: Failed to find path.src 1 dest 589
01-01 08:00:06.217 0 0 E [ 3.183894] [drm: dp_display_init_aux_switch][msm-dp-err][357 ]failed to register notifier (-22)
01-01 08:00:06.217 0 0 E [ 3.183934] register_client_adhoc: find path.src 1 dest 589
01-01 08:00:06.217 0 0 E [ 3.183958] register_client_adhoc: Failed to find path.src 1 dest 589
01-01 08:00:06.217 0 0 E [ 3.184428] [drm: dp_display_init_aux_switch][msm-dp-err][357 ]failed to register notifier (-22)
01-01 08:00:06.217 0 0 E [ 3.184471] register_client_adhoc: find path.src 1 dest 589
01-01 08:00:06.217 0 0 E [ 3.184495] register_client_adhoc: Failed to find path.src 1 dest 589
01-01 08:00:06.217 0 0 E [ 3.184741] [drm: dp_display_init_aux_switch][msm-dp-err][357 ]failed to register notifier (-22)
01-01 08:00:06.217 0 0 E [ 3.184783] register_client_adhoc: find path.src 1 dest 589
01-01 08:00:06.217 0 0 E [ 3.184806] register_client_adhoc: Failed to find path.src 1 dest 589
01-01 08:00:06.217 0 0 E [ 3.185040] [drm: dp_display_init_aux_switch][msm-dp-err][357 ]failed to register notifier (-22)
01-01 08:00:06.217 0 0 E [ 3.185083] register_client_adhoc: find path.src 1 dest 589
01-01 08:00:06.217 0 0 E [ 3.185107] register_client_adhoc: Failed to find path.src 1 dest 589
01-01 08:00:06.217 0 0 E [ 3.185348] [drm: dp_display_init_aux_switch][msm-dp-err][357 ]failed to register notifier (-22)
01-01 08:00:06.217 0 0 E [ 3.185389] register_client_adhoc: find path.src 1 dest 589
01-01 08:00:06.217 0 0 E [ 3.185412] register_client_adhoc: Failed to find path.src 1 dest 589
01-01 08:00:06.217 0 0 E [ 3.186258] [drm: dp_display_init_aux_switch][msm-dp-err][357 ]failed to register notifier (-22)
01-01 08:00:06.217 0 0 E [ 3.186301] register_client_adhoc: find path.src 1 dest 589
01-01 08:00:06.217 0 0 E [ 3.186324] register_client_adhoc: Failed to find path.src 1 dest 589
01-01 08:00:06.217 0 0 E [ 3.186646] [drm: dp_display_init_aux_switch][msm-dp-err][357 ]failed to register notifier (-22)
01-01 08:00:06.217 0 0 E [ 3.186688] register_client_adhoc: find path.src 1 dest 589
01-01 08:00:06.217 0 0 E [ 3.186712] register_client_adhoc: Failed to find path.src 1 dest 589
01-01 08:00:06.217 0 0 E [ 3.186943] [drm: dp_display_init_aux_switch][msm-dp-err][357 ]failed to register notifier (-22)
01-01 08:00:06.217 0 0 E [ 3.186986] register_client_adhoc: find path.src 1 dest 589
01-01 08:00:06.217 0 0 E [ 3.187009] register_client_adhoc: Failed to find path.src 1 dest 589
01-01 08:00:06.217 0 0 E [ 3.187353] [drm: dp_display_init_aux_switch][msm-dp-err][357 ]failed to register notifier (-22)
01-01 08:00:06.217 0 0 E [ 3.187396] register_client_adhoc: find path.src 1 dest 589
01-01 08:00:06.217 0 0 E [ 3.187420] register_client_adhoc: Failed to find path.src 1 dest 589
01-01 08:00:06.217 0 0 E [ 3.187838] [drm: dp_display_init_aux_switch][msm-dp-err][357 ]failed to register notifier (-22)
01-01 08:00:06.217 0 0 E [ 3.187879] register_client_adhoc: find path.src 1 dest 589
01-01 08:00:06.217 0 0 E [ 3.187902] register_client_adhoc: Failed to find path.src 1 dest 589
01-01 08:00:06.217 0 0 E [ 3.188206] [drm: dp_display_init_aux_switch][msm-dp-err][357 ]failed to register notifier (-22)
01-01 08:00:06.217 0 0 E [ 3.188260] register_client_adhoc: find path.src 1 dest 589
01-01 08:00:06.217 0 0 E [ 3.188284] register_client_adhoc: Failed to find path.src 1 dest 589
01-01 08:00:06.217 0 0 E [ 3.188638] [drm: dp_display_init_aux_switch][msm-dp-err][357 ]failed to register notifier (-22)
01-01 08:00:06.217 0 0 E [ 3.188706] register_client_adhoc: find path.src 1 dest 589
01-01 08:00:06.217 0 0 E [ 3.188729] register_client_adhoc: Failed to find path.src 1 dest 589
01-01 08:00:06.217 0 0 E [ 3.189085] [drm: dp_display_init_aux_switch][msm-dp-err][357 ]failed to register notifier (-22)
01-01 08:00:06.217 0 0 E [ 3.189139] register_client_adhoc: find path.src 1 dest 589
01-01 08:00:06.217 0 0 E [ 3.189163] register_client_adhoc: Failed to find path.src 1 dest 589
01-01 08:00:06.217 0 0 E [ 3.189504] [drm: dp_display_init_aux_switch][msm-dp-err][357 ]failed to register notifier (-22)
01-01 08:00:06.217 0 0 E [ 3.189561] register_client_adhoc: find path.src 1 dest 589
01-01 08:00:06.217 0 0 E [ 3.189584] register_client_adhoc: Failed to find path.src 1 dest 589
01-01 08:00:06.217 0 0 E [ 3.189928] [drm: dp_display_init_aux_switch][msm-dp-err][357 ]failed to register notifier (-22)
01-01 08:00:06.217 0 0 E [ 3.189992] register_client_adhoc: find path.src 1 dest 589
01-01 08:00:06.217 0 0 E [ 3.190016] register_client_adhoc: Failed to find path.src 1 dest 589
01-01 08:00:06.217 0 0 E [ 3.190379] [drm: dp_display_init_aux_switch][msm-dp-err][79 ]failed to register notifier (-22)
01-01 08:00:06.217 0 0 E [ 3.190480] register_client_adhoc: find path.src 1 dest 589
01-01 08:00:06.217 0 0 E [ 3.190504] register_client_adhoc: Failed to find path.src 1 dest 589
01-01 08:00:06.217 0 0 E [ 3.190853] [drm: dp_display_init_aux_switch][msm-dp-err][79 ]failed to register notifier (-22)
01-01 08:00:06.217 0 0 E [ 3.190896] register_client_adhoc: find path.src 1 dest 589
01-01 08:00:06.217 0 0 E [ 3.190919] register_client_adhoc: Failed to find path.src 1 dest 589
01-01 08:00:06.217 0 0 E [ 3.191265] [drm: dp_display_init_aux_switch][msm-dp-err][79 ]failed to register notifier (-22)
01-01 08:00:06.217 0 0 E [ 3.191310] register_client_adhoc: find path.src 1 dest 589
01-01 08:00:06.217 0 0 E [ 3.191334] register_client_adhoc: Failed to find path.src 1 dest 589
01-01 08:00:06.217 0 0 E [ 3.191645] [drm: dp_display_init_aux_switch][msm-dp-err][79 ]failed to register notifier (-22)
01-01 08:00:06.217 0 0 E [ 3.191683] register_client_adhoc: find path.src 1 dest 589
01-01 08:00:06.217 0 0 E [ 3.191702] register_client_adhoc: Failed to find path.src 1 dest 589
01-01 08:00:06.217 0 0 E [ 3.192010] [drm: dp_display_init_aux_switch][msm-dp-err][79 ]failed to register notifier (-22)
01-01 08:00:06.217 0 0 E [ 3.192063] register_client_adhoc: find path.src 1 dest 589
01-01 08:00:06.217 0 0 E [ 3.192086] register_client_adhoc: Failed to find path.src 1 dest 589
01-01 08:00:06.217 0 0 E [ 3.192415] [drm: dp_display_init_aux_switch][msm-dp-err][79 ]failed to register notifier (-22)
01-01 08:00:06.217 0 0 E [ 3.192456] register_client_adhoc: find path.src 1 dest 589
01-01 08:00:06.217 0 0 E [ 3.192480] register_client_adhoc: Failed to find path.src 1 dest 589
01-01 08:00:06.217 0 0 E [ 3.192801] [drm: dp_display_init_aux_switch][msm-dp-err][79 ]failed to register notifier (-22)
01-01 08:00:06.217 0 0 E [ 3.192844] register_client_adhoc: find path.src 1 dest 589
01-01 08:00:06.217 0 0 E [ 3.192868] register_client_adhoc: Failed to find path.src 1 dest 589
01-01 08:00:06.217 0 0 E [ 3.193186] [drm: dp_display_init_aux_switch][msm-dp-err][79 ]failed to register notifier (-22)
01-01 08:00:06.217 0 0 E [ 3.193228] register_client_adhoc: find path.src 1 dest 589
01-01 08:00:06.217 0 0 E [ 3.193249] register_client_adhoc: Failed to find path.src 1 dest 589
01-01 08:00:06.217 0 0 E [ 3.193565] [drm: dp_display_init_aux_switch][msm-dp-err][79 ]failed to register notifier (-22)
01-01 08:00:06.217 0 0 E [ 3.193607] register_client_adhoc: find path.src 1 dest 589
01-01 08:00:06.217 0 0 E [ 3.193630] register_client_adhoc: Failed to find path.src 1 dest 589
01-01 08:00:06.217 0 0 E [ 3.193953] [drm: dp_display_init_aux_switch][msm-dp-err][79 ]failed to register notifier (-22)
01-01 08:00:06.217 0 0 E [ 3.193996] register_client_adhoc: find path.src 1 dest 589
01-01 08:00:06.217 0 0 E [ 3.194020] register_client_adhoc: Failed to find path.src 1 dest 589
01-01 08:00:06.217 0 0 E [ 3.194343] [drm: dp_display_init_aux_switch][msm-dp-err][79 ]failed to register notifier (-22)
01-01 08:00:06.217 0 0 E [ 3.194388] register_client_adhoc: find path.src 1 dest 589
01-01 08:00:06.217 0 0 E [ 3.194413] register_client_adhoc: Failed to find path.src 1 dest 589
01-01 08:00:06.217 0 0 E [ 3.194732] [drm: dp_display_init_aux_switch][msm-dp-err][79 ]failed to register notifier (-22)
01-01 08:00:06.217 0 0 E [ 3.194776] register_client_adhoc: find path.src 1 dest 589
01-01 08:00:06.217 0 0 E [ 3.194800] register_client_adhoc: Failed to find path.src 1 dest 589
01-01 08:00:06.217 0 0 E [ 3.195119] [drm: dp_display_init_aux_switch][msm-dp-err][79 ]failed to register notifier (-22)
01-01 08:00:06.217 0 0 E [ 3.195162] register_client_adhoc: find path.src 1 dest 589
01-01 08:00:06.217 0 0 E [ 3.195185] register_client_adhoc: Failed to find path.src 1 dest 589
01-01 08:00:06.217 0 0 E [ 3.195618] [drm: dp_display_init_aux_switch][msm-dp-err][79 ]failed to register notifier (-22)
01-01 08:00:06.217 0 0 E [ 3.195659] register_client_adhoc: find path.src 1 dest 589
01-01 08:00:06.217 0 0 E [ 3.195682] register_client_adhoc: Failed to find path.src 1 dest 589
01-01 08:00:06.217 0 0 E [ 3.196070] [drm: dp_display_init_aux_switch][msm-dp-err][79 ]failed to register notifier (-22)
01-01 08:00:06.217 0 0 E [ 3.196143] register_client_adhoc: find path.src 1 dest 589
01-01 08:00:06.217 0 0 E [ 3.196166] register_client_adhoc: Failed to find path.src 1 dest 589
01-01 08:00:06.217 0 0 E [ 3.196516] [drm: dp_display_init_aux_switch][msm-dp-err][79 ]failed to register notifier (-22)
01-01 08:00:06.217 0 0 E [ 3.196587] register_client_adhoc: find path.src 1 dest 589
01-01 08:00:06.217 0 0 E [ 3.196611] register_client_adhoc: Failed to find path.src 1 dest 589
01-01 08:00:06.217 0 0 E [ 3.196961] [drm: dp_display_init_aux_switch][msm-dp-err][79 ]failed to register notifier (-22)
01-01 08:00:06.217 0 0 E [ 3.197035] register_client_adhoc: find path.src 1 dest 589
01-01 08:00:06.217 0 0 E [ 3.197060] register_client_adhoc: Failed to find path.src 1 dest 589
01-01 08:00:06.217 0 0 E [ 3.197416] [drm: dp_display_init_aux_switch][msm-dp-err][79 ]failed to register notifier (-22)
01-01 08:00:06.217 0 0 E [ 3.197475] register_client_adhoc: find path.src 1 dest 589
01-01 08:00:06.217 0 0 E [ 3.197500] register_client_adhoc: Failed to find path.src 1 dest 589
01-01 08:00:06.217 0 0 E [ 3.197959] [drm: dp_display_init_aux_switch][msm-dp-err][357 ]failed to register notifier (-22)
01-01 08:00:06.217 0 0 E [ 3.198011] register_client_adhoc: find path.src 1 dest 589
01-01 08:00:06.217 0 0 E [ 3.198037] register_client_adhoc: Failed to find path.src 1 dest 589
01-01 08:00:06.217 0 0 E [ 3.198434] [drm: dp_display_init_aux_switch][msm-dp-err][357 ]failed to register notifier (-22)
01-01 08:00:06.217 0 0 E [ 3.198479] register_client_adhoc: find path.src 1 dest 589
01-01 08:00:06.217 0 0 E [ 3.198503] register_client_adhoc: Failed to find path.src 1 dest 589
01-01 08:00:06.217 0 0 E [ 3.198896] [drm: dp_display_init_aux_switch][msm-dp-err][357 ]failed to register notifier (-22)
01-01 08:00:06.217 0 0 E [ 3.198941] register_client_adhoc: find path.src 1 dest 589
01-01 08:00:06.217 0 0 E [ 3.198965] register_client_adhoc: Failed to find path.src 1 dest 589
01-01 08:00:06.217 0 0 E [ 3.199361] [drm: dp_display_init_aux_switch][msm-dp-err][357 ]failed to register notifier (-22)
01-01 08:00:06.217 0 0 E [ 3.199406] register_client_adhoc: find path.src 1 dest 589
01-01 08:00:06.217 0 0 E [ 3.199430] register_client_adhoc: Failed to find path.src 1 dest 589
01-01 08:00:06.217 0 0 E [ 3.199974] [drm: dp_display_init_aux_switch][msm-dp-err][357 ]failed to register notifier (-22)
01-01 08:00:06.217 0 0 E [ 3.200033] register_client_adhoc: find path.src 1 dest 589
01-01 08:00:06.217 0 0 E [ 3.200057] register_client_adhoc: Failed to find path.src 1 dest 589
01-01 08:00:06.217 0 0 E [ 3.200298] [drm: dp_display_init_aux_switch][msm-dp-err][357 ]failed to register notifier (-22)
01-01 08:00:06.217 0 0 E [ 3.200345] register_client_adhoc: find path.src 1 dest 589
01-01 08:00:06.217 0 0 E [ 3.200367] register_client_adhoc: Failed to find path.src 1 dest 589
01-01 08:00:06.217 0 0 E [ 3.200770] [drm: dp_display_init_aux_switch][msm-dp-err][357 ]failed to register notifier (-22)
01-01 08:00:06.217 0 0 E [ 3.200946] register_client_adhoc: find path.src 1 dest 589
01-01 08:00:06.217 0 0 E [ 3.200971] register_client_adhoc: Failed to find path.src 1 dest 589
01-01 08:00:06.217 0 0 E [ 3.201258] [drm: dp_display_init_aux_switch][msm-dp-err][357 ]failed to register notifier (-22)
01-01 08:00:06.217 0 0 E [ 3.201304] register_client_adhoc: find path.src 1 dest 589
01-01 08:00:06.217 0 0 E [ 3.201327] register_client_adhoc: Failed to find path.src 1 dest 589
01-01 08:00:06.217 0 0 E [ 3.201577] [drm: dp_display_init_aux_switch][msm-dp-err][357 ]failed to register notifier (-22)
01-01 08:00:06.217 0 0 E [ 3.201622] register_client_adhoc: find path.src 1 dest 589
01-01 08:00:06.217 0 0 E [ 3.201645] register_client_adhoc: Failed to find path.src 1 dest 589
01-01 08:00:06.217 0 0 E [ 3.201910] [drm: dp_display_init_aux_switch][msm-dp-err][357 ]failed to register notifier (-22)
01-01 08:00:06.217 0 0 E [ 3.201955] register_client_adhoc: find path.src 1 dest 589
01-01 08:00:06.217 0 0 E [ 3.201980] register_client_adhoc: Failed to find path.src 1 dest 589
01-01 08:00:06.217 0 0 E [ 3.202385] [drm: dp_display_init_aux_switch][msm-dp-err][357 ]failed to register notifier (-22)
01-01 08:00:06.217 0 0 E [ 3.202430] register_client_adhoc: find path.src 1 dest 589
01-01 08:00:06.217 0 0 E [ 3.202453] register_client_adhoc: Failed to find path.src 1 dest 589
01-01 08:00:06.217 0 0 E [ 3.203175] [drm: dp_display_init_aux_switch][msm-dp-err][357 ]failed to register notifier (-22)
01-01 08:00:06.217 0 0 E [ 3.203222] register_client_adhoc: find path.src 1 dest 589
01-01 08:00:06.217 0 0 E [ 3.203246] register_client_adhoc: Failed to find path.src 1 dest 589
01-01 08:00:06.217 0 0 E [ 3.228145] [drm: dp_display_init_aux_switch][msm-dp-err][78 ]failed to register notifier (-22)
01-01 08:00:06.217 0 0 E [ 3.228225] register_client_adhoc: find path.src 1 dest 589
01-01 08:00:06.217 0 0 E [ 3.228268] register_client_adhoc: Failed to find path.src 1 dest 589
01-01 08:00:06.217 0 0 E [ 3.229859] [drm: dp_display_init_aux_switch][msm-dp-err][78 ]failed to register notifier (-22)
01-01 08:00:06.217 0 0 E [ 3.229914] register_client_adhoc: find path.src 1 dest 589
01-01 08:00:06.217 0 0 E [ 3.229942] register_client_adhoc: Failed to find path.src 1 dest 589
01-01 08:00:06.217 0 0 E [ 3.232260] [drm: dp_display_init_aux_switch][msm-dp-err][78 ]failed to register notifier (-22)
01-01 08:00:06.217 0 0 E [ 3.232315] register_client_adhoc: find path.src 1 dest 589
01-01 08:00:06.217 0 0 E [ 3.232344] register_client_adhoc: Failed to find path.src 1 dest 589
01-01 08:00:06.217 0 0 E [ 3.232860] [drm: dp_display_init_aux_switch][msm-dp-err][78 ]failed to register notifier (-22)
01-01 08:00:06.217 0 0 E [ 3.232912] register_client_adhoc: find path.src 1 dest 589
01-01 08:00:06.217 0 0 E [ 3.232938] register_client_adhoc: Failed to find path.src 1 dest 589
01-01 08:00:06.217 0 0 E : [ 3.233178] kona-pinctrl f000000.pinctrl: invalid function func2 in map table
01-01 08:00:06.217 0 0 E : [ 3.233188] kona-pinctrl f000000.pinctrl: invalid function func2 in map table
01-01 08:00:06.217 0 0 E : [ 3.233218] kona-pinctrl f000000.pinctrl: invalid function func2 in map table
01-01 08:00:06.217 0 0 E : [ 3.233226] kona-pinctrl f000000.pinctrl: invalid function func2 in map table
01-01 08:00:06.217 0 0 E [ 3.233427] [drm: dp_display_init_aux_switch][msm-dp-err][78 ]failed to register notifier (-22)
01-01 08:00:06.217 0 0 E [ 3.233477] register_client_adhoc: find path.src 1 dest 589
01-01 08:00:06.217 0 0 E [ 3.233502] register_client_adhoc: Failed to find path.src 1 dest 589
01-01 08:00:06.217 0 0 E [ 3.255102] [drm: dp_display_init_aux_switch][msm-dp-err][78 ]failed to register notifier (-22)
01-01 08:00:06.217 0 0 E [ 3.255191] register_client_adhoc: find path.src 1 dest 589
01-01 08:00:06.217 0 0 E [ 3.255237] register_client_adhoc: Failed to find path.src 1 dest 589
01-01 08:00:06.217 0 0 E [ 3.255794] [drm: dp_display_init_aux_switch][msm-dp-err][78 ]failed to register notifier (-22)
01-01 08:00:06.217 0 0 E [ 3.255849] register_client_adhoc: find path.src 1 dest 589
01-01 08:00:06.217 0 0 E [ 3.255875] register_client_adhoc: Failed to find path.src 1 dest 589
01-01 08:00:06.217 0 0 E [ 3.256435] [drm: dp_display_init_aux_switch][msm-dp-err][357 ]failed to register notifier (-22)
01-01 08:00:06.217 0 0 E [ 3.256500] register_client_adhoc: find path.src 1 dest 589
01-01 08:00:06.217 0 0 E [ 3.256527] register_client_adhoc: Failed to find path.src 1 dest 589
01-01 08:00:06.217 0 0 E [ 3.257062] [drm: dp_display_init_aux_switch][msm-dp-err][357 ]failed to register notifier (-22)
01-01 08:00:06.217 0 0 E [ 3.257114] register_client_adhoc: find path.src 1 dest 589
01-01 08:00:06.217 0 0 E [ 3.257140] register_client_adhoc: Failed to find path.src 1 dest 589
01-01 08:00:06.217 0 0 E [ 3.257658] [drm: dp_display_init_aux_switch][msm-dp-err][357 ]failed to register notifier (-22)
01-01 08:00:06.217 0 0 E [ 3.257708] register_client_adhoc: find path.src 1 dest 589
01-01 08:00:06.217 0 0 E [ 3.257733] register_client_adhoc: Failed to find path.src 1 dest 589
01-01 08:00:06.217 0 0 E [ 3.258257] [drm: dp_display_init_aux_switch][msm-dp-err][357 ]failed to register notifier (-22)
01-01 08:00:06.217 0 0 E [ 3.258308] register_client_adhoc: find path.src 1 dest 589
01-01 08:00:06.217 0 0 E [ 3.258333] register_client_adhoc: Failed to find path.src 1 dest 589
01-01 08:00:06.217 0 0 E [ 3.258840] [drm: dp_display_init_aux_switch][msm-dp-err][357 ]failed to register notifier (-22)
01-01 08:00:06.217 0 0 E [ 3.258892] register_client_adhoc: find path.src 1 dest 589
01-01 08:00:06.217 0 0 E [ 3.258916] register_client_adhoc: Failed to find path.src 1 dest 589
01-01 08:00:06.217 0 0 E [ 3.259416] [drm: dp_display_init_aux_switch][msm-dp-err][357 ]failed to register notifier (-22)
01-01 08:00:06.217 0 0 E [ 3.259466] register_client_adhoc: find path.src 1 dest 589
01-01 08:00:06.217 0 0 E [ 3.259491] register_client_adhoc: Failed to find path.src 1 dest 589
01-01 08:00:06.217 0 0 E : [ 3.353558] Trying to create more than 6 SchedTune boosting groups
01-01 08:00:06.217 0 0 E : [ 3.353706] Trying to create more than 6 SchedTune boosting groups
01-01 08:00:06.217 0 0 I : [ 3.364242] Registered swp emulation handler
01-01 08:00:06.217 0 0 I [ 3.378778] binder: 521:521 ioctl 40046210 7fdac97164 returned -22
01-01 08:00:06.217 0 0 I [ 3.384585] binder: 522:522 ioctl 40046210 7fc7fce8c4 returned -22
01-01 08:00:06.217 0 0 I [ 3.387142] init: wait for '/dev/block/platform/soc/1d84000.ufshc' took 0ms
01-01 08:00:06.217 0 0 I [ 3.387978] logd.auditd: start
01-01 08:00:06.219 0 0 I : [ 3.390103] tsnv tsnv_init register TSNV Driver v0.01
01-01 08:00:06.219 0 0 I [ 3.390327] init: wait for '/dev/qseecom' took 0ms
01-01 08:00:06.225 0 0 E : [ 3.401365] FAT-fs (sde51): bogus number of reserved sectors
01-01 08:00:06.225 0 0 I : [ 3.401371] FAT-fs (sde51): Can't find a valid FAT filesystem
01-01 08:00:06.230 0 0 I [ 3.406106] fsck_msdos: ** /dev/block/bootdevice/by-name/spunvm
01-01 08:00:06.230 0 0 I [ 3.406116] fsck_msdos: Can't open `/dev/block/bootdevice/by-name/spunvm'
01-01 08:00:06.230 0 0 I [ 3.406143] fsck_msdos: fsck_msdos terminated by exit(8)
01-01 08:00:06.230 0 0 I : [ 3.406143]
01-01 08:00:06.230 0 0 E : [ 3.406504] FAT-fs (sde51): bogus number of reserved sectors
01-01 08:00:06.230 0 0 I : [ 3.406508] FAT-fs (sde51): Can't find a valid FAT filesystem
01-01 08:00:06.232 0 0 I [ 3.409093] binder: 520:520 ioctl 40046210 7fc6931924 returned -22
01-01 08:00:06.233 0 0 I : [ 3.409779] EXT4-fs (sde9): mounted filesystem with ordered data mode. Opts: barrier=1
01-01 08:00:06.246 0 0 I [ 3.423255] e2fsck: e2fsck 1.45.4 (23-Sep-2019)
01-01 08:00:06.247 0 0 I [ 3.423524] e2fsck: ext2fs_check_if_mount: Permission denied while determining whether /dev/block/bootdevice/by-name/persist is mounted.
01-01 08:00:06.247 0 0 I [ 3.423529] e2fsck: /system/bin/e2fsck: Device or resource busy while trying to open /dev/block/bootdevice/by-name/persist
01-01 08:00:06.247 0 0 I [ 3.423532] e2fsck: Filesystem mounted or opened exclusively by another program?
01-01 08:00:06.247 0 0 I [ 3.423694] e2fsck: e2fsck terminated by exit(8)
01-01 08:00:06.247 0 0 I : [ 3.423694]
01-01 08:00:06.259 0 0 I [ 3.435959] binder: 568:568 ioctl 40046210 7ff7e785f4 returned -22
01-01 08:00:06.259 0 0 D [ 3.435996] ProcessState: Binder ioctl to enable oneway spam detection failed: Invalid argument --------- beginning of system
01-01 08:00:06.260 532 572 I QISL : QSEE Interrupt Service Listener Thread is started
01-01 08:00:06.260 532 572 I QISL : QSEE Interrupt Service Listener was activated successfully
01-01 08:00:06.261 532 532 D SPL : Call QSEECom_register_listener()
01-01 08:00:06.261 532 532 D SPL : Registered listener sucessfully!
01-01 08:00:06.261 532 532 D SPL : pipe read-fd [32] write-fd [33]
01-01 08:00:06.261 532 532 D SPL : Create thread
01-01 08:00:06.261 532 532 D SPL : Thread created sucessfully.
01-01 08:00:06.261 532 573 D SPL : spl_dispatch() started
01-01 08:00:06.261 532 573 D SPL : ==== Wait For Request ======
01-01 08:00:06.267 536 536 I vold : Vold 3.0 (the awakening) firing up
01-01 08:00:06.267 536 536 D vold : Detected support for: ext4 f2fs vfat
01-01 08:00:06.269 536 536 D vold : Found unmanaged dm device named vendor_a-cow
01-01 08:00:06.269 536 536 D vold : Found unmanaged dm device named system_ext_a
01-01 08:00:06.269 536 536 D vold : Found unmanaged dm device named odm_a
01-01 08:00:06.269 536 536 D vold : Found unmanaged dm device named system_a
01-01 08:00:06.269 536 536 D vold : Found unmanaged dm device named vendor-verity
01-01 08:00:06.269 536 536 D vold : Found unmanaged dm device named product_a-cow
01-01 08:00:06.269 536 536 D vold : Found unmanaged dm device named vendor_a
01-01 08:00:06.269 536 536 D vold : Found unmanaged dm device named system_ext-verity
01-01 08:00:06.269 536 536 D vold : Found unmanaged dm device named odm-verity
01-01 08:00:06.269 536 536 D vold : Found unmanaged dm device named product-verity
01-01 08:00:06.269 536 536 D vold : Found unmanaged dm device named system_a-cow
01-01 08:00:06.269 536 536 D vold : Found unmanaged dm device named system-verity
01-01 08:00:06.269 536 536 D vold : Found unmanaged dm device named product_a
01-01 08:00:06.269 536 536 D vold : Found unmanaged dm device named odm_a-cow
01-01 08:00:06.269 536 536 D vold : Found unmanaged dm device named system_ext_a-cow
01-01 08:00:06.269 536 536 I vold : [libfs_mgr]dt_fstab: Skip disabled entry for partition vendor
01-01 08:00:06.269 536 536 I vold : [libfs_mgr]GetFstabPath()fstab_path:/odm/etc/fstab.default
01-01 08:00:06.269 536 536 I vold : [libfs_mgr]GetFstabPath()fstab_path:/vendor/etc/fstab.default
01-01 08:00:06.269 536 536 I vold : [libfs_mgr]GetFstabPath()fstab_path:/system/etc/fstab.default
01-01 08:00:06.269 536 536 I vold : [libfs_mgr]GetFstabPath()fstab_path:/first_stage_ramdisk/system/etc/fstab.default
01-01 08:00:06.269 536 536 I vold : [libfs_mgr]GetFstabPath()fstab_path:/fstab.default
01-01 08:00:06.269 536 536 I vold : [libfs_mgr]GetFstabPath()fstab_path:/first_stage_ramdisk/fstab.default
01-01 08:00:06.269 536 536 I vold : [libfs_mgr]GetFstabPath()fstab_path:/odm/etc/fstab.qcom
01-01 08:00:06.269 536 536 I vold : [libfs_mgr]GetFstabPath()fstab_path:/vendor/etc/fstab.qcom
01-01 08:00:06.269 536 536 I vold : [libfs_mgr]GetFstabPath()fstab_path.c_str():/vendor/etc/fstab.qcom
01-01 08:00:06.270 536 536 D vold : VoldNativeService::start() completed OK
01-01 08:00:06.271 0 0 I [ 3.446833] binder: 536:536 ioctl 40046210 7fcd878694 returned -22
01-01 08:00:06.271 0 0 I [ 3.446894] binder: 536:536 ioctl 40046210 7fcd878634 returned -22
01-01 08:00:06.280 0 0 D [ 3.456713] vdc: Waited 20ms for vold
01-01 08:00:06.289 0 0 W : [ 3.464425] subsys-pil-tz soc:qcom,ipa_fws: Falling back to syfs fallback for: ipa_fws.mdt
01-01 08:00:06.289 0 0 I [ 3.465314] init: wait for '/mnt/vendor/spunvm' took 0ms
01-01 08:00:06.303 0 0 I [ 3.477369] binder: 582:582 ioctl 40046210 7fe8acb0e4 returned -22
01-01 08:00:06.303 0 0 I [ 3.477529] binder: 582:582 ioctl 40046210 7fe8acb024 returned -22
01-01 08:00:06.305 0 0 I : [ 3.482293] SW_INIT_DONE - 2nd phase loading [spss] completed ok
01-01 08:00:06.305 0 0 I : [ 3.482324] PBL_DONE - 1st phase loading [spss] completed ok
01-01 08:00:06.305 581 581 D spdaemon: Firmware Name [spss2p].
01-01 08:00:06.305 581 581 D spdaemon: Prod FW.
01-01 08:00:06.305 581 581 D spdaemon: firmware_type [p].
01-01 08:00:06.305 581 581 D spdaemon: machine_name [SXR2130]
01-01 08:00:06.305 581 581 E iardb : [iar_db_get_iar_state] failed to open file /mnt/vendor/spunvm/iar_db/iar_state.bin [13] [Permission denied]
01-01 08:00:06.305 581 581 D iarlib : [iar_get_state] Can't get iar_state, return DISABLED
01-01 08:00:06.305 581 581 I spdaemon: IAR is not activated
01-01 08:00:06.305 581 581 D spdaemon: ------ going to start SP From kernel ------
01-01 08:00:06.305 581 581 I spcomlib: [spcom_restart_sp_subsystem] restart_sp starts
01-01 08:00:06.305 581 581 D spcomlib: [spcom_restart_sp_subsystem] restart_sp - Send PIL request [1]
01-01 08:00:06.305 581 581 D spcomlib: [spcom_restart_sp_subsystem] restart_sp - Restart SP command ok.
01-01 08:00:06.305 581 581 D spcomlib: [spcom_signal_event] event [0] [pil_called] EVENT_STATUS_SIGNALED
01-01 08:00:06.305 581 581 I spcomlib: [spcom_reset_all_app_loaded_prop] start reset all spcomlib apploaded props.
01-01 08:00:06.309 0 0 E [ 3.484800] [drm: dp_display_init_aux_switch][msm-dp-err][79 ]failed to register notifier (-22)
01-01 08:00:06.309 0 0 E [ 3.484896] register_client_adhoc: find path.src 1 dest 589
01-01 08:00:06.318 0 0 E [ 3.484939] register_client_adhoc: Failed to find path.src 1 dest 589
01-01 08:00:06.318 0 0 I [ 3.494456] wait_for_keymaster: Waiting for Keymaster device
01-01 08:00:06.318 0 0 I [ 3.494508] binder: 593:593 ioctl 40046210 7fc5670764 returned -22
01-01 08:00:06.318 0 0 D [ 3.494516] ProcessState: Binder ioctl to enable oneway spam detection failed: Invalid argument
01-01 08:00:06.335 0 0 I [ 3.510852] binder: 583:583 ioctl 40046210 7fe269e064 returned -22
01-01 08:00:06.339 0 0 I [ 3.515418] binder: 583:595 ioctl 40046210 75c9dc9154 returned -22
01-01 08:00:06.406 0 0 I : [ 3.580984] subsys-pil-tz soc:qcom,ipa_fws: ipa_fws: loading from 0x0000000086810000 to 0x0000000086819000
01-01 08:00:06.406 0 0 W : [ 3.582796] subsys-pil-tz soc:qcom,ipa_fws: Falling back to syfs fallback for: ipa_fws.b02
01-01 08:00:06.406 0 0 W : [ 3.582800] subsys-pil-tz soc:qcom,ipa_fws: Falling back to syfs fallback for: ipa_fws.b03
01-01 08:00:06.407 0 0 W : [ 3.582827] subsys-pil-tz soc:qcom,ipa_fws: Falling back to syfs fallback for: ipa_fws.b04
01-01 08:00:06.410 0 0 I : [ 3.587298] subsys-pil-tz soc:qcom,ipa_fws: ipa_fws: Brought out of reset
01-01 08:00:06.410 0 0 I : [ 3.587406] IPA FW loaded successfully
01-01 08:00:06.415 0 0 E : [ 3.588242] gsi soc:qcom,msm_gsi: gsi_register_device:1203 GSI irq is wake enabled 34
01-01 08:00:06.415 0 0 I : [ 3.589661] rmnet_ipa3 started initialization
01-01 08:00:06.415 0 0 I : [ 3.589701] IPA SSR support = True
01-01 08:00:06.415 0 0 I : [ 3.589703] IPA SG support = True
01-01 08:00:06.415 0 0 I : [ 3.589705] IPA Napi Enable = True
01-01 08:00:06.415 0 0 I : [ 3.589707] using default for wan-rx-desc-size = 256
01-01 08:00:06.415 0 0 I : [ 3.589717] IPA driver initialization was successful.
01-01 08:00:06.415 0 0 W : [ 3.589735] subsys-pil-tz soc:qcom,ipa_uc: Falling back to syfs fallback for: ipa_uc.mdt
01-01 08:00:06.415 0 0 E : [ 3.589961] ipa-wan ipa3_wwan_probe:2530 rmnet_ipa completed initialization
01-01 08:00:06.419 0 0 I : [ 3.594197] subsys-pil-tz soc:qcom,ipa_uc: ipa_uc: loading from 0x0000000086800000 to 0x0000000086810000
01-01 08:00:06.419 0 0 W : [ 3.596012] subsys-pil-tz soc:qcom,ipa_uc: Falling back to syfs fallback for: ipa_uc.b02
01-01 08:00:06.423 0 0 I : [ 3.599722] subsys-pil-tz soc:qcom,ipa_uc: ipa_uc: Brought out of reset
01-01 08:00:06.423 0 0 E : [ 3.599881] ipa ipa3_uc_wdi_event_log_info_handler:351 WDI protocol missing 0x21
01-01 08:00:06.423 0 0 E : [ 3.599886] ipa ipa3_uc_ntn_event_log_info_handler:34 NTN stats ofst=0x500e0
01-01 08:00:06.731 0 0 E : [ 3.904034] atmel_mxt_ts 0-004a: Wait for completion timed out.
01-01 08:00:06.731 0 0 I : [ 3.904702] atmel_mxt_ts 0-004a: T6 Config Checksum: 0x1B6EAC
01-01 08:00:06.731 0 0 I : [ 3.905427] atmel_mxt_ts 0-004a: T25 Status 0x 0 Info: 00 00 00 00 00
01-01 08:00:06.731 0 0 I : [ 3.905439] atmel_mxt_ts 0-004a: mxt_proc_t25_messages: Get intr gpio value: 0x0
01-01 08:00:06.731 0 0 I : [ 3.906052] atmel_mxt_ts 0-004a: mxt_proc_t25_messages: Read reg:0x00 val:0xa4
01-01 08:00:06.747 0 0 I : [ 3.921644] atmel_mxt_ts 0-004a: Config file CRC 0x1B6EAC same as device CRC: No update required.
01-01 08:00:06.747 0 0 I : [ 3.921648] atmel_mxt_ts 0-004a: Skip update config file
01-01 08:00:06.747 0 0 I : [ 3.922778] atmel_mxt_ts 0-004a: Initialized power cfg: ACTV 10, IDLE 20
01-01 08:00:07.319 0 0 W [ 4.495096] ServiceManager: Waited one second for android.system.keystore2.IKeystoreService/default (is service started? are binder threads started and available?)
01-01 08:00:07.319 0 0 I [ 4.495521] wait_for_keymaster: Keymaster device ready
01-01 08:00:07.323 0 0 I [ 4.496034] binder: undelivered transaction 239, process died.
01-01 08:00:07.324 0 0 I [ 4.500848] binder: 624:624 ioctl 40046210 7fdcdeef14 returned -22
01-01 08:00:07.324 0 0 D [ 4.500872] ProcessState: Binder ioctl to enable oneway spam detection failed: Invalid argument
01-01 08:00:07.324 0 0 D [ 4.501095] vdc: Waited 0ms for vold
01-01 08:00:07.338 0 0 I [ 4.514983] binder: 626:626 ioctl 40046210 7fe74761c4 returned -22
01-01 08:00:07.338 0 0 D [ 4.515003] ProcessState: Binder ioctl to enable oneway spam detection failed: Invalid argument
01-01 08:00:07.338 0 0 D [ 4.515231] vdc: Waited 0ms for vold
01-01 08:00:07.338 536 536 D vold : fscrypt_mount_metadata_encrypted: /data encrypt: 0 format: 0 with null
01-01 08:00:07.338 536 536 D vold : metadata_key_dir/key: /metadata/vold/metadata_encryption/key
01-01 08:00:07.339 536 536 D vold : Key exists, using: /metadata/vold/metadata_encryption/key
01-01 08:00:07.348 536 536 D vold : Mounting metadata-encrypted filesystem:/data
01-01 08:00:07.351 536 536 I vold : [libfs_mgr]Running /system/bin/fsck.f2fs -a -c 10000 --debug-cache /dev/block/dm-15
01-01 08:00:07.355 0 0 I [ 4.531611] fsck.f2fs: Info: Fix the reported corruption.
01-01 08:00:07.355 0 0 I [ 4.531830] fsck.f2fs: Info: No support kernel version!
01-01 08:00:07.355 0 0 I [ 4.531834] fsck.f2fs: Info: Segments per section = 1
01-01 08:00:07.355 0 0 I [ 4.531836] fsck.f2fs: Info: Sections per zone = 1
01-01 08:00:07.355 0 0 I [ 4.531850] fsck.f2fs: Info: sector size = 4096
01-01 08:00:07.355 0 0 I [ 4.531853] fsck.f2fs: Info: total sectors = 28958163 (113117 MB)
01-01 08:00:07.359 0 0 I [ 4.532756] fsck.f2fs: Info: MKFS version
01-01 08:00:07.359 0 0 I [ 4.532760] fsck.f2fs: "4.19.157-perf+ #1 SMP PREEMPT Fri Jun 2 09:56:31 CST 2023"
01-01 08:00:07.359 0 0 I [ 4.532762] fsck.f2fs: Info: FSCK version
01-01 08:00:07.359 0 0 I [ 4.532765] fsck.f2fs: from "4.19.157-perf+"
01-01 08:00:07.393 0 0 I : [ 4.569574] F2FS-fs (dm-15): Mounted with checkpoint version = 55001391
01-01 08:00:07.393 536 536 I vold : [libfs_mgr]__mount(source=/dev/block/dm-15,target=/data,type=f2fs)=0: Success
01-01 08:00:07.393 536 536 D vold : Mounted /data
01-01 08:00:07.393 536 579 D vold : Disk at 252:15 changed
01-01 08:00:07.402 0 0 I [ 4.578841] binder: 633:633 ioctl 40046210 7fe587cad4 returned -22
01-01 08:00:07.402 0 0 D [ 4.578867] ProcessState: Binder ioctl to enable oneway spam detection failed: Invalid argument
01-01 08:00:07.402 536 536 I Checkpoint: cp_prepareCheckpoint called
01-01 08:00:07.402 0 0 D [ 4.579149] vdc: Waited 0ms for vold
01-01 08:00:07.408 0 0 I [ 4.585135] binder: 635:635 ioctl 40046210 7ffa8d9504 returned -22
01-01 08:00:07.408 0 0 D [ 4.585159] ProcessState: Binder ioctl to enable oneway spam detection failed: Invalid argument
01-01 08:00:07.408 0 0 D [ 4.585375] vdc: Waited 0ms for vold
01-01 08:00:07.408 536 536 I vold : fscrypt_initialize_systemwide_keys
01-01 08:00:07.409 536 536 D vold : Key exists, using: /data/unencrypted/key
01-01 08:00:07.418 536 536 D vold : Installed fscrypt key with ref aaaf6868755be0a20bc7eaa87b409cf0 to /data
01-01 08:00:07.418 536 536 D vold : Added fscrypt-provisioning key for aaaf6868755be0a20bc7eaa87b409cf0 to session keyring
01-01 08:00:07.420 536 536 I vold : Wrote system DE key reference to:/data/unencrypted/ref
01-01 08:00:07.420 536 536 D vold : Generating wrapped storage key
01-01 08:00:07.420 536 536 E vold : keystore2 Keystore generateKey returned service specific error: -67
01-01 08:00:07.420 536 536 W vold : Failed to generate rollback-resistant key. This is expected if keymaster doesn't support rollback resistance. Falling back to non-rollback-resistant key.
01-01 08:00:07.427 536 536 D vold : Installed fscrypt key with ref 9320cc61777fbc9ede162a0de38c392b to /data
01-01 08:00:07.427 536 536 D vold : Added fscrypt-provisioning key for 9320cc61777fbc9ede162a0de38c392b to session keyring
01-01 08:00:07.428 536 536 I vold : Wrote per boot key reference to:/data/unencrypted/per_boot_ref
01-01 08:00:07.428 632 634 D spcomlib: [spcom_register_service] spcom_register_service() name [sp_keymaster_ssr] pid [520527420592]
01-01 08:00:07.428 632 634 D spcomlib: [spcom_open] ch [sp_keymaster_ssr] doesn't exist, create it.
01-01 08:00:07.428 632 634 D spcomlib: [spcom_create_channel] Create Channel [sp_keymaster_ssr].
01-01 08:00:07.429 0 0 I [ 4.605726] fscrypt: AES-256-CTS-CBC using implementation "cts(cbc-aes-ce)"
01-01 08:00:07.440 0 0 I [ 4.616552] binder: 644:644 ioctl 40046210 7ffe366084 returned -22
01-01 08:00:07.440 0 0 D [ 4.616582] ProcessState: Binder ioctl to enable oneway spam detection failed: Invalid argument
01-01 08:00:07.440 0 0 D [ 4.616811] vdc: Waited 0ms for vold
01-01 08:00:07.440 536 536 I incfs : Initial API level of the device: 30
01-01 08:00:07.440 536 536 I incfs : ro.incremental.enable: 1
01-01 08:00:07.440 536 536 I incfs : isFsAvailable: true
01-01 08:00:07.440 536 536 I incfs : isFsAvailable: true
01-01 08:00:07.440 536 536 I incfs : IncFs_Features: v1
01-01 08:00:07.448 632 634 D spcomlib: [add_ssr_cb] ssr cb added!
01-01 08:00:07.448 632 634 D spcomlib: [start_ssr_thread] ch [spcom] ready!
01-01 08:00:07.448 632 634 D spcomlib: [start_ssr_thread] main pthread self_id [0x31da1cb0].
01-01 08:00:07.448 632 634 D spcomlib: [start_ssr_thread] pthread_create() ret [0] thread-id [0x30ca3cb0].
01-01 08:00:07.449 632 634 D spcomlib: [start_ssr_thread] Wait for SSR thread to run.
01-01 08:00:07.449 632 647 D spcomlib: [notify_ssr_thread] SSR pthread self_id [0x30ca3cb0].
01-01 08:00:07.449 632 634 D spcomlib: [start_ssr_thread] pthread_cond_wait() ret [0].
01-01 08:00:07.449 632 634 D spcomlib: [start_ssr_thread] done.
01-01 08:00:07.449 632 634 D spcomlib: [add_ch] add ch [sp_keymaster_ssr].
01-01 08:00:07.449 632 634 D spcomlib: [spcom_register_service] spcom_register_service() name [sp_keymaster_ssr] pid [520527420592] done
01-01 08:00:07.449 536 536 E vold : keystore2 Keystore earlyBootEnded returned service specific error: -68
01-01 08:00:07.459 0 0 I [ 4.635042] apexd: This device does not support updatable APEX. Exiting
01-01 08:00:07.459 0 0 I [ 4.635063] apexd: Marking APEXd as activated
01-01 08:00:07.495 0 0 I [ 4.672208] binder: 651:651 ioctl 40046210 7fc27ee674 returned -22
01-01 08:00:07.495 0 0 D [ 4.672240] ProcessState: Binder ioctl to enable oneway spam detection failed: Invalid argument
01-01 08:00:07.495 0 0 D [ 4.672481] vdc: Waited 0ms for vold
01-01 08:00:07.495 536 536 D vold : fscrypt_init_user0
01-01 08:00:07.495 536 536 D vold : Preparing: /data/misc/vold/user_keys
01-01 08:00:07.496 536 536 D vold : Preparing: /data/misc/vold/user_keys/ce
01-01 08:00:07.496 536 536 D vold : Preparing: /data/misc/vold/user_keys/de
01-01 08:00:07.505 536 536 D vold : Installed fscrypt key with ref c39bab9609c93f539817babe22458fb0 to /data
01-01 08:00:07.505 536 536 D vold : Added fscrypt-provisioning key for c39bab9609c93f539817babe22458fb0 to session keyring
01-01 08:00:07.505 536 536 D vold : Installed de key for user 0
01-01 08:00:07.505 536 536 D vold : fscrypt_prepare_user_storage for volume null, user 0, serial 0, flags 1
01-01 08:00:07.505 536 536 D vold : Preparing: /data/system/users/0
01-01 08:00:07.506 536 536 D vold : Preparing: /data/misc/profiles/cur/0
01-01 08:00:07.506 536 536 D vold : Preparing: /data/system_de/0
01-01 08:00:07.506 536 536 D vold : Preparing: /data/misc_de/0
01-01 08:00:07.506 536 536 D vold : Preparing: /data/vendor_de/0
01-01 08:00:07.507 536 536 D vold : Preparing: /data/user_de/0
01-01 08:00:07.507 536 536 I vold : Verified that /data/system_de/0 has the encryption policy c39bab9609c93f539817babe22458fb0 v2 modes 1/4 flags 0xa
01-01 08:00:07.507 536 536 I vold : Verified that /data/misc_de/0 has the encryption policy c39bab9609c93f539817babe22458fb0 v2 modes 1/4 flags 0xa
01-01 08:00:07.507 536 536 I vold : Verified that /data/vendor_de/0 has the encryption policy c39bab9609c93f539817babe22458fb0 v2 modes 1/4 flags 0xa
01-01 08:00:07.507 536 536 I vold : Verified that /data/user_de/0 has the encryption policy c39bab9609c93f539817babe22458fb0 v2 modes 1/4 flags 0xa
01-01 08:00:07.507 536 536 D vold : /system/bin/vold_prepare_subdirs
01-01 08:00:07.507 536 536 D vold : prepare
01-01 08:00:07.507 536 536 D vold :
01-01 08:00:07.507 536 536 D vold : 0
01-01 08:00:07.507 536 536 D vold : 1
01-01 08:00:07.522 536 536 D vold : Detected support for FS_IOC_ADD_ENCRYPTION_KEY
01-01 08:00:07.559 0 0 I [ 4.735227] apexd: This device does not support updatable APEX. Exiting
01-01 08:00:07.559 0 0 I [ 4.735238] apexd: Marking APEXd as ready
01-01 08:00:07.577 0 0 D [ 4.753651] cnss: File system is ready, fs_ready is 1, count is 1
01-01 08:00:07.577 0 0 D [ 4.753655] cnss: Posting event: COLD_BOOT_CAL_START(5), state: 0x0 flags: 0x0
01-01 08:00:07.577 0 0 D [ 4.753657] cnss: PM stay awake, state: 0x0, count: 1
01-01 08:00:07.577 0 0 D [ 4.753664] cnss: PM relax, state: 0x0, count: 0
01-01 08:00:07.577 0 0 D [ 4.753667] cnss: PM stay awake, state: 0x0, count: 1
01-01 08:00:07.577 0 0 D [ 4.753670] cnss: Processing driver event: COLD_BOOT_CAL_START(5), state: 0x0
01-01 08:00:07.577 0 0 D [ 4.753673] cnss: Regulator vdd-wlan-io is being enabled
01-01 08:00:07.577 0 0 D [ 4.753675] cnss: Regulator wlan-ant-switch is being enabled
01-01 08:00:07.577 0 0 D [ 4.753767] cnss: Regulator vdd-wlan-aon is being enabled
01-01 08:00:07.577 0 0 D [ 4.753824] cnss: Regulator vdd-wlan-dig is being enabled
01-01 08:00:07.579 0 0 D [ 4.754376] cnss: Regulator vdd-wlan-rfa1 is being enabled
01-01 08:00:07.579 0 0 D [ 4.754438] cnss: Regulator vdd-wlan-rfa2 is being enabled
01-01 08:00:07.579 0 0 D [ 4.754522] cnss: BT_EN_GPIO State: Off. Delay WLAN_GPIO enable
01-01 08:00:07.505 0 0 I [ 4.845226] update_verifier: Started with arg 1: nonencrypted
01-01 08:00:07.505 0 0 I [ 4.845292] binder: 680:680 ioctl 40046210 7ff0be1324 returned -22
01-01 08:00:07.505 0 0 D [ 4.845299] hw-ProcessState: Binder ioctl to enable oneway spam detection failed: Invalid argument
01-01 08:00:07.505 0 0 I [ 4.846040] update_verifier: Booting slot 0: isSlotMarkedSuccessful=1
01-01 08:00:07.505 0 0 I [ 4.846044] update_verifier: Leaving update_verifier.
01-01 08:00:07.512 0 0 W : [ 4.853169] subsys-pil-tz 17300000.qcom,lpass: Falling back to syfs fallback for: adsp.mdt
01-01 08:00:07.512 0 0 W : [ 4.853230] subsys-pil-tz 8300000.qcom,turing: Falling back to syfs fallback for: cdsp.mdt
01-01 08:00:07.516 0 0 I : [ 4.856811] subsys-pil-tz 17300000.qcom,lpass: adsp: loading from 0x000000008a100000 to 0x000000008bf00000
01-01 08:00:07.516 0 0 D [ 4.857071] cnss: Assert WLAN_EN GPIO successfully
01-01 08:00:07.516 0 0 D [ 4.857074] cnss: Resuming PCI link
01-01 08:00:07.516 0 0 I [ 4.857095] msm_pcie_enable: PCIe: Assert the reset of endpoint of RC0.
01-01 08:00:07.519 0 0 I : [ 4.857176] subsys-pil-tz 8300000.qcom,turing: cdsp: loading from 0x0000000087800000 to 0x0000000088c00000
01-01 08:00:07.519 0 0 I [ 4.859792] binder: 681:681 ioctl 40046210 7fd357c734 returned -22
01-01 08:00:07.520 0 0 I [ 4.860299] msm_pcie_enable: PCIe: RC0: PCIE20_PARF_INT_ALL_MASK: 0x7f80d202
01-01 08:00:07.520 0 0 W : [ 4.860802] subsys-pil-tz 17300000.qcom,lpass: Falling back to syfs fallback for: adsp.b02
01-01 08:00:07.520 0 0 W : [ 4.860861] subsys-pil-tz 17300000.qcom,lpass: Falling back to syfs fallback for: adsp.b03
01-01 08:00:07.520 0 0 W : [ 4.860898] subsys-pil-tz 17300000.qcom,lpass: Falling back to syfs fallback for: adsp.b04
01-01 08:00:07.520 0 0 W : [ 4.860985] subsys-pil-tz 17300000.qcom,lpass: Falling back to syfs fallback for: adsp.b05
01-01 08:00:07.520 0 0 W : [ 4.861003] subsys-pil-tz 17300000.qcom,lpass: Falling back to syfs fallback for: adsp.b06
01-01 08:00:07.520 0 0 W : [ 4.861257] subsys-pil-tz 17300000.qcom,lpass: Falling back to syfs fallback for: adsp.b07
01-01 08:00:07.520 0 0 W : [ 4.861312] subsys-pil-tz 17300000.qcom,lpass: Falling back to syfs fallback for: adsp.b08
01-01 08:00:07.520 0 0 W : [ 4.861395] subsys-pil-tz 17300000.qcom,lpass: Falling back to syfs fallback for: adsp.b09
01-01 08:00:07.521 0 0 W : [ 4.861692] subsys-pil-tz 17300000.qcom,lpass: Falling back to syfs fallback for: adsp.b10
01-01 08:00:07.521 0 0 W : [ 4.861823] subsys-pil-tz 17300000.qcom,lpass: Falling back to syfs fallback for: adsp.b11
01-01 08:00:07.521 0 0 W : [ 4.861849] subsys-pil-tz 17300000.qcom,lpass: Falling back to syfs fallback for: adsp.b12
01-01 08:00:07.521 0 0 W : [ 4.861933] subsys-pil-tz 17300000.qcom,lpass: Falling back to syfs fallback for: adsp.b13
01-01 08:00:07.521 0 0 W : [ 4.861999] subsys-pil-tz 17300000.qcom,lpass: Falling back to syfs fallback for: adsp.b14
01-01 08:00:07.521 0 0 W : [ 4.862081] subsys-pil-tz 17300000.qcom,lpass: Falling back to syfs fallback for: adsp.b15
01-01 08:00:07.521 0 0 W : [ 4.862118] subsys-pil-tz 17300000.qcom,lpass: Falling back to syfs fallback for: adsp.b16
01-01 08:00:07.521 0 0 W : [ 4.862162] subsys-pil-tz 17300000.qcom,lpass: Falling back to syfs fallback for: adsp.b17
01-01 08:00:07.521 0 0 W : [ 4.862227] subsys-pil-tz 17300000.qcom,lpass: Falling back to syfs fallback for: adsp.b18
01-01 08:00:07.521 0 0 I [ 4.862360] pcie_phy_init: PCIe RC0 PHY is ready!
01-01 08:00:07.521 0 0 W : [ 4.862406] subsys-pil-tz 8300000.qcom,turing: Falling back to syfs fallback for: cdsp.b02
01-01 08:00:07.521 0 0 W : [ 4.862476] subsys-pil-tz 8300000.qcom,turing: Falling back to syfs fallback for: cdsp.b03
01-01 08:00:07.521 0 0 W : [ 4.862497] subsys-pil-tz 8300000.qcom,turing: Falling back to syfs fallback for: cdsp.b04
01-01 08:00:07.522 0 0 W : [ 4.862659] subsys-pil-tz 8300000.qcom,turing: Falling back to syfs fallback for: cdsp.b05
01-01 08:00:07.522 0 0 W : [ 4.862693] subsys-pil-tz 8300000.qcom,turing: Falling back to syfs fallback for: cdsp.b06
01-01 08:00:07.523 0 0 W : [ 4.862808] subsys-pil-tz 8300000.qcom,turing: Falling back to syfs fallback for: cdsp.b08
01-01 08:00:07.523 0 0 W : [ 4.863206] subsys-pil-tz 8300000.qcom,turing: Falling back to syfs fallback for: cdsp.b09
01-01 08:00:07.523 0 0 W : [ 4.863269] subsys-pil-tz 8300000.qcom,turing: Falling back to syfs fallback for: cdsp.b11
01-01 08:00:07.533 0 0 I [ 4.872379] msm_pcie_enable: PCIe: Release the reset of endpoint of RC0.
01-01 08:00:07.549 0 0 I [ 4.889142] msm_pcie_link_train: PCIe RC0 link initialized
01-01 08:00:07.563 0 0 I : [ 4.904140] cnss_pci 0000:01:00.0: enabling device (0000 -> 0002)
01-01 08:00:07.563 0 0 D [ 4.904345] cnss: Read register offset 0x1f8031c, val = 0x6
01-01 08:00:07.563 0 0 D [ 4.904349] cnss: Write val 0x2 to register offset 0x1f8031c
01-01 08:00:07.563 0 0 D [ 4.904351] cnss: Setting MHI state: INIT(0)
01-01 08:00:07.612 0 0 I [ 4.953130] binder: 682:682 ioctl 40046210 7fd1e9cac4 returned -22
01-01 08:00:07.613 0 0 I [ 4.953976] binder: 682:682 ioctl 40046210 7fd1e9ccd4 returned -22
01-01 08:00:07.615 0 0 I : [ 4.955880] subsys-pil-tz 17300000.qcom,lpass: adsp: Brought out of reset
01-01 08:00:07.623 0 0 D [ 4.963657] cnss: Setting MHI state: POWER_ON(2)
01-01 08:00:07.623 0 0 W : [ 4.963894] cnss_pci 0000:01:00.0: Falling back to syfs fallback for: qca6390/amss20.bin
01-01 08:00:07.639 0 0 I : [ 4.979861] subsys-pil-tz 17300000.qcom,lpass: Subsystem error monitoring/handling services are up
01-01 08:00:07.639 0 0 I : [ 4.979872] subsys-pil-tz 17300000.qcom,lpass: adsp: Power/Clock ready interrupt received
01-01 08:00:07.639 0 0 I : [ 4.979900] qcom_rpmh DRV:apps_rsc TCS Busy, retrying RPMH message send: addr=0x30030
01-01 08:00:07.639 0 0 I : [ 4.979926] qcom_rpmh DRV:apps_rsc TCS Busy, retrying RPMH message send: addr=0x30040
01-01 08:00:07.641 0 0 I [ 4.981221] adsprpc: fastrpc_restart_notifier_cb: adsp subsystem is up
01-01 08:00:07.641 0 0 D [ 4.981488] cnss: DRV subsystem is connected
01-01 08:00:07.641 0 0 E [ 4.981685] [drm: dp_display_init_aux_switch][msm-dp-err][86 ]failed to register notifier (-22)
01-01 08:00:07.641 0 0 E [ 4.981782] register_client_adhoc: find path.src 1 dest 589
01-01 08:00:07.641 0 0 E [ 4.981824] register_client_adhoc: Failed to find path.src 1 dest 589
01-01 08:00:07.641 0 0 I [ 4.981939] qcom_smd_qrtr_probe: Entered
01-01 08:00:07.643 0 0 I [ 4.982097] qcom_smd_qrtr_probe: SMD QRTR driver probed
01-01 08:00:07.643 0 0 E [ 4.982460] [drm: dp_display_init_aux_switch][msm-dp-err][18 ]failed to register notifier (-22)
01-01 08:00:07.643 0 0 E [ 4.982575] register_client_adhoc: find path.src 1 dest 589
01-01 08:00:07.643 0 0 E [ 4.982625] register_client_adhoc: Failed to find path.src 1 dest 589
