07-10 16:10:41.175 1387 3565 D LOWI-9.0.0.87.a: [LOWI-Scan]
07-10 16:10:41.175 1387 3565 D LOWI-9.0.0.87.a: [LOWI-Scan] print_bss_handler: Report beacon TSF 48447773 as it greater than probe TSF 48447773
07-10 16:10:41.175 1387 3565 D LOWI-9.0.0.87.a: [LOWI-Scan] decode_rsn_wpa_ie: LOWI_ENCRYPTION_TYPE_WPA_EAP
07-10 16:10:41.175 1387 3565 D LOWI-9.0.0.87.a: [LOWI-Scan] is_qcom_ie, bss_age: 0
07-10 16:10:41.175 1387 3565 D LOWI-9.0.0.87.a: [LOWI-Scan] BSS 48:73:97:be:7c:33 LOWI_PHY_MODE_11AC_VHT40(9), Beacon Interval: 100, LOWI_ENCRYPTION_TYPE_WPA_EAP 11mcRanging: No, ANQP: No, LCI: No, Civic: No, capability(0x8011): ESS Privacy
07-10 16:10:41.175 1387 3565 D LOWI-9.0.0.87.a: [LOWI-Scan] BSS 48:73:97:be:7c:33 FREQ: 5785, cFreq1[40:80:160] = [5795:0:0] cFreq2 = 0 Country Code = CN
07-10 16:10:41.175 1387 3565 D LOWI-9.0.0.87.a: [LOWI-Scan] BSS 48:73:97:be:7c:33 (wlan0) ASSO: NO AddInfo: 0x1, TSF 0, 00:00:48.447, RSSI: -128, CPL: 127, AGE: 904, SSID HH, TSFDelta: 0x60332b51, TXRate: 0
07-10 16:10:41.175 1387 3565 D LOWI-9.0.0.87.a: [LOWI-Scan]
07-10 16:10:41.175 1387 3565 D LOWI-9.0.0.87.a: [LOWI-Scan] print_bss_handler: Report beacon TSF 48447843 as it greater than probe TSF 48447843
07-10 16:10:41.175 1387 3565 D LOWI-9.0.0.87.a: [LOWI-Scan] is_qcom_ie, bss_age: 0
07-10 16:10:41.175 1387 3565 D LOWI-9.0.0.87.a: [LOWI-Scan] BSS 48:73:97:be:7c:34 LOWI_PHY_MODE_11AC_VHT40(9), Beacon Interval: 100, LOWI_ENCRYPTION_TYPE_OPEN 11mcRanging: No, ANQP: No, LCI: No, Civic: No, capability(0x8001): ESS
07-10 16:10:41.175 1387 3565 D LOWI-9.0.0.87.a: [LOWI-Scan] BSS 48:73:97:be:7c:34 FREQ: 5785, cFreq1[40:80:160] = [5795:0:0] cFreq2 = 0 Country Code = CN
07-10 16:10:41.175 1387 3565 D LOWI-9.0.0.87.a: [LOWI-Scan] BSS 48:73:97:be:7c:34 (wlan0) ASSO: NO AddInfo: 0x1, TSF 0, 00:00:48.447, RSSI: -126, CPL: 127, AGE: 904, SSID HH-mobile, TSFDelta: 0x6034ba80, TXRate: 0
07-10 16:10:41.175 1387 3565 D LOWI-9.0.0.87.a: [LOWI-Scan]
07-10 16:10:41.175 1387 3565 D LOWI-9.0.0.87.a: [LOWI-Scan] print_bss_handler: Report beacon TSF 48447901 as it greater than probe TSF 48447901
07-10 16:10:41.175 1387 3565 D LOWI-9.0.0.87.a: [LOWI-Scan] decode_rsn_wpa_ie: LOWI_ENCRYPTION_TYPE_WPA_PSK
07-10 16:10:41.175 1387 3565 D LOWI-9.0.0.87.a: [LOWI-Scan] is_qcom_ie, bss_age: 0
07-10 16:10:41.175 1387 3565 D LOWI-9.0.0.87.a: [LOWI-Scan] BSS 48:73:97:be:7c:35 LOWI_PHY_MODE_11AC_VHT40(9), Beacon Interval: 100, LOWI_ENCRYPTION_TYPE_WPA_PSK 11mcRanging: No, ANQP: No, LCI: No, Civic: No, capability(0x8011): ESS Privacy
07-10 16:10:41.175 1387 3565 D LOWI-9.0.0.87.a: [LOWI-Scan] BSS 48:73:97:be:7c:35 FREQ: 5785, cFreq1[40:80:160] = [5795:0:0] cFreq2 = 0 Country Code = CN
07-10 16:10:41.175 1387 3565 D LOWI-9.0.0.87.a: [LOWI-Scan] BSS 48:73:97:be:7c:35 (wlan0) ASSO: NO AddInfo: 0x1, TSF 0, 00:00:48.447, RSSI: -126, CPL: 127, AGE: 904, SSID , TSFDelta: 0x60363341, TXRate: 0
07-10 16:10:41.176 1387 3565 D LOWI-9.0.0.87.a: [LOWI-Scan]
07-10 16:10:41.176 1387 3565 D LOWI-9.0.0.87.a: [LOWI-Scan] print_bss_handler: Report beacon TSF 48447972 as it greater than probe TSF 48447972
07-10 16:10:41.176 1387 3565 D LOWI-9.0.0.87.a: [LOWI-Scan] decode_rsn_wpa_ie: LOWI_ENCRYPTION_TYPE_WPA_PSK
07-10 16:10:41.176 1387 3565 D LOWI-9.0.0.87.a: [LOWI-Scan] is_qcom_ie, bss_age: 0
07-10 16:10:41.176 1387 3565 D LOWI-9.0.0.87.a: [LOWI-Scan] BSS 48:73:97:be:7c:36 LOWI_PHY_MODE_11AC_VHT40(9), Beacon Interval: 100, LOWI_ENCRYPTION_TYPE_WPA_PSK 11mcRanging: No, ANQP: No, LCI: No, Civic: No, capability(0x8011): ESS Privacy
07-10 16:10:41.176 1387 3565 D LOWI-9.0.0.87.a: [LOWI-Scan] BSS 48:73:97:be:7c:36 FREQ: 5785, cFreq1[40:80:160] = [5795:0:0] cFreq2 = 0 Country Code = CN
07-10 16:10:41.176 1387 3565 D LOWI-9.0.0.87.a: [LOWI-Scan] BSS 48:73:97:be:7c:36 (wlan0) ASSO: NO AddInfo: 0x1, TSF 0, 00:00:48.447, RSSI: -128, CPL: 127, AGE: 904, SSID , TSFDelta: 0x6037e06e, TXRate: 0
07-10 16:10:41.176 1387 3565 D LOWI-9.0.0.87.a: [LOWI-Scan]
07-10 16:10:41.176 1387 3565 D LOWI-9.0.0.87.a: [LOWI-Scan] print_bss_handler: Report beacon TSF 48672511 as it greater than probe TSF 48672511
07-10 16:10:41.176 1387 3565 D LOWI-9.0.0.87.a: [LOWI-Scan] is_qcom_ie, bss_age: 0
07-10 16:10:41.176 1387 3565 D LOWI-9.0.0.87.a: [LOWI-Scan] BSS 48:73:97:be:7b:f0 LOWI_PHY_MODE_11AC_VHT40(9), Beacon Interval: 100, LOWI_ENCRYPTION_TYPE_OPEN 11mcRanging: No, ANQP: No, LCI: No, Civic: No, capability(0x8001): ESS
07-10 16:10:41.176 1387 3565 D LOWI-9.0.0.87.a: [LOWI-Scan] BSS 48:73:97:be:7b:f0 FREQ: 5260, cFreq1[40:80:160] = [5270:0:0] cFreq2 = 0 Country Code = CN
07-10 16:10:41.176 1387 3565 D LOWI-9.0.0.87.a: [LOWI-Scan] BSS 48:73:97:be:7b:f0 (wlan0) ASSO: NO AddInfo: 0x1, TSF 0, 00:00:48.672, RSSI: -132, CPL: 127, AGE: 676, SSID , TSFDelta: 0x82b78dbe, TXRate: 0
07-10 16:10:41.176 1387 3565 D LOWI-9.0.0.87.a: [LOWI-Scan]
07-10 16:10:41.176 1387 3565 D LOWI-9.0.0.87.a: [LOWI-Scan] print_bss_handler: Report beacon TSF 48672932 as it greater than probe TSF 48672932
07-10 16:10:41.176 1387 3565 D LOWI-9.0.0.87.a: [LOWI-Scan] is_qcom_ie, bss_age: 0
07-10 16:10:41.176 1387 3565 D LOWI-9.0.0.87.a: [LOWI-Scan] BSS 48:73:97:be:7b:f1 LOWI_PHY_MODE_11AC_VHT40(9), Beacon Interval: 100, LOWI_ENCRYPTION_TYPE_OPEN 11mcRanging: No, ANQP: No, LCI: No, Civic: No, capability(0x8001): ESS
07-10 16:10:41.176 1387 3565 D LOWI-9.0.0.87.a: [LOWI-Scan] BSS 48:73:97:be:7b:f1 FREQ: 5260, cFreq1[40:80:160] = [5270:0:0] cFreq2 = 0 Country Code = CN
07-10 16:10:41.176 1387 3565 D LOWI-9.0.0.87.a: [LOWI-Scan] BSS 48:73:97:be:7b:f1 (wlan0) ASSO: NO AddInfo: 0x1, TSF 0, 00:00:48.672, RSSI: -132, CPL: 127, AGE: 676, SSID GUEST, TSFDelta: 0x82ba0505, TXRate: 0
07-10 16:10:41.176 1387 3565 D LOWI-9.0.0.87.a: [LOWI-Scan]
07-10 16:10:41.176 1387 3565 D LOWI-9.0.0.87.a: [LOWI-Scan] print_bss_handler: Report beacon TSF 48673270 as it greater than probe TSF 48673270
07-10 16:10:41.176 1387 3565 D LOWI-9.0.0.87.a: [LOWI-Scan] decode_rsn_wpa_ie: LOWI_ENCRYPTION_TYPE_WPA_PSK
07-10 16:10:41.176 1387 3565 D LOWI-9.0.0.87.a: [LOWI-Scan] is_qcom_ie, bss_age: 0
07-10 16:10:41.176 1387 3565 D LOWI-9.0.0.87.a: [LOWI-Scan] BSS 48:73:97:be:7b:f2 LOWI_PHY_MODE_11AC_VHT40(9), Beacon Interval: 100, LOWI_ENCRYPTION_TYPE_WPA_PSK 11mcRanging: No, ANQP: No, LCI: No, Civic: No, capability(0x8011): ESS Privacy
07-10 16:10:41.176 1387 3565 D LOWI-9.0.0.87.a: [LOWI-Scan] BSS 48:73:97:be:7b:f2 FREQ: 5260, cFreq1[40:80:160] = [5270:0:0] cFreq2 = 0 Country Code = CN
07-10 16:10:41.176 1387 3565 D LOWI-9.0.0.87.a: [LOWI-Scan] BSS 48:73:97:be:7b:f2 (wlan0) ASSO: NO AddInfo: 0x1, TSF 0, 00:00:48.673, RSSI: -132, CPL: 127, AGE: 676, SSID HELLO, TSFDelta: 0x82bc8b59, TXRate: 0
07-10 16:10:41.176 1387 3565 D LOWI-9.0.0.87.a: [LOWI-Scan]
07-10 16:10:41.176 1387 3565 D LOWI-9.0.0.87.a: [LOWI-Scan] print_bss_handler: Report beacon TSF 48673651 as it greater than probe TSF 48673651
07-10 16:10:41.176 1387 3565 D LOWI-9.0.0.87.a: [LOWI-Scan] decode_rsn_wpa_ie: LOWI_ENCRYPTION_TYPE_WPA_EAP
07-10 16:10:41.176 1387 3565 D LOWI-9.0.0.87.a: [LOWI-Scan] is_qcom_ie, bss_age: 0
07-10 16:10:41.176 1387 3565 D LOWI-9.0.0.87.a: [LOWI-Scan] BSS 48:73:97:be:7b:f3 LOWI_PHY_MODE_11AC_VHT40(9), Beacon Interval: 100, LOWI_ENCRYPTION_TYPE_WPA_EAP 11mcRanging: No, ANQP: No, LCI: No, Civic: No, capability(0x8011): ESS Privacy
07-10 16:10:41.176 1387 3565 D LOWI-9.0.0.87.a: [LOWI-Scan] BSS 48:73:97:be:7b:f3 FREQ: 5260, cFreq1[40:80:160] = [5270:0:0] cFreq2 = 0 Country Code = CN
07-10 16:10:41.176 1387 3565 D LOWI-9.0.0.87.a: [LOWI-Scan] BSS 48:73:97:be:7b:f3 (wlan0) ASSO: NO AddInfo: 0x1, TSF 0, 00:00:48.673, RSSI: -132, CPL: 127, AGE: 676, SSID HH, TSFDelta: 0x82bf8982, TXRate: 0
07-10 16:10:41.176 1387 3565 D LOWI-9.0.0.87.a: [LOWI-Scan]
07-10 16:10:41.177 1387 3565 D LOWI-9.0.0.87.a: [LOWI-Scan] print_bss_handler: Report beacon TSF 48674371 as it greater than probe TSF 48674371
07-10 16:10:41.177 1387 3565 D LOWI-9.0.0.87.a: [LOWI-Scan] is_qcom_ie, bss_age: 0
07-10 16:10:41.177 1387 3565 D LOWI-9.0.0.87.a: [LOWI-Scan] BSS 48:73:97:be:7b:f4 LOWI_PHY_MODE_11AC_VHT40(9), Beacon Interval: 100, LOWI_ENCRYPTION_TYPE_OPEN 11mcRanging: No, ANQP: No, LCI: No, Civic: No, capability(0x8001): ESS
07-10 16:10:41.177 1387 3565 D LOWI-9.0.0.87.a: [LOWI-Scan] BSS 48:73:97:be:7b:f4 FREQ: 5260, cFreq1[40:80:160] = [5270:0:0] cFreq2 = 0 Country Code = CN
07-10 16:10:41.177 1387 3565 D LOWI-9.0.0.87.a: [LOWI-Scan] BSS 48:73:97:be:7b:f4 (wlan0) ASSO: NO AddInfo: 0x1, TSF 0, 00:00:48.674, RSSI: -130, CPL: 127, AGE: 676, SSID HH-mobile, TSFDelta: 0x82c23cbd, TXRate: 0
07-10 16:10:41.177 1387 3565 D LOWI-9.0.0.87.a: [LOWI-Scan]
07-10 16:10:41.177 1387 3565 D LOWI-9.0.0.87.a: [LOWI-Scan] print_bss_handler: Report beacon TSF 48674447 as it greater than probe TSF 48674447
07-10 16:10:41.177 1387 3565 D LOWI-9.0.0.87.a: [LOWI-Scan] decode_rsn_wpa_ie: LOWI_ENCRYPTION_TYPE_WPA_PSK
07-10 16:10:41.177 1387 3565 D LOWI-9.0.0.87.a: [LOWI-Scan] is_qcom_ie, bss_age: 0
07-10 16:10:41.177 1387 3565 D LOWI-9.0.0.87.a: [LOWI-Scan] BSS 48:73:97:be:7b:f5 LOWI_PHY_MODE_11AC_VHT40(9), Beacon Interval: 100, LOWI_ENCRYPTION_TYPE_WPA_PSK 11mcRanging: No, ANQP: No, LCI: No, Civic: No, capability(0x8011): ESS Privacy
07-10 16:10:41.177 1387 3565 D LOWI-9.0.0.87.a: [LOWI-Scan] BSS 48:73:97:be:7b:f5 FREQ: 5260, cFreq1[40:80:160] = [5270:0:0] cFreq2 = 0 Country Code = CN
07-10 16:10:41.177 1387 3565 D LOWI-9.0.0.87.a: [LOWI-Scan] BSS 48:73:97:be:7b:f5 (wlan0) ASSO: NO AddInfo: 0x1, TSF 0, 00:00:48.674, RSSI: -132, CPL: 127, AGE: 676, SSID , TSFDelta: 0x82c4ca7a, TXRate: 0
07-10 16:10:41.177 1387 3565 D LOWI-9.0.0.87.a: [LOWI-Scan]
07-10 16:10:41.177 1387 3565 D LOWI-9.0.0.87.a: [LOWI-Scan] print_bss_handler: Report beacon TSF 48674942 as it greater than probe TSF 48674942
07-10 16:10:41.177 1387 3565 D LOWI-9.0.0.87.a: [LOWI-Scan] decode_rsn_wpa_ie: LOWI_ENCRYPTION_TYPE_WPA_PSK
07-10 16:10:41.177 1387 3565 D LOWI-9.0.0.87.a: [LOWI-Scan] is_qcom_ie, bss_age: 0
07-10 16:10:41.177 1387 3565 D LOWI-9.0.0.87.a: [LOWI-Scan] BSS 48:73:97:be:7b:f6 LOWI_PHY_MODE_11AC_VHT40(9), Beacon Interval: 100, LOWI_ENCRYPTION_TYPE_WPA_PSK 11mcRanging: No, ANQP: No, LCI: No, Civic: No, capability(0x8011): ESS Privacy
07-10 16:10:41.177 1387 3565 D LOWI-9.0.0.87.a: [LOWI-Scan] BSS 48:73:97:be:7b:f6 FREQ: 5260, cFreq1[40:80:160] = [5270:0:0] cFreq2 = 0 Country Code = CN
07-10 16:10:41.177 1387 3565 D LOWI-9.0.0.87.a: [LOWI-Scan] BSS 48:73:97:be:7b:f6 (wlan0) ASSO: NO AddInfo: 0x1, TSF 0, 00:00:48.674, RSSI: -132, CPL: 127, AGE: 676, SSID , TSFDelta: 0x82c7b9a3, TXRate: 0
07-10 16:10:41.177 1387 3565 D LOWI-9.0.0.87.a: [LOWI-Scan]
07-10 16:10:41.177 1387 3565 D LOWI-9.0.0.87.a: [LOWI-Scan] print_bss_handler: Report beacon TSF 48704322 as it greater than probe TSF 48704322
07-10 16:10:41.177 1387 3565 D LOWI-9.0.0.87.a: [LOWI-Scan] decode_rsn_wpa_ie: LOWI_ENCRYPTION_TYPE_WPA_PSK
07-10 16:10:41.177 1387 3565 D LOWI-9.0.0.87.a: [LOWI-Scan] is_qcom_ie, bss_age: 0
07-10 16:10:41.177 1387 3565 D LOWI-9.0.0.87.a: [LOWI-Scan] BSS 62:52:84:54:be:c5 LOWI_PHY_MODE_11AC_VHT20_2G(11), Beacon Interval: 100, LOWI_ENCRYPTION_TYPE_WPA_PSK 11mcRanging: No, ANQP: No, LCI: No, Civic: No, capability(0x1431): ESS Privacy ShortPreamble ShortSlotTime
07-10 16:10:41.177 1387 3565 D LOWI-9.0.0.87.a: [LOWI-Scan] BSS 62:52:84:54:be:c5 FREQ: 2437, cFreq1[40:80:160] = [2437:0:0] cFreq2 = 0 Country Code = US
07-10 16:10:41.177 1387 3565 D LOWI-9.0.0.87.a: [LOWI-Scan] BSS 62:52:84:54:be:c5 (wlan0) ASSO: NO AddInfo: 0x1, TSF 0, 00:00:48.704, RSSI: -144, CPL: 127, AGE: 644, SSID HiPhi000369, TSFDelta: 0xb3fd9a78, TXRate: 0
07-10 16:10:41.177 1387 3565 D LOWI-9.0.0.87.a: [LOWI-Scan]
07-10 16:10:41.177 1387 3565 D LOWI-9.0.0.87.a: [LOWI-Scan] print_bss_handler: Report beacon TSF 48930672 as it greater than probe TSF 48930672
07-10 16:10:41.177 1387 3565 D LOWI-9.0.0.87.a: [LOWI-Scan] decode_rsn_wpa_ie: LOWI_ENCRYPTION_TYPE_WPA_PSK
07-10 16:10:41.177 1387 3565 D LOWI-9.0.0.87.a: [LOWI-Scan] is_qcom_ie, bss_age: 0
07-10 16:10:41.177 1387 3565 D LOWI-9.0.0.87.a: [LOWI-Scan] BSS 48:73:97:be:88:86 LOWI_PHY_MODE_11AC_VHT40(9), Beacon Interval: 100, LOWI_ENCRYPTION_TYPE_WPA_PSK 11mcRanging: No, ANQP: No, LCI: No, Civic: No, capability(0x8011): ESS Privacy
07-10 16:10:41.177 1387 3565 D LOWI-9.0.0.87.a: [LOWI-Scan] BSS 48:73:97:be:88:86 FREQ: 5300, cFreq1[40:80:160] = [5310:0:0] cFreq2 = 0 Country Code = CN
07-10 16:10:41.177 1387 3565 D LOWI-9.0.0.87.a: [LOWI-Scan] BSS 48:73:97:be:88:86 (wlan0) ASSO: NO AddInfo: 0x1, TSF 0, 00:00:48.930, RSSI: -88, CPL: 127, AGE: 420, SSID , TSFDelta: 0x3e44a1db, TXRate: 0
07-10 16:10:41.177 1387 3565 D LOWI-9.0.0.87.a: [LOWI-Scan]
07-10 16:10:41.177 1387 3565 D LOWI-9.0.0.87.a: [LOWI-Scan] print_bss_handler: Report beacon TSF 48847107 as it greater than probe TSF 48847107
07-10 16:10:41.177 1387 3565 D LOWI-9.0.0.87.a: [LOWI-Scan] is_qcom_ie, bss_age: 0
07-10 16:10:41.177 1387 3565 D LOWI-9.0.0.87.a: [LOWI-Scan] BSS 48:73:97:be:7d:40 LOWI_PHY_MODE_11AC_VHT40(9), Beacon Interval: 100, LOWI_ENCRYPTION_TYPE_OPEN 11mcRanging: No, ANQP: No, LCI: No, Civic: No, capability(0x8001): ESS
07-10 16:10:41.177 1387 3565 D LOWI-9.0.0.87.a: [LOWI-Scan] BSS 48:73:97:be:7d:40 FREQ: 5300, cFreq1[40:80:160] = [5310:0:0] cFreq2 = 0 Country Code = CN
07-10 16:10:41.177 1387 3565 D LOWI-9.0.0.87.a: [LOWI-Scan] BSS 48:73:97:be:7d:40 (wlan0) ASSO: NO AddInfo: 0x1, TSF 0, 00:00:48.847, RSSI: -108, CPL: 127, AGE: 504, SSID , TSFDelta: 0x5a6f4c1a, TXRate: 0
07-10 16:10:41.178 1387 3565 D LOWI-9.0.0.87.a: [LOWI-Scan]
07-10 16:10:41.178 1387 3565 D LOWI-9.0.0.87.a: [LOWI-Scan] print_bss_handler: Report beacon TSF 48847323 as it greater than probe TSF 48847323
07-10 16:10:41.178 1387 3565 D LOWI-9.0.0.87.a: [LOWI-Scan] is_qcom_ie, bss_age: 0
07-10 16:10:41.178 1387 3565 D LOWI-9.0.0.87.a: [LOWI-Scan] BSS 48:73:97:be:7d:41 LOWI_PHY_MODE_11AC_VHT40(9), Beacon Interval: 100, LOWI_ENCRYPTION_TYPE_OPEN 11mcRanging: No, ANQP: No, LCI: No, Civic: No, capability(0x8001): ESS
07-10 16:10:41.178 1387 3565 D LOWI-9.0.0.87.a: [LOWI-Scan] BSS 48:73:97:be:7d:41 FREQ: 5300, cFreq1[40:80:160] = [5310:0:0] cFreq2 = 0 Country Code = CN
07-10 16:10:41.178 1387 3565 D LOWI-9.0.0.87.a: [LOWI-Scan] BSS 48:73:97:be:7d:41 (wlan0) ASSO: NO AddInfo: 0x1, TSF 0, 00:00:48.847, RSSI: -108, CPL: 127, AGE: 504, SSID GUEST, TSFDelta: 0x5a70ae8d, TXRate: 0
07-10 16:10:41.178 1387 3565 D LOWI-9.0.0.87.a: [LOWI-Scan]
07-10 16:10:41.178 1387 3565 D LOWI-9.0.0.87.a: [LOWI-Scan] print_bss_handler: Report beacon TSF 48847395 as it greater than probe TSF 48847395
07-10 16:10:41.178 1387 3565 D LOWI-9.0.0.87.a: [LOWI-Scan] decode_rsn_wpa_ie: LOWI_ENCRYPTION_TYPE_WPA_PSK
07-10 16:10:41.178 1387 3565 D LOWI-9.0.0.87.a: [LOWI-Scan] is_qcom_ie, bss_age: 0
07-10 16:10:41.178 1387 3565 D LOWI-9.0.0.87.a: [LOWI-Scan] BSS 48:73:97:be:7d:42 LOWI_PHY_MODE_11AC_VHT40(9), Beacon Interval: 100, LOWI_ENCRYPTION_TYPE_WPA_PSK 11mcRanging: No, ANQP: No, LCI: No, Civic: No, capability(0x8011): ESS Privacy
07-10 16:10:41.178 1387 3565 D LOWI-9.0.0.87.a: [LOWI-Scan] BSS 48:73:97:be:7d:42 FREQ: 5300, cFreq1[40:80:160] = [5310:0:0] cFreq2 = 0 Country Code = CN
07-10 16:10:41.178 1387 3565 D LOWI-9.0.0.87.a: [LOWI-Scan] BSS 48:73:97:be:7d:42 (wlan0) ASSO: NO AddInfo: 0x1, TSF 0, 00:00:48.847, RSSI: -106, CPL: 127, AGE: 504, SSID HELLO, TSFDelta: 0x5a721861, TXRate: 0
07-10 16:10:41.178 1387 3565 D LOWI-9.0.0.87.a: [LOWI-Scan]
07-10 16:10:41.178 1387 3565 D LOWI-9.0.0.87.a: [LOWI-Scan] print_bss_handler: Report beacon TSF 48847456 as it greater than probe TSF 48847456
07-10 16:10:41.178 1387 3565 D LOWI-9.0.0.87.a: [LOWI-Scan] decode_rsn_wpa_ie: LOWI_ENCRYPTION_TYPE_WPA_EAP
07-10 16:10:41.178 1387 3565 D LOWI-9.0.0.87.a: [LOWI-Scan] is_qcom_ie, bss_age: 0
07-10 16:10:41.178 1387 3565 D LOWI-9.0.0.87.a: [LOWI-Scan] BSS 48:73:97:be:7d:43 LOWI_PHY_MODE_11AC_VHT40(9), Beacon Interval: 100, LOWI_ENCRYPTION_TYPE_WPA_EAP 11mcRanging: No, ANQP: No, LCI: No, Civic: No, capability(0x8011): ESS Privacy
07-10 16:10:41.178 1387 3565 D LOWI-9.0.0.87.a: [LOWI-Scan] BSS 48:73:97:be:7d:43 FREQ: 5300, cFreq1[40:80:160] = [5310:0:0] cFreq2 = 0 Country Code = CN
07-10 16:10:41.178 1387 3565 D LOWI-9.0.0.87.a: [LOWI-Scan] BSS 48:73:97:be:7d:43 (wlan0) ASSO: NO AddInfo: 0x1, TSF 0, 00:00:48.847, RSSI: -106, CPL: 127, AGE: 504, SSID HH, TSFDelta: 0x5a73be5a, TXRate: 0
07-10 16:10:41.178 1387 3565 D LOWI-9.0.0.87.a: [LOWI-Scan]
07-10 16:10:41.178 1387 3565 D LOWI-9.0.0.87.a: [LOWI-Scan] print_bss_handler: Report beacon TSF 48847580 as it greater than probe TSF 48847580
07-10 16:10:41.178 1387 3565 D LOWI-9.0.0.87.a: [LOWI-Scan] is_qcom_ie, bss_age: 0
07-10 16:10:41.178 1387 3565 D LOWI-9.0.0.87.a: [LOWI-Scan] BSS 48:73:97:be:7d:44 LOWI_PHY_MODE_11AC_VHT40(9), Beacon Interval: 100, LOWI_ENCRYPTION_TYPE_OPEN 11mcRanging: No, ANQP: No, LCI: No, Civic: No, capability(0x8001): ESS
07-10 16:10:41.178 1387 3565 D LOWI-9.0.0.87.a: [LOWI-Scan] BSS 48:73:97:be:7d:44 FREQ: 5300, cFreq1[40:80:160] = [5310:0:0] cFreq2 = 0 Country Code = CN
07-10 16:10:41.178 1387 3565 D LOWI-9.0.0.87.a: [LOWI-Scan] BSS 48:73:97:be:7d:44 (wlan0) ASSO: NO AddInfo: 0x1, TSF 0, 00:00:48.847, RSSI: -108, CPL: 127, AGE: 504, SSID HH-mobile, TSFDelta: 0x5a753eb9, TXRate: 0
07-10 16:10:41.178 1387 3565 D LOWI-9.0.0.87.a: [LOWI-Scan]
07-10 16:10:41.178 1387 3565 D LOWI-9.0.0.87.a: [LOWI-Scan] print_bss_handler: Report beacon TSF 48847759 as it greater than probe TSF 48847759
07-10 16:10:41.178 1387 3565 D LOWI-9.0.0.87.a: [LOWI-Scan] decode_rsn_wpa_ie: LOWI_ENCRYPTION_TYPE_WPA_PSK
07-10 16:10:41.178 1387 3565 D LOWI-9.0.0.87.a: [LOWI-Scan] is_qcom_ie, bss_age: 0
07-10 16:10:41.178 1387 3565 D LOWI-9.0.0.87.a: [LOWI-Scan] BSS 48:73:97:be:7d:45 LOWI_PHY_MODE_11AC_VHT40(9), Beacon Interval: 100, LOWI_ENCRYPTION_TYPE_WPA_PSK 11mcRanging: No, ANQP: No, LCI: No, Civic: No, capability(0x8011): ESS Privacy
07-10 16:10:41.178 1387 3565 D LOWI-9.0.0.87.a: [LOWI-Scan] BSS 48:73:97:be:7d:45 FREQ: 5300, cFreq1[40:80:160] = [5310:0:0] cFreq2 = 0 Country Code = CN
07-10 16:10:41.178 1387 3565 D LOWI-9.0.0.87.a: [LOWI-Scan] BSS 48:73:97:be:7d:45 (wlan0) ASSO: NO AddInfo: 0x1, TSF 0, 00:00:48.847, RSSI: -106, CPL: 127, AGE: 504, SSID , TSFDelta: 0x5a76a8aa, TXRate: 0
07-10 16:10:41.179 1387 3565 D LOWI-9.0.0.87.a: [LOWI-Scan]
07-10 16:10:41.179 1387 3565 D LOWI-9.0.0.87.a: [LOWI-Scan] print_bss_handler: Report beacon TSF 48847839 as it greater than probe TSF 48847839
07-10 16:10:41.179 1387 3565 D LOWI-9.0.0.87.a: [LOWI-Scan] decode_rsn_wpa_ie: LOWI_ENCRYPTION_TYPE_WPA_PSK
07-10 16:10:41.179 1387 3565 D LOWI-9.0.0.87.a: [LOWI-Scan] is_qcom_ie, bss_age: 0
07-10 16:10:41.179 1387 3565 D LOWI-9.0.0.87.a: [LOWI-Scan] BSS 48:73:97:be:7d:46 LOWI_PHY_MODE_11AC_VHT40(9), Beacon Interval: 100, LOWI_ENCRYPTION_TYPE_WPA_PSK 11mcRanging: No, ANQP: No, LCI: No, Civic: No, capability(0x8011): ESS Privacy
07-10 16:10:41.179 1387 3565 D LOWI-9.0.0.87.a: [LOWI-Scan] BSS 48:73:97:be:7d:46 FREQ: 5300, cFreq1[40:80:160] = [5310:0:0] cFreq2 = 0 Country Code = CN
07-10 16:10:41.179 1387 3565 D LOWI-9.0.0.87.a: [LOWI-Scan] BSS 48:73:97:be:7d:46 (wlan0) ASSO: NO AddInfo: 0x1, TSF 0, 00:00:48.847, RSSI: -108, CPL: 127, AGE: 504, SSID , TSFDelta: 0x5a784707, TXRate: 0
07-10 16:10:41.179 1387 3565 D LOWI-9.0.0.87.a: [LOWI-Scan]
07-10 16:10:41.179 1387 3565 D LOWI-9.0.0.87.a: [LOWI-Scan] print_bss_handler: Report beacon TSF 48929001 as it greater than probe TSF 48929001
07-10 16:10:41.179 1387 3565 D LOWI-9.0.0.87.a: [LOWI-Scan] is_qcom_ie, bss_age: 0
07-10 16:10:41.179 1387 3565 D LOWI-9.0.0.87.a: [LOWI-Scan] BSS 48:73:97:be:88:80 LOWI_PHY_MODE_11AC_VHT40(9), Beacon Interval: 100, LOWI_ENCRYPTION_TYPE_OPEN 11mcRanging: No, ANQP: No, LCI: No, Civic: No, capability(0x8001): ESS
07-10 16:10:41.179 1387 3565 D LOWI-9.0.0.87.a: [LOWI-Scan] BSS 48:73:97:be:88:80 FREQ: 5300, cFreq1[40:80:160] = [5310:0:0] cFreq2 = 0 Country Code = CN
07-10 16:10:41.179 1387 3565 D LOWI-9.0.0.87.a: [LOWI-Scan] BSS 48:73:97:be:88:80 (wlan0) ASSO: NO AddInfo: 0x1, TSF 0, 00:00:48.929, RSSI: -90, CPL: 127, AGE: 424, SSID , TSFDelta: 0x3e3475de, TXRate: 0
07-10 16:10:41.179 1387 3565 D LOWI-9.0.0.87.a: [LOWI-Scan]
07-10 16:10:41.179 1387 3565 D LOWI-9.0.0.87.a: [LOWI-Scan] print_bss_handler: Report beacon TSF 48929135 as it greater than probe TSF 48929135
07-10 16:10:41.179 1387 3565 D LOWI-9.0.0.87.a: [LOWI-Scan] is_qcom_ie, bss_age: 0
07-10 16:10:41.179 1387 3565 D LOWI-9.0.0.87.a: [LOWI-Scan] BSS 48:73:97:be:88:81 LOWI_PHY_MODE_11AC_VHT40(9), Beacon Interval: 100, LOWI_ENCRYPTION_TYPE_OPEN 11mcRanging: No, ANQP: No, LCI: No, Civic: No, capability(0x8001): ESS
07-10 16:10:41.179 1387 3565 D LOWI-9.0.0.87.a: [LOWI-Scan] BSS 48:73:97:be:88:81 FREQ: 5300, cFreq1[40:80:160] = [5310:0:0] cFreq2 = 0 Country Code = CN
07-10 16:10:41.179 1387 3565 D LOWI-9.0.0.87.a: [LOWI-Scan] BSS 48:73:97:be:88:81 (wlan0) ASSO: NO AddInfo: 0x1, TSF 0, 00:00:48.929, RSSI: -88, CPL: 127, AGE: 424, SSID GUEST, TSFDelta: 0x3e36ed25, TXRate: 0
07-10 16:10:41.179 1387 3565 D LOWI-9.0.0.87.a: [LOWI-Scan]
07-10 16:10:41.179 1387 3565 D LOWI-9.0.0.87.a: [LOWI-Scan] print_bss_handler: Report beacon TSF 48929196 as it greater than probe TSF 48929196
07-10 16:10:41.179 1387 3565 D LOWI-9.0.0.87.a: [LOWI-Scan] decode_rsn_wpa_ie: LOWI_ENCRYPTION_TYPE_WPA_PSK
07-10 16:10:41.179 1387 3565 D LOWI-9.0.0.87.a: [LOWI-Scan] is_qcom_ie, bss_age: 0
07-10 16:10:41.179 1387 3565 D LOWI-9.0.0.87.a: [LOWI-Scan] BSS 48:73:97:be:88:82 LOWI_PHY_MODE_11AC_VHT40(9), Beacon Interval: 100, LOWI_ENCRYPTION_TYPE_WPA_PSK 11mcRanging: No, ANQP: No, LCI: No, Civic: No, capability(0x8011): ESS Privacy
07-10 16:10:41.179 1387 3565 D LOWI-9.0.0.87.a: [LOWI-Scan] BSS 48:73:97:be:88:82 FREQ: 5300, cFreq1[40:80:160] = [5310:0:0] cFreq2 = 0 Country Code = CN
07-10 16:10:41.179 1387 3565 D LOWI-9.0.0.87.a: [LOWI-Scan] BSS 48:73:97:be:88:82 (wlan0) ASSO: NO AddInfo: 0x1, TSF 0, 00:00:48.929, RSSI: -88, CPL: 127, AGE: 424, SSID HELLO, TSFDelta: 0x3e397379, TXRate: 0
07-10 16:10:41.179 1387 3565 D LOWI-9.0.0.87.a: [LOWI-Scan]
07-10 16:10:41.179 1387 3565 D LOWI-9.0.0.87.a: [LOWI-Scan] print_bss_handler: Report beacon TSF 48929440 as it greater than probe TSF 48929440
07-10 16:10:41.179 1387 3565 D LOWI-9.0.0.87.a: [LOWI-Scan] decode_rsn_wpa_ie: LOWI_ENCRYPTION_TYPE_WPA_EAP
07-10 16:10:41.179 1387 3565 D LOWI-9.0.0.87.a: [LOWI-Scan] is_qcom_ie, bss_age: 0
07-10 16:10:41.179 1387 3565 D LOWI-9.0.0.87.a: [LOWI-Scan] BSS 48:73:97:be:88:83 LOWI_PHY_MODE_11AC_VHT40(9), Beacon Interval: 100, LOWI_ENCRYPTION_TYPE_WPA_EAP 11mcRanging: No, ANQP: No, LCI: No, Civic: No, capability(0x8011): ESS Privacy
07-10 16:10:41.179 1387 3565 D LOWI-9.0.0.87.a: [LOWI-Scan] BSS 48:73:97:be:88:83 FREQ: 5300, cFreq1[40:80:160] = [5310:0:0] cFreq2 = 0 Country Code = CN
07-10 16:10:41.179 1387 3565 D LOWI-9.0.0.87.a: [LOWI-Scan] BSS 48:73:97:be:88:83 (wlan0) ASSO: NO AddInfo: 0x1, TSF 0, 00:00:48.929, RSSI: -88, CPL: 127, AGE: 424, SSID HH, TSFDelta: 0x3e3c718a, TXRate: 0
07-10 16:10:41.180 1387 3565 D LOWI-9.0.0.87.a: [LOWI-Scan]
07-10 16:10:41.180 1387 3565 D LOWI-9.0.0.87.a: [LOWI-Scan] print_bss_handler: Report beacon TSF 48929733 as it greater than probe TSF 48929733
07-10 16:10:41.180 1387 3565 D LOWI-9.0.0.87.a: [LOWI-Scan] is_qcom_ie, bss_age: 0
07-10 16:10:41.180 1387 3565 D LOWI-9.0.0.87.a: [LOWI-Scan] BSS 48:73:97:be:88:84 LOWI_PHY_MODE_11AC_VHT40(9), Beacon Interval: 100, LOWI_ENCRYPTION_TYPE_OPEN 11mcRanging: No, ANQP: No, LCI: No, Civic: No, capability(0x8001): ESS
07-10 16:10:41.180 1387 3565 D LOWI-9.0.0.87.a: [LOWI-Scan] BSS 48:73:97:be:88:84 FREQ: 5300, cFreq1[40:80:160] = [5310:0:0] cFreq2 = 0 Country Code = CN
07-10 16:10:41.180 1387 3565 D LOWI-9.0.0.87.a: [LOWI-Scan] BSS 48:73:97:be:88:84 (wlan0) ASSO: NO AddInfo: 0x1, TSF 0, 00:00:48.929, RSSI: -88, CPL: 127, AGE: 424, SSID HH-mobile, TSFDelta: 0x3e3f24f5, TXRate: 0
07-10 16:10:41.180 1387 3565 D LOWI-9.0.0.87.a: [LOWI-Scan]
07-10 16:10:41.180 1387 3565 D LOWI-9.0.0.87.a: [LOWI-Scan] print_bss_handler: Report beacon TSF 48930140 as it greater than probe TSF 48930140
07-10 16:10:41.180 1387 3565 D LOWI-9.0.0.87.a: [LOWI-Scan] decode_rsn_wpa_ie: LOWI_ENCRYPTION_TYPE_WPA_PSK
07-10 16:10:41.180 1387 3565 D LOWI-9.0.0.87.a: [LOWI-Scan] is_qcom_ie, bss_age: 0
07-10 16:10:41.180 1387 3565 D LOWI-9.0.0.87.a: [LOWI-Scan] BSS 48:73:97:be:88:85 LOWI_PHY_MODE_11AC_VHT40(9), Beacon Interval: 100, LOWI_ENCRYPTION_TYPE_WPA_PSK 11mcRanging: No, ANQP: No, LCI: No, Civic: No, capability(0x8011): ESS Privacy
07-10 16:10:41.180 1387 3565 D LOWI-9.0.0.87.a: [LOWI-Scan] BSS 48:73:97:be:88:85 FREQ: 5300, cFreq1[40:80:160] = [5310:0:0] cFreq2 = 0 Country Code = CN
07-10 16:10:41.180 1387 3565 D LOWI-9.0.0.87.a: [LOWI-Scan] BSS 48:73:97:be:88:85 (wlan0) ASSO: NO AddInfo: 0x1, TSF 0, 00:00:48.930, RSSI: -88, CPL: 127, AGE: 424, SSID , TSFDelta: 0x3e41b2b2, TXRate: 0
07-10 16:10:41.180 1387 3565 D LOWI-9.0.0.87.a: [LOWIDiagLog] Log: lowiMeasResult->request: invalid null argument
07-10 16:10:41.180 1387 3565 I LOWI-9.0.0.87.a: [LOWI-Scan] lowi_close_record:Scan done in 36697ms, 75 APs in scan results
07-10 16:10:41.180 1387 3565 D LOWI-9.0.0.87.a: [LOWI-Scan] WipsScanUsingNL: passive scan cached 0, took 34854 ms, err 0
07-10 16:10:41.180 1387 3565 D LOWI-9.0.0.87.a: [LOWI-Scan] lowi_proc_req_passive_scan_with_live_meas - No WLAN Frames to be parsed
07-10 16:10:41.180 1387 3565 D LOWI-9.0.0.87.a: [LOWIScanResultReceiver] Send scan meas to listener
07-10 16:10:41.180 1387 3565 D LOWI-9.0.0.87.a: [LOWIScanResultReceiver] Enter passive listening mode
07-10 16:10:41.180 1387 3565 D LOWI-9.0.0.87.a: [LOWIWifiDriverInterface] getMeasurements - Passive listening mode
07-10 16:10:41.180 1387 3565 D LOWI-9.0.0.87.a: [LOWI-Scan] WipsScanUsingNL:wait -1 sec for netlink message
07-10 16:10:41.180 1387 1429 D LOWI-9.0.0.87.a: [LOWIEventReceiver] handleEvent:FROM:NA, TO:NA, REQ:NA, IREQ:NA, REQ_ID:0, RESP:NA, INFO:NA
07-10 16:10:41.180 1387 1429 D LOWI-9.0.0.87.a: [LOWIBackgroundScanMgr] isRspForBgScanMgr: evt(LOWI_NO_EVT) - not handled
07-10 16:10:41.180 1387 1429 D LOWI-9.0.0.87.a: [LOWIScheduler] manageMsg: NULL results or NULL request in results
07-10 16:10:41.180 1387 1429 D LOWI-9.0.0.87.a: [LOWIController] Measurements received
07-10 16:10:41.180 1387 1429 D LOWI-9.0.0.87.a: [LOWICacheManager] putInCache:Num of Meas to add: 75
07-10 16:10:41.184 1387 1429 D LOWI-9.0.0.87.a: [LOWIController] processMeasurementResults: No current Request. Cache measurements
07-10 16:10:41.184 1387 1429 D LOWI-9.0.0.87.a: [LOWIControllerExtn] sendLOWILpDiscoveryScanResponse: Not a discovery scan response
07-10 16:10:41.275 662 677 I mpu_uart: [MSG-P:RECV]:No message received in 1000 ms
07-10 16:10:41.283 2339 2339 W WifiDebugService: Can not find target wifi network : hht_test_wifi_fc4318c9
07-10 16:10:41.479 4177 4191 I OpenGLRenderer: Davey! duration=9223371987241ms; Flags=0, FrameTimelineVsyncId=1041, IntendedVsync=49613111296, Vsync=49613111296, InputEventId=0, HandleInputStart=49627382998, AnimationStart=49627384561, PerformTraversalsStart=49627735498, DrawStart=49627791279, FrameDeadline=49646444628, FrameInterval=49627379352, FrameStartTime=16666666, SyncQueued=49630143102, SyncStart=49630251279, IssueDrawCommandsStart=49631483102, SwapBuffers=49635100394, FrameCompleted=9223372036854775807, DequeueBufferDuration=59375, QueueBufferDuration=1115209, GpuCompleted=9223372036854775807, SwapBuffersCompleted=49636891279, DisplayPresentTime=0,
07-10 16:10:41.615 2306 2306 D RemoteControlService: startVlanDispatchThread
07-10 16:10:41.827 662 676 D mpu_uart: [MSG-P:R-M]:recved H:38, L:0
07-10 16:10:41.828 662 676 V mpu_uart: recv data buf:[0x3c, 0x26, 0x0, 0x2, 0xd, 0x2, 0x1, 0x1c, 0xd, 0xa, 0x20, 0x42, 0x2d, 0x6d, 0x61, 0x69, 0x6e, 0x5f, 0x6c, 0x6f, 0x6f, 0x70, 0x20, 0x69, 0x73, 0x20, 0x72, 0x75, 0x6e, 0x6e, 0x69, 0x6e, 0x67, 0xd, 0xa, 0x0, 0x0, 0x70, ]
07-10 16:10:41.828 662 677 D mpu_uart: [SESSION-Distribute]:Message en queue:d
07-10 16:10:42.044 1566 1775 I ActivityManager: Killing 3601:android.process.media/u0a23 (adj 915): empty #2
07-10 16:10:42.049 1566 1775 I ActivityManager: Killing 3281:android.process.acore/u0a20 (adj 925): empty #3
07-10 16:10:42.083 1566 1598 D CountryDetector: No listener is left
07-10 16:10:42.084 683 683 I Zygote : Process 3281 exited due to signal 9 (Killed)
07-10 16:10:42.085 683 683 I Zygote : Process 3601 exited due to signal 9 (Killed)
07-10 16:10:42.086 1566 1691 I libprocessgroup: Successfully killed process cgroup uid 10023 pid 3601 in 39ms
07-10 16:10:42.087 1566 1691 I libprocessgroup: Successfully killed process cgroup uid 10020 pid 3281 in 0ms
07-10 16:10:42.620 1566 1817 D PowerManagerService: userActivityNoUpdateLocked: groupId=0, eventTime=50799, event=2, flags=0x0, uid=1000
07-10 16:10:42.620 4177 4177 D ViewTouchDebug: mView : DecorView@696c089[Settings]Receive event : MotionEvent { action=ACTION_DOWN, actionButton=0, id[0]=0, x[0]=570.0, y[0]=870.0, toolType[0]=TOOL_TYPE_FINGER, buttonState=0, classification=NONE, metaState=0, flags=0x0, edgeFlags=0x0, pointerCount=1, historySize=0, eventTime=50799, downTime=50799, deviceId=4, source=0x5002, displayId=0, eventId=483937083 }
07-10 16:10:42.620 1566 1817 D PowerManagerNotifier: onUserActivity: event=2, uid=1000
07-10 16:10:42.621 1566 1817 D PowerManagerService: updateUserActivitySummaryLocked: groupId=0, mWakefulness=Awake, mUserActivitySummary=0x1, nextTimeout=110799 (in 59998 ms)
07-10 16:10:42.621 1566 1817 D PowerManagerNotifier: onScreenPolicyUpdate: newPolicy=3
07-10 16:10:42.621 1566 1817 D PowerManagerService: updateDisplayPowerStateLocked: displayReady=true, groupId=0, policy=BRIGHT, mWakefulness=Awake, mWakeLockSummary=0x0, mUserActivitySummary=0x1, mBootCompleted=true, screenBrightnessOverride=NaN, useAutoBrightness=true, mScreenBrightnessBoostInProgress=false, mIsVrModeEnabled= false, sQuiescent=false
07-10 16:10:42.622 1907 1907 D ViewTouchDebug: mView : com.android.systemui.navigationbar.NavigationBarFrame{a844b78 V.E...... ........ 0,0-2560,46 #7f0b03f3 app:id/navigation_bar_frame}Receive event : MotionEvent { action=ACTION_OUTSIDE, actionButton=0, id[0]=0, x[0]=0.0, y[0]=-1034.0, toolType[0]=TOOL_TYPE_FINGER, buttonState=0, classification=NONE, metaState=0, flags=0x0, edgeFlags=0x0, pointerCount=1, historySize=0, eventTime=50799, downTime=50799, deviceId=4, source=0x5002, displayId=0, eventId=2091478604 }
07-10 16:10:42.624 2555 2555 D TouchInteractionService: onInputEvent mUncheckedConsumer = com.android.quickstep.InputConsumer$$ExternalSyntheticLambda0@209ac5d
07-10 16:10:42.752 4177 4177 D ViewTouchDebug: mView : DecorView@696c089[Settings]Receive event : MotionEvent { action=ACTION_UP, actionButton=0, id[0]=0, x[0]=645.0, y[0]=418.0, toolType[0]=TOOL_TYPE_FINGER, buttonState=0, classification=NONE, metaState=0, flags=0x0, edgeFlags=0x0, pointerCount=1, historySize=0, eventTime=50932, downTime=50799, deviceId=4, source=0x5002, displayId=0, eventId=495619107 }
07-10 16:10:42.752 1566 1817 D PowerManagerService: userActivityNoUpdateLocked: groupId=0, eventTime=50932, event=2, flags=0x0, uid=1000
07-10 16:10:42.752 1566 1817 D PowerManagerNotifier: onUserActivity: event=2, uid=1000
07-10 16:10:42.753 1566 1817 D PowerManagerService: updateUserActivitySummaryLocked: groupId=0, mWakefulness=Awake, mUserActivitySummary=0x1, nextTimeout=110932 (in 59999 ms)
07-10 16:10:42.753 1566 1817 D PowerManagerNotifier: onScreenPolicyUpdate: newPolicy=3
07-10 16:10:42.753 1566 1817 D PowerManagerService: updateDisplayPowerStateLocked: displayReady=true, groupId=0, policy=BRIGHT, mWakefulness=Awake, mWakeLockSummary=0x0, mUserActivitySummary=0x1, mBootCompleted=true, screenBrightnessOverride=NaN, useAutoBrightness=true, mScreenBrightnessBoostInProgress=false, mIsVrModeEnabled= false, sQuiescent=false
07-10 16:10:42.828 662 677 I mpu_uart: [MSG-P:RECV]:No message received in 1000 ms
07-10 16:10:42.835 2102 2102 D MicroService: onHeartBeatDetected
07-10 16:10:42.836 2102 2102 D MicroService: sendHeartbeatMessage
07-10 16:10:42.845 2102 4098 D MicroService: handleHeartBeat:34
07-10 16:10:43.794 1566 1817 D PowerManagerService: userActivityNoUpdateLocked: groupId=0, eventTime=51973, event=2, flags=0x0, uid=1000
07-10 16:10:43.794 1566 1817 D PowerManagerNotifier: onUserActivity: event=2, uid=1000
07-10 16:10:43.794 1907 1907 D ViewTouchDebug: mView : com.android.systemui.navigationbar.NavigationBarFrame{a844b78 V.E...... ........ 0,0-2560,46 #7f0b03f3 app:id/navigation_bar_frame}Receive event : MotionEvent { action=ACTION_OUTSIDE, actionButton=0, id[0]=0, x[0]=0.0, y[0]=-1034.0, toolType[0]=TOOL_TYPE_FINGER, buttonState=0, classification=NONE, metaState=0, flags=0x0, edgeFlags=0x0, pointerCount=1, historySize=0, eventTime=51973, downTime=51973, deviceId=4, source=0x5002, displayId=0, eventId=2136372762 }
07-10 16:10:43.794 1566 1817 D PowerManagerService: updateUserActivitySummaryLocked: groupId=0, mWakefulness=Awake, mUserActivitySummary=0x1, nextTimeout=111973 (in 59998 ms)
07-10 16:10:43.795 1566 1817 D PowerManagerNotifier: onScreenPolicyUpdate: newPolicy=3
07-10 16:10:43.795 1566 1817 D PowerManagerService: updateDisplayPowerStateLocked: displayReady=true, groupId=0, policy=BRIGHT, mWakefulness=Awake, mWakeLockSummary=0x0, mUserActivitySummary=0x1, mBootCompleted=true, screenBrightnessOverride=NaN, useAutoBrightness=true, mScreenBrightnessBoostInProgress=false, mIsVrModeEnabled= false, sQuiescent=false
07-10 16:10:43.795 4177 4177 D ViewTouchDebug: mView : DecorView@696c089[Settings]Receive event : MotionEvent { action=ACTION_DOWN, actionButton=0, id[0]=0, x[0]=1367.0, y[0]=844.0, toolType[0]=TOOL_TYPE_FINGER, buttonState=0, classification=NONE, metaState=0, flags=0x0, edgeFlags=0x0, pointerCount=1, historySize=0, eventTime=51973, downTime=51973, deviceId=4, source=0x5002, displayId=0, eventId=1056826149 }
07-10 16:10:43.796 2555 2555 D TouchInteractionService: onInputEvent mUncheckedConsumer = com.android.quickstep.InputConsumer$$ExternalSyntheticLambda0@209ac5d
07-10 16:10:43.828 662 677 I mpu_uart: [MSG-P:RECV]:No message received in 1000 ms
07-10 16:10:43.907 4177 4177 D ViewTouchDebug: mView : DecorView@696c089[Settings]Receive event : MotionEvent { action=ACTION_UP, actionButton=0, id[0]=0, x[0]=1520.0, y[0]=348.0, toolType[0]=TOOL_TYPE_FINGER, buttonState=0, classification=NONE, metaState=0, flags=0x0, edgeFlags=0x0, pointerCount=1, historySize=0, eventTime=52087, downTime=51973, deviceId=4, source=0x5002, displayId=0, eventId=929736325 }
07-10 16:10:43.907 1566 1817 D PowerManagerService: userActivityNoUpdateLocked: groupId=0, eventTime=52087, event=2, flags=0x0, uid=1000
07-10 16:10:43.907 1566 1817 D PowerManagerNotifier: onUserActivity: event=2, uid=1000
07-10 16:10:43.908 1566 1817 D PowerManagerService: updateUserActivitySummaryLocked: groupId=0, mWakefulness=Awake, mUserActivitySummary=0x1, nextTimeout=112087 (in 59999 ms)
07-10 16:10:43.908 1566 1817 D PowerManagerNotifier: onScreenPolicyUpdate: newPolicy=3
07-10 16:10:43.908 1566 1817 D PowerManagerService: updateDisplayPowerStateLocked: displayReady=true, groupId=0, policy=BRIGHT, mWakefulness=Awake, mWakeLockSummary=0x0, mUserActivitySummary=0x1, mBootCompleted=true, screenBrightnessOverride=NaN, useAutoBrightness=true, mScreenBrightnessBoostInProgress=false, mIsVrModeEnabled= false, sQuiescent=false
07-10 16:10:44.827 2102 4100 D MicroService: handleHeartBeat:35
07-10 16:10:44.829 662 677 I mpu_uart: [MSG-P:RECV]:No message received in 1000 ms
07-10 16:10:44.831 662 676 I mpu_uart: [MSG-P:R]:recv sync frame timeout
07-10 16:10:44.838 2102 2102 D MicroService: onHeartBeatDetected
07-10 16:10:44.838 2102 2102 D MicroService: sendHeartbeatMessage
07-10 16:10:45.443 4177 4233 I OpenGLRenderer: Davey! duration=9223371983258ms; Flags=0, FrameTimelineVsyncId=1185, IntendedVsync=53596545042, Vsync=53596545042, InputEventId=0, HandleInputStart=53597602528, AnimationStart=53597604299, PerformTraversalsStart=53597606226, DrawStart=53606333778, FrameDeadline=53613211708, FrameInterval=53597598465, FrameStartTime=16666666, SyncQueued=53606716747, SyncStart=53606816017, IssueDrawCommandsStart=53607675080, SwapBuffers=53611049351, FrameCompleted=9223372036854775807, DequeueBufferDuration=49479, QueueBufferDuration=1263958, GpuCompleted=9223372036854775807, SwapBuffersCompleted=53612931695, DisplayPresentTime=0,
07-10 16:10:45.829 662 677 I mpu_uart: [MSG-P:RECV]:No message received in 1000 ms
07-10 16:10:46.438 4177 4233 I OpenGLRenderer: Davey! duration=9223371982258ms; Flags=0, FrameTimelineVsyncId=1191, IntendedVsync=54596500630, Vsync=54596500630, InputEventId=0, HandleInputStart=54596816278, AnimationStart=54596817996, PerformTraversalsStart=54596819559, DrawStart=54607514090, FrameDeadline=54629833962, FrameInterval=54596812580, FrameStartTime=16666666, SyncQueued=54607921798, SyncStart=54608061850, IssueDrawCommandsStart=54608853413, SwapBuffers=54611492996, FrameCompleted=9223372036854775807, DequeueBufferDuration=43490, QueueBufferDuration=921459, GpuCompleted=9223372036854775807, SwapBuffersCompleted=54612937736, DisplayPresentTime=0,
07-10 16:10:46.625 2306 2306 D RemoteControlService: startVlanDispatchThread
07-10 16:10:46.829 662 677 I mpu_uart: [MSG-P:RECV]:No message received in 1000 ms
07-10 16:10:46.841 2102 2102 E MicroService: heart beat time out, current timeout cnt is 1
07-10 16:10:46.841 2102 2102 D MicroService: onHeartBeatDetected
07-10 16:10:46.841 2102 2102 D MicroService: sendHeartbeatMessage
07-10 16:10:46.844 2102 4105 D MicroService: handleHeartBeat:36
07-10 16:10:47.472 4177 4233 I OpenGLRenderer: Davey! duration=9223371981241ms; Flags=0, FrameTimelineVsyncId=1197, IntendedVsync=55613188296, Vsync=55613188296, InputEventId=0, HandleInputStart=55614464767, AnimationStart=55614470913, PerformTraversalsStart=55614474767, DrawStart=55638564350, FrameDeadline=55646521628, FrameInterval=55614450392, FrameStartTime=16666666, SyncQueued=55639817163, SyncStart=55640197110, IssueDrawCommandsStart=55641250600, SwapBuffers=55644640548, FrameCompleted=9223372036854775807, DequeueBufferDuration=62032, QueueBufferDuration=920833, GpuCompleted=9223372036854775807, SwapBuffersCompleted=55646141017, DisplayPresentTime=0,
07-10 16:10:47.829 662 677 I mpu_uart: [MSG-P:RECV]:No message received in 1000 ms
07-10 16:10:47.835 662 676 I mpu_uart: [MSG-P:R]:recv sync frame timeout
07-10 16:10:48.829 662 677 I mpu_uart: [MSG-P:RECV]:No message received in 1000 ms
07-10 16:10:48.843 2102 2102 D MicroService: onHeartBeatDetected
07-10 16:10:48.844 2102 2102 D MicroService: sendHeartbeatMessage
07-10 16:10:48.851 2102 3066 D MicroService: handleHeartBeat:37
07-10 16:10:49.496 4177 4233 I OpenGLRenderer: Davey! duration=9223371979241ms; Flags=0, FrameTimelineVsyncId=1209, IntendedVsync=57613305630, Vsync=57613305630, InputEventId=0, HandleInputStart=57613854245, AnimationStart=57613858151, PerformTraversalsStart=57613861016, DrawStart=57647141328, FrameDeadline=57629972296, FrameInterval=57613843933, FrameStartTime=16666666, SyncQueued=57648461485, SyncStart=57648563464, IssueDrawCommandsStart=57649660495, SwapBuffers=57653844453, FrameCompleted=9223372036854775807, DequeueBufferDuration=64166, QueueBufferDuration=1769687, GpuCompleted=9223372036854775807, SwapBuffersCompleted=57656363620, DisplayPresentTime=0,
07-10 16:10:49.830 662 677 I mpu_uart: [MSG-P:RECV]:No message received in 1000 ms
07-10 16:10:49.948 2102 3068 I MicroService: Receive message: SocketMessageBean{businessData='21930', srcService='IDCM_TBoxService', destService='FSEM_SettingService', messageType='0', uuid='1688976650779491000', payloadData={"dstService":"FSEM_SettingService","messageType":0,"methodName":"netstatus","parameters":{"functionInfo":{"IDCM_celltype":5,"IDCM_netstatus":1,"IDCM_signalstrength":78}},"srcService":"IDCM_TBoxService","uuid":1688976650779491000}
07-10 16:10:49.948 2102 3068 I MicroService: }
07-10 16:10:49.948 2102 3068 I MicroService: onRequest(netstatus): {"functionInfo":{"IDCM_celltype":5,"IDCM_netstatus":1,"IDCM_signalstrength":78}}
07-10 16:10:49.951 2119 2237 D MicroSettings: ITCMicroCommonCallback: get request method = netstatus parameters = {"functionInfo":{"IDCM_celltype":5,"IDCM_netstatus":1,"IDCM_signalstrength":78}}
07-10 16:10:49.951 2119 3373 D MicroSettings: TBoxNetStatusSyncAction: doActualAction()
07-10 16:10:49.951 2102 3068 D MicroService: handleHeartBeat:38
07-10 16:10:49.954 2119 3373 I MicroSettings: TBoxNetStatusSyncAction: setNetStatus completed: 2131231182
07-10 16:10:50.830 662 677 I mpu_uart: [MSG-P:RECV]:No message received in 1000 ms
07-10 16:10:50.837 2102 3074 D MicroService: handleHeartBeat:39
07-10 16:10:50.838 662 676 I mpu_uart: [MSG-P:R]:recv sync frame timeout
07-10 16:10:50.847 2102 2102 D MicroService: onHeartBeatDetected
07-10 16:10:50.847 2102 2102 D MicroService: sendHeartbeatMessage
07-10 16:10:51.497 4177 4191 I OpenGLRenderer: Davey! duration=9223371977241ms; Flags=0, FrameTimelineVsyncId=1225, IntendedVsync=59613385926, Vsync=59613385926, InputEventId=0, HandleInputStart=59614225859, AnimationStart=59614230286, PerformTraversalsStart=59614232994, DrawStart=59645356484, FrameDeadline=59630052592, FrameInterval=59614217265, FrameStartTime=16666666, SyncQueued=59646602526, SyncStart=59646707317, IssueDrawCommandsStart=59647792161, SwapBuffers=59651495546, FrameCompleted=9223372036854775807, DequeueBufferDuration=59323, QueueBufferDuration=1058645, GpuCompleted=9223372036854775807, SwapBuffersCompleted=59653247786, DisplayPresentTime=0,
07-10 16:10:51.633 2306 2306 D RemoteControlService: startVlanDispatchThread
07-10 16:10:51.830 662 677 I mpu_uart: [MSG-P:RECV]:No message received in 1000 ms
07-10 16:10:52.831 662 677 I mpu_uart: [MSG-P:RECV]:No message received in 1000 ms
07-10 16:10:52.850 2102 2102 E MicroService: heart beat time out, current timeout cnt is 1
07-10 16:10:52.850 2102 2102 D MicroService: onHeartBeatDetected
07-10 16:10:52.850 2102 2102 D MicroService: sendHeartbeatMessage
07-10 16:10:52.852 2102 3080 D MicroService: handleHeartBeat:40
07-10 16:10:53.831 662 677 I mpu_uart: [MSG-P:RECV]:No message received in 1000 ms
07-10 16:10:53.842 662 676 I mpu_uart: [MSG-P:R]:recv sync frame timeout
07-10 16:10:54.491 4177 4191 I OpenGLRenderer: Davey! duration=9223371974224ms; Flags=0, FrameTimelineVsyncId=1244, IntendedVsync=62630095630, Vsync=62630095630, InputEventId=0, HandleInputStart=62630587004, AnimationStart=62630590233, PerformTraversalsStart=62630592629, DrawStart=62656296014, FrameDeadline=62646762296, FrameInterval=62630580441, FrameStartTime=16666666, SyncQueued=62657295024, SyncStart=62657376952, IssueDrawCommandsStart=62658217420, SwapBuffers=62661426118, FrameCompleted=9223372036854775807, DequeueBufferDuration=45000, QueueBufferDuration=820885, GpuCompleted=9223372036854775807, SwapBuffersCompleted=62662770910, DisplayPresentTime=0,
07-10 16:10:54.508 4177 4191 I OpenGLRenderer: Davey! duration=9223371974204ms; Flags=0, FrameTimelineVsyncId=1245, IntendedVsync=62646762296, Vsync=62646762296, InputEventId=0, HandleInputStart=62658350702, AnimationStart=62658352212, PerformTraversalsStart=62658708879, DrawStart=62658753931, FrameDeadline=62680095628, FrameInterval=62658348410, FrameStartTime=16666666, SyncQueued=62659738670, SyncStart=62662809452, IssueDrawCommandsStart=62663185962, SwapBuffers=62665245806, FrameCompleted=9223372036854775807, DequeueBufferDuration=14844, QueueBufferDuration=8805781, GpuCompleted=9223372036854775807, SwapBuffersCompleted=62674439139, DisplayPresentTime=0,
07-10 16:10:54.831 662 677 I mpu_uart: [MSG-P:RECV]:No message received in 1000 ms
07-10 16:10:54.851 2102 2102 D MicroService: onHeartBeatDetected
07-10 16:10:54.851 2102 2102 D MicroService: sendHeartbeatMessage
07-10 16:10:54.856 2102 3335 D MicroService: handleHeartBeat:41
07-10 16:10:55.832 662 677 I mpu_uart: [MSG-P:RECV]:No message received in 1000 ms
07-10 16:10:56.491 4177 4191 I OpenGLRenderer: Davey! duration=9223371972224ms; Flags=0, FrameTimelineVsyncId=1256, IntendedVsync=64630113630, Vsync=64630113630, InputEventId=0, HandleInputStart=64630627888, AnimationStart=64630631847, PerformTraversalsStart=64630634920, DrawStart=64656087888, FrameDeadline=64646780296, FrameInterval=64630619972, FrameStartTime=16666666, SyncQueued=64657192315, SyncStart=64657269242, IssueDrawCommandsStart=64658181795, SwapBuffers=64661397888, FrameCompleted=9223372036854775807, DequeueBufferDuration=52187, QueueBufferDuration=1155573, GpuCompleted=9223372036854775807, SwapBuffersCompleted=64663353305, DisplayPresentTime=0,
07-10 16:10:56.508 4177 4191 I OpenGLRenderer: Davey! duration=9223371972203ms; Flags=0, FrameTimelineVsyncId=1257, IntendedVsync=64646780296, Vsync=64646780296, InputEventId=0, HandleInputStart=64658543409, AnimationStart=64658544711, PerformTraversalsStart=64658902732, DrawStart=64658937524, FrameDeadline=64680113628, FrameInterval=64658540753, FrameStartTime=16666666, SyncQueued=64659888409, SyncStart=64663997680, IssueDrawCommandsStart=64664560961, SwapBuffers=64666562472, FrameCompleted=9223372036854775807, DequeueBufferDuration=17500, QueueBufferDuration=9065521, GpuCompleted=9223372036854775807, SwapBuffersCompleted=64677172003, DisplayPresentTime=0,
07-10 16:10:56.647 2306 2306 D RemoteControlService: startVlanDispatchThread
07-10 16:10:56.832 662 677 I mpu_uart: [MSG-P:RECV]:No message received in 1000 ms
07-10 16:10:56.845 662 676 I mpu_uart: [MSG-P:R]:recv sync frame timeout
07-10 16:10:56.853 2102 3340 D MicroService: handleHeartBeat:42
07-10 16:10:56.854 2102 2102 D MicroService: onHeartBeatDetected
07-10 16:10:56.855 2102 2102 D MicroService: sendHeartbeatMessage
07-10 16:10:57.832 662 677 I mpu_uart: [MSG-P:RECV]:No message received in 1000 ms
07-10 16:10:57.900 0 0 I [ 66.078062] init: processing action (sys.tlog.tlogdshc.active=1) from (/system/etc/init/tlogd.rc:197)
07-10 16:10:57.900 0 0 I [ 66.079225] init: starting service 'tlogdshc'...
07-10 16:10:58.019 0 0 I [ 66.196049] init: Service 'tlogdshc' (pid 4247) exited with status 0 oneshot service took 0.110000 seconds in background
07-10 16:10:58.020 0 0 I [ 66.196086] init: Sending signal 9 to service 'tlogdshc' (pid 4247) process group...
07-10 16:10:58.020 0 0 I [ 66.196319] libprocessgroup: Successfully killed process cgroup uid 0 pid 4247 in 0ms
07-10 16:10:58.511 4177 4191 I OpenGLRenderer: Davey! duration=9223371970207ms; Flags=0, FrameTimelineVsyncId=1268, IntendedVsync=66646829630, Vsync=66646829630, InputEventId=0, HandleInputStart=66647528929, AnimationStart=66647533773, PerformTraversalsStart=66647536794, DrawStart=66668989867, FrameDeadline=66663496296, FrameInterval=66647515752, FrameStartTime=16666666, SyncQueued=66670113044, SyncStart=66670190752, IssueDrawCommandsStart=66671197679, SwapBuffers=66674581273, FrameCompleted=9223372036854775807, DequeueBufferDuration=58750, QueueBufferDuration=1264948, GpuCompleted=9223372036854775807, SwapBuffersCompleted=66676812158, DisplayPresentTime=0,
07-10 16:10:58.832 662 677 I mpu_uart: [MSG-P:RECV]:No message received in 1000 ms
07-10 16:10:58.846 2102 3372 D MicroService: handleHeartBeat:43
07-10 16:10:58.856 2102 2102 D MicroService: onHeartBeatDetected
07-10 16:10:58.856 2102 2102 D MicroService: sendHeartbeatMessage
07-10 16:10:58.965 2102 3563 I MicroService: Receive message: SocketMessageBean{businessData='21930', srcService='IDCM_TBoxService', destService='FSEM_SettingService', messageType='0', uuid='1688976659810671000', payloadData={"dstService":"FSEM_SettingService","messageType":0,"methodName":"netstatus","parameters":{"functionInfo":{"IDCM_celltype":5,"IDCM_netstatus":0,"IDCM_signalstrength":78}},"srcService":"IDCM_TBoxService","uuid":1688976659810671000}
07-10 16:10:58.965 2102 3563 I MicroService: }
07-10 16:10:58.966 2102 3563 I MicroService: onRequest(netstatus): {"functionInfo":{"IDCM_celltype":5,"IDCM_netstatus":0,"IDCM_signalstrength":78}}
07-10 16:10:58.967 2119 2237 D MicroSettings: ITCMicroCommonCallback: get request method = netstatus parameters = {"functionInfo":{"IDCM_celltype":5,"IDCM_netstatus":0,"IDCM_signalstrength":78}}
07-10 16:10:58.967 2102 3563 D MicroService: handleHeartBeat:44
07-10 16:10:58.967 2119 3716 D MicroSettings: TBoxNetStatusSyncAction: doActualAction()
07-10 16:10:58.968 2119 3716 D MicroSettings: TBoxNetStatusSyncAction: leve = 4
07-10 16:10:58.968 2119 3716 D MicroSettings: TBoxNetStatusSyncAction: drawable = 2131231159
07-10 16:10:58.970 2119 3716 I MicroSettings: TBoxNetStatusSyncAction: setNetStatus completed: 2131231159
07-10 16:10:59.833 662 677 I mpu_uart: [MSG-P:RECV]:No message received in 1000 ms
07-10 16:10:59.848 662 676 I mpu_uart: [MSG-P:R]:recv sync frame timeout
07-10 16:11:00.002 1566 1808 D PowerManagerService: acquireWakeLockInternal: lock=7649226, flags=0x1, tag="*alarm*", ws=WorkSource{1000}, uid=1000, pid=1566
07-10 16:11:00.003 1566 1808 D PowerManagerService: updateWakeLockSummaryLocked: mWakefulness=Awake, mWakeLockSummary=0x1
07-10 16:11:00.003 1566 1808 D PowerManagerService: updateUserActivitySummaryLocked: groupId=0, mWakefulness=Awake, mUserActivitySummary=0x1, nextTimeout=112087 (in 43904 ms)
07-10 16:11:00.004 1566 1808 D PowerManagerNotifier: onScreenPolicyUpdate: newPolicy=3
07-10 16:11:00.004 1566 1808 D PowerManagerService: updateDisplayPowerStateLocked: displayReady=true, groupId=0, policy=BRIGHT, mWakefulness=Awake, mWakeLockSummary=0x1, mUserActivitySummary=0x1, mBootCompleted=true, screenBrightnessOverride=NaN, useAutoBrightness=true, mScreenBrightnessBoostInProgress=false, mIsVrModeEnabled= false, sQuiescent=false
07-10 16:11:00.004 1907 1907 D KeyguardUpdateMonitor: received broadcast android.intent.action.TIME_TICK
07-10 16:11:00.008 1566 1808 D PowerManagerService: Acquiring suspend blocker "PowerManagerService.WakeLocks".
07-10 16:11:00.008 1907 1907 D KeyguardUpdateMonitor: handleTimeUpdate
07-10 16:11:00.009 1566 1808 D PowerManagerNotifier: onWakeLockAcquired: flags=1, tag="*alarm*", packageName=android, ownerUid=1000, ownerPid=1566, workSource=WorkSource{1000}
