01-01 08:00:10.704 1566 1566 E PackageManager: updateAllSharedLibrariesLPw failed: Package com.android.systemui requires unavailable shared library com.qti.extphone.extphonelib; failing!
01-01 08:00:10.704 1566 1566 E PackageManager: updateAllSharedLibrariesLPw failed: Package com.android.settings requires unavailable shared library com.qti.extphone.extphonelib; failing!
01-01 08:00:10.704 1566 1566 E PackageManager: updateAllSharedLibrariesLPw failed: Package com.qualcomm.qti.devicestatisticsservice requires unavailable shared library qti-telephony-hidl-wrapper-prd; failing!
01-01 08:00:10.704 1566 1566 E PackageManager: updateAllSharedLibrariesLPw failed: Package com.qti.snapdragon.qdcm_ff requires unavailable shared library vendor.display.color.V1_0.IDisplayColor; failing!
01-01 08:00:10.704 1566 1566 E PackageManager: updateAllSharedLibrariesLPw failed: Package com.qti.pasrservice requires unavailable shared library vendor.qti.power.pasrmanager.V1_0.IPasrManager; failing!
01-01 08:00:10.704 1566 1566 E PackageManager: updateAllSharedLibrariesLPw failed: Package com.qualcomm.wfd.service requires unavailable shared library .WfdService; failing!
01-01 08:00:10.707 1566 1566 I PackageManager: Time to scan packages: 0.155 seconds
01-01 08:00:10.707 1566 1566 I PackageManager: Permission ownership changed. Updating all permissions.
01-01 08:00:10.717 1566 1566 V PackageManager: reconcileAppsData for null u0 0x1 migrateAppData=true
01-01 08:00:10.754 1566 1566 V PackageManager: reconcileAppsData finished 27 packages
01-01 08:00:10.754 1566 1566 I PackageManagerTiming: write settings
01-01 08:00:10.754 1566 1738 I SystemServerTimingAsync: InitThreadPoolExec:prepareAppData
01-01 08:00:10.764 1566 1566 W PackageManager: /data/system/packages.xml fsync begin
01-01 08:00:10.765 1566 1566 W PackageManager: /data/system/packages.xml fsync end
01-01 08:00:10.776 1566 1566 W PackageManager: Intent filter verifier not found
01-01 08:00:10.776 1566 1566 W PackageManager: Domain verification agent not found
01-01 08:00:10.779 1566 1566 I PackageManagerTiming: checkActivateState
01-01 08:00:10.779 1566 1566 D PackageManager: checkActivateState: 1
01-01 08:00:10.779 1566 1566 I PackageManagerTiming: GC
01-01 08:00:10.779 1566 1566 I PackageManager: Fix for b/169414761 is applied
01-01 08:00:10.779 1566 1566 V UserManagerService: Checking that all system packages are whitelisted.
01-01 08:00:10.781 1566 1566 W UserManagerService: checkWhitelistedSystemPackages(mode=ENFORCE|IMPLICIT_WHITELIST|IMPLICIT_WHITELIST_SYSTEM) has 68 warnings:
01-01 08:00:10.781 1566 1566 W UserManagerService: com.android.internal.display.cutout.emulation.corner is allowlisted but not present.
01-01 08:00:10.781 1566 1566 W UserManagerService: com.android.internal.display.cutout.emulation.double is allowlisted but not present.
01-01 08:00:10.781 1566 1566 W UserManagerService: com.android.theme.color.amethyst is allowlisted but not present.
01-01 08:00:10.781 1566 1566 W UserManagerService: com.android.theme.icon.pebble is allowlisted but not present.
01-01 08:00:10.781 1566 1566 W UserManagerService: com.android.theme.color.sand is allowlisted but not present.
01-01 08:00:10.781 1566 1566 W UserManagerService: com.android.theme.icon.vessel is allowlisted but not present.
01-01 08:00:10.781 1566 1566 W UserManagerService: com.android.theme.color.cinnamon is allowlisted but not present.
01-01 08:00:10.781 1566 1566 W UserManagerService: com.android.theme.icon_pack.victor.settings is allowlisted but not present.
01-01 08:00:10.781 1566 1566 W UserManagerService: com.android.theme.icon_pack.rounded.systemui is allowlisted but not present.
01-01 08:00:10.781 1566 1566 W UserManagerService: com.android.theme.icon.taperedrect is allowlisted but not present.
01-01 08:00:10.781 1566 1566 W UserManagerService: com.android.theme.icon_pack.rounded.android is allowlisted but not present.
01-01 08:00:10.781 1566 1566 W UserManagerService: com.qualcomm.qti.euiccresource is allowlisted but not present.
01-01 08:00:10.781 1566 1566 W UserManagerService: com.qualcomm.qti.telephonyservice is allowlisted but not present.
01-01 08:00:10.781 1566 1566 W UserManagerService: com.android.theme.icon_pack.victor.systemui is allowlisted but not present.
01-01 08:00:10.781 1566 1566 W UserManagerService: com.android.theme.icon_pack.circular.themepicker is allowlisted but not present.
01-01 08:00:10.781 1566 1566 W UserManagerService: com.android.theme.color.tangerine is allowlisted but not present.
01-01 08:00:10.781 1566 1566 W UserManagerService: com.android.theme.color.aquamarine is allowlisted but not present.
01-01 08:00:10.781 1566 1566 W UserManagerService: com.android.internal.display.cutout.emulation.hole is allowlisted but not present.
01-01 08:00:10.781 1566 1566 W UserManagerService: com.android.internal.display.cutout.emulation.tall is allowlisted but not present.
01-01 08:00:10.781 1566 1566 W UserManagerService: com.android.theme.color.black is allowlisted but not present.
01-01 08:00:10.781 1566 1566 W UserManagerService: com.android.theme.color.green is allowlisted but not present.
01-01 08:00:10.781 1566 1566 W UserManagerService: com.android.theme.color.ocean is allowlisted but not present.
01-01 08:00:10.781 1566 1566 W UserManagerService: com.android.theme.color.space is allowlisted but not present.
01-01 08:00:10.781 1566 1566 W UserManagerService: com.android.internal.systemui.navbar.threebutton is allowlisted but not present.
01-01 08:00:10.781 1566 1566 W UserManagerService: com.qti.qualcomm.datastatusnotification is allowlisted but not present.
01-01 08:00:10.781 1566 1566 W UserManagerService: com.qualcomm.qti.callfeaturessetting is allowlisted but not present.
01-01 08:00:10.781 1566 1566 W UserManagerService: com.android.theme.icon_pack.rounded.launcher is allowlisted but not present.
01-01 08:00:10.781 1566 1566 W UserManagerService: com.qti.qualcomm.deviceinfo is allowlisted but not present.
01-01 08:00:10.781 1566 1566 W UserManagerService: com.android.theme.icon_pack.kai.settings is allowlisted but not present.
01-01 08:00:10.781 1566 1566 W UserManagerService: com.android.internal.systemui.navbar.twobutton is allowlisted but not present.
01-01 08:00:10.781 1566 1566 W UserManagerService: org.codeaurora.ims is allowlisted but not present.
01-01 08:00:10.781 1566 1566 W UserManagerService: com.android.theme.icon_pack.sam.settings is allowlisted but not present.
01-01 08:00:10.781 1566 1566 W UserManagerService: com.android.theme.icon_pack.kai.themepicker is allowlisted but not present.
01-01 08:00:10.781 1566 1566 W UserManagerService: com.qualcomm.qcrilmsgtunnel is allowlisted but not present.
01-01 08:00:10.781 1566 1566 W UserManagerService: com.android.theme.icon_pack.victor.launcher is allowlisted but not present.
01-01 08:00:10.781 1566 1566 W UserManagerService: com.android.theme.icon_pack.filled.settings is allowlisted but not present.
01-01 08:00:10.781 1566 1566 W UserManagerService: com.android.theme.icon_pack.kai.systemui is allowlisted but not present.
01-01 08:00:10.781 1566 1566 W UserManagerService: com.android.theme.icon_pack.circular.settings is allowlisted but not present.
01-01 08:00:10.781 1566 1566 W UserManagerService: com.qti.xdivert is allowlisted but not present.
01-01 08:00:10.781 1566 1566 W UserManagerService: com.android.theme.icon_pack.sam.systemui is allowlisted but not present.
01-01 08:00:10.781 1566 1566 W UserManagerService: com.android.theme.icon.teardrop is allowlisted but not present.
01-01 08:00:10.781 1566 1566 W UserManagerService: com.android.theme.icon_pack.rounded.themepicker is allowlisted but not present.
01-01 08:00:10.781 1566 1566 W UserManagerService: com.android.theme.icon_pack.filled.systemui is allowlisted but not present.
01-01 08:00:10.781 1566 1566 W UserManagerService: com.qualcomm.qti.imsiprivacy.tests is allowlisted but not present.
01-01 08:00:10.781 1566 1566 W UserManagerService: com.android.theme.icon_pack.sam.android is allowlisted but not present.
01-01 08:00:10.781 1566 1566 W UserManagerService: com.android.theme.icon_pack.filled.android is allowlisted but not present.
01-01 08:00:10.781 1566 1566 W UserManagerService: com.android.theme.icon_pack.circular.systemui is allowlisted but not present.
01-01 08:00:10.781 1566 1566 W UserManagerService: com.android.theme.icon_pack.kai.android is allowlisted but not present.
01-01 08:00:10.781 1566 1566 W UserManagerService: com.android.theme.icon_pack.kai.launcher is allowlisted but not present.
01-01 08:00:10.781 1566 1566 W UserManagerService: com.qualcomm.qti.sam.service is allowlisted but not present.
01-01 08:00:10.781 1566 1566 W UserManagerService: com.android.theme.icon_pack.sam.launcher is allowlisted but not present.
01-01 08:00:10.781 1566 1566 W UserManagerService: com.android.theme.icon.squircle is allowlisted but not present.
01-01 08:00:10.781 1566 1566 W UserManagerService: com.android.theme.icon_pack.victor.android is allowlisted but not present.
01-01 08:00:10.781 1566 1566 W UserManagerService: com.android.theme.color.palette is allowlisted but not present.
01-01 08:00:10.781 1566 1566 W UserManagerService: com.android.theme.icon_pack.filled.launcher is allowlisted but not present.
01-01 08:00:10.781 1566 1566 W UserManagerService: com.android.theme.color.carbon is allowlisted but not present.
01-01 08:00:10.781 1566 1566 W UserManagerService: com.android.theme.icon_pack.circular.launcher is allowlisted but not present.
01-01 08:00:10.781 1566 1566 W UserManagerService: com.android.theme.icon_pack.filled.themepicker is allowlisted but not present.
01-01 08:00:10.781 1566 1566 W UserManagerService: com.android.theme.icon_pack.victor.themepicker is allowlisted but not present.
01-01 08:00:10.781 1566 1566 W UserManagerService: com.android.theme.color.orchid is allowlisted but not present.
01-01 08:00:10.781 1566 1566 W UserManagerService: com.android.theme.color.purple is allowlisted but not present.
01-01 08:00:10.781 1566 1566 W UserManagerService: com.qualcomm.qti.confdialer is allowlisted but not present.
01-01 08:00:10.781 1566 1566 W UserManagerService: com.android.theme.icon_pack.sam.themepicker is allowlisted but not present.
01-01 08:00:10.781 1566 1566 W UserManagerService: com.qualcomm.atfwd is allowlisted but not present.
01-01 08:00:10.781 1566 1566 W UserManagerService: com.android.theme.icon.roundedrect is allowlisted but not present.
01-01 08:00:10.781 1566 1566 W UserManagerService: com.android.theme.icon_pack.rounded.settings is allowlisted but not present.
01-01 08:00:10.781 1566 1566 W UserManagerService: org.codeaurora.qti.nrNetworkSettingApp is allowlisted but not present.
01-01 08:00:10.781 1566 1566 W UserManagerService: com.android.theme.icon_pack.circular.android is allowlisted but not present.
01-01 08:00:10.782 1566 1566 I Watchdog: Resuming HandlerChecker: main thread for reason: packagemanagermain. Pause count: 0
01-01 08:00:10.782 1566 1566 I SystemServerDexLoadReporter: Configuring system server dex reporter
01-01 08:00:10.784 1566 1566 I SystemServerTiming: StartOtaDexOptService
01-01 08:00:10.784 1566 1566 I Watchdog: Pausing HandlerChecker: main thread for reason: moveab. Pause count: 1
01-01 08:00:10.787 1566 1566 D OTADexopt: No upgrade, skipping A/B artifacts check.
01-01 08:00:10.787 1566 1566 I Watchdog: Resuming HandlerChecker: main thread for reason: moveab. Pause count: 0
01-01 08:00:10.787 1566 1566 I SystemServerTiming: StartUserManagerService
01-01 08:00:10.787 1566 1566 I SystemServiceManager: Starting com.android.server.pm.UserManagerService$LifeCycle
01-01 08:00:10.787 1566 1566 I SystemServerTiming: InitAttributerCache
01-01 08:00:10.787 1566 1566 I SystemServerTiming: SetSystemProcess
01-01 08:00:10.795 1566 1743 V HistoricalRegistry: Interaction before persistence initialized
01-01 08:00:10.801 1566 1691 I ActivityManager: Connection with lmkd established
01-01 08:00:10.802 1566 1566 I SystemServerTiming: InitWatchdog
01-01 08:00:10.802 1566 1566 I SystemServerTiming: StartOverlayManagerService
01-01 08:00:10.806 0 0 I [ 8.145569] init: Control message: Processed ctl.start for 'idmap2d' from pid: 1566 (system_server)
01-01 08:00:10.860 0 0 E [ 8.201471] HL6111R: is_dc_online: DC psy unavailable
01-01 08:00:10.861 1216 1751 I storaged: storaged: Start
01-01 08:00:10.947 1566 1678 W ActivityTaskManager: Skip updateConfiguration because mWindowManager isn't set
01-01 08:00:10.947 1566 1566 I SystemServerTiming: StartSensorPrivacyService
01-01 08:00:10.949 1566 1566 I SystemServerTiming: StartThunderBoostPerfService
01-01 08:00:10.949 1566 1566 I SystemServerTiming: StartSensorService
01-01 08:00:10.949 1566 1566 I SystemServiceManager: Starting com.android.server.sensors.SensorService
01-01 08:00:10.949 1566 1566 I SystemServerTiming: startCoreServices
01-01 08:00:10.949 1566 1566 I SystemServerTiming: StartSystemConfigService
01-01 08:00:10.949 1566 1566 I SystemServiceManager: Starting com.android.server.SystemConfigService
01-01 08:00:10.949 1566 1566 I SystemServerTiming: StartBatteryService
01-01 08:00:10.949 1566 1566 I SystemServiceManager: Starting com.android.server.BatteryService
01-01 08:00:10.949 1566 1771 I SystemServerTimingAsync: InitThreadPoolExec:StartNativeSensorService
01-01 08:00:10.949 1566 1771 I SystemServerTimingAsync: StartNativeSensorService
01-01 08:00:10.952 0 0 E [ 8.292488] HL6111R: is_dc_online: DC psy unavailable
01-01 08:00:10.953 0 0 E [ 8.293805] HL6111R: is_dc_online: DC psy unavailable
01-01 08:00:10.953 0 0 W [ 8.293831] healthd: battery none chg=
01-01 08:00:10.953 0 0 E [ 8.293843] HL6111R: is_dc_online: DC psy unavailable
01-01 08:00:10.954 1566 1566 I HealthServiceWrapper: health: HealthServiceWrapper listening to instance default
01-01 08:00:10.954 1566 1566 I BatteryService: health: Waited 0ms and received the update.
01-01 08:00:10.954 1566 1566 I SystemServerTiming: StartUsageService
01-01 08:00:10.954 1566 1566 I SystemServiceManager: Starting com.android.server.usage.UsageStatsService
01-01 08:00:10.956 1566 1566 I SystemServerTiming: StartWebViewUpdateService
01-01 08:00:10.956 1566 1566 I SystemServiceManager: Starting com.android.server.webkit.WebViewUpdateService
01-01 08:00:10.957 1566 1566 I SystemServerTiming: StartCachedDeviceStateService
01-01 08:00:10.957 1566 1566 I SystemServiceManager: Starting com.android.server.CachedDeviceStateService
01-01 08:00:10.957 1566 1566 I SystemServerTiming: StartBinderCallsStatsService
01-01 08:00:10.957 1566 1566 I SystemServiceManager: Starting com.android.server.BinderCallsStatsService$LifeCycle
01-01 08:00:10.958 1566 1566 I SystemServerTiming: StartLooperStatsService
01-01 08:00:10.958 1566 1566 I SystemServiceManager: Starting com.android.server.LooperStatsService$Lifecycle
01-01 08:00:10.958 1566 1566 I SystemServerTiming: StartRollbackManagerService
01-01 08:00:10.958 1566 1566 I SystemServiceManager: Starting com.android.server.rollback.RollbackManagerService
01-01 08:00:10.959 1566 1566 I PackageWatchdog: Syncing state, reason: added new observer
01-01 08:00:10.959 1566 1566 I PackageWatchdog: Not pruning observers, elapsed time: 0ms
01-01 08:00:10.959 1566 1687 I PackageWatchdog: Saving observer state to file
01-01 08:00:10.960 1566 1566 I SystemServerTiming: StartNativeTombstoneManagerService
01-01 08:00:10.960 1566 1566 I SystemServiceManager: Starting com.android.server.os.NativeTombstoneManagerService
01-01 08:00:10.961 1566 1566 I SystemServerTiming: StartBugreportManagerService
01-01 08:00:10.961 1566 1566 I SystemServiceManager: Starting com.android.server.os.BugreportManagerService
01-01 08:00:10.961 1566 1566 I SystemServerTiming: GpuService
01-01 08:00:10.961 1566 1566 I SystemServiceManager: Starting com.android.server.gpu.GpuService
01-01 08:00:10.961 1566 1566 I SystemServerTiming: startOtherServices
01-01 08:00:10.961 1566 1566 I SystemServerTiming: StartKeyAttestationApplicationIdProviderService
01-01 08:00:10.961 1566 1779 I SystemServerTimingAsync: InitThreadPoolExec:SecondaryZygotePreload
01-01 08:00:10.961 1566 1779 I SystemServer: SecondaryZygotePreload
01-01 08:00:10.961 1566 1779 I SystemServerTimingAsync: SecondaryZygotePreload
01-01 08:00:10.961 1566 1566 I SystemServerTiming: StartKeyChainSystemService
01-01 08:00:10.961 1566 1566 I SystemServiceManager: Starting com.android.server.security.KeyChainSystemService
01-01 08:00:10.962 1566 1566 I SystemServerTiming: StartSchedulingPolicyService
01-01 08:00:10.962 1566 1566 I SystemServerTiming: StartTelecomLoaderService
01-01 08:00:10.962 1566 1566 I SystemServiceManager: Starting com.android.server.telecom.TelecomLoaderService
01-01 08:00:10.962 1566 1566 I SystemServerTiming: StartTelephonyRegistry
01-01 08:00:10.962 1566 1780 I SystemServerTimingAsync: InitThreadPoolExec:SchedulingPolicyService.
01-01 08:00:10.962 1566 1566 I SystemServerTiming: StartEntropyMixer
01-01 08:00:10.963 1566 1566 I EntropyMixer: Writing entropy...
01-01 08:00:10.963 1566 1566 I SystemServerTiming: StartAccountManagerService
01-01 08:00:10.963 1566 1566 I SystemServiceManager: Starting com.android.server.accounts.AccountManagerService$Lifecycle
01-01 08:00:10.967 1566 1566 I SystemServerTiming: StartContentService
01-01 08:00:10.967 1566 1566 I SystemServiceManager: Starting com.android.server.content.ContentService$Lifecycle
01-01 08:00:10.968 1566 1566 I SystemServerTiming: InstallSystemProviders
01-01 08:00:10.984 1566 1738 I PackageManager: Deferred reconcileAppsData finished 111 packages
01-01 08:00:10.997 0 0 E [ 8.334662] init: Control message: Could not find 'android.frameworks.sensorservice@1.0::ISensorManager/default' for ctl.interface_start from pid: 522 (/system/bin/hwservicemanager)
01-01 08:00:10.998 0 0 E [ 8.334709] init: Control message: Could not find 'android.frameworks.sensorservice@1.0::ISensorManager/default' for ctl.interface_start from pid: 522 (/system/bin/hwservicemanager)
01-01 08:00:11.010 1566 1743 V HistoricalRegistry: Interaction before persistence initialized
01-01 08:00:11.016 0 0 I [ 8.357143] binder: 1566:1566 ioctl c00c620f 7fe4a4a218 returned -22
01-01 08:00:11.016 1566 1566 W ActivityManager: unable to read freezer info
01-01 08:00:11.016 1566 1689 D ActivityManager: Freezer disabled
01-01 08:00:11.018 1566 1566 I SystemServerTiming: StartDropBoxManager
01-01 08:00:11.018 1566 1566 I SystemServiceManager: Starting com.android.server.DropBoxManagerService
01-01 08:00:11.018 1566 1566 I SystemServerTiming: StartRoleManagerService
01-01 08:00:11.018 1566 1566 I SystemServiceManager: Starting com.android.role.RoleService
01-01 08:00:11.021 1566 1566 I SystemServerTiming: StartVibratorManagerService
01-01 08:00:11.021 1566 1566 I SystemServiceManager: Starting com.android.server.vibrator.VibratorManagerService$Lifecycle
01-01 08:00:11.027 1566 1566 I SystemServerTiming: StartDynamicSystemService
01-01 08:00:11.031 1566 1566 I SystemServerTiming: StartConsumerIrService
01-01 08:00:11.033 1566 1566 I SystemServerTiming: StartAlarmManagerService
01-01 08:00:11.033 1566 1566 I SystemServiceManager: Starting com.android.server.alarm.AlarmManagerService
01-01 08:00:11.042 1566 1566 I AlarmManager: Current time only 11042, advancing to build time 1688740267000
07-07 22:31:07.004 1566 1566 I SystemServerTiming: StartInputManagerService
07-07 22:31:07.004 1566 1566 I InputManager: Initializing input manager, mUseDevInputEventForAudioJack=true
07-07 22:31:07.006 1566 1566 I SystemServerTiming: DeviceStateManagerService
07-07 22:31:07.006 1566 1566 I SystemServiceManager: Starting com.android.server.devicestate.DeviceStateManagerService
07-07 22:31:07.011 1566 1566 I SystemServerTiming: StartCameraServiceProxy
07-07 22:31:07.011 1566 1566 I SystemServiceManager: Starting com.android.server.camera.CameraServiceProxy
07-07 22:31:07.011 1566 1566 I SystemServerTiming: StartWindowManagerService
07-07 22:31:07.011 1566 1566 I SystemServiceManager: Starting phase 200
07-07 22:31:07.011 1566 1566 I SystemServerTiming: OnBootPhase_200
07-07 22:31:07.011 1566 1566 I SystemServerTiming: OnBootPhase_200_com.android.server.security.FileIntegrityService
07-07 22:31:07.011 1566 1566 I SystemServerTiming: OnBootPhase_200_com.android.server.pm.Installer
07-07 22:31:07.011 1566 1566 I SystemServerTiming: OnBootPhase_200_com.android.server.os.DeviceIdentifiersPolicyService
07-07 22:31:07.011 1566 1566 I SystemServerTiming: OnBootPhase_200_com.android.server.uri.UriGrantsManagerService$Lifecycle
07-07 22:31:07.011 1566 1566 I SystemServerTiming: OnBootPhase_200_com.android.server.powerstats.PowerStatsService
07-07 22:31:07.011 1566 1566 I SystemServerTiming: OnBootPhase_200_com.android.server.wm.ActivityTaskManagerService$Lifecycle
07-07 22:31:07.011 1566 1566 I SystemServerTiming: OnBootPhase_200_com.android.server.am.ActivityManagerService$Lifecycle
07-07 22:31:07.011 1566 1566 I SystemServerTiming: OnBootPhase_200_com.android.server.pm.DataLoaderManagerService
07-07 22:31:07.011 1566 1566 I SystemServerTiming: OnBootPhase_200_com.android.server.power.PowerManagerService
07-07 22:31:07.011 1566 1566 I SystemServerTiming: OnBootPhase_200_com.android.server.power.ThermalManagerService
07-07 22:31:07.011 1566 1566 I SystemServerTiming: OnBootPhase_200_com.android.server.power.hint.HintManagerService
07-07 22:31:07.011 1566 1566 I SystemServerTiming: OnBootPhase_200_com.android.server.recoverysystem.RecoverySystemService$Lifecycle
07-07 22:31:07.011 1566 1566 I SystemServerTiming: OnBootPhase_200_com.android.server.lights.LightsService
07-07 22:31:07.011 1566 1566 I SystemServerTiming: OnBootPhase_200_com.android.server.display.DisplayManagerService
07-07 22:31:07.011 1566 1566 I SystemServerTiming: OnBootPhase_200_com.android.server.pm.verify.domain.DomainVerificationService
07-07 22:31:07.012 1566 1566 I SystemServerTiming: OnBootPhase_200_com.android.server.pm.PackageInstallerService$Lifecycle
07-07 22:31:07.012 1566 1566 I SystemServerTiming: OnBootPhase_200_com.android.server.pm.UserManagerService$LifeCycle
07-07 22:31:07.012 1566 1566 I SystemServerTiming: OnBootPhase_200_com.android.server.om.OverlayManagerService
07-07 22:31:07.012 1566 1566 I SystemServerTiming: OnBootPhase_200_com.android.server.SensorPrivacyService
07-07 22:31:07.012 1566 1566 I SystemServerTiming: OnBootPhase_200_com.android.server.thunderperf.ThunderBoostPerfService
07-07 22:31:07.012 1566 1566 I SystemServerTiming: OnBootPhase_200_com.android.server.sensors.SensorService
07-07 22:31:07.012 1566 1566 I SystemServerTiming: OnBootPhase_200_com.android.server.SystemConfigService
07-07 22:31:07.012 1566 1566 I SystemServerTiming: OnBootPhase_200_com.android.server.BatteryService
07-07 22:31:07.012 1566 1566 I SystemServerTiming: OnBootPhase_200_com.android.server.usage.UsageStatsService
07-07 22:31:07.012 1566 1566 I SystemServerTiming: OnBootPhase_200_com.android.server.webkit.WebViewUpdateService
07-07 22:31:07.012 1566 1566 I SystemServerTiming: OnBootPhase_200_com.android.server.CachedDeviceStateService
07-07 22:31:07.012 1566 1566 I SystemServerTiming: OnBootPhase_200_com.android.server.BinderCallsStatsService$LifeCycle
07-07 22:31:07.012 1566 1566 I SystemServerTiming: OnBootPhase_200_com.android.server.LooperStatsService$Lifecycle
07-07 22:31:07.012 1566 1566 I SystemServerTiming: OnBootPhase_200_com.android.server.rollback.RollbackManagerService
07-07 22:31:07.012 1566 1566 I SystemServerTiming: OnBootPhase_200_com.android.server.os.NativeTombstoneManagerService
07-07 22:31:07.012 1566 1566 I SystemServerTiming: OnBootPhase_200_com.android.server.os.BugreportManagerService
07-07 22:31:07.012 1566 1566 I SystemServerTiming: OnBootPhase_200_com.android.server.gpu.GpuService
07-07 22:31:07.012 1566 1566 I SystemServerTiming: OnBootPhase_200_com.android.server.security.KeyChainSystemService
07-07 22:31:07.012 1566 1566 I SystemServerTiming: OnBootPhase_200_com.android.server.telecom.TelecomLoaderService
07-07 22:31:07.012 1566 1566 I SystemServerTiming: OnBootPhase_200_com.android.server.accounts.AccountManagerService$Lifecycle
07-07 22:31:07.012 1566 1566 I SystemServerTiming: OnBootPhase_200_com.android.server.content.ContentService$Lifecycle
07-07 22:31:07.012 1566 1566 I SystemServerTiming: OnBootPhase_200_com.android.server.DropBoxManagerService
07-07 22:31:07.012 1566 1566 I SystemServerTiming: OnBootPhase_200_com.android.role.RoleService
07-07 22:31:07.012 1566 1566 I SystemServerTiming: OnBootPhase_200_com.android.server.vibrator.VibratorManagerService$Lifecycle
07-07 22:31:07.012 1566 1566 I SystemServerTiming: OnBootPhase_200_com.android.server.alarm.AlarmManagerService
07-07 22:31:07.012 1566 1566 I SystemServerTiming: OnBootPhase_200_com.android.server.devicestate.DeviceStateManagerService
07-07 22:31:07.012 1566 1566 I SystemServerTiming: OnBootPhase_200_com.android.server.camera.CameraServiceProxy
07-07 22:31:07.012 1566 1566 I WindowManager: No existing display settings, starting empty
07-07 22:31:07.012 1566 1566 I WindowManager: No existing display settings, starting empty
07-07 22:31:07.020 1566 1566 I SystemServerTiming: SetWindowManagerService
07-07 22:31:07.041 1566 1566 I ActivityTaskManager: Loaded persisted task ids for user 0
07-07 22:31:07.042 1566 1566 I SystemServerTiming: WindowManagerServiceOnInitReady
07-07 22:31:07.049 1566 1566 I SystemServerTiming: StartInputManager
07-07 22:31:07.049 1566 1566 I InputManager: Starting input manager
07-07 22:31:07.050 1566 1816 I SystemServerTimingAsync: InitThreadPoolExec:StartHidlServices
07-07 22:31:07.050 1566 1816 I SystemServerTimingAsync: StartHidlServices
07-07 22:31:07.051 1566 1566 I SystemServerTiming: DisplayManagerWindowManagerAndInputReady
07-07 22:31:07.051 1566 1566 I SystemServerTiming: StartBluetoothService
07-07 22:31:07.051 1566 1681 I LogicalDisplayMapper: Requesting Transition to state: 0
07-07 22:31:07.051 1566 1681 I LogicalDisplayMapper: Applying layout: [{addr: {port=129, model=0x40446d97fee5e6}, dispId: 0(ON)}], Previous layout: [{addr: {port=129, model=0x40446d97fee5e6}, dispId: 0(ON)}]
07-07 22:31:07.051 1566 1566 I SystemServiceManager: Starting com.android.server.BluetoothService
07-07 22:31:07.053 1566 1566 D BluetoothManagerService: Loading stored name and address
07-07 22:31:07.053 1566 1566 D BluetoothManagerService: Stored bluetooth Name=高åˆå¨±ä¹å‰¯å±,Address=F0:74:E4:41:13:6A
07-07 22:31:07.053 1566 1566 D BluetoothManagerService: Bluetooth persisted state: 1
07-07 22:31:07.053 1566 1566 D BluetoothManagerService: Startup: Bluetooth persisted state is ON.
07-07 22:31:07.054 1566 1566 D BluetoothManagerService: Detected SystemUiUid: 10077
07-07 22:31:07.054 1566 1566 I SystemServerTiming: IpConnectivityMetrics
07-07 22:31:07.054 1566 1566 I SystemServiceManager: Starting com.android.server.connectivity.IpConnectivityMetrics
07-07 22:31:07.055 1566 1566 I SystemServerTiming: NetworkWatchlistService
07-07 22:31:07.055 1566 1566 I SystemServiceManager: Starting com.android.server.net.watchlist.NetworkWatchlistService$Lifecycle
07-07 22:31:07.058 1566 1566 I WatchlistSettings: Reload watchlist settings done
07-07 22:31:07.061 1566 1826 I WatchlistLoggingHandler: Last report time is larger than current time, reset report
07-07 22:31:07.061 1566 1566 I SystemServerTiming: PinnerService
07-07 22:31:07.061 1566 1566 I SystemServiceManager: Starting com.android.server.PinnerService
07-07 22:31:07.062 1566 1566 V HistoricalRegistry: Interaction before persistence initialized
07-07 22:31:07.064 1566 1566 I SystemServerTiming: IorapForwardingService
07-07 22:31:07.064 1566 1566 I SystemServiceManager: Starting com.google.android.startop.iorap.IorapForwardingService
07-07 22:31:07.065 1566 1566 I SystemServiceManager: Starting com.android.server.ActivityTriggerService
07-07 22:31:07.066 1566 1566 I ActivityTriggerService: Starting ActivityTriggerService
07-07 22:31:07.066 1566 1566 I SystemServerTiming: SignedConfigService
07-07 22:31:07.066 1566 1566 I SystemServerTiming: AppIntegrityService
07-07 22:31:07.066 1566 1687 D PinnerService: pinRangeStream: null
07-07 22:31:07.067 1566 1687 D PinnerService: pinRangeStream: null
07-07 22:31:07.067 1566 1687 D PinnerService: pinRangeStream: null
07-07 22:31:07.067 1566 1687 D PinnerService: pinRangeStream: null
07-07 22:31:07.067 1566 1566 I SystemServiceManager: Starting com.android.server.integrity.AppIntegrityManagerService
07-07 22:31:07.068 1566 1826 I WatchlistLoggingHandler: No need to aggregate record yet.
07-07 22:31:07.068 1566 1826 I WatchlistLoggingHandler: Milliseconds spent on tryAggregateRecords(): 7
07-07 22:31:07.068 1566 1566 E IntegrityFileManager: Error creating staging and rules directory
07-07 22:31:07.070 1566 1566 I WindowManager: SAFE MODE not enabled
07-07 22:31:07.070 1566 1566 I SystemServerTiming: StartInputMethodManagerLifecycle
07-07 22:31:07.070 1566 1566 I SystemServiceManager: Starting com.android.server.inputmethod.InputMethodManagerService$Lifecycle
07-07 22:31:07.072 1566 1566 I SystemServerTiming: StartAccessibilityManagerService
07-07 22:31:07.072 1566 1566 I SystemServiceManager: Starting com.android.server.accessibility.AccessibilityManagerService$Lifecycle
07-07 22:31:07.074 1566 1566 I SystemServerTiming: MakeDisplayReady
07-07 22:31:07.075 1566 1566 I ActivityTaskManager: Config changes=20005df8 {1.0 ?mcc?mnc [zh_CN] ldltr sw720dp w1706dp h665dp 240dpi lrg long land ?uimode ?night -touch -keyb/v/h -nav/h winConfig={ mBounds=Rect(0, 0 - 2560, 1080) mAppBounds=Rect(0, 0 - 2560, 1034) mMaxBounds=Rect(0, 0 - 2560, 1080) mWindowingMode=fullscreen mDisplayWindowingMode=fullscreen mActivityType=undefined mAlwaysOnTop=undefined mRotation=ROTATION_0} s.2 ?fontWeightAdjustment}
07-07 22:31:07.076 1566 1566 I WindowManager: Override config changes=60007dfc {1.0 ?mcc?mnc [zh_CN] ldltr sw720dp w1706dp h665dp 240dpi lrg long land ?uimode ?night -touch -keyb/v/h -nav/h winConfig={ mBounds=Rect(0, 0 - 2560, 1080) mAppBounds=Rect(0, 0 - 2560, 1034) mMaxBounds=Rect(0, 0 - 2560, 1080) mWindowingMode=fullscreen mDisplayWindowingMode=fullscreen mActivityType=undefined mAlwaysOnTop=undefined mRotation=ROTATION_0} s.2 ?fontWeightAdjustment} for displayId=0
07-07 22:31:07.078 1566 1566 I ActivityTaskManager: Config changes=8 {1.0 ?mcc?mnc [zh_CN] ldltr sw720dp w1706dp h665dp 240dpi lrg long land ?uimode ?night finger -keyb/v/h -nav/h winConfig={ mBounds=Rect(0, 0 - 2560, 1080) mAppBounds=Rect(0, 0 - 2560, 1034) mMaxBounds=Rect(0, 0 - 2560, 1080) mWindowingMode=fullscreen mDisplayWindowingMode=fullscreen mActivityType=undefined mAlwaysOnTop=undefined mRotation=ROTATION_0} s.4 ?fontWeightAdjustment}
07-07 22:31:07.079 1566 1566 I WindowManager: Override config changes=8 {1.0 ?mcc?mnc [zh_CN] ldltr sw720dp w1706dp h665dp 240dpi lrg long land ?uimode ?night finger -keyb/v/h -nav/h winConfig={ mBounds=Rect(0, 0 - 2560, 1080) mAppBounds=Rect(0, 0 - 2560, 1034) mMaxBounds=Rect(0, 0 - 2560, 1080) mWindowingMode=fullscreen mDisplayWindowingMode=fullscreen mActivityType=undefined mAlwaysOnTop=undefined mRotation=ROTATION_0} s.4 ?fontWeightAdjustment} for displayId=0
07-07 22:31:07.079 1566 1566 I SystemServerTiming: StartStorageManagerService
07-07 22:31:07.079 1566 1566 I SystemServiceManager: Starting com.android.server.StorageManagerService$Lifecycle
07-07 22:31:07.081 0 0 I [ 8.463669] init: processing action (sys.sysctl.extra_free_kbytes=*) from (/system/etc/init/hw/init.rc:1175)
07-07 22:31:07.086 1566 1687 D PinnerService: pinRangeStream: null
07-07 22:31:07.087 1566 1687 D PinnerService: pinRangeStream: null
07-07 22:31:07.087 1566 1830 D StorageManagerService: Thinking about init, mBootCompleted=false, mDaemonConnected=true
07-07 22:31:07.087 1566 1830 D StorageManagerService: Thinking about reset, mBootCompleted=false, mDaemonConnected=true
07-07 22:31:07.087 1566 1566 I SystemServerTiming: StartStorageStatsService
07-07 22:31:07.088 1566 1566 I SystemServiceManager: Starting com.android.server.usage.StorageStatsService$Lifecycle
07-07 22:31:07.088 1566 1687 D PinnerService: pinRangeStream: null
07-07 22:31:07.089 1566 1830 D StorageManagerService: Thinking about init, mBootCompleted=false, mDaemonConnected=true
07-07 22:31:07.089 1566 1830 D StorageManagerService: Thinking about reset, mBootCompleted=false, mDaemonConnected=true
07-07 22:31:07.090 1566 1566 I SystemServerTiming: StartUiModeManager
07-07 22:31:07.090 1566 1566 I SystemServiceManager: Starting com.android.server.UiModeManagerService
07-07 22:31:07.091 1566 1831 I SystemServerTimingAsync: InitThreadPoolExec:UiModeManager.onStart
07-07 22:31:07.093 1566 1566 I SystemServerTiming: UpdatePackagesIfNeeded
07-07 22:31:07.093 1566 1566 I Watchdog: Pausing HandlerChecker: main thread for reason: dexopt. Pause count: 1
07-07 22:31:07.093 1566 1566 I Watchdog: Resuming HandlerChecker: main thread for reason: dexopt. Pause count: 0
07-07 22:31:07.093 1566 1566 I SystemServerTiming: PerformFstrimIfNeeded
07-07 22:31:07.094 1566 1566 I SystemServerTiming: StartLockSettingsService
07-07 22:31:07.094 1566 1566 I SystemServiceManager: Starting com.android.server.locksettings.LockSettingsService$Lifecycle
07-07 22:31:07.102 1566 1687 D PinnerService: pinRangeStream: null
07-07 22:31:07.103 1566 1566 I SystemServerTiming: StartPersistentDataBlock
07-07 22:31:07.103 1566 1566 I SystemServiceManager: Starting com.android.server.PersistentDataBlockService
07-07 22:31:07.104 1566 1566 I SystemServerTiming: StartTestHarnessMode
07-07 22:31:07.104 1566 1566 I SystemServiceManager: Starting com.android.server.testharness.TestHarnessModeService
07-07 22:31:07.104 1566 1566 I SystemServerTiming: StartOemLockService
07-07 22:31:07.104 1566 1833 I SystemServerTimingAsync: InitThreadPoolExec:PersistentDataBlockService.onStart
07-07 22:31:07.104 1566 1566 I SystemServiceManager: Starting com.android.server.oemlock.OemLockService
07-07 22:31:07.104 1566 1566 I OemLock : OemLock HAL not present on device
07-07 22:31:07.104 1566 1566 I OemLock : Using persistent data block based lock
07-07 22:31:07.105 1566 1566 I SystemServerTiming: StartDeviceIdleController
07-07 22:31:07.105 1566 1566 I SystemServiceManager: Starting com.android.server.DeviceIdleController
07-07 22:31:07.106 1566 1566 I SystemServerTiming: StartDevicePolicyManager
07-07 22:31:07.106 1566 1566 I SystemServiceManager: Starting com.android.server.devicepolicy.DevicePolicyManagerService$Lifecycle
07-07 22:31:07.106 1566 1687 D PinnerService: pinRangeStream: null
07-07 22:31:07.106 1566 1687 D PinnerService: pinRangeStream: null
07-07 22:31:07.108 1566 1833 E PersistentDataBlockService: not able to find package com.google.android.gms
07-07 22:31:07.108 1566 1833 E PersistentDataBlockService: android.content.pm.PackageManager$NameNotFoundException: com.google.android.gms
07-07 22:31:07.108 1566 1833 E PersistentDataBlockService: at android.app.ApplicationPackageManager.getPackageUidAsUser(ApplicationPackageManager.java:364)
07-07 22:31:07.108 1566 1833 E PersistentDataBlockService: at com.android.server.PersistentDataBlockService.getAllowedUid(PersistentDataBlockService.java:162)
07-07 22:31:07.108 1566 1833 E PersistentDataBlockService: at com.android.server.PersistentDataBlockService.lambda$onStart$0$PersistentDataBlockService(PersistentDataBlockService.java:176)
07-07 22:31:07.108 1566 1833 E PersistentDataBlockService: at com.android.server.PersistentDataBlockService$$ExternalSyntheticLambda0.run(Unknown Source:2)
07-07 22:31:07.108 1566 1833 E PersistentDataBlockService: at com.android.server.SystemServerInitThreadPool.lambda$submitTask$0$SystemServerInitThreadPool(SystemServerInitThreadPool.java:105)
07-07 22:31:07.108 1566 1833 E PersistentDataBlockService: at com.android.server.SystemServerInitThreadPool$$ExternalSyntheticLambda0.run(Unknown Source:6)
07-07 22:31:07.108 1566 1833 E PersistentDataBlockService: at java.util.concurrent.Executors$RunnableAdapter.call(Executors.java:462)
07-07 22:31:07.108 1566 1833 E PersistentDataBlockService: at java.util.concurrent.FutureTask.run(FutureTask.java:266)
07-07 22:31:07.108 1566 1833 E PersistentDataBlockService: at java.util.concurrent.ThreadPoolExecutor.runWorker(ThreadPoolExecutor.java:1167)
07-07 22:31:07.108 1566 1833 E PersistentDataBlockService: at java.util.concurrent.ThreadPoolExecutor$Worker.run(ThreadPoolExecutor.java:641)
07-07 22:31:07.108 1566 1833 E PersistentDataBlockService: at com.android.internal.util.ConcurrentUtils$1$1.run(ConcurrentUtils.java:65)
07-07 22:31:07.108 1566 1687 D PinnerService: pinRangeStream: null
07-07 22:31:07.108 1566 1687 D PinnerService: pinRangeStream: null
07-07 22:31:07.108 1566 1687 E PinnerService: Could not pin file /system/lib64/libsurfaceflinger.so
07-07 22:31:07.108 1566 1687 E PinnerService: android.system.ErrnoException: open failed: ENOENT (No such file or directory)
07-07 22:31:07.108 1566 1687 E PinnerService: at libcore.io.Linux.open(Native Method)
07-07 22:31:07.108 1566 1687 E PinnerService: at libcore.io.ForwardingOs.open(ForwardingOs.java:567)
07-07 22:31:07.108 1566 1687 E PinnerService: at libcore.io.BlockGuardOs.open(BlockGuardOs.java:273)
07-07 22:31:07.108 1566 1687 E PinnerService: at android.system.Os.open(Os.java:501)
07-07 22:31:07.108 1566 1687 E PinnerService: at com.android.server.PinnerService.pinFileRanges(PinnerService.java:939)
07-07 22:31:07.108 1566 1687 E PinnerService: at com.android.server.PinnerService.pinFile(PinnerService.java:814)
07-07 22:31:07.108 1566 1687 E PinnerService: at com.android.server.PinnerService.handlePinOnStart(PinnerService.java:273)
07-07 22:31:07.108 1566 1687 E PinnerService: at com.android.server.PinnerService.access$1600(PinnerService.java:91)
07-07 22:31:07.108 1566 1687 E PinnerService: at com.android.server.PinnerService$PinnerHandler.handleMessage(PinnerService.java:1183)
07-07 22:31:07.108 1566 1687 E PinnerService: at android.os.Handler.dispatchMessage(Handler.java:106)
07-07 22:31:07.108 1566 1687 E PinnerService: at android.os.Looper.loopOnce(Looper.java:201)
07-07 22:31:07.108 1566 1687 E PinnerService: at android.os.Looper.loop(Looper.java:288)
07-07 22:31:07.108 1566 1687 E PinnerService: at android.os.HandlerThread.run(HandlerThread.java:67)
07-07 22:31:07.108 1566 1687 E PinnerService: Failed to pin file = /system/lib64/libsurfaceflinger.so
07-07 22:31:07.109 1566 1566 I DevicePolicyManager: Set ro.organization_owned property to false
07-07 22:31:07.110 1566 1566 I SystemServerTiming: StartStatusBarManagerService
07-07 22:31:07.110 1566 1566 D SystemServer: MusicRecognitionManagerService not defined by OEM or disabled by flag
07-07 22:31:07.110 1566 1566 D SystemServer: ContentCaptureService disabled because resource is not overlaid
07-07 22:31:07.110 1566 1566 D SystemServer: AttentionService is not configured on this device
07-07 22:31:07.110 1566 1566 D SystemServer: RotationResolverService is not configured on this device
07-07 22:31:07.110 1566 1566 D SystemServer: SystemCaptionsManagerService disabled because resource is not overlaid
07-07 22:31:07.110 1566 1566 I SystemServerTiming: StartTextToSpeechManagerService
07-07 22:31:07.110 1566 1566 I SystemServiceManager: Starting com.android.server.texttospeech.TextToSpeechManagerService
07-07 22:31:07.111 1566 1566 I SystemServerTiming: StartSpeechRecognitionManagerService
07-07 22:31:07.111 1566 1566 I SystemServiceManager: Starting com.android.server.speech.SpeechRecognitionManagerService
07-07 22:31:07.111 1566 1566 D SystemServer: AppPredictionService not defined by OEM
07-07 22:31:07.111 1566 1566 D SystemServer: ContentSuggestionsService not defined by OEM
07-07 22:31:07.111 1566 1566 I SystemServerTiming: StartSearchUiService
07-07 22:31:07.111 1566 1566 I SystemServiceManager: Starting com.android.server.searchui.SearchUiManagerService
07-07 22:31:07.112 1566 1566 I SystemServerTiming: StartSmartspaceService
07-07 22:31:07.112 1566 1566 I SystemServiceManager: Starting com.android.server.smartspace.SmartspaceManagerService
07-07 22:31:07.113 1566 1566 I SystemServerTiming: InitConnectivityModuleConnector
07-07 22:31:07.113 1566 1566 D ConnectivityModuleConnector: Network stack init
07-07 22:31:07.113 1566 1566 I SystemServerTiming: InitNetworkStackClient
07-07 22:31:07.113 1566 1566 I SystemServerTiming: StartNetworkManagementService
07-07 22:31:07.116 1566 1566 I SystemServerTiming: StartIpSecService
07-07 22:31:07.116 1566 1566 I SystemServerTiming: StartFontManagerService
07-07 22:31:07.162 1566 1566 I SystemServerTiming: StartTextServicesManager
07-07 22:31:07.162 1566 1566 I SystemServiceManager: Starting com.android.server.textservices.TextServicesManagerService$Lifecycle
07-07 22:31:07.163 1566 1566 I SystemServerTiming: StartTextClassificationManagerService
07-07 22:31:07.163 1566 1566 I SystemServiceManager: Starting com.android.server.textclassifier.TextClassificationManagerService$Lifecycle
07-07 22:31:07.164 1566 1566 I SystemServerTiming: StartNetworkScoreService
07-07 22:31:07.164 1566 1566 I SystemServiceManager: Starting com.android.server.NetworkScoreService$Lifecycle
07-07 22:31:07.164 1566 1566 I SystemServerTiming: StartNetworkStatsService
07-07 22:31:07.167 1566 1566 I SystemServerTiming: StartNetworkPolicyManagerService
07-07 22:31:07.174 1566 1566 I SystemServerTiming: StartWifi
07-07 22:31:07.190 1566 1566 I SystemServiceManager: Starting com.android.server.wifi.WifiService
07-07 22:31:07.249 1223 1223 I wificond: New wificond event callback registered
07-07 22:31:07.251 1566 1566 V HistoricalRegistry: Interaction before persistence initialized
07-07 22:31:07.254 1566 1566 I SystemServerTiming: StartWifiScanning
07-07 22:31:07.254 1566 1566 I SystemServiceManager: Starting com.android.server.wifi.scanner.WifiScanningService
07-07 22:31:07.258 1566 1566 I SystemServerTiming: StartRttService
07-07 22:31:07.259 1566 1566 I SystemServiceManager: Starting com.android.server.wifi.rtt.RttService
07-07 22:31:07.259 1566 1566 I SystemServerTiming: StartWifiAware
07-07 22:31:07.259 1566 1566 I SystemServiceManager: Starting com.android.server.wifi.aware.WifiAwareService
07-07 22:31:07.260 1566 1566 I SystemServerTiming: StartWifiP2P
07-07 22:31:07.260 1566 1566 I SystemServiceManager: Starting com.android.server.wifi.p2p.WifiP2pService
07-07 22:31:07.262 1566 1566 I SystemServerTiming: StartEthernet
07-07 22:31:07.262 1566 1566 I SystemServiceManager: Starting com.android.server.ethernet.EthernetService
07-07 22:31:07.263 1566 1566 I SystemServerTiming: StartPacProxyService
07-07 22:31:07.264 1566 1566 I SystemServerTiming: StartConnectivityService
07-07 22:31:07.271 1566 1566 I SystemServiceManager: Starting com.android.server.ConnectivityServiceInitializer
07-07 22:31:07.285 1566 1566 D CompatibilityChangeReporter: Compat change id reported: 182478738; UID 1000; state: ENABLED
07-07 22:31:07.287 1566 1566 I SystemServerTiming: StartVpnManagerService
07-07 22:31:07.289 1566 1566 I SystemServerTiming: StartVcnManagementService
07-07 22:31:07.290 1566 1566 I SystemServerTiming: StartNsdService
07-07 22:31:07.291 1566 1566 D NsdService: Network service discovery is enabled
07-07 22:31:07.291 1566 1566 I SystemServerTiming: StartSystemUpdateManagerService
07-07 22:31:07.292 1566 1566 I SystemUpdateManagerService: No existing info file /data/system/system-update-info.xml
07-07 22:31:07.292 1566 1566 I SystemServerTiming: StartUpdateLockService
07-07 22:31:07.292 1566 1566 I SystemServerTiming: StartNotificationManager
07-07 22:31:07.292 1566 1566 I SystemServiceManager: Starting com.android.server.notification.NotificationManagerService
07-07 22:31:07.295 1566 1566 D ConditionProviders.SCP: new ScheduleConditionProvider()
07-07 22:31:07.302 1566 1566 I NotificationAssistants: Read notification assistant permissions from xml
07-07 22:31:07.302 1566 1566 I ConditionProviders: Read condition provider permissions from xml
07-07 22:31:07.302 1566 1566 I ConditionProviders: Read condition provider permissions from xml
07-07 22:31:07.302 1566 1566 D NotificationAssistants: Approving default notification assistant for user 0
07-07 22:31:07.302 1566 1566 I ConditionProviders: Allowing condition provider android.ext.services/android.ext.services.notification.Assistant (userSet: true)
07-07 22:31:07.303 1566 1566 I GameModeConfig: isGameModeOn cache is null
07-07 22:31:07.303 1566 1566 I GameModeConfig: isGameModeOn = false
07-07 22:31:07.304 1566 1566 D CompatibilityChangeReporter: Compat change id reported: 157233955; UID 1000; state: ENABLED
07-07 22:31:07.307 1566 1566 I SystemServerTiming: StartDeviceMonitor
07-07 22:31:07.307 1566 1566 I SystemServiceManager: Starting com.android.server.storage.DeviceStorageMonitorService
07-07 22:31:07.308 1566 1566 I SystemServerTiming: StartLocationManagerService
07-07 22:31:07.308 1566 1566 I SystemServiceManager: Starting com.android.server.location.LocationManagerService$Lifecycle
07-07 22:31:07.309 1566 1566 I SystemServerTiming: StartCountryDetectorService
07-07 22:31:07.310 1566 1566 I SystemServerTiming: StartTimeDetectorService
07-07 22:31:07.310 1566 1566 I SystemServiceManager: Starting com.android.server.timedetector.TimeDetectorService$Lifecycle
07-07 22:31:07.310 1566 1566 I SystemServerTiming: StartTimeZoneDetectorService
07-07 22:31:07.310 1566 1566 I SystemServiceManager: Starting com.android.server.timezonedetector.TimeZoneDetectorService$Lifecycle
07-07 22:31:07.311 1566 1566 I SystemServerTiming: StartLocationTimeZoneManagerService
07-07 22:31:07.311 1566 1566 I SystemServiceManager: Starting com.android.server.timezonedetector.location.LocationTimeZoneManagerService$Lifecycle
07-07 22:31:07.311 1566 1566 I SystemServerTiming: StartSearchManagerService
07-07 22:31:07.311 1566 1566 I SystemServiceManager: Starting com.android.server.search.SearchManagerService$Lifecycle
07-07 22:31:07.311 1566 1566 I SystemServerTiming: StartWallpaperManagerService
07-07 22:31:07.312 1566 1566 I SystemServiceManager: Starting com.android.server.wallpaper.WallpaperManagerService$Lifecycle
07-07 22:31:07.312 1566 1566 I SystemServerTiming: StartAudioService
07-07 22:31:07.312 1566 1566 I SystemServiceManager: Starting com.android.server.audio.AudioService$Lifecycle
07-07 22:31:07.330 1566 1566 I MicroServiceManager: Init MicroServiceManager: FSEM_AudioService
07-07 22:31:07.330 1566 1566 I MicroServiceManager: addCommonCallbackListener add listener: FSEM_AudioService
07-07 22:31:07.330 1566 1566 I MicroServiceManager: Bind and register callback to MicroService: FSEM_AudioService
07-07 22:31:07.330 1566 1566 I MicroServiceManager: Bind and register callback to MicroService: FSEM_AudioService, result: failure, retry after 3s.
07-07 22:31:07.330 1566 1566 I MicroServiceManager: addConnectChangedListener add listener: FSEM_AudioService
07-07 22:31:07.331 1566 1566 D PowerManagerService: acquireWakeLockInternal: lock=198397492, flags=0x1, tag="handleAudioEvent", ws=null, uid=1000, pid=1566
07-07 22:31:07.334 1566 1566 I SystemServerTiming: StartSoundTriggerMiddlewareService
07-07 22:31:07.334 1566 1566 I SystemServiceManager: Starting com.android.server.soundtrigger_middleware.SoundTriggerMiddlewareService$Lifecycle
07-07 22:31:07.336 1566 1566 I SystemServerTiming: StartDockObserver
07-07 22:31:07.336 1566 1566 I SystemServiceManager: Starting com.android.server.DockObserver
07-07 22:31:07.337 1566 1566 W DockObserver: This kernel does not have dock station support
07-07 22:31:07.338 1566 1566 I SystemServerTiming: StartWiredAccessoryManager
07-07 22:31:07.338 1566 1566 W WiredAccessoryManager: This kernel does not have usb audio support
07-07 22:31:07.338 1566 1566 W WiredAccessoryManager: This kernel does not have HDMI audio support
07-07 22:31:07.338 1566 1566 E WiredAccessoryManager: file /sys/devices/platform/soc/soc:qcom,msm-ext-disp/extcon/extcon3/name not found
07-07 22:31:07.338 1566 1566 W WiredAccessoryManager: Conn soc:qcom,msm-ext-disp/3/0 does not have DP audio support
07-07 22:31:07.338 1566 1566 E WiredAccessoryManager: file /sys/devices/platform/soc/soc:qcom,msm-ext-disp/extcon/extcon2/name not found
07-07 22:31:07.338 1566 1566 W WiredAccessoryManager: Conn soc:qcom,msm-ext-disp/2/0 does not have DP audio support
07-07 22:31:07.339 1566 1566 E WiredAccessoryManager: set dev_index 1
07-07 22:31:07.339 1566 1566 W WiredAccessoryManager: checkCableIndex set cable 0
07-07 22:31:07.339 1566 1566 E WiredAccessoryManager: set dev_index 0
07-07 22:31:07.339 1566 1566 W WiredAccessoryManager: checkCableIndex set cable 0
07-07 22:31:07.339 1566 1566 I SystemServerTiming: StartMidiManager
07-07 22:31:07.339 1566 1566 I SystemServiceManager: Starting com.android.server.midi.MidiService$Lifecycle
07-07 22:31:07.339 1566 1566 I SystemServerTiming: StartAdbService
07-07 22:31:07.339 1566 1566 I SystemServiceManager: Starting com.android.server.adb.AdbService$Lifecycle
07-07 22:31:07.344 0 0 I : [ 8.726787] acc_open
07-07 22:31:07.344 0 0 I : [ 8.726792] acc_release
07-07 22:31:07.341 1566 1566 I SystemServerTiming: StartUsbService
07-07 22:31:07.341 1566 1566 I SystemServiceManager: Starting com.android.server.usb.UsbService$Lifecycle
07-07 22:31:07.341 1566 1566 I SystemServerTiming: StartSerialService
07-07 22:31:07.341 1566 1685 I SystemServerTimingAsync: InitThreadPoolExec:UsbService$Lifecycle#onStart
07-07 22:31:07.341 1566 1685 E UsbDeviceManager: failed to write to /sys/class/android_usb/android0/f_rndis/ethaddr
07-07 22:31:07.342 1566 1566 I SystemServerTiming: StartHardwarePropertiesManagerService
07-07 22:31:07.342 1566 1685 I UsbDeviceManager: USB GADGET HAL not present in the device
07-07 22:31:07.342 1566 1685 I UsbDeviceManager: java.util.NoSuchElementException
07-07 22:31:07.342 1566 1685 I UsbDeviceManager: at android.os.HwBinder.getService(Native Method)
07-07 22:31:07.342 1566 1685 I UsbDeviceManager: at android.hardware.usb.gadget.V1_0.IUsbGadget.getService(IUsbGadget.java:57)
07-07 22:31:07.342 1566 1685 I UsbDeviceManager: at android.hardware.usb.gadget.V1_0.IUsbGadget.getService(IUsbGadget.java:64)
