07-10 16:10:03.016 1907 2875 I OpenGLRenderer: Davey! duration=2973ms; Flags=0, FrameTimelineVsyncId=193, IntendedVsync=10428971700, Vsync=13378971582, InputEventId=0, HandleInputStart=13392938899, AnimationStart=13392940149, PerformTraversalsStart=13393341295, DrawStart=13397009420, FrameDeadline=10445638366, FrameInterval=13392910357, FrameStartTime=16666666, SyncQueued=13397036972, SyncStart=13397347545, IssueDrawCommandsStart=13397415670, SwapBuffers=13400868326, FrameCompleted=13403190305, DequeueBufferDuration=26562, QueueBufferDuration=1036928, GpuCompleted=13403190305, SwapBuffersCompleted=13402495045, DisplayPresentTime=0,
07-10 16:10:03.016 1907 2875 I OpenGLRenderer: Davey! duration=2975ms; Flags=0, FrameTimelineVsyncId=193, IntendedVsync=10428971700, Vsync=13378971582, InputEventId=0, HandleInputStart=13392938899, AnimationStart=13392940149, PerformTraversalsStart=13393341295, DrawStart=13402564263, FrameDeadline=10462305032, FrameInterval=13392910357, FrameStartTime=16666666, SyncQueued=13402677284, SyncStart=13402754211, IssueDrawCommandsStart=13402813326, SwapBuffers=13403229263, FrameCompleted=13404085253, DequeueBufferDuration=12188, QueueBufferDuration=680886, GpuCompleted=13403412961, SwapBuffersCompleted=13404085253, DisplayPresentTime=0,
07-10 16:10:03.016 1905 3574 D ObexServerSockets3: Accepting socket connection...
07-10 16:10:03.019 1907 2341 D LocalBluetoothProfileManager: Adding local SAP profile
07-10 16:10:03.019 1907 2341 D BluetoothSap: Create BluetoothSap proxy object
07-10 16:10:03.019 1907 2341 D BluetoothSap: Binding service...
07-10 16:10:03.021 1907 2341 D BluetoothController: BluetoothStateChanged=UNKNOWN(12)
07-10 16:10:03.022 815 3078 I vendor.qti.bluetooth@1.0-ibs_handler: ProcessIbsCmd: Received IBS_WAKE_ACK: 0xFC
07-10 16:10:03.022 815 3078 I vendor.qti.bluetooth@1.0-ibs_handler: ProcessIbsCmd: Signal wack_cond_
07-10 16:10:03.022 815 815 D vendor.qti.bluetooth@1.0-ibs_handler: DeviceWakeUp: Unblocked from waiting for FC, pthread_cond_timedwait ret = 0
07-10 16:10:03.023 815 3078 I vendor.qti.bluetooth@1.0-ibs_handler: ProcessIbsCmd: Received IBS_WAKE_IND: 0xFD
07-10 16:10:03.023 815 3078 I vendor.qti.bluetooth@1.0-ibs_handler: ProcessIbsCmd: Writing IBS_WAKE_ACK
07-10 16:10:03.028 1907 2341 D PeopleSpaceWidgetMgr: Sbn doesn't contain valid PeopleTileKey: null/0/com.android.systemui
07-10 16:10:03.032 1907 2341 D Tile.BluetoothTile: handleUpdateState: true, connected: false, isTransient: false
07-10 16:10:03.032 1907 1907 D BluetoothA2dp: Proxy object connected
07-10 16:10:03.033 1907 1907 D BluetoothMap: Proxy object connected
07-10 16:10:03.033 1907 2341 D Tile.BluetoothTile: handleUpdateState: true, connected: false, isTransient: false
07-10 16:10:03.033 1907 1907 D BluetoothMap: getConnectedDevices()
07-10 16:10:03.034 1907 2341 D Tile.BluetoothTile: handleUpdateState: true, connected: false, isTransient: false
07-10 16:10:03.035 1907 1907 D BluetoothHidHost: Proxy object connected
07-10 16:10:03.035 1905 1921 D BluetoothHidHostService: getDevicesMatchingConnectionStates()
07-10 16:10:03.036 1907 1907 D BluetoothPan: Proxy object connected
07-10 16:10:03.036 1566 1600 D CompatibilityChangeReporter: Compat change id reported: 135634846; UID 1000; state: DISABLED
07-10 16:10:03.036 1566 1600 D CompatibilityChangeReporter: Compat change id reported: 177438394; UID 1000; state: DISABLED
07-10 16:10:03.036 1566 1600 D CompatibilityChangeReporter: Compat change id reported: 135772972; UID 1000; state: DISABLED
07-10 16:10:03.036 1566 1600 D CompatibilityChangeReporter: Compat change id reported: 135754954; UID 1000; state: ENABLED
07-10 16:10:03.041 1907 1907 D BluetoothSap: Proxy object connected
07-10 16:10:03.041 1907 1907 D BluetoothSap: getConnectedDevices()
07-10 16:10:03.041 1905 1921 V SapService: getConnectedDevices()
07-10 16:10:03.042 683 683 D Zygote : Forked child process 3576
07-10 16:10:03.043 1566 1690 I ActivityManager: Start proc 3576:com.android.keychain/1000 for service {com.android.keychain/com.android.keychain.KeyChainService}
07-10 16:10:03.044 1907 1907 V MediaTimeout: processState 0|com.android.systemui|1|empty_media|10077: null
07-10 16:10:03.044 1907 1907 V MediaTimeout: schedule timeout for 0|com.android.systemui|1|empty_media|10077 playing false, false
07-10 16:10:03.044 1907 1907 D MediaResumeListener: Checking for service component for com.android.systemui
07-10 16:10:03.046 2555 2555 D TouchInteractionService: Touch service destroyed: user=0
07-10 16:10:03.046 1566 1600 W InputManager-JNI: Input channel object 'recents_animation_input_consumer (client)' was disposed without first being removed with the input manager!
07-10 16:10:03.047 1566 1817 I InputDispatcher: Erasing monitor swipe-up (server) on display 0, pid=2555
07-10 16:10:03.048 1566 2679 D CompatibilityInfo: mCompatibilityFlags - 4
07-10 16:10:03.048 1566 2679 D CompatibilityInfo: applicationDensity - 240
07-10 16:10:03.048 1566 2679 D CompatibilityInfo: applicationScale - 1.0
07-10 16:10:03.049 1907 1907 D KeyguardUpdateMonitor: received broadcast android.intent.action.TIME_SET
07-10 16:10:03.053 1907 1907 D KeyguardUpdateMonitor: handleTimeUpdate
07-10 16:10:03.053 1566 2679 I InputDispatcher: Created monitor swipe-up for display 0, gesture=true, pid=2555
07-10 16:10:03.053 1566 3272 I InputDispatcher: Created monitor swipe-up for display 0, gesture=true, pid=2555
07-10 16:10:03.054 2555 2555 D TouchInteractionService: Touch service connected: user=0
07-10 16:10:03.054 1566 1817 I InputDispatcher: Erasing monitor swipe-up (server) on display 0, pid=2555
07-10 16:10:03.054 1566 1817 I InputDispatcher: Erasing monitor swipe-up (server) on display 0, pid=2555
07-10 16:10:03.054 1566 2679 I InputDispatcher: Created monitor swipe-up for display 0, gesture=true, pid=2555
07-10 16:10:03.065 3576 3576 E ndroid.keychai: Not starting debugger since process cannot load the jdwp agent.
07-10 16:10:03.067 3576 3576 D ProcessState: Binder ioctl to enable oneway spam detection failed: Invalid argument
07-10 16:10:03.069 0 0 I [ 13.469792] binder: 3576:3576 ioctl 40046210 7fe4a4a554 returned -22
07-10 16:10:03.070 1566 2679 D CompatibilityInfo: mCompatibilityFlags - 4
07-10 16:10:03.070 1566 2679 D CompatibilityInfo: applicationDensity - 240
07-10 16:10:03.070 1566 2679 D CompatibilityInfo: applicationScale - 1.0
07-10 16:10:03.071 1566 2679 D CompatibilityInfo: mCompatibilityFlags - 4
07-10 16:10:03.071 1566 2679 D CompatibilityInfo: applicationDensity - 240
07-10 16:10:03.071 1566 2679 D CompatibilityInfo: applicationScale - 1.0
07-10 16:10:03.073 3576 3576 D CompatibilityChangeReporter: Compat change id reported: 171979766; UID 1000; state: ENABLED
07-10 16:10:03.079 3576 3576 I Perf : Connecting to perf service.
07-10 16:10:03.081 3576 3576 V GraphicsEnvironment: ANGLE Developer option for 'com.android.keychain' set to: 'default'
07-10 16:10:03.081 3576 3576 V GraphicsEnvironment: ANGLE GameManagerService for com.android.keychain: false
07-10 16:10:03.082 3576 3576 D NetworkSecurityConfig: No Network Security Config specified, using platform default
07-10 16:10:03.082 3576 3576 D NetworkSecurityConfig: No Network Security Config specified, using platform default
07-10 16:10:03.090 1907 2341 D Tile.BluetoothTile: handleUpdateState: true, connected: false, isTransient: false
07-10 16:10:03.090 1907 2341 D Tile.BluetoothTile: handleUpdateState: true, connected: false, isTransient: false
07-10 16:10:03.092 1907 2341 D Tile.BluetoothTile: handleUpdateState: true, connected: false, isTransient: false
07-10 16:10:03.093 1907 2341 D Tile.BluetoothTile: handleUpdateState: true, connected: false, isTransient: false
07-10 16:10:03.093 1907 2341 D Tile.BluetoothTile: handleUpdateState: true, connected: false, isTransient: false
07-10 16:10:03.103 815 3078 I vendor.qti.bluetooth@1.0-ibs_handler: ProcessIbsCmd: Received IBS_SLEEP_IND: 0xFE
07-10 16:10:03.114 0 0 W [ 13.514413] QSEECOM: qseecom_load_app: App with id 7 (fingerpr) now loaded
07-10 16:10:03.112 1405 3570 D QSEECOMAPI: Loaded image: APP id = 7
07-10 16:10:03.114 1907 1949 D BluetoothHeadset: Proxy object connected
07-10 16:10:03.118 1405 3570 I QFP : qsc_start_app: Loading app [fingerpr] succeeded
07-10 16:10:03.118 1405 3570 I QFP : openFramework: entry with eeprom_buffer_size=0
07-10 16:10:03.120 1905 2904 D BluetoothDatabase: getBondedDevicesOrdered: Invalid address for device LocalStorage
07-10 16:10:03.123 532 569 D DrmLibTime: got the req here! ret=0
07-10 16:10:03.123 532 569 D DrmLibTime: command id, time_cmd_id = 770
07-10 16:10:03.123 532 569 D DrmLibTime: time_getutcsec starts!
07-10 16:10:03.123 532 569 D DrmLibTime: QSEE Time Listener: time_getutcsec
07-10 16:10:03.123 532 569 D DrmLibTime: QSEE Time Listener: get_utc_seconds
07-10 16:10:03.124 532 569 D DrmLibTime: QSEE Time Listener: time_get_modem_time
07-10 16:10:03.124 532 569 D DrmLibTime: QSEE Time Listener: Checking if ATS_MODEM is set or not.
07-10 16:10:03.124 532 569 D QC-time-services: Lib:time_genoff_operation: pargs->base = 13
07-10 16:10:03.124 532 569 D QC-time-services: Lib:time_genoff_operation: pargs->operation = 2
07-10 16:10:03.124 532 569 D QC-time-services: Lib:time_genoff_operation: pargs->ts_val = 0
07-10 16:10:03.124 532 569 D QC-time-services: Lib:time_genoff_operation: Send to server passed!!
07-10 16:10:03.124 660 928 D QC-time-services: Daemon: Connection accepted:time_genoff
07-10 16:10:03.124 660 3596 D QC-time-services: Daemon:Received base = 13, unit = 1, operation = 2,value = 0
07-10 16:10:03.124 660 3596 D QC-time-services: Daemon:genoff_opr: Base = 13, val = 0, operation = 2
07-10 16:10:03.124 660 3596 D QC-time-services: offset is: 0 for base: 13
07-10 16:10:03.124 532 569 E QC-time-services: Receive Passed == base = 13, unit = 1, operation = 2, result = 0
07-10 16:10:03.124 532 569 D DrmLibTime: QSEE Time Listener: ATS_MODEM is not set. Fallback to Android system time.
07-10 16:10:03.124 532 569 D DrmLibTime: QSEE Time Listener: Retrieved Android system time: 1688976603
07-10 16:10:03.124 532 569 D DrmLibTime: time_getutcsec returns 0, sec = 1688976603; nsec = 0
07-10 16:10:03.124 532 569 D DrmLibTime: time_getutcsec finished!
07-10 16:10:03.124 532 569 D DrmLibTime: iotcl_continue_command finished! and return 0
07-10 16:10:03.124 532 569 D DrmLibTime: before calling ioctl to read the next time_cmd
07-10 16:10:03.128 660 928 E QC-time-services: Daemon: Time-services: Waiting to acceptconnection
07-10 16:10:03.130 1907 2341 D Tile.BluetoothTile: handleUpdateState: true, connected: false, isTransient: false
07-10 16:10:03.130 1907 1907 D MediaCarouselController: Create MediaControlPanel
07-10 16:10:03.131 1907 1907 D MediaCarouselController: Create PlayerViewHolder
07-10 16:10:03.160 1907 1907 W ConstraintSet: id unknown center_vertical_guideline
07-10 16:10:03.161 1907 1907 W ConstraintSet: id unknown center_horizontal_guideline
07-10 16:10:03.161 1907 1907 W ConstraintSet: id unknown media_action_barrier
07-10 16:10:03.161 1907 1907 W ConstraintSet: id unknown remove_text
07-10 16:10:03.161 1907 1907 W ConstraintSet: id unknown settings
07-10 16:10:03.161 1907 1907 W ConstraintSet: id unknown cancel
07-10 16:10:03.161 1907 1907 W ConstraintSet: id unknown dismiss
07-10 16:10:03.202 1405 3570 E QFP : qfpCommand: error from send_command_to_tz: 0, QFP result -11 on (0 0)
07-10 16:10:03.202 1405 3570 I QFP : close: close, usecase 3 options 0
07-10 16:10:03.202 1405 3570 I QFP : closeHandle: closeHandle (0 0)
07-10 16:10:03.212 1405 3570 D QSEECOMAPI: QSEECom_dealloc_memory
07-10 16:10:03.212 1405 3570 D QSEECOMAPI: QSEECom_shutdown_app, app_id = 7
07-10 16:10:03.225 1405 3570 E QFP : Dropping unsupported QBT command
07-10 16:10:03.225 1405 3570 I QFP : openFramework:QFP TZ VERSION: 3.0.3.39
07-10 16:10:03.225 1405 3570 E QFP : releaseWakelock: qbt sensor handle is invalid
07-10 16:10:03.225 1405 3570 E QFP : qfp_init failed -1
07-10 16:10:03.225 1405 3570 I QFP : QfpThreadOptimize::invoke: entry.
07-10 16:10:03.225 1405 3570 I QFP : QfpThreadOptimize::invoke: QFP not initialized, exiting Optimize thread
07-10 16:10:03.225 1405 3570 I QFP : QfpThreadErieEvent::invoke: entry.
07-10 16:10:03.225 1405 3570 I QFP : QfpThreadErieEvent::invoke: QFP not initialized, exiting ErieEvent thread
07-10 16:10:03.226 0 0 W [ 13.627311] QSEECOM: __qseecom_unload_app: App (7) is unloaded
07-10 16:10:03.226 0 0 D [ 13.627610] qbt: qbt_release: entry minor_no=0 fd_available=0
07-10 16:10:03.226 0 0 D [ 13.627611] qbt: qbt_release: Releasing wakelock
07-10 16:10:03.226 0 0 D [ 13.627612] qbt: qbt_release: exit : fd_available=1
07-10 16:10:03.226 0 0 D [ 13.627614] qbt: qbt_release: entry minor_no=1 fd_available=1
07-10 16:10:03.226 0 0 D [ 13.627614] qbt: qbt_release: exit : fd_available=1
07-10 16:10:03.225 1405 1405 I QFP : notifyPowerState: 2
07-10 16:10:03.226 1405 1405 I QFP : notifyPowerState: 2
07-10 16:10:03.226 1405 1405 I QFP : notifyPowerState: screen state 2
07-10 16:10:03.226 1405 1405 E QFP : set active group call error -1
07-10 16:10:03.226 1405 3598 I QFP : QfpThreadOptimize::invoke: entry.
07-10 16:10:03.226 1405 3598 I QFP : QfpThreadOptimize::invoke: QFP not initialized, exiting Optimize thread
07-10 16:10:03.226 1405 3598 I QFP : QfpThreadErieEvent::invoke: entry.
07-10 16:10:03.226 1405 3598 I QFP : QfpThreadErieEvent::invoke: QFP not initialized, exiting ErieEvent thread
07-10 16:10:03.226 1566 1566 W Looper : Slow dispatch took 237ms main h=android.os.Handler c=com.android.server.biometrics.sensors.fingerprint.hidl.Fingerprint21$$ExternalSyntheticLambda2@acdeb0f m=0
07-10 16:10:03.227 1566 1566 D BiometricScheduler/Fingerprint21: [Added] {[1] FingerprintUpdateActiveUserClient, proto=1, owner=android, cookie=0, requestId=-1, userId=0}, new queue size: 1
07-10 16:10:03.227 1566 1566 V BiometricScheduler/Fingerprint21: Not idle, current operation: {[0] FingerprintUpdateActiveUserClient, proto=1, owner=android, cookie=0, requestId=-1, userId=0}, State: 2
07-10 16:10:03.227 1566 1566 D BiometricScheduler/Fingerprint21: [Added] {[2] FingerprintInternalCleanupClient, proto=7, owner=android, cookie=0, requestId=-1, userId=0}, new queue size: 2
07-10 16:10:03.227 1566 1566 V BiometricScheduler/Fingerprint21: Not idle, current operation: {[0] FingerprintUpdateActiveUserClient, proto=1, owner=android, cookie=0, requestId=-1, userId=0}, State: 2
07-10 16:10:03.227 1566 1566 W Looper : Slow delivery took 238ms main h=android.os.Handler c=com.android.server.biometrics.sensors.fingerprint.hidl.Fingerprint21$$ExternalSyntheticLambda12@f3685a5 m=0
07-10 16:10:03.228 1566 1566 D NetworkSecurityConfig: No Network Security Config specified, using platform default
07-10 16:10:03.229 1566 1566 E BootReceiver: Could not open /sys/kernel/tracing/instances/bootreceiver/trace_pipe
07-10 16:10:03.229 1566 1566 E BootReceiver: android.system.ErrnoException: open failed: ENOENT (No such file or directory)
07-10 16:10:03.229 1566 1566 E BootReceiver: at libcore.io.Linux.open(Native Method)
07-10 16:10:03.229 1566 1566 E BootReceiver: at libcore.io.ForwardingOs.open(ForwardingOs.java:567)
07-10 16:10:03.229 1566 1566 E BootReceiver: at libcore.io.BlockGuardOs.open(BlockGuardOs.java:273)
07-10 16:10:03.229 1566 1566 E BootReceiver: at android.system.Os.open(Os.java:501)
07-10 16:10:03.229 1566 1566 E BootReceiver: at com.android.server.BootReceiver.onReceive(BootReceiver.java:167)
07-10 16:10:03.229 1566 1566 E BootReceiver: at android.app.ActivityThread.handleReceiver(ActivityThread.java:4309)
07-10 16:10:03.229 1566 1566 E BootReceiver: at android.app.ActivityThread.access$1600(ActivityThread.java:248)
07-10 16:10:03.229 1566 1566 E BootReceiver: at android.app.ActivityThread$H.handleMessage(ActivityThread.java:2065)
07-10 16:10:03.229 1566 1566 E BootReceiver: at android.os.Handler.dispatchMessage(Handler.java:106)
07-10 16:10:03.229 1566 1566 E BootReceiver: at android.os.Looper.loopOnce(Looper.java:201)
07-10 16:10:03.229 1566 1566 E BootReceiver: at android.os.Looper.loop(Looper.java:288)
07-10 16:10:03.229 1566 1566 E BootReceiver: at com.android.server.SystemServer.run(SystemServer.java:909)
07-10 16:10:03.229 1566 1566 E BootReceiver: at com.android.server.SystemServer.main(SystemServer.java:616)
07-10 16:10:03.229 1566 1566 E BootReceiver: at java.lang.reflect.Method.invoke(Native Method)
07-10 16:10:03.229 1566 1566 E BootReceiver: at com.android.internal.os.RuntimeInit$MethodAndArgsCaller.run(RuntimeInit.java:548)
07-10 16:10:03.229 1566 1566 E BootReceiver: at com.android.internal.os.ZygoteInit.main(ZygoteInit.java:987)
07-10 16:10:03.230 1566 1566 I ActivityManager: Killing 2398:com.android.settings/1000 (adj 905): empty #2
07-10 16:10:03.232 1566 3599 I RecoverySystem: No recovery log file
07-10 16:10:03.231 1566 1566 W Thread-27: type=1400 audit(0.0:104): avc: denied { getattr } for path="/data/tlog/fatal/dropbox" dev="dm-15" ino=449366 scontext=u:r:system_server:s0 tcontext=u:object_r:tlog_data_file:s0 tclass=dir permissive=0
07-10 16:10:03.233 1566 1566 D CompatibilityInfo: mCompatibilityFlags - 4
07-10 16:10:03.233 1566 1566 D CompatibilityInfo: applicationDensity - 240
07-10 16:10:03.233 1566 1566 D CompatibilityInfo: applicationScale - 1.0
07-10 16:10:03.234 1566 3599 I DropBoxManagerService: add tag=SYSTEM_BOOT isTagEnabled=true flags=0x2
07-10 16:10:03.234 1566 3599 E DropBoxManagerService: Can't write: SYSTEM_BOOT
07-10 16:10:03.234 1566 3599 E DropBoxManagerService: java.io.IOException: Can't mkdir: /data/tlog/fatal/dropbox
07-10 16:10:03.234 1566 3599 E DropBoxManagerService: at com.android.server.DropBoxManagerService.init(DropBoxManagerService.java:1011)
07-10 16:10:03.234 1566 3599 E DropBoxManagerService: at com.android.server.DropBoxManagerService.addEntry(DropBoxManagerService.java:470)
07-10 16:10:03.234 1566 3599 E DropBoxManagerService: at com.android.server.DropBoxManagerService.addEntry(DropBoxManagerService.java:421)
07-10 16:10:03.234 1566 3599 E DropBoxManagerService: at com.android.server.DropBoxManagerService.addData(DropBoxManagerService.java:392)
07-10 16:10:03.234 1566 3599 E DropBoxManagerService: at com.android.server.DropBoxManagerService$2.addData(DropBoxManagerService.java:161)
07-10 16:10:03.234 1566 3599 E DropBoxManagerService: at android.os.DropBoxManager.addData(DropBoxManager.java:333)
07-10 16:10:03.234 1566 3599 E DropBoxManagerService: at android.os.DropBoxManager.addText(DropBoxManager.java:320)
07-10 16:10:03.234 1566 3599 E DropBoxManagerService: at com.android.server.BootReceiver.logBootEvents(BootReceiver.java:445)
07-10 16:10:03.234 1566 3599 E DropBoxManagerService: at com.android.server.BootReceiver.access$000(BootReceiver.java:72)
07-10 16:10:03.234 1566 3599 E DropBoxManagerService: at com.android.server.BootReceiver$1.run(BootReceiver.java:144)
07-10 16:10:03.235 1566 3599 I BootReceiver: Copying audit failures to DropBox
07-10 16:10:03.236 1566 1566 D BiometricScheduler/Fingerprint21: [Finishing] {[0] FingerprintUpdateActiveUserClient, proto=1, owner=android, cookie=0, requestId=-1, userId=0}, success: true
07-10 16:10:03.236 1566 1566 D BiometricScheduler/Fingerprint21: [Polled] {[1] FingerprintUpdateActiveUserClient, proto=1, owner=android, cookie=0, requestId=-1, userId=0}, State: 0
07-10 16:10:03.236 1566 1566 D BiometricScheduler/Fingerprint21: [Starting] {[1] FingerprintUpdateActiveUserClient, proto=1, owner=android, cookie=0, requestId=-1, userId=0}, State: 0
07-10 16:10:03.236 1566 1566 D BiometricScheduler/Fingerprint21: [Started] {[1] FingerprintUpdateActiveUserClient, proto=1, owner=android, cookie=0, requestId=-1, userId=0}
07-10 16:10:03.236 1566 1691 I libprocessgroup: Successfully killed process cgroup uid 1000 pid 2398 in 5ms
07-10 16:10:03.236 1405 1405 I QFP : notifyPowerState: 2
07-10 16:10:03.236 1405 1405 I QFP : notifyPowerState: 2
07-10 16:10:03.236 1405 1405 I QFP : notifyPowerState: 2
07-10 16:10:03.236 1405 1405 I QFP : notifyPowerState: screen state 2
07-10 16:10:03.236 1405 3600 I QFP : Initializing QFP framework, container 0 handle 0
07-10 16:10:03.236 1405 3600 I QFP : getPersistPropVal: persist.vendor.qfp.qbt_fd_name = /dev/qbt_fd (default /dev/qbt_fd)
07-10 16:10:03.236 1405 3600 I QFP : getPersistPropVal: persist.vendor.qfp.qbt_ipc_name = /dev/qbt_ipc (default /dev/qbt_ipc)
07-10 16:10:03.236 1405 3600 E QFP : Dropping unsupported QBT command
07-10 16:10:03.237 1405 3600 D QSEECOMAPI: QSEECom_get_handle sb_length = 0x40000
07-10 16:10:03.237 1566 3599 I BootReceiver: Checking for fsck errors
07-10 16:10:03.237 1405 3600 D QSEECOMAPI: App is not loaded in QSEE
07-10 16:10:03.237 1405 3600 D QSEECOMAPI: app_arch = 2, total_files = 9
07-10 16:10:03.237 1405 3600 E ion : ioctl c0044901 failed with code -1: Inappropriate ioctl for device
07-10 16:10:03.238 0 0 D [ 13.638717] qbt: qbt_open: entry minor_no=0 fd_available=1
07-10 16:10:03.238 0 0 D [ 13.638720] qbt: qbt_open: exit : 0 fd_available=0
07-10 16:10:03.238 0 0 D [ 13.638734] qbt: qbt_open: entry minor_no=1 fd_available=0
07-10 16:10:03.238 0 0 D [ 13.638735] qbt: qbt_open: exit : 0 fd_available=0
07-10 16:10:03.238 0 0 D [ 13.638746] qbt: qbt_ioctl: cmd received 107
07-10 16:10:03.238 0 0 D [ 13.638747] qbt: qbt_ioctl: Acquiring wakelock
07-10 16:10:03.238 1566 3599 I BootReceiver: fs_stat, partition:dsp_a stat:0x3
07-10 16:10:03.238 1566 3599 I BootReceiver: fs_stat, partition:persist stat:0x40b
07-10 16:10:03.251 1566 3599 D CompatibilityChangeReporter: Compat change id reported: 135634846; UID 10023; state: DISABLED
07-10 16:10:03.251 1566 3599 D CompatibilityChangeReporter: Compat change id reported: 177438394; UID 10023; state: DISABLED
07-10 16:10:03.251 1566 3599 D CompatibilityChangeReporter: Compat change id reported: 135772972; UID 10023; state: DISABLED
07-10 16:10:03.251 1566 3599 D CompatibilityChangeReporter: Compat change id reported: 135754954; UID 10023; state: ENABLED
07-10 16:10:03.251 1566 1690 D CompatibilityChangeReporter: Compat change id reported: 143937733; UID 10023; state: ENABLED
07-10 16:10:03.258 0 0 W [ 13.657494] QSEECOM: qseecom_load_app: App (fingerpr) does'nt exist, loading apps for first time
07-10 16:10:03.262 683 683 D Zygote : Forked child process 3601
07-10 16:10:03.262 1566 1690 I ActivityManager: Start proc 3601:android.process.media/u0a23 for content provider {com.android.providers.downloads/com.android.providers.downloads.DownloadProvider}
07-10 16:10:03.268 683 683 I Zygote : Process 2398 exited due to signal 9 (Killed)
07-10 16:10:03.268 1566 1681 W ActivityManager: setHasOverlayUi called on unknown pid: 2398
07-10 16:10:03.274 2133 2133 D NetworkSecurityConfig: No Network Security Config specified, using platform default
07-10 16:10:03.274 2133 2133 W nsconfig: .dataservices: New config does not match the previously set config.
07-10 16:10:03.275 2133 2133 D DpmServiceAppReceiver: Received Intent Intent { act=android.intent.action.BOOT_COMPLETED flg=0x89000010 cmp=com.qti.dpmserviceapp/.DpmServiceAppReceiver (has extras) }
07-10 16:10:03.277 1566 3602 D CompatibilityInfo: mCompatibilityFlags - 4
07-10 16:10:03.277 1566 3602 D CompatibilityInfo: applicationDensity - 240
07-10 16:10:03.277 1566 3602 D CompatibilityInfo: applicationScale - 1.0
07-10 16:10:03.277 3601 3601 E d.process.medi: Not starting debugger since process cannot load the jdwp agent.
07-10 16:10:03.277 2133 2133 D DpmServiceAppReceiver: DpmService Auto Boot Started Successfully
07-10 16:10:03.278 2133 2133 D DpmServiceApp: Mwqem feature is disabled
07-10 16:10:03.278 2133 2133 D DpmServiceApp: dpmd system daemon is enabled
07-10 16:10:03.278 2133 2133 D DpmServiceApp: start dpm system service
07-10 16:10:03.282 0 0 I [ 13.682286] binder: 3601:3601 ioctl 40046210 7fe4a4a554 returned -22
07-10 16:10:03.280 1566 3602 D CompatibilityChangeReporter: Compat change id reported: 168419799; UID 10076; state: DISABLED
07-10 16:10:03.280 1566 3602 D CompatibilityInfo: mCompatibilityFlags - 4
07-10 16:10:03.280 1566 3602 D CompatibilityInfo: applicationDensity - 240
07-10 16:10:03.280 1566 3602 D CompatibilityInfo: applicationScale - 1.0
07-10 16:10:03.280 3601 3601 D ProcessState: Binder ioctl to enable oneway spam detection failed: Invalid argument
07-10 16:10:03.285 2133 2133 E DPMJ : |SERVICE| DPM SERVICE REGISTER SERVICE FOR NETWORK CHANGE.
07-10 16:10:03.288 2133 3617 I DPMJ : |REQ:RCVR| DPM creating socket
07-10 16:10:03.288 1566 1600 D CompatibilityChangeReporter: Compat change id reported: 168419799; UID 10023; state: DISABLED
07-10 16:10:03.288 2133 3617 I DPMJ : |REQ:RCVR| Connected to 'dpmd' socket
07-10 16:10:03.288 1566 1600 D CompatibilityInfo: mCompatibilityFlags - 4
07-10 16:10:03.288 1566 1600 D CompatibilityInfo: applicationDensity - 240
07-10 16:10:03.288 1566 1600 D CompatibilityInfo: applicationScale - 1.0
07-10 16:10:03.294 0 0 I [ 13.695325] binder: 2910:3619 ioctl 40046210 6ea267f604 returned -22
07-10 16:10:03.290 1566 3602 D ConnectivityService: requestNetwork for uid/pid:1001/2133 activeRequest: null callbackRequest: 30 [NetworkRequest [ REQUEST id=31, [ Capabilities: INTERNET&NOT_RESTRICTED&TRUSTED&NOT_VCN_MANAGED Uid: 1001 RequestorUid: 1001 RequestorPkg: com.qti.dpmserviceapp] ]] callback flags: 0 priority: 2147483647
07-10 16:10:03.291 1566 1743 D CompatibilityInfo: mCompatibilityFlags - 4
07-10 16:10:03.291 1566 1743 D CompatibilityInfo: applicationDensity - 240
07-10 16:10:03.291 1566 1743 D CompatibilityInfo: applicationScale - 1.0
07-10 16:10:03.291 2133 3617 I DPMJ : |SERVICE| DPM_S_RSP_GET_FEATURE_STATUS
07-10 16:10:03.291 3601 3601 D CompatibilityChangeReporter: Compat change id reported: 171979766; UID 10023; state: ENABLED
07-10 16:10:03.292 1566 1743 D CompatibilityChangeReporter: Compat change id reported: 135634846; UID 1000; state: DISABLED
07-10 16:10:03.292 1566 1845 D ConnectivityService: NetReassign [31 : null → 100]
07-10 16:10:03.292 1566 1743 D CompatibilityChangeReporter: Compat change id reported: 177438394; UID 1000; state: DISABLED
07-10 16:10:03.292 1566 1743 D CompatibilityChangeReporter: Compat change id reported: 135772972; UID 1000; state: DISABLED
07-10 16:10:03.292 1566 1743 D CompatibilityChangeReporter: Compat change id reported: 135754954; UID 1000; state: ENABLED
07-10 16:10:03.293 2910 2910 D SysHelperService: Service started flags 0 startId 1
07-10 16:10:03.293 2910 3619 D hw-ProcessState: Binder ioctl to enable oneway spam detection failed: Invalid argument
07-10 16:10:03.293 2910 3619 D mhelper_servic: SystemEvent interface registering.
07-10 16:10:03.295 1566 1892 D Ethernet: got request NetworkRequest [ REQUEST id=31, [ Capabilities: INTERNET&NOT_RESTRICTED&TRUSTED&NOT_VCN_MANAGED Uid: 1001 RequestorUid: 1001 RequestorPkg: com.qti.dpmserviceapp] ]
07-10 16:10:03.295 1566 1892 D EthernetNetworkFactory: acceptRequest, request: NetworkRequest [ REQUEST id=31, [ Capabilities: INTERNET&NOT_RESTRICTED&TRUSTED&NOT_VCN_MANAGED Uid: 1001 RequestorUid: 1001 RequestorPkg: com.qti.dpmserviceapp] ]
07-10 16:10:03.295 1566 1892 I EthernetNetworkFactory: networkForRequest, request: NetworkRequest [ REQUEST id=31, [ Capabilities: INTERNET&NOT_RESTRICTED&TRUSTED&NOT_VCN_MANAGED Uid: 1001 RequestorUid: 1001 RequestorPkg: com.qti.dpmserviceapp] ], network: NetworkInterfaceState{ refCount: 2, iface: eth0, up: true, hwAddress: 36:7c:7c:00:00:0f, networkCapabilities: [ Transports: ETHERNET Capabilities: INTERNET&NOT_RESTRICTED&TRUSTED&NOT_VPN&NOT_ROAMING&NOT_CONGESTED&NOT_SUSPENDED&NOT_VCN_MANAGED LinkUpBandwidth>=100000Kbps LinkDnBandwidth>=100000Kbps], networkAgent: com.android.server.ethernet.EthernetNetworkFactory$NetworkInterfaceState$1@c532712, score: 70, ipClient: android.net.ip.IIpClient$Stub$Proxy@f3b4ee3,linkProperties: {InterfaceName: eth0 LinkAddresses: [ fe80::ae87:f7c2:3195:7572/64,192.168.50.16/24 ] DnsAddresses: [ /101.226.4.6 ] Domains: null MTU: 0 TcpBufferSizes: 524288,1048576,3145728,524288,1048576,2097152 Routes: [ fe80::/64 -> :: eth0 mtu 0,192.168.50.0/24 -> 0.0.0.0 eth0 mtu 0,0.0.0.0/0 -> 192.168.50.4 eth0 mtu 0 ]}}
07-10 16:10:03.295 1566 1838 D UntrustedWifiNetworkFactory: got request NetworkRequest [ REQUEST id=31, [ Capabilities: INTERNET&NOT_RESTRICTED&TRUSTED&NOT_VCN_MANAGED Uid: 1001 RequestorUid: 1001 RequestorPkg: com.qti.dpmserviceapp] ]
07-10 16:10:03.295 1566 1838 D OemPaidWifiNetworkFactory: got request NetworkRequest [ REQUEST id=31, [ Capabilities: INTERNET&NOT_RESTRICTED&TRUSTED&NOT_VCN_MANAGED Uid: 1001 RequestorUid: 1001 RequestorPkg: com.qti.dpmserviceapp] ]
07-10 16:10:03.295 1566 1892 I EthernetNetworkFactory: networkForRequest, request: NetworkRequest [ REQUEST id=31, [ Capabilities: INTERNET&NOT_RESTRICTED&TRUSTED&NOT_VCN_MANAGED Uid: 1001 RequestorUid: 1001 RequestorPkg: com.qti.dpmserviceapp] ], network: NetworkInterfaceState{ refCount: 2, iface: eth0, up: true, hwAddress: 36:7c:7c:00:00:0f, networkCapabilities: [ Transports: ETHERNET Capabilities: INTERNET&NOT_RESTRICTED&TRUSTED&NOT_VPN&NOT_ROAMING&NOT_CONGESTED&NOT_SUSPENDED&NOT_VCN_MANAGED LinkUpBandwidth>=100000Kbps LinkDnBandwidth>=100000Kbps], networkAgent: com.android.server.ethernet.EthernetNetworkFactory$NetworkInterfaceState$1@c532712, score: 70, ipClient: android.net.ip.IIpClient$Stub$Proxy@f3b4ee3,linkProperties: {InterfaceName: eth0 LinkAddresses: [ fe80::ae87:f7c2:3195:7572/64,192.168.50.16/24 ] DnsAddresses: [ /101.226.4.6 ] Domains: null MTU: 0 TcpBufferSizes: 524288,1048576,3145728,524288,1048576,2097152 Routes: [ fe80::/64 -> :: eth0 mtu 0,192.168.50.0/24 -> 0.0.0.0 eth0 mtu 0,0.0.0.0/0 -> 192.168.50.4 eth0 mtu 0 ]}}
07-10 16:10:03.296 2910 3619 I HidlServiceManagement: Registered vendor.qti.hardware.systemhelper@1.0::ISystemEvent/default
07-10 16:10:03.296 2133 2133 I TetheringManager: registerTetheringEventCallback:com.qti.dpmserviceapp
07-10 16:10:03.296 2910 3619 D mhelper_servic: SystemResource interface registering.
07-10 16:10:03.298 2910 3619 I HidlServiceManagement: Registered vendor.qti.hardware.systemhelper@1.0::ISystemResource/default
07-10 16:10:03.298 2910 3619 D mhelper_servic: Successfully registered for both SystemEvent and SystemResource 1.0 interfaces
07-10 16:10:03.299 683 683 D Zygote : Forked child process 3622
07-10 16:10:03.299 1566 1690 I ActivityManager: Start proc 3622:com.qti.diagservices/1000 for broadcast {com.qti.diagservices/com.qti.diagservices.Diag_OnBoot}
07-10 16:10:03.316 3622 3622 E ti.diagservice: Not starting debugger since process cannot load the jdwp agent.
07-10 16:10:03.319 3622 3622 D ProcessState: Binder ioctl to enable oneway spam detection failed: Invalid argument
07-10 16:10:03.321 0 0 I [ 13.721163] binder: 3622:3622 ioctl 40046210 7fe4a4a554 returned -22
07-10 16:10:03.321 1566 3063 D CompatibilityChangeReporter: Compat change id reported: 168419799; UID 1000; state: DISABLED
07-10 16:10:03.322 1566 3063 D CompatibilityInfo: mCompatibilityFlags - 4
07-10 16:10:03.322 1566 3063 D CompatibilityInfo: applicationDensity - 240
07-10 16:10:03.322 1566 3063 D CompatibilityInfo: applicationScale - 1.0
07-10 16:10:03.324 3601 3601 I Perf : Connecting to perf service.
07-10 16:10:03.324 1566 3063 D CompatibilityInfo: mCompatibilityFlags - 4
07-10 16:10:03.324 1566 3063 D CompatibilityInfo: applicationDensity - 240
07-10 16:10:03.324 1566 3063 D CompatibilityInfo: applicationScale - 1.0
07-10 16:10:03.326 3622 3622 D CompatibilityChangeReporter: Compat change id reported: 171979766; UID 1000; state: DISABLED
07-10 16:10:03.328 3601 3601 V GraphicsEnvironment: ANGLE Developer option for 'com.android.providers.downloads' set to: 'default'
07-10 16:10:03.329 3601 3601 V GraphicsEnvironment: ANGLE GameManagerService for com.android.providers.downloads: false
07-10 16:10:03.330 3601 3601 D NetworkSecurityConfig: No Network Security Config specified, using platform default
07-10 16:10:03.330 3601 3601 D NetworkSecurityConfig: No Network Security Config specified, using platform default
07-10 16:10:03.353 3622 3622 I Perf : Connecting to perf service.
07-10 16:10:03.356 3622 3622 V GraphicsEnvironment: ANGLE Developer option for 'com.qti.diagservices' set to: 'default'
07-10 16:10:03.357 3622 3622 V GraphicsEnvironment: ANGLE GameManagerService for com.qti.diagservices: false
07-10 16:10:03.358 3622 3622 D NetworkSecurityConfig: No Network Security Config specified, using platform default
07-10 16:10:03.358 3622 3622 D NetworkSecurityConfig: No Network Security Config specified, using platform default
07-10 16:10:03.360 3622 3622 W ContextImpl: Calling a method in the system process without a qualified user: android.app.ContextImpl.startService:1816 android.content.ContextWrapper.startService:774 android.content.ContextWrapper.startService:774 com.qti.diagservices.Diag_OnBoot.onReceive:40 android.app.ActivityThread.handleReceiver:4309
07-10 16:10:03.361 1405 3600 D QSEECOMAPI: Loaded image: APP id = 8
07-10 16:10:03.362 0 0 W [ 13.763294] QSEECOM: qseecom_load_app: App with id 8 (fingerpr) now loaded
07-10 16:10:03.362 1566 3602 D CompatibilityInfo: mCompatibilityFlags - 4
07-10 16:10:03.362 1566 3602 D CompatibilityInfo: applicationDensity - 240
07-10 16:10:03.362 1566 3602 D CompatibilityInfo: applicationScale - 1.0
07-10 16:10:03.363 3622 3622 D Diag_OnBoot: Started Successfully
07-10 16:10:03.364 3622 3622 E DiagJNIInterface: Trying to load libDiagService
07-10 16:10:03.368 1405 3600 I QFP : qsc_start_app: Loading app [fingerpr] succeeded
07-10 16:10:03.368 1405 3600 I QFP : openFramework: entry with eeprom_buffer_size=0
07-10 16:10:03.374 1566 1850 I GameModeConfig: isGameModeOn = true
07-10 16:10:03.374 1566 1850 I GameModeConfig: isGaming = false
07-10 16:10:03.374 1566 2806 D CompatibilityChangeReporter: Compat change id reported: 135634846; UID 1000; state: DISABLED
07-10 16:10:03.375 1566 2806 D CompatibilityChangeReporter: Compat change id reported: 177438394; UID 1000; state: DISABLED
07-10 16:10:03.375 1566 2806 D CompatibilityChangeReporter: Compat change id reported: 135772972; UID 1000; state: DISABLED
07-10 16:10:03.375 1566 2806 D CompatibilityChangeReporter: Compat change id reported: 135754954; UID 1000; state: ENABLED
07-10 16:10:03.375 532 569 D DrmLibTime: got the req here! ret=0
07-10 16:10:03.375 532 569 D DrmLibTime: command id, time_cmd_id = 770
07-10 16:10:03.375 532 569 D DrmLibTime: time_getutcsec starts!
07-10 16:10:03.375 532 569 D DrmLibTime: QSEE Time Listener: time_getutcsec
07-10 16:10:03.375 532 569 D DrmLibTime: QSEE Time Listener: get_utc_seconds
07-10 16:10:03.375 532 569 D DrmLibTime: QSEE Time Listener: time_get_modem_time
07-10 16:10:03.375 532 569 D DrmLibTime: QSEE Time Listener: Checking if ATS_MODEM is set or not.
07-10 16:10:03.375 532 569 D QC-time-services: Lib:time_genoff_operation: pargs->base = 13
07-10 16:10:03.375 532 569 D QC-time-services: Lib:time_genoff_operation: pargs->operation = 2
07-10 16:10:03.375 532 569 D QC-time-services: Lib:time_genoff_operation: pargs->ts_val = 0
07-10 16:10:03.375 532 569 D QC-time-services: Lib:time_genoff_operation: Send to server passed!!
07-10 16:10:03.375 660 928 D QC-time-services: Daemon: Connection accepted:time_genoff
07-10 16:10:03.375 660 3640 D QC-time-services: Daemon:Received base = 13, unit = 1, operation = 2,value = 0
07-10 16:10:03.375 660 3640 D QC-time-services: Daemon:genoff_opr: Base = 13, val = 0, operation = 2
07-10 16:10:03.375 660 3640 D QC-time-services: offset is: 0 for base: 13
07-10 16:10:03.376 532 569 E QC-time-services: Receive Passed == base = 13, unit = 1, operation = 2, result = 0
07-10 16:10:03.376 532 569 D DrmLibTime: QSEE Time Listener: ATS_MODEM is not set. Fallback to Android system time.
07-10 16:10:03.376 532 569 D DrmLibTime: QSEE Time Listener: Retrieved Android system time: 1688976603
07-10 16:10:03.376 532 569 D DrmLibTime: time_getutcsec returns 0, sec = 1688976603; nsec = 0
07-10 16:10:03.376 532 569 D DrmLibTime: time_getutcsec finished!
07-10 16:10:03.376 532 569 D DrmLibTime: iotcl_continue_command finished! and return 0
07-10 16:10:03.376 532 569 D DrmLibTime: before calling ioctl to read the next time_cmd
07-10 16:10:03.377 660 928 E QC-time-services: Daemon: Time-services: Waiting to acceptconnection
07-10 16:10:03.386 0 0 I : [ 13.784175] IRQ 5: no longer affine to CPU5
07-10 16:10:03.387 683 683 D Zygote : Forked child process 3641
07-10 16:10:03.388 1566 1690 I ActivityManager: Start proc 3641:com.android.localtransport/1000 for service {com.android.localtransport/com.android.localtransport.LocalTransportService}
07-10 16:10:03.407 3641 3641 E .localtranspor: Not starting debugger since process cannot load the jdwp agent.
07-10 16:10:03.410 3622 3622 I Diag_Lib: Diag_LSM_Init call succeeded
07-10 16:10:03.410 3641 3641 D ProcessState: Binder ioctl to enable oneway spam detection failed: Invalid argument
07-10 16:10:03.414 0 0 I [ 13.812885] binder: 3641:3641 ioctl 40046210 7fe4a4a554 returned -22
07-10 16:10:03.418 1566 3602 D CompatibilityChangeReporter: Compat change id reported: 168419799; UID 1000; state: DISABLED
07-10 16:10:03.418 1566 3602 D CompatibilityInfo: mCompatibilityFlags - 4
07-10 16:10:03.418 1566 3602 D CompatibilityInfo: applicationDensity - 240
07-10 16:10:03.418 1566 3602 D CompatibilityInfo: applicationScale - 1.0
07-10 16:10:03.422 1566 3602 D CompatibilityInfo: mCompatibilityFlags - 4
07-10 16:10:03.422 1566 3602 D CompatibilityInfo: applicationDensity - 240
07-10 16:10:03.422 1566 3602 D CompatibilityInfo: applicationScale - 1.0
07-10 16:10:03.424 3641 3641 D CompatibilityChangeReporter: Compat change id reported: 171979766; UID 1000; state: ENABLED
07-10 16:10:03.446 3641 3641 I Perf : Connecting to perf service.
07-10 16:10:03.451 1566 1850 I GameModeConfig: isGameModeOn = true
07-10 16:10:03.451 1566 1850 I GameModeConfig: isGaming = false
07-10 16:10:03.451 1566 1850 I GameModeConfig: isGameModeOn = true
07-10 16:10:03.451 1566 1850 I GameModeConfig: isGaming = false
07-10 16:10:03.451 1566 1850 I GameModeConfig: isGameModeOn = true
07-10 16:10:03.451 1566 1850 I GameModeConfig: isGaming = false
07-10 16:10:03.451 3641 3641 V GraphicsEnvironment: ANGLE Developer option for 'com.android.localtransport' set to: 'default'
07-10 16:10:03.452 3641 3641 V GraphicsEnvironment: ANGLE GameManagerService for com.android.localtransport: false
07-10 16:10:03.453 3641 3641 D NetworkSecurityConfig: No Network Security Config specified, using platform default
07-10 16:10:03.453 3641 3641 D NetworkSecurityConfig: No Network Security Config specified, using platform default
07-10 16:10:03.472 1405 3600 E QFP : qfpCommand: error from send_command_to_tz: 0, QFP result -11 on (0 0)
07-10 16:10:03.472 1405 3600 I QFP : close: close, usecase 3 options 0
07-10 16:10:03.472 1405 3600 I QFP : closeHandle: closeHandle (0 0)
07-10 16:10:03.477 1405 3600 D QSEECOMAPI: QSEECom_dealloc_memory
07-10 16:10:03.477 1405 3600 D QSEECOMAPI: QSEECom_shutdown_app, app_id = 8
07-10 16:10:03.495 1405 3600 E QFP : Dropping unsupported QBT command
07-10 16:10:03.495 1405 3600 I QFP : openFramework:QFP TZ VERSION: 3.0.3.39
07-10 16:10:03.495 1405 3600 E QFP : releaseWakelock: qbt sensor handle is invalid
07-10 16:10:03.495 1405 3600 E QFP : qfp_init failed -1
07-10 16:10:03.495 1405 3600 I QFP : QfpThreadOptimize::invoke: entry.
07-10 16:10:03.495 1405 3600 I QFP : QfpThreadOptimize::invoke: QFP not initialized, exiting Optimize thread
07-10 16:10:03.495 1405 3600 I QFP : QfpThreadErieEvent::invoke: entry.
07-10 16:10:03.495 1405 3600 I QFP : QfpThreadErieEvent::invoke: QFP not initialized, exiting ErieEvent thread
07-10 16:10:03.496 1405 1405 I QFP : notifyPowerState: 2
07-10 16:10:03.496 1405 1405 I QFP : notifyPowerState: 2
07-10 16:10:03.496 1405 1405 I QFP : notifyPowerState: screen state 2
07-10 16:10:03.496 1405 1405 E QFP : set active group call error -1
07-10 16:10:03.496 1405 3660 I QFP : QfpThreadOptimize::invoke: entry.
07-10 16:10:03.496 1405 3660 I QFP : QfpThreadOptimize::invoke: QFP not initialized, exiting Optimize thread
07-10 16:10:03.496 1405 3660 I QFP : QfpThreadErieEvent::invoke: entry.
07-10 16:10:03.496 1566 1566 W Looper : Drained
07-10 16:10:03.496 1405 3660 I QFP : QfpThreadErieEvent::invoke: QFP not initialized, exiting ErieEvent thread
07-10 16:10:03.496 1566 1566 W Looper : Slow dispatch took 261ms main h=android.os.Handler c=com.android.server.biometrics.sensors.BiometricScheduler$InternalCallback$$ExternalSyntheticLambda0@40383de m=0
07-10 16:10:03.496 1566 1566 W Looper : Slow delivery took 246ms main h=com.android.server.job.controllers.QuotaController$QcHandler c=null m=5
07-10 16:10:03.498 0 0 W [ 13.897302] QSEECOM: __qseecom_unload_app: App (8) is unloaded
07-10 16:10:03.498 0 0 D [ 13.897792] qbt: qbt_release: entry minor_no=0 fd_available=0
07-10 16:10:03.498 0 0 D [ 13.897793] qbt: qbt_release: Releasing wakelock
07-10 16:10:03.498 0 0 D [ 13.897794] qbt: qbt_release: exit : fd_available=1
07-10 16:10:03.498 0 0 D [ 13.897796] qbt: qbt_release: entry minor_no=1 fd_available=1
07-10 16:10:03.498 0 0 D [ 13.897797] qbt: qbt_release: exit : fd_available=1
07-10 16:10:03.499 1566 1566 I TransportClient: LocalTransportService#0: Notifying [TransportManager.registerTransport()] transport = IBackupTransport
07-10 16:10:03.500 1566 1566 D BiometricScheduler/Fingerprint21: [Finishing] {[1] FingerprintUpdateActiveUserClient, proto=1, owner=android, cookie=0, requestId=-1, userId=0}, success: true
07-10 16:10:03.500 1566 1566 D BiometricScheduler/Fingerprint21: [Polled] {[2] FingerprintInternalCleanupClient, proto=7, owner=android, cookie=0, requestId=-1, userId=0}, State: 0
07-10 16:10:03.500 1566 1566 D BiometricScheduler/Fingerprint21: [Starting] {[2] FingerprintInternalCleanupClient, proto=7, owner=android, cookie=0, requestId=-1, userId=0}, State: 0
07-10 16:10:03.500 1566 1566 D BiometricScheduler/Fingerprint21: [Started] {[2] FingerprintInternalCleanupClient, proto=7, owner=android, cookie=0, requestId=-1, userId=0}
07-10 16:10:03.500 1566 1566 D Biometrics/InternalCleanupClient: Starting enumerate: {[3] FingerprintInternalEnumerateClient, proto=6, owner=android, cookie=0, requestId=-1, userId=0}
07-10 16:10:03.500 1405 1405 I QFP : notifyPowerState: 2
07-10 16:10:03.500 1405 1405 I QFP : notifyPowerState: 2
07-10 16:10:03.500 1405 1405 I QFP : notifyPowerState: 2
07-10 16:10:03.500 1405 1405 I QFP : notifyPowerState: screen state 2
07-10 16:10:03.502 0 0 D [ 13.903307] qbt: qbt_open: entry minor_no=0 fd_available=1
07-10 16:10:03.502 0 0 D [ 13.903316] qbt: qbt_open: exit : 0 fd_available=0
07-10 16:10:03.502 0 0 D [ 13.903381] qbt: qbt_open: entry minor_no=1 fd_available=0
07-10 16:10:03.502 0 0 D [ 13.903386] qbt: qbt_open: exit : 0 fd_available=0
07-10 16:10:03.502 0 0 D [ 13.903437] qbt: qbt_ioctl: cmd received 107
07-10 16:10:03.502 0 0 D [ 13.903442] qbt: qbt_ioctl: Acquiring wakelock
07-10 16:10:03.501 1566 1566 W Looper : Drained
07-10 16:10:03.501 1405 3661 I QFP : Initializing QFP framework, container 0 handle 0
07-10 16:10:03.501 1405 3661 I QFP : getPersistPropVal: persist.vendor.qfp.qbt_fd_name = /dev/qbt_fd (default /dev/qbt_fd)
07-10 16:10:03.501 1405 3661 I QFP : getPersistPropVal: persist.vendor.qfp.qbt_ipc_name = /dev/qbt_ipc (default /dev/qbt_ipc)
07-10 16:10:03.501 1405 3661 E QFP : Dropping unsupported QBT command
07-10 16:10:03.501 1905 1905 I BluetoothPhonePolicy: MESSAGE_AUTO_CONNECT_PROFILES
07-10 16:10:03.501 1905 1905 D BluetoothAdapterService: isQuetModeEnabled() - Enabled = false
07-10 16:10:03.501 1905 1905 I BluetoothPhonePolicy: autoConnect: Initiate auto connection on BT on...
07-10 16:10:03.502 1905 1905 D BluetoothDatabase: getMostRecentlyConnectedA2dpDevice: Invalid address for device LocalStorage
07-10 16:10:03.502 1905 1905 D BluetoothDatabase: getMostRecentlyConnectedHfpDevice: Invalid address for device LocalStorage
07-10 16:10:03.503 2339 2493 D ProtectUartService: Already sent mpu boot completed. So return.
07-10 16:10:03.503 1905 1905 D BluetoothDatabase: getMostRecentlyConnectedA2dpSrcDevice: Invalid address for device LocalStorage
07-10 16:10:03.503 1905 1905 I BluetoothPhonePolicy: autoConnect: mostRecentlyActiveA2dpDevice: null
07-10 16:10:03.503 1905 1905 I BluetoothPhonePolicy: autoConnect: mostRecentlyActiveHfpDevice: null
07-10 16:10:03.503 1905 1905 I BluetoothPhonePolicy: autoConnect: mostRecentlyConnectedA2dpSrcDevice: null
07-10 16:10:03.503 1905 1905 E BluetoothPhonePolicy: autoConnect: most recently active a2dp and hfp devices are null
07-10 16:10:03.504 1405 3661 D QSEECOMAPI: QSEECom_get_handle sb_length = 0x40000
07-10 16:10:03.504 1566 1566 I Telecom : DefaultDialerCache: Refreshing default dialer for user 0: now null: DDC.oR@ABI
07-10 16:10:03.504 1405 3661 D QSEECOMAPI: App is not loaded in QSEE
07-10 16:10:03.504 1405 3661 D QSEECOMAPI: app_arch = 2, total_files = 9
07-10 16:10:03.504 1405 3661 E ion : ioctl c0044901 failed with code -1: Inappropriate ioctl for device
07-10 16:10:03.505 1566 2806 D BackupTransportManager: Transport com.android.localtransport/.LocalTransportService registered
07-10 16:10:03.505 1566 2806 D BackupManagerService: [UserID:0] Transport com.android.localtransport/.LocalTransport registered 3144ms after first request (delay = 3000ms)
07-10 16:10:03.507 662 662 I mpu_uart: [TIME-:1]:create
07-10 16:10:03.507 1566 1566 I Telecom : MissedCallNotifierImpl: reloadAfterBootComplete: user=0: TSBCR.oR@ABM
07-10 16:10:03.507 662 675 V mpu_uart: send data buf:[0x3c, 0x9, 0x0, 0x11, 0xd, 0x2, 0xa, 0x1, 0x20, ], send_res=9
07-10 16:10:03.508 1566 1566 I Telecom : MissedCallNotifierImpl: reloadAfterBootComplete: user=0: TSBCR.oR@ABM
07-10 16:10:03.510 662 676 V mpu_uart: [MSG-P:SYNC]:sync resp:62
07-10 16:10:03.510 662 662 I mpu_uart: [TIME-:1]:delete
07-10 16:10:03.511 1566 1566 D CompatibilityChangeReporter: Compat change id reported: 135634846; UID 1000; state: DISABLED
07-10 16:10:03.511 1566 1566 D CompatibilityChangeReporter: Compat change id reported: 177438394; UID 1000; state: DISABLED
07-10 16:10:03.511 1566 1566 D CompatibilityChangeReporter: Compat change id reported: 135772972; UID 1000; state: DISABLED
07-10 16:10:03.511 1566 1566 D CompatibilityChangeReporter: Compat change id reported: 135754954; UID 1000; state: ENABLED
07-10 16:10:03.515 2339 2505 D MCUUpdate: find 2 mcu version in /system/tc/mcu:figureAPP_V0.2.0_a.bin figureAPP_V0.2.0_b.bin
07-10 16:10:03.516 662 662 I mpu_uart: [TIME-:2]:create
07-10 16:10:03.522 0 0 W [ 13.923466] QSEECOM: qseecom_load_app: App (fingerpr) does'nt exist, loading apps for first time
07-10 16:10:03.521 683 683 D Zygote : Forked child process 3663
07-10 16:10:03.528 1566 1690 I ActivityManager: Start proc 3663:com.android.dynsystem/1000 for broadcast {com.android.dynsystem/com.android.dynsystem.BootCompletedReceiver}
07-10 16:10:03.530 662 675 V mpu_uart: send data buf:[0x3c, 0x7, 0x0, 0x11, 0xff, 0x82, 0x57, ], send_res=7
07-10 16:10:03.533 1566 3063 I ActivityManager: Killing 3576:com.android.keychain/1000 (adj 905): empty #2
07-10 16:10:03.539 1566 1691 I libprocessgroup: Successfully killed process cgroup uid 1000 pid 3576 in 5ms
07-10 16:10:03.540 3663 3663 E droid.dynsyste: Not starting debugger since process cannot load the jdwp agent.
07-10 16:10:03.544 662 676 D mpu_uart: [MSG-P:R-M]:recved H:55, L:0
07-10 16:10:03.544 662 676 V mpu_uart: recv data buf:[0x3c, 0x37, 0x0, 0x0, 0xd, 0x2, 0xa, 0x1, 0x2c, 0xef, 0x2, 0x0, 0x0, 0xef, 0x2, 0x0, 0x0, 0xe5, 0x2, 0x0, 0x0, 0x9b, 0x2, 0x0, 0x0, 0x1d, 0x0, 0x0, 0x0, 0xb9, 0x2, 0x0, 0x0, 0x9a, 0x2, 0x0, 0x0, 0x96, 0x2, 0x0, 0x0, 0xb9, 0x2, 0x0, 0x0, 0x0, 0x0, 0x0, 0x0, 0x0, 0x0, 0x0, 0x0, 0x0, 0x4c, ]
07-10 16:10:03.544 662 677 D mpu_uart: [SESSION-Distribute]:Message en queue:d
07-10 16:10:03.544 662 676 D mpu_uart: [MSG-P:R-M]:recved H:41, L:0
07-10 16:10:03.544 662 676 V mpu_uart: recv data buf:[0x3c, 0x29, 0x0, 0x2, 0xd, 0x2, 0x1, 0x1f, 0xd, 0xa, 0x20, 0x52, 0x65, 0x70, 0x6c, 0x79, 0x50, 0x6f, 0x77, 0x65, 0x72, 0x4c, 0x6f, 0x67, 0x20, 0x63, 0x6d, 0x64, 0x20, 0x69, 0x73, 0x20, 0x73, 0x65, 0x6e, 0x64, 0xd, 0xa, 0x0, 0x0, 0x23, ]
07-10 16:10:03.544 662 677 D mpu_uart: [SESSION-Distribute]:Message en queue:d
07-10 16:10:03.546 0 0 I [ 13.946753] binder: 3663:3663 ioctl 40046210 7fe4a4a554 returned -22
07-10 16:10:03.544 3663 3663 D ProcessState: Binder ioctl to enable oneway spam detection failed: Invalid argument
07-10 16:10:03.544 2339 2503 D MpuCount: data:[751, 751, 741, 667, 29, 697, 666, 662, 697, 0, 0]
07-10 16:10:03.551 1566 3063 D CompatibilityChangeReporter: Compat change id reported: 168419799; UID 1000; state: DISABLED
07-10 16:10:03.551 1566 3063 D CompatibilityInfo: mCompatibilityFlags - 4
07-10 16:10:03.551 1566 3063 D CompatibilityInfo: applicationDensity - 240
07-10 16:10:03.551 1566 3063 D CompatibilityInfo: applicationScale - 1.0
07-10 16:10:03.553 1566 3063 D CompatibilityInfo: mCompatibilityFlags - 4
07-10 16:10:03.553 1566 3063 D CompatibilityInfo: applicationDensity - 240
07-10 16:10:03.553 1566 3063 D CompatibilityInfo: applicationScale - 1.0
07-10 16:10:03.555 683 683 I Zygote : Process 3576 exited due to signal 9 (Killed)
07-10 16:10:03.556 3663 3663 D CompatibilityChangeReporter: Compat change id reported: 171979766; UID 1000; state: ENABLED
07-10 16:10:03.576 3663 3663 I Perf : Connecting to perf service.
07-10 16:10:03.579 3663 3663 V GraphicsEnvironment: ANGLE Developer option for 'com.android.dynsystem' set to: 'default'
07-10 16:10:03.580 3663 3663 V GraphicsEnvironment: ANGLE GameManagerService for com.android.dynsystem: false
07-10 16:10:03.581 3663 3663 D NetworkSecurityConfig: No Network Security Config specified, using platform default
07-10 16:10:03.581 3663 3663 D NetworkSecurityConfig: No Network Security Config specified, using platform default
07-10 16:10:03.585 1566 3602 D CompatibilityChangeReporter: Compat change id reported: 135634846; UID 1000; state: DISABLED
07-10 16:10:03.585 1566 3602 D CompatibilityChangeReporter: Compat change id reported: 177438394; UID 1000; state: DISABLED
