07-07 22:31:07.770 1566 1566 V StorageManagerService: Package com.bilibili.bilithings does not have legacy storage
07-07 22:31:07.770 1566 1566 V StorageManagerService: Package com.android.providers.settings.overlay does not have legacy storage
07-07 22:31:07.770 1566 1566 V StorageManagerService: Package com.android.managedprovisioning does not have legacy storage
07-07 22:31:07.770 1566 1566 V StorageManagerService: Package com.android.networkstack.tethering does not have legacy storage
07-07 22:31:07.770 1566 1566 V StorageManagerService: Package com.android.soundpicker does not have legacy storage
07-07 22:31:07.770 1566 1566 V StorageManagerService: Package com.android.dreams.phototable does not have legacy storage
07-07 22:31:07.770 1566 1566 V StorageManagerService: Package com.thundercomm.screensaver does not have legacy storage
07-07 22:31:07.771 1566 1566 V StorageManagerService: Package com.android.wallpaper.livepicker does not have legacy storage
07-07 22:31:07.771 1566 1566 V StorageManagerService: Package com.android.apps.tag does not have legacy storage
07-07 22:31:07.771 1566 1566 V StorageManagerService: Package com.android.storagemanager does not have legacy storage
07-07 22:31:07.771 1566 1566 V StorageManagerService: Package com.android.bookmarkprovider does not have legacy storage
07-07 22:31:07.771 1566 1566 V StorageManagerService: Package com.android.settings does not have legacy storage
07-07 22:31:07.771 1566 1566 V StorageManagerService: Package com.android.networkstack.permissionconfig does not have legacy storage
07-07 22:31:07.771 1566 1566 V StorageManagerService: Package com.hryt.lebotp does not have legacy storage
07-07 22:31:07.771 1566 1566 V StorageManagerService: Package com.qualcomm.location does not have legacy storage
07-07 22:31:07.771 1566 1566 V StorageManagerService: Package com.android.cts.ctsshim does not have legacy storage
07-07 22:31:07.771 1566 1566 V StorageManagerService: Package com.ss.android.article.video.landscape has legacy storage
07-07 22:31:07.771 1566 1566 V StorageManagerService: Package com.qti.diagservices does not have legacy storage
07-07 22:31:07.771 1566 1566 V StorageManagerService: Package com.android.vpndialogs does not have legacy storage
07-07 22:31:07.772 1566 1566 V StorageManagerService: Package com.qualcomm.location.XT does not have legacy storage
07-07 22:31:07.772 1566 1566 V StorageManagerService: Package com.android.music does not have legacy storage
07-07 22:31:07.772 1566 1566 V StorageManagerService: Package com.android.shell does not have legacy storage
07-07 22:31:07.772 1566 1566 V StorageManagerService: Package com.android.wallpaperbackup does not have legacy storage
07-07 22:31:07.772 1566 1566 V StorageManagerService: Package com.android.providers.userdictionary does not have legacy storage
07-07 22:31:07.772 1566 1566 V StorageManagerService: Package com.android.providers.media.module does not have legacy storage
07-07 22:31:07.772 1566 1566 V StorageManagerService: Package com.android.emergency does not have legacy storage
07-07 22:31:07.772 1566 1566 V StorageManagerService: Package com.android.hotspot2.osulogin does not have legacy storage
07-07 22:31:07.772 1566 1566 V StorageManagerService: Package com.qualcomm.qti.qdma does not have legacy storage
07-07 22:31:07.772 1566 1566 V StorageManagerService: Package com.qualcomm.qti.xrcb does not have legacy storage
07-07 22:31:07.773 1566 1566 V StorageManagerService: Package com.android.internal.systemui.navbar.gestural does not have legacy storage
07-07 22:31:07.773 1566 1743 D CompatibilityChangeReporter: Compat change id reported: 168419799; UID 1073; state: DISABLED
07-07 22:31:07.773 1566 1566 V StorageManagerService: Package com.android.location.fused does not have legacy storage
07-07 22:31:07.773 1566 1566 V StorageManagerService: Package com.android.systemui does not have legacy storage
07-07 22:31:07.773 1566 1566 V StorageManagerService: Package com.android.bluetoothmidiservice does not have legacy storage
07-07 22:31:07.773 1566 1566 V StorageManagerService: Package com.qti.ltebc does not have legacy storage
07-07 22:31:07.773 1566 1566 V StorageManagerService: Package com.android.permissioncontroller does not have legacy storage
07-07 22:31:07.773 1566 1566 V StorageManagerService: Package com.android.traceur does not have legacy storage
07-07 22:31:07.774 1566 1566 V StorageManagerService: Package com.qualcomm.qti.qccauthmgr does not have legacy storage
07-07 22:31:07.774 1566 1566 V StorageManagerService: Package com.qualcomm.qti.qms.service.trustzoneaccess does not have legacy storage
07-07 22:31:07.774 1566 1566 V StorageManagerService: Package com.qualcomm.qtil.aptxui does not have legacy storage
07-07 22:31:07.774 1566 1566 V StorageManagerService: Package com.android.bluetooth does not have legacy storage
07-07 22:31:07.774 1566 1566 V StorageManagerService: Package com.qualcomm.timeservice does not have legacy storage
07-07 22:31:07.774 1566 1566 V StorageManagerService: Package com.qualcomm.embms does not have legacy storage
07-07 22:31:07.774 1566 1566 V StorageManagerService: Package com.android.providers.contacts does not have legacy storage
07-07 22:31:07.774 1566 1743 W PackageManager: Loading a package that does not exist for the calling user. package=null, user=0
07-07 22:31:07.774 1566 1566 V StorageManagerService: Package com.android.captiveportallogin does not have legacy storage
07-07 22:31:07.774 1566 1566 V StorageManagerService: Package com.android.internal.systemui.navbar.gestural_narrow_back does not have legacy storage
07-07 22:31:07.774 1566 1566 V StorageManagerService: Package com.android.cellbroadcastreceiver.overlay.common does not have legacy storage
07-07 22:31:07.775 1566 1566 I SystemServerTiming: ssm.onStartUser-0_com.android.server.usage.StorageStatsService$Lifecycle
07-07 22:31:07.775 1566 1566 I SystemServerTiming: ssm.onStartUser-0_com.android.server.UiModeManagerService
07-07 22:31:07.775 1566 1566 I SystemServerTiming: ssm.onStartUser-0_com.android.server.locksettings.LockSettingsService$Lifecycle
07-07 22:31:07.776 1566 1566 I SystemServerTiming: ssm.onStartUser-0_com.android.server.PersistentDataBlockService
07-07 22:31:07.776 1566 1566 I SystemServerTiming: ssm.onStartUser-0_com.android.server.testharness.TestHarnessModeService
07-07 22:31:07.776 1566 1566 I SystemServerTiming: ssm.onStartUser-0_com.android.server.oemlock.OemLockService
07-07 22:31:07.776 1566 1566 I SystemServerTiming: ssm.onStartUser-0_com.android.server.DeviceIdleController
07-07 22:31:07.776 1566 1566 I SystemServerTiming: ssm.onStartUser-0_com.android.server.devicepolicy.DevicePolicyManagerService$Lifecycle
07-07 22:31:07.776 1566 1566 I SystemServerTiming: ssm.onStartUser-0_com.android.server.texttospeech.TextToSpeechManagerService
07-07 22:31:07.777 1566 1566 I SystemServerTiming: ssm.onStartUser-0_com.android.server.speech.SpeechRecognitionManagerService
07-07 22:31:07.777 1566 1566 I SystemServerTiming: ssm.onStartUser-0_com.android.server.searchui.SearchUiManagerService
07-07 22:31:07.777 1566 1566 I SystemServerTiming: ssm.onStartUser-0_com.android.server.smartspace.SmartspaceManagerService
07-07 22:31:07.777 1566 1566 I SystemServerTiming: ssm.onStartUser-0_com.android.server.graphics.fonts.FontManagerService$Lifecycle
07-07 22:31:07.777 1566 1566 I SystemServerTiming: ssm.onStartUser-0_com.android.server.textservices.TextServicesManagerService$Lifecycle
07-07 22:31:07.777 1566 1566 I SystemServerTiming: ssm.onStartUser-0_com.android.server.textclassifier.TextClassificationManagerService$Lifecycle
07-07 22:31:07.778 1566 1566 I SystemServerTiming: ssm.onStartUser-0_com.android.server.NetworkScoreService$Lifecycle
07-07 22:31:07.778 1566 1566 I SystemServerTiming: ssm.onStartUser-0_com.android.server.wifi.WifiService
07-07 22:31:07.778 1566 1566 I SystemServerTiming: ssm.onStartUser-0_com.android.server.wifi.scanner.WifiScanningService
07-07 22:31:07.778 1566 1566 I SystemServerTiming: ssm.onStartUser-0_com.android.server.wifi.rtt.RttService
07-07 22:31:07.778 1566 1566 I SystemServerTiming: ssm.onStartUser-0_com.android.server.wifi.aware.WifiAwareService
07-07 22:31:07.778 1566 1566 I SystemServerTiming: ssm.onStartUser-0_com.android.server.wifi.p2p.WifiP2pService
07-07 22:31:07.778 1566 1566 I SystemServerTiming: ssm.onStartUser-0_com.android.server.ethernet.EthernetService
07-07 22:31:07.778 1566 1566 I SystemServerTiming: ssm.onStartUser-0_com.android.server.ConnectivityServiceInitializer
07-07 22:31:07.778 1566 1566 I SystemServerTiming: ssm.onStartUser-0_com.android.server.notification.NotificationManagerService
07-07 22:31:07.778 1566 1566 I SystemServerTiming: ssm.onStartUser-0_com.android.server.storage.DeviceStorageMonitorService
07-07 22:31:07.778 1566 1566 I SystemServerTiming: ssm.onStartUser-0_com.android.server.location.LocationManagerService$Lifecycle
07-07 22:31:07.778 1566 1566 I SystemServerTiming: ssm.onStartUser-0_com.android.server.timedetector.TimeDetectorService$Lifecycle
07-07 22:31:07.778 1566 1566 I SystemServerTiming: ssm.onStartUser-0_com.android.server.timezonedetector.TimeZoneDetectorService$Lifecycle
07-07 22:31:07.778 1566 1566 I SystemServerTiming: ssm.onStartUser-0_com.android.server.timezonedetector.location.LocationTimeZoneManagerService$Lifecycle
07-07 22:31:07.778 1566 1566 I SystemServerTiming: ssm.onStartUser-0_com.android.server.search.SearchManagerService$Lifecycle
07-07 22:31:07.778 1566 1566 I SystemServerTiming: ssm.onStartUser-0_com.android.server.wallpaper.WallpaperManagerService$Lifecycle
07-07 22:31:07.778 1566 1566 I SystemServerTiming: ssm.onStartUser-0_com.android.server.audio.AudioService$Lifecycle
07-07 22:31:07.778 1566 1566 I SystemServerTiming: ssm.onStartUser-0_com.android.server.soundtrigger_middleware.SoundTriggerMiddlewareService$Lifecycle
07-07 22:31:07.778 1566 1566 I SystemServerTiming: ssm.onStartUser-0_com.android.server.DockObserver
07-07 22:31:07.778 1566 1566 I SystemServerTiming: ssm.onStartUser-0_com.android.server.midi.MidiService$Lifecycle
07-07 22:31:07.778 1566 1566 I SystemServerTiming: ssm.onStartUser-0_com.android.server.adb.AdbService$Lifecycle
07-07 22:31:07.778 1566 1566 I SystemServerTiming: ssm.onStartUser-0_com.android.server.usb.UsbService$Lifecycle
07-07 22:31:07.778 1566 1566 I SystemServerTiming: ssm.onStartUser-0_com.android.server.twilight.TwilightService
07-07 22:31:07.778 1566 1566 I SystemServerTiming: ssm.onStartUser-0_com.android.server.display.color.ColorDisplayService
07-07 22:31:07.778 1566 1566 I SystemServerTiming: ssm.onStartUser-0_com.android.server.job.JobSchedulerService
07-07 22:31:07.778 1566 1566 I SystemServerTiming: ssm.onStartUser-0_com.android.server.soundtrigger.SoundTriggerService
07-07 22:31:07.778 1566 1566 I SystemServerTiming: ssm.onStartUser-0_com.android.server.trust.TrustManagerService
07-07 22:31:07.778 1566 1566 I SystemServerTiming: ssm.onStartUser-0_com.android.server.backup.BackupManagerService$Lifecycle
07-07 22:31:07.778 1566 1566 I SystemServerTiming: ssm.onStartUser-0_com.android.server.appwidget.AppWidgetService
07-07 22:31:07.778 1566 1566 I SystemServerTiming: ssm.onStartUser-0_com.android.server.voiceinteraction.VoiceInteractionManagerService
07-07 22:31:07.779 1566 1566 W VoiceInteractionManager: no available voice recognition services found for user 0
07-07 22:31:07.779 1566 1566 I SystemServerTiming: ssm.onStartUser-0_com.android.server.apphibernation.AppHibernationService
07-07 22:31:07.779 1566 1566 I SystemServerTiming: ssm.onStartUser-0_com.android.server.SensorNotificationService
07-07 22:31:07.779 1566 1566 I SystemServerTiming: ssm.onStartUser-0_com.android.server.emergency.EmergencyAffordanceService
07-07 22:31:07.779 1566 1566 I SystemServerTiming: ssm.onStartUser-0_com.android.server.blob.BlobStoreManagerService
07-07 22:31:07.779 1566 1566 I SystemServerTiming: ssm.onStartUser-0_com.android.server.dreams.DreamManagerService
07-07 22:31:07.779 1566 1566 I SystemServerTiming: ssm.onStartUser-0_com.android.server.companion.CompanionDeviceManagerService
07-07 22:31:07.779 1566 1566 I SystemServerTiming: ssm.onStartUser-0_com.android.server.restrictions.RestrictionsManagerService
07-07 22:31:07.779 1566 1566 I SystemServerTiming: ssm.onStartUser-0_com.android.server.media.MediaSessionService
07-07 22:31:07.780 1566 1566 I SystemServerTiming: ssm.onStartUser-0_com.android.server.media.MediaResourceMonitorService
07-07 22:31:07.780 1566 1566 I SystemServerTiming: ssm.onStartUser-0_com.android.server.biometrics.sensors.fingerprint.FingerprintService
07-07 22:31:07.780 1566 1566 I SystemServerTiming: ssm.onStartUser-0_com.android.server.biometrics.BiometricService
07-07 22:31:07.780 1566 1566 I SystemServerTiming: ssm.onStartUser-0_com.android.server.biometrics.AuthService
07-07 22:31:07.780 1566 1566 I SystemServerTiming: ssm.onStartUser-0_com.android.server.pm.ShortcutService$Lifecycle
07-07 22:31:07.780 1566 1566 I SystemServerTiming: ssm.onStartUser-0_com.android.server.pm.LauncherAppsService
07-07 22:31:07.780 1566 1566 I SystemServerTiming: ssm.onStartUser-0_com.android.server.pm.CrossProfileAppsService
07-07 22:31:07.780 1566 1566 I SystemServerTiming: ssm.onStartUser-0_com.android.server.people.PeopleService
07-07 22:31:07.780 1566 1566 I SystemServerTiming: ssm.onStartUser-0_com.android.server.media.metrics.MediaMetricsManagerService
07-07 22:31:07.780 1566 1566 I SystemServerTiming: ssm.onStartUser-0_com.android.server.media.projection.MediaProjectionManagerService
07-07 22:31:07.780 1566 1566 I SystemServerTiming: ssm.onStartUser-0_com.android.server.slice.SliceManagerService$Lifecycle
07-07 22:31:07.780 1566 1566 I SystemServerTiming: ssm.onStartUser-0_com.android.server.stats.StatsCompanion$Lifecycle
07-07 22:31:07.780 1566 1566 I SystemServerTiming: ssm.onStartUser-0_com.android.server.scheduling.RebootReadinessManagerService$Lifecycle
07-07 22:31:07.780 1566 1566 I SystemServerTiming: ssm.onStartUser-0_com.android.server.stats.pull.StatsPullAtomService
07-07 22:31:07.780 1566 1566 I SystemServerTiming: ssm.onStartUser-0_com.android.server.incident.IncidentCompanionService
07-07 22:31:07.780 1566 1566 I SystemServerTiming: ssm.onStartUser-0_com.android.server.MmsServiceBroker
07-07 22:31:07.780 1566 1566 I SystemServerTiming: ssm.onStartUser-0_com.android.server.autofill.AutofillManagerService
07-07 22:31:07.780 1566 1566 I SystemServerTiming: ssm.onStartUser-0_com.android.server.clipboard.ClipboardService
07-07 22:31:07.780 1566 1566 I SystemServerTiming: ssm.onStartUser-0_com.android.server.appbinding.AppBindingService$Lifecycle
07-07 22:31:07.780 1566 1566 W AppBindingService: [Default SMS app] u0 Target package not found
07-07 22:31:07.780 1566 1566 I SystemServerTiming: ssm.onStartUser-0_com.android.server.tracing.TracingServiceProxy
07-07 22:31:07.780 1566 1566 I SystemServerTiming: ssm.onStartUser-0_com.android.server.policy.PermissionPolicyService
07-07 22:31:07.780 1566 1566 I SystemServerTiming: ssm.onStartUser-0_com.android.server.pm.StagingManager$Lifecycle
07-07 22:31:07.780 1566 1566 I SystemServerTiming: ssm.onStartUser-0_com.android.server.app.GameManagerService$Lifecycle
07-07 22:31:07.782 1566 1566 V GameManagerService: Settings file doesn't exists, skip reading
07-07 22:31:07.782 1566 1566 I SystemServerTiming: ssm.onStartUser-0_com.android.server.appsearch.AppSearchManagerService
07-07 22:31:07.782 1566 1566 I SystemServerTiming: ssm.onStartUser-0_com.android.server.media.MediaCommunicationService
07-07 22:31:07.783 1566 1566 I SystemServerTiming: startPersistentApps
07-07 22:31:07.784 1566 1566 D CompatibilityChangeReporter: Compat change id reported: 135634846; UID 1000; state: DISABLED
07-07 22:31:07.784 1566 1566 D CompatibilityChangeReporter: Compat change id reported: 177438394; UID 1000; state: DISABLED
07-07 22:31:07.784 1566 1566 D CompatibilityChangeReporter: Compat change id reported: 135772972; UID 1000; state: DISABLED
07-07 22:31:07.784 1566 1566 D CompatibilityChangeReporter: Compat change id reported: 135754954; UID 1000; state: ENABLED
07-07 22:31:07.786 1566 1566 D CompatibilityChangeReporter: Compat change id reported: 135634846; UID 1001; state: DISABLED
07-07 22:31:07.786 1566 1566 D CompatibilityChangeReporter: Compat change id reported: 177438394; UID 1001; state: DISABLED
07-07 22:31:07.786 1566 1566 D CompatibilityChangeReporter: Compat change id reported: 135772972; UID 1001; state: DISABLED
07-07 22:31:07.786 1566 1566 D CompatibilityChangeReporter: Compat change id reported: 135754954; UID 1001; state: ENABLED
07-07 22:31:07.787 1566 1566 D CompatibilityChangeReporter: Compat change id reported: 135634846; UID 10052; state: DISABLED
07-07 22:31:07.787 1566 1566 D CompatibilityChangeReporter: Compat change id reported: 177438394; UID 10052; state: DISABLED
07-07 22:31:07.787 1566 1566 D CompatibilityChangeReporter: Compat change id reported: 135772972; UID 10052; state: DISABLED
07-07 22:31:07.787 1566 1566 D CompatibilityChangeReporter: Compat change id reported: 135754954; UID 10052; state: DISABLED
07-07 22:31:07.790 1566 1566 D CompatibilityChangeReporter: Compat change id reported: 135634846; UID 10083; state: DISABLED
07-07 22:31:07.791 1566 1566 D CompatibilityChangeReporter: Compat change id reported: 177438394; UID 10083; state: DISABLED
07-07 22:31:07.791 1170 1170 W iorapd : Readahead disabled by system property
07-07 22:31:07.791 1566 1566 D CompatibilityChangeReporter: Compat change id reported: 135772972; UID 10083; state: DISABLED
07-07 22:31:07.791 1566 1566 D CompatibilityChangeReporter: Compat change id reported: 135754954; UID 10083; state: DISABLED
07-07 22:31:07.791 1170 1170 W iorapd : Reconnect to package manager service: 1 times
07-07 22:31:07.792 1566 1566 D CompatibilityChangeReporter: Compat change id reported: 135634846; UID 1068; state: DISABLED
07-07 22:31:07.795 1566 1566 D CompatibilityChangeReporter: Compat change id reported: 135634846; UID 10061; state: DISABLED
07-07 22:31:07.795 1566 1566 D CompatibilityChangeReporter: Compat change id reported: 177438394; UID 10061; state: DISABLED
07-07 22:31:07.795 1566 1566 D CompatibilityChangeReporter: Compat change id reported: 135772972; UID 10061; state: DISABLED
07-07 22:31:07.796 1566 1566 D CompatibilityChangeReporter: Compat change id reported: 135754954; UID 10061; state: ENABLED
07-07 22:31:07.797 1566 1566 I SystemServerTiming: startHomeOnAllDisplays
07-07 22:31:07.798 1566 1566 I ActivityTaskManager: START u0 {act=android.intent.action.MAIN cat=[android.intent.category.HOME] flg=0x10000100 cmp=com.android.settings/.FallbackHome (has extras)} from uid 0
07-07 22:31:07.799 1566 1687 D PowerManagerService: acquireWakeLockInternal: lock=207757735, flags=0x1, tag="NetworkStats", ws=null, uid=1000, pid=1566
07-07 22:31:07.799 1566 1687 D PowerManagerService: updateWakeLockSummaryLocked: mWakefulness=Awake, mWakeLockSummary=0x1
07-07 22:31:07.799 1566 1687 D PowerManagerService: updateUserActivitySummaryLocked: groupId=0, mWakefulness=Awake, mUserActivitySummary=0x1, nextTimeout=69131 (in 59948 ms)
07-07 22:31:07.799 1566 1687 D PowerManagerNotifier: onScreenPolicyUpdate: newPolicy=3
07-07 22:31:07.799 1566 1687 D PowerManagerService: updateDisplayPowerStateLocked: displayReady=true, groupId=0, policy=BRIGHT, mWakefulness=Awake, mWakeLockSummary=0x1, mUserActivitySummary=0x1, mBootCompleted=false, screenBrightnessOverride=1.0, useAutoBrightness=false, mScreenBrightnessBoostInProgress=false, mIsVrModeEnabled= false, sQuiescent=false
07-07 22:31:07.799 1566 1687 D PowerManagerNotifier: onWakeLockAcquired: flags=1, tag="NetworkStats", packageName=android, ownerUid=1000, ownerPid=1566, workSource=null
07-07 22:31:07.804 1566 1566 D CompatibilityChangeReporter: Compat change id reported: 174042980; UID 1000; state: DISABLED
07-07 22:31:07.804 1566 1566 D ActivityTaskManager: TaskLaunchParamsModifier:task=null activity=ActivityRecord{ee47029 u0 com.android.settings/.FallbackHome taskAffinity=1000:com.android.settings.FallbackHome display-area-from-option=DefaultTaskDisplayArea@151977129 display-id=0 display-windowing-mode=1 suggested-display-area=DefaultTaskDisplayArea@151977129
07-07 22:31:07.807 1566 1687 D PowerManagerService: releaseWakeLockInternal: lock=207757735 [NetworkStats], flags=0x0
07-07 22:31:07.807 1566 1687 D PowerManagerNotifier: onWakeLockReleased: flags=1, tag="NetworkStats", packageName=android, ownerUid=1000, ownerPid=1566, workSource=null
07-07 22:31:07.807 1566 1687 D PowerManagerService: updateWakeLockSummaryLocked: mWakefulness=Awake, mWakeLockSummary=0x1
07-07 22:31:07.807 1566 1687 D PowerManagerService: updateUserActivitySummaryLocked: groupId=0, mWakefulness=Awake, mUserActivitySummary=0x1, nextTimeout=69131 (in 59941 ms)
07-07 22:31:07.807 1566 1687 D PowerManagerNotifier: onScreenPolicyUpdate: newPolicy=3
07-07 22:31:07.807 1566 1687 D PowerManagerService: updateDisplayPowerStateLocked: displayReady=true, groupId=0, policy=BRIGHT, mWakefulness=Awake, mWakeLockSummary=0x1, mUserActivitySummary=0x1, mBootCompleted=false, screenBrightnessOverride=1.0, useAutoBrightness=false, mScreenBrightnessBoostInProgress=false, mIsVrModeEnabled= false, sQuiescent=false
07-07 22:31:07.809 1566 1861 W StorageManagerService: No primary storage defined yet; hacking together a stub
07-07 22:31:07.809 0 0 I [ 9.192411] msm_vidc: high: 00000001: ....e: Opening video instance: 0000000000000000, 0
07-07 22:31:07.809 0 0 I [ 9.192461] msm_vidc: err : 00000001: ....e: Failed to create debugfs for msm_vidc
07-07 22:31:07.809 0 0 E [ 9.192823] init: Control message: Could not find 'vendor.qti.hardware.iop@2.0::IIop/default' for ctl.interface_start from pid: 522 (/system/bin/hwservicemanager)
07-07 22:31:07.809 1566 1566 D ActivityTaskManager: TaskLaunchParamsModifier:task=null activity=ActivityRecord{ee47029 u0 com.android.settings/.FallbackHome taskAffinity=1000:com.android.settings.FallbackHome t-1} display-area-from-option=DefaultTaskDisplayArea@151977129 display-id=0 display-windowing-mode=1 suggested-display-area=DefaultTaskDisplayArea@151977129 activity-options-fullscreen=Rect(0, 0 - 0, 0) non-freeform-display display-area=DefaultTaskDisplayArea@151977129
07-07 22:31:07.812 0 0 I [ 9.195121] binder: 1224:1224 ioctl 40046210 7fd4bf7124 returned -22
07-07 22:31:07.811 1566 1566 D ActivityTaskManager: TaskLaunchParamsModifier:task=Task{66dd8ba #2 type=home A=1000:com.android.settings.FallbackHome U=0 rootTaskId=1 visible=true mode=fullscreen translucent=true sz=0 visible freeform task=true rootAffinity=1000:com.android.settings.FallbackHome isMini=false} activity=ActivityRecord{ee47029 u0 com.android.settings/.FallbackHome taskAffinity=1000:com.android.settings.FallbackHome t-1} display-area-from-option=DefaultTaskDisplayArea@151977129 display-id=0 display-windowing-mode=1 suggested-display-area=DefaultTaskDisplayArea@151977129 activity-options-fullscreen=Rect(0, 0 - 0, 0) non-freeform-display display-area=DefaultTaskDisplayArea@151977129
07-07 22:31:07.812 1566 1687 D PowerManagerService: acquireWakeLockInternal: lock=207757735, flags=0x1, tag="NetworkStats", ws=null, uid=1000, pid=1566
07-07 22:31:07.812 1566 1687 D PowerManagerService: updateWakeLockSummaryLocked: mWakefulness=Awake, mWakeLockSummary=0x1
07-07 22:31:07.813 1566 1687 D PowerManagerService: updateUserActivitySummaryLocked: groupId=0, mWakefulness=Awake, mUserActivitySummary=0x1, nextTimeout=69131 (in 59935 ms)
07-07 22:31:07.813 1566 1687 D PowerManagerNotifier: onScreenPolicyUpdate: newPolicy=3
07-07 22:31:07.813 1566 1687 D PowerManagerService: updateDisplayPowerStateLocked: displayReady=true, groupId=0, policy=BRIGHT, mWakefulness=Awake, mWakeLockSummary=0x1, mUserActivitySummary=0x1, mBootCompleted=false, screenBrightnessOverride=1.0, useAutoBrightness=false, mScreenBrightnessBoostInProgress=false, mIsVrModeEnabled= false, sQuiescent=false
07-07 22:31:07.813 1566 1687 D PowerManagerNotifier: onWakeLockAcquired: flags=1, tag="NetworkStats", packageName=android, ownerUid=1000, ownerPid=1566, workSource=null
07-07 22:31:07.816 0 0 E [ 9.199047] init: Control message: Could not find 'vendor.qti.hardware.iop@2.0::IIop/default' for ctl.interface_start from pid: 522 (/system/bin/hwservicemanager)
07-07 22:31:07.815 1566 1687 D PowerManagerService: releaseWakeLockInternal: lock=207757735 [NetworkStats], flags=0x0
07-07 22:31:07.815 1566 1687 D PowerManagerNotifier: onWakeLockReleased: flags=1, tag="NetworkStats", packageName=android, ownerUid=1000, ownerPid=1566, workSource=null
07-07 22:31:07.815 1566 1687 D PowerManagerService: updateWakeLockSummaryLocked: mWakefulness=Awake, mWakeLockSummary=0x1
07-07 22:31:07.815 1566 1687 D PowerManagerService: updateUserActivitySummaryLocked: groupId=0, mWakefulness=Awake, mUserActivitySummary=0x1, nextTimeout=69131 (in 59932 ms)
07-07 22:31:07.815 1566 1687 D PowerManagerNotifier: onScreenPolicyUpdate: newPolicy=3
07-07 22:31:07.815 1566 1687 D PowerManagerService: updateDisplayPowerStateLocked: displayReady=true, groupId=0, policy=BRIGHT, mWakefulness=Awake, mWakeLockSummary=0x1, mUserActivitySummary=0x1, mBootCompleted=false, screenBrightnessOverride=1.0, useAutoBrightness=false, mScreenBrightnessBoostInProgress=false, mIsVrModeEnabled= false, sQuiescent=false
07-07 22:31:07.817 1566 1687 D PowerManagerService: acquireWakeLockInternal: lock=207757735, flags=0x1, tag="NetworkStats", ws=null, uid=1000, pid=1566
07-07 22:31:07.817 1566 1687 D PowerManagerService: updateWakeLockSummaryLocked: mWakefulness=Awake, mWakeLockSummary=0x1
07-07 22:31:07.817 1566 1687 D PowerManagerService: updateUserActivitySummaryLocked: groupId=0, mWakefulness=Awake, mUserActivitySummary=0x1, nextTimeout=69131 (in 59931 ms)
07-07 22:31:07.817 1566 1687 D PowerManagerNotifier: onScreenPolicyUpdate: newPolicy=3
07-07 22:31:07.817 1566 1687 D PowerManagerService: updateDisplayPowerStateLocked: displayReady=true, groupId=0, policy=BRIGHT, mWakefulness=Awake, mWakeLockSummary=0x1, mUserActivitySummary=0x1, mBootCompleted=false, screenBrightnessOverride=1.0, useAutoBrightness=false, mScreenBrightnessBoostInProgress=false, mIsVrModeEnabled= false, sQuiescent=false
07-07 22:31:07.817 1566 1687 D PowerManagerNotifier: onWakeLockAcquired: flags=1, tag="NetworkStats", packageName=android, ownerUid=1000, ownerPid=1566, workSource=null
07-07 22:31:07.822 2030 2030 D iorap.prefetcherd: Installing minijail
07-07 22:31:07.822 1566 1687 D PowerManagerService: releaseWakeLockInternal: lock=207757735 [NetworkStats], flags=0x0
07-07 22:31:07.822 1566 1687 D PowerManagerNotifier: onWakeLockReleased: flags=1, tag="NetworkStats", packageName=android, ownerUid=1000, ownerPid=1566, workSource=null
07-07 22:31:07.822 1566 1687 D PowerManagerService: updateWakeLockSummaryLocked: mWakefulness=Awake, mWakeLockSummary=0x1
07-07 22:31:07.823 1566 1687 D PowerManagerService: updateUserActivitySummaryLocked: groupId=0, mWakefulness=Awake, mUserActivitySummary=0x1, nextTimeout=69131 (in 59925 ms)
07-07 22:31:07.823 1566 1687 D PowerManagerNotifier: onScreenPolicyUpdate: newPolicy=3
07-07 22:31:07.823 1566 1687 D PowerManagerService: updateDisplayPowerStateLocked: displayReady=true, groupId=0, policy=BRIGHT, mWakefulness=Awake, mWakeLockSummary=0x1, mUserActivitySummary=0x1, mBootCompleted=false, screenBrightnessOverride=1.0, useAutoBrightness=false, mScreenBrightnessBoostInProgress=false, mIsVrModeEnabled= false, sQuiescent=false
07-07 22:31:07.823 2030 2030 W iorap.prefetcherd: No seccomp filter defined for this architecture.
07-07 22:31:07.824 0 0 I [ 9.204349] msm_vidc: high: 00000001: h265e: Closed video instance: 0000000000000000
07-07 22:31:07.825 0 0 I [ 9.206184] binder: 2029:2029 ioctl 40046210 7fe4a4a554 returned -22
07-07 22:31:07.830 1566 1687 D PowerManagerService: acquireWakeLockInternal: lock=207757735, flags=0x1, tag="NetworkStats", ws=null, uid=1000, pid=1566
07-07 22:31:07.830 1566 1687 D PowerManagerService: updateWakeLockSummaryLocked: mWakefulness=Awake, mWakeLockSummary=0x1
07-07 22:31:07.830 1566 1687 D PowerManagerService: updateUserActivitySummaryLocked: groupId=0, mWakefulness=Awake, mUserActivitySummary=0x1, nextTimeout=69131 (in 59918 ms)
07-07 22:31:07.830 1566 1687 D PowerManagerNotifier: onScreenPolicyUpdate: newPolicy=3
07-07 22:31:07.830 1566 1687 D PowerManagerService: updateDisplayPowerStateLocked: displayReady=true, groupId=0, policy=BRIGHT, mWakefulness=Awake, mWakeLockSummary=0x1, mUserActivitySummary=0x1, mBootCompleted=false, screenBrightnessOverride=1.0, useAutoBrightness=false, mScreenBrightnessBoostInProgress=false, mIsVrModeEnabled= false, sQuiescent=false
07-07 22:31:07.830 1566 1687 D PowerManagerNotifier: onWakeLockAcquired: flags=1, tag="NetworkStats", packageName=android, ownerUid=1000, ownerPid=1566, workSource=null
07-07 22:31:07.833 1566 1687 D PowerManagerService: releaseWakeLockInternal: lock=207757735 [NetworkStats], flags=0x0
07-07 22:31:07.833 1566 1687 D PowerManagerNotifier: onWakeLockReleased: flags=1, tag="NetworkStats", packageName=android, ownerUid=1000, ownerPid=1566, workSource=null
07-07 22:31:07.833 1566 1687 D PowerManagerService: updateWakeLockSummaryLocked: mWakefulness=Awake, mWakeLockSummary=0x1
07-07 22:31:07.833 1566 1687 D PowerManagerService: updateUserActivitySummaryLocked: groupId=0, mWakefulness=Awake, mUserActivitySummary=0x1, nextTimeout=69131 (in 59914 ms)
07-07 22:31:07.834 1566 1687 D PowerManagerNotifier: onScreenPolicyUpdate: newPolicy=3
07-07 22:31:07.834 1566 1687 D PowerManagerService: updateDisplayPowerStateLocked: displayReady=true, groupId=0, policy=BRIGHT, mWakefulness=Awake, mWakeLockSummary=0x1, mUserActivitySummary=0x1, mBootCompleted=false, screenBrightnessOverride=1.0, useAutoBrightness=false, mScreenBrightnessBoostInProgress=false, mIsVrModeEnabled= false, sQuiescent=false
07-07 22:31:07.840 0 0 I [ 9.221027] msm_vidc: high: 00000001: ....d: Opening video instance: 0000000000000000, 1
07-07 22:31:07.840 0 0 I [ 9.221061] msm_vidc: err : 00000001: ....d: Failed to create debugfs for msm_vidc
07-07 22:31:07.841 1566 1687 D PowerManagerService: acquireWakeLockInternal: lock=207757735, flags=0x1, tag="NetworkStats", ws=null, uid=1000, pid=1566
07-07 22:31:07.841 1566 1687 D PowerManagerService: updateWakeLockSummaryLocked: mWakefulness=Awake, mWakeLockSummary=0x1
07-07 22:31:07.841 1566 1687 D PowerManagerService: updateUserActivitySummaryLocked: groupId=0, mWakefulness=Awake, mUserActivitySummary=0x1, nextTimeout=69131 (in 59907 ms)
07-07 22:31:07.841 1566 1687 D PowerManagerNotifier: onScreenPolicyUpdate: newPolicy=3
07-07 22:31:07.841 1566 1687 D PowerManagerService: updateDisplayPowerStateLocked: displayReady=true, groupId=0, policy=BRIGHT, mWakefulness=Awake, mWakeLockSummary=0x1, mUserActivitySummary=0x1, mBootCompleted=false, screenBrightnessOverride=1.0, useAutoBrightness=false, mScreenBrightnessBoostInProgress=false, mIsVrModeEnabled= false, sQuiescent=false
07-07 22:31:07.841 1566 1687 D PowerManagerNotifier: onWakeLockAcquired: flags=1, tag="NetworkStats", packageName=android, ownerUid=1000, ownerPid=1566, workSource=null
07-07 22:31:07.842 0 0 I [ 9.224823] msm_vidc: high: 00000001: h264d: Closed video instance: 0000000000000000
07-07 22:31:07.847 1566 1687 D PowerManagerService: releaseWakeLockInternal: lock=207757735 [NetworkStats], flags=0x0
07-07 22:31:07.848 1566 1687 D PowerManagerNotifier: onWakeLockReleased: flags=1, tag="NetworkStats", packageName=android, ownerUid=1000, ownerPid=1566, workSource=null
07-07 22:31:07.848 1566 1687 D PowerManagerService: updateWakeLockSummaryLocked: mWakefulness=Awake, mWakeLockSummary=0x1
07-07 22:31:07.848 1566 1687 D PowerManagerService: updateUserActivitySummaryLocked: groupId=0, mWakefulness=Awake, mUserActivitySummary=0x1, nextTimeout=69131 (in 59900 ms)
07-07 22:31:07.848 1566 1687 D PowerManagerNotifier: onScreenPolicyUpdate: newPolicy=3
07-07 22:31:07.848 1566 1687 D PowerManagerService: updateDisplayPowerStateLocked: displayReady=true, groupId=0, policy=BRIGHT, mWakefulness=Awake, mWakeLockSummary=0x1, mUserActivitySummary=0x1, mBootCompleted=false, screenBrightnessOverride=1.0, useAutoBrightness=false, mScreenBrightnessBoostInProgress=false, mIsVrModeEnabled= false, sQuiescent=false
07-07 22:31:07.853 1566 1687 D PowerManagerService: acquireWakeLockInternal: lock=207757735, flags=0x1, tag="NetworkStats", ws=null, uid=1000, pid=1566
07-07 22:31:07.854 1566 1687 D PowerManagerService: updateWakeLockSummaryLocked: mWakefulness=Awake, mWakeLockSummary=0x1
07-07 22:31:07.854 0 0 I [ 9.236750] msm_vidc: high: 00000001: ....d: Opening video instance: 0000000000000000, 1
07-07 22:31:07.854 0 0 I [ 9.236885] msm_vidc: err : 00000001: ....d: Failed to create debugfs for msm_vidc
07-07 22:31:07.854 1566 1687 D PowerManagerService: updateUserActivitySummaryLocked: groupId=0, mWakefulness=Awake, mUserActivitySummary=0x1, nextTimeout=69131 (in 59894 ms)
07-07 22:31:07.854 1566 1687 D PowerManagerNotifier: onScreenPolicyUpdate: newPolicy=3
07-07 22:31:07.854 1566 1687 D PowerManagerService: updateDisplayPowerStateLocked: displayReady=true, groupId=0, policy=BRIGHT, mWakefulness=Awake, mWakeLockSummary=0x1, mUserActivitySummary=0x1, mBootCompleted=false, screenBrightnessOverride=1.0, useAutoBrightness=false, mScreenBrightnessBoostInProgress=false, mIsVrModeEnabled= false, sQuiescent=false
07-07 22:31:07.854 1566 1687 D PowerManagerNotifier: onWakeLockAcquired: flags=1, tag="NetworkStats", packageName=android, ownerUid=1000, ownerPid=1566, workSource=null
07-07 22:31:07.854 1566 1566 D CompatibilityChangeReporter: Compat change id reported: 168419799; UID 1000; state: DISABLED
07-07 22:31:07.854 1566 2073 W ContextImpl: Calling a method in the system process without a qualified user: android.app.ContextImpl.bindService:1895 android.content.ContextWrapper.bindService:810 com.qualcomm.qti.activityextension.ActivityNotifier.bindToDynamicDDSService:103 com.qualcomm.qti.activityextension.ActivityNotifier.handleSendActivityInvokeNotification:184 com.qualcomm.qti.activityextension.ActivityNotifier.access$300:26
07-07 22:31:07.855 1566 1566 I ActivityTaskManager: FOREGROUND_APPLICATION_CHANGED to com.android.settings.FallbackHome
07-07 22:31:07.857 1566 1566 I SystemServerTiming: showSystemReadyErrorDialogs
07-07 22:31:07.858 1566 1687 D PowerManagerService: releaseWakeLockInternal: lock=207757735 [NetworkStats], flags=0x0
07-07 22:31:07.858 1566 1687 D PowerManagerNotifier: onWakeLockReleased: flags=1, tag="NetworkStats", packageName=android, ownerUid=1000, ownerPid=1566, workSource=null
07-07 22:31:07.858 1566 1687 D PowerManagerService: updateWakeLockSummaryLocked: mWakefulness=Awake, mWakeLockSummary=0x1
07-07 22:31:07.859 1566 1687 D PowerManagerService: updateUserActivitySummaryLocked: groupId=0, mWakefulness=Awake, mUserActivitySummary=0x1, nextTimeout=69131 (in 59889 ms)
07-07 22:31:07.859 1566 1687 D PowerManagerNotifier: onScreenPolicyUpdate: newPolicy=3
07-07 22:31:07.859 1566 1687 D PowerManagerService: updateDisplayPowerStateLocked: displayReady=true, groupId=0, policy=BRIGHT, mWakefulness=Awake, mWakeLockSummary=0x1, mUserActivitySummary=0x1, mBootCompleted=false, screenBrightnessOverride=1.0, useAutoBrightness=false, mScreenBrightnessBoostInProgress=false, mIsVrModeEnabled= false, sQuiescent=false
07-07 22:31:07.859 1566 1687 D PowerManagerService: acquireWakeLockInternal: lock=207757735, flags=0x1, tag="NetworkStats", ws=null, uid=1000, pid=1566
07-07 22:31:07.859 1566 1687 D PowerManagerService: updateWakeLockSummaryLocked: mWakefulness=Awake, mWakeLockSummary=0x1
07-07 22:31:07.860 1566 1687 D PowerManagerService: updateUserActivitySummaryLocked: groupId=0, mWakefulness=Awake, mUserActivitySummary=0x1, nextTimeout=69131 (in 59888 ms)
07-07 22:31:07.860 1566 1687 D PowerManagerNotifier: onScreenPolicyUpdate: newPolicy=3
07-07 22:31:07.860 1566 1687 D PowerManagerService: updateDisplayPowerStateLocked: displayReady=true, groupId=0, policy=BRIGHT, mWakefulness=Awake, mWakeLockSummary=0x1, mUserActivitySummary=0x1, mBootCompleted=false, screenBrightnessOverride=1.0, useAutoBrightness=false, mScreenBrightnessBoostInProgress=false, mIsVrModeEnabled= false, sQuiescent=false
07-07 22:31:07.860 1566 1687 D PowerManagerNotifier: onWakeLockAcquired: flags=1, tag="NetworkStats", packageName=android, ownerUid=1000, ownerPid=1566, workSource=null
07-07 22:31:07.863 1566 1687 D PowerManagerService: releaseWakeLockInternal: lock=207757735 [NetworkStats], flags=0x0
07-07 22:31:07.863 1566 1687 D PowerManagerNotifier: onWakeLockReleased: flags=1, tag="NetworkStats", packageName=android, ownerUid=1000, ownerPid=1566, workSource=null
07-07 22:31:07.863 1566 1687 D PowerManagerService: updateWakeLockSummaryLocked: mWakefulness=Awake, mWakeLockSummary=0x1
07-07 22:31:07.863 1566 1687 D PowerManagerService: updateUserActivitySummaryLocked: groupId=0, mWakefulness=Awake, mUserActivitySummary=0x1, nextTimeout=69131 (in 59884 ms)
07-07 22:31:07.863 1566 1687 D PowerManagerNotifier: onScreenPolicyUpdate: newPolicy=3
07-07 22:31:07.863 1566 1687 D PowerManagerService: updateDisplayPowerStateLocked: displayReady=true, groupId=0, policy=BRIGHT, mWakefulness=Awake, mWakeLockSummary=0x1, mUserActivitySummary=0x1, mBootCompleted=false, screenBrightnessOverride=1.0, useAutoBrightness=false, mScreenBrightnessBoostInProgress=false, mIsVrModeEnabled= false, sQuiescent=false
07-07 22:31:07.864 0 0 I [ 9.247799] msm_vidc: high: 00000001: h264d: Closed video instance: 0000000000000000
07-07 22:31:07.866 1566 1687 D PowerManagerService: acquireWakeLockInternal: lock=207757735, flags=0x1, tag="NetworkStats", ws=null, uid=1000, pid=1566
07-07 22:31:07.866 1566 1687 D PowerManagerService: updateWakeLockSummaryLocked: mWakefulness=Awake, mWakeLockSummary=0x1
07-07 22:31:07.866 1566 1687 D PowerManagerService: updateUserActivitySummaryLocked: groupId=0, mWakefulness=Awake, mUserActivitySummary=0x1, nextTimeout=69131 (in 59882 ms)
07-07 22:31:07.866 1566 1687 D PowerManagerNotifier: onScreenPolicyUpdate: newPolicy=3
07-07 22:31:07.866 1566 1687 D PowerManagerService: updateDisplayPowerStateLocked: displayReady=true, groupId=0, policy=BRIGHT, mWakefulness=Awake, mWakeLockSummary=0x1, mUserActivitySummary=0x1, mBootCompleted=false, screenBrightnessOverride=1.0, useAutoBrightness=false, mScreenBrightnessBoostInProgress=false, mIsVrModeEnabled= false, sQuiescent=false
07-07 22:31:07.866 1566 1687 D PowerManagerNotifier: onWakeLockAcquired: flags=1, tag="NetworkStats", packageName=android, ownerUid=1000, ownerPid=1566, workSource=null
07-07 22:31:07.869 1566 1687 D PowerManagerService: releaseWakeLockInternal: lock=207757735 [NetworkStats], flags=0x0
07-07 22:31:07.869 1566 1687 D PowerManagerNotifier: onWakeLockReleased: flags=1, tag="NetworkStats", packageName=android, ownerUid=1000, ownerPid=1566, workSource=null
07-07 22:31:07.869 1566 1687 D PowerManagerService: updateWakeLockSummaryLocked: mWakefulness=Awake, mWakeLockSummary=0x1
07-07 22:31:07.869 1566 1687 D PowerManagerService: updateUserActivitySummaryLocked: groupId=0, mWakefulness=Awake, mUserActivitySummary=0x1, nextTimeout=69131 (in 59879 ms)
07-07 22:31:07.869 1566 1687 D PowerManagerNotifier: onScreenPolicyUpdate: newPolicy=3
07-07 22:31:07.869 1566 1687 D PowerManagerService: updateDisplayPowerStateLocked: displayReady=true, groupId=0, policy=BRIGHT, mWakefulness=Awake, mWakeLockSummary=0x1, mUserActivitySummary=0x1, mBootCompleted=false, screenBrightnessOverride=1.0, useAutoBrightness=false, mScreenBrightnessBoostInProgress=false, mIsVrModeEnabled= false, sQuiescent=false
07-07 22:31:07.872 1566 1687 D PowerManagerService: acquireWakeLockInternal: lock=207757735, flags=0x1, tag="NetworkStats", ws=null, uid=1000, pid=1566
07-07 22:31:07.872 1566 1687 D PowerManagerService: updateWakeLockSummaryLocked: mWakefulness=Awake, mWakeLockSummary=0x1
07-07 22:31:07.872 1566 1687 D PowerManagerService: updateUserActivitySummaryLocked: groupId=0, mWakefulness=Awake, mUserActivitySummary=0x1, nextTimeout=69131 (in 59876 ms)
07-07 22:31:07.872 1566 1687 D PowerManagerNotifier: onScreenPolicyUpdate: newPolicy=3
07-07 22:31:07.872 1566 1687 D PowerManagerService: updateDisplayPowerStateLocked: displayReady=true, groupId=0, policy=BRIGHT, mWakefulness=Awake, mWakeLockSummary=0x1, mUserActivitySummary=0x1, mBootCompleted=false, screenBrightnessOverride=1.0, useAutoBrightness=false, mScreenBrightnessBoostInProgress=false, mIsVrModeEnabled= false, sQuiescent=false
07-07 22:31:07.872 1566 1687 D PowerManagerNotifier: onWakeLockAcquired: flags=1, tag="NetworkStats", packageName=android, ownerUid=1000, ownerPid=1566, workSource=null
07-07 22:31:07.877 1566 1687 D PowerManagerService: releaseWakeLockInternal: lock=207757735 [NetworkStats], flags=0x0
07-07 22:31:07.877 1566 1687 D PowerManagerNotifier: onWakeLockReleased: flags=1, tag="NetworkStats", packageName=android, ownerUid=1000, ownerPid=1566, workSource=null
07-07 22:31:07.877 1566 1687 D PowerManagerService: updateWakeLockSummaryLocked: mWakefulness=Awake, mWakeLockSummary=0x1
07-07 22:31:07.878 1566 1687 D PowerManagerService: updateUserActivitySummaryLocked: groupId=0, mWakefulness=Awake, mUserActivitySummary=0x1, nextTimeout=69131 (in 59870 ms)
07-07 22:31:07.878 1566 1687 D PowerManagerNotifier: onScreenPolicyUpdate: newPolicy=3
07-07 22:31:07.878 1566 1687 D PowerManagerService: updateDisplayPowerStateLocked: displayReady=true, groupId=0, policy=BRIGHT, mWakefulness=Awake, mWakeLockSummary=0x1, mUserActivitySummary=0x1, mBootCompleted=false, screenBrightnessOverride=1.0, useAutoBrightness=false, mScreenBrightnessBoostInProgress=false, mIsVrModeEnabled= false, sQuiescent=false
07-07 22:31:07.881 1566 1687 D PowerManagerService: acquireWakeLockInternal: lock=207757735, flags=0x1, tag="NetworkStats", ws=null, uid=1000, pid=1566
07-07 22:31:07.881 1566 1687 D PowerManagerService: updateWakeLockSummaryLocked: mWakefulness=Awake, mWakeLockSummary=0x1
07-07 22:31:07.881 1566 1687 D PowerManagerService: updateUserActivitySummaryLocked: groupId=0, mWakefulness=Awake, mUserActivitySummary=0x1, nextTimeout=69131 (in 59867 ms)
07-07 22:31:07.881 1566 1687 D PowerManagerNotifier: onScreenPolicyUpdate: newPolicy=3
07-07 22:31:07.881 1566 1687 D PowerManagerService: updateDisplayPowerStateLocked: displayReady=true, groupId=0, policy=BRIGHT, mWakefulness=Awake, mWakeLockSummary=0x1, mUserActivitySummary=0x1, mBootCompleted=false, screenBrightnessOverride=1.0, useAutoBrightness=false, mScreenBrightnessBoostInProgress=false, mIsVrModeEnabled= false, sQuiescent=false
07-07 22:31:07.881 1566 1687 D PowerManagerNotifier: onWakeLockAcquired: flags=1, tag="NetworkStats", packageName=android, ownerUid=1000, ownerPid=1566, workSource=null
07-07 22:31:07.885 1566 1687 D PowerManagerService: releaseWakeLockInternal: lock=207757735 [NetworkStats], flags=0x0
07-07 22:31:07.885 1566 1687 D PowerManagerNotifier: onWakeLockReleased: flags=1, tag="NetworkStats", packageName=android, ownerUid=1000, ownerPid=1566, workSource=null
07-07 22:31:07.885 1566 1687 D PowerManagerService: updateWakeLockSummaryLocked: mWakefulness=Awake, mWakeLockSummary=0x1
07-07 22:31:07.885 1566 1687 D PowerManagerService: updateUserActivitySummaryLocked: groupId=0, mWakefulness=Awake, mUserActivitySummary=0x1, nextTimeout=69131 (in 59863 ms)
07-07 22:31:07.885 1566 1687 D PowerManagerNotifier: onScreenPolicyUpdate: newPolicy=3
07-07 22:31:07.885 1566 1687 D PowerManagerService: updateDisplayPowerStateLocked: displayReady=true, groupId=0, policy=BRIGHT, mWakefulness=Awake, mWakeLockSummary=0x1, mUserActivitySummary=0x1, mBootCompleted=false, screenBrightnessOverride=1.0, useAutoBrightness=false, mScreenBrightnessBoostInProgress=false, mIsVrModeEnabled= false, sQuiescent=false
07-07 22:31:07.886 1566 1687 D PowerManagerService: acquireWakeLockInternal: lock=207757735, flags=0x1, tag="NetworkStats", ws=null, uid=1000, pid=1566
07-07 22:31:07.886 1566 1687 D PowerManagerService: updateWakeLockSummaryLocked: mWakefulness=Awake, mWakeLockSummary=0x1
07-07 22:31:07.886 1566 1687 D PowerManagerService: updateUserActivitySummaryLocked: groupId=0, mWakefulness=Awake, mUserActivitySummary=0x1, nextTimeout=69131 (in 59861 ms)
07-07 22:31:07.887 1566 1687 D PowerManagerNotifier: onScreenPolicyUpdate: newPolicy=3
07-07 22:31:07.887 1566 1687 D PowerManagerService: updateDisplayPowerStateLocked: displayReady=true, groupId=0, policy=BRIGHT, mWakefulness=Awake, mWakeLockSummary=0x1, mUserActivitySummary=0x1, mBootCompleted=false, screenBrightnessOverride=1.0, useAutoBrightness=false, mScreenBrightnessBoostInProgress=false, mIsVrModeEnabled= false, sQuiescent=false
07-07 22:31:07.887 1566 1687 D PowerManagerNotifier: onWakeLockAcquired: flags=1, tag="NetworkStats", packageName=android, ownerUid=1000, ownerPid=1566, workSource=null
07-07 22:31:07.893 1566 1687 D PowerManagerService: releaseWakeLockInternal: lock=207757735 [NetworkStats], flags=0x0
07-07 22:31:07.893 1566 1687 D PowerManagerNotifier: onWakeLockReleased: flags=1, tag="NetworkStats", packageName=android, ownerUid=1000, ownerPid=1566, workSource=null
07-07 22:31:07.894 1566 1687 D PowerManagerService: updateWakeLockSummaryLocked: mWakefulness=Awake, mWakeLockSummary=0x1
07-07 22:31:07.894 1566 1687 D PowerManagerService: updateUserActivitySummaryLocked: groupId=0, mWakefulness=Awake, mUserActivitySummary=0x1, nextTimeout=69131 (in 59854 ms)
07-07 22:31:07.894 1566 1687 D PowerManagerNotifier: onScreenPolicyUpdate: newPolicy=3
07-07 22:31:07.894 0 0 I [ 9.277055] msm_vidc: high: 00000001: ....d: Opening video instance: 0000000000000000, 1
07-07 22:31:07.894 0 0 I [ 9.277101] msm_vidc: err : 00000001: ....d: Failed to create debugfs for msm_vidc
07-07 22:31:07.894 1566 1687 D PowerManagerService: updateDisplayPowerStateLocked: displayReady=true, groupId=0, policy=BRIGHT, mWakefulness=Awake, mWakeLockSummary=0x1, mUserActivitySummary=0x1, mBootCompleted=false, screenBrightnessOverride=1.0, useAutoBrightness=false, mScreenBrightnessBoostInProgress=false, mIsVrModeEnabled= false, sQuiescent=false
07-07 22:31:07.895 1566 1687 D PowerManagerService: acquireWakeLockInternal: lock=207757735, flags=0x1, tag="NetworkStats", ws=null, uid=1000, pid=1566
07-07 22:31:07.895 1566 1687 D PowerManagerService: updateWakeLockSummaryLocked: mWakefulness=Awake, mWakeLockSummary=0x1
07-07 22:31:07.895 1566 1687 D PowerManagerService: updateUserActivitySummaryLocked: groupId=0, mWakefulness=Awake, mUserActivitySummary=0x1, nextTimeout=69131 (in 59853 ms)
07-07 22:31:07.895 1566 1687 D PowerManagerNotifier: onScreenPolicyUpdate: newPolicy=3
07-07 22:31:07.895 1566 1687 D PowerManagerService: updateDisplayPowerStateLocked: displayReady=true, groupId=0, policy=BRIGHT, mWakefulness=Awake, mWakeLockSummary=0x1, mUserActivitySummary=0x1, mBootCompleted=false, screenBrightnessOverride=1.0, useAutoBrightness=false, mScreenBrightnessBoostInProgress=false, mIsVrModeEnabled= false, sQuiescent=false
07-07 22:31:07.895 1566 1687 D PowerManagerNotifier: onWakeLockAcquired: flags=1, tag="NetworkStats", packageName=android, ownerUid=1000, ownerPid=1566, workSource=null
07-07 22:31:07.899 1566 1566 I SystemServerTiming: sendUserStartBroadcast
07-07 22:31:07.899 1566 1566 I SystemServerTiming: resumeTopActivities
07-07 22:31:07.900 1566 1566 I SystemServerTiming: sendUserSwitchBroadcasts
07-07 22:31:07.900 1566 1566 I SystemServerTiming: setBinderProxies
07-07 22:31:07.900 1566 1566 I SystemServerTiming: StartSystemUI
07-07 22:31:07.905 0 0 I [ 9.285144] msm_vidc: high: 00000001: h265d: Closed video instance: 0000000000000000
07-07 22:31:07.905 0 0 I : [ 9.286592] mv2112_setup_forced
07-07 22:31:07.901 1566 1690 W ActivityManager: Slow operation: 118ms so far, now at startProcess: done updating battery stats
07-07 22:31:07.901 1566 1690 W ActivityManager: Slow operation: 118ms so far, now at startProcess: building log message
07-07 22:31:07.901 1566 1690 I ActivityManager: Start proc 2029:com.thundercomm.gamemode/1000 for added application com.thundercomm.gamemode
07-07 22:31:07.901 1566 1690 W ActivityManager: Slow operation: 118ms so far, now at startProcess: starting to update pids map
07-07 22:31:07.901 1566 1690 W ActivityManager: Slow operation: 119ms so far, now at startProcess: done updating pids map
07-07 22:31:07.901 1566 1690 W ActivityManager: Slow operation: 118ms so far, now at startProcess: asking zygote to start proc
07-07 22:31:07.906 1566 1690 W ActivityManager: Slow operation: 122ms so far, now at startProcess: returned from zygote!
07-07 22:31:07.910 1566 2058 I ActivityManager: Process WebViewLoader-armeabi-v7a (pid 1970) has died: psvc PER
07-07 22:31:07.913 0 0 D : [ 9.292530] mv2112 func:phyinit_store:75 val:1 phyinit(from mcu uart) suc!
07-07 22:31:07.913 1566 1687 D PowerManagerService: releaseWakeLockInternal: lock=207757735 [NetworkStats], flags=0x0
07-07 22:31:07.913 1566 1687 D PowerManagerNotifier: onWakeLockReleased: flags=1, tag="NetworkStats", packageName=android, ownerUid=1000, ownerPid=1566, workSource=null
07-07 22:31:07.913 1566 1687 D PowerManagerService: updateWakeLockSummaryLocked: mWakefulness=Awake, mWakeLockSummary=0x1
07-07 22:31:07.913 1566 1687 D PowerManagerService: updateUserActivitySummaryLocked: groupId=0, mWakefulness=Awake, mUserActivitySummary=0x1, nextTimeout=69131 (in 59834 ms)
07-07 22:31:07.913 1566 1687 D PowerManagerNotifier: onScreenPolicyUpdate: newPolicy=3
07-07 22:31:07.914 1566 1687 D PowerManagerService: updateDisplayPowerStateLocked: displayReady=true, groupId=0, policy=BRIGHT, mWakefulness=Awake, mWakeLockSummary=0x1, mUserActivitySummary=0x1, mBootCompleted=false, screenBrightnessOverride=1.0, useAutoBrightness=false, mScreenBrightnessBoostInProgress=false, mIsVrModeEnabled= false, sQuiescent=false
07-07 22:31:07.914 1566 2065 I ActivityManager: Process WebViewLoader-arm64-v8a (pid 1971) has died: psvc PER
