07-10 16:12:09.118 1566 3602 D PowerManagerNotifier: onWakeLockReleased: flags=1, tag="TimeService", packageName=com.qualcomm.timeservice, ownerUid=10054, ownerPid=4381, workSource=null
07-10 16:12:09.118 1566 3602 D PowerManagerService: updateWakeLockSummaryLocked: mWakefulness=Awake, mWakeLockSummary=0x1
07-10 16:12:09.118 1566 3602 D PowerManagerService: updateUserActivitySummaryLocked: groupId=0, mWakefulness=Awake, mUserActivitySummary=0x1, nextTimeout=178991 (in 41777 ms)
07-10 16:12:09.118 1566 3602 D PowerManagerNotifier: onScreenPolicyUpdate: newPolicy=3
07-10 16:12:09.118 1566 3602 D PowerManagerService: updateDisplayPowerStateLocked: displayReady=true, groupId=0, policy=BRIGHT, mWakefulness=Awake, mWakeLockSummary=0x1, mUserActivitySummary=0x1, mBootCompleted=true, screenBrightnessOverride=NaN, useAutoBrightness=true, mScreenBrightnessBoostInProgress=false, mIsVrModeEnabled= false, sQuiescent=false
07-10 16:12:09.119 1566 3602 I ActivityManager: Killing 4290:com.thundercomm.screensaver/1000 (adj 905): empty #2
07-10 16:12:09.125 1566 1691 I libprocessgroup: Successfully killed process cgroup uid 1000 pid 4290 in 5ms
07-10 16:12:09.147 1566 1681 W ActivityManager: setHasOverlayUi called on unknown pid: 4290
07-10 16:12:09.147 683 683 I Zygote : Process 4290 exited due to signal 9 (Killed)
07-10 16:12:09.541 662 677 I mpu_uart: [MSG-P:RECV]:No message received in 1000 ms
07-10 16:12:10.074 4177 4233 I OpenGLRenderer: Davey! duration=9223371898733ms; Flags=0, FrameTimelineVsyncId=1948, IntendedVsync=138120990630, Vsync=138120990630, InputEventId=0, HandleInputStart=138122042079, AnimationStart=138122048381, PerformTraversalsStart=138122052235, DrawStart=138143999839, FrameDeadline=138137657296, FrameInterval=138122026297, FrameStartTime=16666666, SyncQueued=138145317704, SyncStart=138145400672, IssueDrawCommandsStart=138146463120, SwapBuffers=138150108537, FrameCompleted=9223372036854775807, DequeueBufferDuration=59115, QueueBufferDuration=1645312, GpuCompleted=9223372036854775807, SwapBuffersCompleted=138152471193, DisplayPresentTime=0,
07-10 16:12:10.542 662 677 I mpu_uart: [MSG-P:RECV]:No message received in 1000 ms
07-10 16:12:11.017 2102 4094 D MicroService: handleHeartBeat:92
07-10 16:12:11.030 2102 2102 D MicroService: onHeartBeatDetected
07-10 16:12:11.030 2102 2102 D MicroService: sendHeartbeatMessage
07-10 16:12:11.074 4177 4233 I OpenGLRenderer: Davey! duration=9223371897731ms; Flags=0, FrameTimelineVsyncId=1954, IntendedVsync=139123404630, Vsync=139123404630, InputEventId=0, HandleInputStart=139123914109, AnimationStart=139123917911, PerformTraversalsStart=139123920464, DrawStart=139147428484, FrameDeadline=139156737962, FrameInterval=139123904318, FrameStartTime=16666666, SyncQueued=139148829214, SyncStart=139148928953, IssueDrawCommandsStart=139149992755, SwapBuffers=139153436036, FrameCompleted=9223372036854775807, DequeueBufferDuration=55209, QueueBufferDuration=985313, GpuCompleted=9223372036854775807, SwapBuffersCompleted=139155039578, DisplayPresentTime=0,
07-10 16:12:11.541 662 676 I mpu_uart: [MSG-P:R]:recv sync frame timeout
07-10 16:12:11.542 662 677 I mpu_uart: [MSG-P:RECV]:No message received in 1000 ms
07-10 16:12:11.928 2306 2306 D RemoteControlService: startVlanDispatchThread
07-10 16:12:12.078 4177 4233 I OpenGLRenderer: Davey! duration=9223371896728ms; Flags=0, FrameTimelineVsyncId=1960, IntendedVsync=140125775630, Vsync=140125775630, InputEventId=0, HandleInputStart=140126848692, AnimationStart=140126853640, PerformTraversalsStart=140126857807, DrawStart=140149911869, FrameDeadline=140142442296, FrameInterval=140126831765, FrameStartTime=16666666, SyncQueued=140151317130, SyncStart=140151680151, IssueDrawCommandsStart=140152995151, SwapBuffers=140157453432, FrameCompleted=9223372036854775807, DequeueBufferDuration=62291, QueueBufferDuration=1216458, GpuCompleted=9223372036854775807, SwapBuffersCompleted=140159448380, DisplayPresentTime=0,
07-10 16:12:12.092 4177 4364 I OpenGLRenderer: Davey! duration=9223371896707ms; Flags=0, FrameTimelineVsyncId=1961, IntendedVsync=140142442296, Vsync=140142442296, InputEventId=0, HandleInputStart=140153161244, AnimationStart=140153163172, PerformTraversalsStart=140153696192, DrawStart=140153739057, FrameDeadline=140175775628, FrameInterval=140153157859, FrameStartTime=16666666, SyncQueued=140155074109, SyncStart=140159494213, IssueDrawCommandsStart=140160086713, SwapBuffers=140163072286, FrameCompleted=9223372036854775807, DequeueBufferDuration=22708, QueueBufferDuration=10147344, GpuCompleted=9223372036854775807, SwapBuffersCompleted=140173707859, DisplayPresentTime=0,
07-10 16:12:12.543 662 677 I mpu_uart: [MSG-P:RECV]:No message received in 1000 ms
07-10 16:12:13.022 2102 4095 D MicroService: handleHeartBeat:93
07-10 16:12:13.033 2102 2102 D MicroService: onHeartBeatDetected
07-10 16:12:13.033 2102 2102 D MicroService: sendHeartbeatMessage
07-10 16:12:13.080 4177 4364 I OpenGLRenderer: Davey! duration=9223371895726ms; Flags=0, FrameTimelineVsyncId=1966, IntendedVsync=141128221630, Vsync=141128221630, InputEventId=0, HandleInputStart=141129360775, AnimationStart=141129364004, PerformTraversalsStart=141129366713, DrawStart=141150773379, FrameDeadline=141161554962, FrameInterval=141129353588, FrameStartTime=16666666, SyncQueued=141151837182, SyncStart=141151937025, IssueDrawCommandsStart=141152882598, SwapBuffers=141155720619, FrameCompleted=9223372036854775807, DequeueBufferDuration=41667, QueueBufferDuration=1007343, GpuCompleted=9223372036854775807, SwapBuffersCompleted=141157354682, DisplayPresentTime=0,
07-10 16:12:13.543 662 677 I mpu_uart: [MSG-P:RECV]:No message received in 1000 ms
07-10 16:12:14.081 4177 4364 I OpenGLRenderer: Davey! duration=9223371894723ms; Flags=0, FrameTimelineVsyncId=1972, IntendedVsync=142130640630, Vsync=142130640630, InputEventId=0, HandleInputStart=142131144108, AnimationStart=142131147598, PerformTraversalsStart=142131150254, DrawStart=142154171556, FrameDeadline=142163973962, FrameInterval=142131136244, FrameStartTime=16666666, SyncQueued=142155542181, SyncStart=142155942442, IssueDrawCommandsStart=142157064108, SwapBuffers=142160516556, FrameCompleted=9223372036854775807, DequeueBufferDuration=52292, QueueBufferDuration=982292, GpuCompleted=9223372036854775807, SwapBuffersCompleted=142162111817, DisplayPresentTime=0,
07-10 16:12:14.094 4177 4364 I OpenGLRenderer: Davey! duration=9223371894704ms; Flags=0, FrameTimelineVsyncId=1973, IntendedVsync=142147307296, Vsync=142147307296, InputEventId=0, HandleInputStart=142157214369, AnimationStart=142157215775, PerformTraversalsStart=142157587442, DrawStart=142157634733, FrameDeadline=142180640628, FrameInterval=142157211869, FrameStartTime=16666666, SyncQueued=142158724421, SyncStart=142162148848, IssueDrawCommandsStart=142162621400, SwapBuffers=142164928587, FrameCompleted=9223372036854775807, DequeueBufferDuration=18333, QueueBufferDuration=11198281, GpuCompleted=9223372036854775807, SwapBuffersCompleted=142176539264, DisplayPresentTime=0,
07-10 16:12:14.100 1566 2006 D SntpClient: request time failed: java.net.SocketTimeoutException: Poll timed out
07-10 16:12:14.544 662 677 I mpu_uart: [MSG-P:RECV]:No message received in 1000 ms
07-10 16:12:14.545 662 676 I mpu_uart: [MSG-P:R]:recv sync frame timeout
07-10 16:12:15.022 2102 4098 D MicroService: handleHeartBeat:94
07-10 16:12:15.035 2102 2102 D MicroService: onHeartBeatDetected
07-10 16:12:15.035 2102 2102 D MicroService: sendHeartbeatMessage
07-10 16:12:15.085 4177 4364 I OpenGLRenderer: Davey! duration=9223371893721ms; Flags=0, FrameTimelineVsyncId=1978, IntendedVsync=143133038630, Vsync=143133038630, InputEventId=0, HandleInputStart=143134000358, AnimationStart=143134007493, PerformTraversalsStart=143134010306, DrawStart=143154907650, FrameDeadline=143166371962, FrameInterval=143133986400, FrameStartTime=16666666, SyncQueued=143156164941, SyncStart=143156265254, IssueDrawCommandsStart=143157321608, SwapBuffers=143160658587, FrameCompleted=9223372036854775807, DequeueBufferDuration=52969, QueueBufferDuration=963177, GpuCompleted=9223372036854775807, SwapBuffersCompleted=143162203587, DisplayPresentTime=0,
07-10 16:12:15.545 662 677 I mpu_uart: [MSG-P:RECV]:No message received in 1000 ms
07-10 16:12:16.089 4177 4364 I OpenGLRenderer: Davey! duration=9223371892719ms; Flags=0, FrameTimelineVsyncId=1984, IntendedVsync=144135445630, Vsync=144135445630, InputEventId=0, HandleInputStart=144136518951, AnimationStart=144136528222, PerformTraversalsStart=144136531295, DrawStart=144158586555, FrameDeadline=144168778962, FrameInterval=144136493326, FrameStartTime=16666666, SyncQueued=144159709212, SyncStart=144159787649, IssueDrawCommandsStart=144160790878, SwapBuffers=144163576347, FrameCompleted=9223372036854775807, DequeueBufferDuration=42187, QueueBufferDuration=871563, GpuCompleted=9223372036854775807, SwapBuffersCompleted=144164976503, DisplayPresentTime=0,
07-10 16:12:16.545 662 677 I mpu_uart: [MSG-P:RECV]:No message received in 1000 ms
07-10 16:12:16.939 2306 2306 D RemoteControlService: startVlanDispatchThread
07-10 16:12:17.030 2102 4100 D MicroService: handleHeartBeat:95
07-10 16:12:17.038 2102 2102 D MicroService: onHeartBeatDetected
07-10 16:12:17.038 2102 2102 D MicroService: sendHeartbeatMessage
07-10 16:12:17.087 4177 4364 I OpenGLRenderer: Davey! duration=9223371891716ms; Flags=0, FrameTimelineVsyncId=1990, IntendedVsync=145137864630, Vsync=145137864630, InputEventId=0, HandleInputStart=145138412961, AnimationStart=145138418170, PerformTraversalsStart=145138420670, DrawStart=145162266659, FrameDeadline=145171197962, FrameInterval=145138404003, FrameStartTime=16666666, SyncQueued=145163847805, SyncStart=145164327284, IssueDrawCommandsStart=145165416868, SwapBuffers=145169040930, FrameCompleted=9223372036854775807, DequeueBufferDuration=57864, QueueBufferDuration=1038958, GpuCompleted=9223372036854775807, SwapBuffersCompleted=145170738222, DisplayPresentTime=0,
07-10 16:12:17.545 662 677 I mpu_uart: [MSG-P:RECV]:No message received in 1000 ms
07-10 16:12:17.548 662 676 I mpu_uart: [MSG-P:R]:recv sync frame timeout
07-10 16:12:18.092 4177 4364 I OpenGLRenderer: Davey! duration=9223371890714ms; Flags=0, FrameTimelineVsyncId=1996, IntendedVsync=146140263630, Vsync=146140263630, InputEventId=0, HandleInputStart=146140824107, AnimationStart=146140827857, PerformTraversalsStart=146140831294, DrawStart=146160803378, FrameDeadline=146156930296, FrameInterval=146140817805, FrameStartTime=16666666, SyncQueued=146161660565, SyncStart=146161733325, IssueDrawCommandsStart=146162445982, SwapBuffers=146165273742, FrameCompleted=9223372036854775807, DequeueBufferDuration=39218, QueueBufferDuration=1136302, GpuCompleted=9223372036854775807, SwapBuffersCompleted=146166884419, DisplayPresentTime=0,
07-10 16:12:18.546 662 677 I mpu_uart: [MSG-P:RECV]:No message received in 1000 ms
07-10 16:12:19.027 2102 4105 D MicroService: handleHeartBeat:96
07-10 16:12:19.040 2102 2102 D MicroService: onHeartBeatDetected
07-10 16:12:19.040 2102 2102 D MicroService: sendHeartbeatMessage
07-10 16:12:19.092 4177 4364 I OpenGLRenderer: Davey! duration=9223371889711ms; Flags=0, FrameTimelineVsyncId=2002, IntendedVsync=147142667630, Vsync=147142667630, InputEventId=0, HandleInputStart=147143162179, AnimationStart=147143165721, PerformTraversalsStart=147143168533, DrawStart=147165912388, FrameDeadline=147176000962, FrameInterval=147143153950, FrameStartTime=16666666, SyncQueued=147166958846, SyncStart=147167290460, IssueDrawCommandsStart=147168263065, SwapBuffers=147171493950, FrameCompleted=9223372036854775807, DequeueBufferDuration=46823, QueueBufferDuration=989062, GpuCompleted=9223372036854775807, SwapBuffersCompleted=147173044627, DisplayPresentTime=0,
07-10 16:12:19.109 1566 2006 D SntpClient: request time failed: java.net.SocketTimeoutException: Poll timed out
07-10 16:12:19.109 1566 2006 D SntpClient: request time failed
07-10 16:12:19.111 1566 2006 D PowerManagerService: releaseWakeLockInternal: lock=31791852 [NetworkTimeUpdateService], flags=0x0
07-10 16:12:19.111 1566 2006 D PowerManagerNotifier: onWakeLockReleased: flags=1, tag="NetworkTimeUpdateService", packageName=android, ownerUid=1000, ownerPid=1566, workSource=null
07-10 16:12:19.112 1566 2006 D PowerManagerService: updateWakeLockSummaryLocked: mWakefulness=Awake, mWakeLockSummary=0x0
07-10 16:12:19.113 1566 2006 D PowerManagerService: updateUserActivitySummaryLocked: groupId=0, mWakefulness=Awake, mUserActivitySummary=0x1, nextTimeout=178991 (in 31783 ms)
07-10 16:12:19.113 1566 2006 D PowerManagerNotifier: onScreenPolicyUpdate: newPolicy=3
07-10 16:12:19.113 1566 2006 D PowerManagerService: updateDisplayPowerStateLocked: displayReady=true, groupId=0, policy=BRIGHT, mWakefulness=Awake, mWakeLockSummary=0x0, mUserActivitySummary=0x1, mBootCompleted=true, screenBrightnessOverride=NaN, useAutoBrightness=true, mScreenBrightnessBoostInProgress=false, mIsVrModeEnabled= false, sQuiescent=false
07-10 16:12:19.113 1566 2006 D PowerManagerService: Releasing suspend blocker "PowerManagerService.WakeLocks".
07-10 16:12:19.546 662 677 I mpu_uart: [MSG-P:RECV]:No message received in 1000 ms
07-10 16:12:20.096 4177 4233 I OpenGLRenderer: Davey! duration=9223371888709ms; Flags=0, FrameTimelineVsyncId=2008, IntendedVsync=148145078630, Vsync=148145078630, InputEventId=0, HandleInputStart=148145622283, AnimationStart=148145626918, PerformTraversalsStart=148145630981, DrawStart=148168626189, FrameDeadline=148178411962, FrameInterval=148145612231, FrameStartTime=16666666, SyncQueued=148170007543, SyncStart=148170395929, IssueDrawCommandsStart=148171574939, SwapBuffers=148175203221, FrameCompleted=9223372036854775807, DequeueBufferDuration=60104, QueueBufferDuration=1027865, GpuCompleted=9223372036854775807, SwapBuffersCompleted=148176836189, DisplayPresentTime=0,
07-10 16:12:20.547 662 677 I mpu_uart: [MSG-P:RECV]:No message received in 1000 ms
07-10 16:12:20.552 662 676 I mpu_uart: [MSG-P:R]:recv sync frame timeout
07-10 16:12:21.040 2102 3066 D MicroService: handleHeartBeat:97
07-10 16:12:21.043 2102 2102 D MicroService: onHeartBeatDetected
07-10 16:12:21.043 2102 2102 D MicroService: sendHeartbeatMessage
07-10 16:12:21.100 4177 4233 I OpenGLRenderer: Davey! duration=9223371887707ms; Flags=0, FrameTimelineVsyncId=2014, IntendedVsync=149147490630, Vsync=149147490630, InputEventId=0, HandleInputStart=149148183376, AnimationStart=149148188689, PerformTraversalsStart=149148192231, DrawStart=149169064678, FrameDeadline=149180823962, FrameInterval=149147997439, FrameStartTime=16666666, SyncQueued=149170204470, SyncStart=149170308116, IssueDrawCommandsStart=149171344001, SwapBuffers=149174528481, FrameCompleted=9223372036854775807, DequeueBufferDuration=56614, QueueBufferDuration=961510, GpuCompleted=9223372036854775807, SwapBuffersCompleted=149176080981, DisplayPresentTime=0,
07-10 16:12:21.547 662 677 I mpu_uart: [MSG-P:RECV]:No message received in 1000 ms
07-10 16:12:21.954 2306 2306 D RemoteControlService: startVlanDispatchThread
07-10 16:12:22.101 4177 4233 I OpenGLRenderer: Davey! duration=9223371886704ms; Flags=0, FrameTimelineVsyncId=2020, IntendedVsync=150149899630, Vsync=150149899630, InputEventId=0, HandleInputStart=150150792074, AnimationStart=150150796032, PerformTraversalsStart=150150798636, DrawStart=150173058116, FrameDeadline=150183232962, FrameInterval=150150781814, FrameStartTime=16666666, SyncQueued=150174151970, SyncStart=150174227386, IssueDrawCommandsStart=150175075147, SwapBuffers=150178077022, FrameCompleted=9223372036854775807, DequeueBufferDuration=43073, QueueBufferDuration=861250, GpuCompleted=9223372036854775807, SwapBuffersCompleted=150179440876, DisplayPresentTime=0,
07-10 16:12:22.548 662 677 I mpu_uart: [MSG-P:RECV]:No message received in 1000 ms
07-10 16:12:23.045 2102 3068 D MicroService: handleHeartBeat:98
07-10 16:12:23.045 2102 2102 D MicroService: onHeartBeatDetected
07-10 16:12:23.045 2102 2102 D MicroService: sendHeartbeatMessage
07-10 16:12:23.106 4177 4233 I OpenGLRenderer: Davey! duration=9223371885702ms; Flags=0, FrameTimelineVsyncId=2026, IntendedVsync=151152300630, Vsync=151152300630, InputEventId=0, HandleInputStart=151152855980, AnimationStart=151152859938, PerformTraversalsStart=151152863428, DrawStart=151172876032, FrameDeadline=151185633962, FrameInterval=151152843740, FrameStartTime=16666666, SyncQueued=151174154782, SyncStart=151174251553, IssueDrawCommandsStart=151175399261, SwapBuffers=151179345511, FrameCompleted=9223372036854775807, DequeueBufferDuration=136354, QueueBufferDuration=1222865, GpuCompleted=9223372036854775807, SwapBuffersCompleted=151181265511, DisplayPresentTime=0,
07-10 16:12:23.549 662 677 I mpu_uart: [MSG-P:RECV]:No message received in 1000 ms
07-10 16:12:23.555 662 676 I mpu_uart: [MSG-P:R]:recv sync frame timeout
07-10 16:12:24.107 4177 4233 I OpenGLRenderer: Davey! duration=9223371884699ms; Flags=0, FrameTimelineVsyncId=2032, IntendedVsync=152154711630, Vsync=152154711630, InputEventId=0, HandleInputStart=152155235407, AnimationStart=152155239209, PerformTraversalsStart=152155242334, DrawStart=152175953740, FrameDeadline=152188044962, FrameInterval=152155226396, FrameStartTime=16666666, SyncQueued=152177025823, SyncStart=152177102802, IssueDrawCommandsStart=152177735146, SwapBuffers=152180326552, FrameCompleted=9223372036854775807, DequeueBufferDuration=33333, QueueBufferDuration=884843, GpuCompleted=9223372036854775807, SwapBuffersCompleted=152181649677, DisplayPresentTime=0,
07-10 16:12:24.549 662 677 I mpu_uart: [MSG-P:RECV]:No message received in 1000 ms
07-10 16:12:25.037 2102 3074 D MicroService: handleHeartBeat:99
07-10 16:12:25.048 2102 2102 D MicroService: onHeartBeatDetected
07-10 16:12:25.048 2102 2102 D MicroService: sendHeartbeatMessage
07-10 16:12:25.107 4177 4233 I OpenGLRenderer: Davey! duration=9223371883697ms; Flags=0, FrameTimelineVsyncId=2038, IntendedVsync=153157116630, Vsync=153157116630, InputEventId=0, HandleInputStart=153157648896, AnimationStart=153157653062, PerformTraversalsStart=153157656708, DrawStart=153180562489, FrameDeadline=153190449962, FrameInterval=153157639573, FrameStartTime=16666666, SyncQueued=153181757229, SyncStart=153182100042, IssueDrawCommandsStart=153183093010, SwapBuffers=153186509260, FrameCompleted=9223372036854775807, DequeueBufferDuration=53385, QueueBufferDuration=908750, GpuCompleted=9223372036854775807, SwapBuffersCompleted=153187952958, DisplayPresentTime=0,
07-10 16:12:25.549 662 677 I mpu_uart: [MSG-P:RECV]:No message received in 1000 ms
07-10 16:12:25.941 1566 1808 D PowerManagerService: acquireWakeLockInternal: lock=7649226, flags=0x1, tag="*alarm*", ws=WorkSource{1000}, uid=1000, pid=1566
07-10 16:12:25.942 1566 1808 D PowerManagerService: updateWakeLockSummaryLocked: mWakefulness=Awake, mWakeLockSummary=0x1
07-10 16:12:25.942 1566 1808 D PowerManagerService: updateUserActivitySummaryLocked: groupId=0, mWakefulness=Awake, mUserActivitySummary=0x1, nextTimeout=178991 (in 24954 ms)
07-10 16:12:25.942 1566 1808 D PowerManagerNotifier: onScreenPolicyUpdate: newPolicy=3
07-10 16:12:25.942 1566 1808 D PowerManagerService: updateDisplayPowerStateLocked: displayReady=true, groupId=0, policy=BRIGHT, mWakefulness=Awake, mWakeLockSummary=0x1, mUserActivitySummary=0x1, mBootCompleted=true, screenBrightnessOverride=NaN, useAutoBrightness=true, mScreenBrightnessBoostInProgress=false, mIsVrModeEnabled= false, sQuiescent=false
07-10 16:12:25.942 1566 1808 D PowerManagerService: Acquiring suspend blocker "PowerManagerService.WakeLocks".
07-10 16:12:25.942 1566 1838 E WifiScoringParams: Invalid frequency(-1), using 5G as default rssi array
07-10 16:12:25.943 1566 1808 D PowerManagerNotifier: onWakeLockAcquired: flags=1, tag="*alarm*", packageName=android, ownerUid=1000, ownerPid=1566, workSource=WorkSource{1000}
07-10 16:12:25.945 1566 1838 D PowerManagerService: releaseWakeLockInternal: lock=7649226 [*alarm*], flags=0x0
07-10 16:12:25.945 1566 1838 D PowerManagerNotifier: onWakeLockReleased: flags=1, tag="*alarm*", packageName=android, ownerUid=1000, ownerPid=1566, workSource=WorkSource{1000}
07-10 16:12:25.945 1566 1838 D PowerManagerService: updateWakeLockSummaryLocked: mWakefulness=Awake, mWakeLockSummary=0x0
07-10 16:12:25.945 1566 1838 D PowerManagerService: updateUserActivitySummaryLocked: groupId=0, mWakefulness=Awake, mUserActivitySummary=0x1, nextTimeout=178991 (in 24950 ms)
07-10 16:12:25.946 1566 1838 D PowerManagerNotifier: onScreenPolicyUpdate: newPolicy=3
07-10 16:12:25.946 1566 1838 D PowerManagerService: updateDisplayPowerStateLocked: displayReady=true, groupId=0, policy=BRIGHT, mWakefulness=Awake, mWakeLockSummary=0x0, mUserActivitySummary=0x1, mBootCompleted=true, screenBrightnessOverride=NaN, useAutoBrightness=true, mScreenBrightnessBoostInProgress=false, mIsVrModeEnabled= false, sQuiescent=false
07-10 16:12:25.946 1566 1838 D PowerManagerService: Releasing suspend blocker "PowerManagerService.WakeLocks".
07-10 16:12:25.961 1387 3565 D LOWI-9.0.0.87.a: [LOWI-Scan] wait_event:Wait done with Cmd 33
07-10 16:12:25.961 1387 3565 D LOWI-9.0.0.87.a: [LOWI-Scan] do_listen_events: Rcvd valid Netlink Cmd 0 Err 0
07-10 16:12:26.012 0 0 I [ 154.106732] [schedu][0xb367bc7e][16: 12:26.010937] wlan: [3489:I:OSIF] scan start scan id 40964
07-10 16:12:26.128 4177 4233 I OpenGLRenderer: Davey! duration=9223371882678ms; Flags=0, FrameTimelineVsyncId=2044, IntendedVsync=154176193296, Vsync=154176193296, InputEventId=0, HandleInputStart=154176873947, AnimationStart=154176880614, PerformTraversalsStart=154176884156, DrawStart=154198026135, FrameDeadline=154192859962, FrameInterval=154176861499, FrameStartTime=16666666, SyncQueued=154199881656, SyncStart=154200094312, IssueDrawCommandsStart=154201359416, SwapBuffers=154205341031, FrameCompleted=9223372036854775807, DequeueBufferDuration=65573, QueueBufferDuration=1022553, GpuCompleted=9223372036854775807, SwapBuffersCompleted=154207034104, DisplayPresentTime=0,
07-10 16:12:26.550 662 677 I mpu_uart: [MSG-P:RECV]:No message received in 1000 ms
07-10 16:12:26.556 662 676 I mpu_uart: [MSG-P:R]:recv sync frame timeout
07-10 16:12:26.969 2306 2306 D RemoteControlService: startVlanDispatchThread
07-10 16:12:27.035 2102 3080 D MicroService: handleHeartBeat:100
07-10 16:12:27.050 2102 2102 D MicroService: onHeartBeatDetected
07-10 16:12:27.050 2102 2102 D MicroService: sendHeartbeatMessage
07-10 16:12:27.133 4177 4233 I OpenGLRenderer: Davey! duration=9223371881675ms; Flags=0, FrameTimelineVsyncId=2050, IntendedVsync=155178642296, Vsync=155178642296, InputEventId=0, HandleInputStart=155179377437, AnimationStart=155179384312, PerformTraversalsStart=155179388426, DrawStart=155201728687, FrameDeadline=155211975628, FrameInterval=155179361135, FrameStartTime=16666666, SyncQueued=155203163062, SyncStart=155203504103, IssueDrawCommandsStart=155204676499, SwapBuffers=155208121239, FrameCompleted=9223372036854775807, DequeueBufferDuration=61667, QueueBufferDuration=943437, GpuCompleted=9223372036854775807, SwapBuffersCompleted=155209652905, DisplayPresentTime=0,
07-10 16:12:27.188 1387 3565 D LOWI-9.0.0.87.a: [LOWI-Scan] wait_event:Wait done with Cmd 34
07-10 16:12:27.188 1387 3565 D LOWI-9.0.0.87.a: [LOWI-Scan] do_listen_events: Rcvd valid Netlink Cmd 34 Err 0
07-10 16:12:27.192 0 0 I [ 155.286080] [schedu][0xb4c13fd5][16: 12:27.190288] wlan: [3489:I:OSIF] vdev 0, scan id 40964 type COMPLETED(1) reason COMPLETED(1) scan found 100 bss
07-10 16:12:27.190 1387 3565 D LOWI-9.0.0.87.a: [LOWI-Scan]
07-10 16:12:27.191 1387 3565 D LOWI-9.0.0.87.a: [LOWI-Scan] print_bss_handler: Report Probe TSF 154156367 as it greater than Beacon TSF 119161103
07-10 16:12:27.191 1387 3565 D LOWI-9.0.0.87.a: [LOWI-Scan] is_qcom_ie, bss_age: 0
07-10 16:12:27.191 1387 3565 D LOWI-9.0.0.87.a: [LOWI-Scan] BSS 7c:a7:b0:11:0a:ac LOWI_PHY_MODE_11NA_HT20(4), Beacon Interval: 100, LOWI_ENCRYPTION_TYPE_OPEN 11mcRanging: No, ANQP: No, LCI: No, Civic: No, capability(0x0011): ESS Privacy
07-10 16:12:27.191 1387 3565 D LOWI-9.0.0.87.a: [LOWI-Scan] BSS 7c:a7:b0:11:0a:ac FREQ: 5180, cFreq1[40:80:160] = [0:0:0] cFreq2 = 0 Country Code =
07-10 16:12:27.191 1387 3565 D LOWI-9.0.0.87.a: [LOWI-Scan] BSS 7c:a7:b0:11:0a:ac (wlan0) ASSO: NO AddInfo: 0x0, TSF 0, 00:02:34.156, RSSI: -96, CPL: 127, AGE: 1128, SSID Kunyi-0300028-5G, TSFDelta: 0x12bc53ae, TXRate: 0
07-10 16:12:27.191 1387 3565 D LOWI-9.0.0.87.a: [LOWI-Scan]
07-10 16:12:27.191 1387 3565 D LOWI-9.0.0.87.a: [LOWI-Scan] print_bss_handler: Report Probe TSF 154183823 as it greater than Beacon TSF 154170665
07-10 16:12:27.191 1387 3565 D LOWI-9.0.0.87.a: [LOWI-Scan] decode_rsn_wpa_ie: LOWI_ENCRYPTION_TYPE_WPA_PSK
07-10 16:12:27.191 1387 3565 D LOWI-9.0.0.87.a: [LOWI-Scan] is_qcom_ie, bss_age: 0
07-10 16:12:27.191 1387 3565 D LOWI-9.0.0.87.a: [LOWI-Scan] BSS 0c:dc:7e:9c:33:f5 LOWI_PHY_MODE_11NG_HT40(7), Beacon Interval: 100, LOWI_ENCRYPTION_TYPE_WPA_PSK 11mcRanging: No, ANQP: No, LCI: No, Civic: No, capability(0x0431): ESS Privacy ShortPreamble ShortSlotTime
07-10 16:12:27.191 1387 3565 D LOWI-9.0.0.87.a: [LOWI-Scan] BSS 0c:dc:7e:9c:33:f5 FREQ: 2412, cFreq1[40:80:160] = [2422:0:0] cFreq2 = 0 Country Code = CN
07-10 16:12:27.191 1387 3565 D LOWI-9.0.0.87.a: [LOWI-Scan] BSS 0c:dc:7e:9c:33:f5 (wlan0) ASSO: NO AddInfo: 0x0, TSF 0, 00:02:34.183, RSSI: -128, CPL: 127, AGE: 1104, SSID 3A4F20AA, TSFDelta: 0xe59271ad, TXRate: 0
07-10 16:12:27.191 1387 3565 D LOWI-9.0.0.87.a: [LOWI-Scan]
07-10 16:12:27.191 1387 3565 D LOWI-9.0.0.87.a: [LOWI-Scan] print_bss_handler: Report Probe TSF 154182485 as it greater than Beacon TSF 119214987
07-10 16:12:27.191 1387 3565 D LOWI-9.0.0.87.a: [LOWI-Scan] decode_rsn_wpa_ie: LOWI_ENCRYPTION_TYPE_WPA_PSK
07-10 16:12:27.191 1387 3565 D LOWI-9.0.0.87.a: [LOWI-Scan] is_qcom_ie, bss_age: 0
07-10 16:12:27.191 1387 3565 D LOWI-9.0.0.87.a: [LOWI-Scan] BSS 34:ab:95:79:fb:85 LOWI_PHY_MODE_11NG_HT40(7), Beacon Interval: 100, LOWI_ENCRYPTION_TYPE_WPA_PSK 11mcRanging: No, ANQP: No, LCI: No, Civic: No, capability(0x0431): ESS Privacy ShortPreamble ShortSlotTime
07-10 16:12:27.191 1387 3565 D LOWI-9.0.0.87.a: [LOWI-Scan] BSS 34:ab:95:79:fb:85 FREQ: 2412, cFreq1[40:80:160] = [2422:0:0] cFreq2 = 0 Country Code = CN
07-10 16:12:27.191 1387 3565 D LOWI-9.0.0.87.a: [LOWI-Scan] BSS 34:ab:95:79:fb:85 (wlan0) ASSO: NO AddInfo: 0x0, TSF 0, 00:02:34.182, RSSI: -136, CPL: 127, AGE: 1104, SSID F2E696B8, TSFDelta: 0xff92efb9, TXRate: 0
07-10 16:12:27.191 1387 3565 D LOWI-9.0.0.87.a: [LOWI-Scan]
07-10 16:12:27.191 1387 3565 D LOWI-9.0.0.87.a: [LOWI-Scan] print_bss_handler: Report Probe TSF 154191385 as it greater than Beacon TSF 154136189
07-10 16:12:27.191 1387 3565 D LOWI-9.0.0.87.a: [LOWI-Scan] decode_rsn_wpa_ie: LOWI_ENCRYPTION_TYPE_WPA_PSK
07-10 16:12:27.191 1387 3565 D LOWI-9.0.0.87.a: [LOWI-Scan] is_qcom_ie, bss_age: 0
07-10 16:12:27.191 1387 3565 D LOWI-9.0.0.87.a: [LOWI-Scan] BSS e8:31:cd:5d:e6:a1 LOWI_PHY_MODE_11NG_HT40(7), Beacon Interval: 100, LOWI_ENCRYPTION_TYPE_WPA_PSK 11mcRanging: No, ANQP: No, LCI: No, Civic: No, capability(0x0431): ESS Privacy ShortPreamble ShortSlotTime
07-10 16:12:27.191 1387 3565 D LOWI-9.0.0.87.a: [LOWI-Scan] BSS e8:31:cd:5d:e6:a1 FREQ: 2412, cFreq1[40:80:160] = [2422:0:0] cFreq2 = 0 Country Code = CN
07-10 16:12:27.191 1387 3565 D LOWI-9.0.0.87.a: [LOWI-Scan] BSS e8:31:cd:5d:e6:a1 (wlan0) ASSO: NO AddInfo: 0x0, TSF 0, 00:02:34.191, RSSI: -144, CPL: 127, AGE: 1096, SSID 82914562, TSFDelta: 0xebf4f4ee, TXRate: 0
07-10 16:12:27.192 1566 1743 D WifiNl80211Manager: Scan result ready event
07-10 16:12:27.193 1566 1743 D WifiNative: Scan result ready event
07-10 16:12:27.196 1387 3565 D LOWI-9.0.0.87.a: [LOWI-Scan]
07-10 16:12:27.196 1387 3565 D LOWI-9.0.0.87.a: [LOWI-Scan] print_bss_handler: Report Probe TSF 154185808 as it greater than Beacon TSF 154151567
07-10 16:12:27.196 1387 3565 D LOWI-9.0.0.87.a: [LOWI-Scan] decode_rsn_wpa_ie: LOWI_ENCRYPTION_TYPE_WPA_PSK
07-10 16:12:27.196 1387 3565 D LOWI-9.0.0.87.a: [LOWI-Scan] is_qcom_ie, bss_age: 0
07-10 16:12:27.196 1387 3565 D LOWI-9.0.0.87.a: [LOWI-Scan] BSS a4:e5:7c:45:4f:a1 LOWI_PHY_MODE_11NG_HT40(7), Beacon Interval: 100, LOWI_ENCRYPTION_TYPE_WPA_PSK 11mcRanging: No, ANQP: No, LCI: No, Civic: No, capability(0x0431): ESS Privacy ShortPreamble ShortSlotTime
07-10 16:12:27.196 1387 3565 D LOWI-9.0.0.87.a: [LOWI-Scan] BSS a4:e5:7c:45:4f:a1 FREQ: 2412, cFreq1[40:80:160] = [2422:0:0] cFreq2 = 0 Country Code = CN
07-10 16:12:27.196 1387 3565 D LOWI-9.0.0.87.a: [LOWI-Scan] BSS a4:e5:7c:45:4f:a1 (wlan0) ASSO: NO AddInfo: 0x0, TSF 0, 00:02:34.185, RSSI: -134, CPL: 127, AGE: 1100, SSID DED7D6AD, TSFDelta: 0x20a4c141, TXRate: 0
07-10 16:12:27.196 1387 3565 D LOWI-9.0.0.87.a: [LOWI-Scan]
07-10 16:12:27.196 1387 3565 D LOWI-9.0.0.87.a: [LOWI-Scan] print_bss_handler: Report beacon TSF 154617718 as it greater than probe TSF 154617718
07-10 16:12:27.197 1387 3565 D LOWI-9.0.0.87.a: [LOWI-Scan] decode_rsn_wpa_ie: LOWI_ENCRYPTION_TYPE_WPA_PSK
07-10 16:12:27.197 1387 3565 D LOWI-9.0.0.87.a: [LOWI-Scan] is_qcom_ie, bss_age: 0
07-10 16:12:27.197 1387 3565 D LOWI-9.0.0.87.a: [LOWI-Scan] BSS 48:73:97:be:8a:95 LOWI_PHY_MODE_11AC_VHT40(9), Beacon Interval: 100, LOWI_ENCRYPTION_TYPE_WPA_PSK 11mcRanging: No, ANQP: No, LCI: No, Civic: No, capability(0x8011): ESS Privacy
07-10 16:12:27.197 1387 3565 D LOWI-9.0.0.87.a: [LOWI-Scan] BSS 48:73:97:be:8a:95 FREQ: 5260, cFreq1[40:80:160] = [5270:0:0] cFreq2 = 0 Country Code = CN
07-10 16:12:27.197 1387 3565 D LOWI-9.0.0.87.a: [LOWI-Scan] BSS 48:73:97:be:8a:95 (wlan0) ASSO: NO AddInfo: 0x1, TSF 0, 00:02:34.617, RSSI: -138, CPL: 127, AGE: 668, SSID , TSFDelta: 0x1ce92f42, TXRate: 0
07-10 16:12:27.197 1387 3565 D LOWI-9.0.0.87.a: [LOWI-Scan]
07-10 16:12:27.197 1387 3565 D LOWI-9.0.0.87.a: [LOWI-Scan] print_bss_handler: Report beacon TSF 154664829 as it greater than probe TSF 154664829
07-10 16:12:27.197 1387 3565 D LOWI-9.0.0.87.a: [LOWI-Scan] is_qcom_ie, bss_age: 0
07-10 16:12:27.197 1387 3565 D LOWI-9.0.0.87.a: [LOWI-Scan] BSS 48:73:97:be:7c:84 LOWI_PHY_MODE_11AC_VHT40(9), Beacon Interval: 100, LOWI_ENCRYPTION_TYPE_OPEN 11mcRanging: No, ANQP: No, LCI: No, Civic: No, capability(0x8001): ESS
07-10 16:12:27.197 1387 3565 D LOWI-9.0.0.87.a: [LOWI-Scan] BSS 48:73:97:be:7c:84 FREQ: 5260, cFreq1[40:80:160] = [5270:0:0] cFreq2 = 0 Country Code = CN
07-10 16:12:27.197 1387 3565 D LOWI-9.0.0.87.a: [LOWI-Scan] BSS 48:73:97:be:7c:84 (wlan0) ASSO: NO AddInfo: 0x1, TSF 0, 00:02:34.664, RSSI: -100, CPL: 127, AGE: 620, SSID HH-mobile, TSFDelta: 0xa357cfe1, TXRate: 0
07-10 16:12:27.197 1387 3565 D LOWI-9.0.0.87.a: [LOWI-Scan]
07-10 16:12:27.197 1387 3565 D LOWI-9.0.0.87.a: [LOWI-Scan] print_bss_handler: Report beacon TSF 154664905 as it greater than probe TSF 154664905
07-10 16:12:27.197 1387 3565 D LOWI-9.0.0.87.a: [LOWI-Scan] decode_rsn_wpa_ie: LOWI_ENCRYPTION_TYPE_WPA_PSK
07-10 16:12:27.197 1387 3565 D LOWI-9.0.0.87.a: [LOWI-Scan] is_qcom_ie, bss_age: 0
07-10 16:12:27.197 1387 3565 D LOWI-9.0.0.87.a: [LOWI-Scan] BSS 48:73:97:be:7c:85 LOWI_PHY_MODE_11AC_VHT40(9), Beacon Interval: 100, LOWI_ENCRYPTION_TYPE_WPA_PSK 11mcRanging: No, ANQP: No, LCI: No, Civic: No, capability(0x8011): ESS Privacy
07-10 16:12:27.197 1387 3565 D LOWI-9.0.0.87.a: [LOWI-Scan] BSS 48:73:97:be:7c:85 FREQ: 5260, cFreq1[40:80:160] = [5270:0:0] cFreq2 = 0 Country Code = CN
07-10 16:12:27.197 1387 3565 D LOWI-9.0.0.87.a: [LOWI-Scan] BSS 48:73:97:be:7c:85 (wlan0) ASSO: NO AddInfo: 0x1, TSF 0, 00:02:34.664, RSSI: -100, CPL: 127, AGE: 620, SSID , TSFDelta: 0xa35a5d9e, TXRate: 0
07-10 16:12:27.198 1387 3565 D LOWI-9.0.0.87.a: [LOWI-Scan]
07-10 16:12:27.198 1387 3565 D LOWI-9.0.0.87.a: [LOWI-Scan] print_bss_handler: Report beacon TSF 154665126 as it greater than probe TSF 154665126
07-10 16:12:27.198 1387 3565 D LOWI-9.0.0.87.a: [LOWI-Scan] decode_rsn_wpa_ie: LOWI_ENCRYPTION_TYPE_WPA_PSK
07-10 16:12:27.198 1387 3565 D LOWI-9.0.0.87.a: [LOWI-Scan] is_qcom_ie, bss_age: 0
07-10 16:12:27.198 1387 3565 D LOWI-9.0.0.87.a: [LOWI-Scan] BSS 48:73:97:be:7c:86 LOWI_PHY_MODE_11AC_VHT40(9), Beacon Interval: 100, LOWI_ENCRYPTION_TYPE_WPA_PSK 11mcRanging: No, ANQP: No, LCI: No, Civic: No, capability(0x8011): ESS Privacy
07-10 16:12:27.198 1387 3565 D LOWI-9.0.0.87.a: [LOWI-Scan] BSS 48:73:97:be:7c:86 FREQ: 5260, cFreq1[40:80:160] = [5270:0:0] cFreq2 = 0 Country Code = CN
07-10 16:12:27.198 1387 3565 D LOWI-9.0.0.87.a: [LOWI-Scan] BSS 48:73:97:be:7c:86 (wlan0) ASSO: NO AddInfo: 0x1, TSF 0, 00:02:34.665, RSSI: -100, CPL: 127, AGE: 620, SSID , TSFDelta: 0xa35d4cc7, TXRate: 0
07-10 16:12:27.198 1387 3565 D LOWI-9.0.0.87.a: [LOWI-Scan]
07-10 16:12:27.198 1387 3565 D LOWI-9.0.0.87.a: [LOWI-Scan] print_bss_handler: Report Probe TSF 154812570 as it greater than Beacon TSF 154766989
07-10 16:12:27.198 1387 3565 D LOWI-9.0.0.87.a: [LOWI-Scan] decode_rsn_wpa_ie: LOWI_ENCRYPTION_TYPE_WPA_PSK
07-10 16:12:27.198 1387 3565 D LOWI-9.0.0.87.a: [LOWI-Scan] is_qcom_ie, bss_age: 0
07-10 16:12:27.198 1387 3565 D LOWI-9.0.0.87.a: [LOWI-Scan] BSS fc:ee:e6:4f:12:2b LOWI_PHY_MODE_11NG_HT20(5), Beacon Interval: 100, LOWI_ENCRYPTION_TYPE_WPA_PSK 11mcRanging: No, ANQP: No, LCI: No, Civic: No, capability(0x0411): ESS Privacy ShortSlotTime
07-10 16:12:27.198 1387 3565 D LOWI-9.0.0.87.a: [LOWI-Scan] BSS fc:ee:e6:4f:12:2b FREQ: 2447, cFreq1[40:80:160] = [0:0:0] cFreq2 = 0 Country Code =
07-10 16:12:27.198 1387 3565 D LOWI-9.0.0.87.a: [LOWI-Scan] BSS fc:ee:e6:4f:12:2b (wlan0) ASSO: NO AddInfo: 0x0, TSF 0, 00:02:34.812, RSSI: -146, CPL: 127, AGE: 472, SSID GS560WiFi-fceee64f122b, TSFDelta: 0x83668311, TXRate: 0
07-10 16:12:27.198 1387 3565 D LOWI-9.0.0.87.a: [LOWI-Scan]
07-10 16:12:27.198 1387 3565 D LOWI-9.0.0.87.a: [LOWI-Scan] print_bss_handler: Report beacon TSF 154660908 as it greater than probe TSF 154660908
07-10 16:12:27.199 1387 3565 D LOWI-9.0.0.87.a: [LOWI-Scan] is_qcom_ie, bss_age: 0
07-10 16:12:27.199 1387 3565 D LOWI-9.0.0.87.a: [LOWI-Scan] BSS 48:73:97:be:7b:f0 LOWI_PHY_MODE_11AC_VHT40(9), Beacon Interval: 100, LOWI_ENCRYPTION_TYPE_OPEN 11mcRanging: No, ANQP: No, LCI: No, Civic: No, capability(0x8001): ESS
07-10 16:12:27.199 1387 3565 D LOWI-9.0.0.87.a: [LOWI-Scan] BSS 48:73:97:be:7b:f0 FREQ: 5260, cFreq1[40:80:160] = [5270:0:0] cFreq2 = 0 Country Code = CN
07-10 16:12:27.199 1387 3565 D LOWI-9.0.0.87.a: [LOWI-Scan] BSS 48:73:97:be:7b:f0 (wlan0) ASSO: NO AddInfo: 0x1, TSF 0, 00:02:34.660, RSSI: -156, CPL: 127, AGE: 624, SSID , TSFDelta: 0x7d255f0c, TXRate: 0
07-10 16:12:27.199 1387 3565 D LOWI-9.0.0.87.a: [LOWI-Scan]
07-10 16:12:27.199 1387 3565 D LOWI-9.0.0.87.a: [LOWI-Scan] print_bss_handler: Report beacon TSF 154662214 as it greater than probe TSF 154662214
07-10 16:12:27.199 1387 3565 D LOWI-9.0.0.87.a: [LOWI-Scan] is_qcom_ie, bss_age: 0
07-10 16:12:27.199 1387 3565 D LOWI-9.0.0.87.a: [LOWI-Scan] BSS 48:73:97:be:7b:f1 LOWI_PHY_MODE_11AC_VHT40(9), Beacon Interval: 100, LOWI_ENCRYPTION_TYPE_OPEN 11mcRanging: No, ANQP: No, LCI: No, Civic: No, capability(0x8001): ESS
07-10 16:12:27.199 1387 3565 D LOWI-9.0.0.87.a: [LOWI-Scan] BSS 48:73:97:be:7b:f1 FREQ: 5260, cFreq1[40:80:160] = [5270:0:0] cFreq2 = 0 Country Code = CN
07-10 16:12:27.199 1387 3565 D LOWI-9.0.0.87.a: [LOWI-Scan] BSS 48:73:97:be:7b:f1 (wlan0) ASSO: NO AddInfo: 0x1, TSF 0, 00:02:34.662, RSSI: -154, CPL: 127, AGE: 624, SSID GUEST, TSFDelta: 0x7d27d63c, TXRate: 0
07-10 16:12:27.199 1387 3565 D LOWI-9.0.0.87.a: [LOWI-Scan]
07-10 16:12:27.199 1387 3565 D LOWI-9.0.0.87.a: [LOWI-Scan] print_bss_handler: Report beacon TSF 154568534 as it greater than probe TSF 119680720
07-10 16:12:27.199 1387 3565 D LOWI-9.0.0.87.a: [LOWI-Scan] decode_rsn_wpa_ie: LOWI_ENCRYPTION_TYPE_WPA_PSK
07-10 16:12:27.199 1387 3565 D LOWI-9.0.0.87.a: [LOWI-Scan] is_qcom_ie, bss_age: 0
07-10 16:12:27.199 1387 3565 D LOWI-9.0.0.87.a: [LOWI-Scan] BSS 62:52:84:54:be:c5 LOWI_PHY_MODE_11AC_VHT20_2G(11), Beacon Interval: 100, LOWI_ENCRYPTION_TYPE_WPA_PSK 11mcRanging: No, ANQP: No, LCI: No, Civic: No, capability(0x1431): ESS Privacy ShortPreamble ShortSlotTime
07-10 16:12:27.199 1387 3565 D LOWI-9.0.0.87.a: [LOWI-Scan] BSS 62:52:84:54:be:c5 FREQ: 2437, cFreq1[40:80:160] = [2437:0:0] cFreq2 = 0 Country Code = US
07-10 16:12:27.199 1387 3565 D LOWI-9.0.0.87.a: [LOWI-Scan] BSS 62:52:84:54:be:c5 (wlan0) ASSO: NO AddInfo: 0x1, TSF 0, 00:02:34.568, RSSI: -140, CPL: 127, AGE: 716, SSID HiPhi000369, TSFDelta: 0xafe94e5f, TXRate: 0
07-10 16:12:27.200 1387 3565 D LOWI-9.0.0.87.a: [LOWI-Scan]
07-10 16:12:27.200 1387 3565 D LOWI-9.0.0.87.a: [LOWI-Scan] print_bss_handler: Report beacon TSF 154816149 as it greater than probe TSF 154816149
07-10 16:12:27.200 1387 3565 D LOWI-9.0.0.87.a: [LOWI-Scan] decode_rsn_wpa_ie: LOWI_ENCRYPTION_TYPE_WPA_PSK
07-10 16:12:27.200 1387 3565 D LOWI-9.0.0.87.a: [LOWI-Scan] is_qcom_ie, bss_age: 0
07-10 16:12:27.200 1387 3565 D LOWI-9.0.0.87.a: [LOWI-Scan] BSS 48:73:97:be:88:86 LOWI_PHY_MODE_11AC_VHT40(9), Beacon Interval: 100, LOWI_ENCRYPTION_TYPE_WPA_PSK 11mcRanging: No, ANQP: No, LCI: No, Civic: No, capability(0x8011): ESS Privacy
07-10 16:12:27.200 1387 3565 D LOWI-9.0.0.87.a: [LOWI-Scan] BSS 48:73:97:be:88:86 FREQ: 5300, cFreq1[40:80:160] = [5310:0:0] cFreq2 = 0 Country Code = CN
07-10 16:12:27.200 1387 3565 D LOWI-9.0.0.87.a: [LOWI-Scan] BSS 48:73:97:be:88:86 (wlan0) ASSO: NO AddInfo: 0x1, TSF 0, 00:02:34.816, RSSI: -104, CPL: 127, AGE: 468, SSID , TSFDelta: 0x35c30773, TXRate: 0
07-10 16:12:27.200 1387 3565 D LOWI-9.0.0.87.a: [LOWI-Scan]
07-10 16:12:27.200 1387 3565 D LOWI-9.0.0.87.a: [LOWI-Scan] print_bss_handler: Report beacon TSF 154839102 as it greater than probe TSF 154839102
07-10 16:12:27.200 1387 3565 D LOWI-9.0.0.87.a: [LOWI-Scan] decode_rsn_wpa_ie: LOWI_ENCRYPTION_TYPE_WPA_EAP
07-10 16:12:27.200 1387 3565 D LOWI-9.0.0.87.a: [LOWI-Scan] is_qcom_ie, bss_age: 0
07-10 16:12:27.200 1387 3565 D LOWI-9.0.0.87.a: [LOWI-Scan] BSS 48:73:97:be:7d:43 LOWI_PHY_MODE_11AC_VHT40(9), Beacon Interval: 100, LOWI_ENCRYPTION_TYPE_WPA_EAP 11mcRanging: No, ANQP: No, LCI: No, Civic: No, capability(0x8011): ESS Privacy
07-10 16:12:27.200 1387 3565 D LOWI-9.0.0.87.a: [LOWI-Scan] BSS 48:73:97:be:7d:43 FREQ: 5300, cFreq1[40:80:160] = [5310:0:0] cFreq2 = 0 Country Code = CN
07-10 16:12:27.200 1387 3565 D LOWI-9.0.0.87.a: [LOWI-Scan] BSS 48:73:97:be:7d:43 (wlan0) ASSO: NO AddInfo: 0x1, TSF 0, 00:02:34.839, RSSI: 0, CPL: 127, AGE: 448, SSID HH, TSFDelta: 0x54e010a4, TXRate: 0
07-10 16:12:27.200 1387 3565 D LOWI-9.0.0.87.a: [LOWI-Scan]
07-10 16:12:27.200 1387 3565 D LOWI-9.0.0.87.a: [LOWI-Scan] print_bss_handler: Report beacon TSF 154839161 as it greater than probe TSF 154839161
07-10 16:12:27.200 1387 3565 D LOWI-9.0.0.87.a: [LOWI-Scan] is_qcom_ie, bss_age: 0
07-10 16:12:27.200 1387 3565 D LOWI-9.0.0.87.a: [LOWI-Scan] BSS 48:73:97:be:7d:44 LOWI_PHY_MODE_11AC_VHT40(9), Beacon Interval: 100, LOWI_ENCRYPTION_TYPE_OPEN 11mcRanging: No, ANQP: No, LCI: No, Civic: No, capability(0x8001): ESS
07-10 16:12:27.200 1387 3565 D LOWI-9.0.0.87.a: [LOWI-Scan] BSS 48:73:97:be:7d:44 FREQ: 5300, cFreq1[40:80:160] = [5310:0:0] cFreq2 = 0 Country Code = CN
07-10 16:12:27.200 1387 3565 D LOWI-9.0.0.87.a: [LOWI-Scan] BSS 48:73:97:be:7d:44 (wlan0) ASSO: NO AddInfo: 0x1, TSF 0, 00:02:34.839, RSSI: 0, CPL: 127, AGE: 448, SSID HH-mobile, TSFDelta: 0x54e1911b, TXRate: 0
07-10 16:12:27.201 1387 3565 D LOWI-9.0.0.87.a: [LOWI-Scan]
07-10 16:12:27.201 1387 3565 D LOWI-9.0.0.87.a: [LOWI-Scan] print_bss_handler: Report beacon TSF 154839219 as it greater than probe TSF 154839219
07-10 16:12:27.201 1387 3565 D LOWI-9.0.0.87.a: [LOWI-Scan] decode_rsn_wpa_ie: LOWI_ENCRYPTION_TYPE_WPA_PSK
07-10 16:12:27.201 1387 3565 D LOWI-9.0.0.87.a: [LOWI-Scan] is_qcom_ie, bss_age: 0
07-10 16:12:27.201 1387 3565 D LOWI-9.0.0.87.a: [LOWI-Scan] BSS 48:73:97:be:7d:45 LOWI_PHY_MODE_11AC_VHT40(9), Beacon Interval: 100, LOWI_ENCRYPTION_TYPE_WPA_PSK 11mcRanging: No, ANQP: No, LCI: No, Civic: No, capability(0x8011): ESS Privacy
07-10 16:12:27.201 1387 3565 D LOWI-9.0.0.87.a: [LOWI-Scan] BSS 48:73:97:be:7d:45 FREQ: 5300, cFreq1[40:80:160] = [5310:0:0] cFreq2 = 0 Country Code = CN
07-10 16:12:27.201 1387 3565 D LOWI-9.0.0.87.a: [LOWI-Scan] BSS 48:73:97:be:7d:45 (wlan0) ASSO: NO AddInfo: 0x1, TSF 0, 00:02:34.839, RSSI: 0, CPL: 127, AGE: 448, SSID , TSFDelta: 0x54e2fb24, TXRate: 0
07-10 16:12:27.201 1387 3565 D LOWI-9.0.0.87.a: [LOWI-Scan]
07-10 16:12:27.201 1387 3565 D LOWI-9.0.0.87.a: [LOWI-Scan] print_bss_handler: Report beacon TSF 154839277 as it greater than probe TSF 154839277
07-10 16:12:27.201 1387 3565 D LOWI-9.0.0.87.a: [LOWI-Scan] decode_rsn_wpa_ie: LOWI_ENCRYPTION_TYPE_WPA_PSK
07-10 16:12:27.201 1387 3565 D LOWI-9.0.0.87.a: [LOWI-Scan] is_qcom_ie, bss_age: 0
07-10 16:12:27.201 1387 3565 D LOWI-9.0.0.87.a: [LOWI-Scan] BSS 48:73:97:be:7d:46 LOWI_PHY_MODE_11AC_VHT40(9), Beacon Interval: 100, LOWI_ENCRYPTION_TYPE_WPA_PSK 11mcRanging: No, ANQP: No, LCI: No, Civic: No, capability(0x8011): ESS Privacy
07-10 16:12:27.201 1387 3565 D LOWI-9.0.0.87.a: [LOWI-Scan] BSS 48:73:97:be:7d:46 FREQ: 5300, cFreq1[40:80:160] = [5310:0:0] cFreq2 = 0 Country Code = CN
07-10 16:12:27.201 1387 3565 D LOWI-9.0.0.87.a: [LOWI-Scan] BSS 48:73:97:be:7d:46 (wlan0) ASSO: NO AddInfo: 0x1, TSF 0, 00:02:34.839, RSSI: 0, CPL: 127, AGE: 448, SSID , TSFDelta: 0x54e49951, TXRate: 0
07-10 16:12:27.202 1387 3565 D LOWI-9.0.0.87.a: [LOWI-Scan]
07-10 16:12:27.202 1387 3565 D LOWI-9.0.0.87.a: [LOWI-Scan] print_bss_handler: Report beacon TSF 154813816 as it greater than probe TSF 154813816
07-10 16:12:27.202 1387 3565 D LOWI-9.0.0.87.a: [LOWI-Scan] is_qcom_ie, bss_age: 0
07-10 16:12:27.202 1387 3565 D LOWI-9.0.0.87.a: [LOWI-Scan] BSS 48:73:97:be:88:80 LOWI_PHY_MODE_11AC_VHT40(9), Beacon Interval: 100, LOWI_ENCRYPTION_TYPE_OPEN 11mcRanging: No, ANQP: No, LCI: No, Civic: No, capability(0x8001): ESS
07-10 16:12:27.202 1387 3565 D LOWI-9.0.0.87.a: [LOWI-Scan] BSS 48:73:97:be:88:80 FREQ: 5300, cFreq1[40:80:160] = [5310:0:0] cFreq2 = 0 Country Code = CN
07-10 16:12:27.202 1387 3565 D LOWI-9.0.0.87.a: [LOWI-Scan] BSS 48:73:97:be:88:80 (wlan0) ASSO: NO AddInfo: 0x1, TSF 0, 00:02:34.813, RSSI: -90, CPL: 127, AGE: 472, SSID , TSFDelta: 0x35b2db76, TXRate: 0
07-10 16:12:27.202 1387 3565 D LOWI-9.0.0.87.a: [LOWI-Scan]
07-10 16:12:27.202 1387 3565 D LOWI-9.0.0.87.a: [LOWI-Scan] print_bss_handler: Report beacon TSF 154814125 as it greater than probe TSF 154814125
07-10 16:12:27.202 1387 3565 D LOWI-9.0.0.87.a: [LOWI-Scan] is_qcom_ie, bss_age: 0
07-10 16:12:27.202 1387 3565 D LOWI-9.0.0.87.a: [LOWI-Scan] BSS 48:73:97:be:88:81 LOWI_PHY_MODE_11AC_VHT40(9), Beacon Interval: 100, LOWI_ENCRYPTION_TYPE_OPEN 11mcRanging: No, ANQP: No, LCI: No, Civic: No, capability(0x8001): ESS
07-10 16:12:27.202 1387 3565 D LOWI-9.0.0.87.a: [LOWI-Scan] BSS 48:73:97:be:88:81 FREQ: 5300, cFreq1[40:80:160] = [5310:0:0] cFreq2 = 0 Country Code = CN
07-10 16:12:27.202 1387 3565 D LOWI-9.0.0.87.a: [LOWI-Scan] BSS 48:73:97:be:88:81 (wlan0) ASSO: NO AddInfo: 0x1, TSF 0, 00:02:34.814, RSSI: -90, CPL: 127, AGE: 472, SSID GUEST, TSFDelta: 0x35b552bd, TXRate: 0
07-10 16:12:27.202 1387 3565 D LOWI-9.0.0.87.a: [LOWI-Scan]
07-10 16:12:27.202 1387 3565 D LOWI-9.0.0.87.a: [LOWI-Scan] print_bss_handler: Report beacon TSF 154814549 as it greater than probe TSF 154814549
07-10 16:12:27.202 1387 3565 D LOWI-9.0.0.87.a: [LOWI-Scan] decode_rsn_wpa_ie: LOWI_ENCRYPTION_TYPE_WPA_PSK
07-10 16:12:27.202 1387 3565 D LOWI-9.0.0.87.a: [LOWI-Scan] is_qcom_ie, bss_age: 0
07-10 16:12:27.202 1387 3565 D LOWI-9.0.0.87.a: [LOWI-Scan] BSS 48:73:97:be:88:82 LOWI_PHY_MODE_11AC_VHT40(9), Beacon Interval: 100, LOWI_ENCRYPTION_TYPE_WPA_PSK 11mcRanging: No, ANQP: No, LCI: No, Civic: No, capability(0x8011): ESS Privacy
07-10 16:12:27.202 1387 3565 D LOWI-9.0.0.87.a: [LOWI-Scan] BSS 48:73:97:be:88:82 FREQ: 5300, cFreq1[40:80:160] = [5310:0:0] cFreq2 = 0 Country Code = CN
07-10 16:12:27.202 1387 3565 D LOWI-9.0.0.87.a: [LOWI-Scan] BSS 48:73:97:be:88:82 (wlan0) ASSO: NO AddInfo: 0x1, TSF 0, 00:02:34.814, RSSI: -88, CPL: 127, AGE: 472, SSID HELLO, TSFDelta: 0x35b7d911, TXRate: 0
07-10 16:12:27.202 1387 3565 D LOWI-9.0.0.87.a: [LOWI-Scan]
07-10 16:12:27.202 1387 3565 D LOWI-9.0.0.87.a: [LOWI-Scan] print_bss_handler: Report beacon TSF 154815194 as it greater than probe TSF 154815194
07-10 16:12:27.202 1387 3565 D LOWI-9.0.0.87.a: [LOWI-Scan] decode_rsn_wpa_ie: LOWI_ENCRYPTION_TYPE_WPA_EAP
07-10 16:12:27.202 1387 3565 D LOWI-9.0.0.87.a: [LOWI-Scan] is_qcom_ie, bss_age: 0
07-10 16:12:27.202 1387 3565 D LOWI-9.0.0.87.a: [LOWI-Scan] BSS 48:73:97:be:88:83 LOWI_PHY_MODE_11AC_VHT40(9), Beacon Interval: 100, LOWI_ENCRYPTION_TYPE_WPA_EAP 11mcRanging: No, ANQP: No, LCI: No, Civic: No, capability(0x8011): ESS Privacy
07-10 16:12:27.202 1387 3565 D LOWI-9.0.0.87.a: [LOWI-Scan] BSS 48:73:97:be:88:83 FREQ: 5300, cFreq1[40:80:160] = [5310:0:0] cFreq2 = 0 Country Code = CN
07-10 16:12:27.202 1387 3565 D LOWI-9.0.0.87.a: [LOWI-Scan] BSS 48:73:97:be:88:83 (wlan0) ASSO: NO AddInfo: 0x1, TSF 0, 00:02:34.815, RSSI: -96, CPL: 127, AGE: 472, SSID HH, TSFDelta: 0x35bad73a, TXRate: 0
07-10 16:12:27.203 1387 3565 D LOWI-9.0.0.87.a: [LOWI-Scan]
07-10 16:12:27.203 1387 3565 D LOWI-9.0.0.87.a: [LOWI-Scan] print_bss_handler: Report beacon TSF 154815270 as it greater than probe TSF 154815270
07-10 16:12:27.203 1387 3565 D LOWI-9.0.0.87.a: [LOWI-Scan] is_qcom_ie, bss_age: 0
07-10 16:12:27.203 1387 3565 D LOWI-9.0.0.87.a: [LOWI-Scan] BSS 48:73:97:be:88:84 LOWI_PHY_MODE_11AC_VHT40(9), Beacon Interval: 100, LOWI_ENCRYPTION_TYPE_OPEN 11mcRanging: No, ANQP: No, LCI: No, Civic: No, capability(0x8001): ESS
07-10 16:12:27.203 1387 3565 D LOWI-9.0.0.87.a: [LOWI-Scan] BSS 48:73:97:be:88:84 FREQ: 5300, cFreq1[40:80:160] = [5310:0:0] cFreq2 = 0 Country Code = CN
07-10 16:12:27.203 1387 3565 D LOWI-9.0.0.87.a: [LOWI-Scan] BSS 48:73:97:be:88:84 (wlan0) ASSO: NO AddInfo: 0x1, TSF 0, 00:02:34.815, RSSI: -106, CPL: 127, AGE: 472, SSID HH-mobile, TSFDelta: 0x35bd8a75, TXRate: 0
07-10 16:12:27.203 1387 3565 D LOWI-9.0.0.87.a: [LOWI-Scan]
07-10 16:12:27.203 1387 3565 D LOWI-9.0.0.87.a: [LOWI-Scan] print_bss_handler: Report beacon TSF 154815659 as it greater than probe TSF 154815659
07-10 16:12:27.203 1387 3565 D LOWI-9.0.0.87.a: [LOWI-Scan] decode_rsn_wpa_ie: LOWI_ENCRYPTION_TYPE_WPA_PSK
07-10 16:12:27.203 1387 3565 D LOWI-9.0.0.87.a: [LOWI-Scan] is_qcom_ie, bss_age: 0
07-10 16:12:27.203 1387 3565 D LOWI-9.0.0.87.a: [LOWI-Scan] BSS 48:73:97:be:88:85 LOWI_PHY_MODE_11AC_VHT40(9), Beacon Interval: 100, LOWI_ENCRYPTION_TYPE_WPA_PSK 11mcRanging: No, ANQP: No, LCI: No, Civic: No, capability(0x8011): ESS Privacy
07-10 16:12:27.203 1387 3565 D LOWI-9.0.0.87.a: [LOWI-Scan] BSS 48:73:97:be:88:85 FREQ: 5300, cFreq1[40:80:160] = [5310:0:0] cFreq2 = 0 Country Code = CN
07-10 16:12:27.203 1387 3565 D LOWI-9.0.0.87.a: [LOWI-Scan] BSS 48:73:97:be:88:85 (wlan0) ASSO: NO AddInfo: 0x1, TSF 0, 00:02:34.815, RSSI: -106, CPL: 127, AGE: 472, SSID , TSFDelta: 0x35c0184a, TXRate: 0
07-10 16:12:27.203 1387 3565 D LOWI-9.0.0.87.a: [LOWI-Scan]
07-10 16:12:27.203 1387 3565 D LOWI-9.0.0.87.a: [LOWI-Scan] print_bss_handler: Report beacon TSF 154615819 as it greater than probe TSF 154615819
07-10 16:12:27.203 1387 3565 D LOWI-9.0.0.87.a: [LOWI-Scan] is_qcom_ie, bss_age: 0
07-10 16:12:27.203 1387 3565 D LOWI-9.0.0.87.a: [LOWI-Scan] BSS 48:73:97:be:8a:90 LOWI_PHY_MODE_11AC_VHT40(9), Beacon Interval: 100, LOWI_ENCRYPTION_TYPE_OPEN 11mcRanging: No, ANQP: No, LCI: No, Civic: No, capability(0x8001): ESS
07-10 16:12:27.203 1387 3565 D LOWI-9.0.0.87.a: [LOWI-Scan] BSS 48:73:97:be:8a:90 FREQ: 5260, cFreq1[40:80:160] = [5270:0:0] cFreq2 = 0 Country Code = CN
07-10 16:12:27.203 1387 3565 D LOWI-9.0.0.87.a: [LOWI-Scan] BSS 48:73:97:be:8a:90 (wlan0) ASSO: NO AddInfo: 0x1, TSF 0, 00:02:34.615, RSSI: -138, CPL: 127, AGE: 672, SSID , TSFDelta: 0x1cdbf286, TXRate: 0
07-10 16:12:27.203 1387 3565 D LOWI-9.0.0.87.a: [LOWI-Scan]
07-10 16:12:27.203 1387 3565 D LOWI-9.0.0.87.a: [LOWI-Scan] print_bss_handler: Report beacon TSF 154616390 as it greater than probe TSF 154616390
07-10 16:12:27.203 1387 3565 D LOWI-9.0.0.87.a: [LOWI-Scan] is_qcom_ie, bss_age: 0
07-10 16:12:27.203 1387 3565 D LOWI-9.0.0.87.a: [LOWI-Scan] BSS 48:73:97:be:8a:91 LOWI_PHY_MODE_11AC_VHT40(9), Beacon Interval: 100, LOWI_ENCRYPTION_TYPE_OPEN 11mcRanging: No, ANQP: No, LCI: No, Civic: No, capability(0x8001): ESS
07-10 16:12:27.203 1387 3565 D LOWI-9.0.0.87.a: [LOWI-Scan] BSS 48:73:97:be:8a:91 FREQ: 5260, cFreq1[40:80:160] = [5270:0:0] cFreq2 = 0 Country Code = CN
07-10 16:12:27.204 1387 3565 D LOWI-9.0.0.87.a: [LOWI-Scan] BSS 48:73:97:be:8a:91 (wlan0) ASSO: NO AddInfo: 0x1, TSF 0, 00:02:34.616, RSSI: -136, CPL: 127, AGE: 668, SSID GUEST, TSFDelta: 0x1cde69cd, TXRate: 0
07-10 16:12:27.204 1387 3565 D LOWI-9.0.0.87.a: [LOWI-Scan]
07-10 16:12:27.204 1387 3565 D LOWI-9.0.0.87.a: [LOWI-Scan] print_bss_handler: Report beacon TSF 154616473 as it greater than probe TSF 154616473
07-10 16:12:27.204 1387 3565 D LOWI-9.0.0.87.a: [LOWI-Scan] decode_rsn_wpa_ie: LOWI_ENCRYPTION_TYPE_WPA_PSK
07-10 16:12:27.204 1387 3565 D LOWI-9.0.0.87.a: [LOWI-Scan] is_qcom_ie, bss_age: 0
07-10 16:12:27.204 1387 3565 D LOWI-9.0.0.87.a: [LOWI-Scan] BSS 48:73:97:be:8a:92 LOWI_PHY_MODE_11AC_VHT40(9), Beacon Interval: 100, LOWI_ENCRYPTION_TYPE_WPA_PSK 11mcRanging: No, ANQP: No, LCI: No, Civic: No, capability(0x8011): ESS Privacy
07-10 16:12:27.204 1387 3565 D LOWI-9.0.0.87.a: [LOWI-Scan] BSS 48:73:97:be:8a:92 FREQ: 5260, cFreq1[40:80:160] = [5270:0:0] cFreq2 = 0 Country Code = CN
07-10 16:12:27.204 1387 3565 D LOWI-9.0.0.87.a: [LOWI-Scan] BSS 48:73:97:be:8a:92 (wlan0) ASSO: NO AddInfo: 0x1, TSF 0, 00:02:34.616, RSSI: -138, CPL: 127, AGE: 668, SSID HELLO, TSFDelta: 0x1ce0f009, TXRate: 0
07-10 16:12:27.204 1387 3565 D LOWI-9.0.0.87.a: [LOWI-Scan]
07-10 16:12:27.204 1387 3565 D LOWI-9.0.0.87.a: [LOWI-Scan] print_bss_handler: Report beacon TSF 154616688 as it greater than probe TSF 154616688
07-10 16:12:27.204 1387 3565 D LOWI-9.0.0.87.a: [LOWI-Scan] decode_rsn_wpa_ie: LOWI_ENCRYPTION_TYPE_WPA_EAP
07-10 16:12:27.204 1387 3565 D LOWI-9.0.0.87.a: [LOWI-Scan] is_qcom_ie, bss_age: 0
