07-10 16:10:31.595 1566 1817 D PowerManagerNotifier: onScreenPolicyUpdate: newPolicy=3
07-10 16:10:31.595 4177 4177 D ViewTouchDebug: mView : DecorView@696c089[Settings]Receive event : MotionEvent { action=ACTION_DOWN, actionButton=0, id[0]=0, x[0]=606.0, y[0]=781.0, toolType[0]=TOOL_TYPE_FINGER, buttonState=0, classification=NONE, metaState=0, flags=0x0, edgeFlags=0x0, pointerCount=1, historySize=0, eventTime=39773, downTime=39773, deviceId=4, source=0x5002, displayId=0, eventId=35621699 }
07-10 16:10:31.595 1566 1817 D PowerManagerService: updateDisplayPowerStateLocked: displayReady=true, groupId=0, policy=BRIGHT, mWakefulness=Awake, mWakeLockSummary=0x0, mUserActivitySummary=0x1, mBootCompleted=true, screenBrightnessOverride=NaN, useAutoBrightness=true, mScreenBrightnessBoostInProgress=false, mIsVrModeEnabled= false, sQuiescent=false
07-10 16:10:31.598 2555 2555 D TouchInteractionService: onInputEvent mUncheckedConsumer = com.android.quickstep.InputConsumer$$ExternalSyntheticLambda0@209ac5d
07-10 16:10:31.708 1566 1817 D PowerManagerService: userActivityNoUpdateLocked: groupId=0, eventTime=39886, event=2, flags=0x0, uid=1000
07-10 16:10:31.708 4177 4177 D ViewTouchDebug: mView : DecorView@696c089[Settings]Receive event : MotionEvent { action=ACTION_UP, actionButton=0, id[0]=0, x[0]=763.0, y[0]=412.0, toolType[0]=TOOL_TYPE_FINGER, buttonState=0, classification=NONE, metaState=0, flags=0x0, edgeFlags=0x0, pointerCount=1, historySize=0, eventTime=39886, downTime=39773, deviceId=4, source=0x5002, displayId=0, eventId=378169011 }
07-10 16:10:31.708 1566 1817 D PowerManagerNotifier: onUserActivity: event=2, uid=1000
07-10 16:10:31.709 1566 1817 D PowerManagerService: updateUserActivitySummaryLocked: groupId=0, mWakefulness=Awake, mUserActivitySummary=0x1, nextTimeout=99886 (in 59997 ms)
07-10 16:10:31.709 1566 1817 D PowerManagerNotifier: onScreenPolicyUpdate: newPolicy=3
07-10 16:10:31.709 1566 1817 D PowerManagerService: updateDisplayPowerStateLocked: displayReady=true, groupId=0, policy=BRIGHT, mWakefulness=Awake, mWakeLockSummary=0x0, mUserActivitySummary=0x1, mBootCompleted=true, screenBrightnessOverride=NaN, useAutoBrightness=true, mScreenBrightnessBoostInProgress=false, mIsVrModeEnabled= false, sQuiescent=false
07-10 16:10:32.018 1566 1808 D PowerManagerService: acquireWakeLockInternal: lock=7649226, flags=0x1, tag="*alarm*", ws=WorkSource{10027}, uid=1000, pid=1566
07-10 16:10:32.018 1566 1808 D PowerManagerService: updateWakeLockSummaryLocked: mWakefulness=Awake, mWakeLockSummary=0x1
07-10 16:10:32.018 1566 1808 D PowerManagerService: updateUserActivitySummaryLocked: groupId=0, mWakefulness=Awake, mUserActivitySummary=0x1, nextTimeout=99886 (in 59687 ms)
07-10 16:10:32.018 1566 1808 D PowerManagerNotifier: onScreenPolicyUpdate: newPolicy=3
07-10 16:10:32.018 1566 1808 D PowerManagerService: updateDisplayPowerStateLocked: displayReady=true, groupId=0, policy=BRIGHT, mWakefulness=Awake, mWakeLockSummary=0x1, mUserActivitySummary=0x1, mBootCompleted=true, screenBrightnessOverride=NaN, useAutoBrightness=true, mScreenBrightnessBoostInProgress=false, mIsVrModeEnabled= false, sQuiescent=false
07-10 16:10:32.019 1566 1808 D PowerManagerService: Acquiring suspend blocker "PowerManagerService.WakeLocks".
07-10 16:10:32.019 1566 1808 D PowerManagerNotifier: onWakeLockAcquired: flags=1, tag="*alarm*", packageName=android, ownerUid=1000, ownerPid=1566, workSource=WorkSource{10027}
07-10 16:10:32.021 1566 1689 D CompatibilityInfo: mCompatibilityFlags - 4
07-10 16:10:32.021 1566 1689 D CompatibilityInfo: applicationDensity - 240
07-10 16:10:32.021 1566 1689 D CompatibilityInfo: applicationScale - 1.0
07-10 16:10:32.026 1566 2057 D CompatibilityInfo: mCompatibilityFlags - 4
07-10 16:10:32.026 1566 2057 D CompatibilityInfo: applicationDensity - 240
07-10 16:10:32.026 1566 2057 D CompatibilityInfo: applicationScale - 1.0
07-10 16:10:32.029 1566 1566 D PowerManagerService: releaseWakeLockInternal: lock=7649226 [*alarm*], flags=0x0
07-10 16:10:32.029 1566 1566 D PowerManagerNotifier: onWakeLockReleased: flags=1, tag="*alarm*", packageName=android, ownerUid=1000, ownerPid=1566, workSource=WorkSource{10027}
07-10 16:10:32.029 1566 1566 D PowerManagerService: updateWakeLockSummaryLocked: mWakefulness=Awake, mWakeLockSummary=0x0
07-10 16:10:32.029 1566 1566 D PowerManagerService: updateUserActivitySummaryLocked: groupId=0, mWakefulness=Awake, mUserActivitySummary=0x1, nextTimeout=99886 (in 59677 ms)
07-10 16:10:32.029 1566 1566 D PowerManagerNotifier: onScreenPolicyUpdate: newPolicy=3
07-10 16:10:32.029 1566 1566 D PowerManagerService: updateDisplayPowerStateLocked: displayReady=true, groupId=0, policy=BRIGHT, mWakefulness=Awake, mWakeLockSummary=0x0, mUserActivitySummary=0x1, mBootCompleted=true, screenBrightnessOverride=NaN, useAutoBrightness=true, mScreenBrightnessBoostInProgress=false, mIsVrModeEnabled= false, sQuiescent=false
07-10 16:10:32.029 1566 1566 D PowerManagerService: Releasing suspend blocker "PowerManagerService.WakeLocks".
07-10 16:10:32.030 1566 1566 D PowerManagerService: acquireWakeLockInternal: lock=235110042, flags=0x1, tag="*job*/com.android.providers.calendar/.CalendarProviderJobService", ws=WorkSource{10027}, uid=1000, pid=1566
07-10 16:10:32.030 1566 1566 D PowerManagerService: updateWakeLockSummaryLocked: mWakefulness=Awake, mWakeLockSummary=0x1
07-10 16:10:32.030 1566 1566 D PowerManagerService: updateUserActivitySummaryLocked: groupId=0, mWakefulness=Awake, mUserActivitySummary=0x1, nextTimeout=99886 (in 59676 ms)
07-10 16:10:32.030 1566 1566 D PowerManagerNotifier: onScreenPolicyUpdate: newPolicy=3
07-10 16:10:32.030 1566 1566 D PowerManagerService: updateDisplayPowerStateLocked: displayReady=true, groupId=0, policy=BRIGHT, mWakefulness=Awake, mWakeLockSummary=0x1, mUserActivitySummary=0x1, mBootCompleted=true, screenBrightnessOverride=NaN, useAutoBrightness=true, mScreenBrightnessBoostInProgress=false, mIsVrModeEnabled= false, sQuiescent=false
07-10 16:10:32.030 1566 1566 D PowerManagerService: Acquiring suspend blocker "PowerManagerService.WakeLocks".
07-10 16:10:32.030 1566 1566 D PowerManagerNotifier: onWakeLockAcquired: flags=1, tag="*job*/com.android.providers.calendar/.CalendarProviderJobService", packageName=android, ownerUid=1000, ownerPid=1566, workSource=WorkSource{10027}
07-10 16:10:32.035 1566 2057 D PowerManagerService: releaseWakeLockInternal: lock=235110042 [*job*/com.android.providers.calendar/.CalendarProviderJobService], flags=0x0
07-10 16:10:32.035 1566 2057 D PowerManagerNotifier: onWakeLockReleased: flags=1, tag="*job*/com.android.providers.calendar/.CalendarProviderJobService", packageName=android, ownerUid=1000, ownerPid=1566, workSource=WorkSource{10027}
07-10 16:10:32.035 1566 2057 D PowerManagerService: updateWakeLockSummaryLocked: mWakefulness=Awake, mWakeLockSummary=0x0
07-10 16:10:32.035 1566 2057 D PowerManagerService: updateUserActivitySummaryLocked: groupId=0, mWakefulness=Awake, mUserActivitySummary=0x1, nextTimeout=99886 (in 59671 ms)
07-10 16:10:32.035 1566 2057 D PowerManagerNotifier: onScreenPolicyUpdate: newPolicy=3
07-10 16:10:32.035 1566 2057 D PowerManagerService: updateDisplayPowerStateLocked: displayReady=true, groupId=0, policy=BRIGHT, mWakefulness=Awake, mWakeLockSummary=0x0, mUserActivitySummary=0x1, mBootCompleted=true, screenBrightnessOverride=NaN, useAutoBrightness=true, mScreenBrightnessBoostInProgress=false, mIsVrModeEnabled= false, sQuiescent=false
07-10 16:10:32.035 1566 2057 D PowerManagerService: Releasing suspend blocker "PowerManagerService.WakeLocks".
07-10 16:10:32.273 662 677 I mpu_uart: [MSG-P:RECV]:No message received in 1000 ms
07-10 16:10:32.372 1566 2831 E TaskPersister: File error accessing recents directory (directory doesn't exist?).
07-10 16:10:32.424 4177 4233 I OpenGLRenderer: Davey! duration=9223371996275ms; Flags=0, FrameTimelineVsyncId=887, IntendedVsync=40579620291, Vsync=40579620291, InputEventId=0, HandleInputStart=40579846752, AnimationStart=40579848418, PerformTraversalsStart=40580039720, DrawStart=40580074616, FrameDeadline=40596286957, FrameInterval=40579843939, FrameStartTime=16666666, SyncQueued=40580829981, SyncStart=40580904929, IssueDrawCommandsStart=40581919043, SwapBuffers=40585442689, FrameCompleted=9223372036854775807, DequeueBufferDuration=45521, QueueBufferDuration=950000, GpuCompleted=9223372036854775807, SwapBuffersCompleted=40586988106, DisplayPresentTime=0,
07-10 16:10:32.821 2102 3980 D MicroService: handleHeartBeat:29
07-10 16:10:32.823 2102 2102 D MicroService: onHeartBeatDetected
07-10 16:10:32.823 2102 2102 D MicroService: sendHeartbeatMessage
07-10 16:10:32.842 4177 4233 I OpenGLRenderer: Davey! duration=9223371995858ms; Flags=0, FrameTimelineVsyncId=891, IntendedVsync=40996296138, Vsync=40996296138, InputEventId=0, HandleInputStart=40997484772, AnimationStart=40997486231, PerformTraversalsStart=40997487689, DrawStart=40997543314, FrameDeadline=41029629470, FrameInterval=40997480970, FrameStartTime=16666666, SyncQueued=40998948522, SyncStart=40999007585, IssueDrawCommandsStart=40999872220, SwapBuffers=41003439460, FrameCompleted=9223372036854775807, DequeueBufferDuration=31406, QueueBufferDuration=1293802, GpuCompleted=9223372036854775807, SwapBuffersCompleted=41005212845, DisplayPresentTime=0,
07-10 16:10:33.273 662 677 I mpu_uart: [MSG-P:RECV]:No message received in 1000 ms
07-10 16:10:33.395 0 0 W [ 41.574434] perfetto: disabled ftrace
07-10 16:10:33.393 1173 1173 I perfetto: ng_service_impl.cc:1821 FlushAndDisableTracing(1) done, success=1
07-10 16:10:33.393 1171 1171 I perfetto: probes_producer.cc:340 Producer stop (id=1)
07-10 16:10:33.394 1171 1171 I perfetto: ftrace_procfs.cc:213 disabled ftrace in /sys/kernel/tracing/
07-10 16:10:33.397 1173 1173 I perfetto: ng_service_impl.cc:2293 Tracing session 1 ended, total sessions:0
07-10 16:10:33.402 1170 4193 I iorapd : Perfetto TraceBuffer saved to file: /data/misc/iorapd/com.android.settings/31/com.android.settings.Settings/raw_traces/1688976633399721351.perfetto_trace.pb
07-10 16:10:34.273 662 677 I mpu_uart: [MSG-P:RECV]:No message received in 1000 ms
07-10 16:10:34.287 662 676 I mpu_uart: [MSG-P:R]:recv sync frame timeout
07-10 16:10:34.461 4177 4191 I OpenGLRenderer: Davey! duration=9223371994258ms; Flags=0, FrameTimelineVsyncId=950, IntendedVsync=42596292643, Vsync=42596292643, InputEventId=0, HandleInputStart=42610519095, AnimationStart=42610520761, PerformTraversalsStart=42610885605, DrawStart=42610947688, FrameDeadline=42629625975, FrameInterval=42610513990, FrameStartTime=16666666, SyncQueued=42613160188, SyncStart=42613259667, IssueDrawCommandsStart=42614453938, SwapBuffers=42617695605, FrameCompleted=9223372036854775807, DequeueBufferDuration=54584, QueueBufferDuration=942552, GpuCompleted=9223372036854775807, SwapBuffersCompleted=42619211542, DisplayPresentTime=0,
07-10 16:10:34.825 2102 2102 E MicroService: heart beat time out, current timeout cnt is 1
07-10 16:10:34.825 2102 2102 D MicroService: onHeartBeatDetected
07-10 16:10:34.826 2102 2102 D MicroService: sendHeartbeatMessage
07-10 16:10:34.837 2102 4044 D MicroService: handleHeartBeat:30
07-10 16:10:35.274 662 677 I mpu_uart: [MSG-P:RECV]:No message received in 1000 ms
07-10 16:10:35.461 4177 4191 I OpenGLRenderer: Davey! duration=9223371993258ms; Flags=0, FrameTimelineVsyncId=955, IntendedVsync=43596327296, Vsync=43612993962, InputEventId=0, HandleInputStart=43614067011, AnimationStart=43614068417, PerformTraversalsStart=43614414303, DrawStart=43614463209, FrameDeadline=43629660628, FrameInterval=43614063938, FrameStartTime=16666666, SyncQueued=43616582428, SyncStart=43616685240, IssueDrawCommandsStart=43617869459, SwapBuffers=43621442584, FrameCompleted=9223372036854775807, DequeueBufferDuration=56980, QueueBufferDuration=1451250, GpuCompleted=9223372036854775807, SwapBuffersCompleted=43623572584, DisplayPresentTime=0,
07-10 16:10:36.274 662 677 I mpu_uart: [MSG-P:RECV]:No message received in 1000 ms
07-10 16:10:36.603 2306 2306 D RemoteControlService: startVlanDispatchThread
07-10 16:10:36.723 0 0 I : [ 44.903000] qcom_rpmh DRV:apps_rsc TCS Busy, retrying RPMH message send: addr=0x50000
07-10 16:10:36.723 0 0 I : [ 44.903023] qcom_rpmh DRV:apps_rsc TCS Busy, retrying RPMH message send: addr=0x50000
07-10 16:10:36.724 0 0 I : [ 44.903041] qcom_rpmh DRV:apps_rsc TCS Busy, retrying RPMH message send: addr=0x50000
07-10 16:10:36.821 2102 4093 D MicroService: handleHeartBeat:31
07-10 16:10:36.828 2102 2102 D MicroService: onHeartBeatDetected
07-10 16:10:36.828 2102 2102 D MicroService: sendHeartbeatMessage
07-10 16:10:37.274 662 677 I mpu_uart: [MSG-P:RECV]:No message received in 1000 ms
07-10 16:10:37.290 662 676 I mpu_uart: [MSG-P:R]:recv sync frame timeout
07-10 16:10:37.385 1566 1817 D PowerManagerService: userActivityNoUpdateLocked: groupId=0, eventTime=45563, event=2, flags=0x0, uid=1000
07-10 16:10:37.385 4177 4177 D ViewTouchDebug: mView : DecorView@696c089[Settings]Receive event : MotionEvent { action=ACTION_DOWN, actionButton=0, id[0]=0, x[0]=730.0, y[0]=249.0, toolType[0]=TOOL_TYPE_FINGER, buttonState=0, classification=NONE, metaState=0, flags=0x0, edgeFlags=0x0, pointerCount=1, historySize=0, eventTime=45563, downTime=45563, deviceId=4, source=0x5002, displayId=0, eventId=589033449 }
07-10 16:10:37.385 1566 1817 D PowerManagerNotifier: onUserActivity: event=2, uid=1000
07-10 16:10:37.385 1566 1817 D PowerManagerService: updateUserActivitySummaryLocked: groupId=0, mWakefulness=Awake, mUserActivitySummary=0x1, nextTimeout=105563 (in 59998 ms)
07-10 16:10:37.385 1566 1817 D PowerManagerNotifier: onScreenPolicyUpdate: newPolicy=3
07-10 16:10:37.385 1566 1817 D PowerManagerService: updateDisplayPowerStateLocked: displayReady=true, groupId=0, policy=BRIGHT, mWakefulness=Awake, mWakeLockSummary=0x0, mUserActivitySummary=0x1, mBootCompleted=true, screenBrightnessOverride=NaN, useAutoBrightness=true, mScreenBrightnessBoostInProgress=false, mIsVrModeEnabled= false, sQuiescent=false
07-10 16:10:37.387 1907 1907 D ViewTouchDebug: mView : com.android.systemui.navigationbar.NavigationBarFrame{a844b78 V.E...... ........ 0,0-2560,46 #7f0b03f3 app:id/navigation_bar_frame}Receive event : MotionEvent { action=ACTION_OUTSIDE, actionButton=0, id[0]=0, x[0]=0.0, y[0]=-1034.0, toolType[0]=TOOL_TYPE_FINGER, buttonState=0, classification=NONE, metaState=0, flags=0x0, edgeFlags=0x0, pointerCount=1, historySize=0, eventTime=45563, downTime=45563, deviceId=4, source=0x5002, displayId=0, eventId=1075420541 }
07-10 16:10:37.389 2555 2555 D TouchInteractionService: onInputEvent mUncheckedConsumer = com.android.quickstep.InputConsumer$$ExternalSyntheticLambda0@209ac5d
07-10 16:10:37.495 4177 4177 D ViewTouchDebug: mView : DecorView@696c089[Settings]Receive event : MotionEvent { action=ACTION_UP, actionButton=0, id[0]=0, x[0]=660.0, y[0]=682.0, toolType[0]=TOOL_TYPE_FINGER, buttonState=0, classification=NONE, metaState=0, flags=0x0, edgeFlags=0x0, pointerCount=1, historySize=0, eventTime=45675, downTime=45563, deviceId=4, source=0x5002, displayId=0, eventId=402474104 }
07-10 16:10:37.496 1566 1817 D PowerManagerService: userActivityNoUpdateLocked: groupId=0, eventTime=45675, event=2, flags=0x0, uid=1000
07-10 16:10:37.496 1566 1817 D PowerManagerNotifier: onUserActivity: event=2, uid=1000
07-10 16:10:37.496 1566 1817 D PowerManagerService: updateUserActivitySummaryLocked: groupId=0, mWakefulness=Awake, mUserActivitySummary=0x1, nextTimeout=105675 (in 59999 ms)
07-10 16:10:37.496 1566 1817 D PowerManagerNotifier: onScreenPolicyUpdate: newPolicy=3
07-10 16:10:37.496 1566 1817 D PowerManagerService: updateDisplayPowerStateLocked: displayReady=true, groupId=0, policy=BRIGHT, mWakefulness=Awake, mWakeLockSummary=0x0, mUserActivitySummary=0x1, mBootCompleted=true, screenBrightnessOverride=NaN, useAutoBrightness=true, mScreenBrightnessBoostInProgress=false, mIsVrModeEnabled= false, sQuiescent=false
07-10 16:10:38.274 662 677 I mpu_uart: [MSG-P:RECV]:No message received in 1000 ms
07-10 16:10:38.441 4177 4191 I OpenGLRenderer: Davey! duration=9223371990258ms; Flags=0, FrameTimelineVsyncId=1026, IntendedVsync=46596416355, Vsync=46596416355, InputEventId=0, HandleInputStart=46597675916, AnimationStart=46597677947, PerformTraversalsStart=46597858781, DrawStart=46597902843, FrameDeadline=46629749687, FrameInterval=46597672322, FrameStartTime=16666666, SyncQueued=46598621124, SyncStart=46598697218, IssueDrawCommandsStart=46599735499, SwapBuffers=46603223103, FrameCompleted=9223372036854775807, DequeueBufferDuration=49375, QueueBufferDuration=1067656, GpuCompleted=9223372036854775807, SwapBuffersCompleted=46604925551, DisplayPresentTime=0,
07-10 16:10:38.825 2102 4094 D MicroService: handleHeartBeat:32
07-10 16:10:38.830 2102 2102 D MicroService: onHeartBeatDetected
07-10 16:10:38.831 2102 2102 D MicroService: sendHeartbeatMessage
07-10 16:10:39.275 662 677 I mpu_uart: [MSG-P:RECV]:No message received in 1000 ms
07-10 16:10:39.438 4177 4233 I OpenGLRenderer: Davey! duration=9223371989258ms; Flags=0, FrameTimelineVsyncId=1031, IntendedVsync=47596385804, Vsync=47596385804, InputEventId=0, HandleInputStart=47597478051, AnimationStart=47597480395, PerformTraversalsStart=47597679874, DrawStart=47597727686, FrameDeadline=47629719136, FrameInterval=47597474614, FrameStartTime=16666666, SyncQueued=47598434822, SyncStart=47598511697, IssueDrawCommandsStart=47599497114, SwapBuffers=47602282322, FrameCompleted=9223372036854775807, DequeueBufferDuration=46562, QueueBufferDuration=787864, GpuCompleted=9223372036854775807, SwapBuffersCompleted=47603586020, DisplayPresentTime=0,
07-10 16:10:39.903 1566 1808 D PowerManagerService: acquireWakeLockInternal: lock=7649226, flags=0x1, tag="*alarm*", ws=WorkSource{1000}, uid=1000, pid=1566
07-10 16:10:39.904 1566 1808 D PowerManagerService: updateWakeLockSummaryLocked: mWakefulness=Awake, mWakeLockSummary=0x1
07-10 16:10:39.904 1566 1808 D PowerManagerService: updateUserActivitySummaryLocked: groupId=0, mWakefulness=Awake, mUserActivitySummary=0x1, nextTimeout=105675 (in 57591 ms)
07-10 16:10:39.904 1566 1808 D PowerManagerNotifier: onScreenPolicyUpdate: newPolicy=3
07-10 16:10:39.904 1566 1808 D PowerManagerService: updateDisplayPowerStateLocked: displayReady=true, groupId=0, policy=BRIGHT, mWakefulness=Awake, mWakeLockSummary=0x1, mUserActivitySummary=0x1, mBootCompleted=true, screenBrightnessOverride=NaN, useAutoBrightness=true, mScreenBrightnessBoostInProgress=false, mIsVrModeEnabled= false, sQuiescent=false
07-10 16:10:39.904 1566 1808 D PowerManagerService: Acquiring suspend blocker "PowerManagerService.WakeLocks".
07-10 16:10:39.904 1566 1838 E WifiScoringParams: Invalid frequency(-1), using 5G as default rssi array
07-10 16:10:39.905 1566 1808 D PowerManagerNotifier: onWakeLockAcquired: flags=1, tag="*alarm*", packageName=android, ownerUid=1000, ownerPid=1566, workSource=WorkSource{1000}
07-10 16:10:39.907 1566 1838 E WifiHealthMonitor: Hit PackageManager exception
07-10 16:10:39.907 1566 1838 E WifiHealthMonitor: android.content.pm.PackageManager$NameNotFoundException: No module info for package: com.android.wifi
07-10 16:10:39.907 1566 1838 E WifiHealthMonitor: at android.app.ApplicationPackageManager.getModuleInfo(ApplicationPackageManager.java:1079)
07-10 16:10:39.907 1566 1838 E WifiHealthMonitor: at com.android.server.wifi.WifiHealthMonitor.getWifiStackVersion(WifiHealthMonitor.java:365)
07-10 16:10:39.907 1566 1838 E WifiHealthMonitor: at com.android.server.wifi.WifiHealthMonitor.extractCurrentSoftwareBuildInfo(WifiHealthMonitor.java:586)
07-10 16:10:39.907 1566 1838 E WifiHealthMonitor: at com.android.server.wifi.WifiHealthMonitor.postBootSwBuildCheck(WifiHealthMonitor.java:521)
07-10 16:10:39.907 1566 1838 E WifiHealthMonitor: at com.android.server.wifi.WifiHealthMonitor.postBootDetectionHandler(WifiHealthMonitor.java:512)
07-10 16:10:39.907 1566 1838 E WifiHealthMonitor: at com.android.server.wifi.WifiHealthMonitor.access$500(WifiHealthMonitor.java:70)
07-10 16:10:39.907 1566 1838 E WifiHealthMonitor: at com.android.server.wifi.WifiHealthMonitor$2.onAlarm(WifiHealthMonitor.java:189)
07-10 16:10:39.907 1566 1838 E WifiHealthMonitor: at android.app.AlarmManager$ListenerWrapper.run(AlarmManager.java:323)
07-10 16:10:39.907 1566 1838 E WifiHealthMonitor: at android.os.Handler.handleCallback(Handler.java:938)
07-10 16:10:39.907 1566 1838 E WifiHealthMonitor: at android.os.Handler.dispatchMessage(Handler.java:99)
07-10 16:10:39.907 1566 1838 E WifiHealthMonitor: at android.os.Looper.loopOnce(Looper.java:201)
07-10 16:10:39.907 1566 1838 E WifiHealthMonitor: at android.os.Looper.loop(Looper.java:288)
07-10 16:10:39.907 1566 1838 E WifiHealthMonitor: at android.os.HandlerThread.run(HandlerThread.java:67)
07-10 16:10:39.914 1387 3565 D LOWI-9.0.0.87.a: [LOWI-Scan] wait_event:Wait done with Cmd 33
07-10 16:10:39.914 1387 3565 D LOWI-9.0.0.87.a: [LOWI-Scan] do_listen_events: Rcvd valid Netlink Cmd 0 Err 0
07-10 16:10:39.914 1566 1838 W UnsafeUtil: platform method missing - proto runtime falling back to safer methods: java.lang.NoSuchMethodException: sun.misc.Unsafe.copyMemory [class java.lang.Object, long, class java.lang.Object, long, long]
07-10 16:10:39.917 1566 1838 D PowerManagerService: releaseWakeLockInternal: lock=7649226 [*alarm*], flags=0x0
07-10 16:10:39.917 1566 1838 D PowerManagerNotifier: onWakeLockReleased: flags=1, tag="*alarm*", packageName=android, ownerUid=1000, ownerPid=1566, workSource=WorkSource{1000}
07-10 16:10:39.917 1566 1838 D PowerManagerService: updateWakeLockSummaryLocked: mWakefulness=Awake, mWakeLockSummary=0x0
07-10 16:10:39.917 1566 1838 D PowerManagerService: updateUserActivitySummaryLocked: groupId=0, mWakefulness=Awake, mUserActivitySummary=0x1, nextTimeout=105675 (in 57577 ms)
07-10 16:10:39.917 1566 1838 D PowerManagerNotifier: onScreenPolicyUpdate: newPolicy=3
07-10 16:10:39.918 1566 1838 D PowerManagerService: updateDisplayPowerStateLocked: displayReady=true, groupId=0, policy=BRIGHT, mWakefulness=Awake, mWakeLockSummary=0x0, mUserActivitySummary=0x1, mBootCompleted=true, screenBrightnessOverride=NaN, useAutoBrightness=true, mScreenBrightnessBoostInProgress=false, mIsVrModeEnabled= false, sQuiescent=false
07-10 16:10:39.918 1566 1838 D PowerManagerService: Releasing suspend blocker "PowerManagerService.WakeLocks".
07-10 16:10:39.963 0 0 I [ 48.141701] [schedu][0x3a234be4][16: 10:39.961408] wlan: [3489:I:OSIF] scan start scan id 40962
07-10 16:10:40.275 662 677 I mpu_uart: [MSG-P:RECV]:No message received in 1000 ms
07-10 16:10:40.294 662 676 I mpu_uart: [MSG-P:R]:recv sync frame timeout
07-10 16:10:40.466 1387 3565 D LOWI-9.0.0.87.a: [LOWI-Scan] wait_event:Wait done with Cmd 103
07-10 16:10:40.466 1387 3565 D LOWI-9.0.0.87.a: [LOWI-Scan] do_listen_events: Rcvd valid Netlink Cmd 0 Err 0
07-10 16:10:40.466 3559 3559 I wpa_supplicant: wlan0: CTRL-EVENT-AVOID-FREQ ranges=
07-10 16:10:40.467 841 3546 I WifiHAL : event received NL80211_CMD_VENDOR, vendor_id = 0x1374, subcmd = 0xa
07-10 16:10:40.467 1223 1223 I wificond: Regulatory domain changed to country: CN on wiphy_index: 0
07-10 16:10:40.467 1345 1345 I cnss-daemon: nl80211 response handler invoked
07-10 16:10:40.467 1345 1345 I cnss-daemon: nl80211_response_handler: cmd 103, vendorID 4980, subcmd 10 received
07-10 16:10:40.468 3559 3559 I wpa_supplicant: wlan0: CTRL-EVENT-REGDOM-CHANGE init=DRIVER type=COUNTRY alpha2=CN
07-10 16:10:40.471 1566 2881 D WifiNl80211Manager: OnRegDomainChanged CN
07-10 16:10:40.472 1566 2881 D WifiNative: onCountryCodeChanged: CN
07-10 16:10:40.472 1566 2881 I WifiCountryCode: Receive onDriverCountryCodeChanged CN
07-10 16:10:40.473 1223 1223 I wificond: 2.4Ghz frequencies: 2412 2417 2422 2427 2432 2437 2442 2447 2452 2457 2462 2467 2472
07-10 16:10:40.473 1223 1223 I wificond: 5Ghz non-DFS frequencies: 5180 5200 5220 5240 5745 5765 5785 5805 5825
07-10 16:10:40.473 1223 1223 I wificond: 5Ghz DFS frequencies: 5260 5280 5300 5320
07-10 16:10:40.473 1223 1223 I wificond: 6Ghz frequencies:
07-10 16:10:40.473 1223 1223 I wificond: 60Ghz frequencies:
07-10 16:10:40.475 1566 1838 I WifiService: onDriverCountryCodeChanged CN
07-10 16:10:40.475 1566 1838 E ApConfigUtil: Malformed channel value detected: java.lang.NumberFormatException: For input string: ""
07-10 16:10:40.480 1566 1838 E ApConfigUtil: Malformed channel value detected: java.lang.NumberFormatException: For input string: ""
07-10 16:10:40.833 2102 2102 E MicroService: heart beat time out, current timeout cnt is 1
07-10 16:10:40.833 2102 2102 D MicroService: onHeartBeatDetected
07-10 16:10:40.833 2102 2102 D MicroService: sendHeartbeatMessage
07-10 16:10:40.839 2102 4095 D MicroService: handleHeartBeat:33
07-10 16:10:41.142 1387 3565 D LOWI-9.0.0.87.a: [LOWI-Scan] wait_event:Wait done with Cmd 34
07-10 16:10:41.142 1387 3565 D LOWI-9.0.0.87.a: [LOWI-Scan] do_listen_events: Rcvd valid Netlink Cmd 34 Err 0
07-10 16:10:41.144 1566 2881 D WifiNl80211Manager: Scan result ready event
07-10 16:10:41.144 1566 2881 D WifiNative: Scan result ready event
07-10 16:10:41.144 1387 3565 D LOWI-9.0.0.87.a: [LOWI-Scan]
07-10 16:10:41.145 0 0 I [ 49.322392] [schedu][0x3b7d32fe][16: 10:41.142089] wlan: [3489:I:OSIF] vdev 0, scan id 40962 type COMPLETED(1) reason COMPLETED(1) scan found 104 bss
07-10 16:10:41.144 1387 3565 D LOWI-9.0.0.87.a: [LOWI-Scan] print_bss_handler: Report beacon TSF 48193939 as it greater than probe TSF 48190160
07-10 16:10:41.144 1387 3565 D LOWI-9.0.0.87.a: [LOWI-Scan] is_qcom_ie, bss_age: 0
07-10 16:10:41.144 1387 3565 D LOWI-9.0.0.87.a: [LOWI-Scan] BSS 7c:a7:b0:11:0a:ac LOWI_PHY_MODE_11NA_HT20(4), Beacon Interval: 100, LOWI_ENCRYPTION_TYPE_OPEN 11mcRanging: No, ANQP: No, LCI: No, Civic: No, capability(0x0011): ESS Privacy
07-10 16:10:41.144 1387 3565 D LOWI-9.0.0.87.a: [LOWI-Scan] BSS 7c:a7:b0:11:0a:ac FREQ: 5180, cFreq1[40:80:160] = [0:0:0] cFreq2 = 0 Country Code =
07-10 16:10:41.144 1387 3565 D LOWI-9.0.0.87.a: [LOWI-Scan] BSS 7c:a7:b0:11:0a:ac (wlan0) ASSO: NO AddInfo: 0x1, TSF 0, 00:00:48.193, RSSI: -80, CPL: 127, AGE: 1132, SSID Kunyi-0300028-5G, TSFDelta: 0x18f19c6d, TXRate: 0
07-10 16:10:41.144 1387 3565 D LOWI-9.0.0.87.a: [LOWI-Scan]
07-10 16:10:41.144 1387 3565 D LOWI-9.0.0.87.a: [LOWI-Scan] print_bss_handler: Report Probe TSF 48233876 as it greater than Beacon TSF 48178809
07-10 16:10:41.144 1387 3565 D LOWI-9.0.0.87.a: [LOWI-Scan] decode_rsn_wpa_ie: LOWI_ENCRYPTION_TYPE_WPA_PSK
07-10 16:10:41.144 1387 3565 D LOWI-9.0.0.87.a: [LOWI-Scan] is_qcom_ie, bss_age: 0
07-10 16:10:41.144 1387 3565 D LOWI-9.0.0.87.a: [LOWI-Scan] BSS 0c:dc:7e:9c:33:f5 LOWI_PHY_MODE_11NG_HT40(7), Beacon Interval: 100, LOWI_ENCRYPTION_TYPE_WPA_PSK 11mcRanging: No, ANQP: No, LCI: No, Civic: No, capability(0x0431): ESS Privacy ShortPreamble ShortSlotTime
07-10 16:10:41.145 1387 3565 D LOWI-9.0.0.87.a: [LOWI-Scan] BSS 0c:dc:7e:9c:33:f5 FREQ: 2412, cFreq1[40:80:160] = [2422:0:0] cFreq2 = 0 Country Code = CN
07-10 16:10:41.145 1387 3565 D LOWI-9.0.0.87.a: [LOWI-Scan] BSS 0c:dc:7e:9c:33:f5 (wlan0) ASSO: NO AddInfo: 0x0, TSF 0, 00:00:48.233, RSSI: -134, CPL: 127, AGE: 1092, SSID 3A4F20AA, TSFDelta: 0xec3fa0af, TXRate: 0
07-10 16:10:41.146 1387 3565 D LOWI-9.0.0.87.a: [LOWI-Scan]
07-10 16:10:41.146 1387 3565 D LOWI-9.0.0.87.a: [LOWI-Scan] print_bss_handler: Report Probe TSF 48252277 as it greater than Beacon TSF 0
07-10 16:10:41.146 1387 3565 D LOWI-9.0.0.87.a: [LOWI-Scan] decode_rsn_wpa_ie: LOWI_ENCRYPTION_TYPE_WPA_PSK
07-10 16:10:41.146 1387 3565 D LOWI-9.0.0.87.a: [LOWI-Scan] is_qcom_ie, bss_age: 0
07-10 16:10:41.146 1387 3565 D LOWI-9.0.0.87.a: [LOWI-Scan] BSS 34:ab:95:79:fb:85 LOWI_PHY_MODE_11NG_HT40(7), Beacon Interval: 100, LOWI_ENCRYPTION_TYPE_WPA_PSK 11mcRanging: No, ANQP: No, LCI: No, Civic: No, capability(0x0431): ESS Privacy ShortPreamble ShortSlotTime
07-10 16:10:41.146 1387 3565 D LOWI-9.0.0.87.a: [LOWI-Scan] BSS 34:ab:95:79:fb:85 FREQ: 2412, cFreq1[40:80:160] = [2422:0:0] cFreq2 = 0 Country Code = CN
07-10 16:10:41.146 1387 3565 D LOWI-9.0.0.87.a: [LOWI-Scan] BSS 34:ab:95:79:fb:85 (wlan0) ASSO: NO AddInfo: 0x0, TSF 0, 00:00:48.252, RSSI: -142, CPL: 127, AGE: 1072, SSID F2E696B8, TSFDelta: 0x65d558e, TXRate: 0
07-10 16:10:41.146 1387 3565 D LOWI-9.0.0.87.a: [LOWI-Scan]
07-10 16:10:41.146 1387 3565 D LOWI-9.0.0.87.a: [LOWI-Scan] print_bss_handler: Report Probe TSF 48231900 as it greater than Beacon TSF 0
07-10 16:10:41.146 1387 3565 D LOWI-9.0.0.87.a: [LOWI-Scan] decode_rsn_wpa_ie: LOWI_ENCRYPTION_TYPE_WPA_PSK
07-10 16:10:41.146 1387 3565 D LOWI-9.0.0.87.a: [LOWI-Scan] is_qcom_ie, bss_age: 0
07-10 16:10:41.146 1387 3565 D LOWI-9.0.0.87.a: [LOWI-Scan] BSS e8:31:cd:5d:e6:a1 LOWI_PHY_MODE_11NG_HT40(7), Beacon Interval: 100, LOWI_ENCRYPTION_TYPE_WPA_PSK 11mcRanging: No, ANQP: No, LCI: No, Civic: No, capability(0x0431): ESS Privacy ShortPreamble ShortSlotTime
07-10 16:10:41.146 1387 3565 D LOWI-9.0.0.87.a: [LOWI-Scan] BSS e8:31:cd:5d:e6:a1 FREQ: 2412, cFreq1[40:80:160] = [2422:0:0] cFreq2 = 0 Country Code = CN
07-10 16:10:41.146 1387 3565 D LOWI-9.0.0.87.a: [LOWI-Scan] BSS e8:31:cd:5d:e6:a1 (wlan0) ASSO: NO AddInfo: 0x0, TSF 0, 00:00:48.231, RSSI: -144, CPL: 127, AGE: 1096, SSID 82914562, TSFDelta: 0xf25f50a7, TXRate: 0
07-10 16:10:41.146 1387 3565 D LOWI-9.0.0.87.a: [LOWI-Scan]
07-10 16:10:41.146 1387 3565 D LOWI-9.0.0.87.a: [LOWI-Scan] print_bss_handler: Report Probe TSF 48214521 as it greater than Beacon TSF 0
07-10 16:10:41.146 1387 3565 D LOWI-9.0.0.87.a: [LOWI-Scan] decode_rsn_wpa_ie: LOWI_ENCRYPTION_TYPE_WPA_PSK
07-10 16:10:41.147 1387 3565 D LOWI-9.0.0.87.a: [LOWI-Scan] is_qcom_ie, bss_age: 0
07-10 16:10:41.147 1387 3565 D LOWI-9.0.0.87.a: [LOWI-Scan] BSS a4:e5:7c:45:4f:a1 LOWI_PHY_MODE_11NG_HT40(7), Beacon Interval: 100, LOWI_ENCRYPTION_TYPE_WPA_PSK 11mcRanging: No, ANQP: No, LCI: No, Civic: No, capability(0x0431): ESS Privacy ShortPreamble ShortSlotTime
07-10 16:10:41.147 1387 3565 D LOWI-9.0.0.87.a: [LOWI-Scan] BSS a4:e5:7c:45:4f:a1 FREQ: 2412, cFreq1[40:80:160] = [2422:0:0] cFreq2 = 0 Country Code = CN
07-10 16:10:41.147 1387 3565 D LOWI-9.0.0.87.a: [LOWI-Scan] BSS a4:e5:7c:45:4f:a1 (wlan0) ASSO: NO AddInfo: 0x0, TSF 0, 00:00:48.214, RSSI: -148, CPL: 127, AGE: 1112, SSID DED7D6AD, TSFDelta: 0x26b57a2d, TXRate: 0
07-10 16:10:41.147 1387 3565 D LOWI-9.0.0.87.a: [LOWI-Scan]
07-10 16:10:41.147 1387 3565 D LOWI-9.0.0.87.a: [LOWI-Scan] print_bss_handler: Report beacon TSF 48278898 as it greater than probe TSF 48278898
07-10 16:10:41.147 1387 3565 D LOWI-9.0.0.87.a: [LOWI-Scan] is_qcom_ie, bss_age: 0
07-10 16:10:41.147 1387 3565 D LOWI-9.0.0.87.a: [LOWI-Scan] BSS 48:73:97:be:82:20 LOWI_PHY_MODE_11AC_VHT40(9), Beacon Interval: 100, LOWI_ENCRYPTION_TYPE_OPEN 11mcRanging: No, ANQP: No, LCI: No, Civic: No, capability(0x8001): ESS
07-10 16:10:41.147 1387 3565 D LOWI-9.0.0.87.a: [LOWI-Scan] BSS 48:73:97:be:82:20 FREQ: 5220, cFreq1[40:80:160] = [5230:0:0] cFreq2 = 0 Country Code = CN
07-10 16:10:41.147 1387 3565 D LOWI-9.0.0.87.a: [LOWI-Scan] BSS 48:73:97:be:82:20 (wlan0) ASSO: NO AddInfo: 0x1, TSF 0, 00:00:48.278, RSSI: -118, CPL: 127, AGE: 1048, SSID , TSFDelta: 0x34776ece, TXRate: 0
07-10 16:10:41.147 1387 3565 D LOWI-9.0.0.87.a: [LOWI-Scan]
07-10 16:10:41.147 1387 3565 D LOWI-9.0.0.87.a: [LOWI-Scan] print_bss_handler: Report beacon TSF 48279089 as it greater than probe TSF 48279089
07-10 16:10:41.147 1387 3565 D LOWI-9.0.0.87.a: [LOWI-Scan] is_qcom_ie, bss_age: 0
07-10 16:10:41.147 1387 3565 D LOWI-9.0.0.87.a: [LOWI-Scan] BSS 48:73:97:be:82:21 LOWI_PHY_MODE_11AC_VHT40(9), Beacon Interval: 100, LOWI_ENCRYPTION_TYPE_OPEN 11mcRanging: No, ANQP: No, LCI: No, Civic: No, capability(0x8001): ESS
07-10 16:10:41.147 1387 3565 D LOWI-9.0.0.87.a: [LOWI-Scan] BSS 48:73:97:be:82:21 FREQ: 5220, cFreq1[40:80:160] = [5230:0:0] cFreq2 = 0 Country Code = CN
07-10 16:10:41.147 1387 3565 D LOWI-9.0.0.87.a: [LOWI-Scan] BSS 48:73:97:be:82:21 (wlan0) ASSO: NO AddInfo: 0x1, TSF 0, 00:00:48.279, RSSI: -118, CPL: 127, AGE: 1048, SSID GUEST, TSFDelta: 0x3479e615, TXRate: 0
07-10 16:10:41.147 1387 3565 D LOWI-9.0.0.87.a: [LOWI-Scan]
07-10 16:10:41.147 1387 3565 D LOWI-9.0.0.87.a: [LOWI-Scan] print_bss_handler: Report beacon TSF 48279260 as it greater than probe TSF 48279260
07-10 16:10:41.147 1387 3565 D LOWI-9.0.0.87.a: [LOWI-Scan] decode_rsn_wpa_ie: LOWI_ENCRYPTION_TYPE_WPA_PSK
07-10 16:10:41.147 1387 3565 D LOWI-9.0.0.87.a: [LOWI-Scan] is_qcom_ie, bss_age: 0
07-10 16:10:41.147 1387 3565 D LOWI-9.0.0.87.a: [LOWI-Scan] BSS 48:73:97:be:82:22 LOWI_PHY_MODE_11AC_VHT40(9), Beacon Interval: 100, LOWI_ENCRYPTION_TYPE_WPA_PSK 11mcRanging: No, ANQP: No, LCI: No, Civic: No, capability(0x8011): ESS Privacy
07-10 16:10:41.147 1387 3565 D LOWI-9.0.0.87.a: [LOWI-Scan] BSS 48:73:97:be:82:22 FREQ: 5220, cFreq1[40:80:160] = [5230:0:0] cFreq2 = 0 Country Code = CN
07-10 16:10:41.147 1387 3565 D LOWI-9.0.0.87.a: [LOWI-Scan] BSS 48:73:97:be:82:22 (wlan0) ASSO: NO AddInfo: 0x1, TSF 0, 00:00:48.279, RSSI: -118, CPL: 127, AGE: 1048, SSID HELLO, TSFDelta: 0x347c6c69, TXRate: 0
07-10 16:10:41.148 1387 3565 D LOWI-9.0.0.87.a: [LOWI-Scan]
07-10 16:10:41.148 1387 3565 D LOWI-9.0.0.87.a: [LOWI-Scan] print_bss_handler: Report beacon TSF 48279628 as it greater than probe TSF 48279628
07-10 16:10:41.148 1387 3565 D LOWI-9.0.0.87.a: [LOWI-Scan] decode_rsn_wpa_ie: LOWI_ENCRYPTION_TYPE_WPA_EAP
07-10 16:10:41.148 1387 3565 D LOWI-9.0.0.87.a: [LOWI-Scan] is_qcom_ie, bss_age: 0
07-10 16:10:41.148 1387 3565 D LOWI-9.0.0.87.a: [LOWI-Scan] BSS 48:73:97:be:82:23 LOWI_PHY_MODE_11AC_VHT40(9), Beacon Interval: 100, LOWI_ENCRYPTION_TYPE_WPA_EAP 11mcRanging: No, ANQP: No, LCI: No, Civic: No, capability(0x8011): ESS Privacy
07-10 16:10:41.148 1387 3565 D LOWI-9.0.0.87.a: [LOWI-Scan] BSS 48:73:97:be:82:23 FREQ: 5220, cFreq1[40:80:160] = [5230:0:0] cFreq2 = 0 Country Code = CN
07-10 16:10:41.148 1387 3565 D LOWI-9.0.0.87.a: [LOWI-Scan] BSS 48:73:97:be:82:23 (wlan0) ASSO: NO AddInfo: 0x1, TSF 0, 00:00:48.279, RSSI: -116, CPL: 127, AGE: 1048, SSID HH, TSFDelta: 0x347f6a92, TXRate: 0
07-10 16:10:41.148 1387 3565 D LOWI-9.0.0.87.a: [LOWI-Scan]
07-10 16:10:41.148 1387 3565 D LOWI-9.0.0.87.a: [LOWI-Scan] print_bss_handler: Report beacon TSF 48280074 as it greater than probe TSF 48280074
07-10 16:10:41.148 1387 3565 D LOWI-9.0.0.87.a: [LOWI-Scan] is_qcom_ie, bss_age: 0
07-10 16:10:41.148 1387 3565 D LOWI-9.0.0.87.a: [LOWI-Scan] BSS 48:73:97:be:82:24 LOWI_PHY_MODE_11AC_VHT40(9), Beacon Interval: 100, LOWI_ENCRYPTION_TYPE_OPEN 11mcRanging: No, ANQP: No, LCI: No, Civic: No, capability(0x8001): ESS
07-10 16:10:41.148 1387 3565 D LOWI-9.0.0.87.a: [LOWI-Scan] BSS 48:73:97:be:82:24 FREQ: 5220, cFreq1[40:80:160] = [5230:0:0] cFreq2 = 0 Country Code = CN
07-10 16:10:41.148 1387 3565 D LOWI-9.0.0.87.a: [LOWI-Scan] BSS 48:73:97:be:82:24 (wlan0) ASSO: NO AddInfo: 0x1, TSF 0, 00:00:48.280, RSSI: -118, CPL: 127, AGE: 1044, SSID HH-mobile, TSFDelta: 0x34821dcd, TXRate: 0
07-10 16:10:41.148 1387 3565 D LOWI-9.0.0.87.a: [LOWI-Scan]
07-10 16:10:41.148 1387 3565 D LOWI-9.0.0.87.a: [LOWI-Scan] print_bss_handler: Report beacon TSF 48280397 as it greater than probe TSF 48280397
07-10 16:10:41.148 1387 3565 D LOWI-9.0.0.87.a: [LOWI-Scan] decode_rsn_wpa_ie: LOWI_ENCRYPTION_TYPE_WPA_PSK
07-10 16:10:41.148 1387 3565 D LOWI-9.0.0.87.a: [LOWI-Scan] is_qcom_ie, bss_age: 0
07-10 16:10:41.148 1387 3565 D LOWI-9.0.0.87.a: [LOWI-Scan] BSS 48:73:97:be:82:25 LOWI_PHY_MODE_11AC_VHT40(9), Beacon Interval: 100, LOWI_ENCRYPTION_TYPE_WPA_PSK 11mcRanging: No, ANQP: No, LCI: No, Civic: No, capability(0x8011): ESS Privacy
07-10 16:10:41.148 1387 3565 D LOWI-9.0.0.87.a: [LOWI-Scan] BSS 48:73:97:be:82:25 FREQ: 5220, cFreq1[40:80:160] = [5230:0:0] cFreq2 = 0 Country Code = CN
07-10 16:10:41.148 1387 3565 D LOWI-9.0.0.87.a: [LOWI-Scan] BSS 48:73:97:be:82:25 (wlan0) ASSO: NO AddInfo: 0x1, TSF 0, 00:00:48.280, RSSI: -116, CPL: 127, AGE: 1044, SSID , TSFDelta: 0x3484ab8a, TXRate: 0
07-10 16:10:41.148 1387 3565 D LOWI-9.0.0.87.a: [LOWI-Scan]
07-10 16:10:41.148 1387 3565 D LOWI-9.0.0.87.a: [LOWI-Scan] print_bss_handler: Report beacon TSF 48280864 as it greater than probe TSF 48280864
07-10 16:10:41.148 1387 3565 D LOWI-9.0.0.87.a: [LOWI-Scan] decode_rsn_wpa_ie: LOWI_ENCRYPTION_TYPE_WPA_PSK
07-10 16:10:41.148 1387 3565 D LOWI-9.0.0.87.a: [LOWI-Scan] is_qcom_ie, bss_age: 0
07-10 16:10:41.148 1387 3565 D LOWI-9.0.0.87.a: [LOWI-Scan] BSS 48:73:97:be:82:26 LOWI_PHY_MODE_11AC_VHT40(9), Beacon Interval: 100, LOWI_ENCRYPTION_TYPE_WPA_PSK 11mcRanging: No, ANQP: No, LCI: No, Civic: No, capability(0x8011): ESS Privacy
07-10 16:10:41.148 1387 3565 D LOWI-9.0.0.87.a: [LOWI-Scan] BSS 48:73:97:be:82:26 FREQ: 5220, cFreq1[40:80:160] = [5230:0:0] cFreq2 = 0 Country Code = CN
07-10 16:10:41.148 1387 3565 D LOWI-9.0.0.87.a: [LOWI-Scan] BSS 48:73:97:be:82:26 (wlan0) ASSO: NO AddInfo: 0x1, TSF 0, 00:00:48.280, RSSI: -118, CPL: 127, AGE: 1044, SSID , TSFDelta: 0x34879acb, TXRate: 0
07-10 16:10:41.148 1387 3565 D LOWI-9.0.0.87.a: [LOWI-Scan]
07-10 16:10:41.148 1387 3565 D LOWI-9.0.0.87.a: [LOWI-Scan] print_bss_handler: Report beacon TSF 48379219 as it greater than probe TSF 48379219
07-10 16:10:41.149 1387 3565 D LOWI-9.0.0.87.a: [LOWI-Scan] is_qcom_ie, bss_age: 0
07-10 16:10:41.149 1387 3565 D LOWI-9.0.0.87.a: [LOWI-Scan] BSS 48:73:97:be:87:40 LOWI_PHY_MODE_11AC_VHT40(9), Beacon Interval: 100, LOWI_ENCRYPTION_TYPE_OPEN 11mcRanging: No, ANQP: No, LCI: No, Civic: No, capability(0x8001): ESS
07-10 16:10:41.149 1387 3565 D LOWI-9.0.0.87.a: [LOWI-Scan] BSS 48:73:97:be:87:40 FREQ: 5745, cFreq1[40:80:160] = [5755:0:0] cFreq2 = 0 Country Code = CN
07-10 16:10:41.149 1387 3565 D LOWI-9.0.0.87.a: [LOWI-Scan] BSS 48:73:97:be:87:40 (wlan0) ASSO: NO AddInfo: 0x1, TSF 0, 00:00:48.379, RSSI: -136, CPL: 127, AGE: 948, SSID , TSFDelta: 0x19a3a219, TXRate: 0
07-10 16:10:41.149 1387 3565 D LOWI-9.0.0.87.a: [LOWI-Scan]
07-10 16:10:41.149 1387 3565 D LOWI-9.0.0.87.a: [LOWI-Scan] print_bss_handler: Report beacon TSF 48379343 as it greater than probe TSF 48379343
07-10 16:10:41.149 1387 3565 D LOWI-9.0.0.87.a: [LOWI-Scan] is_qcom_ie, bss_age: 0
07-10 16:10:41.149 1387 3565 D LOWI-9.0.0.87.a: [LOWI-Scan] BSS 48:73:97:be:87:41 LOWI_PHY_MODE_11AC_VHT40(9), Beacon Interval: 100, LOWI_ENCRYPTION_TYPE_OPEN 11mcRanging: No, ANQP: No, LCI: No, Civic: No, capability(0x8001): ESS
07-10 16:10:41.149 1387 3565 D LOWI-9.0.0.87.a: [LOWI-Scan] BSS 48:73:97:be:87:41 FREQ: 5745, cFreq1[40:80:160] = [5755:0:0] cFreq2 = 0 Country Code = CN
07-10 16:10:41.149 1387 3565 D LOWI-9.0.0.87.a: [LOWI-Scan] BSS 48:73:97:be:87:41 (wlan0) ASSO: NO AddInfo: 0x1, TSF 0, 00:00:48.379, RSSI: -134, CPL: 127, AGE: 948, SSID GUEST, TSFDelta: 0x19a5132d, TXRate: 0
07-10 16:10:41.149 1387 3565 D LOWI-9.0.0.87.a: [LOWI-Scan]
07-10 16:10:41.149 1387 3565 D LOWI-9.0.0.87.a: [LOWI-Scan] print_bss_handler: Report beacon TSF 48379562 as it greater than probe TSF 48379562
07-10 16:10:41.149 1387 3565 D LOWI-9.0.0.87.a: [LOWI-Scan] decode_rsn_wpa_ie: LOWI_ENCRYPTION_TYPE_WPA_PSK
07-10 16:10:41.149 1387 3565 D LOWI-9.0.0.87.a: [LOWI-Scan] is_qcom_ie, bss_age: 0
07-10 16:10:41.149 1387 3565 D LOWI-9.0.0.87.a: [LOWI-Scan] BSS 48:73:97:be:87:42 LOWI_PHY_MODE_11AC_VHT40(9), Beacon Interval: 100, LOWI_ENCRYPTION_TYPE_WPA_PSK 11mcRanging: No, ANQP: No, LCI: No, Civic: No, capability(0x8011): ESS Privacy
07-10 16:10:41.149 1387 3565 D LOWI-9.0.0.87.a: [LOWI-Scan] BSS 48:73:97:be:87:42 FREQ: 5745, cFreq1[40:80:160] = [5755:0:0] cFreq2 = 0 Country Code = CN
07-10 16:10:41.149 1387 3565 D LOWI-9.0.0.87.a: [LOWI-Scan] BSS 48:73:97:be:87:42 (wlan0) ASSO: NO AddInfo: 0x1, TSF 0, 00:00:48.379, RSSI: -134, CPL: 127, AGE: 948, SSID HELLO, TSFDelta: 0x19a68bd1, TXRate: 0
07-10 16:10:41.149 1387 3565 D LOWI-9.0.0.87.a: [LOWI-Scan]
07-10 16:10:41.149 1387 3565 D LOWI-9.0.0.87.a: [LOWI-Scan] print_bss_handler: Report beacon TSF 48379795 as it greater than probe TSF 48379795
07-10 16:10:41.149 1387 3565 D LOWI-9.0.0.87.a: [LOWI-Scan] decode_rsn_wpa_ie: LOWI_ENCRYPTION_TYPE_WPA_EAP
07-10 16:10:41.149 1387 3565 D LOWI-9.0.0.87.a: [LOWI-Scan] is_qcom_ie, bss_age: 0
07-10 16:10:41.149 1387 3565 D LOWI-9.0.0.87.a: [LOWI-Scan] BSS 48:73:97:be:87:43 LOWI_PHY_MODE_11AC_VHT40(9), Beacon Interval: 100, LOWI_ENCRYPTION_TYPE_WPA_EAP 11mcRanging: No, ANQP: No, LCI: No, Civic: No, capability(0x8011): ESS Privacy
07-10 16:10:41.149 1387 3565 D LOWI-9.0.0.87.a: [LOWI-Scan] BSS 48:73:97:be:87:43 FREQ: 5745, cFreq1[40:80:160] = [5755:0:0] cFreq2 = 0 Country Code = CN
07-10 16:10:41.149 1387 3565 D LOWI-9.0.0.87.a: [LOWI-Scan] BSS 48:73:97:be:87:43 (wlan0) ASSO: NO AddInfo: 0x1, TSF 0, 00:00:48.379, RSSI: -132, CPL: 127, AGE: 948, SSID HH, TSFDelta: 0x19a840b2, TXRate: 0
07-10 16:10:41.149 1387 3565 D LOWI-9.0.0.87.a: [LOWI-Scan]
07-10 16:10:41.149 1387 3565 D LOWI-9.0.0.87.a: [LOWI-Scan] print_bss_handler: Report beacon TSF 48380266 as it greater than probe TSF 48380266
07-10 16:10:41.149 1387 3565 D LOWI-9.0.0.87.a: [LOWI-Scan] is_qcom_ie, bss_age: 0
07-10 16:10:41.150 1387 3565 D LOWI-9.0.0.87.a: [LOWI-Scan] BSS 48:73:97:be:87:44 LOWI_PHY_MODE_11AC_VHT40(9), Beacon Interval: 100, LOWI_ENCRYPTION_TYPE_OPEN 11mcRanging: No, ANQP: No, LCI: No, Civic: No, capability(0x8001): ESS
07-10 16:10:41.150 1387 3565 D LOWI-9.0.0.87.a: [LOWI-Scan] BSS 48:73:97:be:87:44 FREQ: 5745, cFreq1[40:80:160] = [5755:0:0] cFreq2 = 0 Country Code = CN
07-10 16:10:41.150 1387 3565 D LOWI-9.0.0.87.a: [LOWI-Scan] BSS 48:73:97:be:87:44 (wlan0) ASSO: NO AddInfo: 0x1, TSF 0, 00:00:48.380, RSSI: -134, CPL: 127, AGE: 944, SSID HH-mobile, TSFDelta: 0x19a9cfb1, TXRate: 0
07-10 16:10:41.150 1387 3565 D LOWI-9.0.0.87.a: [LOWI-Scan]
07-10 16:10:41.150 1387 3565 D LOWI-9.0.0.87.a: [LOWI-Scan] print_bss_handler: Report beacon TSF 48380311 as it greater than probe TSF 48380311
07-10 16:10:41.150 1387 3565 D LOWI-9.0.0.87.a: [LOWI-Scan] decode_rsn_wpa_ie: LOWI_ENCRYPTION_TYPE_WPA_PSK
07-10 16:10:41.150 1387 3565 D LOWI-9.0.0.87.a: [LOWI-Scan] is_qcom_ie, bss_age: 0
07-10 16:10:41.150 1387 3565 D LOWI-9.0.0.87.a: [LOWI-Scan] BSS 48:73:97:be:87:45 LOWI_PHY_MODE_11AC_VHT40(9), Beacon Interval: 100, LOWI_ENCRYPTION_TYPE_WPA_PSK 11mcRanging: No, ANQP: No, LCI: No, Civic: No, capability(0x8011): ESS Privacy
07-10 16:10:41.150 1387 3565 D LOWI-9.0.0.87.a: [LOWI-Scan] BSS 48:73:97:be:87:45 FREQ: 5745, cFreq1[40:80:160] = [5755:0:0] cFreq2 = 0 Country Code = CN
07-10 16:10:41.150 1387 3565 D LOWI-9.0.0.87.a: [LOWI-Scan] BSS 48:73:97:be:87:45 (wlan0) ASSO: NO AddInfo: 0x1, TSF 0, 00:00:48.380, RSSI: -132, CPL: 127, AGE: 944, SSID , TSFDelta: 0x19ab4872, TXRate: 0
07-10 16:10:41.150 1387 3565 D LOWI-9.0.0.87.a: [LOWI-Scan]
07-10 16:10:41.150 1387 3565 D LOWI-9.0.0.87.a: [LOWI-Scan] print_bss_handler: Report beacon TSF 48380442 as it greater than probe TSF 48380442
07-10 16:10:41.150 1387 3565 D LOWI-9.0.0.87.a: [LOWI-Scan] decode_rsn_wpa_ie: LOWI_ENCRYPTION_TYPE_WPA_PSK
07-10 16:10:41.150 1387 3565 D LOWI-9.0.0.87.a: [LOWI-Scan] is_qcom_ie, bss_age: 0
07-10 16:10:41.150 1387 3565 D LOWI-9.0.0.87.a: [LOWI-Scan] BSS 48:73:97:be:87:46 LOWI_PHY_MODE_11AC_VHT40(9), Beacon Interval: 100, LOWI_ENCRYPTION_TYPE_WPA_PSK 11mcRanging: No, ANQP: No, LCI: No, Civic: No, capability(0x8011): ESS Privacy
07-10 16:10:41.150 1387 3565 D LOWI-9.0.0.87.a: [LOWI-Scan] BSS 48:73:97:be:87:46 FREQ: 5745, cFreq1[40:80:160] = [5755:0:0] cFreq2 = 0 Country Code = CN
07-10 16:10:41.150 1387 3565 D LOWI-9.0.0.87.a: [LOWI-Scan] BSS 48:73:97:be:87:46 (wlan0) ASSO: NO AddInfo: 0x1, TSF 0, 00:00:48.380, RSSI: -132, CPL: 127, AGE: 944, SSID , TSFDelta: 0x19acf5b7, TXRate: 0
07-10 16:10:41.150 1387 3565 D LOWI-9.0.0.87.a: [LOWI-Scan]
07-10 16:10:41.150 1387 3565 D LOWI-9.0.0.87.a: [LOWI-Scan] print_bss_handler: Report beacon TSF 48456260 as it greater than probe TSF 48456260
07-10 16:10:41.150 1387 3565 D LOWI-9.0.0.87.a: [LOWI-Scan] is_qcom_ie, bss_age: 0
07-10 16:10:41.150 1387 3565 D LOWI-9.0.0.87.a: [LOWI-Scan] BSS 48:73:97:be:7c:90 LOWI_PHY_MODE_11AC_VHT40(9), Beacon Interval: 100, LOWI_ENCRYPTION_TYPE_OPEN 11mcRanging: No, ANQP: No, LCI: No, Civic: No, capability(0x8001): ESS
07-10 16:10:41.150 1387 3565 D LOWI-9.0.0.87.a: [LOWI-Scan] BSS 48:73:97:be:7c:90 FREQ: 5785, cFreq1[40:80:160] = [5795:0:0] cFreq2 = 0 Country Code = CN
07-10 16:10:41.150 1387 3565 D LOWI-9.0.0.87.a: [LOWI-Scan] BSS 48:73:97:be:7c:90 (wlan0) ASSO: NO AddInfo: 0x1, TSF 0, 00:00:48.456, RSSI: -116, CPL: 127, AGE: 868, SSID , TSFDelta: 0x5ec03094, TXRate: 0
07-10 16:10:41.150 1387 3565 D LOWI-9.0.0.87.a: [LOWI-Scan]
07-10 16:10:41.150 1387 3565 D LOWI-9.0.0.87.a: [LOWI-Scan] print_bss_handler: Report beacon TSF 48456978 as it greater than probe TSF 48456978
07-10 16:10:41.150 1387 3565 D LOWI-9.0.0.87.a: [LOWI-Scan] is_qcom_ie, bss_age: 0
07-10 16:10:41.150 1387 3565 D LOWI-9.0.0.87.a: [LOWI-Scan] BSS 48:73:97:be:7c:91 LOWI_PHY_MODE_11AC_VHT40(9), Beacon Interval: 100, LOWI_ENCRYPTION_TYPE_OPEN 11mcRanging: No, ANQP: No, LCI: No, Civic: No, capability(0x8001): ESS
07-10 16:10:41.150 1387 3565 D LOWI-9.0.0.87.a: [LOWI-Scan] BSS 48:73:97:be:7c:91 FREQ: 5785, cFreq1[40:80:160] = [5795:0:0] cFreq2 = 0 Country Code = CN
07-10 16:10:41.150 1387 3565 D LOWI-9.0.0.87.a: [LOWI-Scan] BSS 48:73:97:be:7c:91 (wlan0) ASSO: NO AddInfo: 0x1, TSF 0, 00:00:48.456, RSSI: -114, CPL: 127, AGE: 868, SSID GUEST, TSFDelta: 0x5ec1a1a8, TXRate: 0
07-10 16:10:41.151 1387 3565 D LOWI-9.0.0.87.a: [LOWI-Scan]
07-10 16:10:41.151 1387 3565 D LOWI-9.0.0.87.a: [LOWI-Scan] print_bss_handler: Report beacon TSF 48457051 as it greater than probe TSF 48457051
07-10 16:10:41.151 1387 3565 D LOWI-9.0.0.87.a: [LOWI-Scan] decode_rsn_wpa_ie: LOWI_ENCRYPTION_TYPE_WPA_PSK
07-10 16:10:41.151 1387 3565 D LOWI-9.0.0.87.a: [LOWI-Scan] is_qcom_ie, bss_age: 0
07-10 16:10:41.151 1387 3565 D LOWI-9.0.0.87.a: [LOWI-Scan] BSS 48:73:97:be:7c:92 LOWI_PHY_MODE_11AC_VHT40(9), Beacon Interval: 100, LOWI_ENCRYPTION_TYPE_WPA_PSK 11mcRanging: No, ANQP: No, LCI: No, Civic: No, capability(0x8011): ESS Privacy
07-10 16:10:41.151 1387 3565 D LOWI-9.0.0.87.a: [LOWI-Scan] BSS 48:73:97:be:7c:92 FREQ: 5785, cFreq1[40:80:160] = [5795:0:0] cFreq2 = 0 Country Code = CN
07-10 16:10:41.151 1387 3565 D LOWI-9.0.0.87.a: [LOWI-Scan] BSS 48:73:97:be:7c:92 (wlan0) ASSO: NO AddInfo: 0x1, TSF 0, 00:00:48.457, RSSI: -116, CPL: 127, AGE: 868, SSID HELLO, TSFDelta: 0x5ec31a64, TXRate: 0
07-10 16:10:41.151 1387 3565 D LOWI-9.0.0.87.a: [LOWI-Scan]
07-10 16:10:41.151 1387 3565 D LOWI-9.0.0.87.a: [LOWI-Scan] print_bss_handler: Report beacon TSF 48457113 as it greater than probe TSF 48457113
07-10 16:10:41.151 1387 3565 D LOWI-9.0.0.87.a: [LOWI-Scan] decode_rsn_wpa_ie: LOWI_ENCRYPTION_TYPE_WPA_EAP
07-10 16:10:41.151 1387 3565 D LOWI-9.0.0.87.a: [LOWI-Scan] is_qcom_ie, bss_age: 0
07-10 16:10:41.151 1387 3565 D LOWI-9.0.0.87.a: [LOWI-Scan] BSS 48:73:97:be:7c:93 LOWI_PHY_MODE_11AC_VHT40(9), Beacon Interval: 100, LOWI_ENCRYPTION_TYPE_WPA_EAP 11mcRanging: No, ANQP: No, LCI: No, Civic: No, capability(0x8011): ESS Privacy
07-10 16:10:41.151 1387 3565 D LOWI-9.0.0.87.a: [LOWI-Scan] BSS 48:73:97:be:7c:93 FREQ: 5785, cFreq1[40:80:160] = [5795:0:0] cFreq2 = 0 Country Code = CN
07-10 16:10:41.151 1387 3565 D LOWI-9.0.0.87.a: [LOWI-Scan] BSS 48:73:97:be:7c:93 (wlan0) ASSO: NO AddInfo: 0x1, TSF 0, 00:00:48.457, RSSI: -116, CPL: 127, AGE: 868, SSID HH, TSFDelta: 0x5ec4cf2d, TXRate: 0
07-10 16:10:41.151 1387 3565 D LOWI-9.0.0.87.a: [LOWI-Scan]
07-10 16:10:41.151 1387 3565 D LOWI-9.0.0.87.a: [LOWI-Scan] print_bss_handler: Report beacon TSF 48457171 as it greater than probe TSF 48457171
07-10 16:10:41.151 1387 3565 D LOWI-9.0.0.87.a: [LOWI-Scan] is_qcom_ie, bss_age: 0
07-10 16:10:41.151 1387 3565 D LOWI-9.0.0.87.a: [LOWI-Scan] BSS 48:73:97:be:7c:94 LOWI_PHY_MODE_11AC_VHT40(9), Beacon Interval: 100, LOWI_ENCRYPTION_TYPE_OPEN 11mcRanging: No, ANQP: No, LCI: No, Civic: No, capability(0x8001): ESS
07-10 16:10:41.151 1387 3565 D LOWI-9.0.0.87.a: [LOWI-Scan] BSS 48:73:97:be:7c:94 FREQ: 5785, cFreq1[40:80:160] = [5795:0:0] cFreq2 = 0 Country Code = CN
07-10 16:10:41.151 1387 3565 D LOWI-9.0.0.87.a: [LOWI-Scan] BSS 48:73:97:be:7c:94 (wlan0) ASSO: NO AddInfo: 0x1, TSF 0, 00:00:48.457, RSSI: -116, CPL: 127, AGE: 868, SSID HH-mobile, TSFDelta: 0x5ec65e44, TXRate: 0
07-10 16:10:41.151 1387 3565 D LOWI-9.0.0.87.a: [LOWI-Scan]
07-10 16:10:41.163 1387 3565 D LOWI-9.0.0.87.a: [LOWI-Scan] print_bss_handler: Report beacon TSF 48457266 as it greater than probe TSF 48457266
07-10 16:10:41.163 1387 3565 D LOWI-9.0.0.87.a: [LOWI-Scan] decode_rsn_wpa_ie: LOWI_ENCRYPTION_TYPE_WPA_PSK
07-10 16:10:41.163 1387 3565 D LOWI-9.0.0.87.a: [LOWI-Scan] is_qcom_ie, bss_age: 0
07-10 16:10:41.163 1387 3565 D LOWI-9.0.0.87.a: [LOWI-Scan] BSS 48:73:97:be:7c:95 LOWI_PHY_MODE_11AC_VHT40(9), Beacon Interval: 100, LOWI_ENCRYPTION_TYPE_WPA_PSK 11mcRanging: No, ANQP: No, LCI: No, Civic: No, capability(0x8011): ESS Privacy
07-10 16:10:41.163 1387 3565 D LOWI-9.0.0.87.a: [LOWI-Scan] BSS 48:73:97:be:7c:95 FREQ: 5785, cFreq1[40:80:160] = [5795:0:0] cFreq2 = 0 Country Code = CN
07-10 16:10:41.163 1387 3565 D LOWI-9.0.0.87.a: [LOWI-Scan] BSS 48:73:97:be:7c:95 (wlan0) ASSO: NO AddInfo: 0x1, TSF 0, 00:00:48.457, RSSI: -116, CPL: 127, AGE: 868, SSID , TSFDelta: 0x5ec7d71d, TXRate: 0
07-10 16:10:41.164 1387 3565 D LOWI-9.0.0.87.a: [LOWI-Scan]
07-10 16:10:41.164 1387 3565 D LOWI-9.0.0.87.a: [LOWI-Scan] print_bss_handler: Report beacon TSF 48457465 as it greater than probe TSF 48457465
07-10 16:10:41.164 1387 3565 D LOWI-9.0.0.87.a: [LOWI-Scan] decode_rsn_wpa_ie: LOWI_ENCRYPTION_TYPE_WPA_PSK
07-10 16:10:41.164 1387 3565 D LOWI-9.0.0.87.a: [LOWI-Scan] is_qcom_ie, bss_age: 0
07-10 16:10:41.164 1387 3565 D LOWI-9.0.0.87.a: [LOWI-Scan] BSS 48:73:97:be:7c:96 LOWI_PHY_MODE_11AC_VHT40(9), Beacon Interval: 100, LOWI_ENCRYPTION_TYPE_WPA_PSK 11mcRanging: No, ANQP: No, LCI: No, Civic: No, capability(0x8011): ESS Privacy
07-10 16:10:41.164 1387 3565 D LOWI-9.0.0.87.a: [LOWI-Scan] BSS 48:73:97:be:7c:96 FREQ: 5785, cFreq1[40:80:160] = [5795:0:0] cFreq2 = 0 Country Code = CN
