08-16 16:53:36.855 1859 2696 I OpenGLRenderer: Davey! duration=9223371896455ms; Flags=0, FrameTimelineVsyncId=4387, IntendedVsync=140398836804, Vsync=140398836804, InputEventId=0, HandleInputStart=140400749059, AnimationStart=140400752236, PerformTraversalsStart=140400754371, DrawStart=140406557548, FrameDeadline=140415503470, FrameInterval=140400737913, FrameStartTime=16666666, SyncQueued=140406919111, SyncStart=140407169371, IssueDrawCommandsStart=140407602080, SwapBuffers=140409543486, FrameCompleted=9223372036854775807, DequeueBufferDuration=47240, QueueBufferDuration=2896510, GpuCompleted=9223372036854775807, SwapBuffersCompleted=140413829059, DisplayPresentTime=0,
08-16 16:53:36.898 818 2542 I vendor.qti.bluetooth@1.0-ibs_handler: ProcessIbsCmd: Received IBS_WAKE_IND: 0xFD
08-16 16:53:36.898 818 2542 D vendor.qti.bluetooth@1.0-ibs_handler: SerialClockVote: vote for UART CLK ON
08-16 16:53:36.899 818 2542 D vendor.qti.bluetooth@1.0-wake_lock: Acquire wakelock is acquired
08-16 16:53:36.899 818 2542 I vendor.qti.bluetooth@1.0-ibs_handler: ProcessIbsCmd: Writing IBS_WAKE_ACK
08-16 16:53:36.908 518 518 I hwservicemanager: getTransport: Cannot find entry android.hardware.light@2.0::ILight/default in either framework or device VINTF manifest.
08-16 16:53:36.912 4672 4672 E light : light_open lights keyboard failed: -22
08-16 16:53:36.913 4672 4672 E light : Light passthrough failed to load legacy HAL.
08-16 16:53:36.913 4672 4672 E light : light_open lights buttons failed: -22
08-16 16:53:36.913 4672 4672 E light : Light passthrough failed to load legacy HAL.
08-16 16:53:36.915 4672 4672 E light : light_open lights bluetooth failed: -22
08-16 16:53:36.915 4672 4672 E light : Light passthrough failed to load legacy HAL.
08-16 16:53:36.916 4672 4672 E light : light_open lights wifi failed: -22
08-16 16:53:36.916 4672 4672 E light : Light passthrough failed to load legacy HAL.
08-16 16:53:36.918 1859 1859 D ViewRootImpl[NavigationBar0]: updatePointerIcon called with position out of bounds
08-16 16:53:36.919 518 518 I hwservicemanager: getTransport: Cannot find entry android.hardware.light@2.0::ILight/default in either framework or device VINTF manifest.
08-16 16:53:36.921 4672 4672 E HidlServiceManagement: Service android.hardware.light@2.0::ILight/default must be in VINTF manifest in order to register/get.
08-16 16:53:36.921 4672 4672 E LegacySupport: Could not register service android.hardware.light@2.0::ILight/default (-2147483648).
01-01 05:47:57.351 0 0 I init : Service 'vendor.light-hal-2-0' (pid 4672) exited with status 0
01-01 05:47:57.351 0 0 I init : Sending signal 9 to service 'vendor.light-hal-2-0' (pid 4672) process group...
01-01 05:47:57.352 0 0 I libprocessgroup: Successfully killed process cgroup uid 1000 pid 4672 in 0ms
08-16 16:53:36.985 818 2542 I vendor.qti.bluetooth@1.0-ibs_handler: ProcessIbsCmd: Received IBS_SLEEP_IND: 0xFE
08-16 16:53:36.985 818 2542 D vendor.qti.bluetooth@1.0-ibs_handler: SerialClockVote: vote for UART CLK OFF
08-16 16:53:37.084 818 2542 I vendor.qti.bluetooth@1.0-ibs_handler: ProcessIbsCmd: Received IBS_WAKE_IND: 0xFD
08-16 16:53:37.084 818 2542 D vendor.qti.bluetooth@1.0-ibs_handler: SerialClockVote: vote for UART CLK ON
08-16 16:53:37.084 818 2542 I vendor.qti.bluetooth@1.0-ibs_handler: ProcessIbsCmd: Writing IBS_WAKE_ACK
08-16 16:53:37.121 1160 2973 D ActivityTrigger: ActivityTrigger activityPauseTrigger
08-16 16:53:37.142 805 805 D audio_hw_primary: adev_create_audio_patch: enter: num sources 1, num_sinks 1, handle 1
08-16 16:53:37.143 805 805 D audio_hw_primary: adev_create_audio_patch: Playback patch from mix handle 13 to device 80
08-16 16:53:37.143 805 805 D audio_hw_primary: update_patch: enter
08-16 16:53:37.143 805 805 D audio_hw_primary: route_output_stream: enter: usecase(1: low-latency-playback) devices 80
08-16 16:53:37.143 805 805 I btaudio_offload_qti: audio_check_a2dp_ready_qti: state = AUDIO_A2DP_STATE_STANDBY
08-16 16:53:37.143 805 805 I btaudio_offload_qti: audio_check_a2dp_ready_qti: session ready = 1
08-16 16:53:37.143 805 805 W btaudio_offload_qti: audio_check_a2dp_ready_qti: return
08-16 16:53:37.149 805 2905 D audio_hw_primary: start_output_stream: enter: stream(0xecb80010)usecase(1: low-latency-playback) devices(0x80) is_haptic_usecase(0)
08-16 16:53:37.149 805 2905 I btaudio_offload_qti: audio_check_a2dp_ready_qti: state = AUDIO_A2DP_STATE_STANDBY
08-16 16:53:37.149 805 2905 I btaudio_offload_qti: audio_check_a2dp_ready_qti: session ready = 1
08-16 16:53:37.149 805 2905 W btaudio_offload_qti: audio_check_a2dp_ready_qti: return
08-16 16:53:37.150 971 971 E ANDR-PERF-TARGET: Error: Invalid logical cluster id 0
08-16 16:53:37.150 971 971 E ANDR-PERF-REQUEST: invalid request
08-16 16:53:37.150 971 971 E ANDR-PERF-MPCTL: invalid request, no optimizations performed
08-16 16:53:37.151 805 2905 E audio_hw_extn: audio_extn_perf_lock_acquire: Failed to acquire perf lock, err: -1
08-16 16:53:37.151 805 2905 I btaudio_offload_qti: audio_check_a2dp_ready_qti: state = AUDIO_A2DP_STATE_STANDBY
08-16 16:53:37.151 805 2905 I btaudio_offload_qti: audio_check_a2dp_ready_qti: session ready = 1
08-16 16:53:37.151 805 2905 W btaudio_offload_qti: audio_check_a2dp_ready_qti: return
08-16 16:53:37.151 805 2905 D audio_hw_primary: select_devices for use case (low-latency-playback)
08-16 16:53:37.151 805 2905 I btaudio_offload_qti: audio_check_a2dp_ready_qti: state = AUDIO_A2DP_STATE_STANDBY
08-16 16:53:37.151 805 2905 I btaudio_offload_qti: audio_check_a2dp_ready_qti: session ready = 1
08-16 16:53:37.151 805 2905 W btaudio_offload_qti: audio_check_a2dp_ready_qti: return
08-16 16:53:37.151 805 2905 I msm8974_platform: platform_check_and_set_codec_backend_cfg:becf: afe: bitwidth 16, samplerate 48000 channels 2, backend_idx 0 usecase = 1 device (bt-a2dp)
08-16 16:53:37.151 805 2905 D msm8974_platform: platform_split_snd_device: snd_device(45) num devices(1) new_snd_devices(0)
08-16 16:53:37.151 805 2905 I msm8974_platform: platform_check_and_set_codec_backend_cfg: new_snd_devices[0] is 45
08-16 16:53:37.152 805 2905 D audio_hw_primary: check_usecases_codec_backend:becf: force routing 1
08-16 16:53:37.152 805 2905 E msm8974_platform: platform_check_backends_match: Invalid snd_device =
08-16 16:53:37.152 805 2905 D audio_hw_primary: check_usecases_codec_backend:becf: (78) check_usecases curr device: bt-a2dp, usecase device: backends match 0
08-16 16:53:37.152 805 2905 D audio_hw_primary: check_usecases_codec_backend:becf: check_usecases num.of Usecases to switch 0
08-16 16:53:37.152 805 2905 D hardware_info: hw_info_append_hw_type : device_name = bt-a2dp
08-16 16:53:37.152 805 2905 D msm8974_platform: platform_split_snd_device: snd_device(45) num devices(0) new_snd_devices(0)
08-16 16:53:37.152 805 2905 D audio_hw_primary: enable_snd_device: snd_device(45: bt-a2dp)
08-16 16:53:37.152 805 2905 D msm8974_platform: platform_get_island_cfg_on_device:island cfg status on snd_device = (bt-a2dp 0)
08-16 16:53:37.152 805 2905 D a2dp_offload: a2dp_start_playback start
08-16 16:53:37.152 805 2905 D a2dp_offload: calling BT module stream start
08-16 16:53:37.152 805 2905 D btaudio_offload_qti: audio_stream_start_qti: state = AUDIO_A2DP_STATE_STANDBY
08-16 16:53:37.152 805 2905 W btaudio_offload_qti: handle_hidl_request: starting audio stream
08-16 16:53:37.153 1839 2257 D bt_btif : btif_dispatch_sm_event: event: 50, len: 4
08-16 16:53:37.153 1839 2257 D bt_btif : btif_dispatch_sm_event: event 50 sent
08-16 16:53:37.154 805 2905 W btaudio_offload_qti: wait_for_stack_response: conditional wait: ack_recvd = 0
08-16 16:53:37.154 1839 2045 W bt_btif : BTHF: btif_hf_check_if_sco_connected(): No SCO connection up
08-16 16:53:37.157 1839 2045 I bt_btif_vendor: btif_ba_is_active: 0
08-16 16:53:37.158 1839 2045 D bt_btif : btif_dispatch_sm_event: event: 32, len: 0
08-16 16:53:37.158 1839 2045 D bt_btif : btif_dispatch_sm_event: event 32 sent
08-16 16:53:37.158 1839 2045 I bt_stack: [INFO:a2dp_encoding.cc(2657)] ack_stream_started: result=PENDING
08-16 16:53:37.159 805 805 I BTAudioProviderStub: streamStarted - SessionType=A2DP_HARDWARE_OFFLOAD_DATAPATH, status=SINK_NOT_READY
08-16 16:53:37.159 805 805 I BTAudioProviderSession: ReportControlStatus - status=SINK_NOT_READY for SessionType=A2DP_HARDWARE_OFFLOAD_DATAPATH, bluetooth_audio=0x0200 started
08-16 16:53:37.159 805 805 I btaudio_offload_qti: stack_resp_cb: status = 3
08-16 16:53:37.159 805 2905 I btaudio_offload_qti: wait_for_stack_response:ret = 0(Success)
08-16 16:53:37.159 805 2905 W btaudio_offload_qti: wait_for_stack_response: conditional wait done : ack_recvd = 1
08-16 16:53:37.159 805 2905 I btaudio_offload_qti: handle_hidl_request: ack status = A2DP_CTRL_ACK_PENDING
08-16 16:53:37.159 805 2905 W btaudio_offload_qti: wait_for_stack_response: conditional wait: ack_recvd = 0
08-16 16:53:37.161 1839 2045 D bt_btif : btif_av_state_opened_handler: event: UNKNOWN_EVENT, flags: 0, peer_sep: 1, index: 0 reconfig_event: 0, codec_cfg_change: 0, reconfig_pending: 0, reconfig_a2dp: 0, is_retry_reconfig: 0
08-16 16:53:37.161 1839 2045 W bt_btif : btif_av_state_opened_handler : unhandled event:UNKNOWN_EVENT
08-16 16:53:37.163 1839 2045 I btif_av : isBATEnabled: 0
08-16 16:53:37.163 1839 2045 D bt_btif : btif_av_state_opened_handler: event: BTIF_AV_START_STREAM_REQ_EVT, flags: 0, peer_sep: 1, index: 0 reconfig_event: 0, codec_cfg_change: 0, reconfig_pending: 0, reconfig_a2dp: 0, is_retry_reconfig: 0
08-16 16:53:37.164 1839 2556 D bt_btif : bta_av_ssm_execute(): AV Sevent(0x41)=0x120b(AP_START) state=3(OPEN)
08-16 16:53:37.164 1839 2556 W bt_btm : BTM: Local device role : 0x00
08-16 16:53:37.164 1839 2556 W bt_btm : BTM: RemBdAddr: 00:58:76:20:46:3d
08-16 16:53:37.164 1839 2556 W bt_btif : bta_dm_rm_cback:2, status:7
08-16 16:53:37.165 818 818 I vendor.qti.bluetooth@1.0-ibs_handler: DeviceWakeUp: Writing IBS_WAKE_IND
08-16 16:53:37.166 818 2542 I vendor.qti.bluetooth@1.0-ibs_handler: ProcessIbsCmd: Received IBS_WAKE_ACK: 0xFC
08-16 16:53:37.166 818 2542 I vendor.qti.bluetooth@1.0-ibs_handler: ProcessIbsCmd: Signal wack_cond_
08-16 16:53:37.166 818 818 D vendor.qti.bluetooth@1.0-ibs_handler: DeviceWakeUp: Unblocked from waiting for FC, pthread_cond_timedwait ret = 0
08-16 16:53:37.168 818 2542 I vendor.qti.bluetooth@1.0-ibs_handler: ProcessIbsCmd: Received IBS_SLEEP_IND: 0xFE
08-16 16:53:37.168 818 2542 I vendor.qti.bluetooth@1.0-ibs_handler: ProcessIbsCmd: Received IBS_WAKE_IND: 0xFD
08-16 16:53:37.168 818 2542 I vendor.qti.bluetooth@1.0-ibs_handler: ProcessIbsCmd: Writing IBS_WAKE_ACK
08-16 16:53:37.180 2395 2395 W BatteryBroadcastRcvr: Problem reading the battery meter.
08-16 16:53:37.192 1160 1826 D CompatibilityInfo: mCompatibilityFlags - 4
08-16 16:53:37.192 1160 1826 D CompatibilityInfo: applicationDensity - 240
08-16 16:53:37.192 1160 1826 D CompatibilityInfo: applicationScale - 1.0
08-16 16:53:37.198 2350 2350 D QtiImsExtConnector: Attempt to bind QtiImsExt service returned with: true
08-16 16:53:37.202 2215 2215 I QImsService: QtiImsExtService : QtiImsExtService created!
08-16 16:53:37.202 2215 2215 E QImsService: QtiImsExtService : QtiImsExtService, ImsService is not yet started retry.
08-16 16:53:37.203 2215 2215 E QImsService: QtiImsExtService : QtiImsExtService, ImsService is not yet started retry.
08-16 16:53:37.203 2215 2215 W QImsService: QtiImsExtService : onBind returned null
08-16 16:53:37.205 1839 2556 E bt_avp : avdt_ad_tc_data_ind: type: x0, tcid: 0, ccb_idx: 0
08-16 16:53:37.205 2350 2350 D QtiImsExtConnector: onNullBinding componentName ComponentInfo{org.codeaurora.ims/org.codeaurora.ims.QtiImsExtService}
08-16 16:53:37.205 1839 2556 D bt_btif : bta_av_ssm_execute(): AV Sevent(0x41)=0x121c(STR_START_OK) state=3(OPEN)
08-16 16:53:37.205 1839 2556 D a2dp_codec: A2DP_GetCodecType:
08-16 16:53:37.205 1839 2556 E bt_btif : bta_av_co_get_active_peer: active peer index: 0
08-16 16:53:37.205 1839 2556 W bt_btif : bta_av_start_ok: Resetting/Removing packet type limit for non-aptX codec stream
08-16 16:53:37.206 1839 2556 W bt_btm : BTM: Local device role : 0x00
08-16 16:53:37.206 1839 2556 W bt_btm : BTM: RemBdAddr: 00:58:76:20:46:3d
08-16 16:53:37.206 1839 2556 I bt_bta_av: bta_av_link_role_ok hndl:x41 role:0 conn_audio:x1 bits:1 features:x8e5b
08-16 16:53:37.206 1839 2556 W bt_btif : bta_dm_rm_cback:2, status:0
08-16 16:53:37.206 1839 2556 W bt_l2cap: L2CA_SetDesireRole() new:x0, disallow_switch:0
08-16 16:53:37.206 1839 2556 V bt_stack: [VERBOSE1:btm_acl.cc(654)] BTM_SwitchRole BDA: 00:58:76:20:46:3d
08-16 16:53:37.206 1839 2556 V bt_stack: [VERBOSE1:btm_acl.cc(654)] BTM_SwitchRole BDA: 00:1f:20:d5:ab:67
08-16 16:53:37.206 1839 2556 V bt_stack: [VERBOSE1:btm_acl.cc(654)] BTM_SwitchRole BDA: 00:1f:20:eb:59:9e
08-16 16:53:37.206 1839 2556 W bt_btif : bta_dm_pm_ssr conn_srvc id:18, app_id:1
08-16 16:53:37.206 1839 2556 W bt_btif : bta_dm_pm_ssr conn_srvc id:18, app_id:0
08-16 16:53:37.206 1839 2556 W bt_btif : bta_dm_pm_ssr conn_srvc id:5, app_id:0
08-16 16:53:37.206 1839 2556 W bt_btif : bta_dm_pm_ssr ssr:2, lat:1200
08-16 16:53:37.207 1839 2556 W bt_btif : bta_dm_rm_cback:2, status:7
08-16 16:53:37.207 1839 2556 W bt_btm : BTM: Local device role : 0x00
08-16 16:53:37.207 1839 2556 W bt_btm : BTM: RemBdAddr: 00:58:76:20:46:3d
08-16 16:53:37.207 1839 2045 D bt_btif : btif_av_state_opened_handler: event: BTA_AV_START_EVT, flags: 4, peer_sep: 1, index: 0 reconfig_event: 0, codec_cfg_change: 0, reconfig_pending: 0, reconfig_a2dp: 0, is_retry_reconfig: 0
08-16 16:53:37.207 1839 2045 D bt_btif : btif_av_state_opened_handler: event: BTIF_SM_EXIT_EVT, flags: 4, peer_sep: 1, index: 0 reconfig_event: 0, codec_cfg_change: 0, reconfig_pending: 0, reconfig_a2dp: 0, is_retry_reconfig: 0
08-16 16:53:37.207 1839 2045 D bt_btif : btif_av_state_started_handler: event: BTIF_SM_ENTER_EVT flags: 0 index = 0, reconfig_event: 0, codec_cfg_change: 0
08-16 16:53:37.207 1839 2045 D bt_btif : btif_av_state_started_handler update media task on DUT initiated start for index =0
08-16 16:53:37.208 1839 2045 W bt_btif : ## ON A2DP STARTED ##
08-16 16:53:37.208 1839 2045 I btif_av : isBATEnabled: 0
08-16 16:53:37.208 1839 2045 E bt_btif : bta_av_co_get_active_peer: active peer index: 0
08-16 16:53:37.208 1839 2045 E bt_btif : bta_av_co_get_active_peer: active peer index: 0
08-16 16:53:37.209 1839 2045 W bt_btif : BTHF: btif_hf_check_if_sco_connected(): No SCO connection up
08-16 16:53:37.209 1839 2045 D bt_btif : btif_dispatch_sm_event: event: 38, len: 1
08-16 16:53:37.209 1839 2045 D bt_btif : btif_dispatch_sm_event: event 38 sent
08-16 16:53:37.209 1839 2045 I BluetoothA2dpServiceJni: bta2dp_audio_state_callback
08-16 16:53:37.210 1839 2045 D A2dpNativeInterface: onAudioStateChanged: A2dpStackEvent {type:EVENT_TYPE_AUDIO_STATE_CHANGED, device:00:58:76:20:46:3D, value1:STARTED}
08-16 16:53:37.211 1839 2045 D A2dpService: messageFromNative: Going to acquire mVariableLock.
08-16 16:53:37.211 1839 2045 D A2dpService: messageFromNative: Acquired mVariableLock
08-16 16:53:37.211 1839 2045 D A2dpService: messageFromNative: Released mVariableLock
08-16 16:53:37.211 1839 2045 D A2dpService: messageFromNative: Sending STACK_EVENT: A2dpStackEvent {type:EVENT_TYPE_AUDIO_STATE_CHANGED, device:00:58:76:20:46:3D, value1:STARTED} to sm.
08-16 16:53:37.211 1839 2045 I btif_av : isBATEnabled: 0
08-16 16:53:37.211 1839 2045 E bt_btif : bta_av_co_get_active_peer: active peer index: 0
08-16 16:53:37.211 1839 2045 E bt_btif : bta_av_co_get_active_peer: active peer index: 0
08-16 16:53:37.211 1839 2045 D bt_btif : btif_av_state_started_handler Remote Start, Not updating current playing for index = 0
08-16 16:53:37.211 1839 2725 D A2dpStateMachine: handleMessage: E msg.what=101
08-16 16:53:37.212 1839 2725 D A2dpStateMachine: processMsg: Connected
08-16 16:53:37.213 1839 2725 D A2dpStateMachine: Connected process message(00:58:76:20:46:3D): STACK_EVENT
08-16 16:53:37.213 1839 2725 D A2dpStateMachine: Connected: stack event: A2dpStackEvent {type:EVENT_TYPE_AUDIO_STATE_CHANGED, device:00:58:76:20:46:3D, value1:STARTED}
08-16 16:53:37.213 1839 2725 I A2dpStateMachine: Connected: processAudioStateEvent: state: 2mIsPlaying: false
08-16 16:53:37.214 1839 2725 I A2dpStateMachine: Connected: started playing: 00:58:76:20:46:3D
08-16 16:53:37.214 1839 2725 D A2dpStateMachine: A2DP Playing state : device: 00:58:76:20:46:3D State:NOT_PLAYING->PLAYING
08-16 16:53:37.214 1839 2709 V Avrcp_ext: AvrcpMessageHandler: received message=18
08-16 16:53:37.214 1839 2709 V Avrcp_ext: MSG_SET_A2DP_AUDIO_STATE:10
08-16 16:53:37.214 1839 2709 V Avrcp_ext: event for device address 00:58:76:20:46:3D
08-16 16:53:37.214 1839 2709 I Avrcp_ext: device found at index 0
08-16 16:53:37.214 1839 2709 D BATService: getBATService(): service is NULL
08-16 16:53:37.217 1839 2709 V Avrcp_ext: updateCurrentMediaState: mMediaController: null
08-16 16:53:37.217 1839 2709 W Avrcp_ext: isMusicActive: false getBluetoothPlayState: 2 A2dp State: 10 mAudioPlaybackIsActive: false
08-16 16:53:37.217 1839 2709 W Avrcp_ext: updateCurrentMediaState: isPlaying = false
08-16 16:53:37.217 1839 2709 I Avrcp_ext: device found at index 0
08-16 16:53:37.217 1839 2709 V Avrcp_ext: Media update: id -1âž¡-1? [MediaAttributes: none] : [MediaAttributes: none]
08-16 16:53:37.217 1839 2709 D Avrcp_ext: isPackageNameValid: browsedPackage = isValid = false
08-16 16:53:37.217 1839 2709 V Avrcp_ext: Exit handleMessage
08-16 16:53:37.220 1839 2045 I btif_av : isBATEnabled: 0
08-16 16:53:37.221 1839 2045 E bt_btif : bta_av_co_get_active_peer: active peer index: 0
08-16 16:53:37.221 1839 2045 E bt_btif : bta_av_co_get_active_peer: active peer index: 0
08-16 16:53:37.222 1839 2045 D bt_btif : btif_av_state_started_handler: event: BTIF_AV_OFFLOAD_START_REQ_EVT flags: 0 index = 0, reconfig_event: 0, codec_cfg_change: 0
08-16 16:53:37.222 1839 2045 E bt_btif : bta_av_co_get_active_peer: active peer index: 0
08-16 16:53:37.222 1839 2045 D a2dp_codec: getCodecConfigAndCapabilities: current_codec_config_ not null, getCodecConfig()
08-16 16:53:37.222 1839 2045 W bt_btif : BT controller doesn't support scrambling
08-16 16:53:37.222 1839 2045 W bt_btif : btif_av_state_started_handler:is_scrambling_enabled 0
08-16 16:53:37.222 1839 2045 W bt_btif : btif_av_state_started_handler:is_44p1kFreq_supported 1
08-16 16:53:37.223 1839 2556 D bt_btif : bta_av_ssm_execute(): AV Sevent(0x41)=0x122b(unknown) state=3(OPEN)
08-16 16:53:37.223 1839 2556 D a2dp_codec: A2DP_GetCodecType:
08-16 16:53:37.223 1839 2556 W bt_btif : bta_av_offload_req Restricting AVDTP MTU size to 663
08-16 16:53:37.223 1839 2556 D a2dp_codec: A2DP_GetCodecType:
08-16 16:53:37.223 1839 2556 D a2dp_codec: A2DP_GetCodecType:
08-16 16:53:37.223 1839 2556 D bt_btif : bta_av_vendor_offload_start: vsc flags:-vs_configs_exchanged:0 tx_started:0 tx_start_initiated:0tx_enc_update_initiated:0 tx_stop_initiated: 0
08-16 16:53:37.227 1839 2725 I A2dpStateMachine: state:AUDIO_STATE_STARTED
08-16 16:53:37.228 1839 2725 D A2dpStateMachine: handleMessage: X
08-16 16:53:37.230 2395 2395 W BatteryBroadcastRcvr: Problem reading the battery meter.
08-16 16:53:37.231 1839 2045 D bt_btif : btif_av_state_started_handler: event: BTA_AV_OFFLOAD_START_RSP_EVT flags: 0 index = 0, reconfig_event: 0, codec_cfg_change: 0
08-16 16:53:37.234 1839 1839 D HeadsetService: Received BluetoothA2dp Play State changed
08-16 16:53:37.234 1839 1839 D HeadsetA2dpSync: updateA2DPPlayingState device: 00:58:76:20:46:3D transition 11->10
08-16 16:53:37.234 1839 1839 D HeadsetService: isInCall false
08-16 16:53:37.234 1839 1839 D HeadsetService: isRinging false
08-16 16:53:37.234 1839 1839 D HeadsetA2dpSync: device: 00:58:76:20:46:3D state = 4
08-16 16:53:37.235 1839 2045 I btif_av : isBATEnabled: 0
08-16 16:53:37.237 1839 2045 E bt_btif : bta_av_co_get_active_peer: active peer index: 0
08-16 16:53:37.237 1839 2045 E bt_btif : bta_av_co_get_active_peer: active peer index: 0
08-16 16:53:37.238 1839 2045 I bt_stack: [INFO:a2dp_encoding.cc(2657)] ack_stream_started: result=SUCCESS_FINISHED
08-16 16:53:37.238 805 805 I BTAudioProviderStub: streamStarted - SessionType=A2DP_HARDWARE_OFFLOAD_DATAPATH, status=SUCCESS
08-16 16:53:37.238 805 805 I BTAudioProviderSession: ReportControlStatus - status=SUCCESS for SessionType=A2DP_HARDWARE_OFFLOAD_DATAPATH, bluetooth_audio=0x0200 started
08-16 16:53:37.238 805 805 I btaudio_offload_qti: stack_resp_cb: status = 0
08-16 16:53:37.238 805 2905 I btaudio_offload_qti: wait_for_stack_response:ret = 0(Success)
08-16 16:53:37.239 805 2905 W btaudio_offload_qti: wait_for_stack_response: conditional wait done : ack_recvd = 1
08-16 16:53:37.239 805 2905 I btaudio_offload_qti: audio_stream_start_qti: a2dp stream started successfully
08-16 16:53:37.239 805 2905 E a2dp_offload: BT controller start return = 0
08-16 16:53:37.239 805 2905 D a2dp_offload: configure_a2dp_encoder_format start
08-16 16:53:37.239 805 2905 I btaudio_offload_qti: audio_get_codec_config_qti: state = AUDIO_A2DP_STATE_STARTED
08-16 16:53:37.239 805 2905 I btaudio_offload_qti: a2dp_codec_parser: codec_type = 1
08-16 16:53:37.239 805 2905 D btaudio_offload_qti: a2dp_codec_parser: SBC: copied codec config: min_bitpool:2 max_bitpool:53
08-16 16:53:37.239 805 2905 I btaudio_offload_qti: a2dp_codec_parser: SBC: bitrate:330000 i/p bitrate:330000
08-16 16:53:37.239 805 2905 I btaudio_offload_qti: a2dp_codec_parser: SBC: done copying full codec config
08-16 16:53:37.239 1839 2045 W bt_stack: [WARNING:a2dp_encoding.cc(189)] ResetPendingCmd 3
08-16 16:53:37.239 805 2905 D a2dp_offload: Received SBC encoder supported BT device
08-16 16:53:37.240 805 2905 D a2dp_offload: a2dp_set_bit_format: set AFE input bit format = 16
08-16 16:53:37.241 805 2905 D a2dp_offload: Start playback successful to BT library
08-16 16:53:37.241 805 2905 W btaudio_offload_qti: audio_is_scrambling_enabled_qti: isSession_ready = 1 isScrambling = 0
08-16 16:53:37.241 805 2905 I btaudio_offload_qti: a2dp_codec_parser: codec_type = 1
08-16 16:53:37.241 805 2905 D btaudio_offload_qti: a2dp_codec_parser: SBC: copied codec config: min_bitpool:2 max_bitpool:53
08-16 16:53:37.241 805 2905 I btaudio_offload_qti: a2dp_codec_parser: SBC: bitrate:330000 i/p bitrate:330000
08-16 16:53:37.242 805 2905 I btaudio_offload_qti: a2dp_codec_parser: SBC: done copying full codec config
08-16 16:53:37.242 805 2905 W btaudio_offload_qti: audio_is_scrambling_enabled_qti: codec_type = 520093696
08-16 16:53:37.242 805 2905 W btaudio_offload_qti: audio_is_scrambling_enabled_qti: return
08-16 16:53:37.242 805 2905 D a2dp_offload: Update tws for mono_mode on=0
08-16 16:53:37.243 805 2905 D a2dp_offload: a2dp_set_backend_cfg: set source backend sample rate =KHZ_44P1
08-16 16:53:37.244 805 2905 D a2dp_offload: a2dp_set_backend_cfg: set afe enc channels =Two
08-16 16:53:37.244 805 2905 D a2dp_offload: start A2DP playback total active sessions :1
08-16 16:53:37.244 805 2905 I soundtrigger: audio_extn_sound_trigger_update_device_status: device 0x2d of type 0 for Event 1, with Raise=0
08-16 16:53:37.245 805 2905 D audio_route: Apply path: bt-a2dp
08-16 16:53:37.245 2149 2149 I aptxalsBTEventHandler: action: android.bluetooth.a2dp.profile.action.PLAYING_STATE_CHANGED
01-01 05:47:57.677 0 0 I btfm_slim_hw_init: PGD Enum Addr: 00:01:20:02:17: 02
08-16 16:53:37.245 2149 2149 I aptxalsBTEventHandler: received action: android.bluetooth.a2dp.profile.action.PLAYING_STATE_CHANGED for device: 00:58:76:20:46:3D state: STATE_PLAYING
08-16 16:53:37.245 805 2905 E soundtrigger: audio_extn_sound_trigger_update_stream_status: invalid input device 0x0, for event 3
08-16 16:53:37.245 805 2905 D soundtrigger: audio_extn_sound_trigger_update_stream_status: uc_info->id 1 of type 0 for Event 3, with Raise=0
08-16 16:53:37.245 805 2905 D audio_hw_utils: audio_extn_utils_send_app_type_cfg: usecase->out_snd_device bt-a2dp
08-16 16:53:37.246 805 2905 D msm8974_platform: platform_split_snd_device: snd_device(45) num devices(0) new_snd_devices(0)
08-16 16:53:37.246 805 2905 I audio_hw_utils: audio_extn_utils_get_app_sample_rate_for_device using 44100 sample rate rate for A2DP CoPP
08-16 16:53:37.246 805 2905 D audio_hw_utils: audio_extn_btsco_get_sample_rate:Not a BT SCO device, need not update sampling rate
08-16 16:53:37.246 805 2905 I audio_hw_utils: send_app_type_cfg_for_device PLAYBACK app_type 69937, acdb_dev_id 20, sample_rate 44100, snd_device_be_idx 32
08-16 16:53:37.247 805 2905 D msm8974_platform: platform_split_snd_device: snd_device(45) num devices(1) new_snd_devices(0)
08-16 16:53:37.247 805 2905 I audio_hw_utils: audio_extn_utils_get_app_sample_rate_for_device using 44100 sample rate rate for A2DP CoPP
08-16 16:53:37.247 805 2905 D audio_hw_utils: audio_extn_btsco_get_sample_rate:Not a BT SCO device, need not update sampling rate
08-16 16:53:37.247 805 2905 D ACDB-LOADER: ACDB -> send_audio_cal, acdb_id = 20, path = 0, app id = 0x11131, sample rate = 44100, afe_sample_rate = 48000
08-16 16:53:37.247 805 2905 D ACDB-LOADER: ACDB -> send_asm_topology
08-16 16:53:37.247 805 2905 D ACDB-LOADER: ACDB -> ACDB_CMD_GET_AUDPROC_STREAM_TOPOLOGY_ID
08-16 16:53:37.247 805 2905 D ACDB-LOADER: ACDB -> send_adm_topology
08-16 16:53:37.247 805 2905 D ACDB-LOADER: ACDB -> ACDB_CMD_GET_AUDPROC_COMMON_TOPOLOGY_ID
08-16 16:53:37.247 805 2905 D ACDB-LOADER: ACDB -> send_audtable
08-16 16:53:37.247 805 2905 D ACDB-LOADER: ACDB -> ACDB_CMD_GET_AUDPROC_INSTANCE_COMMON_TABLE_SIZE
08-16 16:53:37.247 805 2905 D ACDB-LOADER: ACDB -> ACDB_CMD_GET_AUDPROC_INSTANCE_COMMON_TABLE
08-16 16:53:37.248 805 2905 D ACDB-LOADER: ACDB -> AUDIO_SET_AUDPROC_CAL cal_type[11] acdb_id[20] app_type[69937]
01-01 05:47:57.677 0 0 I btfm_slim_hw_init: IFD Enum Addr: 00:00:20:02:17: 02
01-01 05:47:57.677 0 0 I btfm_slim_hw_init: chipset soc version:400a0200
08-16 16:53:37.248 805 2905 D ACDB-LOADER: ACDB -> send_audvoltable
01-01 05:47:57.677 0 0 I btfm_slim_hw_init: chipset is hastings 2.0, overwriting EA
01-01 05:47:57.677 0 0 I btfm_slim_hw_init: PGD Enum Addr: 00:01:20:02:17: 02
08-16 16:53:37.248 805 2905 D ACDB-LOADER: ACDB -> ACDB_CMD_GET_AUDPROC_INSTANCE_GAIN_DEP_STEP_TABLE_SIZE
01-01 05:47:57.677 0 0 I btfm_slim_hw_init: IFD Enum Addr: 00:00:20:02:17: 02
01-01 05:47:57.677 0 0 I btfm_slim_alloc_port: chipset soc version:400a0200
08-16 16:53:37.248 805 2905 D ACDB-LOADER: ACDB -> ACDB_CMD_GET_AUDPROC_INSTANCE_GAIN_DEP_STEP_TABLE, vol index 0
08-16 16:53:37.248 805 2905 D ACDB-LOADER: ACDB -> AUDIO_SET_VOL_CAL cal type = 12
08-16 16:53:37.248 805 2905 D ACDB-LOADER: ACDB -> ACDB_CMD_GET_AUDPROC_INSTANCE_STREAM_TABLE_SIZE
08-16 16:53:37.248 805 2905 D ACDB-LOADER: ACDB -> send_audstrmtable
08-16 16:53:37.248 805 2905 D ACDB-LOADER: ACDB -> ACDB_CMD_GET_AUDPROC_INSTANCE_STREAM_TABLE
08-16 16:53:37.248 805 2905 D ACDB-LOADER: ACDB -> audstrm_cal->cal_type.cal_data.cal_size = 20
08-16 16:53:37.248 805 2905 D ACDB-LOADER: ACDB -> send_afe_topology
08-16 16:53:37.248 805 2905 D ACDB-LOADER: ACDB -> ACDB_CMD_GET_AFE_TOPOLOGY_ID
08-16 16:53:37.248 805 2905 D ACDB-LOADER: ACDB -> GET_AFE_TOPOLOGY_ID for adcd_id 20, Topology Id 112fc
08-16 16:53:37.248 805 2905 D ACDB-LOADER: ACDB -> send_afe_cal
08-16 16:53:37.248 805 2905 D ACDB-LOADER: ACDB -> ACDB_CMD_GET_AFE_INSTANCE_COMMON_TABLE_SIZE
08-16 16:53:37.249 805 2905 D android.hardware.audio.service: Failed to fetch the lookup information of the device 00000014
08-16 16:53:37.249 805 2905 D ACDB-LOADER: Error: ACDB_CMD_GET_AFE_INSTANCE_COMMON_TABLE_SIZE Returned = -19
08-16 16:53:37.249 805 2905 D ACDB-LOADER: ACDB -> ACDB_CMD_GET_AFE_INSTANCE_COMMON_TABLE
08-16 16:53:37.249 805 2905 D android.hardware.audio.service: Failed to fetch the lookup information of the device 00000014
08-16 16:53:37.249 805 2905 D ACDB-LOADER: Error: ACDB AFE returned = -19
08-16 16:53:37.249 805 2905 D ACDB-LOADER: ACDB -> AUDIO_SET_AFE_CAL cal_type[16] acdb_id[20]
08-16 16:53:37.249 805 2905 D ACDB-LOADER: ACDB -> send_hw_delay : acdb_id = 20 path = 0
08-16 16:53:37.249 805 2905 D ACDB-LOADER: ACDB -> ACDB_AVSYNC_INFO: ACDB_CMD_GET_DEVICE_PROPERTY
08-16 16:53:37.249 805 2905 D msm8974_platform: platform_split_snd_device: snd_device(45) num devices(0) new_snd_devices(0)
08-16 16:53:37.249 805 2905 I msm8974_platform: platform_get_custom_mtmx_params: no matching param with id 0 ip_ch 2 op_ch 2 uc_id 1 snd_dev 45
08-16 16:53:37.249 805 2905 D audio_hw_primary: enable_audio_route: apply mixer and update path: low-latency-playback bt-a2dp
08-16 16:53:37.249 805 2905 D audio_route: Apply path: low-latency-playback bt-a2dp
08-16 16:53:37.251 805 2905 D audio_hw_primary: select_devices: done
08-16 16:53:37.253 1839 1839 D BtOppService: action : android.bluetooth.a2dp.profile.action.PLAYING_STATE_CHANGED
08-16 16:53:37.253 1839 1839 D BtOppUtils: device: 00:58:76:20:46:3D newState: 10
08-16 16:53:37.254 1839 1839 D BtOppUtils: isA2DPPlaying :true
08-16 16:53:37.257 2395 4320 D BatteryTipLoader: BatteryInfoLoader post query: 3ms
08-16 16:53:37.257 2395 4620 D BatteryInfo: time for getStats: 0ms
08-16 16:53:37.257 2395 4320 D BatteryInfo: time for getBatteryInfo: 0ms
08-16 16:53:37.257 2395 4320 D BatteryTipLoader: BatteryInfoLoader.loadInBackground: 3ms
08-16 16:53:37.258 2395 4620 D BatteryInfo: time for regular BatteryInfo: 1ms
08-16 16:53:37.258 2395 4620 D BatteryInfo: time for getBatteryInfo: 0ms
08-16 16:53:37.264 2395 2395 D BatteryInfo: time for callback: 0ms
01-01 05:47:57.690 0 0 I btfm_slim_enable_ch: chipset soc version:400a0200
01-01 05:47:57.690 0 0 I btfm_slim_enable_ch: channel define - prot:2, dataf:0, auxf:0
01-01 05:47:57.690 0 0 I btfm_slim_enable_ch: channel define - rates:44100, baser:2, ratem:4
01-01 05:47:57.690 0 0 I btfm_slim_enable_ch: slim_connect_sink(port: 16, ch: 157)
01-01 05:47:57.691 0 0 I btfm_slim_enable_ch: port: 16, ch: 157, grp: 0, ch->grph: 0x0, ch_hdl: 0x1d
01-01 05:47:57.692 0 0 I __afe_port_start: port id: 0x400e
01-01 05:47:57.692 0 0 I afe_find_cal_topo_id_by_port: port id: 0x400e, dev_acdb_id: 20
01-01 05:47:57.692 0 0 I afe_find_cal_topo_id_by_port: top_id:112fc acdb_id:20 afe_port_id:0x400e
01-01 05:47:57.692 0 0 I afe_get_cal_topology_id: port_id = 0x400e acdb_id = 20 topology_id = 0x112fc cal_type_index=8 ret=0
08-16 16:53:37.274 2395 4676 D BatteryInfo: time for getStats: 0ms
01-01 05:47:57.692 0 0 I afe_send_port_topology_id: AFE set topology id 0x112fc enable for port 0x400e ret 0
01-01 05:47:57.692 0 0 I send_afe_cal_type: cal_index is 0
01-01 05:47:57.692 0 0 I send_afe_cal_type: dev_acdb_id[119] is 20
01-01 05:47:57.692 0 0 I afe_find_cal: cal_index 0 port_id 0x400e port_index 119
01-01 05:47:57.692 0 0 I afe_find_cal: acdb_id 20 dev_acdb_id 20 sample_rate 48000 afe_sample_rates 44100
01-01 05:47:57.692 0 0 I afe_find_cal: no matching cal_block found
01-01 05:47:57.692 0 0 E : send_afe_cal_type cal_block not found!!
01-01 05:47:57.698 0 0 I afe_send_hw_delay: port_id 0x400e rate 44100 delay_usec 0 status 0
08-16 16:53:37.277 2395 4676 D BatteryInfo: time for regular BatteryInfo: 1ms
08-16 16:53:37.278 2395 4676 D BatteryInfo: time for getBatteryInfo: 1ms
08-16 16:53:37.278 2395 2395 D BatteryInfo: time for callback: 0ms
08-16 16:53:37.293 2395 4323 D BatteryTipLoader: BatteryInfoLoader post query: 1ms
08-16 16:53:37.293 2395 4323 D BatteryInfo: time for getBatteryInfo: 0ms
08-16 16:53:37.293 2395 4323 D BatteryTipLoader: BatteryInfoLoader.loadInBackground: 1ms
08-16 16:53:37.308 805 2905 D msm8974_platform: platform_set_channel_map mixer_ctl_name:Playback Channel Map9
08-16 16:53:37.309 805 2905 D msm8974_platform: platform_set_channel_map: set mapping(1 2 0 0 0 0 0 0) for channel:2
08-16 16:53:37.310 805 2905 E audio_hw_extn: audio_extn_perf_lock_release: Perf lock release error
08-16 16:53:37.310 805 2905 D audio_hw_primary: start_output_stream: exit
08-16 16:53:37.311 818 2542 I vendor.qti.bluetooth@1.0-ibs_handler: ProcessIbsCmd: Received IBS_SLEEP_IND: 0xFE
08-16 16:53:37.331 805 2905 I btaudio_offload_qti: audio_get_a2dp_sink_latency_qti: Sink Latency = 0
08-16 16:53:37.335 805 2905 I btaudio_offload_qti: audio_get_a2dp_sink_latency_qti: Sink Latency = 0
08-16 16:53:37.339 805 2905 I btaudio_offload_qti: audio_get_a2dp_sink_latency_qti: Sink Latency = 0
08-16 16:53:37.343 805 2905 I btaudio_offload_qti: audio_get_a2dp_sink_latency_qti: Sink Latency = 0
08-16 16:53:37.346 2149 2149 I aptxalsCodecConfig: no profile has been set, mCs4Settings: 0
08-16 16:53:37.347 805 2905 I btaudio_offload_qti: audio_get_a2dp_sink_latency_qti: Sink Latency = 0
08-16 16:53:37.351 805 2905 I btaudio_offload_qti: audio_get_a2dp_sink_latency_qti: Sink Latency = 0
08-16 16:53:37.355 805 2905 I btaudio_offload_qti: audio_get_a2dp_sink_latency_qti: Sink Latency = 0
08-16 16:53:37.359 805 2905 I btaudio_offload_qti: audio_get_a2dp_sink_latency_qti: Sink Latency = 0
08-16 16:53:37.363 805 2905 I btaudio_offload_qti: audio_get_a2dp_sink_latency_qti: Sink Latency = 0
08-16 16:53:37.367 805 2905 I btaudio_offload_qti: audio_get_a2dp_sink_latency_qti: Sink Latency = 0
08-16 16:53:37.371 805 2905 I btaudio_offload_qti: audio_get_a2dp_sink_latency_qti: Sink Latency = 0
08-16 16:53:37.375 805 2905 I btaudio_offload_qti: audio_get_a2dp_sink_latency_qti: Sink Latency = 0
08-16 16:53:37.379 805 2905 I btaudio_offload_qti: audio_get_a2dp_sink_latency_qti: Sink Latency = 0
08-16 16:53:37.383 805 2905 I btaudio_offload_qti: audio_get_a2dp_sink_latency_qti: Sink Latency = 0
08-16 16:53:37.387 805 2905 I btaudio_offload_qti: audio_get_a2dp_sink_latency_qti: Sink Latency = 0
08-16 16:53:37.391 805 2905 I btaudio_offload_qti: audio_get_a2dp_sink_latency_qti: Sink Latency = 0
08-16 16:53:37.395 805 2905 I btaudio_offload_qti: audio_get_a2dp_sink_latency_qti: Sink Latency = 0
08-16 16:53:37.399 805 2905 I btaudio_offload_qti: audio_get_a2dp_sink_latency_qti: Sink Latency = 0
08-16 16:53:37.403 805 2905 I btaudio_offload_qti: audio_get_a2dp_sink_latency_qti: Sink Latency = 0
08-16 16:53:37.407 805 2905 I btaudio_offload_qti: audio_get_a2dp_sink_latency_qti: Sink Latency = 0
08-16 16:53:37.411 805 2905 I btaudio_offload_qti: audio_get_a2dp_sink_latency_qti: Sink Latency = 0
08-16 16:53:37.415 805 2905 I btaudio_offload_qti: audio_get_a2dp_sink_latency_qti: Sink Latency = 0
08-16 16:53:37.419 805 2905 I btaudio_offload_qti: audio_get_a2dp_sink_latency_qti: Sink Latency = 0
08-16 16:53:37.422 805 805 I btaudio_offload_qti: audio_get_a2dp_sink_latency_qti: Sink Latency = 0
08-16 16:53:37.423 805 2905 I btaudio_offload_qti: audio_get_a2dp_sink_latency_qti: Sink Latency = 0
08-16 16:53:37.427 805 2905 I btaudio_offload_qti: audio_get_a2dp_sink_latency_qti: Sink Latency = 0
08-16 16:53:37.431 805 2905 I btaudio_offload_qti: audio_get_a2dp_sink_latency_qti: Sink Latency = 0
08-16 16:53:37.435 805 2905 I btaudio_offload_qti: audio_get_a2dp_sink_latency_qti: Sink Latency = 0
08-16 16:53:37.439 805 2905 I btaudio_offload_qti: audio_get_a2dp_sink_latency_qti: Sink Latency = 0
08-16 16:53:37.442 805 2905 I btaudio_offload_qti: audio_get_a2dp_sink_latency_qti: Sink Latency = 0
08-16 16:53:37.449 805 2905 I btaudio_offload_qti: audio_get_a2dp_sink_latency_qti: Sink Latency = 0
01-01 05:47:57.872 0 0 D : mv2112_read_status
01-01 05:47:57.872 0 0 D mv2112_update_link: 3.0x901(1G): 0x4
01-01 05:47:57.873 0 0 D mv2112_update_link: 3.0x8109(100M): 0x8
01-01 05:47:57.873 0 0 D mv2112_update_link: link 0x4
01-01 05:47:57.873 0 0 D mv2112_read_status: autoneg is disabled
08-16 16:53:37.450 805 2905 I btaudio_offload_qti: audio_get_a2dp_sink_latency_qti: Sink Latency = 0
08-16 16:53:37.454 805 2905 I btaudio_offload_qti: audio_get_a2dp_sink_latency_qti: Sink Latency = 0
08-16 16:53:37.458 805 2905 I btaudio_offload_qti: audio_get_a2dp_sink_latency_qti: Sink Latency = 0
08-16 16:53:37.462 805 805 I btaudio_offload_qti: audio_get_a2dp_sink_latency_qti: Sink Latency = 0
08-16 16:53:37.463 805 2905 I btaudio_offload_qti: audio_get_a2dp_sink_latency_qti: Sink Latency = 0
08-16 16:53:37.466 805 2905 I btaudio_offload_qti: audio_get_a2dp_sink_latency_qti: Sink Latency = 0
08-16 16:53:37.471 805 2905 I btaudio_offload_qti: audio_get_a2dp_sink_latency_qti: Sink Latency = 0
08-16 16:53:37.474 805 2905 I btaudio_offload_qti: audio_get_a2dp_sink_latency_qti: Sink Latency = 0
08-16 16:53:37.478 805 2905 I btaudio_offload_qti: audio_get_a2dp_sink_latency_qti: Sink Latency = 0
08-16 16:53:37.482 805 2905 I btaudio_offload_qti: audio_get_a2dp_sink_latency_qti: Sink Latency = 0
08-16 16:53:37.483 805 805 I btaudio_offload_qti: audio_get_a2dp_sink_latency_qti: Sink Latency = 0
08-16 16:53:37.487 805 2905 I btaudio_offload_qti: audio_get_a2dp_sink_latency_qti: Sink Latency = 0
08-16 16:53:37.490 805 2905 I btaudio_offload_qti: audio_get_a2dp_sink_latency_qti: Sink Latency = 0
08-16 16:53:37.494 805 2905 I btaudio_offload_qti: audio_get_a2dp_sink_latency_qti: Sink Latency = 0
08-16 16:53:37.498 805 2905 I btaudio_offload_qti: audio_get_a2dp_sink_latency_qti: Sink Latency = 0
08-16 16:53:37.504 805 2905 I btaudio_offload_qti: audio_get_a2dp_sink_latency_qti: Sink Latency = 0
08-16 16:53:37.505 805 805 I btaudio_offload_qti: audio_get_a2dp_sink_latency_qti: Sink Latency = 0
08-16 16:53:37.506 805 2905 I btaudio_offload_qti: audio_get_a2dp_sink_latency_qti: Sink Latency = 0
08-16 16:53:37.510 805 2905 I btaudio_offload_qti: audio_get_a2dp_sink_latency_qti: Sink Latency = 0
08-16 16:53:37.514 805 2905 I btaudio_offload_qti: audio_get_a2dp_sink_latency_qti: Sink Latency = 0
08-16 16:53:37.518 805 2905 I btaudio_offload_qti: audio_get_a2dp_sink_latency_qti: Sink Latency = 0
08-16 16:53:37.522 805 805 I btaudio_offload_qti: audio_get_a2dp_sink_latency_qti: Sink Latency = 0
08-16 16:53:37.522 805 2905 I btaudio_offload_qti: audio_get_a2dp_sink_latency_qti: Sink Latency = 0
08-16 16:53:37.526 805 2905 I btaudio_offload_qti: audio_get_a2dp_sink_latency_qti: Sink Latency = 0
08-16 16:53:37.530 805 2905 I btaudio_offload_qti: audio_get_a2dp_sink_latency_qti: Sink Latency = 0
08-16 16:53:37.535 805 2905 I btaudio_offload_qti: audio_get_a2dp_sink_latency_qti: Sink Latency = 0
08-16 16:53:37.538 805 2905 I btaudio_offload_qti: audio_get_a2dp_sink_latency_qti: Sink Latency = 0
08-16 16:53:37.542 805 805 I btaudio_offload_qti: audio_get_a2dp_sink_latency_qti: Sink Latency = 0
08-16 16:53:37.542 805 2905 I btaudio_offload_qti: audio_get_a2dp_sink_latency_qti: Sink Latency = 0
08-16 16:53:37.546 805 2905 I btaudio_offload_qti: audio_get_a2dp_sink_latency_qti: Sink Latency = 0
08-16 16:53:37.550 805 2905 I btaudio_offload_qti: audio_get_a2dp_sink_latency_qti: Sink Latency = 0
08-16 16:53:37.554 805 2905 I btaudio_offload_qti: audio_get_a2dp_sink_latency_qti: Sink Latency = 0
08-16 16:53:37.558 805 2905 I btaudio_offload_qti: audio_get_a2dp_sink_latency_qti: Sink Latency = 0
08-16 16:53:37.561 805 805 I btaudio_offload_qti: audio_get_a2dp_sink_latency_qti: Sink Latency = 0
08-16 16:53:37.562 805 2905 I btaudio_offload_qti: audio_get_a2dp_sink_latency_qti: Sink Latency = 0
08-16 16:53:37.566 805 2905 I btaudio_offload_qti: audio_get_a2dp_sink_latency_qti: Sink Latency = 0
08-16 16:53:37.570 805 2905 I btaudio_offload_qti: audio_get_a2dp_sink_latency_qti: Sink Latency = 0
08-16 16:53:37.574 805 2905 I btaudio_offload_qti: audio_get_a2dp_sink_latency_qti: Sink Latency = 0
08-16 16:53:37.578 805 2905 I btaudio_offload_qti: audio_get_a2dp_sink_latency_qti: Sink Latency = 0
08-16 16:53:37.582 805 805 I btaudio_offload_qti: audio_get_a2dp_sink_latency_qti: Sink Latency = 0
08-16 16:53:37.582 805 2905 I btaudio_offload_qti: audio_get_a2dp_sink_latency_qti: Sink Latency = 0
08-16 16:53:37.586 805 2905 I btaudio_offload_qti: audio_get_a2dp_sink_latency_qti: Sink Latency = 0
08-16 16:53:37.590 805 2905 I btaudio_offload_qti: audio_get_a2dp_sink_latency_qti: Sink Latency = 0
08-16 16:53:37.594 805 2905 I btaudio_offload_qti: audio_get_a2dp_sink_latency_qti: Sink Latency = 0
08-16 16:53:37.598 805 2905 I btaudio_offload_qti: audio_get_a2dp_sink_latency_qti: Sink Latency = 0
08-16 16:53:37.603 805 2905 I btaudio_offload_qti: audio_get_a2dp_sink_latency_qti: Sink Latency = 0
08-16 16:53:37.606 805 2905 I btaudio_offload_qti: audio_get_a2dp_sink_latency_qti: Sink Latency = 0
08-16 16:53:37.610 805 2905 I btaudio_offload_qti: audio_get_a2dp_sink_latency_qti: Sink Latency = 0
08-16 16:53:37.614 805 2905 I btaudio_offload_qti: audio_get_a2dp_sink_latency_qti: Sink Latency = 0
08-16 16:53:37.618 805 2905 I btaudio_offload_qti: audio_get_a2dp_sink_latency_qti: Sink Latency = 0
08-16 16:53:37.625 805 846 D audio_hw_primary: out_set_parameters: enter: usecase(1: low-latency-playback) kvpairs: suspend_playback=true
08-16 16:53:37.625 805 846 D audio_hw_extn: audio_extn_fm_set_parameters: Enter
08-16 16:53:37.643 2395 2481 D OpenGLRenderer: endAllActiveAnimators on 0xb400007179d2ce40 (RippleDrawable) with handle 0xb400007089cc3a80
08-16 16:53:37.653 2395 2395 D LocalBluetoothManager: setting foreground activity to null
08-16 16:53:37.664 1839 2045 D AdapterProperties: Discoverable Timeout:120
08-16 16:53:37.666 1839 2045 D AdapterProperties: Scan Mode:21
08-16 16:53:37.667 818 2542 I vendor.qti.bluetooth@1.0-ibs_handler: ProcessIbsCmd: Received IBS_WAKE_IND: 0xFD
08-16 16:53:37.667 818 2542 I vendor.qti.bluetooth@1.0-ibs_handler: ProcessIbsCmd: Writing IBS_WAKE_ACK
08-16 16:53:37.668 2149 2149 I aptxalsBTEventHandler: action: android.bluetooth.adapter.action.SCAN_MODE_CHANGED
08-16 16:53:37.669 1160 1841 W InputManager-JNI: Input channel object 'd6e9cfc com.android.settings/com.android.settings.SubSettings (client)' was disposed without first being removed with the input manager!
08-16 16:53:37.676 1839 2045 W bt_btif : event(31),dump a2dp configuration
08-16 16:53:37.676 1839 2045 D bt_btif : Latest playing device index 0
08-16 16:53:37.676 1839 2045 D bt_btif : Latest playing device index 0
08-16 16:53:37.676 1839 2045 E bt_btif : bta_av_co_get_active_peer: active peer index: 0
08-16 16:53:37.676 1839 2045 E a2dp_codec: A2DP aptX-adaptive State:
01-01 05:47:58.106 0 0 I init : starting service 'qvrd_vndr'...
01-01 05:47:58.111 0 0 I init : Created socket '/dev/socket/qvrservice_vndr', mode 660, user 1000, group 1000
08-16 16:53:37.676 1839 2045 E a2dp_codec: Priority: 8001
01-01 05:47:58.115 0 0 I init : Created socket '/dev/socket/qvrservice_vndr_camera', mode 660, user 1000, group 1000
08-16 16:53:37.676 1839 2045 E a2dp_codec: Encoder interval (ms): 0
08-16 16:53:37.676 1839 2045 E a2dp_codec: Config: Invalid
08-16 16:53:37.676 1839 2045 E a2dp_codec: Selectable: Invalid
08-16 16:53:37.676 1839 2045 E a2dp_codec: Local capability: Rate=48000|96000 Bits=24 Mode=MONO|STEREO
08-16 16:53:37.676 1839 2045 E a2dp_codec: A2DP aptX-TWS State:
08-16 16:53:37.677 1839 2045 E a2dp_codec: Priority: 7001
08-16 16:53:37.677 1839 2045 I a2dp_vendor_aptx_tws_encoder: a2dp_vendor_aptx_tws_get_encoder_interval_ms:aptx-TWS is in offload mode
08-16 16:53:37.677 1839 2045 E a2dp_codec: Encoder interval (ms): 0
08-16 16:53:37.677 1839 2045 E a2dp_codec: Config: Invalid
08-16 16:53:37.677 1839 2045 E a2dp_codec: Selectable: Invalid
08-16 16:53:37.677 1839 2045 E a2dp_codec: Local capability: Rate=48000 Bits=16 Mode=MONO
08-16 16:53:37.677 1839 2045 E a2dp_codec: A2DP aptX-HD State:
08-16 16:53:37.677 1839 2045 E a2dp_codec: Priority: 5001
08-16 16:53:37.677 1839 2045 I a2dp_vendor_aptx_hd_encoder: a2dp_vendor_aptx_hd_get_encoder_interval_ms:aptx-HD is in offload mode
08-16 16:53:37.677 1839 2045 E a2dp_codec: Encoder interval (ms): 0
08-16 16:53:37.677 1839 2045 E a2dp_codec: Config: Invalid
08-16 16:53:37.677 1839 2045 E a2dp_codec: Selectable: Invalid
08-16 16:53:37.677 1839 2045 E a2dp_codec: Local capability: Rate=44100 Bits=24 Mode=STEREO
08-16 16:53:37.677 1839 2045 E a2dp_codec: A2DP aptX State:
08-16 16:53:37.677 1839 2045 E a2dp_codec: Priority: 4001
08-16 16:53:37.677 1839 2045 I a2dp_vendor_aptx_encoder: a2dp_vendor_aptx_get_encoder_interval_ms:aptX is running in offload mode
08-16 16:53:37.677 1839 2045 E a2dp_codec: Encoder interval (ms): 0
08-16 16:53:37.677 1839 2045 E a2dp_codec: Config: Invalid
08-16 16:53:37.677 1839 2045 E a2dp_codec: Selectable: Invalid
08-16 16:53:37.677 1839 2045 E a2dp_codec: Local capability: Rate=44100 Bits=16 Mode=STEREO
08-16 16:53:37.677 1839 2045 I a2dp_vendor_ldac_encoder: LDAC is running in offload mode
08-16 16:53:37.677 1839 2045 E a2dp_codec: A2DP AAC State:
08-16 16:53:37.677 1839 2045 E a2dp_codec: Priority: 2001
08-16 16:53:37.677 1839 2045 I a2dp_aac_encoder: a2dp_aac_get_encoder_interval_ms:aac is running offload mode
08-16 16:53:37.677 1839 2045 E a2dp_codec: Encoder interval (ms): 0
08-16 16:53:37.677 1839 2045 E a2dp_codec: Config: Invalid
08-16 16:53:37.677 1839 2045 E a2dp_codec: Selectable: Invalid
08-16 16:53:37.677 1839 2045 E a2dp_codec: Local capability: Rate=44100 Bits=16 Mode=STEREO
08-16 16:53:37.677 1839 2045 E a2dp_codec: A2DP SBC State:
08-16 16:53:37.677 1839 2045 E a2dp_codec: Priority: 1001
08-16 16:53:37.677 1839 2045 I a2dp_sbc_encoder: a2dp_sbc_get_encoder_interval_ms:sbc is running in offload mode
08-16 16:53:37.677 1839 2045 E a2dp_codec: Encoder interval (ms): 0
08-16 16:53:37.677 1839 2045 E a2dp_codec: Config: Rate=44100 Bits=16 Mode=STEREO
08-16 16:53:37.677 1839 2045 E a2dp_codec: Selectable: Rate=44100 Bits=16 Mode=MONO|STEREO
08-16 16:53:37.677 1839 2045 E a2dp_codec: Local capability: Rate=44100 Bits=16 Mode=MONO|STEREO
01-01 05:47:58.143 0 0 I init : starting service 'sxrd'...
08-16 16:53:37.714 1160 2433 D CompatibilityInfo: mCompatibilityFlags - 4
08-16 16:53:37.714 1160 2433 D CompatibilityInfo: applicationDensity - 240
08-16 16:53:37.715 1160 2433 D CompatibilityInfo: applicationScale - 1.0
08-16 16:53:37.717 2215 2215 I QImsService: QtiImsExtService : QtiImsExtService created!
08-16 16:53:37.717 2215 2215 E QImsService: QtiImsExtService : QtiImsExtService, ImsService is not yet started retry.
08-16 16:53:37.717 2215 2215 E QImsService: QtiImsExtService : QtiImsExtService, ImsService is not yet started retry.
08-16 16:53:37.717 2350 2350 D QtiImsExtConnector: Attempt to bind QtiImsExt service returned with: true
08-16 16:53:37.718 2215 2215 W QImsService: QtiImsExtService : onBind returned null
08-16 16:53:37.719 2350 2350 D QtiImsExtConnector: onNullBinding componentName ComponentInfo{org.codeaurora.ims/org.codeaurora.ims.QtiImsExtService}
08-16 16:53:37.755 818 2542 I vendor.qti.bluetooth@1.0-ibs_handler: ProcessIbsCmd: Received IBS_SLEEP_IND: 0xFE
08-16 16:53:37.764 4678 4678 F linker : CANNOT LINK EXECUTABLE "/vendor/bin/hw/qvrservice": library "vendor.qti.hardware.qxr-V1-ndk_platform.so" not found: needed by /vendor/lib64/libqvrservice.so in namespace (default)
01-01 05:47:58.190 0 0 I init : Service 'qvrd_vndr' (pid 4678) exited with status 1
01-01 05:47:58.190 0 0 I init : Sending signal 9 to service 'qvrd_vndr' (pid 4678) process group...
08-16 16:53:37.767 4679 4679 F linker : CANNOT LINK EXECUTABLE "/vendor/bin/hw/sxrservice": library "vendor.qti.hardware.qxr-V1-ndk_platform.so" not found: needed by main executable
08-16 16:53:37.983 818 2542 I vendor.qti.bluetooth@1.0-ibs_handler: ProcessIbsCmd: Received IBS_WAKE_IND: 0xFD
08-16 16:53:37.984 818 2542 I vendor.qti.bluetooth@1.0-ibs_handler: ProcessIbsCmd: Writing IBS_WAKE_ACK
08-16 16:53:38.229 1160 2977 D CompatibilityInfo: mCompatibilityFlags - 4
08-16 16:53:38.229 1160 2977 D CompatibilityInfo: applicationDensity - 240
08-16 16:53:38.229 1160 2977 D CompatibilityInfo: applicationScale - 1.0
08-16 16:53:38.237 2215 2215 I QImsService: QtiImsExtService : QtiImsExtService created!
08-16 16:53:38.237 2215 2215 E QImsService: QtiImsExtService : QtiImsExtService, ImsService is not yet started retry.
08-16 16:53:38.238 2215 2215 E QImsService: QtiImsExtService : QtiImsExtService, ImsService is not yet started retry.
08-16 16:53:38.239 2215 2215 W QImsService: QtiImsExtService : onBind returned null
08-16 16:53:38.240 2350 2350 D QtiImsExtConnector: Attempt to bind QtiImsExt service returned with: true
08-16 16:53:38.240 2350 2350 D QtiImsExtConnector: onNullBinding componentName ComponentInfo{org.codeaurora.ims/org.codeaurora.ims.QtiImsExtService}
01-01 05:47:58.897 0 0 D : mv2112_read_status
01-01 05:47:58.897 0 0 D mv2112_update_link: 3.0x901(1G): 0x4
01-01 05:47:58.897 0 0 D mv2112_update_link: 3.0x8109(100M): 0x8
01-01 05:47:58.897 0 0 D mv2112_update_link: link 0x4
01-01 05:47:58.897 0 0 D mv2112_read_status: autoneg is disabled
08-16 16:53:38.492 678 4664 I resolv : retrying_poll: 56 retrying_poll timeout
08-16 16:53:38.492 678 4664 D resolv : send_dg: 1
08-16 16:53:38.492 678 4664 I resolv : res_nsend: used send_dg 0 terrno: 110
08-16 16:53:38.493 678 4663 I resolv : retrying_poll: 55 retrying_poll timeout
08-16 16:53:38.493 678 4663 D resolv : send_dg: 1
08-16 16:53:38.493 678 4663 I resolv : res_nsend: used send_dg 0 terrno: 110
08-16 16:53:38.493 1952 1952 W DnsResolver: resNetworkResult:android.system.ErrnoException: resNetworkResult failed: ETIMEDOUT (Connection timed out)
08-16 16:53:38.495 1952 1952 W DnsResolver: resNetworkResult:android.system.ErrnoException: resNetworkResult failed: ETIMEDOUT (Connection timed out)
08-16 16:53:38.495 1952 4662 D NetworkMonitor/100: PROBE_DNS connectivitycheck.gstatic.com 10058ms FAIL in type ADDRCONFIG android.net.DnsResolver$DnsException: android.system.ErrnoException: resNetworkResult failed: ETIMEDOUT (Connection timed out)
08-16 16:53:38.496 1952 4661 D NetworkMonitor/100: PROBE_DNS www.google.com 10058ms FAIL in type ADDRCONFIG android.net.DnsResolver$DnsException: android.system.ErrnoException: resNetworkResult failed: ETIMEDOUT (Connection timed out)
08-16 16:53:38.502 678 4680 D resolv : GetAddrInfoHandler::run: {100 983140 100 983140 1073 1}
08-16 16:53:38.502 678 4680 D resolv : resolv_getaddrinfo: explore_fqdn(): ai_family=0 ai_socktype=1 ai_protocol=6
08-16 16:53:38.503 678 4681 D resolv : GetAddrInfoHandler::run: {100 983140 100 983140 1073 1}
08-16 16:53:38.504 678 4681 D resolv : resolv_getaddrinfo: explore_fqdn(): ai_family=0 ai_socktype=1 ai_protocol=6
