01-01 05:46:25.249 0 0 I CAM_ERR : CAM-SENSOR: cam_cci_i2c_read: 35 rc = -22
01-01 05:46:25.249 0 0 I CAM_WARN: CAM-SENSOR: cam_sensor_match_id: 769 read id: 0x0 expected id 0x9281:
01-01 05:46:25.250 0 0 I qcom,camera ac4f000.qcom,cci: qcom,cam-sensor1: Dropping the link to regulator.77
01-01 05:46:25.255 0 0 I qcom,camera ac4f000.qcom,cci: qcom,cam-sensor1: Dropping the link to regulator.57
01-01 05:46:25.255 0 0 I qcom,camera ac4f000.qcom,cci: qcom,cam-sensor1: Dropping the link to regulator.53
01-01 05:46:25.260 0 0 I qcom,camera ac4f000.qcom,cci: qcom,cam-sensor1: Dropping the link to regulator.56
01-01 05:46:25.285 0 0 E msm-dai-fe soc: qcom,msm-dai-fe: ASoC: no sink widget found for AUXPCM_DL_HL
01-01 05:46:25.293 0 0 E msm-dai-fe soc: qcom,msm-dai-fe: ASoC: Failed to add route AUXPCM_HOSTLESS Playback -> direct -> AUXPCM_DL_HL
01-01 05:46:25.296 0 0 I qcom,camera ac50000.qcom,cci: qcom,cam-sensor6: Linked as a consumer to regulator.56
01-01 05:46:25.305 0 0 E msm-dai-fe soc: qcom,msm-dai-fe: ASoC: no source widget found for AUXPCM_UL_HL
01-01 05:46:25.312 0 0 I qcom,camera ac50000.qcom,cci: qcom,cam-sensor6: Linked as a consumer to regulator.54
01-01 05:46:25.313 0 0 E msm-dai-fe soc: qcom,msm-dai-fe: ASoC: Failed to add route AUXPCM_UL_HL -> direct -> AUXPCM_HOSTLESS Capture
01-01 05:46:25.318 0 0 I qcom,camera ac50000.qcom,cci: qcom,cam-sensor6: Linked as a consumer to regulator.57
01-01 05:46:25.331 0 0 E msm-auxpcm-dev soc: qcom,msm-pri-auxpcm: ASoC: no source widget found for AUX_PCM_RX
01-01 05:46:25.332 0 0 I qcom,camera ac50000.qcom,cci: qcom,cam-sensor6: Linked as a consumer to regulator.77
01-01 05:46:25.340 0 0 E msm-auxpcm-dev soc: qcom,msm-pri-auxpcm: ASoC: Failed to add route AUX_PCM_RX -> direct -> AUX PCM Playback
01-01 05:46:25.351 0 0 E msm-auxpcm-dev soc: qcom,msm-pri-auxpcm: ASoC: no sink widget found for AUX_PCM_TX
01-01 05:46:25.360 0 0 E msm-auxpcm-dev soc: qcom,msm-pri-auxpcm: ASoC: Failed to add route AUX PCM Capture -> direct -> AUX_PCM_TX
01-01 05:46:25.367 0 0 I CAM_ERR : CAM-CCI: cam_cci_irq: 238 Base:ffffff801a045000, M0_Q1 NACK ERROR: 0x10000000
01-01 05:46:25.371 0 0 E msm-auxpcm-dev soc: qcom,msm-sec-auxpcm: ASoC: no source widget found for SEC_AUX_PCM_RX
01-01 05:46:25.371 0 0 I CAM_ERR : CAM-CCI: cam_cci_read: 1306 ERROR with Slave 0xc0:
01-01 05:46:25.381 0 0 E msm-auxpcm-dev soc: qcom,msm-sec-auxpcm: ASoC: Failed to add route SEC_AUX_PCM_RX -> direct -> Sec AUX PCM Playback
01-01 05:46:25.381 0 0 E msm-auxpcm-dev soc: qcom,msm-sec-auxpcm: ASoC: no sink widget found for SEC_AUX_PCM_TX
01-01 05:46:25.393 0 0 I CAM_ERR : CAM-CCI: cam_cci_read_bytes: 1561 failed to read rc:-22
01-01 05:46:25.395 0 0 I binder : 1160:1160 ioctl 40046210 7fdf50be24 returned -22
01-01 05:46:25.402 0 0 E msm-auxpcm-dev soc: qcom,msm-sec-auxpcm: ASoC: Failed to add route Sec AUX PCM Capture -> direct -> SEC_AUX_PCM_TX
01-01 05:46:25.402 0 0 E msm-auxpcm-dev soc: qcom,msm-tert-auxpcm: ASoC: no source widget found for TERT_AUX_PCM_RX
01-01 05:46:25.414 0 0 I CAM_ERR : CAM-SENSOR: cam_cci_i2c_read: 35 rc = -22
01-01 05:46:25.414 0 0 I CAM_WARN: CAM-SENSOR: cam_sensor_match_id: 769 read id: 0x0 expected id 0x9281:
01-01 05:46:25.414 0 0 I qcom,camera ac50000.qcom,cci: qcom,cam-sensor6: Dropping the link to regulator.77
01-01 05:46:25.418 0 0 E msm-dcc 1023000.dcc_v2: DCC is not ready Disabling DCC...
01-01 05:46:25.424 0 0 E msm-auxpcm-dev soc: qcom,msm-tert-auxpcm: ASoC: Failed to add route TERT_AUX_PCM_RX -> direct -> Tert AUX PCM Playback
01-01 05:46:25.424 0 0 E msm-auxpcm-dev soc: qcom,msm-tert-auxpcm: ASoC: no sink widget found for TERT_AUX_PCM_TX
01-01 05:46:25.435 0 0 I qcom,camera ac50000.qcom,cci: qcom,cam-sensor6: Dropping the link to regulator.57
01-01 05:46:25.442 0 0 E msm-auxpcm-dev soc: qcom,msm-tert-auxpcm: ASoC: Failed to add route Tert AUX PCM Capture -> direct -> TERT_AUX_PCM_TX
01-01 05:46:25.452 0 0 I qcom,camera ac50000.qcom,cci: qcom,cam-sensor6: Dropping the link to regulator.54
01-01 05:46:25.464 0 0 I qcom,camera ac50000.qcom,cci: qcom,cam-sensor6: Dropping the link to regulator.56
01-01 05:46:25.464 0 0 E msm-auxpcm-dev soc: qcom,msm-quat-auxpcm: ASoC: no source widget found for QUAT_AUX_PCM_RX
01-01 05:46:24.743 1160 1160 I SystemServerTiming: InitBeforeStartServices
01-01 05:46:24.746 1160 1160 I SystemServer: Entered the Android system server!
01-01 05:46:25.474 0 0 E msm-auxpcm-dev soc: qcom,msm-quat-auxpcm: ASoC: Failed to add route QUAT_AUX_PCM_RX -> direct -> Quat AUX PCM Playback
01-01 05:46:25.486 0 0 E msm-auxpcm-dev soc: qcom,msm-quat-auxpcm: ASoC: no sink widget found for QUAT_AUX_PCM_TX
01-01 05:46:25.496 0 0 E msm-auxpcm-dev soc: qcom,msm-quat-auxpcm: ASoC: Failed to add route Quat AUX PCM Capture -> direct -> QUAT_AUX_PCM_TX
01-01 05:46:25.498 0 0 I qcom,camera ac50000.qcom,cci: qcom,cam-sensor3: Linked as a consumer to regulator.86
01-01 05:46:25.508 0 0 E msm-auxpcm-dev soc: qcom,msm-quin-auxpcm: ASoC: no source widget found for QUIN_AUX_PCM_RX
01-01 05:46:25.511 0 0 I qcom,camera ac50000.qcom,cci: qcom,cam-sensor3: Linked as a consumer to regulator.57
01-01 05:46:25.518 0 0 E msm-auxpcm-dev soc: qcom,msm-quin-auxpcm: ASoC: Failed to add route QUIN_AUX_PCM_RX -> direct -> Quin AUX PCM Playback
01-01 05:46:25.519 0 0 I qcom,camera ac50000.qcom,cci: qcom,cam-sensor3: Linked as a consumer to regulator.77
01-01 05:46:25.530 0 0 E msm-auxpcm-dev soc: qcom,msm-quin-auxpcm: ASoC: no sink widget found for QUIN_AUX_PCM_TX
01-01 05:46:25.540 0 0 E msm-auxpcm-dev soc: qcom,msm-quin-auxpcm: ASoC: Failed to add route Quin AUX PCM Capture -> direct -> QUIN_AUX_PCM_TX
01-01 05:46:25.552 0 0 E msm-auxpcm-dev soc: qcom,msm-sen-auxpcm: ASoC: no source widget found for SEN_AUX_PCM_RX
01-01 05:46:25.557 0 0 I CAM_ERR : CAM-CCI: cam_cci_irq: 264 Base:ffffff801a045000, M1_Q1 NACK ERROR: 0x40000000
01-01 05:46:25.561 0 0 E msm-auxpcm-dev soc: qcom,msm-sen-auxpcm: ASoC: Failed to add route SEN_AUX_PCM_RX -> direct -> Sen AUX PCM Playback
01-01 05:46:25.563 0 0 I CAM_ERR : CAM-CCI: cam_cci_read: 1306 ERROR with Slave 0x20:
01-01 05:46:25.573 0 0 E msm-auxpcm-dev soc: qcom,msm-sen-auxpcm: ASoC: no sink widget found for SEN_AUX_PCM_TX
01-01 05:46:25.573 0 0 I CAM_ERR : CAM-CCI: cam_cci_read_bytes: 1561 failed to read rc:-22
01-01 05:46:25.582 0 0 E msm-auxpcm-dev soc: qcom,msm-sen-auxpcm: ASoC: Failed to add route Sen AUX PCM Capture -> direct -> SEN_AUX_PCM_TX
01-01 05:46:25.582 0 0 W msm-dai-q6-hdmi soc: qcom,msm-dai-q6-dp: DAI driver id is not set
01-01 05:46:25.596 0 0 I CAM_ERR : CAM-SENSOR: cam_cci_i2c_read: 35 rc = -22
01-01 05:46:25.596 0 0 I CAM_WARN: CAM-SENSOR: cam_sensor_match_id: 769 read id: 0x0 expected id 0x9281:
01-01 05:46:25.596 0 0 I qcom,camera ac50000.qcom,cci: qcom,cam-sensor3: Dropping the link to regulator.77
01-01 05:46:25.602 0 0 I qcom,camera ac50000.qcom,cci: qcom,cam-sensor3: Dropping the link to regulator.57
01-01 05:46:25.602 0 0 I qcom,camera ac50000.qcom,cci: qcom,cam-sensor3: Dropping the link to regulator.86
01-01 05:46:25.639 0 0 I qcom,camera ac4f000.qcom,cci: qcom,cam-sensor0: Linked as a consumer to regulator.55
01-01 05:46:25.645 0 0 I qcom,camera ac4f000.qcom,cci: qcom,cam-sensor0: Linked as a consumer to regulator.52
01-01 05:46:25.648 0 0 I qcom,camera ac4f000.qcom,cci: qcom,cam-sensor0: Linked as a consumer to regulator.57
01-01 05:46:25.650 0 0 I qcom,camera ac4f000.qcom,cci: qcom,cam-sensor0: Linked as a consumer to regulator.77
01-01 05:46:25.674 0 0 E msm-dcc 1023000.dcc_v2: DCC list passed 3
01-01 05:46:25.675 0 0 I CAM_ERR : CAM-CCI: cam_cci_irq: 238 Base:ffffff801a03d000, M0_Q1 NACK ERROR: 0x10000000
01-01 05:46:25.679 0 0 I msm-dcc 1023000.dcc_v2: All values written to enable.
01-01 05:46:25.679 0 0 E msm-dcc 1023000.dcc_v2: DCC list passed 4
01-01 05:46:25.680 0 0 I CAM_ERR : CAM-CCI: cam_cci_read: 1306 ERROR with Slave 0xc0:
01-01 05:46:25.685 0 0 I CAM_ERR : CAM-CCI: cam_cci_read_bytes: 1561 failed to read rc:-22
01-01 05:46:25.685 0 0 I CAM_ERR : CAM-SENSOR: cam_cci_i2c_read: 35 rc = -22
01-01 05:46:25.685 0 0 I CAM_WARN: CAM-SENSOR: cam_sensor_match_id: 769 read id: 0x0 expected id 0x9281:
01-01 05:46:25.685 0 0 I msm-dcc 1023000.dcc_v2: All values written to enable.
01-01 05:46:25.685 0 0 I qcom,camera ac4f000.qcom,cci: qcom,cam-sensor0: Dropping the link to regulator.77
01-01 05:46:25.686 0 0 E msm-dcc 1023000.dcc_v2: DCC list passed 6
01-01 05:46:25.692 0 0 I msm-dcc 1023000.dcc_v2: All values written to enable.
01-01 05:46:25.694 0 0 I qcom,camera ac4f000.qcom,cci: qcom,cam-sensor0: Dropping the link to regulator.57
01-01 05:46:25.694 0 0 I qcom,camera ac4f000.qcom,cci: qcom,cam-sensor0: Dropping the link to regulator.52
01-01 05:46:25.694 0 0 I qcom,camera ac4f000.qcom,cci: qcom,cam-sensor0: Dropping the link to regulator.55
01-01 05:46:25.724 0 0 I qcom,camera ac4f000.qcom,cci: qcom,cam-sensor5: Linked as a consumer to regulator.56
01-01 05:46:25.727 0 0 I qcom,camera ac4f000.qcom,cci: qcom,cam-sensor5: Linked as a consumer to regulator.53
01-01 05:46:25.730 0 0 I qcom,camera ac4f000.qcom,cci: qcom,cam-sensor5: Linked as a consumer to regulator.57
01-01 05:46:25.731 0 0 I qcom,camera ac4f000.qcom,cci: qcom,cam-sensor5: Linked as a consumer to regulator.77
01-01 05:46:25.756 0 0 I CAM_ERR : CAM-CCI: cam_cci_irq: 264 Base:ffffff801a03d000, M1_Q1 NACK ERROR: 0x40000000
01-01 05:46:25.756 0 0 I CAM_ERR : CAM-CCI: cam_cci_read: 1306 ERROR with Slave 0xc0:
01-01 05:46:25.756 0 0 I CAM_ERR : CAM-CCI: cam_cci_read_bytes: 1561 failed to read rc:-22
01-01 05:46:25.756 0 0 I CAM_ERR : CAM-SENSOR: cam_cci_i2c_read: 35 rc = -22
01-01 05:46:25.756 0 0 I CAM_WARN: CAM-SENSOR: cam_sensor_match_id: 769 read id: 0x0 expected id 0x9281:
01-01 05:46:25.756 0 0 I qcom,camera ac4f000.qcom,cci: qcom,cam-sensor5: Dropping the link to regulator.77
01-01 05:46:25.764 0 0 I qcom,camera ac4f000.qcom,cci: qcom,cam-sensor5: Dropping the link to regulator.57
01-01 05:46:25.764 0 0 I qcom,camera ac4f000.qcom,cci: qcom,cam-sensor5: Dropping the link to regulator.53
01-01 05:46:25.764 0 0 I qcom,camera ac4f000.qcom,cci: qcom,cam-sensor5: Dropping the link to regulator.56
01-01 05:46:25.783 0 0 E bolero-codec soc: qcom,msm-audio-apr:qcom,q6core-audio:bolero-cdc: ASoC: unknown pin WSA AIF VI
01-01 05:46:25.797 0 0 I qcom,camera ac50000.qcom,cci: qcom,cam-sensor2: Linked as a consumer to regulator.57
01-01 05:46:25.797 0 0 I qcom,camera ac50000.qcom,cci: qcom,cam-sensor2: Linked as a consumer to regulator.56
01-01 05:46:25.798 0 0 I qcom,camera ac50000.qcom,cci: qcom,cam-sensor2: Linked as a consumer to regulator.54
01-01 05:46:25.820 0 0 E kona-asoc-snd soc: qcom,msm-audio-apr:qcom,q6core-audio:sound: ASoC: no source widget found for MIC BIAS1
01-01 05:46:25.825 0 0 I qcom,camera ac50000.qcom,cci: qcom,cam-sensor2: Linked as a consumer to regulator.77
01-01 05:46:25.099 1160 1160 I SystemServerInitThreadPool: Creating instance with 8 threads
01-01 05:46:25.834 0 0 E kona-asoc-snd soc: qcom,msm-audio-apr:qcom,q6core-audio:sound: ASoC: Failed to add route MIC BIAS1 -> direct -> AMIC1
01-01 05:46:25.848 0 0 E kona-asoc-snd soc: qcom,msm-audio-apr:qcom,q6core-audio:sound: ASoC: no sink widget found for MIC BIAS1
01-01 05:46:25.855 0 0 I CAM_ERR : CAM-CCI: cam_cci_irq: 238 Base:ffffff801a045000, M0_Q1 NACK ERROR: 0x10000000
01-01 05:46:25.859 0 0 I CAM_ERR : CAM-CCI: cam_cci_read: 1306 ERROR with Slave 0x20:
01-01 05:46:25.859 0 0 I CAM_ERR : CAM-CCI: cam_cci_read_bytes: 1561 failed to read rc:-22
01-01 05:46:25.859 0 0 I CAM_ERR : CAM-SENSOR: cam_cci_i2c_read: 35 rc = -22
01-01 05:46:25.859 0 0 I CAM_WARN: CAM-SENSOR: cam_sensor_match_id: 769 read id: 0x0 expected id 0x885a:
01-01 05:46:25.859 0 0 E kona-asoc-snd soc: qcom,msm-audio-apr:qcom,q6core-audio:sound: ASoC: Failed to add route Analog Mic1 -> direct -> MIC BIAS1
01-01 05:46:25.859 0 0 I qcom,camera ac50000.qcom,cci: qcom,cam-sensor2: Dropping the link to regulator.77
01-01 05:46:25.873 0 0 E kona-asoc-snd soc: qcom,msm-audio-apr:qcom,q6core-audio:sound: ASoC: no source widget found for MIC BIAS2
01-01 05:46:25.880 0 0 I qcom,camera ac50000.qcom,cci: qcom,cam-sensor2: Dropping the link to regulator.54
01-01 05:46:25.884 0 0 E kona-asoc-snd soc: qcom,msm-audio-apr:qcom,q6core-audio:sound: ASoC: Failed to add route MIC BIAS2 -> direct -> AMIC2
01-01 05:46:25.885 0 0 I qcom,camera ac50000.qcom,cci: qcom,cam-sensor2: Dropping the link to regulator.56
01-01 05:46:25.896 0 0 E kona-asoc-snd soc: qcom,msm-audio-apr:qcom,q6core-audio:sound: ASoC: no sink widget found for MIC BIAS2
01-01 05:46:25.897 0 0 I qcom,camera ac50000.qcom,cci: qcom,cam-sensor2: Dropping the link to regulator.57
01-01 05:46:25.907 0 0 E kona-asoc-snd soc: qcom,msm-audio-apr:qcom,q6core-audio:sound: ASoC: Failed to add route Analog Mic2 -> direct -> MIC BIAS2
01-01 05:46:25.907 0 0 E kona-asoc-snd soc: qcom,msm-audio-apr:qcom,q6core-audio:sound: ASoC: no source widget found for MIC BIAS3
01-01 05:46:25.907 0 0 E kona-asoc-snd soc: qcom,msm-audio-apr:qcom,q6core-audio:sound: ASoC: Failed to add route MIC BIAS3 -> direct -> AMIC3
01-01 05:46:25.907 0 0 E kona-asoc-snd soc: qcom,msm-audio-apr:qcom,q6core-audio:sound: ASoC: no sink widget found for MIC BIAS3
01-01 05:46:25.907 0 0 E kona-asoc-snd soc: qcom,msm-audio-apr:qcom,q6core-audio:sound: ASoC: Failed to add route Analog Mic3 -> direct -> MIC BIAS3
01-01 05:46:25.907 0 0 E kona-asoc-snd soc: qcom,msm-audio-apr:qcom,q6core-audio:sound: ASoC: no source widget found for MIC BIAS3
01-01 05:46:25.191 1211 1211 I gsid : no DSU: No such file or directory
01-01 05:46:25.961 0 0 I qcom,camera ac4f000.qcom,cci: qcom,cam-sensor0: Linked as a consumer to regulator.55
01-01 05:46:25.966 0 0 E kona-asoc-snd soc: qcom,msm-audio-apr:qcom,q6core-audio:sound: ASoC: Failed to add route MIC BIAS3 -> direct -> AMIC4
01-01 05:46:25.966 0 0 E kona-asoc-snd soc: qcom,msm-audio-apr:qcom,q6core-audio:sound: ASoC: no sink widget found for MIC BIAS3
01-01 05:46:25.966 0 0 E kona-asoc-snd soc: qcom,msm-audio-apr:qcom,q6core-audio:sound: ASoC: Failed to add route Analog Mic4 -> direct -> MIC BIAS3
01-01 05:46:25.966 0 0 E kona-asoc-snd soc: qcom,msm-audio-apr:qcom,q6core-audio:sound: ASoC: no source widget found for MIC BIAS4
01-01 05:46:25.966 0 0 E kona-asoc-snd soc: qcom,msm-audio-apr:qcom,q6core-audio:sound: ASoC: Failed to add route MIC BIAS4 -> direct -> AMIC5
01-01 05:46:25.966 0 0 E kona-asoc-snd soc: qcom,msm-audio-apr:qcom,q6core-audio:sound: ASoC: no sink widget found for MIC BIAS4
01-01 05:46:25.966 0 0 E kona-asoc-snd soc: qcom,msm-audio-apr:qcom,q6core-audio:sound: ASoC: Failed to add route Analog Mic5 -> direct -> MIC BIAS4
01-01 05:46:25.966 0 0 E kona-asoc-snd soc: qcom,msm-audio-apr:qcom,q6core-audio:sound: ASoC: no source widget found for MIC BIAS3
01-01 05:46:25.966 0 0 E kona-asoc-snd soc: qcom,msm-audio-apr:qcom,q6core-audio:sound: ASoC: Failed to add route MIC BIAS3 -> direct -> TX DMIC0
01-01 05:46:25.966 0 0 E kona-asoc-snd soc: qcom,msm-audio-apr:qcom,q6core-audio:sound: ASoC: no sink widget found for MIC BIAS3
01-01 05:46:25.966 0 0 E kona-asoc-snd soc: qcom,msm-audio-apr:qcom,q6core-audio:sound: ASoC: Failed to add route Digital Mic0 -> direct -> MIC BIAS3
01-01 05:46:25.966 0 0 E kona-asoc-snd soc: qcom,msm-audio-apr:qcom,q6core-audio:sound: ASoC: no source widget found for MIC BIAS3
01-01 05:46:25.966 0 0 E kona-asoc-snd soc: qcom,msm-audio-apr:qcom,q6core-audio:sound: ASoC: Failed to add route MIC BIAS3 -> direct -> TX DMIC1
01-01 05:46:25.966 0 0 E kona-asoc-snd soc: qcom,msm-audio-apr:qcom,q6core-audio:sound: ASoC: no sink widget found for MIC BIAS3
01-01 05:46:25.966 0 0 E kona-asoc-snd soc: qcom,msm-audio-apr:qcom,q6core-audio:sound: ASoC: Failed to add route Digital Mic1 -> direct -> MIC BIAS3
01-01 05:46:25.966 0 0 E kona-asoc-snd soc: qcom,msm-audio-apr:qcom,q6core-audio:sound: ASoC: no source widget found for MIC BIAS1
01-01 05:46:25.966 0 0 E kona-asoc-snd soc: qcom,msm-audio-apr:qcom,q6core-audio:sound: ASoC: Failed to add route MIC BIAS1 -> direct -> TX DMIC2
01-01 05:46:25.966 0 0 E kona-asoc-snd soc: qcom,msm-audio-apr:qcom,q6core-audio:sound: ASoC: no sink widget found for MIC BIAS1
01-01 05:46:25.979 0 0 I qcom,camera ac4f000.qcom,cci: qcom,cam-sensor0: Linked as a consumer to regulator.52
01-01 05:46:25.989 0 0 E kona-asoc-snd soc: qcom,msm-audio-apr:qcom,q6core-audio:sound: ASoC: Failed to add route Digital Mic2 -> direct -> MIC BIAS1
01-01 05:46:25.990 0 0 E kona-asoc-snd soc: qcom,msm-audio-apr:qcom,q6core-audio:sound: ASoC: no source widget found for MIC BIAS1
01-01 05:46:25.990 0 0 E kona-asoc-snd soc: qcom,msm-audio-apr:qcom,q6core-audio:sound: ASoC: Failed to add route MIC BIAS1 -> direct -> TX DMIC3
01-01 05:46:25.990 0 0 E kona-asoc-snd soc: qcom,msm-audio-apr:qcom,q6core-audio:sound: ASoC: no sink widget found for MIC BIAS1
01-01 05:46:25.990 0 0 E kona-asoc-snd soc: qcom,msm-audio-apr:qcom,q6core-audio:sound: ASoC: Failed to add route Digital Mic3 -> direct -> MIC BIAS1
01-01 05:46:25.990 0 0 E kona-asoc-snd soc: qcom,msm-audio-apr:qcom,q6core-audio:sound: ASoC: no source widget found for MIC BIAS4
01-01 05:46:25.990 0 0 E kona-asoc-snd soc: qcom,msm-audio-apr:qcom,q6core-audio:sound: ASoC: Failed to add route MIC BIAS4 -> direct -> TX DMIC4
01-01 05:46:25.990 0 0 E kona-asoc-snd soc: qcom,msm-audio-apr:qcom,q6core-audio:sound: ASoC: no sink widget found for MIC BIAS4
01-01 05:46:26.002 0 0 I qcom,camera ac4f000.qcom,cci: qcom,cam-sensor0: Linked as a consumer to regulator.57
01-01 05:46:26.013 0 0 E kona-asoc-snd soc: qcom,msm-audio-apr:qcom,q6core-audio:sound: ASoC: Failed to add route Digital Mic4 -> direct -> MIC BIAS4
01-01 05:46:26.013 0 0 E kona-asoc-snd soc: qcom,msm-audio-apr:qcom,q6core-audio:sound: ASoC: no source widget found for MIC BIAS4
01-01 05:46:26.013 0 0 E kona-asoc-snd soc: qcom,msm-audio-apr:qcom,q6core-audio:sound: ASoC: Failed to add route MIC BIAS4 -> direct -> TX DMIC5
01-01 05:46:26.013 0 0 E kona-asoc-snd soc: qcom,msm-audio-apr:qcom,q6core-audio:sound: ASoC: no sink widget found for MIC BIAS4
01-01 05:46:26.013 0 0 E kona-asoc-snd soc: qcom,msm-audio-apr:qcom,q6core-audio:sound: ASoC: Failed to add route Digital Mic5 -> direct -> MIC BIAS4
01-01 05:46:26.013 0 0 E kona-asoc-snd soc: qcom,msm-audio-apr:qcom,q6core-audio:sound: ASoC: no sink widget found for IN1_HPHL
01-01 05:46:26.013 0 0 E kona-asoc-snd soc: qcom,msm-audio-apr:qcom,q6core-audio:sound: ASoC: Failed to add route HPHL_OUT -> direct -> IN1_HPHL
01-01 05:46:26.013 0 0 E kona-asoc-snd soc: qcom,msm-audio-apr:qcom,q6core-audio:sound: ASoC: no sink widget found for IN2_HPHR
01-01 05:46:26.013 0 0 E kona-asoc-snd soc: qcom,msm-audio-apr:qcom,q6core-audio:sound: ASoC: Failed to add route HPHR_OUT -> direct -> IN2_HPHR
01-01 05:46:26.013 0 0 E kona-asoc-snd soc: qcom,msm-audio-apr:qcom,q6core-audio:sound: ASoC: no sink widget found for IN3_AUX
01-01 05:46:26.013 0 0 E kona-asoc-snd soc: qcom,msm-audio-apr:qcom,q6core-audio:sound: ASoC: Failed to add route AUX_OUT -> direct -> IN3_AUX
01-01 05:46:26.013 0 0 E kona-asoc-snd soc: qcom,msm-audio-apr:qcom,q6core-audio:sound: ASoC: no source widget found for ADC1_OUTPUT
01-01 05:46:26.013 0 0 E kona-asoc-snd soc: qcom,msm-audio-apr:qcom,q6core-audio:sound: ASoC: Failed to add route ADC1_OUTPUT -> direct -> TX SWR_ADC0
01-01 05:46:26.026 0 0 I qcom,camera ac4f000.qcom,cci: qcom,cam-sensor0: Linked as a consumer to regulator.77
01-01 05:46:26.036 0 0 E kona-asoc-snd soc: qcom,msm-audio-apr:qcom,q6core-audio:sound: ASoC: no source widget found for ADC2_OUTPUT
01-01 05:46:26.066 0 0 I CAM_ERR : CAM-CCI: cam_cci_irq: 238 Base:ffffff801a03d000, M0_Q1 NACK ERROR: 0x10000000
01-01 05:46:26.070 0 0 E kona-asoc-snd soc: qcom,msm-audio-apr:qcom,q6core-audio:sound: ASoC: Failed to add route ADC2_OUTPUT -> direct -> TX SWR_ADC1
01-01 05:46:26.083 0 0 I CAM_ERR : CAM-CCI: cam_cci_read: 1306 ERROR with Slave 0x20:
01-01 05:46:26.093 0 0 E kona-asoc-snd soc: qcom,msm-audio-apr:qcom,q6core-audio:sound: ASoC: no source widget found for ADC3_OUTPUT
01-01 05:46:26.093 0 0 E kona-asoc-snd soc: qcom,msm-audio-apr:qcom,q6core-audio:sound: ASoC: Failed to add route ADC3_OUTPUT -> direct -> TX SWR_ADC2
01-01 05:46:26.093 0 0 E kona-asoc-snd soc: qcom,msm-audio-apr:qcom,q6core-audio:sound: ASoC: no source widget found for ADC4_OUTPUT
01-01 05:46:26.106 0 0 I CAM_ERR : CAM-CCI: cam_cci_read_bytes: 1561 failed to read rc:-22
01-01 05:46:26.117 0 0 E kona-asoc-snd soc: qcom,msm-audio-apr:qcom,q6core-audio:sound: ASoC: Failed to add route ADC4_OUTPUT -> direct -> TX SWR_ADC3
01-01 05:46:26.117 0 0 E kona-asoc-snd soc: qcom,msm-audio-apr:qcom,q6core-audio:sound: ASoC: no source widget found for DMIC1_OUTPUT
01-01 05:46:26.117 0 0 E kona-asoc-snd soc: qcom,msm-audio-apr:qcom,q6core-audio:sound: ASoC: Failed to add route DMIC1_OUTPUT -> direct -> TX SWR_DMIC0
01-01 05:46:26.117 0 0 E kona-asoc-snd soc: qcom,msm-audio-apr:qcom,q6core-audio:sound: ASoC: no source widget found for DMIC2_OUTPUT
01-01 05:46:26.117 0 0 E kona-asoc-snd soc: qcom,msm-audio-apr:qcom,q6core-audio:sound: ASoC: Failed to add route DMIC2_OUTPUT -> direct -> TX SWR_DMIC1
01-01 05:46:26.117 0 0 E kona-asoc-snd soc: qcom,msm-audio-apr:qcom,q6core-audio:sound: ASoC: no source widget found for DMIC3_OUTPUT
01-01 05:46:26.129 0 0 I CAM_ERR : CAM-SENSOR: cam_cci_i2c_read: 35 rc = -22
01-01 05:46:26.140 0 0 E kona-asoc-snd soc: qcom,msm-audio-apr:qcom,q6core-audio:sound: ASoC: Failed to add route DMIC3_OUTPUT -> direct -> TX SWR_DMIC2
01-01 05:46:26.140 0 0 E kona-asoc-snd soc: qcom,msm-audio-apr:qcom,q6core-audio:sound: ASoC: no source widget found for DMIC4_OUTPUT
01-01 05:46:26.140 0 0 E kona-asoc-snd soc: qcom,msm-audio-apr:qcom,q6core-audio:sound: ASoC: Failed to add route DMIC4_OUTPUT -> direct -> TX SWR_DMIC3
01-01 05:46:26.140 0 0 E kona-asoc-snd soc: qcom,msm-audio-apr:qcom,q6core-audio:sound: ASoC: no source widget found for DMIC5_OUTPUT
01-01 05:46:26.153 0 0 I CAM_WARN: CAM-SENSOR: cam_sensor_match_id: 769 read id: 0x0 expected id 0x362:
01-01 05:46:26.164 0 0 E kona-asoc-snd soc: qcom,msm-audio-apr:qcom,q6core-audio:sound: ASoC: Failed to add route DMIC5_OUTPUT -> direct -> TX SWR_DMIC4
01-01 05:46:26.164 0 0 E kona-asoc-snd soc: qcom,msm-audio-apr:qcom,q6core-audio:sound: ASoC: no source widget found for DMIC6_OUTPUT
01-01 05:46:26.164 0 0 E kona-asoc-snd soc: qcom,msm-audio-apr:qcom,q6core-audio:sound: ASoC: Failed to add route DMIC6_OUTPUT -> direct -> TX SWR_DMIC5
01-01 05:46:26.164 0 0 E kona-asoc-snd soc: qcom,msm-audio-apr:qcom,q6core-audio:sound: ASoC: no source widget found for DMIC7_OUTPUT
01-01 05:46:26.164 0 0 E kona-asoc-snd soc: qcom,msm-audio-apr:qcom,q6core-audio:sound: ASoC: Failed to add route DMIC7_OUTPUT -> direct -> TX SWR_DMIC6
01-01 05:46:26.164 0 0 E kona-asoc-snd soc: qcom,msm-audio-apr:qcom,q6core-audio:sound: ASoC: no source widget found for DMIC8_OUTPUT
01-01 05:46:26.164 0 0 E kona-asoc-snd soc: qcom,msm-audio-apr:qcom,q6core-audio:sound: ASoC: Failed to add route DMIC8_OUTPUT -> direct -> TX SWR_DMIC7
01-01 05:46:26.164 0 0 E kona-asoc-snd soc: qcom,msm-audio-apr:qcom,q6core-audio:sound: ASoC: no sink widget found for SpkrLeft IN
01-01 05:46:26.177 0 0 I qcom,camera ac4f000.qcom,cci: qcom,cam-sensor0: Dropping the link to regulator.77
01-01 05:46:26.187 0 0 E kona-asoc-snd soc: qcom,msm-audio-apr:qcom,q6core-audio:sound: ASoC: Failed to add route WSA_SPK1 OUT -> direct -> SpkrLeft IN
01-01 05:46:26.187 0 0 E kona-asoc-snd soc: qcom,msm-audio-apr:qcom,q6core-audio:sound: ASoC: no sink widget found for SpkrRight IN
01-01 05:46:26.205 0 0 I qcom,camera ac4f000.qcom,cci: qcom,cam-sensor0: Dropping the link to regulator.57
01-01 05:46:26.211 0 0 E kona-asoc-snd soc: qcom,msm-audio-apr:qcom,q6core-audio:sound: ASoC: Failed to add route WSA_SPK2 OUT -> direct -> SpkrRight IN
01-01 05:46:26.211 0 0 E kona-asoc-snd soc: qcom,msm-audio-apr:qcom,q6core-audio:sound: ASoC: no sink widget found for VA MIC BIAS3
01-01 05:46:26.225 0 0 I qcom,camera ac4f000.qcom,cci: qcom,cam-sensor0: Dropping the link to regulator.52
01-01 05:46:26.234 0 0 E kona-asoc-snd soc: qcom,msm-audio-apr:qcom,q6core-audio:sound: ASoC: Failed to add route Digital Mic0 -> direct -> VA MIC BIAS3
01-01 05:46:26.234 0 0 E kona-asoc-snd soc: qcom,msm-audio-apr:qcom,q6core-audio:sound: ASoC: no sink widget found for VA MIC BIAS3
01-01 05:46:26.247 0 0 I qcom,camera ac4f000.qcom,cci: qcom,cam-sensor0: Dropping the link to regulator.55
01-01 05:46:26.257 0 0 E kona-asoc-snd soc: qcom,msm-audio-apr:qcom,q6core-audio:sound: ASoC: Failed to add route Digital Mic1 -> direct -> VA MIC BIAS3
01-01 05:46:26.258 0 0 E kona-asoc-snd soc: qcom,msm-audio-apr:qcom,q6core-audio:sound: ASoC: no sink widget found for VA MIC BIAS4
01-01 05:46:26.258 0 0 E kona-asoc-snd soc: qcom,msm-audio-apr:qcom,q6core-audio:sound: ASoC: Failed to add route Digital Mic4 -> direct -> VA MIC BIAS4
01-01 05:46:26.258 0 0 E kona-asoc-snd soc: qcom,msm-audio-apr:qcom,q6core-audio:sound: ASoC: no sink widget found for VA MIC BIAS4
01-01 05:46:26.309 0 0 I qcom,camera ac50000.qcom,cci: qcom,cam-sensor3: Linked as a consumer to regulator.86
01-01 05:46:26.317 0 0 E kona-asoc-snd soc: qcom,msm-audio-apr:qcom,q6core-audio:sound: ASoC: Failed to add route Digital Mic5 -> direct -> VA MIC BIAS4
01-01 05:46:26.334 0 0 I qcom,camera ac50000.qcom,cci: qcom,cam-sensor3: Linked as a consumer to regulator.57
01-01 05:46:26.340 0 0 E kona-asoc-snd soc: qcom,msm-audio-apr:qcom,q6core-audio:sound: ASoC: no source widget found for VA MIC BIAS3
01-01 05:46:26.340 0 0 E wlan : Loading driver v5.2.022.10G +TIMER_MANAGER +MEMORY_DEBUG +PANIC_ON_BUG; 2022-08-17T02:40:51Z; cld:; cmn:;
01-01 05:46:26.352 0 0 I qcom,camera ac50000.qcom,cci: qcom,cam-sensor3: Linked as a consumer to regulator.77
01-01 05:46:26.362 0 0 E kona-asoc-snd soc: qcom,msm-audio-apr:qcom,q6core-audio:sound: ASoC: Failed to add route VA MIC BIAS3 -> direct -> VA DMIC0
01-01 05:46:26.363 0 0 E kona-asoc-snd soc: qcom,msm-audio-apr:qcom,q6core-audio:sound: ASoC: no source widget found for VA MIC BIAS3
01-01 05:46:26.401 0 0 I CAM_ERR : CAM-CCI: cam_cci_irq: 264 Base:ffffff801a045000, M1_Q1 NACK ERROR: 0x40000000
01-01 05:46:26.406 0 0 I binder : 1227:1227 ioctl 40046210 ffb2ea98 returned -22
01-01 05:46:26.408 0 0 E kona-asoc-snd soc: qcom,msm-audio-apr:qcom,q6core-audio:sound: ASoC: Failed to add route VA MIC BIAS3 -> direct -> VA DMIC1
01-01 05:46:26.410 0 0 E ipa3_uc_reg_rdyCB: 2973 bad parm. inout=0000000000000000
01-01 05:46:26.411 0 0 I : wlan_hdd_state wlan major(475) initialized
01-01 05:46:26.412 0 0 D cnss : Start to wait for calibration to complete
01-01 05:46:26.419 0 0 I CAM_ERR : CAM-CCI: cam_cci_read: 1306 ERROR with Slave 0xc0:
01-01 05:46:26.431 0 0 E kona-asoc-snd soc: qcom,msm-audio-apr:qcom,q6core-audio:sound: ASoC: no source widget found for VA MIC BIAS4
01-01 05:46:26.442 0 0 I CAM_ERR : CAM-CCI: cam_cci_read_bytes: 1561 failed to read rc:-22
01-01 05:46:26.455 0 0 E kona-asoc-snd soc: qcom,msm-audio-apr:qcom,q6core-audio:sound: ASoC: Failed to add route VA MIC BIAS4 -> direct -> VA DMIC4
01-01 05:46:26.455 0 0 E kona-asoc-snd soc: qcom,msm-audio-apr:qcom,q6core-audio:sound: ASoC: no source widget found for VA MIC BIAS4
01-01 05:46:26.455 0 0 E kona-asoc-snd soc: qcom,msm-audio-apr:qcom,q6core-audio:sound: ASoC: Failed to add route VA MIC BIAS4 -> direct -> VA DMIC5
01-01 05:46:26.455 0 0 E kona-asoc-snd soc: qcom,msm-audio-apr:qcom,q6core-audio:sound: ASoC: no source widget found for ADC1_OUTPUT
01-01 05:46:26.455 0 0 E kona-asoc-snd soc: qcom,msm-audio-apr:qcom,q6core-audio:sound: ASoC: Failed to add route ADC1_OUTPUT -> direct -> VA SWR_ADC0
01-01 05:46:26.455 0 0 E kona-asoc-snd soc: qcom,msm-audio-apr:qcom,q6core-audio:sound: ASoC: no source widget found for ADC2_OUTPUT
01-01 05:46:25.717 1228 1228 I iorapd : iorapd (the prefetchening) firing up
01-01 05:46:26.462 0 0 I binder : 1228:1228 ioctl 40046210 7fde96fe94 returned -22
01-01 05:46:25.724 1228 1228 I iorapd : Opened existing database at '/data/misc/iorapd/sqlite.db'
01-01 05:46:25.725 1228 1228 W iorapd : Reconnect to package manager service: 1 times
01-01 05:46:26.466 0 0 I CAM_ERR : CAM-SENSOR: cam_cci_i2c_read: 35 rc = -22
01-01 05:46:26.479 0 0 E kona-asoc-snd soc: qcom,msm-audio-apr:qcom,q6core-audio:sound: ASoC: Failed to add route ADC2_OUTPUT -> direct -> VA SWR_ADC1
01-01 05:46:26.479 0 0 E kona-asoc-snd soc: qcom,msm-audio-apr:qcom,q6core-audio:sound: ASoC: no source widget found for ADC3_OUTPUT
01-01 05:46:26.490 0 0 I CAM_WARN: CAM-SENSOR: cam_sensor_match_id: 769 read id: 0x0 expected id 0x9281:
01-01 05:46:26.491 0 0 I qcom,camera ac50000.qcom,cci: qcom,cam-sensor3: Dropping the link to regulator.77
01-01 05:46:26.503 0 0 E kona-asoc-snd soc: qcom,msm-audio-apr:qcom,q6core-audio:sound: ASoC: Failed to add route ADC3_OUTPUT -> direct -> VA SWR_ADC2
01-01 05:46:26.503 0 0 E kona-asoc-snd soc: qcom,msm-audio-apr:qcom,q6core-audio:sound: ASoC: no source widget found for ADC4_OUTPUT
01-01 05:46:26.519 0 0 I qcom,camera ac50000.qcom,cci: qcom,cam-sensor3: Dropping the link to regulator.57
01-01 05:46:26.527 0 0 E kona-asoc-snd soc: qcom,msm-audio-apr:qcom,q6core-audio:sound: ASoC: Failed to add route ADC4_OUTPUT -> direct -> VA SWR_ADC3
01-01 05:46:26.527 0 0 E kona-asoc-snd soc: qcom,msm-audio-apr:qcom,q6core-audio:sound: ASoC: no source widget found for DMIC1_OUTPUT
01-01 05:46:26.539 0 0 I qcom,camera ac50000.qcom,cci: qcom,cam-sensor3: Dropping the link to regulator.86
01-01 05:46:26.551 0 0 E kona-asoc-snd soc: qcom,msm-audio-apr:qcom,q6core-audio:sound: ASoC: Failed to add route DMIC1_OUTPUT -> direct -> VA SWR_MIC0
01-01 05:46:26.551 0 0 E kona-asoc-snd soc: qcom,msm-audio-apr:qcom,q6core-audio:sound: ASoC: no source widget found for DMIC2_OUTPUT
01-01 05:46:26.551 0 0 E kona-asoc-snd soc: qcom,msm-audio-apr:qcom,q6core-audio:sound: ASoC: Failed to add route DMIC2_OUTPUT -> direct -> VA SWR_MIC1
01-01 05:46:26.551 0 0 E kona-asoc-snd soc: qcom,msm-audio-apr:qcom,q6core-audio:sound: ASoC: no source widget found for DMIC3_OUTPUT
01-01 05:46:26.551 0 0 E kona-asoc-snd soc: qcom,msm-audio-apr:qcom,q6core-audio:sound: ASoC: Failed to add route DMIC3_OUTPUT -> direct -> VA SWR_MIC2
01-01 05:46:26.551 0 0 E kona-asoc-snd soc: qcom,msm-audio-apr:qcom,q6core-audio:sound: ASoC: no source widget found for DMIC4_OUTPUT
01-01 05:46:26.551 0 0 E kona-asoc-snd soc: qcom,msm-audio-apr:qcom,q6core-audio:sound: ASoC: Failed to add route DMIC4_OUTPUT -> direct -> VA SWR_MIC3
01-01 05:46:26.552 0 0 E kona-asoc-snd soc: qcom,msm-audio-apr:qcom,q6core-audio:sound: ASoC: no source widget found for DMIC5_OUTPUT
01-01 05:46:26.564 0 0 I binder : 1250:1250 ioctl 40046210 7fdac650a4 returned -22
01-01 05:46:26.576 0 0 E kona-asoc-snd soc: qcom,msm-audio-apr:qcom,q6core-audio:sound: ASoC: Failed to add route DMIC5_OUTPUT -> direct -> VA SWR_MIC4
01-01 05:46:25.882 1160 1160 D SystemServerTiming: InitBeforeStartServices took to complete: 1140ms
01-01 05:46:25.883 1160 1160 I SystemServerTiming: StartServices
01-01 05:46:25.883 1160 1160 I SystemServerTiming: startBootstrapServices
01-01 05:46:25.883 1160 1160 I SystemServerTiming: StartWatchdog
01-01 05:46:26.601 0 0 I qcom,camera ac50000.qcom,cci: qcom,cam-sensor2: Linked as a consumer to regulator.57
01-01 05:46:26.611 0 0 E kona-asoc-snd soc: qcom,msm-audio-apr:qcom,q6core-audio:sound: ASoC: no source widget found for DMIC6_OUTPUT
01-01 05:46:26.626 0 0 I qcom,camera ac50000.qcom,cci: qcom,cam-sensor2: Linked as a consumer to regulator.56
01-01 05:46:26.635 0 0 E kona-asoc-snd soc: qcom,msm-audio-apr:qcom,q6core-audio:sound: ASoC: Failed to add route DMIC6_OUTPUT -> direct -> VA SWR_MIC5
01-01 05:46:26.635 0 0 E kona-asoc-snd soc: qcom,msm-audio-apr:qcom,q6core-audio:sound: ASoC: no source widget found for DMIC7_OUTPUT
01-01 05:46:26.635 0 0 E kona-asoc-snd soc: qcom,msm-audio-apr:qcom,q6core-audio:sound: ASoC: Failed to add route DMIC7_OUTPUT -> direct -> VA SWR_MIC6
01-01 05:46:26.635 0 0 E kona-asoc-snd soc: qcom,msm-audio-apr:qcom,q6core-audio:sound: ASoC: no source widget found for DMIC8_OUTPUT
01-01 05:46:26.635 0 0 E kona-asoc-snd soc: qcom,msm-audio-apr:qcom,q6core-audio:sound: ASoC: Failed to add route DMIC8_OUTPUT -> direct -> VA SWR_MIC7
01-01 05:46:26.635 0 0 W kona-asoc-snd soc: qcom,msm-audio-apr:qcom,q6core-audio:sound: ASoC: no DMI vendor name!
01-01 05:46:26.657 0 0 E swr-wcd wsa_swr_ctrl: swrm_runtime_suspend: clk stop mode not supported or SSR entry
01-01 05:46:25.927 1160 1160 D SystemServerTiming: StartWatchdog took to complete: 44ms
01-01 05:46:25.927 1160 1160 I SystemServer: Reading configuration...
01-01 05:46:25.927 1160 1160 I SystemServerTiming: ReadingSystemConfig
01-01 05:46:25.928 1160 1160 D SystemServerTiming: ReadingSystemConfig took to complete: 1ms
01-01 05:46:25.928 1160 1160 I SystemServerTiming: PlatformCompat
01-01 05:46:25.941 1160 1276 I SystemServerTimingAsync: InitThreadPoolExec:ReadingSystemConfig
01-01 05:46:25.941 1160 1276 D SystemServerInitThreadPool: Started executing ReadingSystemConfig
01-01 05:46:25.949 1160 1276 I SystemConfig: Reading permissions from /system/etc/sysconfig/framework-sysconfig.xml
01-01 05:46:25.949 1160 1160 D CompatConfig: Found a config file: /system/etc/compatconfig/calendar-provider-compat-config.xml
01-01 05:46:26.669 0 0 I qcom,camera ac50000.qcom,cci: qcom,cam-sensor2: Linked as a consumer to regulator.54
01-01 05:46:25.965 1160 1276 I SystemConfig: Reading permissions from /system/etc/sysconfig/hiddenapi-package-whitelist.xml
01-01 05:46:26.701 0 0 I binder : 1258:1258 ioctl 40046210 7fe12ed594 returned -22
01-01 05:46:25.966 1160 1160 D CompatConfig: Adding: com.android.server.compat.config.Change@7268db0
01-01 05:46:25.968 1160 1160 D CompatConfig: Found a config file: /system/etc/compatconfig/framework-platform-compat-config.xml
01-01 05:46:25.974 1160 1160 D CompatConfig: Adding: com.android.server.compat.config.Change@d4813ae
01-01 05:46:25.984 1160 1276 I SystemConfig: Reading permissions from /system/etc/sysconfig/preinstalled-packages-platform.xml
01-01 05:46:25.984 1160 1160 D CompatConfig: Adding: com.android.server.compat.config.Change@25ed4dc
01-01 05:46:25.985 1160 1160 D CompatConfig: Adding: com.android.server.compat.config.Change@563d9e5
01-01 05:46:25.986 1160 1160 D CompatConfig: Adding: com.android.server.compat.config.Change@405bcba
01-01 05:46:25.988 1160 1160 D CompatConfig: Adding: com.android.server.compat.config.Change@7ce376b
01-01 05:46:25.991 1160 1276 I SystemConfig: Reading permissions from /system/etc/sysconfig/preinstalled-packages-com.android.providers.media.module.xml
01-01 05:46:25.997 1160 1276 I SystemConfig: Reading permissions from /system/etc/sysconfig/preinstalled-packages-platform-full-base.xml
01-01 05:46:25.998 1160 1160 D CompatConfig: Adding: com.android.server.compat.config.Change@bc2ea86
01-01 05:46:25.998 1160 1160 D CompatConfig: Adding: com.android.server.compat.config.Change@f16df47
01-01 05:46:25.999 1160 1276 I SystemConfig: Reading permissions from /system/etc/sysconfig/qti_whitelist.xml
01-01 05:46:26.000 1160 1160 D CompatConfig: Adding: com.android.server.compat.config.Change@f7c609d
01-01 05:46:26.001 1160 1160 D CompatConfig: Adding: com.android.server.compat.config.Change@3d32912
01-01 05:46:26.003 1160 1160 D CompatConfig: Adding: com.android.server.compat.config.Change@d5828e3
01-01 05:46:26.005 1160 1276 I SystemConfig: Reading permissions from /system/etc/permissions/android.test.runner.xml
01-01 05:46:26.746 0 0 I qcom,camera ac50000.qcom,cci: qcom,cam-sensor2: Linked as a consumer to regulator.77
01-01 05:46:26.748 0 0 I binder : 1263:1263 ioctl 40046210 7ff085fd94 returned -22
01-01 05:46:26.006 1160 1276 I SystemConfig: Reading permissions from /system/etc/permissions/com.android.documentsui.xml
01-01 05:46:26.008 1160 1276 I SystemConfig: Reading permissions from /system/etc/permissions/org.apache.http.legacy.xml
01-01 05:46:26.011 1160 1160 D CompatConfig: Adding: com.android.server.compat.config.Change@4da703f
01-01 05:46:26.012 1160 1276 I SystemConfig: Reading permissions from /system/etc/permissions/com.android.networkstack.tethering.xml
01-01 05:46:26.013 1160 1160 D CompatConfig: Adding: com.android.server.compat.config.Change@ed80655
01-01 05:46:26.014 1160 1276 I SystemConfig: Reading permissions from /system/etc/permissions/android.software.webview.xml
01-01 05:46:26.016 1160 1160 D CompatConfig: Adding: com.android.server.compat.config.Change@a0fd15b
01-01 05:46:26.017 1160 1160 D CompatConfig: Adding: com.android.server.compat.config.Change@1e80df8
01-01 05:46:26.019 1160 1160 D CompatConfig: Adding: com.android.server.compat.config.Change@9dfb2d1
01-01 05:46:26.020 1160 1276 I SystemConfig: Reading permissions from /system/etc/permissions/android.software.live_wallpaper.xml
01-01 05:46:26.023 1160 1160 D CompatConfig: Adding: com.android.server.compat.config.Change@c702837
01-01 05:46:26.030 1160 1276 I SystemConfig: Reading permissions from /system/etc/permissions/com.android.future.usb.accessory.xml
01-01 05:46:26.032 1160 1160 D CompatConfig: Adding: com.android.server.compat.config.Change@6dbab0d
01-01 05:46:26.032 1160 1160 D CompatConfig: Adding: com.android.server.compat.config.Change@2b3fac2
01-01 05:46:26.034 1160 1276 I SystemConfig: Reading permissions from /system/etc/permissions/com.android.networkstack.xml
01-01 05:46:26.034 1160 1160 D CompatConfig: Adding: com.android.server.compat.config.Change@74aa410
01-01 05:46:26.035 1160 1160 D CompatConfig: Adding: com.android.server.compat.config.Change@d24eb09
01-01 05:46:26.037 1160 1160 D CompatConfig: Adding: com.android.server.compat.config.Change@a4b010e
01-01 05:46:26.039 1160 1160 D CompatConfig: Adding: com.android.server.compat.config.Change@b15e72f
01-01 05:46:26.043 1270 1270 I installd: installd firing up
01-01 05:46:26.048 1160 1276 I SystemConfig: Reading permissions from /system/etc/permissions/android.test.mock.xml
01-01 05:46:26.049 1160 1160 D CompatConfig: Adding: com.android.server.compat.config.Change@6a82ec5
01-01 05:46:26.052 1160 1160 D CompatConfig: Adding: com.android.server.compat.config.Change@53a201a
01-01 05:46:26.052 1160 1276 I SystemConfig: Reading permissions from /system/etc/permissions/com.android.media.remotedisplay.xml
01-01 05:46:26.053 1160 1160 D CompatConfig: Adding: com.android.server.compat.config.Change@476e528
01-01 05:46:26.054 1160 1160 D CompatConfig: Adding: com.android.server.compat.config.Change@561f241
01-01 05:46:26.055 1160 1160 D CompatConfig: Adding: com.android.server.compat.config.Change@1ca23e6
01-01 05:46:26.056 1160 1160 D CompatConfig: Adding: com.android.server.compat.config.Change@3e58d27
01-01 05:46:26.057 1160 1276 I SystemConfig: Reading permissions from /system/etc/permissions/uimremoteserver.xml
01-01 05:46:26.057 1160 1160 D CompatConfig: Adding: com.android.server.compat.config.Change@49a717d
01-01 05:46:26.058 1160 1160 D CompatConfig: Adding: com.android.server.compat.config.Change@8049872
01-01 05:46:26.059 1160 1276 I SystemConfig: Reading permissions from /system/etc/permissions/com.android.nfc_extras.xml
01-01 05:46:26.060 1160 1160 D CompatConfig: Adding: com.android.server.compat.config.Change@d973140
01-01 05:46:26.061 1160 1276 I SystemConfig: Reading permissions from /system/etc/permissions/privapp-permissions-qti.xml
01-01 05:46:26.791 0 0 I binder : 1270:1270 ioctl 40046210 7fcac5f984 returned -22
01-01 05:46:26.068 1160 1160 D CompatConfig: Adding: com.android.server.compat.config.Change@4ffc9be
01-01 05:46:26.069 1160 1276 I SystemConfig: Reading permissions from /system/etc/permissions/uimremoteclient.xml
01-01 05:46:26.071 1160 1276 I SystemConfig: Reading permissions from /system/etc/permissions/privapp-permissions-platform.xml
01-01 05:46:26.076 1160 1276 I SystemConfig: Reading permissions from /system/etc/permissions/com.android.mediadrm.signer.xml
01-01 05:46:26.078 1160 1160 D CompatConfig: Adding: com.android.server.compat.config.Change@eeac3ca
01-01 05:46:26.080 1160 1160 D CompatConfig: Adding: com.android.server.compat.config.Change@9d9193b
01-01 05:46:26.081 1160 1160 D CompatConfig: Adding: com.android.server.compat.config.Change@5c1e858
01-01 05:46:26.082 1160 1160 D CompatConfig: Adding: com.android.server.compat.config.Change@46aedb1
01-01 05:46:26.083 1160 1160 D CompatConfig: Adding: com.android.server.compat.config.Change@dd95296
01-01 05:46:26.084 1160 1160 D CompatConfig: Adding: com.android.server.compat.config.Change@2b60e17
01-01 05:46:26.085 1160 1160 D CompatConfig: Adding: com.android.server.compat.config.Change@c993204
01-01 05:46:26.086 1160 1160 D CompatConfig: Adding: com.android.server.compat.config.Change@d8fb3ed
01-01 05:46:26.087 1160 1160 D CompatConfig: Adding: com.android.server.compat.config.Change@5500222
01-01 05:46:26.089 1160 1160 D CompatConfig: Adding: com.android.server.compat.config.Change@c0374b3
01-01 05:46:26.089 1160 1276 I SystemConfig: Reading permissions from /system/etc/permissions/android.software.freeform_window_management.xml
01-01 05:46:26.090 1160 1160 D CompatConfig: Adding: com.android.server.compat.config.Change@4c0a1e9
01-01 05:46:26.815 0 0 I CAM_ERR : CAM-CCI: cam_cci_irq: 238 Base:ffffff801a045000, M0_Q1 NACK ERROR: 0x10000000
01-01 05:46:26.090 1160 1160 D CompatConfig: Adding: com.android.server.compat.config.Change@a901e6e
01-01 05:46:26.091 1160 1160 D CompatConfig: Adding: com.android.server.compat.config.Change@fb6a90f
01-01 05:46:26.092 1160 1160 D CompatConfig: Adding: com.android.server.compat.config.Change@8e2bd9c
01-01 05:46:26.093 1160 1160 D CompatConfig: Adding: com.android.server.compat.config.Change@f873a5
01-01 05:46:26.093 1160 1160 D CompatConfig: Adding: com.android.server.compat.config.Change@3a3b37a
01-01 05:46:26.094 1160 1160 D CompatConfig: Adding: com.android.server.compat.config.Change@7bec72b
01-01 05:46:26.095 1160 1160 D CompatConfig: Adding: com.android.server.compat.config.Change@32c1788
01-01 05:46:26.095 1160 1160 D CompatConfig: Adding: com.android.server.compat.config.Change@421a521
01-01 05:46:26.096 1160 1160 D CompatConfig: Adding: com.android.server.compat.config.Change@b298d46
01-01 05:46:26.097 1160 1160 D CompatConfig: Adding: com.android.server.compat.config.Change@3e0ab07
01-01 05:46:26.098 1160 1160 D CompatConfig: Adding: com.android.server.compat.config.Change@92f2434
01-01 05:46:26.099 1160 1160 D CompatConfig: Adding: com.android.server.compat.config.Change@a52725d
01-01 05:46:26.100 1160 1160 D CompatConfig: Adding: com.android.server.compat.config.Change@4e137d2
01-01 05:46:26.107 1160 1160 D CompatConfig: Adding: com.android.server.compat.config.Change@152f0a3
01-01 05:46:26.110 1160 1160 D CompatConfig: Adding: com.android.server.compat.config.Change@6b44fa0
01-01 05:46:26.111 1160 1160 D CompatConfig: Found a config file: /system/etc/compatconfig/documents-ui-compat-config.xml
01-01 05:46:26.846 0 0 W : ------------[ cut here ]------------
01-01 05:46:26.853 0 0 I CAM_ERR : CAM-CCI: cam_cci_read: 1306 ERROR with Slave 0x6c:
01-01 05:46:26.142 1160 1160 D CompatConfig: Adding: com.android.server.compat.config.Change@ef6ff1e
01-01 05:46:26.144 1160 1160 D CompatConfig: Found a config file: /system/etc/compatconfig/services-platform-compat-config.xml
01-01 05:46:26.147 1160 1160 D CompatConfig: Adding: com.android.server.compat.config.Change@99ec5cc
01-01 05:46:26.864 0 0 W : Unbalanced enable for IRQ 456
01-01 05:46:26.864 0 0 W : WARNING: CPU: 4 PID: 46 at kernel/irq/manage.c:621 enable_irq+0x98/0xf0
01-01 05:46:26.864 0 0 I : Modules linked in: wlan(O+) machine_dlkm(O) wcd938x_slave_dlkm(O) wcd938x_dlkm(O) wcd9xxx_dlkm(O) mbhc_dlkm(O) tx_macro_dlkm(O) rx_macro_dlkm(O) va_macro_dlkm(O) wsa_macro_dlkm(O) swr_ctrl_dlkm(O) bolero_cdc_dlkm(O) wsa881x_dlkm(O) wcd_core_dlkm(O) stub_dlkm(O) hdmi_dlkm(O) swr_dlkm(O) pinctrl_lpi_dlkm(O) pinctrl_wcd_dlkm(O) usf_dlkm(O) native_dlkm(O) platform_dlkm(O) q6_dlkm(O) adsp_loader_dlkm(O) apr_dlkm(O) snd_event_dlkm(O) q6_notifier_dlkm(O) q6_pdr_dlkm(O) msm_11ad_proxy
01-01 05:46:26.864 0 0 I : CPU: 4 PID: 46 Comm: kworker/4:0 Tainted: G S W O 4.19.157+ #1
01-01 05:46:26.864 0 0 I Hardware name: Qualcomm Technologies, Inc. kona MTP-RmPM8150b (DT)
01-01 05:46:26.864 0 0 I Workqueue: pm pm_runtime_work
01-01 05:46:26.864 0 0 I pstate : 60c00085 (nZCv daIf +PAN +UAO)
01-01 05:46:26.864 0 0 I pc : enable_irq+0x98/0xf0
01-01 05:46:26.864 0 0 I lr : enable_irq+0x98/0xf0
01-01 05:46:26.864 0 0 I sp : ffffff8008343af0
01-01 05:46:26.864 0 0 I : x29: ffffff8008343b00 x28: 0000000000000002
01-01 05:46:26.864 0 0 I : x27: 0000000000000000 x26: ffffffdf4d1f7bfd
01-01 05:46:26.864 0 0 I : x25: 0000000000000000 x24: ffffff94c2b6a8b0
01-01 05:46:26.864 0 0 I : x23: ffffffdf4d1f5f59 x22: ffffffdf4d1f79c8
01-01 05:46:26.864 0 0 I : x21: ffffffdf4b4d2890 x20: 00000000000001c8
01-01 05:46:26.864 0 0 I : x19: ffffffdf4d3b4880 x18: 0000000000000030
01-01 05:46:26.864 0 0 I : x17: ffffff94c5ef4000 x16: 00000000fffaa978
01-01 05:46:26.864 0 0 I : x15: 00000000000aa978 x14: ffffffdfb7e30008
01-01 05:46:26.864 0 0 I : x13: 0000000000000000 x12: 00000000000000e0
01-01 05:46:26.864 0 0 I : x11: 0000000000000000 x10: 0000000000000001
01-01 05:46:26.864 0 0 I : x9 : 4304270be4426a00 x8 : 4304270be4426a00
01-01 05:46:26.864 0 0 I : x7 : ffffff94c2382134 x6 : 0000000000000000
01-01 05:46:26.864 0 0 I : x5 : 0000000000000080 x4 : 0000000000000001
01-01 05:46:26.864 0 0 I : x3 : 0000000000000000 x2 : 0000000000000007
01-01 05:46:26.864 0 0 I : x1 : 0000000000000007 x0 : 000000000000001d
01-01 05:46:26.864 0 0 I Call trace:
01-01 05:46:26.864 0 0 I : enable_irq+0x98/0xf0
01-01 05:46:26.864 0 0 I : swrm_runtime_suspend+0x480/0x608 [swr_ctrl_dlkm]
01-01 05:46:26.864 0 0 I : pm_generic_runtime_suspend+0x34/0x48
01-01 05:46:26.864 0 0 I : __rpm_callback+0x128/0x230
01-01 05:46:26.864 0 0 I : rpm_suspend+0x468/0x820
01-01 05:46:26.864 0 0 I : rpm_idle+0x5bc/0x600
01-01 05:46:26.864 0 0 I : pm_runtime_work+0x7c/0xa8
01-01 05:46:26.864 0 0 I : process_one_work+0x38c/0x660
01-01 05:46:26.864 0 0 I : worker_thread+0x268/0x4b8
01-01 05:46:26.864 0 0 I : kthread+0x140/0x150
01-01 05:46:26.864 0 0 I : ret_from_fork+0x10/0x1c
01-01 05:46:26.864 0 0 I : irq event stamp: 77390
01-01 05:46:26.864 0 0 I : hardirqs last enabled at (77389): [] _raw_spin_unlock_irqrestore+0x44/0x88
01-01 05:46:26.864 0 0 I : hardirqs last disabled at (77390): [] _raw_spin_lock_irqsave+0x28/0x98
01-01 05:46:26.882 0 0 I binder : 1278:1278 ioctl 40046210 7fe0f40334 returned -22
01-01 05:46:26.887 0 0 I : softirqs last enabled at (74666): [] peernet2id+0x54/0x68
01-01 05:46:26.887 0 0 I : softirqs last disabled at (74664): [] peernet2id+0x28/0x68
01-01 05:46:26.887 0 0 W : ---[ end trace cc1958ff7a714b53 ]---
01-01 05:46:26.906 0 0 I CAM_ERR : CAM-CCI: cam_cci_read_bytes: 1561 failed to read rc:-22
01-01 05:46:26.149 1160 1160 D CompatConfig: Adding: com.android.server.compat.config.Change@a69015
01-01 05:46:26.149 1160 1160 D CompatConfig: Adding: com.android.server.compat.config.Change@c0fef2a
01-01 05:46:26.150 1160 1160 D CompatConfig: Adding: com.android.server.compat.config.Change@223d11b
01-01 05:46:26.152 1160 1160 D CompatConfig: Adding: com.android.server.compat.config.Change@8d872b8
01-01 05:46:26.153 1160 1160 D CompatConfig: Adding: com.android.server.compat.config.Change@96d1891
01-01 05:46:26.153 1160 1276 I SystemConfig: Reading permissions from /system/etc/permissions/android.test.base.xml
01-01 05:46:26.154 1160 1276 I SystemConfig: Reading permissions from /system/etc/permissions/com.android.location.provider.xml
01-01 05:46:26.155 1160 1276 I SystemConfig: Reading permissions from /system/etc/permissions/javax.obex.xml
01-01 05:46:26.156 1160 1276 I SystemConfig: Reading permissions from /system/etc/permissions/platform.xml
01-01 05:46:26.161 1160 1160 D CompatConfig: Adding: com.android.server.compat.config.Change@9c33982
01-01 05:46:26.163 1160 1276 I SystemConfig: Reading permissions from /vendor/etc/permissions/android.hardware.camera.flash-autofocus.xml
01-01 05:46:26.164 1160 1276 I SystemConfig: Reading permissions from /vendor/etc/permissions/android.software.midi.xml
01-01 05:46:26.165 1160 1276 I SystemConfig: Reading permissions from /vendor/etc/permissions/android.hardware.wifi.rtt.xml
01-01 05:46:26.166 1160 1276 I SystemConfig: Reading permissions from /vendor/etc/permissions/android.hardware.telephony.gsm.xml
01-01 05:46:26.172 1160 1276 I SystemConfig: Reading permissions from /vendor/etc/permissions/qti_fingerprint_interface.xml
01-01 05:46:26.174 1160 1276 I SystemConfig: Reading permissions from /vendor/etc/permissions/android.hardware.nfc.hce.xml
01-01 05:46:26.177 1160 1276 I SystemConfig: Reading permissions from /vendor/etc/permissions/vendor.qti.hardware.factory.xml
01-01 05:46:26.177 1160 1160 D CompatConfig: Adding: com.android.server.compat.config.Change@19a76da
01-01 05:46:26.179 1160 1160 D CompatConfig: Adding: com.android.server.compat.config.Change@597370b
01-01 05:46:26.179 1160 1160 D CompatConfig: Adding: com.android.server.compat.config.Change@1a9f9e8
01-01 05:46:26.180 1160 1160 D CompatConfig: Adding: com.android.server.compat.config.Change@f44801
01-01 05:46:26.182 1160 1160 D CompatConfig: Adding: com.android.server.compat.config.Change@7b926a6
01-01 05:46:26.183 1160 1160 D CompatConfig: Adding: com.android.server.compat.config.Change@e0038e7
01-01 05:46:26.183 1160 1160 D CompatConfig: Adding: com.android.server.compat.config.Change@118cc94
01-01 05:46:26.184 1160 1276 I SystemConfig: Reading permissions from /vendor/etc/permissions/android.hardware.se.omapi.ese.xml
01-01 05:46:26.184 1160 1160 D CompatConfig: Adding: com.android.server.compat.config.Change@fc10732
01-01 05:46:26.185 1160 1160 D CompatConfig: Adding: com.android.server.compat.config.Change@80d7c83
01-01 05:46:26.186 1160 1160 D CompatConfig: Adding: com.android.server.compat.config.Change@a001e00
