08-16 16:52:12.643 1160 1160 I SystemServerTiming: OnBootPhase_550_com.android.server.power.ThermalManagerService
08-16 16:52:12.646 1160 1160 I ThermalHalWrapper: Thermal HAL 2.0 service connected.
08-16 16:52:12.646 1160 1160 E ThermalHalWrapper: Couldn't get temperatures because of HAL error: ThermalHAL not initialized properly.
08-16 16:52:12.646 1160 1160 W ThermalManagerService: Thermal HAL reported invalid data, abort connection
08-16 16:52:12.647 1160 1160 E ThermalHalWrapper: Couldn't get temperature thresholds because of HAL error: ThermalHAL not initialized properly.
08-16 16:52:12.647 1160 1160 D SystemServerTiming: OnBootPhase_550_com.android.server.power.ThermalManagerService took to complete: 5ms
08-16 16:52:12.647 1160 1160 I SystemServerTiming: OnBootPhase_550_com.android.server.power.hint.HintManagerService
08-16 16:52:12.647 1160 1160 D SystemServerTiming: OnBootPhase_550_com.android.server.power.hint.HintManagerService took to complete: 0ms
08-16 16:52:12.647 1160 1160 I SystemServerTiming: OnBootPhase_550_com.android.server.recoverysystem.RecoverySystemService$Lifecycle
08-16 16:52:12.647 1160 1160 D SystemServerTiming: OnBootPhase_550_com.android.server.recoverysystem.RecoverySystemService$Lifecycle took to complete: 0ms
08-16 16:52:12.647 1160 1160 I SystemServerTiming: OnBootPhase_550_com.android.server.lights.LightsService
08-16 16:52:12.647 1160 1160 D SystemServerTiming: OnBootPhase_550_com.android.server.lights.LightsService took to complete: 0ms
08-16 16:52:12.647 1160 1160 I SystemServerTiming: OnBootPhase_550_com.android.server.display.DisplayManagerService
08-16 16:52:12.648 1160 1160 D SystemServerTiming: OnBootPhase_550_com.android.server.display.DisplayManagerService took to complete: 0ms
08-16 16:52:12.648 1160 1160 I SystemServerTiming: OnBootPhase_550_com.android.server.pm.verify.domain.DomainVerificationService
08-16 16:52:12.648 1160 1160 D SystemServerTiming: OnBootPhase_550_com.android.server.pm.verify.domain.DomainVerificationService took to complete: 0ms
08-16 16:52:12.648 1160 1160 I SystemServerTiming: OnBootPhase_550_com.android.server.pm.PackageInstallerService$Lifecycle
08-16 16:52:12.648 1160 1160 D SystemServerTiming: OnBootPhase_550_com.android.server.pm.PackageInstallerService$Lifecycle took to complete: 0ms
08-16 16:52:12.648 1160 1160 I SystemServerTiming: OnBootPhase_550_com.android.server.pm.UserManagerService$LifeCycle
08-16 16:52:12.648 1160 1160 D SystemServerTiming: OnBootPhase_550_com.android.server.pm.UserManagerService$LifeCycle took to complete: 0ms
08-16 16:52:12.648 1160 1160 I SystemServerTiming: OnBootPhase_550_com.android.server.om.OverlayManagerService
08-16 16:52:12.648 1160 1160 D SystemServerTiming: OnBootPhase_550_com.android.server.om.OverlayManagerService took to complete: 0ms
08-16 16:52:12.648 1160 1160 I SystemServerTiming: OnBootPhase_550_com.android.server.SensorPrivacyService
08-16 16:52:12.648 1160 1160 D SystemServerTiming: OnBootPhase_550_com.android.server.SensorPrivacyService took to complete: 0ms
08-16 16:52:12.648 1160 1160 I SystemServerTiming: OnBootPhase_550_com.android.server.sensors.SensorService
08-16 16:52:12.648 1160 1160 D SystemServerTiming: OnBootPhase_550_com.android.server.sensors.SensorService took to complete: 0ms
08-16 16:52:12.648 1160 1160 I SystemServerTiming: OnBootPhase_550_com.android.server.SystemConfigService
08-16 16:52:12.648 1160 1160 D SystemServerTiming: OnBootPhase_550_com.android.server.SystemConfigService took to complete: 0ms
08-16 16:52:12.648 1160 1160 I SystemServerTiming: OnBootPhase_550_com.android.server.BatteryService
08-16 16:52:12.649 1160 1160 D SystemServerTiming: OnBootPhase_550_com.android.server.BatteryService took to complete: 0ms
08-16 16:52:12.649 1160 1160 I SystemServerTiming: OnBootPhase_550_com.android.server.usage.UsageStatsService
08-16 16:52:12.649 1160 1160 D SystemServerTiming: OnBootPhase_550_com.android.server.usage.UsageStatsService took to complete: 0ms
08-16 16:52:12.649 1160 1160 I SystemServerTiming: OnBootPhase_550_com.android.server.webkit.WebViewUpdateService
08-16 16:52:12.649 1160 1160 D SystemServerTiming: OnBootPhase_550_com.android.server.webkit.WebViewUpdateService took to complete: 0ms
08-16 16:52:12.649 1160 1160 I SystemServerTiming: OnBootPhase_550_com.android.server.CachedDeviceStateService
08-16 16:52:12.650 1160 1160 D SystemServerTiming: OnBootPhase_550_com.android.server.CachedDeviceStateService took to complete: 0ms
08-16 16:52:12.650 1160 1160 I SystemServerTiming: OnBootPhase_550_com.android.server.BinderCallsStatsService$LifeCycle
08-16 16:52:12.650 1160 1160 D SystemServerTiming: OnBootPhase_550_com.android.server.BinderCallsStatsService$LifeCycle took to complete: 0ms
08-16 16:52:12.650 1160 1160 I SystemServerTiming: OnBootPhase_550_com.android.server.LooperStatsService$Lifecycle
08-16 16:52:12.650 1160 1160 D SystemServerTiming: OnBootPhase_550_com.android.server.LooperStatsService$Lifecycle took to complete: 0ms
08-16 16:52:12.650 1160 1160 I SystemServerTiming: OnBootPhase_550_com.android.server.rollback.RollbackManagerService
08-16 16:52:12.650 1160 1160 D SystemServerTiming: OnBootPhase_550_com.android.server.rollback.RollbackManagerService took to complete: 0ms
08-16 16:52:12.650 1160 1160 I SystemServerTiming: OnBootPhase_550_com.android.server.os.NativeTombstoneManagerService
08-16 16:52:12.651 1160 1160 D SystemServerTiming: OnBootPhase_550_com.android.server.os.NativeTombstoneManagerService took to complete: 0ms
08-16 16:52:12.651 1160 1160 I SystemServerTiming: OnBootPhase_550_com.android.server.os.BugreportManagerService
08-16 16:52:12.651 1160 1160 D SystemServerTiming: OnBootPhase_550_com.android.server.os.BugreportManagerService took to complete: 0ms
08-16 16:52:12.651 1160 1160 I SystemServerTiming: OnBootPhase_550_com.android.server.gpu.GpuService
08-16 16:52:12.651 1160 1160 D SystemServerTiming: OnBootPhase_550_com.android.server.gpu.GpuService took to complete: 0ms
08-16 16:52:12.651 1160 1160 I SystemServerTiming: OnBootPhase_550_com.android.server.security.KeyChainSystemService
08-16 16:52:12.651 1160 1160 D SystemServerTiming: OnBootPhase_550_com.android.server.security.KeyChainSystemService took to complete: 0ms
08-16 16:52:12.651 1160 1160 I SystemServerTiming: OnBootPhase_550_com.android.server.telecom.TelecomLoaderService
08-16 16:52:12.656 1160 1160 W ActivityManager: Too early to start/bind service in system_server: Phase=550 ComponentInfo{com.android.server.telecom/com.android.server.telecom.components.TelecomService}
08-16 16:52:12.658 1160 1160 W ActivityManager: Too early to start/bind service in system_server: Phase=550 ComponentInfo{com.android.server.telecom/com.android.server.telecom.components.TelecomService}
08-16 16:52:12.659 1160 1160 D SystemServerTiming: OnBootPhase_550_com.android.server.telecom.TelecomLoaderService took to complete: 8ms
08-16 16:52:12.659 1160 1160 I SystemServerTiming: OnBootPhase_550_com.android.server.accounts.AccountManagerService$Lifecycle
08-16 16:52:12.659 1160 1160 D SystemServerTiming: OnBootPhase_550_com.android.server.accounts.AccountManagerService$Lifecycle took to complete: 0ms
08-16 16:52:12.659 1160 1160 I SystemServerTiming: OnBootPhase_550_com.android.server.content.ContentService$Lifecycle
08-16 16:52:12.662 1160 1160 I SyncManager: No initial accounts
01-01 05:46:33.062 0 0 I cnss-daemon: Hardware supports external modem
01-01 05:46:33.092 0 0 I cnss-daemon: pm_release_vote: pm_handle is NULL
08-16 16:52:12.668 1160 1160 D SystemServerTiming: OnBootPhase_550_com.android.server.content.ContentService$Lifecycle took to complete: 9ms
08-16 16:52:12.668 1160 1160 I SystemServerTiming: OnBootPhase_550_com.android.server.DropBoxManagerService
08-16 16:52:12.668 1160 1160 D SystemServerTiming: OnBootPhase_550_com.android.server.DropBoxManagerService took to complete: 0ms
08-16 16:52:12.668 1160 1160 I SystemServerTiming: OnBootPhase_550_com.android.role.RoleService
08-16 16:52:12.669 1160 1160 D SystemServerTiming: OnBootPhase_550_com.android.role.RoleService took to complete: 0ms
01-01 05:46:33.093 0 0 I cnss-daemon: pm_release_vote: pm_handle is NULL
08-16 16:52:12.669 1160 1160 I SystemServerTiming: OnBootPhase_550_com.android.server.vibrator.VibratorManagerService$Lifecycle
08-16 16:52:12.670 1160 1160 D SystemServerTiming: OnBootPhase_550_com.android.server.vibrator.VibratorManagerService$Lifecycle took to complete: 0ms
08-16 16:52:12.670 1160 1160 I SystemServerTiming: OnBootPhase_550_com.android.server.alarm.AlarmManagerService
08-16 16:52:12.670 1160 1160 D SystemServerTiming: OnBootPhase_550_com.android.server.alarm.AlarmManagerService took to complete: 0ms
08-16 16:52:12.670 1160 1160 I SystemServerTiming: OnBootPhase_550_com.android.server.devicestate.DeviceStateManagerService
08-16 16:52:12.670 1160 1160 D SystemServerTiming: OnBootPhase_550_com.android.server.devicestate.DeviceStateManagerService took to complete: 0ms
08-16 16:52:12.670 1160 1160 I SystemServerTiming: OnBootPhase_550_com.android.server.camera.CameraServiceProxy
08-16 16:52:12.670 1160 1160 D SystemServerTiming: OnBootPhase_550_com.android.server.camera.CameraServiceProxy took to complete: 0ms
08-16 16:52:12.671 1160 1160 I SystemServerTiming: OnBootPhase_550_com.android.server.BluetoothService
08-16 16:52:12.671 1160 1160 D BluetoothManagerService: Bluetooth boot completed
08-16 16:52:12.671 1160 1160 D BluetoothManagerService: Auto-enabling Bluetooth.
08-16 16:52:12.675 1160 1266 D BluetoothManagerService: MESSAGE_ENABLE(0): mBluetooth = null
08-16 16:52:12.675 1160 1266 D BluetoothManagerService: MESSAGE_ENABLE: handleEnable
08-16 16:52:12.675 1160 1266 D BluetoothManagerService: binding Bluetooth service
01-01 05:46:33.093 0 0 I cnss-daemon: wlfw_build_cal_table: not read /data/vendor/wifi/wlfw_cal_00.bin
08-16 16:52:12.681 1160 1836 I DropBoxManagerService: add tag=system_server_wtf isTagEnabled=true flags=0x2
08-16 16:52:12.683 1160 1837 I DropBoxManagerService: add tag=system_server_wtf isTagEnabled=true flags=0x2
01-01 05:46:33.102 0 0 I cnss-daemon: wlfw_build_cal_table: not read /data/vendor/wifi/wlfw_cal_02.bin
01-01 05:46:33.108 0 0 D cnss : Received QMI WLFW request memory indication
01-01 05:46:33.108 0 0 D cnss : FW requests for memory, size: 0x5e0000, type: 1
01-01 05:46:33.108 0 0 D cnss : FW requests for memory, size: 0xd8000, type: 4
01-01 05:46:33.108 0 0 D cnss : Posting event: REQUEST_MEM(2), state: 0x11 flags: 0x0
01-01 05:46:33.108 0 0 D cnss : PM stay awake, state: 0x11, count: 1
01-01 05:46:33.109 0 0 D cnss : Processing driver event: REQUEST_MEM(2), state: 0x11
01-01 05:46:33.109 0 0 D cnss : Sending respond memory message, state: 0x11
01-01 05:46:33.109 0 0 D cnss : Memory for FW, va: 0xffffff8026596000, pa: 0x00000000a1000000, size: 0x5e0000, type: 1
01-01 05:46:33.109 0 0 D cnss : Memory for FW, va: 0xffffff8020afd000, pa: 0x00000000a1600000, size: 0xd8000, type: 4
01-01 05:46:33.112 0 0 D cnss : PM relax, state: 0x11, count: 0
01-01 05:46:33.114 0 0 D cnss : Received QMI WLFW FW memory ready indication
01-01 05:46:33.114 0 0 D cnss : Posting event: FW_MEM_READY(3), state: 0x11 flags: 0x0
01-01 05:46:33.114 0 0 D cnss : PM stay awake, state: 0x11, count: 1
01-01 05:46:33.114 0 0 D cnss : PM relax, state: 0x11, count: 0
01-01 05:46:33.114 0 0 D cnss : PM stay awake, state: 0x11, count: 1
01-01 05:46:33.114 0 0 D cnss : Processing driver event: FW_MEM_READY(3), state: 0x11
01-01 05:46:33.114 0 0 D cnss : Sending target capability message, state: 0x13
08-16 16:52:12.692 1160 1266 D CompatibilityChangeReporter: Compat change id reported: 135634846; UID 1002; state: DISABLED
08-16 16:52:12.692 1160 1266 D CompatibilityChangeReporter: Compat change id reported: 177438394; UID 1002; state: DISABLED
08-16 16:52:12.693 1160 1266 D CompatibilityChangeReporter: Compat change id reported: 135772972; UID 1002; state: DISABLED
08-16 16:52:12.693 1160 1266 D CompatibilityChangeReporter: Compat change id reported: 135754954; UID 1002; state: ENABLED
08-16 16:52:12.693 1160 1266 D BluetoothManagerService: Binding BT service. Current user: 0
08-16 16:52:12.694 1160 1160 D SystemServerTiming: OnBootPhase_550_com.android.server.BluetoothService took to complete: 24ms
08-16 16:52:12.694 1160 1160 I SystemServerTiming: OnBootPhase_550_com.android.server.connectivity.IpConnectivityMetrics
08-16 16:52:12.694 1160 1160 D SystemServerTiming: OnBootPhase_550_com.android.server.connectivity.IpConnectivityMetrics took to complete: 0ms
08-16 16:52:12.694 1160 1160 I SystemServerTiming: OnBootPhase_550_com.android.server.net.watchlist.NetworkWatchlistService$Lifecycle
08-16 16:52:12.695 1160 1160 D SystemServerTiming: OnBootPhase_550_com.android.server.net.watchlist.NetworkWatchlistService$Lifecycle took to complete: 1ms
08-16 16:52:12.696 1160 1160 I SystemServerTiming: OnBootPhase_550_com.android.server.PinnerService
08-16 16:52:12.696 1160 1160 D SystemServerTiming: OnBootPhase_550_com.android.server.PinnerService took to complete: 0ms
08-16 16:52:12.696 1160 1160 I SystemServerTiming: OnBootPhase_550_com.google.android.startop.iorap.IorapForwardingService
08-16 16:52:12.696 1160 1160 D SystemServerTiming: OnBootPhase_550_com.google.android.startop.iorap.IorapForwardingService took to complete: 0ms
08-16 16:52:12.696 1160 1160 I SystemServerTiming: OnBootPhase_550_com.android.server.ActivityTriggerService
08-16 16:52:12.696 1160 1160 D SystemServerTiming: OnBootPhase_550_com.android.server.ActivityTriggerService took to complete: 0ms
08-16 16:52:12.696 1160 1160 I SystemServerTiming: OnBootPhase_550_com.android.server.integrity.AppIntegrityManagerService
08-16 16:52:12.696 1160 1160 D SystemServerTiming: OnBootPhase_550_com.android.server.integrity.AppIntegrityManagerService took to complete: 0ms
08-16 16:52:12.696 1160 1160 I SystemServerTiming: OnBootPhase_550_com.android.server.inputmethod.InputMethodManagerService$Lifecycle
01-01 05:46:33.126 0 0 D cnss : Voltage for CPR: 948mV
01-01 05:46:33.126 0 0 D cnss : Update TCS CMD data address 0x000000000b2e5844 with voltage 950mV
01-01 05:46:33.126 0 0 D cnss : Device frequency is 24000000 HZ
01-01 05:46:33.126 0 0 D cnss : Target capability: chip_id: 0x0, chip_family: 0xb, board_id: 0xff, soc_id: 0xffffffff, fw_version: 0x101a0521, fw_build_timestamp: 2021-12-20 07:54, fw_build_id: QC_IMAGE_VERSION_STRING=WLAN.HST.1.0.1.r1-01313-QCAHSTSWPL_SILICONZ-1, otp_version: 0x0
01-01 05:46:33.126 0 0 D cnss : Sending BDF download message, state: 0x13, type: 4
01-01 05:46:33.126 0 0 D cnss : FW name added with prefix: qca6390/regdb.bin
01-01 05:46:33.126 0 0 W cnss2 b0000000.qcom,cnss-qca6390: Falling back to syfs fallback for: qca6390/regdb.bin
01-01 05:46:33.139 0 0 I ueventd : firmware: loading 'qca6390/regdb.bin' for '/devices/platform/soc/b0000000.qcom,cnss-qca6390/firmware/qca6390!regdb.bin'
08-16 16:52:12.726 1160 1160 D SystemServerTiming: OnBootPhase_550_com.android.server.inputmethod.InputMethodManagerService$Lifecycle took to complete: 29ms
08-16 16:52:12.726 1160 1160 I SystemServerTiming: OnBootPhase_550_com.android.server.accessibility.AccessibilityManagerService$Lifecycle
08-16 16:52:12.726 1160 1160 D SystemServerTiming: OnBootPhase_550_com.android.server.accessibility.AccessibilityManagerService$Lifecycle took to complete: 0ms
08-16 16:52:12.726 1160 1160 I SystemServerTiming: OnBootPhase_550_com.android.server.StorageManagerService$Lifecycle
08-16 16:52:12.726 1160 1160 D SystemServerTiming: OnBootPhase_550_com.android.server.StorageManagerService$Lifecycle took to complete: 0ms
08-16 16:52:12.726 1160 1160 I SystemServerTiming: OnBootPhase_550_com.android.server.usage.StorageStatsService$Lifecycle
08-16 16:52:12.726 1160 1160 D SystemServerTiming: OnBootPhase_550_com.android.server.usage.StorageStatsService$Lifecycle took to complete: 0ms
08-16 16:52:12.726 1160 1160 I SystemServerTiming: OnBootPhase_550_com.android.server.UiModeManagerService
08-16 16:52:12.727 1160 1160 D SystemServerTiming: OnBootPhase_550_com.android.server.UiModeManagerService took to complete: 0ms
08-16 16:52:12.727 1160 1160 I SystemServerTiming: OnBootPhase_550_com.android.server.locksettings.LockSettingsService$Lifecycle
08-16 16:52:12.728 1160 1160 I RebootEscrowManager: No reboot escrow data found for users, skipping loading escrow data
08-16 16:52:12.730 1160 1160 D SystemServerTiming: OnBootPhase_550_com.android.server.locksettings.LockSettingsService$Lifecycle took to complete: 4ms
08-16 16:52:12.730 1160 1160 I SystemServerTiming: OnBootPhase_550_com.android.server.PersistentDataBlockService
08-16 16:52:12.730 1160 1160 D SystemServerTiming: OnBootPhase_550_com.android.server.PersistentDataBlockService took to complete: 0ms
08-16 16:52:12.730 1160 1160 I SystemServerTiming: OnBootPhase_550_com.android.server.testharness.TestHarnessModeService
08-16 16:52:12.730 1160 1160 D SystemServerTiming: OnBootPhase_550_com.android.server.testharness.TestHarnessModeService took to complete: 0ms
08-16 16:52:12.730 1160 1160 I SystemServerTiming: OnBootPhase_550_com.android.server.oemlock.OemLockService
08-16 16:52:12.731 1160 1160 D SystemServerTiming: OnBootPhase_550_com.android.server.oemlock.OemLockService took to complete: 0ms
08-16 16:52:12.731 1160 1160 I SystemServerTiming: OnBootPhase_550_com.android.server.DeviceIdleController
08-16 16:52:12.731 1160 1160 D SystemServerTiming: OnBootPhase_550_com.android.server.DeviceIdleController took to complete: 0ms
08-16 16:52:12.731 1160 1160 I SystemServerTiming: OnBootPhase_550_com.android.server.devicepolicy.DevicePolicyManagerService$Lifecycle
08-16 16:52:12.731 1160 1160 D SystemServerTiming: OnBootPhase_550_com.android.server.devicepolicy.DevicePolicyManagerService$Lifecycle took to complete: 0ms
08-16 16:52:12.731 1160 1160 I SystemServerTiming: OnBootPhase_550_com.android.server.texttospeech.TextToSpeechManagerService
08-16 16:52:12.731 1160 1160 D SystemServerTiming: OnBootPhase_550_com.android.server.texttospeech.TextToSpeechManagerService took to complete: 0ms
08-16 16:52:12.731 1160 1160 I SystemServerTiming: OnBootPhase_550_com.android.server.speech.SpeechRecognitionManagerService
08-16 16:52:12.731 1160 1160 D SystemServerTiming: OnBootPhase_550_com.android.server.speech.SpeechRecognitionManagerService took to complete: 0ms
08-16 16:52:12.731 1160 1160 I SystemServerTiming: OnBootPhase_550_com.android.server.searchui.SearchUiManagerService
08-16 16:52:12.731 1160 1160 D SystemServerTiming: OnBootPhase_550_com.android.server.searchui.SearchUiManagerService took to complete: 0ms
08-16 16:52:12.731 1160 1160 I SystemServerTiming: OnBootPhase_550_com.android.server.smartspace.SmartspaceManagerService
08-16 16:52:12.731 1160 1160 D SystemServerTiming: OnBootPhase_550_com.android.server.smartspace.SmartspaceManagerService took to complete: 0ms
08-16 16:52:12.731 1160 1160 I SystemServerTiming: OnBootPhase_550_com.android.server.graphics.fonts.FontManagerService$Lifecycle
08-16 16:52:12.731 1160 1160 D SystemServerTiming: OnBootPhase_550_com.android.server.graphics.fonts.FontManagerService$Lifecycle took to complete: 0ms
08-16 16:52:12.731 1160 1160 I SystemServerTiming: OnBootPhase_550_com.android.server.textservices.TextServicesManagerService$Lifecycle
08-16 16:52:12.731 1160 1160 D SystemServerTiming: OnBootPhase_550_com.android.server.textservices.TextServicesManagerService$Lifecycle took to complete: 0ms
08-16 16:52:12.731 1160 1160 I SystemServerTiming: OnBootPhase_550_com.android.server.textclassifier.TextClassificationManagerService$Lifecycle
08-16 16:52:12.731 1160 1160 D SystemServerTiming: OnBootPhase_550_com.android.server.textclassifier.TextClassificationManagerService$Lifecycle took to complete: 0ms
08-16 16:52:12.732 1160 1160 I SystemServerTiming: OnBootPhase_550_com.android.server.NetworkScoreService$Lifecycle
08-16 16:52:12.732 1160 1160 D SystemServerTiming: OnBootPhase_550_com.android.server.NetworkScoreService$Lifecycle took to complete: 0ms
08-16 16:52:12.732 1160 1160 I SystemServerTiming: OnBootPhase_550_com.android.server.wifi.WifiService
08-16 16:52:12.732 1160 1160 D SystemServerTiming: OnBootPhase_550_com.android.server.wifi.WifiService took to complete: 0ms
08-16 16:52:12.732 1160 1160 I SystemServerTiming: OnBootPhase_550_com.android.server.wifi.scanner.WifiScanningService
08-16 16:52:12.732 1160 1160 D SystemServerTiming: OnBootPhase_550_com.android.server.wifi.scanner.WifiScanningService took to complete: 0ms
08-16 16:52:12.732 1160 1160 I SystemServerTiming: OnBootPhase_550_com.android.server.wifi.rtt.RttService
08-16 16:52:12.732 1160 1160 D SystemServerTiming: OnBootPhase_550_com.android.server.wifi.rtt.RttService took to complete: 0ms
08-16 16:52:12.732 1160 1160 I SystemServerTiming: OnBootPhase_550_com.android.server.wifi.aware.WifiAwareService
08-16 16:52:12.732 1160 1160 D SystemServerTiming: OnBootPhase_550_com.android.server.wifi.aware.WifiAwareService took to complete: 0ms
08-16 16:52:12.732 1160 1160 I SystemServerTiming: OnBootPhase_550_com.android.server.wifi.p2p.WifiP2pService
08-16 16:52:12.732 1160 1160 D SystemServerTiming: OnBootPhase_550_com.android.server.wifi.p2p.WifiP2pService took to complete: 0ms
08-16 16:52:12.732 1160 1160 I SystemServerTiming: OnBootPhase_550_com.android.server.ethernet.EthernetService
08-16 16:52:12.732 1160 1160 D SystemServerTiming: OnBootPhase_550_com.android.server.ethernet.EthernetService took to complete: 0ms
08-16 16:52:12.732 1160 1160 I SystemServerTiming: OnBootPhase_550_com.android.server.ConnectivityServiceInitializer
08-16 16:52:12.732 1160 1160 D SystemServerTiming: OnBootPhase_550_com.android.server.ConnectivityServiceInitializer took to complete: 0ms
08-16 16:52:12.733 1160 1160 I SystemServerTiming: OnBootPhase_550_com.android.server.notification.NotificationManagerService
08-16 16:52:12.733 1160 1160 D SystemServerTiming: OnBootPhase_550_com.android.server.notification.NotificationManagerService took to complete: 0ms
08-16 16:52:12.733 1160 1160 I SystemServerTiming: OnBootPhase_550_com.android.server.storage.DeviceStorageMonitorService
08-16 16:52:12.733 1160 1160 D SystemServerTiming: OnBootPhase_550_com.android.server.storage.DeviceStorageMonitorService took to complete: 0ms
08-16 16:52:12.733 1160 1160 I SystemServerTiming: OnBootPhase_550_com.android.server.location.LocationManagerService$Lifecycle
08-16 16:52:12.733 1160 1160 D SystemServerTiming: OnBootPhase_550_com.android.server.location.LocationManagerService$Lifecycle took to complete: 0ms
08-16 16:52:12.733 1160 1160 I SystemServerTiming: OnBootPhase_550_com.android.server.timedetector.TimeDetectorService$Lifecycle
08-16 16:52:12.733 1160 1160 D SystemServerTiming: OnBootPhase_550_com.android.server.timedetector.TimeDetectorService$Lifecycle took to complete: 0ms
08-16 16:52:12.733 1160 1160 I SystemServerTiming: OnBootPhase_550_com.android.server.timezonedetector.TimeZoneDetectorService$Lifecycle
08-16 16:52:12.733 1160 1160 D SystemServerTiming: OnBootPhase_550_com.android.server.timezonedetector.TimeZoneDetectorService$Lifecycle took to complete: 0ms
08-16 16:52:12.733 1160 1160 I SystemServerTiming: OnBootPhase_550_com.android.server.timezonedetector.location.LocationTimeZoneManagerService$Lifecycle
08-16 16:52:12.733 1160 1160 D SystemServerTiming: OnBootPhase_550_com.android.server.timezonedetector.location.LocationTimeZoneManagerService$Lifecycle took to complete: 0ms
08-16 16:52:12.733 1160 1160 I SystemServerTiming: OnBootPhase_550_com.android.server.search.SearchManagerService$Lifecycle
08-16 16:52:12.733 1160 1160 D SystemServerTiming: OnBootPhase_550_com.android.server.search.SearchManagerService$Lifecycle took to complete: 0ms
08-16 16:52:12.733 1160 1160 I SystemServerTiming: OnBootPhase_550_com.android.server.wallpaper.WallpaperManagerService$Lifecycle
01-01 05:46:33.141 0 0 E ueventd : firmware: could not find firmware for qca6390/regdb.bin
01-01 05:46:33.150 0 0 E ueventd : firmware: attempted /etc/firmware/qca6390/regdb.bin, open failed: No such file or directory
08-16 16:52:12.737 1160 1160 I WallpaperManagerService: No static wallpaper imagery; defaults will be shown
08-16 16:52:12.737 1160 1160 V WallpaperManagerService: bindWallpaperComponentLocked: componentName=ComponentInfo{com.android.systemui/com.android.systemui.ImageWallpaper}
01-01 05:46:33.161 0 0 E ueventd : firmware: attempted /odm/firmware/qca6390/regdb.bin, open failed: No such file or directory
08-16 16:52:12.747 1160 1160 D CompatibilityChangeReporter: Compat change id reported: 135634846; UID 10124; state: DISABLED
08-16 16:52:12.748 1160 1160 D CompatibilityChangeReporter: Compat change id reported: 177438394; UID 10124; state: DISABLED
08-16 16:52:12.748 1160 1160 D CompatibilityChangeReporter: Compat change id reported: 135772972; UID 10124; state: DISABLED
08-16 16:52:12.748 1160 1160 D CompatibilityChangeReporter: Compat change id reported: 135754954; UID 10124; state: ENABLED
08-16 16:52:12.749 1160 1365 W ActivityManager: Slow operation: 57ms so far, now at startProcess: done updating battery stats
08-16 16:52:12.749 1160 1365 W ActivityManager: Slow operation: 57ms so far, now at startProcess: building log message
08-16 16:52:12.749 1160 1365 I ActivityManager: Start proc 1839:com.android.bluetooth/1002 for service {com.android.bluetooth/com.android.bluetooth.btservice.AdapterService}
08-16 16:52:12.749 1160 1365 W ActivityManager: Slow operation: 57ms so far, now at startProcess: starting to update pids map
08-16 16:52:12.750 1160 1365 W ActivityManager: Slow operation: 59ms so far, now at startProcess: done updating pids map
08-16 16:52:12.750 1160 1365 D CompatibilityChangeReporter: Compat change id reported: 143937733; UID 10124; state: ENABLED
01-01 05:46:33.172 0 0 E ueventd : firmware: attempted /vendor/firmware/qca6390/regdb.bin, open failed: No such file or directory
08-16 16:52:12.752 1160 1160 W WallpaperManagerService: Invalid wallpaper data
08-16 16:52:12.753 1160 1160 E WallpaperManagerService: Unable to apply new wallpaper
08-16 16:52:12.753 1160 1160 D SystemServerTiming: OnBootPhase_550_com.android.server.wallpaper.WallpaperManagerService$Lifecycle took to complete: 20ms
08-16 16:52:12.753 1160 1160 I SystemServerTiming: OnBootPhase_550_com.android.server.audio.AudioService$Lifecycle
08-16 16:52:12.753 1160 1160 D SystemServerTiming: OnBootPhase_550_com.android.server.audio.AudioService$Lifecycle took to complete: 0ms
08-16 16:52:12.753 1160 1160 I SystemServerTiming: OnBootPhase_550_com.android.server.soundtrigger_middleware.SoundTriggerMiddlewareService$Lifecycle
08-16 16:52:12.753 1160 1160 D SystemServerTiming: OnBootPhase_550_com.android.server.soundtrigger_middleware.SoundTriggerMiddlewareService$Lifecycle took to complete: 0ms
08-16 16:52:12.753 1160 1160 I SystemServerTiming: OnBootPhase_550_com.android.server.DockObserver
08-16 16:52:12.754 1160 1160 D SystemServerTiming: OnBootPhase_550_com.android.server.DockObserver took to complete: 0ms
08-16 16:52:12.754 1160 1160 I SystemServerTiming: OnBootPhase_550_com.android.server.midi.MidiService$Lifecycle
08-16 16:52:12.754 1160 1160 D SystemServerTiming: OnBootPhase_550_com.android.server.midi.MidiService$Lifecycle took to complete: 0ms
08-16 16:52:12.754 1160 1160 I SystemServerTiming: OnBootPhase_550_com.android.server.adb.AdbService$Lifecycle
08-16 16:52:12.754 1160 1160 D SystemServerTiming: OnBootPhase_550_com.android.server.adb.AdbService$Lifecycle took to complete: 0ms
08-16 16:52:12.754 1160 1160 I SystemServerTiming: OnBootPhase_550_com.android.server.usb.UsbService$Lifecycle
08-16 16:52:12.755 1160 1160 D SystemServerTiming: OnBootPhase_550_com.android.server.usb.UsbService$Lifecycle took to complete: 0ms
08-16 16:52:12.755 1160 1696 I SystemServerTimingAsync: InitThreadPoolExec:UsbService$Lifecycle#onBootPhase
08-16 16:52:12.755 1160 1696 D SystemServerInitThreadPool: Started executing UsbService$Lifecycle#onBootPhase
08-16 16:52:12.755 1160 1160 I SystemServerTiming: OnBootPhase_550_com.android.server.twilight.TwilightService
08-16 16:52:12.755 1160 1769 W BluetoothManagerService: bindBluetoothProfileService:Trying to bind to profile: 1, while Bluetooth is disabled
08-16 16:52:12.755 1160 1160 D SystemServerTiming: OnBootPhase_550_com.android.server.twilight.TwilightService took to complete: 0ms
08-16 16:52:12.755 1160 1160 I SystemServerTiming: OnBootPhase_550_com.android.server.display.color.ColorDisplayService
08-16 16:52:12.755 1160 1160 D SystemServerTiming: OnBootPhase_550_com.android.server.display.color.ColorDisplayService took to complete: 0ms
08-16 16:52:12.756 1160 1160 I SystemServerTiming: OnBootPhase_550_com.android.server.job.JobSchedulerService
08-16 16:52:12.756 1160 1160 D SystemServerTiming: OnBootPhase_550_com.android.server.job.JobSchedulerService took to complete: 0ms
08-16 16:52:12.756 1160 1160 I SystemServerTiming: OnBootPhase_550_com.android.server.soundtrigger.SoundTriggerService
08-16 16:52:12.756 1160 1160 D SoundTriggerService: onBootPhase: 550 : false
08-16 16:52:12.756 1160 1160 D SystemServerTiming: OnBootPhase_550_com.android.server.soundtrigger.SoundTriggerService took to complete: 1ms
08-16 16:52:12.756 1160 1160 I SystemServerTiming: OnBootPhase_550_com.android.server.trust.TrustManagerService
08-16 16:52:12.756 1160 1160 D SystemServerTiming: OnBootPhase_550_com.android.server.trust.TrustManagerService took to complete: 0ms
08-16 16:52:12.756 1160 1160 I SystemServerTiming: OnBootPhase_550_com.android.server.backup.BackupManagerService$Lifecycle
08-16 16:52:12.756 1160 1160 D SystemServerTiming: OnBootPhase_550_com.android.server.backup.BackupManagerService$Lifecycle took to complete: 0ms
08-16 16:52:12.756 1160 1160 I SystemServerTiming: OnBootPhase_550_com.android.server.appwidget.AppWidgetService
08-16 16:52:12.757 1160 1160 D SystemServerTiming: OnBootPhase_550_com.android.server.appwidget.AppWidgetService took to complete: 0ms
08-16 16:52:12.757 1160 1160 I SystemServerTiming: OnBootPhase_550_com.android.server.voiceinteraction.VoiceInteractionManagerService
08-16 16:52:12.757 1160 1160 D SystemServerTiming: OnBootPhase_550_com.android.server.voiceinteraction.VoiceInteractionManagerService took to complete: 0ms
08-16 16:52:12.757 1160 1160 I SystemServerTiming: OnBootPhase_550_com.android.server.apphibernation.AppHibernationService
08-16 16:52:12.757 1160 1160 D SystemServerTiming: OnBootPhase_550_com.android.server.apphibernation.AppHibernationService took to complete: 0ms
08-16 16:52:12.757 1160 1160 I SystemServerTiming: OnBootPhase_550_com.android.server.GestureLauncherService
08-16 16:52:12.757 1160 1160 D SystemServerTiming: OnBootPhase_550_com.android.server.GestureLauncherService took to complete: 0ms
08-16 16:52:12.757 1160 1160 I SystemServerTiming: OnBootPhase_550_com.android.server.SensorNotificationService
08-16 16:52:12.757 1160 1160 D SystemServerTiming: OnBootPhase_550_com.android.server.SensorNotificationService took to complete: 0ms
08-16 16:52:12.757 1160 1160 I SystemServerTiming: OnBootPhase_550_com.android.server.emergency.EmergencyAffordanceService
08-16 16:52:12.757 1160 1160 D SystemServerTiming: OnBootPhase_550_com.android.server.emergency.EmergencyAffordanceService took to complete: 0ms
08-16 16:52:12.757 1160 1160 I SystemServerTiming: OnBootPhase_550_com.android.server.blob.BlobStoreManagerService
08-16 16:52:12.758 1160 1696 D SystemServerInitThreadPool: Finished executing UsbService$Lifecycle#onBootPhase
08-16 16:52:12.758 1160 1696 D SystemServerTimingAsync: InitThreadPoolExec:UsbService$Lifecycle#onBootPhase took to complete: 3ms
08-16 16:52:12.759 1160 1160 D SystemServerTiming: OnBootPhase_550_com.android.server.blob.BlobStoreManagerService took to complete: 1ms
08-16 16:52:12.759 1160 1160 I SystemServerTiming: OnBootPhase_550_com.android.server.dreams.DreamManagerService
08-16 16:52:12.759 1160 1160 D SystemServerTiming: OnBootPhase_550_com.android.server.dreams.DreamManagerService took to complete: 0ms
08-16 16:52:12.759 1160 1160 I SystemServerTiming: OnBootPhase_550_com.android.server.print.PrintManagerService
08-16 16:52:12.759 1160 1160 D SystemServerTiming: OnBootPhase_550_com.android.server.print.PrintManagerService took to complete: 0ms
08-16 16:52:12.759 1160 1160 I SystemServerTiming: OnBootPhase_550_com.android.server.companion.CompanionDeviceManagerService
08-16 16:52:12.759 1160 1160 D SystemServerTiming: OnBootPhase_550_com.android.server.companion.CompanionDeviceManagerService took to complete: 0ms
08-16 16:52:12.759 1160 1160 I SystemServerTiming: OnBootPhase_550_com.android.server.restrictions.RestrictionsManagerService
08-16 16:52:12.759 1160 1160 D SystemServerTiming: OnBootPhase_550_com.android.server.restrictions.RestrictionsManagerService took to complete: 0ms
08-16 16:52:12.759 1160 1160 I SystemServerTiming: OnBootPhase_550_com.android.server.media.MediaSessionService
08-16 16:52:12.760 1160 1160 D SystemServerTiming: OnBootPhase_550_com.android.server.media.MediaSessionService took to complete: 0ms
08-16 16:52:12.760 1160 1160 I SystemServerTiming: OnBootPhase_550_com.android.server.media.MediaResourceMonitorService
08-16 16:52:12.760 1160 1160 D SystemServerTiming: OnBootPhase_550_com.android.server.media.MediaResourceMonitorService took to complete: 0ms
08-16 16:52:12.760 1160 1160 I SystemServerTiming: OnBootPhase_550_com.android.server.biometrics.sensors.fingerprint.FingerprintService
08-16 16:52:12.760 1160 1160 D SystemServerTiming: OnBootPhase_550_com.android.server.biometrics.sensors.fingerprint.FingerprintService took to complete: 0ms
08-16 16:52:12.760 1160 1160 I SystemServerTiming: OnBootPhase_550_com.android.server.biometrics.BiometricService
08-16 16:52:12.760 1160 1160 D SystemServerTiming: OnBootPhase_550_com.android.server.biometrics.BiometricService took to complete: 0ms
08-16 16:52:12.760 1160 1160 I SystemServerTiming: OnBootPhase_550_com.android.server.biometrics.AuthService
08-16 16:52:12.760 1160 1160 D SystemServerTiming: OnBootPhase_550_com.android.server.biometrics.AuthService took to complete: 0ms
08-16 16:52:12.760 1160 1160 I SystemServerTiming: OnBootPhase_550_com.android.server.pm.ShortcutService$Lifecycle
08-16 16:52:12.760 1160 1160 D SystemServerTiming: OnBootPhase_550_com.android.server.pm.ShortcutService$Lifecycle took to complete: 0ms
08-16 16:52:12.760 1160 1160 I SystemServerTiming: OnBootPhase_550_com.android.server.pm.LauncherAppsService
08-16 16:52:12.760 1160 1160 D SystemServerTiming: OnBootPhase_550_com.android.server.pm.LauncherAppsService took to complete: 0ms
08-16 16:52:12.760 1160 1160 I SystemServerTiming: OnBootPhase_550_com.android.server.pm.CrossProfileAppsService
08-16 16:52:12.761 1160 1160 D SystemServerTiming: OnBootPhase_550_com.android.server.pm.CrossProfileAppsService took to complete: 0ms
08-16 16:52:12.761 1160 1160 I SystemServerTiming: OnBootPhase_550_com.android.server.people.PeopleService
08-16 16:52:12.761 1160 1160 D SystemServerTiming: OnBootPhase_550_com.android.server.people.PeopleService took to complete: 0ms
08-16 16:52:12.761 1160 1160 I SystemServerTiming: OnBootPhase_550_com.android.server.media.metrics.MediaMetricsManagerService
08-16 16:52:12.761 1160 1160 D SystemServerTiming: OnBootPhase_550_com.android.server.media.metrics.MediaMetricsManagerService took to complete: 0ms
08-16 16:52:12.761 1160 1160 I SystemServerTiming: OnBootPhase_550_com.android.server.media.projection.MediaProjectionManagerService
08-16 16:52:12.761 1160 1160 D SystemServerTiming: OnBootPhase_550_com.android.server.media.projection.MediaProjectionManagerService took to complete: 0ms
08-16 16:52:12.761 1160 1160 I SystemServerTiming: OnBootPhase_550_com.android.server.slice.SliceManagerService$Lifecycle
08-16 16:52:12.761 1160 1160 D SystemServerTiming: OnBootPhase_550_com.android.server.slice.SliceManagerService$Lifecycle took to complete: 0ms
08-16 16:52:12.761 1160 1160 I SystemServerTiming: OnBootPhase_550_com.android.server.stats.StatsCompanion$Lifecycle
08-16 16:52:12.761 1160 1160 D SystemServerTiming: OnBootPhase_550_com.android.server.stats.StatsCompanion$Lifecycle took to complete: 0ms
08-16 16:52:12.761 1160 1160 I SystemServerTiming: OnBootPhase_550_com.android.server.scheduling.RebootReadinessManagerService$Lifecycle
08-16 16:52:12.761 1160 1160 D SystemServerTiming: OnBootPhase_550_com.android.server.scheduling.RebootReadinessManagerService$Lifecycle took to complete: 0ms
08-16 16:52:12.762 1160 1726 I UsbPortManager: ClientCallback V1_2:
08-16 16:52:12.763 1160 1160 I SystemServerTiming: OnBootPhase_550_com.android.server.stats.pull.StatsPullAtomService
08-16 16:52:12.763 1160 1160 D SystemServerTiming: OnBootPhase_550_com.android.server.stats.pull.StatsPullAtomService took to complete: 0ms
08-16 16:52:12.763 1160 1160 I SystemServerTiming: OnBootPhase_550_com.android.server.incident.IncidentCompanionService
08-16 16:52:12.766 1160 1264 I UsbPortManager: USB port added: port=UsbPort{id=, supportedModes=nonesupportedContaminantProtectionModes=0supportsEnableContaminantPresenceProtection=falsesupportsEnableContaminantPresenceDetection=false, status=UsbPortStatus{connected=false, currentMode=none, currentPowerRole=no-power, currentDataRole=no-data, supportedRoleCombinations=[no-power:no-data], contaminantDetectionStatus=0, contaminantProtectionStatus=0}, canChangeMode=false, canChangePowerRole=false, canChangeDataRole=false, connectedAtMillis=0, lastConnectDurationMillis=0
08-16 16:52:12.766 1160 1160 D SystemServerTiming: OnBootPhase_550_com.android.server.incident.IncidentCompanionService took to complete: 0ms
08-16 16:52:12.766 1160 1160 I SystemServerTiming: OnBootPhase_550_com.android.server.MmsServiceBroker
08-16 16:52:12.766 1160 1160 D SystemServerTiming: OnBootPhase_550_com.android.server.MmsServiceBroker took to complete: 0ms
08-16 16:52:12.766 1160 1160 I SystemServerTiming: OnBootPhase_550_com.android.server.autofill.AutofillManagerService
08-16 16:52:12.766 1160 1160 D SystemServerTiming: OnBootPhase_550_com.android.server.autofill.AutofillManagerService took to complete: 0ms
08-16 16:52:12.766 1160 1160 I SystemServerTiming: OnBootPhase_550_com.android.server.clipboard.ClipboardService
08-16 16:52:12.766 1160 1160 D SystemServerTiming: OnBootPhase_550_com.android.server.clipboard.ClipboardService took to complete: 0ms
08-16 16:52:12.766 1160 1160 I SystemServerTiming: OnBootPhase_550_com.android.server.appbinding.AppBindingService$Lifecycle
01-01 05:46:33.184 0 0 E ueventd : firmware: attempted /firmware/image/qca6390/regdb.bin, open failed: No such file or directory
01-01 05:46:33.195 0 0 E ueventd : firmware: attempted /vendor/firmware_mnt/image/qca6390/regdb.bin, open failed: No such file or directory
08-16 16:52:12.769 1160 1160 I AppBindingService: Updating constants with: null
08-16 16:52:12.769 1160 1160 D SystemServerTiming: OnBootPhase_550_com.android.server.appbinding.AppBindingService$Lifecycle took to complete: 2ms
08-16 16:52:12.769 1160 1160 I SystemServerTiming: OnBootPhase_550_com.android.server.tracing.TracingServiceProxy
08-16 16:52:12.769 1160 1160 D SystemServerTiming: OnBootPhase_550_com.android.server.tracing.TracingServiceProxy took to complete: 0ms
08-16 16:52:12.769 1160 1160 I SystemServerTiming: OnBootPhase_550_com.android.server.policy.PermissionPolicyService
01-01 05:46:33.207 0 0 I ueventd : loading /devices/platform/soc/b0000000.qcom,cnss-qca6390/firmware/qca6390!regdb.bin took 68ms
01-01 05:46:33.208 0 0 E cnss : Failed to load BDF: qca6390/regdb.bin
01-01 05:46:33.221 0 0 D cnss : Sending BDF download message, state: 0x13, type: 1
01-01 05:46:33.221 0 0 D cnss : FW name added with prefix: qca6390/bdwlan.elf
01-01 05:46:33.221 0 0 W cnss2 b0000000.qcom,cnss-qca6390: Falling back to syfs fallback for: qca6390/bdwlan.elf
08-16 16:52:12.803 1160 1160 I PackageManager: Permission ownership changed. Updating all permissions.
01-01 05:46:33.230 0 0 I binder : 1839:1839 ioctl 40046210 7fdf50bae4 returned -22
08-16 16:52:12.812 1160 1365 W ActivityManager: Slow operation: 65ms so far, now at startProcess: returned from zygote!
08-16 16:52:12.824 1160 1160 W SystemServiceManager: Service com.android.server.policy.PermissionPolicyService took 55 ms in onBootPhase
08-16 16:52:12.824 1160 1160 D SystemServerTiming: OnBootPhase_550_com.android.server.policy.PermissionPolicyService took to complete: 55ms
08-16 16:52:12.825 1160 1160 I SystemServerTiming: OnBootPhase_550_com.android.server.pm.StagingManager$Lifecycle
08-16 16:52:12.825 1160 1160 D SystemServerTiming: OnBootPhase_550_com.android.server.pm.StagingManager$Lifecycle took to complete: 0ms
08-16 16:52:12.825 1160 1160 I SystemServerTiming: OnBootPhase_550_com.android.server.app.GameManagerService$Lifecycle
08-16 16:52:12.825 1160 1160 D SystemServerTiming: OnBootPhase_550_com.android.server.app.GameManagerService$Lifecycle took to complete: 0ms
08-16 16:52:12.825 1160 1160 I SystemServerTiming: OnBootPhase_550_com.android.server.appsearch.AppSearchManagerService
08-16 16:52:12.825 1160 1160 D SystemServerTiming: OnBootPhase_550_com.android.server.appsearch.AppSearchManagerService took to complete: 0ms
08-16 16:52:12.825 1160 1160 I SystemServerTiming: OnBootPhase_550_com.android.server.media.MediaCommunicationService
08-16 16:52:12.825 1160 1160 D SystemServerTiming: OnBootPhase_550_com.android.server.media.MediaCommunicationService took to complete: 0ms
08-16 16:52:12.825 1160 1160 D SystemServerTiming: OnBootPhase_550 took to complete: 185ms
08-16 16:52:12.825 1160 1160 D SystemServerTiming: StartActivityManagerReadyPhase took to complete: 185ms
08-16 16:52:12.825 1160 1160 I SystemServerTiming: StartObservingNativeCrashes
08-16 16:52:12.826 1160 1160 D SystemServerTiming: StartObservingNativeCrashes took to complete: 1ms
08-16 16:52:12.826 1160 1160 I SystemServerTiming: RegisterAppOpsPolicy
08-16 16:52:12.827 1160 1365 W ActivityManager: Slow operation: 79ms so far, now at startProcess: done updating battery stats
08-16 16:52:12.827 1160 1365 W ActivityManager: Slow operation: 80ms so far, now at startProcess: building log message
08-16 16:52:12.827 1160 1365 I ActivityManager: Start proc 1859:com.android.systemui/u0a124 for service {com.android.systemui/com.android.systemui.ImageWallpaper}
08-16 16:52:12.827 1160 1365 W ActivityManager: Slow operation: 80ms so far, now at startProcess: starting to update pids map
08-16 16:52:12.828 1160 1365 W ActivityManager: Slow operation: 80ms so far, now at startProcess: done updating pids map
08-16 16:52:12.829 1160 1841 D CompatibilityChangeReporter: Compat change id reported: 168419799; UID 1002; state: DISABLED
01-01 05:46:33.266 0 0 I ueventd : firmware: loading 'qca6390/bdwlan.elf' for '/devices/platform/soc/b0000000.qcom,cnss-qca6390/firmware/qca6390!bdwlan.elf'
01-01 05:46:33.269 0 0 I ueventd : loading /devices/platform/soc/b0000000.qcom,cnss-qca6390/firmware/qca6390!bdwlan.elf took 3ms
01-01 05:46:33.270 0 0 D cnss : Downloading BDF: qca6390/bdwlan.elf, size: 57908
08-16 16:52:12.850 1160 1160 D SystemServerTiming: RegisterAppOpsPolicy took to complete: 23ms
08-16 16:52:12.850 1160 1160 I SystemServerTiming: MakeNetworkManagementServiceReady
08-16 16:52:12.850 1160 1276 I SystemServerTimingAsync: InitThreadPoolExec:WebViewFactoryPreparation
08-16 16:52:12.850 1160 1276 D SystemServerInitThreadPool: Started executing WebViewFactoryPreparation
08-16 16:52:12.850 1160 1276 I SystemServer: WebViewFactoryPreparation
08-16 16:52:12.850 1160 1276 I SystemServerTimingAsync: WebViewFactoryPreparation
08-16 16:52:12.854 1160 1276 D CompatibilityChangeReporter: Compat change id reported: 135634846; UID 1000; state: DISABLED
08-16 16:52:12.854 1160 1276 D CompatibilityChangeReporter: Compat change id reported: 177438394; UID 1000; state: DISABLED
08-16 16:52:12.855 1160 1276 D CompatibilityChangeReporter: Compat change id reported: 135772972; UID 1000; state: DISABLED
08-16 16:52:12.855 1160 1160 D SystemServerTiming: MakeNetworkManagementServiceReady took to complete: 4ms
08-16 16:52:12.855 1160 1160 I SystemServerTiming: MakeIpSecServiceReady
08-16 16:52:12.855 1160 1276 D CompatibilityChangeReporter: Compat change id reported: 178038272; UID 1000; state: DISABLED
08-16 16:52:12.856 1160 1160 D IpSecService: IpSecService is ready
08-16 16:52:12.856 1160 1160 D SystemServerTiming: MakeIpSecServiceReady took to complete: 1ms
08-16 16:52:12.856 1160 1160 I SystemServerTiming: MakeNetworkStatsServiceReady
08-16 16:52:12.857 1160 1276 D SystemServerTimingAsync: WebViewFactoryPreparation took to complete: 7ms
08-16 16:52:12.857 1160 1276 D SystemServerInitThreadPool: Finished executing WebViewFactoryPreparation
08-16 16:52:12.857 1160 1276 D SystemServerTimingAsync: InitThreadPoolExec:WebViewFactoryPreparation took to complete: 7ms
08-16 16:52:12.864 1160 1748 W NetworkPolicy: setRestrictBackgroundUL: already false
08-16 16:52:12.885 1160 1160 D SystemServerTiming: MakeNetworkStatsServiceReady took to complete: 30ms
08-16 16:52:12.885 1160 1160 I SystemServerTiming: MakeConnectivityServiceReady
01-01 05:46:33.314 0 0 D cnss : Sending M3 information message, state: 0x13
01-01 05:46:33.314 0 0 D cnss : M3 memory, va: 0xffffff8020f02000, pa: 0x00000000a1800000, size: 0x411bc
01-01 05:46:33.318 0 0 D cnss : Received QMI WLFW FW initialization done indication
01-01 05:46:33.318 0 0 D cnss : Posting event: FW_READY(4), state: 0x13 flags: 0x0
01-01 05:46:33.318 0 0 D cnss : PM relax, state: 0x13, count: 0
01-01 05:46:33.318 0 0 D cnss : PM stay awake, state: 0x13, count: 1
01-01 05:46:33.318 0 0 D cnss : PM relax, state: 0x13, count: 0
01-01 05:46:33.318 0 0 D cnss : PM stay awake, state: 0x13, count: 1
01-01 05:46:33.318 0 0 D cnss : Processing driver event: FW_READY(4), state: 0x13
01-01 05:46:33.318 0 0 D cnss : PCIE Gen speed not setup
01-01 05:46:33.343 0 0 I binder : 1859:1859 ioctl 40046210 7fdf50bae4 returned -22
08-16 16:52:12.932 1160 1160 D SystemServerTiming: MakeConnectivityServiceReady took to complete: 46ms
08-16 16:52:12.932 1160 1160 I SystemServerTiming: MakeVpnManagerServiceReady
08-16 16:52:12.945 1160 1160 D SystemServerTiming: MakeVpnManagerServiceReady took to complete: 14ms
08-16 16:52:12.945 1160 1160 I SystemServerTiming: MakeVcnManagementServiceReady
08-16 16:52:12.947 1160 1841 D CompatibilityChangeReporter: Compat change id reported: 168419799; UID 10124; state: DISABLED
08-16 16:52:12.966 1160 1160 D SystemServerTiming: MakeVcnManagementServiceReady took to complete: 20ms
08-16 16:52:12.966 1160 1160 I SystemServerTiming: MakeNetworkPolicyServiceReady
08-16 16:52:12.967 1160 1160 D SystemServerTiming: MakeNetworkPolicyServiceReady took to complete: 0ms
08-16 16:52:12.967 1160 1160 I SystemServerTiming: PhaseThirdPartyAppsCanStart
08-16 16:52:12.967 1160 1160 I SystemServiceManager: Starting phase 600
08-16 16:52:12.967 1160 1160 I SystemServerTiming: OnBootPhase_600
08-16 16:52:12.967 1160 1160 I SystemServerTiming: OnBootPhase_600_com.android.server.security.FileIntegrityService
08-16 16:52:12.967 1160 1160 D SystemServerTiming: OnBootPhase_600_com.android.server.security.FileIntegrityService took to complete: 0ms
08-16 16:52:12.967 1160 1160 I SystemServerTiming: OnBootPhase_600_com.android.server.pm.Installer
08-16 16:52:12.967 1160 1160 D SystemServerTiming: OnBootPhase_600_com.android.server.pm.Installer took to complete: 0ms
08-16 16:52:12.968 1160 1160 I SystemServerTiming: OnBootPhase_600_com.android.server.os.DeviceIdentifiersPolicyService
08-16 16:52:12.968 1160 1160 D SystemServerTiming: OnBootPhase_600_com.android.server.os.DeviceIdentifiersPolicyService took to complete: 0ms
08-16 16:52:12.968 1160 1160 I SystemServerTiming: OnBootPhase_600_com.android.server.uri.UriGrantsManagerService$Lifecycle
08-16 16:52:12.968 1160 1160 D SystemServerTiming: OnBootPhase_600_com.android.server.uri.UriGrantsManagerService$Lifecycle took to complete: 0ms
08-16 16:52:12.968 1160 1160 I SystemServerTiming: OnBootPhase_600_com.android.server.powerstats.PowerStatsService
08-16 16:52:12.968 1160 1160 D SystemServerTiming: OnBootPhase_600_com.android.server.powerstats.PowerStatsService took to complete: 0ms
08-16 16:52:12.968 1160 1160 I SystemServerTiming: OnBootPhase_600_com.android.server.wm.ActivityTaskManagerService$Lifecycle
08-16 16:52:12.968 1160 1160 D SystemServerTiming: OnBootPhase_600_com.android.server.wm.ActivityTaskManagerService$Lifecycle took to complete: 0ms
08-16 16:52:12.968 1160 1160 I SystemServerTiming: OnBootPhase_600_com.android.server.am.ActivityManagerService$Lifecycle
08-16 16:52:12.969 1160 1160 I ExplicitHealthCheckController: Explicit health checks enabled.
08-16 16:52:12.969 1160 1160 I PackageWatchdog: Syncing state, reason: health check state enabled
08-16 16:52:12.969 1160 1160 I PackageWatchdog: Not pruning observers, elapsed time: 0ms
08-16 16:52:12.969 1160 1160 I PackageWatchdog: Cancelling state sync, nothing to sync
08-16 16:52:12.969 1160 1160 D SystemServerTiming: OnBootPhase_600_com.android.server.am.ActivityManagerService$Lifecycle took to complete: 1ms
08-16 16:52:12.969 1160 1160 I SystemServerTiming: OnBootPhase_600_com.android.server.pm.DataLoaderManagerService
08-16 16:52:12.969 1160 1160 D SystemServerTiming: OnBootPhase_600_com.android.server.pm.DataLoaderManagerService took to complete: 0ms
08-16 16:52:12.969 1160 1160 I SystemServerTiming: OnBootPhase_600_com.android.server.power.PowerManagerService
08-16 16:52:12.970 1160 1351 I PackageWatchdog: Saving observer state to file
08-16 16:52:12.971 1160 1160 D SystemServerTiming: OnBootPhase_600_com.android.server.power.PowerManagerService took to complete: 1ms
08-16 16:52:12.971 1160 1160 I SystemServerTiming: OnBootPhase_600_com.android.server.power.ThermalManagerService
08-16 16:52:12.971 1160 1160 D SystemServerTiming: OnBootPhase_600_com.android.server.power.ThermalManagerService took to complete: 0ms
08-16 16:52:12.971 1160 1160 I SystemServerTiming: OnBootPhase_600_com.android.server.power.hint.HintManagerService
