08-16 16:53:35.124 2215 2215 W QImsService: QtiImsExtService : onBind returned null
08-16 16:53:35.124 2350 2350 D QtiImsExtConnector: Attempt to bind QtiImsExt service returned with: true
08-16 16:53:35.126 2350 2350 D QtiImsExtConnector: onNullBinding componentName ComponentInfo{org.codeaurora.ims/org.codeaurora.ims.QtiImsExtService}
08-16 16:53:35.145 818 2542 I vendor.qti.bluetooth@1.0-ibs_handler: ProcessIbsCmd: Received IBS_SLEEP_IND: 0xFE
08-16 16:53:35.145 818 2542 D vendor.qti.bluetooth@1.0-ibs_handler: SerialClockVote: vote for UART CLK OFF
08-16 16:53:35.182 818 2542 I vendor.qti.bluetooth@1.0-ibs_handler: ProcessIbsCmd: Received IBS_WAKE_IND: 0xFD
08-16 16:53:35.183 818 2542 D vendor.qti.bluetooth@1.0-ibs_handler: SerialClockVote: vote for UART CLK ON
08-16 16:53:35.183 818 2542 I vendor.qti.bluetooth@1.0-ibs_handler: ProcessIbsCmd: Writing IBS_WAKE_ACK
08-16 16:53:35.297 818 2542 I vendor.qti.bluetooth@1.0-ibs_handler: ProcessIbsCmd: Received IBS_SLEEP_IND: 0xFE
08-16 16:53:35.298 818 2542 D vendor.qti.bluetooth@1.0-ibs_handler: SerialClockVote: vote for UART CLK OFF
01-01 05:47:55.825 0 0 D : mv2112_read_status
01-01 05:47:55.825 0 0 D mv2112_update_link: 3.0x901(1G): 0x4
01-01 05:47:55.825 0 0 D mv2112_update_link: 3.0x8109(100M): 0x8
01-01 05:47:55.825 0 0 D mv2112_update_link: link 0x4
01-01 05:47:55.825 0 0 D mv2112_read_status: autoneg is disabled
08-16 16:53:35.420 818 2542 I vendor.qti.bluetooth@1.0-ibs_handler: ProcessIbsCmd: Received IBS_WAKE_IND: 0xFD
08-16 16:53:35.420 818 2542 D vendor.qti.bluetooth@1.0-ibs_handler: SerialClockVote: vote for UART CLK ON
08-16 16:53:35.420 818 2542 I vendor.qti.bluetooth@1.0-ibs_handler: ProcessIbsCmd: Writing IBS_WAKE_ACK
08-16 16:53:35.636 1160 2973 D CompatibilityInfo: mCompatibilityFlags - 4
08-16 16:53:35.636 1160 2973 D CompatibilityInfo: applicationDensity - 240
08-16 16:53:35.636 1160 2973 D CompatibilityInfo: applicationScale - 1.0
08-16 16:53:35.639 2215 2215 I QImsService: QtiImsExtService : QtiImsExtService created!
08-16 16:53:35.639 2215 2215 E QImsService: QtiImsExtService : QtiImsExtService, ImsService is not yet started retry.
08-16 16:53:35.641 2215 2215 E QImsService: QtiImsExtService : QtiImsExtService, ImsService is not yet started retry.
08-16 16:53:35.641 2215 2215 W QImsService: QtiImsExtService : onBind returned null
08-16 16:53:35.642 2350 2350 D QtiImsExtConnector: Attempt to bind QtiImsExt service returned with: true
08-16 16:53:35.643 2350 2350 D QtiImsExtConnector: onNullBinding componentName ComponentInfo{org.codeaurora.ims/org.codeaurora.ims.QtiImsExtService}
08-16 16:53:35.653 1436 2903 D LOWI-9.0.0.87.a: [LOWI-Scan] wait_event:Wait done with Cmd 34
08-16 16:53:35.653 1436 2903 D LOWI-9.0.0.87.a: [LOWI-Scan] do_listen_events: Rcvd valid Netlink Cmd 34 Err 0
08-16 16:53:35.656 1436 2903 D LOWI-9.0.0.87.a: [LOWI-Scan] -- associated
08-16 16:53:35.656 1436 2903 D LOWI-9.0.0.87.a: [LOWI-Scan]
08-16 16:53:35.657 1436 2903 D LOWI-9.0.0.87.a: [LOWI-Scan] print_bss_handler: Report beacon TSF 139061756 as it greater than probe TSF 63483085
08-16 16:53:35.657 1436 2903 D LOWI-9.0.0.87.a: [LOWI-Scan] decode_rsn_wpa_ie: LOWI_ENCRYPTION_TYPE_WPA_PSK
08-16 16:53:35.657 1436 2903 D LOWI-9.0.0.87.a: [LOWI-Scan] is_qcom_ie, bss_age: 235
08-16 16:53:35.657 1436 2903 D LOWI-9.0.0.87.a: [LOWI-Scan] BSS b6:2a:7d:83:93:1c LOWI_PHY_MODE_11AC_VHT160(15), Beacon Interval: 100, LOWI_ENCRYPTION_TYPE_WPA_PSK 11mcRanging: No, ANQP: No, LCI: No, Civic: No, capability(0x1111): ESS Privacy SpectrumMgmt
08-16 16:53:35.657 1436 2903 D LOWI-9.0.0.87.a: [LOWI-Scan] BSS b6:2a:7d:83:93:1c FREQ: 5180, cFreq1[40:80:160] = [5190:5210:5210] cFreq2 = 5250 Country Code = CN
08-16 16:53:35.657 1436 2903 D LOWI-9.0.0.87.a: [LOWI-Scan] BSS b6:2a:7d:83:93:1c (wlan0) ASSO: YES AddInfo: 0x1, TSF 0, 00:02:19.061, RSSI: -62, CPL: 127, AGE: 0, SSID TP-LINK_5G_9319, TSFDelta: 0x36b3a729, TXRate: 0
08-16 16:53:35.657 1436 2903 D LOWI-9.0.0.87.a: [LOWI-Scan]
08-16 16:53:35.657 1436 2903 D LOWI-9.0.0.87.a: [LOWI-Scan] print_bss_handler: Report Probe TSF 137569449 as it greater than Beacon TSF 61122516
08-16 16:53:35.657 1436 2903 D LOWI-9.0.0.87.a: [LOWI-Scan] decode_rsn_wpa_ie: LOWI_ENCRYPTION_TYPE_WPA_PSK
08-16 16:53:35.657 1436 2903 D LOWI-9.0.0.87.a: [LOWI-Scan] is_qcom_ie, bss_age: 0
08-16 16:53:35.658 1436 2903 D LOWI-9.0.0.87.a: [LOWI-Scan] BSS ec:26:ca:af:36:19 LOWI_PHY_MODE_11NG_HT40(7), Beacon Interval: 100, LOWI_ENCRYPTION_TYPE_WPA_PSK 11mcRanging: No, ANQP: No, LCI: No, Civic: No, capability(0x0431): ESS Privacy ShortPreamble ShortSlotTime
08-16 16:53:35.658 1436 2903 D LOWI-9.0.0.87.a: [LOWI-Scan] BSS ec:26:ca:af:36:19 FREQ: 2412, cFreq1[40:80:160] = [2422:0:0] cFreq2 = 0 Country Code =
08-16 16:53:35.658 1436 2903 D LOWI-9.0.0.87.a: [LOWI-Scan] BSS ec:26:ca:af:36:19 (wlan0) ASSO: NO AddInfo: 0x0, TSF 0, 00:02:17.569, RSSI: -84, CPL: 127, AGE: 1664, SSID TP-LINK_TEST2.4, TSFDelta: 0xc8d13588, TXRate: 0
08-16 16:53:35.658 1436 2903 D LOWI-9.0.0.87.a: [LOWI-Scan]
08-16 16:53:35.658 1436 2903 D LOWI-9.0.0.87.a: [LOWI-Scan] print_bss_handler: Report Probe TSF 137704503 as it greater than Beacon TSF 102686911
08-16 16:53:35.658 1436 2903 D LOWI-9.0.0.87.a: [LOWI-Scan] decode_rsn_wpa_ie: LOWI_ENCRYPTION_TYPE_WPA_PSK
08-16 16:53:35.658 1436 2903 D LOWI-9.0.0.87.a: [LOWI-Scan] is_qcom_ie, bss_age: 0
08-16 16:53:35.658 1436 2903 D LOWI-9.0.0.87.a: [LOWI-Scan] BSS f4:a4:d6:51:0d:30 LOWI_PHY_MODE_11AC_VHT40(9), Beacon Interval: 100, LOWI_ENCRYPTION_TYPE_WPA_PSK 11mcRanging: No, ANQP: No, LCI: No, Civic: No, capability(0x1511): ESS Privacy SpectrumMgmt ShortSlotTime
08-16 16:53:35.658 1436 2903 D LOWI-9.0.0.87.a: [LOWI-Scan] BSS f4:a4:d6:51:0d:30 FREQ: 5220, cFreq1[40:80:160] = [5230:0:0] cFreq2 = 0 Country Code = CN
08-16 16:53:35.658 1436 2903 D LOWI-9.0.0.87.a: [LOWI-Scan] BSS f4:a4:d6:51:0d:30 (wlan0) ASSO: NO AddInfo: 0x0, TSF 0, 00:02:17.704, RSSI: -184, CPL: 127, AGE: 1528, SSID guest, TSFDelta: 0x1e17f14f, TXRate: 0
08-16 16:53:35.659 1436 2903 D LOWI-9.0.0.87.a: [LOWI-Scan]
08-16 16:53:35.659 1436 2903 D LOWI-9.0.0.87.a: [LOWI-Scan] print_bss_handler: Report Probe TSF 137705376 as it greater than Beacon TSF 102692553
08-16 16:53:35.659 1436 2903 D LOWI-9.0.0.87.a: [LOWI-Scan] decode_rsn_wpa_ie: LOWI_ENCRYPTION_TYPE_WPA_PSK
01-01 05:47:56.090 0 0 I [schedu][0xadbe7b49][16:53:35.665129] wlan: [1943:I:OSIF] vdev 0, scan id 40963 type COMPLETED(1) reason COMPLETED(1) scan found 39 bss
08-16 16:53:35.659 1436 2903 D LOWI-9.0.0.87.a: [LOWI-Scan] is_qcom_ie, bss_age: 0
08-16 16:53:35.659 1436 2903 D LOWI-9.0.0.87.a: [LOWI-Scan] BSS f4:a4:d6:51:0d:31 LOWI_PHY_MODE_11AC_VHT40(9), Beacon Interval: 100, LOWI_ENCRYPTION_TYPE_WPA_PSK 11mcRanging: No, ANQP: No, LCI: No, Civic: No, capability(0x1511): ESS Privacy SpectrumMgmt ShortSlotTime
08-16 16:53:35.659 1436 2903 D LOWI-9.0.0.87.a: [LOWI-Scan] BSS f4:a4:d6:51:0d:31 FREQ: 5220, cFreq1[40:80:160] = [5230:0:0] cFreq2 = 0 Country Code = CN
08-16 16:53:35.659 1436 2903 D LOWI-9.0.0.87.a: [LOWI-Scan] BSS f4:a4:d6:51:0d:31 (wlan0) ASSO: NO AddInfo: 0x0, TSF 0, 00:02:17.705, RSSI: -186, CPL: 127, AGE: 1528, SSID thundercomm, TSFDelta: 0x1e2069a4, TXRate: 0
08-16 16:53:35.660 1436 2903 D LOWI-9.0.0.87.a: [LOWI-Scan]
08-16 16:53:35.660 1436 2903 D LOWI-9.0.0.87.a: [LOWI-Scan] print_bss_handler: Report Probe TSF 137899094 as it greater than Beacon TSF 61225399
08-16 16:53:35.660 1436 2903 D LOWI-9.0.0.87.a: [LOWI-Scan] decode_rsn_wpa_ie: LOWI_ENCRYPTION_TYPE_WPA_PSK
08-16 16:53:35.660 1436 2903 D LOWI-9.0.0.87.a: [LOWI-Scan] is_qcom_ie, bss_age: 0
08-16 16:53:35.660 1436 2903 D LOWI-9.0.0.87.a: [LOWI-Scan] BSS 98:97:cc:03:15:36 LOWI_PHY_MODE_11AC_VHT160(15), Beacon Interval: 100, LOWI_ENCRYPTION_TYPE_WPA_PSK 11mcRanging: No, ANQP: No, LCI: No, Civic: No, capability(0x1511): ESS Privacy SpectrumMgmt ShortSlotTime
08-16 16:53:35.660 1436 2903 D LOWI-9.0.0.87.a: [LOWI-Scan] BSS 98:97:cc:03:15:36 FREQ: 5240, cFreq1[40:80:160] = [5230:5210:5210] cFreq2 = 5250 Country Code = CN
08-16 16:53:35.660 1436 2903 D LOWI-9.0.0.87.a: [LOWI-Scan] BSS 98:97:cc:03:15:36 (wlan0) ASSO: NO AddInfo: 0x0, TSF 0, 00:02:17.899, RSSI: -114, CPL: 127, AGE: 1336, SSID 200M_5G, TSFDelta: 0x4e90545f, TXRate: 0
08-16 16:53:35.660 1436 2903 D LOWI-9.0.0.87.a: [LOWI-Scan]
08-16 16:53:35.660 1436 2903 D LOWI-9.0.0.87.a: [LOWI-Scan] print_bss_handler: Report Probe TSF 138005786 as it greater than Beacon TSF 61276886
08-16 16:53:35.661 1436 2903 D LOWI-9.0.0.87.a: [LOWI-Scan] decode_rsn_wpa_ie: LOWI_ENCRYPTION_TYPE_WPA_PSK
08-16 16:53:35.661 1436 2903 D LOWI-9.0.0.87.a: [LOWI-Scan] is_qcom_ie, bss_age: 0
08-16 16:53:35.661 1436 2903 D LOWI-9.0.0.87.a: [LOWI-Scan] BSS 0c:83:9a:56:43:e4 LOWI_PHY_MODE_11AC_VHT80(10), Beacon Interval: 100, LOWI_ENCRYPTION_TYPE_WPA_PSK 11mcRanging: No, ANQP: No, LCI: No, Civic: No, capability(0x1531): ESS Privacy ShortPreamble SpectrumMgmt ShortSlotTime
08-16 16:53:35.661 1436 2903 D LOWI-9.0.0.87.a: [LOWI-Scan] BSS 0c:83:9a:56:43:e4 FREQ: 5745, cFreq1[40:80:160] = [5755:5775:0] cFreq2 = 0 Country Code = CN
08-16 16:53:35.661 1436 2903 D LOWI-9.0.0.87.a: [LOWI-Scan] BSS 0c:83:9a:56:43:e4 (wlan0) ASSO: NO AddInfo: 0x0, TSF 0, 00:02:18.005, RSSI: -96, CPL: 127, AGE: 1228, SSID HUAWEI-004YJ1, TSFDelta: 0x820f5874, TXRate: 0
08-16 16:53:35.661 1436 2903 D LOWI-9.0.0.87.a: [LOWI-Scan]
08-16 16:53:35.661 1436 2903 D LOWI-9.0.0.87.a: [LOWI-Scan] print_bss_handler: Report Probe TSF 138018126 as it greater than Beacon TSF 102907773
08-16 16:53:35.661 1436 2903 D LOWI-9.0.0.87.a: [LOWI-Scan] decode_rsn_wpa_ie: LOWI_ENCRYPTION_TYPE_WPA_PSK
08-16 16:53:35.661 1436 2903 D LOWI-9.0.0.87.a: [LOWI-Scan] is_qcom_ie, bss_age: 0
08-16 16:53:35.661 1436 2903 D LOWI-9.0.0.87.a: [LOWI-Scan] BSS ec:26:ca:af:36:18 LOWI_PHY_MODE_11AC_VHT80(10), Beacon Interval: 100, LOWI_ENCRYPTION_TYPE_WPA_PSK 11mcRanging: No, ANQP: No, LCI: No, Civic: No, capability(0x0511): ESS Privacy SpectrumMgmt ShortSlotTime
08-16 16:53:35.661 1436 2903 D LOWI-9.0.0.87.a: [LOWI-Scan] BSS ec:26:ca:af:36:18 FREQ: 5745, cFreq1[40:80:160] = [5755:5775:0] cFreq2 = 0 Country Code = CN
08-16 16:53:35.662 1436 2903 D LOWI-9.0.0.87.a: [LOWI-Scan] BSS ec:26:ca:af:36:18 (wlan0) ASSO: NO AddInfo: 0x0, TSF 0, 00:02:18.018, RSSI: -94, CPL: 127, AGE: 1216, SSID TP-LINK_TEST5G, TSFDelta: 0xd6dda82a, TXRate: 0
08-16 16:53:35.662 1160 1826 D WifiNl80211Manager: Scan result ready event
08-16 16:53:35.662 1160 1826 D WifiNative: Scan result ready event
08-16 16:53:35.668 1436 2903 D LOWI-9.0.0.87.a: [LOWI-Scan]
08-16 16:53:35.668 1436 2903 D LOWI-9.0.0.87.a: [LOWI-Scan] print_bss_handler: Report Probe TSF 138009834 as it greater than Beacon TSF 138002210
08-16 16:53:35.668 1436 2903 D LOWI-9.0.0.87.a: [LOWI-Scan] decode_rsn_wpa_ie: LOWI_ENCRYPTION_TYPE_WPA_PSK
08-16 16:53:35.668 1436 2903 D LOWI-9.0.0.87.a: [LOWI-Scan] is_qcom_ie, bss_age: 0
08-16 16:53:35.668 1436 2903 D LOWI-9.0.0.87.a: [LOWI-Scan] BSS 94:d0:0d:67:64:7c LOWI_PHY_MODE_11AC_VHT80(10), Beacon Interval: 100, LOWI_ENCRYPTION_TYPE_WPA_PSK 11mcRanging: No, ANQP: No, LCI: No, Civic: No, capability(0x1531): ESS Privacy ShortPreamble SpectrumMgmt ShortSlotTime
08-16 16:53:35.668 1436 2903 D LOWI-9.0.0.87.a: [LOWI-Scan] BSS 94:d0:0d:67:64:7c FREQ: 5745, cFreq1[40:80:160] = [5755:5775:0] cFreq2 = 0 Country Code = CN
08-16 16:53:35.668 1436 2903 D LOWI-9.0.0.87.a: [LOWI-Scan] BSS 94:d0:0d:67:64:7c (wlan0) ASSO: NO AddInfo: 0x0, TSF 0, 00:02:18.009, RSSI: -116, CPL: 127, AGE: 1224, SSID Visional, TSFDelta: 0x63677e8, TXRate: 0
08-16 16:53:35.669 1436 2903 D LOWI-9.0.0.87.a: [LOWI-Scan]
08-16 16:53:35.669 1436 2903 D LOWI-9.0.0.87.a: [LOWI-Scan] print_bss_handler: Report Probe TSF 138017577 as it greater than Beacon TSF 0
08-16 16:53:35.669 1436 2903 D LOWI-9.0.0.87.a: [LOWI-Scan] decode_rsn_wpa_ie: LOWI_ENCRYPTION_TYPE_WPA_PSK
08-16 16:53:35.669 1436 2903 D LOWI-9.0.0.87.a: [LOWI-Scan] is_qcom_ie, bss_age: 0
08-16 16:53:35.669 1436 2903 D LOWI-9.0.0.87.a: [LOWI-Scan] BSS a8:5a:e0:72:36:4c LOWI_PHY_MODE_11AC_VHT80(10), Beacon Interval: 100, LOWI_ENCRYPTION_TYPE_WPA_PSK 11mcRanging: No, ANQP: No, LCI: No, Civic: No, capability(0x1531): ESS Privacy ShortPreamble SpectrumMgmt ShortSlotTime
08-16 16:53:35.669 1436 2903 D LOWI-9.0.0.87.a: [LOWI-Scan] BSS a8:5a:e0:72:36:4c FREQ: 5745, cFreq1[40:80:160] = [5755:5775:0] cFreq2 = 0 Country Code =
08-16 16:53:35.670 1436 2903 D LOWI-9.0.0.87.a: [LOWI-Scan] BSS a8:5a:e0:72:36:4c (wlan0) ASSO: NO AddInfo: 0x0, TSF 0, 00:02:18.017, RSSI: -114, CPL: 127, AGE: 1216, SSID Admin_5G, TSFDelta: 0x30629e1b, TXRate: 0
08-16 16:53:35.671 1436 2903 D LOWI-9.0.0.87.a: [LOWI-Scan]
08-16 16:53:35.671 1436 2903 D LOWI-9.0.0.87.a: [LOWI-Scan] print_bss_handler: Report Probe TSF 138014727 as it greater than Beacon TSF 137999454
08-16 16:53:35.671 1436 2903 D LOWI-9.0.0.87.a: [LOWI-Scan] decode_rsn_wpa_ie: LOWI_ENCRYPTION_TYPE_WPA_PSK
08-16 16:53:35.671 1436 2903 D LOWI-9.0.0.87.a: [LOWI-Scan] is_qcom_ie, bss_age: 0
08-16 16:53:35.671 1436 2903 D LOWI-9.0.0.87.a: [LOWI-Scan] BSS bc:54:fc:f0:b4:6a LOWI_PHY_MODE_11AC_VHT80(10), Beacon Interval: 100, LOWI_ENCRYPTION_TYPE_WPA_PSK 11mcRanging: No, ANQP: No, LCI: No, Civic: No, capability(0x0011): ESS Privacy
08-16 16:53:35.671 1436 2903 D LOWI-9.0.0.87.a: [LOWI-Scan] BSS bc:54:fc:f0:b4:6a FREQ: 5745, cFreq1[40:80:160] = [5755:5775:0] cFreq2 = 0 Country Code = CN
08-16 16:53:35.671 1436 2903 D LOWI-9.0.0.87.a: [LOWI-Scan] BSS bc:54:fc:f0:b4:6a (wlan0) ASSO: NO AddInfo: 0x0, TSF 0, 00:02:18.014, RSSI: -130, CPL: 127, AGE: 1220, SSID kk5g, TSFDelta: 0xfdc480df, TXRate: 0
08-16 16:53:35.672 1436 2903 D LOWI-9.0.0.87.a: [LOWI-Scan]
08-16 16:53:35.672 1436 2903 D LOWI-9.0.0.87.a: [LOWI-Scan] print_bss_handler: Report Probe TSF 138113506 as it greater than Beacon TSF 103005041
08-16 16:53:35.672 1436 2903 D LOWI-9.0.0.87.a: [LOWI-Scan] decode_rsn_wpa_ie: LOWI_ENCRYPTION_TYPE_WPA_PSK
08-16 16:53:35.672 1436 2903 D LOWI-9.0.0.87.a: [LOWI-Scan] is_qcom_ie, bss_age: 0
08-16 16:53:35.672 1436 2903 D LOWI-9.0.0.87.a: [LOWI-Scan] BSS c8:3a:35:e9:3d:a5 LOWI_PHY_MODE_11AC_VHT80(10), Beacon Interval: 100, LOWI_ENCRYPTION_TYPE_WPA_PSK 11mcRanging: No, ANQP: No, LCI: No, Civic: No, capability(0x1011): ESS Privacy
08-16 16:53:35.672 1436 2903 D LOWI-9.0.0.87.a: [LOWI-Scan] BSS c8:3a:35:e9:3d:a5 FREQ: 5765, cFreq1[40:80:160] = [5755:5775:0] cFreq2 = 0 Country Code =
08-16 16:53:35.672 1436 2903 D LOWI-9.0.0.87.a: [LOWI-Scan] BSS c8:3a:35:e9:3d:a5 (wlan0) ASSO: NO AddInfo: 0x0, TSF 0, 00:02:18.113, RSSI: -100, CPL: 127, AGE: 1120, SSID Tenda_E93DA0_5G, TSFDelta: 0x2e9813d7, TXRate: 0
08-16 16:53:35.673 1436 2903 D LOWI-9.0.0.87.a: [LOWI-Scan]
08-16 16:53:35.673 1436 2903 D LOWI-9.0.0.87.a: [LOWI-Scan] print_bss_handler: Report Probe TSF 138098929 as it greater than Beacon TSF 61347687
08-16 16:53:35.673 1436 2903 D LOWI-9.0.0.87.a: [LOWI-Scan] decode_rsn_wpa_ie: LOWI_ENCRYPTION_TYPE_WPA_PSK
08-16 16:53:35.673 1436 2903 D LOWI-9.0.0.87.a: [LOWI-Scan] is_qcom_ie, bss_age: 0
08-16 16:53:35.673 1436 2903 D LOWI-9.0.0.87.a: [LOWI-Scan] BSS 54:a7:03:c3:2b:60 LOWI_PHY_MODE_11AC_VHT80(10), Beacon Interval: 100, LOWI_ENCRYPTION_TYPE_WPA_PSK 11mcRanging: No, ANQP: No, LCI: No, Civic: No, capability(0x1011): ESS Privacy
08-16 16:53:35.673 1436 2903 D LOWI-9.0.0.87.a: [LOWI-Scan] BSS 54:a7:03:c3:2b:60 FREQ: 5765, cFreq1[40:80:160] = [5755:5775:0] cFreq2 = 0 Country Code = CN
08-16 16:53:35.673 1436 2903 D LOWI-9.0.0.87.a: [LOWI-Scan] BSS 54:a7:03:c3:2b:60 (wlan0) ASSO: NO AddInfo: 0x0, TSF 0, 00:02:18.098, RSSI: -138, CPL: 127, AGE: 1136, SSID test666, TSFDelta: 0x585ac833, TXRate: 0
08-16 16:53:35.674 1436 2903 D LOWI-9.0.0.87.a: [LOWI-Scan]
08-16 16:53:35.674 1436 2903 D LOWI-9.0.0.87.a: [LOWI-Scan] print_bss_handler: Report Probe TSF 138204353 as it greater than Beacon TSF 0
08-16 16:53:35.675 1436 2903 D LOWI-9.0.0.87.a: [LOWI-Scan] is_qcom_ie, bss_age: 0
08-16 16:53:35.675 1436 2903 D LOWI-9.0.0.87.a: [LOWI-Scan] BSS 8c:21:0a:d9:bc:72 LOWI_PHY_MODE_11NA_HT40(6), Beacon Interval: 100, LOWI_ENCRYPTION_TYPE_OPEN 11mcRanging: No, ANQP: No, LCI: No, Civic: No, capability(0x0501): ESS SpectrumMgmt ShortSlotTime
08-16 16:53:35.675 1436 2903 D LOWI-9.0.0.87.a: [LOWI-Scan] BSS 8c:21:0a:d9:bc:72 FREQ: 5785, cFreq1[40:80:160] = [5795:0:0] cFreq2 = 0 Country Code = CN
08-16 16:53:35.675 1436 2903 D LOWI-9.0.0.87.a: [LOWI-Scan] BSS 8c:21:0a:d9:bc:72 (wlan0) ASSO: NO AddInfo: 0x0, TSF 0, 00:02:18.204, RSSI: -118, CPL: 127, AGE: 1028, SSID TP-LINK_5GHz_D9BC72, TSFDelta: 0x6b4fd1a6, TXRate: 0
08-16 16:53:35.676 1436 2903 D LOWI-9.0.0.87.a: [LOWI-Scan]
08-16 16:53:35.676 1436 2903 D LOWI-9.0.0.87.a: [LOWI-Scan] print_bss_handler: Report beacon TSF 138323247 as it greater than probe TSF 138313419
08-16 16:53:35.676 1436 2903 D LOWI-9.0.0.87.a: [LOWI-Scan] decode_rsn_wpa_ie: LOWI_ENCRYPTION_TYPE_WPA_PSK
08-16 16:53:35.676 1436 2903 D LOWI-9.0.0.87.a: [LOWI-Scan] is_qcom_ie, bss_age: 0
08-16 16:53:35.676 1436 2903 D LOWI-9.0.0.87.a: [LOWI-Scan] BSS 5c:02:14:0f:aa:4d LOWI_PHY_MODE_11AC_VHT80(10), Beacon Interval: 100, LOWI_ENCRYPTION_TYPE_WPA_PSK 11mcRanging: No, ANQP: Yes, LCI: No, Civic: No, capability(0x0011): ESS Privacy
08-16 16:53:35.676 1436 2903 D LOWI-9.0.0.87.a: [LOWI-Scan] BSS 5c:02:14:0f:aa:4d FREQ: 5805, cFreq1[40:80:160] = [5795:5775:0] cFreq2 = 0 Country Code = CN
08-16 16:53:35.676 1436 2903 D LOWI-9.0.0.87.a: [LOWI-Scan] BSS 5c:02:14:0f:aa:4d (wlan0) ASSO: NO AddInfo: 0x1, TSF 0, 00:02:18.323, RSSI: -140, CPL: 127, AGE: 912, SSID Redmi_AA4A_5G, TSFDelta: 0x960e91eb, TXRate: 0
08-16 16:53:35.677 1436 2903 D LOWI-9.0.0.87.a: [LOWI-Scan]
08-16 16:53:35.677 1436 2903 D LOWI-9.0.0.87.a: [LOWI-Scan] print_bss_handler: Report Probe TSF 138595235 as it greater than Beacon TSF 103562093
08-16 16:53:35.677 1436 2903 D LOWI-9.0.0.87.a: [LOWI-Scan] decode_rsn_wpa_ie: LOWI_ENCRYPTION_TYPE_WPA_PSK
08-16 16:53:35.677 1436 2903 D LOWI-9.0.0.87.a: [LOWI-Scan] is_qcom_ie, bss_age: 0
08-16 16:53:35.677 1436 2903 D LOWI-9.0.0.87.a: [LOWI-Scan] BSS f4:a4:d6:51:0c:91 LOWI_PHY_MODE_11AC_VHT40(9), Beacon Interval: 100, LOWI_ENCRYPTION_TYPE_WPA_PSK 11mcRanging: No, ANQP: No, LCI: No, Civic: No, capability(0x1511): ESS Privacy SpectrumMgmt ShortSlotTime
08-16 16:53:35.677 1436 2903 D LOWI-9.0.0.87.a: [LOWI-Scan] BSS f4:a4:d6:51:0c:91 FREQ: 5260, cFreq1[40:80:160] = [5270:0:0] cFreq2 = 0 Country Code = CN
08-16 16:53:35.677 1436 2903 D LOWI-9.0.0.87.a: [LOWI-Scan] BSS f4:a4:d6:51:0c:91 (wlan0) ASSO: NO AddInfo: 0x0, TSF 0, 00:02:18.595, RSSI: -158, CPL: 127, AGE: 640, SSID thundercomm, TSFDelta: 0x1f6532cb, TXRate: 0
08-16 16:53:35.678 1436 2903 D LOWI-9.0.0.87.a: [LOWI-Scan]
08-16 16:53:35.678 1436 2903 D LOWI-9.0.0.87.a: [LOWI-Scan] print_bss_handler: Report Probe TSF 138594482 as it greater than Beacon TSF 138577709
08-16 16:53:35.678 1436 2903 D LOWI-9.0.0.87.a: [LOWI-Scan] decode_rsn_wpa_ie: LOWI_ENCRYPTION_TYPE_WPA_PSK
08-16 16:53:35.678 1436 2903 D LOWI-9.0.0.87.a: [LOWI-Scan] is_qcom_ie, bss_age: 0
08-16 16:53:35.678 1436 2903 D LOWI-9.0.0.87.a: [LOWI-Scan] BSS f4:a4:d6:51:0c:90 LOWI_PHY_MODE_11AC_VHT40(9), Beacon Interval: 100, LOWI_ENCRYPTION_TYPE_WPA_PSK 11mcRanging: No, ANQP: No, LCI: No, Civic: No, capability(0x1511): ESS Privacy SpectrumMgmt ShortSlotTime
08-16 16:53:35.678 1436 2903 D LOWI-9.0.0.87.a: [LOWI-Scan] BSS f4:a4:d6:51:0c:90 FREQ: 5260, cFreq1[40:80:160] = [5270:0:0] cFreq2 = 0 Country Code = CN
08-16 16:53:35.678 1436 2903 D LOWI-9.0.0.87.a: [LOWI-Scan] BSS f4:a4:d6:51:0c:90 (wlan0) ASSO: NO AddInfo: 0x0, TSF 0, 00:02:18.594, RSSI: -156, CPL: 127, AGE: 640, SSID guest, TSFDelta: 0x1f60bf53, TXRate: 0
08-16 16:53:35.679 1436 2903 D LOWI-9.0.0.87.a: [LOWI-Scan]
08-16 16:53:35.679 1436 2903 D LOWI-9.0.0.87.a: [LOWI-Scan] print_bss_handler: Report Probe TSF 138603292 as it greater than Beacon TSF 138579181
08-16 16:53:35.679 1436 2903 D LOWI-9.0.0.87.a: [LOWI-Scan] decode_rsn_wpa_ie: LOWI_ENCRYPTION_TYPE_WPA_PSK
08-16 16:53:35.679 1436 2903 D LOWI-9.0.0.87.a: [LOWI-Scan] is_qcom_ie, bss_age: 0
08-16 16:53:35.680 1436 2903 D LOWI-9.0.0.87.a: [LOWI-Scan] BSS f4:a4:d6:51:0c:94 LOWI_PHY_MODE_11AC_VHT40(9), Beacon Interval: 100, LOWI_ENCRYPTION_TYPE_WPA_PSK 11mcRanging: No, ANQP: No, LCI: No, Civic: No, capability(0x1511): ESS Privacy SpectrumMgmt ShortSlotTime
08-16 16:53:35.680 1436 2903 D LOWI-9.0.0.87.a: [LOWI-Scan] BSS f4:a4:d6:51:0c:94 FREQ: 5260, cFreq1[40:80:160] = [5270:0:0] cFreq2 = 0 Country Code = CN
08-16 16:53:35.680 1436 2903 D LOWI-9.0.0.87.a: [LOWI-Scan] BSS f4:a4:d6:51:0c:94 (wlan0) ASSO: NO AddInfo: 0x0, TSF 0, 00:02:18.603, RSSI: -158, CPL: 127, AGE: 632, SSID thundersoft, TSFDelta: 0x1f69bc87, TXRate: 0
08-16 16:53:35.680 1436 2903 D LOWI-9.0.0.87.a: [LOWI-Scan]
08-16 16:53:35.680 1436 2903 D LOWI-9.0.0.87.a: [LOWI-Scan] print_bss_handler: Report beacon TSF 138055734 as it greater than probe TSF 103039920
08-16 16:53:35.681 1436 2903 D LOWI-9.0.0.87.a: [LOWI-Scan] decode_rsn_wpa_ie: LOWI_ENCRYPTION_TYPE_WPA_PSK
08-16 16:53:35.681 1436 2903 D LOWI-9.0.0.87.a: [LOWI-Scan] is_qcom_ie, bss_age: 0
08-16 16:53:35.681 1436 2903 D LOWI-9.0.0.87.a: [LOWI-Scan] BSS a8:5a:e0:72:36:48 LOWI_PHY_MODE_11AC_VHT40_2G(12), Beacon Interval: 100, LOWI_ENCRYPTION_TYPE_WPA_PSK 11mcRanging: No, ANQP: No, LCI: No, Civic: No, capability(0x1431): ESS Privacy ShortPreamble ShortSlotTime
08-16 16:53:35.681 1436 2903 D LOWI-9.0.0.87.a: [LOWI-Scan] BSS a8:5a:e0:72:36:48 FREQ: 2437, cFreq1[40:80:160] = [2447:0:0] cFreq2 = 0 Country Code =
08-16 16:53:35.681 1436 2903 D LOWI-9.0.0.87.a: [LOWI-Scan] BSS a8:5a:e0:72:36:48 (wlan0) ASSO: NO AddInfo: 0x1, TSF 0, 00:02:18.055, RSSI: -144, CPL: 127, AGE: 1180, SSID anamwifi, TSFDelta: 0x32d18b42, TXRate: 0
08-16 16:53:35.682 1436 2903 D LOWI-9.0.0.87.a: [LOWI-Scan]
08-16 16:53:35.682 1436 2903 D LOWI-9.0.0.87.a: [LOWI-Scan] print_bss_handler: Report Probe TSF 137983589 as it greater than Beacon TSF 102993511
08-16 16:53:35.682 1436 2903 D LOWI-9.0.0.87.a: [LOWI-Scan] decode_rsn_wpa_ie: LOWI_ENCRYPTION_TYPE_WPA_PSK
08-16 16:53:35.682 1436 2903 D LOWI-9.0.0.87.a: [LOWI-Scan] is_qcom_ie, bss_age: 0
08-16 16:53:35.682 1436 2903 D LOWI-9.0.0.87.a: [LOWI-Scan] BSS 9e:97:cc:03:15:34 LOWI_PHY_MODE_11AC_VHT40_2G(12), Beacon Interval: 100, LOWI_ENCRYPTION_TYPE_WPA_PSK 11mcRanging: No, ANQP: No, LCI: No, Civic: No, capability(0x0431): ESS Privacy ShortPreamble ShortSlotTime
08-16 16:53:35.683 1436 2903 D LOWI-9.0.0.87.a: [LOWI-Scan] BSS 9e:97:cc:03:15:34 FREQ: 2437, cFreq1[40:80:160] = [2427:0:0] cFreq2 = 0 Country Code = CN
08-16 16:53:35.683 1436 2903 D LOWI-9.0.0.87.a: [LOWI-Scan] BSS 9e:97:cc:03:15:34 (wlan0) ASSO: NO AddInfo: 0x0, TSF 0, 00:02:17.983, RSSI: -124, CPL: 127, AGE: 1252, SSID SD3_Test, TSFDelta: 0x6e8b230b, TXRate: 0
08-16 16:53:35.684 1436 2903 D LOWI-9.0.0.87.a: [LOWI-Scan]
08-16 16:53:35.684 1436 2903 D LOWI-9.0.0.87.a: [LOWI-Scan] print_bss_handler: Report beacon TSF 138962128 as it greater than probe TSF 138947309
08-16 16:53:35.684 1436 2903 D LOWI-9.0.0.87.a: [LOWI-Scan] decode_rsn_wpa_ie: LOWI_ENCRYPTION_TYPE_WPA_PSK
08-16 16:53:35.684 1436 2903 D LOWI-9.0.0.87.a: [LOWI-Scan] is_qcom_ie, bss_age: 0
08-16 16:53:35.684 1436 2903 D LOWI-9.0.0.87.a: [LOWI-Scan] BSS f4:a4:d6:51:0d:90 LOWI_PHY_MODE_11AC_VHT40(9), Beacon Interval: 100, LOWI_ENCRYPTION_TYPE_WPA_PSK 11mcRanging: No, ANQP: No, LCI: No, Civic: No, capability(0x1511): ESS Privacy SpectrumMgmt ShortSlotTime
08-16 16:53:35.684 1436 2903 D LOWI-9.0.0.87.a: [LOWI-Scan] BSS f4:a4:d6:51:0d:90 FREQ: 5300, cFreq1[40:80:160] = [5310:0:0] cFreq2 = 0 Country Code = CN
08-16 16:53:35.684 1436 2903 D LOWI-9.0.0.87.a: [LOWI-Scan] BSS f4:a4:d6:51:0d:90 (wlan0) ASSO: NO AddInfo: 0x1, TSF 0, 00:02:18.962, RSSI: -134, CPL: 127, AGE: 272, SSID guest, TSFDelta: 0x2ce96d1b, TXRate: 0
08-16 16:53:35.684 1436 2903 D LOWI-9.0.0.87.a: [LOWI-Scan]
08-16 16:53:35.684 1436 2903 D LOWI-9.0.0.87.a: [LOWI-Scan] print_bss_handler: Report beacon TSF 138962925 as it greater than probe TSF 138957612
08-16 16:53:35.684 1436 2903 D LOWI-9.0.0.87.a: [LOWI-Scan] decode_rsn_wpa_ie: LOWI_ENCRYPTION_TYPE_WPA_PSK
08-16 16:53:35.684 1436 2903 D LOWI-9.0.0.87.a: [LOWI-Scan] is_qcom_ie, bss_age: 0
08-16 16:53:35.684 1436 2903 D LOWI-9.0.0.87.a: [LOWI-Scan] BSS f4:a4:d6:51:0d:94 LOWI_PHY_MODE_11AC_VHT40(9), Beacon Interval: 100, LOWI_ENCRYPTION_TYPE_WPA_PSK 11mcRanging: No, ANQP: No, LCI: No, Civic: No, capability(0x1511): ESS Privacy SpectrumMgmt ShortSlotTime
08-16 16:53:35.684 1436 2903 D LOWI-9.0.0.87.a: [LOWI-Scan] BSS f4:a4:d6:51:0d:94 FREQ: 5300, cFreq1[40:80:160] = [5310:0:0] cFreq2 = 0 Country Code = CN
08-16 16:53:35.685 1436 2903 D LOWI-9.0.0.87.a: [LOWI-Scan] BSS f4:a4:d6:51:0d:94 (wlan0) ASSO: NO AddInfo: 0x1, TSF 0, 00:02:18.962, RSSI: -134, CPL: 127, AGE: 272, SSID thundersoft, TSFDelta: 0x2d03afcc, TXRate: 0
08-16 16:53:35.685 1436 2903 D LOWI-9.0.0.87.a: [LOWI-Scan]
08-16 16:53:35.685 1436 2903 D LOWI-9.0.0.87.a: [LOWI-Scan] print_bss_handler: Report Probe TSF 138949886 as it greater than Beacon TSF 138937960
08-16 16:53:35.685 1436 2903 D LOWI-9.0.0.87.a: [LOWI-Scan] decode_rsn_wpa_ie: LOWI_ENCRYPTION_TYPE_WPA_PSK
08-16 16:53:35.685 1436 2903 D LOWI-9.0.0.87.a: [LOWI-Scan] is_qcom_ie, bss_age: 0
08-16 16:53:35.685 1436 2903 D LOWI-9.0.0.87.a: [LOWI-Scan] BSS f4:a4:d6:51:0e:11 LOWI_PHY_MODE_11AC_VHT40(9), Beacon Interval: 100, LOWI_ENCRYPTION_TYPE_WPA_PSK 11mcRanging: No, ANQP: No, LCI: No, Civic: No, capability(0x1511): ESS Privacy SpectrumMgmt ShortSlotTime
08-16 16:53:35.685 1436 2903 D LOWI-9.0.0.87.a: [LOWI-Scan] BSS f4:a4:d6:51:0e:11 FREQ: 5300, cFreq1[40:80:160] = [5310:0:0] cFreq2 = 0 Country Code = CN
08-16 16:53:35.685 1436 2903 D LOWI-9.0.0.87.a: [LOWI-Scan] BSS f4:a4:d6:51:0e:11 (wlan0) ASSO: NO AddInfo: 0x0, TSF 0, 00:02:18.949, RSSI: -122, CPL: 127, AGE: 284, SSID thundercomm, TSFDelta: 0xd9e67044, TXRate: 0
08-16 16:53:35.686 1436 2903 D LOWI-9.0.0.87.a: [LOWI-Scan]
08-16 16:53:35.686 1436 2903 D LOWI-9.0.0.87.a: [LOWI-Scan] print_bss_handler: Report Probe TSF 138952437 as it greater than Beacon TSF 138939053
08-16 16:53:35.686 1436 2903 D LOWI-9.0.0.87.a: [LOWI-Scan] decode_rsn_wpa_ie: LOWI_ENCRYPTION_TYPE_WPA_PSK
08-16 16:53:35.686 1436 2903 D LOWI-9.0.0.87.a: [LOWI-Scan] is_qcom_ie, bss_age: 0
08-16 16:53:35.686 1436 2903 D LOWI-9.0.0.87.a: [LOWI-Scan] BSS f4:a4:d6:51:0e:14 LOWI_PHY_MODE_11AC_VHT40(9), Beacon Interval: 100, LOWI_ENCRYPTION_TYPE_WPA_PSK 11mcRanging: No, ANQP: No, LCI: No, Civic: No, capability(0x1511): ESS Privacy SpectrumMgmt ShortSlotTime
08-16 16:53:35.686 1436 2903 D LOWI-9.0.0.87.a: [LOWI-Scan] BSS f4:a4:d6:51:0e:14 FREQ: 5300, cFreq1[40:80:160] = [5310:0:0] cFreq2 = 0 Country Code = CN
08-16 16:53:35.686 1436 2903 D LOWI-9.0.0.87.a: [LOWI-Scan] BSS f4:a4:d6:51:0e:14 (wlan0) ASSO: NO AddInfo: 0x0, TSF 0, 00:02:18.952, RSSI: -120, CPL: 127, AGE: 280, SSID thundersoft, TSFDelta: 0xd9ecc67a, TXRate: 0
08-16 16:53:35.686 1436 2903 D LOWI-9.0.0.87.a: [LOWI-Scan]
08-16 16:53:35.686 1436 2903 D LOWI-9.0.0.87.a: [LOWI-Scan] print_bss_handler: Report Probe TSF 138944962 as it greater than Beacon TSF 138938574
08-16 16:53:35.686 1436 2903 D LOWI-9.0.0.87.a: [LOWI-Scan] decode_rsn_wpa_ie: LOWI_ENCRYPTION_TYPE_WPA_PSK
08-16 16:53:35.686 1436 2903 D LOWI-9.0.0.87.a: [LOWI-Scan] is_qcom_ie, bss_age: 0
08-16 16:53:35.686 1436 2903 D LOWI-9.0.0.87.a: [LOWI-Scan] BSS f4:a4:d6:51:0e:10 LOWI_PHY_MODE_11AC_VHT40(9), Beacon Interval: 100, LOWI_ENCRYPTION_TYPE_WPA_PSK 11mcRanging: No, ANQP: No, LCI: No, Civic: No, capability(0x1511): ESS Privacy SpectrumMgmt ShortSlotTime
08-16 16:53:35.687 1436 2903 D LOWI-9.0.0.87.a: [LOWI-Scan] BSS f4:a4:d6:51:0e:10 FREQ: 5300, cFreq1[40:80:160] = [5310:0:0] cFreq2 = 0 Country Code = CN
08-16 16:53:35.687 1436 2903 D LOWI-9.0.0.87.a: [LOWI-Scan] BSS f4:a4:d6:51:0e:10 (wlan0) ASSO: NO AddInfo: 0x0, TSF 0, 00:02:18.944, RSSI: -120, CPL: 127, AGE: 288, SSID guest, TSFDelta: 0xd9dc7640, TXRate: 0
08-16 16:53:35.687 1436 2903 D LOWI-9.0.0.87.a: [LOWI-Scan]
08-16 16:53:35.687 1436 2903 D LOWI-9.0.0.87.a: [LOWI-Scan] print_bss_handler: Report Probe TSF 138520701 as it greater than Beacon TSF 62060350
08-16 16:53:35.687 1436 2903 D LOWI-9.0.0.87.a: [LOWI-Scan] decode_rsn_wpa_ie: LOWI_ENCRYPTION_TYPE_WPA_PSK
08-16 16:53:35.687 1436 2903 D LOWI-9.0.0.87.a: [LOWI-Scan] is_qcom_ie, bss_age: 0
08-16 16:53:35.687 1436 2903 D LOWI-9.0.0.87.a: [LOWI-Scan] BSS 0c:83:9a:56:43:e0 LOWI_PHY_MODE_11NG_HT20(5), Beacon Interval: 100, LOWI_ENCRYPTION_TYPE_WPA_PSK 11mcRanging: No, ANQP: No, LCI: No, Civic: No, capability(0x1431): ESS Privacy ShortPreamble ShortSlotTime
08-16 16:53:35.687 1436 2903 D LOWI-9.0.0.87.a: [LOWI-Scan] BSS 0c:83:9a:56:43:e0 FREQ: 2462, cFreq1[40:80:160] = [0:0:0] cFreq2 = 0 Country Code = CN
08-16 16:53:35.687 1436 2903 D LOWI-9.0.0.87.a: [LOWI-Scan] BSS 0c:83:9a:56:43:e0 (wlan0) ASSO: NO AddInfo: 0x0, TSF 0, 00:02:18.520, RSSI: -124, CPL: 127, AGE: 712, SSID HUAWEI-004YJ1, TSFDelta: 0x907f019a, TXRate: 0
08-16 16:53:35.688 1436 2903 D LOWI-9.0.0.87.a: [LOWI-Scan]
08-16 16:53:35.688 1436 2903 D LOWI-9.0.0.87.a: [LOWI-Scan] print_bss_handler: Report Probe TSF 138533319 as it greater than Beacon TSF 62057650
08-16 16:53:35.688 1436 2903 D LOWI-9.0.0.87.a: [LOWI-Scan] decode_rsn_wpa_ie: LOWI_ENCRYPTION_TYPE_WPA_PSK
08-16 16:53:35.688 1436 2903 D LOWI-9.0.0.87.a: [LOWI-Scan] is_qcom_ie, bss_age: 0
08-16 16:53:35.688 1436 2903 D LOWI-9.0.0.87.a: [LOWI-Scan] BSS 2c:61:04:e5:57:3c LOWI_PHY_MODE_11NG_HT20(5), Beacon Interval: 100, LOWI_ENCRYPTION_TYPE_WPA_PSK 11mcRanging: No, ANQP: No, LCI: No, Civic: No, capability(0x0431): ESS Privacy ShortPreamble ShortSlotTime
08-16 16:53:35.688 1436 2903 D LOWI-9.0.0.87.a: [LOWI-Scan] BSS 2c:61:04:e5:57:3c FREQ: 2462, cFreq1[40:80:160] = [0:0:0] cFreq2 = 0 Country Code =
08-16 16:53:35.688 1436 2903 D LOWI-9.0.0.87.a: [LOWI-Scan] BSS 2c:61:04:e5:57:3c (wlan0) ASSO: NO AddInfo: 0x0, TSF 0, 00:02:18.533, RSSI: -132, CPL: 127, AGE: 700, SSID 360WiFi-E5573C, TSFDelta: 0xb0229d7, TXRate: 0
08-16 16:53:35.689 1436 2903 D LOWI-9.0.0.87.a: [LOWI-Scan]
08-16 16:53:35.689 1436 2903 D LOWI-9.0.0.87.a: [LOWI-Scan] print_bss_handler: Report beacon TSF 137956996 as it greater than probe TSF 137956996
08-16 16:53:35.689 1436 2903 D LOWI-9.0.0.87.a: [LOWI-Scan] is_qcom_ie, bss_age: 0
08-16 16:53:35.689 1436 2903 D LOWI-9.0.0.87.a: [LOWI-Scan] BSS 8c:21:0a:d9:bc:71 LOWI_PHY_MODE_11NG_HT40(7), Beacon Interval: 100, LOWI_ENCRYPTION_TYPE_OPEN 11mcRanging: No, ANQP: No, LCI: No, Civic: No, capability(0x0021): ESS ShortPreamble
08-16 16:53:35.689 1436 2903 D LOWI-9.0.0.87.a: [LOWI-Scan] BSS 8c:21:0a:d9:bc:71 FREQ: 2437, cFreq1[40:80:160] = [2447:0:0] cFreq2 = 0 Country Code =
08-16 16:53:35.689 1160 1755 D WifiGbk : removing bss - Bss("月下映人":34:f7:16:8f:88:0a, isGbk=false, security=PSK, level=-83, frequency=5805)
08-16 16:53:35.689 1436 2903 D LOWI-9.0.0.87.a: [LOWI-Scan] BSS 8c:21:0a:d9:bc:71 (wlan0) ASSO: NO AddInfo: 0x1, TSF 0, 00:02:17.956, RSSI: -166, CPL: 127, AGE: 1276, SSID TP-LINK_2.4GHz_D9BC71, TSFDelta: 0x3a089432, TXRate: 0
08-16 16:53:35.689 1436 2903 D LOWI-9.0.0.87.a: [LOWI-Scan]
08-16 16:53:35.689 1436 2903 D LOWI-9.0.0.87.a: [LOWI-Scan] print_bss_handler: Report beacon TSF 138315374 as it greater than probe TSF 138315374
08-16 16:53:35.689 1436 2903 D LOWI-9.0.0.87.a: [LOWI-Scan] decode_rsn_wpa_ie: LOWI_ENCRYPTION_TYPE_WPA_PSK
08-16 16:53:35.689 1436 2903 D LOWI-9.0.0.87.a: [LOWI-Scan] is_qcom_ie, bss_age: 0
08-16 16:53:35.690 1436 2903 D LOWI-9.0.0.87.a: [LOWI-Scan] BSS 36:f7:16:af:88:0a LOWI_PHY_MODE_11AC_VHT80(10), Beacon Interval: 100, LOWI_ENCRYPTION_TYPE_WPA_PSK 11mcRanging: No, ANQP: No, LCI: No, Civic: No, capability(0x0011): ESS Privacy
08-16 16:53:35.690 1436 2903 D LOWI-9.0.0.87.a: [LOWI-Scan] BSS 36:f7:16:af:88:0a FREQ: 5805, cFreq1[40:80:160] = [5795:5775:0] cFreq2 = 0 Country Code = CN
08-16 16:53:35.690 1436 2903 D LOWI-9.0.0.87.a: [LOWI-Scan] BSS 36:f7:16:af:88:0a (wlan0) ASSO: NO AddInfo: 0x1, TSF 0, 00:02:18.315, RSSI: -162, CPL: 127, AGE: 920, SSID , TSFDelta: 0x30e412, TXRate: 0
08-16 16:53:35.690 1436 2903 D LOWI-9.0.0.87.a: [LOWI-Scan]
08-16 16:53:35.690 1436 2903 D LOWI-9.0.0.87.a: [LOWI-Scan] print_bss_handler: Report beacon TSF 137611952 as it greater than probe TSF 137611952
08-16 16:53:35.690 1436 2903 D LOWI-9.0.0.87.a: [LOWI-Scan] decode_rsn_wpa_ie: LOWI_ENCRYPTION_TYPE_WPA_PSK
08-16 16:53:35.690 1436 2903 D LOWI-9.0.0.87.a: [LOWI-Scan] is_qcom_ie, bss_age: 0
08-16 16:53:35.690 1436 2903 D LOWI-9.0.0.87.a: [LOWI-Scan] BSS 98:97:cc:0e:3f:88 LOWI_PHY_MODE_11AC_VHT160(15), Beacon Interval: 100, LOWI_ENCRYPTION_TYPE_WPA_PSK 11mcRanging: No, ANQP: No, LCI: No, Civic: No, capability(0x1511): ESS Privacy SpectrumMgmt ShortSlotTime
08-16 16:53:35.690 1436 2903 D LOWI-9.0.0.87.a: [LOWI-Scan] BSS 98:97:cc:0e:3f:88 FREQ: 5200, cFreq1[40:80:160] = [5190:5210:5210] cFreq2 = 5250 Country Code = CN
08-16 16:53:35.690 1436 2903 D LOWI-9.0.0.87.a: [LOWI-Scan] BSS 98:97:cc:0e:3f:88 (wlan0) ASSO: NO AddInfo: 0x1, TSF 0, 00:02:17.611, RSSI: -154, CPL: 127, AGE: 1624, SSID TP-LINK_3F86, TSFDelta: 0x1755aa29, TXRate: 0
08-16 16:53:35.691 1436 2903 D LOWI-9.0.0.87.a: [LOWI-Scan]
08-16 16:53:35.691 1436 2903 D LOWI-9.0.0.87.a: [LOWI-Scan] print_bss_handler: Report beacon TSF 137612777 as it greater than probe TSF 137612777
08-16 16:53:35.691 1436 2903 D LOWI-9.0.0.87.a: [LOWI-Scan] decode_rsn_wpa_ie: LOWI_ENCRYPTION_TYPE_WPA_PSK
08-16 16:53:35.691 1436 2903 D LOWI-9.0.0.87.a: [LOWI-Scan] is_qcom_ie, bss_age: 0
08-16 16:53:35.691 1436 2903 D LOWI-9.0.0.87.a: [LOWI-Scan] BSS 9e:97:cc:0e:3f:88 LOWI_PHY_MODE_11AC_VHT160(15), Beacon Interval: 100, LOWI_ENCRYPTION_TYPE_WPA_PSK 11mcRanging: No, ANQP: No, LCI: No, Civic: No, capability(0x0511): ESS Privacy SpectrumMgmt ShortSlotTime
08-16 16:53:35.691 1436 2903 D LOWI-9.0.0.87.a: [LOWI-Scan] BSS 9e:97:cc:0e:3f:88 FREQ: 5200, cFreq1[40:80:160] = [5190:5210:5210] cFreq2 = 5250 Country Code = CN
08-16 16:53:35.691 1436 2903 D LOWI-9.0.0.87.a: [LOWI-Scan] BSS 9e:97:cc:0e:3f:88 (wlan0) ASSO: NO AddInfo: 0x1, TSF 0, 00:02:17.612, RSSI: -154, CPL: 127, AGE: 1620, SSID , TSFDelta: 0x175a429b, TXRate: 0
08-16 16:53:35.692 1436 2903 D LOWI-9.0.0.87.a: [LOWI-Scan]
08-16 16:53:35.692 1436 2903 D LOWI-9.0.0.87.a: [LOWI-Scan] print_bss_handler: Report Probe TSF 137703841 as it greater than Beacon TSF 0
08-16 16:53:35.692 1436 2903 D LOWI-9.0.0.87.a: [LOWI-Scan] decode_rsn_wpa_ie: LOWI_ENCRYPTION_TYPE_WPA_PSK
08-16 16:53:35.692 1436 2903 D LOWI-9.0.0.87.a: [LOWI-Scan] is_qcom_ie, bss_age: 0
08-16 16:53:35.692 1436 2903 D LOWI-9.0.0.87.a: [LOWI-Scan] BSS f4:a4:d6:51:0d:d0 LOWI_PHY_MODE_11AC_VHT40(9), Beacon Interval: 100, LOWI_ENCRYPTION_TYPE_WPA_PSK 11mcRanging: No, ANQP: No, LCI: No, Civic: No, capability(0x1511): ESS Privacy SpectrumMgmt ShortSlotTime
08-16 16:53:35.692 1436 2903 D LOWI-9.0.0.87.a: [LOWI-Scan] BSS f4:a4:d6:51:0d:d0 FREQ: 5220, cFreq1[40:80:160] = [5230:0:0] cFreq2 = 0 Country Code = CN
08-16 16:53:35.692 1436 2903 D LOWI-9.0.0.87.a: [LOWI-Scan] BSS f4:a4:d6:51:0d:d0 (wlan0) ASSO: NO AddInfo: 0x0, TSF 0, 00:02:17.703, RSSI: -176, CPL: 127, AGE: 1532, SSID guest, TSFDelta: 0x4d561299, TXRate: 0
08-16 16:53:35.693 1436 2903 D LOWI-9.0.0.87.a: [LOWI-Scan]
08-16 16:53:35.693 1436 2903 D LOWI-9.0.0.87.a: [LOWI-Scan] print_bss_handler: Report Probe TSF 137704932 as it greater than Beacon TSF 0
08-16 16:53:35.693 1436 2903 D LOWI-9.0.0.87.a: [LOWI-Scan] decode_rsn_wpa_ie: LOWI_ENCRYPTION_TYPE_WPA_PSK
08-16 16:53:35.693 1436 2903 D LOWI-9.0.0.87.a: [LOWI-Scan] is_qcom_ie, bss_age: 0
08-16 16:53:35.693 1436 2903 D LOWI-9.0.0.87.a: [LOWI-Scan] BSS f4:a4:d6:51:0d:d1 LOWI_PHY_MODE_11AC_VHT40(9), Beacon Interval: 100, LOWI_ENCRYPTION_TYPE_WPA_PSK 11mcRanging: No, ANQP: No, LCI: No, Civic: No, capability(0x1511): ESS Privacy SpectrumMgmt ShortSlotTime
08-16 16:53:35.693 1436 2903 D LOWI-9.0.0.87.a: [LOWI-Scan] BSS f4:a4:d6:51:0d:d1 FREQ: 5220, cFreq1[40:80:160] = [5230:0:0] cFreq2 = 0 Country Code = CN
08-16 16:53:35.693 1436 2903 D LOWI-9.0.0.87.a: [LOWI-Scan] BSS f4:a4:d6:51:0d:d1 (wlan0) ASSO: NO AddInfo: 0x0, TSF 0, 00:02:17.704, RSSI: -176, CPL: 127, AGE: 1528, SSID thundercomm, TSFDelta: 0x4d5e7a67, TXRate: 0
08-16 16:53:35.693 1436 2903 D LOWI-9.0.0.87.a: [LOWI-Scan]
08-16 16:53:35.693 1436 2903 D LOWI-9.0.0.87.a: [LOWI-Scan] print_bss_handler: Report Probe TSF 137705807 as it greater than Beacon TSF 0
08-16 16:53:35.693 1436 2903 D LOWI-9.0.0.87.a: [LOWI-Scan] decode_rsn_wpa_ie: LOWI_ENCRYPTION_TYPE_WPA_PSK
08-16 16:53:35.693 1436 2903 D LOWI-9.0.0.87.a: [LOWI-Scan] is_qcom_ie, bss_age: 0
08-16 16:53:35.693 1436 2903 D LOWI-9.0.0.87.a: [LOWI-Scan] BSS f4:a4:d6:51:0d:d4 LOWI_PHY_MODE_11AC_VHT40(9), Beacon Interval: 100, LOWI_ENCRYPTION_TYPE_WPA_PSK 11mcRanging: No, ANQP: No, LCI: No, Civic: No, capability(0x1511): ESS Privacy SpectrumMgmt ShortSlotTime
08-16 16:53:35.693 1436 2903 D LOWI-9.0.0.87.a: [LOWI-Scan] BSS f4:a4:d6:51:0d:d4 FREQ: 5220, cFreq1[40:80:160] = [5230:0:0] cFreq2 = 0 Country Code = CN
08-16 16:53:35.693 1436 2903 D LOWI-9.0.0.87.a: [LOWI-Scan] BSS f4:a4:d6:51:0d:d4 (wlan0) ASSO: NO AddInfo: 0x0, TSF 0, 00:02:17.705, RSSI: -178, CPL: 127, AGE: 1528, SSID thundersoft, TSFDelta: 0x4d671279, TXRate: 0
08-16 16:53:35.694 1436 2903 D LOWI-9.0.0.87.a: [LOWI-Scan]
08-16 16:53:35.694 1436 2903 D LOWI-9.0.0.87.a: [LOWI-Scan] print_bss_handler: Report Probe TSF 137706175 as it greater than Beacon TSF 0
08-16 16:53:35.694 1436 2903 D LOWI-9.0.0.87.a: [LOWI-Scan] decode_rsn_wpa_ie: LOWI_ENCRYPTION_TYPE_WPA_PSK
08-16 16:53:35.694 1436 2903 D LOWI-9.0.0.87.a: [LOWI-Scan] is_qcom_ie, bss_age: 0
08-16 16:53:35.694 1436 2903 D LOWI-9.0.0.87.a: [LOWI-Scan] BSS f4:a4:d6:51:0d:34 LOWI_PHY_MODE_11AC_VHT40(9), Beacon Interval: 100, LOWI_ENCRYPTION_TYPE_WPA_PSK 11mcRanging: No, ANQP: No, LCI: No, Civic: No, capability(0x1511): ESS Privacy SpectrumMgmt ShortSlotTime
08-16 16:53:35.694 1436 2903 D LOWI-9.0.0.87.a: [LOWI-Scan] BSS f4:a4:d6:51:0d:34 FREQ: 5220, cFreq1[40:80:160] = [5230:0:0] cFreq2 = 0 Country Code = CN
08-16 16:53:35.694 1436 2903 D LOWI-9.0.0.87.a: [LOWI-Scan] BSS f4:a4:d6:51:0d:34 (wlan0) ASSO: NO AddInfo: 0x0, TSF 0, 00:02:17.706, RSSI: -186, CPL: 127, AGE: 1528, SSID thundersoft, TSFDelta: 0x1e28abb5, TXRate: 0
08-16 16:53:35.694 1436 2903 D LOWI-9.0.0.87.a: [LOWI-Scan]
08-16 16:53:35.694 1436 2903 D LOWI-9.0.0.87.a: [LOWI-Scan] print_bss_handler: Report Probe TSF 137983147 as it greater than Beacon TSF 0
08-16 16:53:35.695 1436 2903 D LOWI-9.0.0.87.a: [LOWI-Scan] decode_rsn_wpa_ie: LOWI_ENCRYPTION_TYPE_WPA_PSK
08-16 16:53:35.695 1436 2903 D LOWI-9.0.0.87.a: [LOWI-Scan] is_qcom_ie, bss_age: 0
08-16 16:53:35.695 1436 2903 D LOWI-9.0.0.87.a: [LOWI-Scan] BSS 98:97:cc:03:15:34 LOWI_PHY_MODE_11AC_VHT40_2G(12), Beacon Interval: 100, LOWI_ENCRYPTION_TYPE_WPA_PSK 11mcRanging: No, ANQP: No, LCI: No, Civic: No, capability(0x1431): ESS Privacy ShortPreamble ShortSlotTime
08-16 16:53:35.695 1436 2903 D LOWI-9.0.0.87.a: [LOWI-Scan] BSS 98:97:cc:03:15:34 FREQ: 2437, cFreq1[40:80:160] = [2427:0:0] cFreq2 = 0 Country Code = CN
08-16 16:53:35.695 1436 2903 D LOWI-9.0.0.87.a: [LOWI-Scan] BSS 98:97:cc:03:15:34 (wlan0) ASSO: NO AddInfo: 0x0, TSF 0, 00:02:17.983, RSSI: -124, CPL: 127, AGE: 1252, SSID 200M_2.4G, TSFDelta: 0x6e337910, TXRate: 0
08-16 16:53:35.695 1436 2903 D LOWI-9.0.0.87.a: [LOWI-Scan]
08-16 16:53:35.695 1436 2903 D LOWI-9.0.0.87.a: [LOWI-Scan] print_bss_handler: Report beacon TSF 138002562 as it greater than probe TSF 138002562
08-16 16:53:35.695 1436 2903 D LOWI-9.0.0.87.a: [LOWI-Scan] decode_rsn_wpa_ie: LOWI_ENCRYPTION_TYPE_WPA_PSK
08-16 16:53:35.695 1436 2903 D LOWI-9.0.0.87.a: [LOWI-Scan] is_qcom_ie, bss_age: 0
08-16 16:53:35.695 1436 2903 D LOWI-9.0.0.87.a: [LOWI-Scan] BSS f4:a4:d6:51:0e:30 LOWI_PHY_MODE_11AC_VHT40(9), Beacon Interval: 100, LOWI_ENCRYPTION_TYPE_WPA_PSK 11mcRanging: No, ANQP: No, LCI: No, Civic: No, capability(0x1511): ESS Privacy SpectrumMgmt ShortSlotTime
08-16 16:53:35.695 1436 2903 D LOWI-9.0.0.87.a: [LOWI-Scan] BSS f4:a4:d6:51:0e:30 FREQ: 5745, cFreq1[40:80:160] = [5755:0:0] cFreq2 = 0 Country Code = CN
08-16 16:53:35.695 1436 2903 D LOWI-9.0.0.87.a: [LOWI-Scan] BSS f4:a4:d6:51:0e:30 (wlan0) ASSO: NO AddInfo: 0x1, TSF 0, 00:02:18.002, RSSI: -180, CPL: 127, AGE: 1232, SSID guest, TSFDelta: 0xed43e249, TXRate: 0
08-16 16:53:35.696 1436 2903 D LOWI-9.0.0.87.a: [LOWI-Scan]
08-16 16:53:35.696 1436 2903 D LOWI-9.0.0.87.a: [LOWI-Scan] print_bss_handler: Report beacon TSF 138002905 as it greater than probe TSF 138002905
08-16 16:53:35.696 1436 2903 D LOWI-9.0.0.87.a: [LOWI-Scan] decode_rsn_wpa_ie: LOWI_ENCRYPTION_TYPE_WPA_PSK
08-16 16:53:35.696 1436 2903 D LOWI-9.0.0.87.a: [LOWI-Scan] is_qcom_ie, bss_age: 0
08-16 16:53:35.696 1436 2903 D LOWI-9.0.0.87.a: [LOWI-Scan] BSS f4:a4:d6:51:0e:34 LOWI_PHY_MODE_11AC_VHT40(9), Beacon Interval: 100, LOWI_ENCRYPTION_TYPE_WPA_PSK 11mcRanging: No, ANQP: No, LCI: No, Civic: No, capability(0x1511): ESS Privacy SpectrumMgmt ShortSlotTime
08-16 16:53:35.696 1436 2903 D LOWI-9.0.0.87.a: [LOWI-Scan] BSS f4:a4:d6:51:0e:34 FREQ: 5745, cFreq1[40:80:160] = [5755:0:0] cFreq2 = 0 Country Code = CN
08-16 16:53:35.696 1436 2903 D LOWI-9.0.0.87.a: [LOWI-Scan] BSS f4:a4:d6:51:0e:34 (wlan0) ASSO: NO AddInfo: 0x1, TSF 0, 00:02:18.002, RSSI: -180, CPL: 127, AGE: 1232, SSID thundersoft, TSFDelta: 0xed474a25, TXRate: 0
08-16 16:53:35.697 1436 2903 D LOWI-9.0.0.87.a: [LOWI-Scan]
08-16 16:53:35.697 1436 2903 D LOWI-9.0.0.87.a: [LOWI-Scan] print_bss_handler: Report Probe TSF 138113965 as it greater than Beacon TSF 138106166
08-16 16:53:35.697 1436 2903 D LOWI-9.0.0.87.a: [LOWI-Scan] decode_rsn_wpa_ie: LOWI_ENCRYPTION_TYPE_WPA_PSK
08-16 16:53:35.697 1436 2903 D LOWI-9.0.0.87.a: [LOWI-Scan] is_qcom_ie, bss_age: 0
08-16 16:53:35.697 1436 2903 D LOWI-9.0.0.87.a: [LOWI-Scan] BSS 4a:98:ca:a9:2f:ef LOWI_PHY_MODE_11NA_HT20(4), Beacon Interval: 100, LOWI_ENCRYPTION_TYPE_WPA_PSK 11mcRanging: No, ANQP: No, LCI: No, Civic: No, capability(0x0011): ESS Privacy
08-16 16:53:35.697 1436 2903 D LOWI-9.0.0.87.a: [LOWI-Scan] BSS 4a:98:ca:a9:2f:ef FREQ: 5765, cFreq1[40:80:160] = [0:0:0] cFreq2 = 0 Country Code =
08-16 16:53:35.697 1436 2903 D LOWI-9.0.0.87.a: [LOWI-Scan] BSS 4a:98:ca:a9:2f:ef (wlan0) ASSO: NO AddInfo: 0x0, TSF 0, 00:02:18.113, RSSI: -150, CPL: 127, AGE: 1120, SSID HAGIBIS-272979, TSFDelta: 0x37a6b90, TXRate: 0
08-16 16:53:35.697 1436 2903 D LOWI-9.0.0.87.a: [LOWI-Scan]
08-16 16:53:35.697 1436 2903 D LOWI-9.0.0.87.a: [LOWI-Scan] print_bss_handler: Report beacon TSF 138960224 as it greater than probe TSF 138954890
08-16 16:53:35.697 1436 2903 D LOWI-9.0.0.87.a: [LOWI-Scan] decode_rsn_wpa_ie: LOWI_ENCRYPTION_TYPE_WPA_PSK
08-16 16:53:35.698 1436 2903 D LOWI-9.0.0.87.a: [LOWI-Scan] is_qcom_ie, bss_age: 0
08-16 16:53:35.698 1436 2903 D LOWI-9.0.0.87.a: [LOWI-Scan] BSS f4:a4:d6:51:0d:91 LOWI_PHY_MODE_11AC_VHT40(9), Beacon Interval: 100, LOWI_ENCRYPTION_TYPE_WPA_PSK 11mcRanging: No, ANQP: No, LCI: No, Civic: No, capability(0x1511): ESS Privacy SpectrumMgmt ShortSlotTime
08-16 16:53:35.698 1436 2903 D LOWI-9.0.0.87.a: [LOWI-Scan] BSS f4:a4:d6:51:0d:91 FREQ: 5300, cFreq1[40:80:160] = [5310:0:0] cFreq2 = 0 Country Code = CN
08-16 16:53:35.698 1436 2903 D LOWI-9.0.0.87.a: [LOWI-Scan] BSS f4:a4:d6:51:0d:91 (wlan0) ASSO: NO AddInfo: 0x1, TSF 0, 00:02:18.960, RSSI: -132, CPL: 127, AGE: 272, SSID thundercomm, TSFDelta: 0x2cfdb605, TXRate: 0
08-16 16:53:35.698 1436 2903 D LOWI-9.0.0.87.a: [LOWIDiagLog] Log: lowiMeasResult->request: invalid null argument
08-16 16:53:35.698 1436 2903 I LOWI-9.0.0.87.a: [LOWI-Scan] lowi_close_record:Scan done in 80460ms, 39 APs in scan results
08-16 16:53:35.698 1436 2903 D LOWI-9.0.0.87.a: [LOWI-Scan] WipsScanUsingNL: passive scan cached 0, took 34999 ms, err 0
08-16 16:53:35.698 1436 2903 D LOWI-9.0.0.87.a: [LOWI-Scan] lowi_proc_req_passive_scan_with_live_meas - No WLAN Frames to be parsed
08-16 16:53:35.698 1436 2903 D LOWI-9.0.0.87.a: [LOWIScanResultReceiver] Send scan meas to listener
08-16 16:53:35.698 1436 2903 D LOWI-9.0.0.87.a: [LOWIScanResultReceiver] Enter passive listening mode
08-16 16:53:35.698 1436 2903 D LOWI-9.0.0.87.a: [LOWIWifiDriverInterface] getMeasurements - Passive listening mode
08-16 16:53:35.698 1436 2903 D LOWI-9.0.0.87.a: [LOWI-Scan] WipsScanUsingNL:wait -1 sec for netlink message
08-16 16:53:35.698 1436 1460 D LOWI-9.0.0.87.a: [LOWIEventReceiver] handleEvent:FROM:NA, TO:NA, REQ:NA, IREQ:NA, REQ_ID:0, RESP:NA, INFO:NA
08-16 16:53:35.699 1436 1460 D LOWI-9.0.0.87.a: [LOWIBackgroundScanMgr] isRspForBgScanMgr: evt(LOWI_NO_EVT) - not handled
08-16 16:53:35.699 1436 1460 D LOWI-9.0.0.87.a: [LOWIScheduler] manageMsg: NULL results or NULL request in results
08-16 16:53:35.699 1436 1460 D LOWI-9.0.0.87.a: [LOWIController] Measurements received
08-16 16:53:35.699 1436 1460 D LOWI-9.0.0.87.a: [LOWICacheManager] putInCache:Num of Meas to add: 39
08-16 16:53:35.700 1436 1460 D LOWI-9.0.0.87.a: [LOWIController] processMeasurementResults: No current Request. Cache measurements
08-16 16:53:35.700 1436 1460 D LOWI-9.0.0.87.a: [LOWIControllerExtn] sendLOWILpDiscoveryScanResponse: Not a discovery scan response
08-16 16:53:35.715 818 2542 I vendor.qti.bluetooth@1.0-ibs_handler: ProcessIbsCmd: Received IBS_SLEEP_IND: 0xFE
08-16 16:53:35.715 818 2542 D vendor.qti.bluetooth@1.0-ibs_handler: SerialClockVote: vote for UART CLK OFF
08-16 16:53:35.823 818 2542 I vendor.qti.bluetooth@1.0-ibs_handler: ProcessIbsCmd: Received IBS_WAKE_IND: 0xFD
08-16 16:53:35.823 818 2542 D vendor.qti.bluetooth@1.0-ibs_handler: SerialClockVote: vote for UART CLK ON
08-16 16:53:35.824 818 2542 I vendor.qti.bluetooth@1.0-ibs_handler: ProcessIbsCmd: Writing IBS_WAKE_ACK
08-16 16:53:36.151 1160 2973 D CompatibilityInfo: mCompatibilityFlags - 4
08-16 16:53:36.151 1160 2973 D CompatibilityInfo: applicationDensity - 240
08-16 16:53:36.151 1160 2973 D CompatibilityInfo: applicationScale - 1.0
08-16 16:53:36.154 2215 2215 I QImsService: QtiImsExtService : QtiImsExtService created!
08-16 16:53:36.154 2215 2215 E QImsService: QtiImsExtService : QtiImsExtService, ImsService is not yet started retry.
08-16 16:53:36.155 2350 2350 D QtiImsExtConnector: Attempt to bind QtiImsExt service returned with: true
08-16 16:53:36.155 2215 2215 E QImsService: QtiImsExtService : QtiImsExtService, ImsService is not yet started retry.
08-16 16:53:36.155 2215 2215 W QImsService: QtiImsExtService : onBind returned null
08-16 16:53:36.157 2350 2350 D QtiImsExtConnector: onNullBinding componentName ComponentInfo{org.codeaurora.ims/org.codeaurora.ims.QtiImsExtService}
08-16 16:53:36.200 818 2542 I vendor.qti.bluetooth@1.0-ibs_handler: ProcessIbsCmd: Received IBS_SLEEP_IND: 0xFE
08-16 16:53:36.200 818 2542 D vendor.qti.bluetooth@1.0-ibs_handler: SerialClockVote: vote for UART CLK OFF
08-16 16:53:36.218 818 2542 I vendor.qti.bluetooth@1.0-ibs_handler: ProcessIbsCmd: Received IBS_WAKE_IND: 0xFD
08-16 16:53:36.219 818 2542 D vendor.qti.bluetooth@1.0-ibs_handler: SerialClockVote: vote for UART CLK ON
08-16 16:53:36.219 818 2542 I vendor.qti.bluetooth@1.0-ibs_handler: ProcessIbsCmd: Writing IBS_WAKE_ACK
01-01 05:47:56.849 0 0 D : mv2112_read_status
01-01 05:47:56.849 0 0 D mv2112_update_link: 3.0x901(1G): 0x4
01-01 05:47:56.849 0 0 D mv2112_update_link: 3.0x8109(100M): 0x8
01-01 05:47:56.849 0 0 D mv2112_update_link: link 0x4
01-01 05:47:56.849 0 0 D mv2112_read_status: autoneg is disabled
08-16 16:53:36.470 678 4666 I resolv : retrying_poll: 58 retrying_poll timeout
08-16 16:53:36.470 678 4666 D resolv : send_dg: 1
08-16 16:53:36.471 678 4666 I resolv : res_nsend: used send_dg 0 terrno: 110
08-16 16:53:36.471 678 4666 I resolv : res_stats_set_sample: rcode = 255, sec = 0
08-16 16:53:36.471 678 4666 I resolv : res_cache_add_stats_sample_locked: adding sample to stats, next = 46, count = 46
08-16 16:53:36.471 678 4666 D resolv : res_nsend: Querying server (# 1) address = 192.168.1.1:53
08-16 16:53:36.472 678 4666 I resolv : get_timeout: using timeout of 5000 msec
08-16 16:53:36.472 678 4666 I resolv : retrying_poll: 58 retrying_poll
08-16 16:53:36.560 818 2542 I vendor.qti.bluetooth@1.0-ibs_handler: ProcessIbsCmd: Received IBS_SLEEP_IND: 0xFE
08-16 16:53:36.560 818 2542 D vendor.qti.bluetooth@1.0-ibs_handler: SerialClockVote: vote for UART CLK OFF
08-16 16:53:36.565 818 2542 I vendor.qti.bluetooth@1.0-ibs_handler: ProcessIbsCmd: Received IBS_WAKE_IND: 0xFD
08-16 16:53:36.565 818 2542 D vendor.qti.bluetooth@1.0-ibs_handler: SerialClockVote: vote for UART CLK ON
08-16 16:53:36.565 818 2542 I vendor.qti.bluetooth@1.0-ibs_handler: ProcessIbsCmd: Writing IBS_WAKE_ACK
08-16 16:53:36.651 818 2542 I vendor.qti.bluetooth@1.0-ibs_handler: ProcessIbsCmd: Received IBS_SLEEP_IND: 0xFE
08-16 16:53:36.651 818 2542 D vendor.qti.bluetooth@1.0-ibs_handler: SerialClockVote: vote for UART CLK OFF
08-16 16:53:36.665 1160 1826 D CompatibilityInfo: mCompatibilityFlags - 4
08-16 16:53:36.666 1160 1826 D CompatibilityInfo: applicationDensity - 240
08-16 16:53:36.666 1160 1826 D CompatibilityInfo: applicationScale - 1.0
08-16 16:53:36.669 2215 2215 I QImsService: QtiImsExtService : QtiImsExtService created!
08-16 16:53:36.669 2215 2215 E QImsService: QtiImsExtService : QtiImsExtService, ImsService is not yet started retry.
08-16 16:53:36.669 2350 2350 D QtiImsExtConnector: Attempt to bind QtiImsExt service returned with: true
08-16 16:53:36.669 2215 2215 E QImsService: QtiImsExtService : QtiImsExtService, ImsService is not yet started retry.
08-16 16:53:36.669 2215 2215 W QImsService: QtiImsExtService : onBind returned null
08-16 16:53:36.671 2350 2350 D QtiImsExtConnector: onNullBinding componentName ComponentInfo{org.codeaurora.ims/org.codeaurora.ims.QtiImsExtService}
08-16 16:53:36.803 818 2259 D vendor.qti.bluetooth@1.0-wake_lock: Release wakelock is released
01-01 05:47:57.243 0 0 I init : starting service 'vendor.light-hal-2-0'...
