01-01 05:46:05.810 0 0 E ext-mdm soc: qcom,mdm0: mdm_configure_ipc Failed to configure AP2MDM_ERRFATAL gpio
01-01 05:46:05.818 0 0 E ext-mdm soc: qcom,mdm0: mdm_configure_ipc Failed to configure MDM2AP_STATUS gpio
01-01 05:46:05.828 0 0 D ext-mdm soc: qcom,mdm0: esoc registration done
01-01 05:46:05.829 0 0 D mdm-4x esoc0: dbg engine initialized
01-01 05:46:05.831 0 0 I usbcore : registered new interface driver snd-usb-audio
01-01 05:46:05.837 0 0 I uaudio-qmi soc: usb_audio_qmi_dev: Linked as a consumer to 15000000.apps-smmu
01-01 05:46:05.846 0 0 I iommu : Adding device soc:usb_audio_qmi_dev to group 27
01-01 05:46:05.857 0 0 I : enter addr=0x68
01-01 05:46:05.857 0 0 I a2b24xx_i2c_probe: AD2428 enable gpio value = 0
01-01 05:46:05.866 0 0 I a2b24xx_i2c_probe: AD2428 enable gpio succuss, enable value = 1
01-01 05:46:05.873 0 0 W a2b24xx 1-0068: No cache used with register defaults set!
01-01 05:46:05.883 0 0 I synx : registered bind ops for cam_sync
01-01 05:46:05.889 0 0 I msm_cam_smmu soc: qcom,cam_smmu:msm_cam_smmu_ife: Linked as a consumer to 15000000.apps-smmu
01-01 05:46:05.900 0 0 I iommu : Adding device soc:qcom,cam_smmu:msm_cam_smmu_ife to group 28
01-01 05:46:05.908 0 0 I msm_cam_smmu soc: qcom,cam_smmu:msm_cam_smmu_jpeg: Linked as a consumer to 15000000.apps-smmu
01-01 05:46:05.919 0 0 I iommu : Adding device soc:qcom,cam_smmu:msm_cam_smmu_jpeg to group 29
01-01 05:46:05.927 0 0 I platform soc: qcom,cam_smmu:msm_cam_icp_fw: assigned reserved memory node pil_camera_region@86200000
01-01 05:46:05.939 0 0 I msm_cam_smmu soc: qcom,cam_smmu:msm_cam_smmu_icp: Linked as a consumer to 15000000.apps-smmu
01-01 05:46:05.949 0 0 I iommu : Adding device soc:qcom,cam_smmu:msm_cam_smmu_icp to group 30
01-01 05:46:05.957 0 0 I CAM_INFO: CAM-SMMU: cam_smmu_get_memory_regions_info: 3730 [icp] : Discard region specified [0xdff00000 0xe0200000] in [0x10c00000 0xfef00000]
01-01 05:46:05.972 0 0 I msm_cam_smmu soc: qcom,cam_smmu:msm_cam_smmu_cpas_cdm: Linked as a consumer to 15000000.apps-smmu
01-01 05:46:05.983 0 0 I iommu : Adding device soc:qcom,cam_smmu:msm_cam_smmu_cpas_cdm to group 31
01-01 05:46:05.993 0 0 I msm_cam_smmu soc: qcom,cam_smmu:msm_cam_smmu_fd: Linked as a consumer to 15000000.apps-smmu
01-01 05:46:06.003 0 0 I iommu : Adding device soc:qcom,cam_smmu:msm_cam_smmu_fd to group 32
01-01 05:46:06.013 0 0 I cam-cpas ac40000.qcom,cam-cpas: Linked as a consumer to regulator.77
01-01 05:46:06.023 0 0 E register_client_adhoc: find path.src 1 dest 589
01-01 05:46:06.024 0 0 E register_client_adhoc: Client handle 57 cam_ahb
01-01 05:46:06.030 0 0 E register_client_adhoc: find path.src 170 dest 512
01-01 05:46:06.037 0 0 E register_client_adhoc: Client handle 58 cam_hf_0_mnoc
01-01 05:46:06.043 0 0 E register_client_adhoc: find path.src 137 dest 512
01-01 05:46:06.050 0 0 E register_client_adhoc: Client handle 59 cam_sf_0_mnoc
01-01 05:46:06.057 0 0 E register_client_adhoc: find path.src 171 dest 512
01-01 05:46:06.064 0 0 E register_client_adhoc: Client handle 60 cam_sf_icp_mnoc
01-01 05:46:06.077 0 0 I msm_cam_cdm ac4d000.qcom,cpas-cdm0: Linked as a consumer to regulator.77
01-01 05:46:06.095 0 0 I csid_17x acb5200.qcom,csid0: Linked as a consumer to regulator.77
01-01 05:46:06.103 0 0 I csid_17x acb5200.qcom,csid0: Linked as a consumer to regulator.73
01-01 05:46:06.111 0 0 I csid_17x acc4200.qcom,csid1: Linked as a consumer to regulator.77
01-01 05:46:06.119 0 0 I csid_17x acc4200.qcom,csid1: Linked as a consumer to regulator.74
01-01 05:46:06.128 0 0 I csid_lite acd9200.qcom,csid-lite0: Linked as a consumer to regulator.77
01-01 05:46:06.137 0 0 I csid_lite acdb400.qcom,csid-lite1: Linked as a consumer to regulator.77
01-01 05:46:06.146 0 0 I cam_vfe acb4000.qcom,ife0: Linked as a consumer to regulator.77
01-01 05:46:06.153 0 0 I cam_vfe acb4000.qcom,ife0: Linked as a consumer to regulator.73
01-01 05:46:06.164 0 0 I CAM_INFO: CAM-ISP: cam_vfe_bus_ver3_init_hw: 3649 Overriding clock gating at bus input
01-01 05:46:06.173 0 0 I CAM_INFO: CAM-ISP: cam_vfe_top_ver3_init_hw: 249 Disable clock gating at IFE top
01-01 05:46:06.183 0 0 I cam_vfe acc3000.qcom,ife1: Linked as a consumer to regulator.77
01-01 05:46:06.191 0 0 I cam_vfe acc3000.qcom,ife1: Linked as a consumer to regulator.74
01-01 05:46:06.200 0 0 I CAM_INFO: CAM-ISP: cam_vfe_bus_ver3_init_hw: 3649 Overriding clock gating at bus input
01-01 05:46:06.210 0 0 I CAM_INFO: CAM-ISP: cam_vfe_top_ver3_init_hw: 249 Disable clock gating at IFE top
01-01 05:46:06.220 0 0 I CAM_INFO: CAM-UTIL: cam_soc_util_get_option_clk_by_name: 559 No clk data for ife_dsp_clk
01-01 05:46:06.229 0 0 I CAM_WARN: CAM-ISP: cam_vfe_init_soc_resources: 154 Option clk get failed with rc -22
01-01 05:46:06.238 0 0 I cam_vfe acd9000.qcom,ife-lite0: Linked as a consumer to regulator.77
01-01 05:46:06.248 0 0 I CAM_INFO: CAM-ISP: cam_vfe_bus_ver3_init_hw: 3649 Overriding clock gating at bus input
01-01 05:46:06.257 0 0 I CAM_INFO: CAM-ISP: cam_vfe_top_ver3_init_hw: 249 Disable clock gating at IFE top
01-01 05:46:06.267 0 0 I CAM_INFO: CAM-UTIL: cam_soc_util_get_option_clk_by_name: 559 No clk data for ife_dsp_clk
01-01 05:46:06.276 0 0 I CAM_WARN: CAM-ISP: cam_vfe_init_soc_resources: 154 Option clk get failed with rc -22
01-01 05:46:06.285 0 0 I cam_vfe acdb200.qcom,ife-lite1: Linked as a consumer to regulator.77
01-01 05:46:06.295 0 0 I CAM_INFO: CAM-ISP: cam_vfe_bus_ver3_init_hw: 3649 Overriding clock gating at bus input
01-01 05:46:06.304 0 0 I CAM_INFO: CAM-ISP: cam_vfe_top_ver3_init_hw: 249 Disable clock gating at IFE top
01-01 05:46:06.315 0 0 I CAM_ERR : CAM-ISP: cam_isp_context_debug_register: 5353 failed to create dentry
01-01 05:46:06.324 0 0 I CAM_ERR : CAM-ISP: cam_isp_context_debug_register: 5353 failed to create dentry
01-01 05:46:06.332 0 0 I CAM_ERR : CAM-ISP: cam_isp_context_debug_register: 5353 failed to create dentry
01-01 05:46:06.341 0 0 I CAM_ERR : CAM-ISP: cam_isp_context_debug_register: 5353 failed to create dentry
01-01 05:46:06.349 0 0 I CAM_ERR : CAM-ISP: cam_isp_context_debug_register: 5353 failed to create dentry
01-01 05:46:06.358 0 0 I CAM_ERR : CAM-ISP: cam_isp_context_debug_register: 5353 failed to create dentry
01-01 05:46:06.366 0 0 I CAM_ERR : CAM-ISP: cam_isp_context_debug_register: 5353 failed to create dentry
01-01 05:46:06.375 0 0 I CAM_INFO: CAM-ISP: cam_isp_dev_probe: 167 Camera ISP probe complete
01-01 05:46:06.383 0 0 I CAM_INFO: CAM: cam_res_mgr_probe: 682 Disable shared gpio support.
01-01 05:46:06.393 0 0 I cam-cci-driver ac4f000.qcom,cci: Linked as a consumer to regulator.77
01-01 05:46:06.408 0 0 I CAM_INFO: CAM-CCI: cam_cci_platform_probe: 454 Device Type :0
01-01 05:46:06.417 0 0 I cam-cci-driver ac50000.qcom,cci: Linked as a consumer to regulator.77
01-01 05:46:06.430 0 0 I CAM_INFO: CAM-CCI: cam_cci_platform_probe: 454 Device Type :1
01-01 05:46:06.438 0 0 I cam-csiphy-driver ac6a000.qcom,csiphy: Linked as a consumer to regulator.77
01-01 05:46:06.446 0 0 I cam-csiphy-driver ac6a000.qcom,csiphy: Linked as a consumer to regulator.58
01-01 05:46:06.455 0 0 I cam-csiphy-driver ac6c000.qcom,csiphy: Linked as a consumer to regulator.77
01-01 05:46:06.463 0 0 I cam-csiphy-driver ac6c000.qcom,csiphy: Linked as a consumer to regulator.58
01-01 05:46:06.472 0 0 I cam-csiphy-driver ac6e000.qcom,csiphy: Linked as a consumer to regulator.77
01-01 05:46:06.481 0 0 I cam-csiphy-driver ac6e000.qcom,csiphy: Linked as a consumer to regulator.58
01-01 05:46:06.489 0 0 I cam-csiphy-driver ac70000.qcom,csiphy: Linked as a consumer to regulator.77
01-01 05:46:06.498 0 0 I cam-csiphy-driver ac70000.qcom,csiphy: Linked as a consumer to regulator.58
01-01 05:46:06.507 0 0 I cam-csiphy-driver ac72000.qcom,csiphy: Linked as a consumer to regulator.77
01-01 05:46:06.515 0 0 I cam-csiphy-driver ac72000.qcom,csiphy: Linked as a consumer to regulator.58
01-01 05:46:06.524 0 0 I cam-csiphy-driver ac74000.qcom,csiphy: Linked as a consumer to regulator.77
01-01 05:46:06.532 0 0 I cam-csiphy-driver ac74000.qcom,csiphy: Linked as a consumer to regulator.58
01-01 05:46:06.542 0 0 I CAM_INFO: CAM-ACTUATOR: cam_actuator_parse_dt: 60 No GPIO found
01-01 05:46:06.549 0 0 I CAM_INFO: CAM-ACTUATOR: cam_actuator_parse_dt: 60 No GPIO found
01-01 05:46:06.557 0 0 I CAM_INFO: CAM-ACTUATOR: cam_actuator_parse_dt: 60 No GPIO found
01-01 05:46:06.564 0 0 I CAM_INFO: CAM-ACTUATOR: cam_actuator_parse_dt: 60 No GPIO found
01-01 05:46:06.571 0 0 I CAM_INFO: CAM-ACTUATOR: cam_actuator_parse_dt: 60 No GPIO found
01-01 05:46:06.580 0 0 I qcom,camera ac4f000.qcom,cci: qcom,cam-sensor0: Linked as a consumer to regulator.48
01-01 05:46:06.590 0 0 I qcom,camera ac4f000.qcom,cci: qcom,cam-sensor1: Linked as a consumer to regulator.48
01-01 05:46:06.600 0 0 I qcom,camera ac4f000.qcom,cci: qcom,cam-sensor4: Linked as a consumer to regulator.48
01-01 05:46:06.610 0 0 I qcom,camera ac4f000.qcom,cci: qcom,cam-sensor5: Linked as a consumer to regulator.48
01-01 05:46:06.620 0 0 I qcom,camera ac50000.qcom,cci: qcom,cam-sensor2: Linked as a consumer to regulator.48
01-01 05:46:06.630 0 0 I qcom,camera ac50000.qcom,cci: qcom,cam-sensor6: Linked as a consumer to regulator.48
01-01 05:46:06.648 0 0 I CAM_WARN: CAM-ICP: cam_a5_get_dt_properties: 46 QoS need not be set
01-01 05:46:06.656 0 0 I cam-a5 ac00000.qcom,a5: Linked as a consumer to regulator.77
01-01 05:46:06.664 0 0 I cam-ipe ac9a000.qcom,ipe0: Linked as a consumer to regulator.75
01-01 05:46:06.672 0 0 I cam-bps ac7a000.qcom,bps: Linked as a consumer to regulator.72
01-01 05:46:06.683 0 0 I cam-jpeg-enc ac53000.qcom,jpegenc: Linked as a consumer to regulator.77
01-01 05:46:06.692 0 0 I cam-jpeg-dma ac57000.qcom,jpegdma: Linked as a consumer to regulator.77
01-01 05:46:06.702 0 0 I CAM_INFO: CAM-JPEG: cam_jpeg_dev_probe: 164 Camera JPEG probe complete
01-01 05:46:06.711 0 0 I cam_fd_hw ac5f000.qcom,fd: Linked as a consumer to regulator.77
01-01 05:46:06.729 0 0 E register_client_adhoc: find path.src 1 dest 590
01-01 05:46:06.730 0 0 E register_client_adhoc: Client handle 61 disp_rsc_reg
01-01 05:46:06.736 0 0 E register_client_adhoc: find path.src 20003 dest 20513
01-01 05:46:06.743 0 0 E register_client_adhoc: find path.src 20004 dest 20513
01-01 05:46:06.750 0 0 E register_client_adhoc: Client handle 62 disp_rsc_mnoc_llcc
01-01 05:46:06.756 0 0 E register_client_adhoc: find path.src 20000 dest 20512
01-01 05:46:06.763 0 0 E register_client_adhoc: Client handle 63 disp_rsc_ebi
01-01 05:46:06.770 0 0 I sde_rsc af20000.qcom,sde_rscc: Linked as a consumer to regulator.78
01-01 05:46:06.784 0 0 I [sde_rsc_hw:rsc_hw_init_v3:537]: sde rsc init successfully done
01-01 05:46:06.791 0 0 I [sde_rsc:sde_rsc_probe:1594]: sde rsc index:0 probed successfully
01-01 05:46:06.800 0 0 W dsi_phy ae94400.qcom,mdss_dsi_phy0: ae94400.qcom,mdss_dsi_phy0 supply gdsc not found, using dummy regulator
01-01 05:46:06.811 0 0 I dsi_phy ae94400.qcom,mdss_dsi_phy0: Linked as a consumer to regulator.0
01-01 05:46:06.819 0 0 I dsi_phy ae94400.qcom,mdss_dsi_phy0: Linked as a consumer to regulator.13
01-01 05:46:06.827 0 0 I [drm:dsi_phy_driver_probe] [msm-dsi-info]: DSI_0: Probe successful
01-01 05:46:06.835 0 0 W dsi_phy ae96400.qcom,mdss_dsi_phy1: ae96400.qcom,mdss_dsi_phy1 supply gdsc not found, using dummy regulator
01-01 05:46:06.846 0 0 I dsi_phy ae96400.qcom,mdss_dsi_phy1: Linked as a consumer to regulator.0
01-01 05:46:06.854 0 0 I dsi_phy ae96400.qcom,mdss_dsi_phy1: Linked as a consumer to regulator.13
01-01 05:46:06.862 0 0 I [drm:dsi_phy_driver_probe] [msm-dsi-info]: DSI_1: Probe successful
01-01 05:46:06.871 0 0 I drm_dsi_ctrl ae94000.qcom,mdss_dsi_ctrl0: Linked as a consumer to regulator.58
01-01 05:46:06.879 0 0 I drm_dsi_ctrl ae94000.qcom,mdss_dsi_ctrl0: Linked as a consumer to regulator.18
01-01 05:46:06.888 0 0 E AXI : get_pdata(): Error: Client name not found
01-01 05:46:06.894 0 0 E AXI : msm_bus_cl_get_pdata(): client has to provide missing entry for successful registration
01-01 05:46:06.903 0 0 I [drm:dsi_ctrl_dev_probe] [msm-dsi-info]: dsi-ctrl-0: Probe successful
01-01 05:46:06.912 0 0 I drm_dsi_ctrl ae96000.qcom,mdss_dsi_ctrl1: Linked as a consumer to regulator.58
01-01 05:46:06.920 0 0 I drm_dsi_ctrl ae96000.qcom,mdss_dsi_ctrl1: Linked as a consumer to regulator.18
01-01 05:46:06.929 0 0 E AXI : get_pdata(): Error: Client name not found
01-01 05:46:06.934 0 0 E AXI : msm_bus_cl_get_pdata(): client has to provide missing entry for successful registration
01-01 05:46:06.944 0 0 I [drm:dsi_ctrl_dev_probe] [msm-dsi-info]: dsi-ctrl-1: Probe successful
01-01 05:46:06.955 0 0 W msm-dsi-display soc: qcom,dsi-display-primary: Falling back to syfs fallback for: dsi_prop
01-01 05:46:06.966 0 0 W [drm] [msm-dsi-warn]: default panel not found
01-01 05:46:06.976 0 0 I msm_vidc: err : ffffffff: .....: no device Registered
01-01 05:46:06.987 0 0 I msm_vidc_v4l2 aa00000.qcom,vidc: non_secure_cb: Linked as a consumer to 15000000.apps-smmu
01-01 05:46:06.998 0 0 I iommu : Adding device aa00000.qcom,vidc:non_secure_cb to group 33
01-01 05:46:07.006 0 0 I msm_vidc_v4l2 aa00000.qcom,vidc: secure_non_pixel_cb: Linked as a consumer to 15000000.apps-smmu
01-01 05:46:07.017 0 0 I iommu : Adding device aa00000.qcom,vidc:secure_non_pixel_cb to group 34
01-01 05:46:07.026 0 0 I msm_vidc_v4l2 aa00000.qcom,vidc: secure_bitstream_cb: Linked as a consumer to 15000000.apps-smmu
01-01 05:46:07.038 0 0 I iommu : Adding device aa00000.qcom,vidc:secure_bitstream_cb to group 35
01-01 05:46:07.046 0 0 I msm_vidc_v4l2 aa00000.qcom,vidc: secure_pixel_cb: Linked as a consumer to 15000000.apps-smmu
01-01 05:46:07.057 0 0 I iommu : Adding device aa00000.qcom,vidc:secure_pixel_cb to group 36
01-01 05:46:07.066 0 0 I : GACT probability NOT on
01-01 05:46:07.070 0 0 I : Mirror/redirect action on
01-01 05:46:07.073 0 0 I netem : version 1.3
01-01 05:46:07.077 0 0 I : u32 classifier
01-01 05:46:07.079 0 0 I : Actions configured
01-01 05:46:07.086 0 0 I xt_time : kernel timezone is -0000
01-01 05:46:07.090 0 0 I gre : GRE over IPv4 demultiplexor driver
01-01 05:46:07.095 0 0 I : IPv4 over IPsec tunneling driver
01-01 05:46:07.102 0 0 I : Initializing XFRM netlink socket
01-01 05:46:07.106 0 0 I : IPsec XFRM device driver
01-01 05:46:07.111 0 0 I NET : Registered protocol family 10
01-01 05:46:07.119 0 0 I : Segment Routing with IPv6
01-01 05:46:07.123 0 0 I mip6 : Mobile IPv6
01-01 05:46:07.128 0 0 I sit : IPv6, IPv4 and MPLS over IPv4 tunneling driver
01-01 05:46:07.136 0 0 I NET : Registered protocol family 17
01-01 05:46:07.141 0 0 I NET : Registered protocol family 15
01-01 05:46:07.146 0 0 I can : controller area network core (rev 20170425 abi 9)
01-01 05:46:07.153 0 0 I NET : Registered protocol family 29
01-01 05:46:07.157 0 0 I can : raw protocol (rev 20170425)
01-01 05:46:07.162 0 0 I can : broadcast manager protocol (rev 20170425 t)
01-01 05:46:07.167 0 0 I can : netlink gateway (rev 20170425) max_hops=1
01-01 05:46:07.173 0 0 I l2tp_core: L2TP core driver, V2.0
01-01 05:46:07.178 0 0 I l2tp_ppp: PPPoL2TP kernel driver, V2.0
01-01 05:46:07.183 0 0 I l2tp_ip : L2TP IP encapsulation support (L2TPv3)
01-01 05:46:07.189 0 0 I l2tp_netlink: L2TP netlink interface
01-01 05:46:07.194 0 0 I l2tp_eth: L2TP ethernet pseudowire support (L2TPv3)
01-01 05:46:07.200 0 0 I l2tp_debugfs: L2TP debugfs support
01-01 05:46:07.204 0 0 I l2tp_ip6: L2TP IP encapsulation support for IPv6 (L2TPv3)
01-01 05:46:07.212 0 0 I sctp : Hash tables configured (bind 32/46)
01-01 05:46:07.218 0 0 I : Key type dns_resolver registered
01-01 05:46:07.226 0 0 E : minidump-id not found for npu
01-01 05:46:07.230 0 0 I subsys-pil-tz 9800000.qcom,npu: for npu segments only will be dumped.
01-01 05:46:07.238 0 0 I subsys-pil-tz 9800000.qcom,npu: for md_npu segments only will be dumped.
01-01 05:46:07.250 0 0 I platform 3d6a000.qcom,gmu: Linked as a consumer to regulator.69
01-01 05:46:07.257 0 0 I platform 3d6a000.qcom,gmu: Linked as a consumer to regulator.70
01-01 05:46:07.266 0 0 I platform 3d6a000.qcom,gmu: gmu_user: Linked as a consumer to 3da0000.kgsl-smmu
01-01 05:46:07.275 0 0 I iommu : Adding device 3d6a000.qcom,gmu:gmu_user to group 37
01-01 05:46:07.282 0 0 W NPU_WARN: npu_bridge_mbox_work: 1216 NPU fw is not loaded
01-01 05:46:07.290 0 0 I platform 3d6a000.qcom,gmu: gmu_kernel: Linked as a consumer to 3da0000.kgsl-smmu
01-01 05:46:07.299 0 0 I iommu : Adding device 3d6a000.qcom,gmu:gmu_kernel to group 38
01-01 05:46:07.308 0 0 E register_client_adhoc: find path.src 26 dest 512
01-01 05:46:07.308 0 0 E register_client_adhoc: Client handle 64 grp3d
01-01 05:46:07.314 0 0 E register_client_adhoc: find path.src 26 dest 10036
01-01 05:46:07.321 0 0 E register_client_adhoc: Client handle 65 cnoc
01-01 05:46:07.327 0 0 E query_client_usecase_all: query_start
01-01 05:46:07.332 0 0 E query_client_usecase_all: query_start
01-01 05:46:07.337 0 0 I kgsl-3d 3d00000.qcom,kgsl-3d0: Linked as a consumer to regulator.69
01-01 05:46:07.350 0 0 I kgsl-3d 3d00000.qcom,kgsl-3d0: Linked as a consumer to regulator.70
01-01 05:46:07.360 0 0 I platform 3da0000.qcom,kgsl-iommu: gfx3d_user: Linked as a consumer to 3da0000.kgsl-smmu
01-01 05:46:07.369 0 0 I iommu : Adding device 3da0000.qcom,kgsl-iommu:gfx3d_user to group 39
01-01 05:46:07.378 0 0 I platform 3da0000.qcom,kgsl-iommu: gfx3d_secure: Linked as a consumer to 3da0000.kgsl-smmu
01-01 05:46:07.387 0 0 I iommu : Adding device 3da0000.qcom,kgsl-iommu:gfx3d_secure to group 40
01-01 05:46:07.440 0 0 I cyttsp7_i2c_adapter 0-0024: cyttsp7_wakeup: WAKEUP CYTTSP gpio=1107 r=0
01-01 05:46:07.449 0 0 E i2c_geni 980000.i2c: i2c error :-107
01-01 05:46:07.976 0 0 E i2c_geni 980000.i2c: i2c error :-107
01-01 05:46:07.981 0 0 E cyttsp7_i2c_adapter 0-0024: _cyttsp7_awake_device_from_deep_sleep: Queueing startup
01-01 05:46:07.990 0 0 I cyttsp7_i2c_adapter 0-0024: _cyttsp7_queue_startup: cyttsp7_startup queued
01-01 05:46:08.088 0 0 I cyttsp7_i2c_adapter 0-0024: cyttsp7_xres: RESET CYTTSP gpio=1106 r=0
01-01 05:46:08.529 0 0 I cyttsp7_i2c_adapter 0-0024: cyttsp7_si_get_test_data_: SCANNING is ENABLED codel=1E
01-01 05:46:08.546 0 0 I cyttsp7_i2c_adapter 0-0024: TTSP Protocol Version is 3.2
01-01 05:46:08.601 0 0 I cyttsp7_i2c_adapter 0-0024: cyttsp7_startup_: cyttsp7_exit startup rc=0...
01-01 05:46:08.627 0 0 I tmc_etr_bam_init: setting SPS_BAM_SMMU_EN flag with (6048000.tmc)
01-01 05:46:08.635 0 0 I sps : BAM 0x0000000006064000 is registered.
01-01 05:46:08.637 0 0 I coresight-stm 6002000.stm: STM32 initialized
01-01 05:46:08.648 0 0 I core_ctl: Creating CPU group 0
01-01 05:46:08.653 0 0 I core_ctl: Init CPU0 state
01-01 05:46:08.657 0 0 I core_ctl: Init CPU1 state
01-01 05:46:08.660 0 0 I core_ctl: Init CPU2 state
01-01 05:46:08.664 0 0 I core_ctl: Init CPU3 state
01-01 05:46:08.669 0 0 I core_ctl: Creating CPU group 4
01-01 05:46:08.673 0 0 I core_ctl: Init CPU4 state
01-01 05:46:08.677 0 0 I core_ctl: Init CPU5 state
01-01 05:46:08.680 0 0 I core_ctl: Init CPU6 state
01-01 05:46:08.685 0 0 I core_ctl: Creating CPU group 7
01-01 05:46:08.689 0 0 I core_ctl: Init CPU7 state
01-01 05:46:08.695 0 0 I : registered taskstats version 1
01-01 05:46:08.699 0 0 I : Loading compiled-in X.509 certificates
01-01 05:46:08.707 0 0 I : cryptomgr_probe (429) used greatest stack depth: 13400 bytes left
01-01 05:46:08.707 0 0 I : Loaded X.509 cert 'Build time autogenerated kernel key: 0e98d42181ce621d2a112e6dc9e778b01d93d669'
01-01 05:46:08.727 0 0 I : Key type ._fscrypt registered
01-01 05:46:08.732 0 0 I : Key type .fscrypt registered
01-01 05:46:08.736 0 0 I : Key type fscrypt-provisioning registered
01-01 05:46:08.966 0 0 I spss_utils [spss_parse_dt]: iar_buf_addr [0x8bef0000].
01-01 05:46:08.973 0 0 I spss_utils [spss_probe]: Initialization completed ok, firmware_name [spss2p].
01-01 05:46:08.991 0 0 I fastrpc soc: qcom,msm-adsprpc-mem: for adsp_rh segments only will be dumped.
01-01 05:46:09.000 0 0 I adsprpc : init_secure_vmid_list: secure VMID = 22
01-01 05:46:09.006 0 0 I adsprpc : init_secure_vmid_list: secure VMID = 37
01-01 05:46:09.012 0 0 I adsprpc : fastrpc_probe: service location enabled for avs/audio (audio_pdr_adsprpc)
01-01 05:46:09.022 0 0 I adsprpc : fastrpc_probe: service location enabled for tms/servreg (sensors_pdr_adsprpc)
01-01 05:46:09.032 0 0 I fastrpc soc: qcom,msm_fastrpc:qcom,msm_fastrpc_compute_cb1: Linked as a consumer to 15000000.apps-smmu
01-01 05:46:09.043 0 0 I iommu : Adding device soc:qcom,msm_fastrpc:qcom,msm_fastrpc_compute_cb1 to group 41
01-01 05:46:09.053 0 0 I fastrpc soc: qcom,msm_fastrpc:qcom,msm_fastrpc_compute_cb2: Linked as a consumer to 15000000.apps-smmu
01-01 05:46:09.064 0 0 I iommu : Adding device soc:qcom,msm_fastrpc:qcom,msm_fastrpc_compute_cb2 to group 42
01-01 05:46:09.074 0 0 W : Error: swapper/0: fastrpc_cb_probe: failed to create debugfs global file
01-01 05:46:09.082 0 0 I fastrpc soc: qcom,msm_fastrpc:qcom,msm_fastrpc_compute_cb3: Linked as a consumer to 15000000.apps-smmu
01-01 05:46:09.094 0 0 I iommu : Adding device soc:qcom,msm_fastrpc:qcom,msm_fastrpc_compute_cb3 to group 43
01-01 05:46:09.103 0 0 W : Error: swapper/0: fastrpc_cb_probe: failed to create debugfs global file
01-01 05:46:09.112 0 0 I fastrpc soc: qcom,msm_fastrpc:qcom,msm_fastrpc_compute_cb4: Linked as a consumer to 15000000.apps-smmu
01-01 05:46:09.123 0 0 I iommu : Adding device soc:qcom,msm_fastrpc:qcom,msm_fastrpc_compute_cb4 to group 44
01-01 05:46:09.133 0 0 W : Error: swapper/0: fastrpc_cb_probe: failed to create debugfs global file
01-01 05:46:09.141 0 0 I fastrpc soc: qcom,msm_fastrpc:qcom,msm_fastrpc_compute_cb5: Linked as a consumer to 15000000.apps-smmu
01-01 05:46:09.153 0 0 I iommu : Adding device soc:qcom,msm_fastrpc:qcom,msm_fastrpc_compute_cb5 to group 45
01-01 05:46:09.163 0 0 W : Error: swapper/0: fastrpc_cb_probe: failed to create debugfs global file
01-01 05:46:09.171 0 0 I fastrpc soc: qcom,msm_fastrpc:qcom,msm_fastrpc_compute_cb6: Linked as a consumer to 15000000.apps-smmu
01-01 05:46:09.182 0 0 I iommu : Adding device soc:qcom,msm_fastrpc:qcom,msm_fastrpc_compute_cb6 to group 46
01-01 05:46:09.192 0 0 W : Error: swapper/0: fastrpc_cb_probe: failed to create debugfs global file
01-01 05:46:09.200 0 0 I fastrpc soc: qcom,msm_fastrpc:qcom,msm_fastrpc_compute_cb7: Linked as a consumer to 15000000.apps-smmu
01-01 05:46:09.212 0 0 I iommu : Adding device soc:qcom,msm_fastrpc:qcom,msm_fastrpc_compute_cb7 to group 47
01-01 05:46:09.221 0 0 W : Error: swapper/0: fastrpc_cb_probe: failed to create debugfs global file
01-01 05:46:09.230 0 0 I fastrpc soc: qcom,msm_fastrpc:qcom,msm_fastrpc_compute_cb8: Linked as a consumer to 15000000.apps-smmu
01-01 05:46:09.241 0 0 I iommu : Adding device soc:qcom,msm_fastrpc:qcom,msm_fastrpc_compute_cb8 to group 48
01-01 05:46:09.251 0 0 W : Error: swapper/0: fastrpc_cb_probe: failed to create debugfs global file
01-01 05:46:09.259 0 0 I fastrpc soc: qcom,msm_fastrpc:qcom,msm_fastrpc_compute_cb9: Linked as a consumer to 15000000.apps-smmu
01-01 05:46:09.271 0 0 I iommu : Adding device soc:qcom,msm_fastrpc:qcom,msm_fastrpc_compute_cb9 to group 49
01-01 05:46:09.280 0 0 W : Error: swapper/0: fastrpc_cb_probe: failed to create debugfs global file
01-01 05:46:09.289 0 0 I fastrpc soc: qcom,msm_fastrpc:qcom,msm_fastrpc_compute_cb10: Linked as a consumer to 15000000.apps-smmu
01-01 05:46:09.301 0 0 I iommu : Adding device soc:qcom,msm_fastrpc:qcom,msm_fastrpc_compute_cb10 to group 50
01-01 05:46:09.310 0 0 W : Error: swapper/0: fastrpc_cb_probe: failed to create debugfs global file
01-01 05:46:09.319 0 0 I fastrpc soc: qcom,msm_fastrpc:qcom,msm_fastrpc_compute_cb11: Linked as a consumer to 15000000.apps-smmu
01-01 05:46:09.330 0 0 I iommu : Adding device soc:qcom,msm_fastrpc:qcom,msm_fastrpc_compute_cb11 to group 51
01-01 05:46:09.340 0 0 W : Error: swapper/0: fastrpc_cb_probe: failed to create debugfs global file
01-01 05:46:09.348 0 0 I fastrpc soc: qcom,msm_fastrpc:qcom,msm_fastrpc_compute_cb12: Linked as a consumer to 15000000.apps-smmu
01-01 05:46:09.360 0 0 I iommu : Adding device soc:qcom,msm_fastrpc:qcom,msm_fastrpc_compute_cb12 to group 52
01-01 05:46:09.369 0 0 W : Error: swapper/0: fastrpc_cb_probe: failed to create debugfs global file
01-01 05:46:09.378 0 0 I fastrpc soc: qcom,msm_fastrpc:qcom,msm_fastrpc_compute_cb13: Linked as a consumer to 15000000.apps-smmu
01-01 05:46:09.389 0 0 I iommu : Adding device soc:qcom,msm_fastrpc:qcom,msm_fastrpc_compute_cb13 to group 53
01-01 05:46:09.399 0 0 W : Error: swapper/0: fastrpc_cb_probe: failed to create debugfs global file
01-01 05:46:09.408 0 0 I fastrpc soc: qcom,msm_fastrpc:qcom,msm_fastrpc_compute_cb14: Linked as a consumer to 15000000.apps-smmu
01-01 05:46:09.419 0 0 I iommu : Adding device soc:qcom,msm_fastrpc:qcom,msm_fastrpc_compute_cb14 to group 54
01-01 05:46:09.428 0 0 W : Error: swapper/0: fastrpc_cb_probe: failed to create debugfs global file
01-01 05:46:09.437 0 0 I fastrpc soc: qcom,msm_fastrpc:qcom,msm_fastrpc_compute_cb15: Linked as a consumer to 15000000.apps-smmu
01-01 05:46:09.449 0 0 I iommu : Adding device soc:qcom,msm_fastrpc:qcom,msm_fastrpc_compute_cb15 to group 55
01-01 05:46:09.458 0 0 W : Error: swapper/0: fastrpc_cb_probe: failed to create debugfs global file
01-01 05:46:09.467 0 0 I adsprpc : fastrpc_device_init: SSR notifier registered for adsp
01-01 05:46:09.474 0 0 I adsprpc : fastrpc_device_init: SSR notifier registered for modem
01-01 05:46:09.482 0 0 I adsprpc : fastrpc_device_init: SSR notifier registered for slpi
01-01 05:46:09.489 0 0 I adsprpc : fastrpc_device_init: SSR notifier registered for cdsp
01-01 05:46:09.497 0 0 I ngd_msm_ctrl 3ac0000.slim: Linked as a consumer to 15000000.apps-smmu
01-01 05:46:09.506 0 0 I iommu : Adding device 3ac0000.slim to group 56
01-01 05:46:09.517 0 0 I input : gpio-keys as /devices/platform/soc/soc:gpio_keys/input/input3
01-01 05:46:09.529 0 0 E : [NVT-ts] nvt_driver_init 1962: start
01-01 05:46:09.534 0 0 E : [NVT-ts] nvt_driver_init 1970: finished
01-01 05:46:09.555 0 0 I : rmnet_ipa3 started initialization
01-01 05:46:09.563 0 0 I : RNDIS_IPA module is loaded.
01-01 05:46:09.572 0 0 I CAM_ERR : CAM-CCI: cam_cci_assign_fops: 528 Invalid dev node:0000000000000000 offset: 0
01-01 05:46:09.582 0 0 E : [drm:dp_display_init_aux_switch][msm-dp-err][1 ]failed to register notifier (-22)
01-01 05:46:09.592 0 0 I : msm notifier probed successfully
01-01 05:46:09.598 0 0 E : [drm:dp_display_init_aux_switch][msm-dp-err][421 ]failed to register notifier (-22)
01-01 05:46:09.608 0 0 I cfg80211: Loading compiled-in X.509 certificates for regulatory database
01-01 05:46:09.618 0 0 I cfg80211: Loaded X.509 cert 'sforshee: 00b28ddf47aef9cea7'
01-01 05:46:09.626 0 0 E cam_cc_sleep_clk_src: CXO configuration failed
01-01 05:46:09.633 0 0 E msm_bus_late_init: Remove handoff bw requests
01-01 05:46:09.641 0 0 I regulator_proxy_consumer_remove_all: removing regulator proxy consumer requests
01-01 05:46:09.651 0 0 I : ALSA device list:
01-01 05:46:09.654 0 0 I : No soundcards found.
01-01 05:46:09.676 0 0 I : Freeing unused kernel memory: 9344K
01-01 05:46:09.681 0 0 I : Run /init as init process
01-01 05:46:09.690 0 0 I init : init first stage started!
01-01 05:46:09.695 0 0 I init : Unable to open /lib/modules, skipping module loading.
01-01 05:46:09.703 0 0 I init : [libfs_mgr]dt_fstab: Skip disabled entry for partition vendor
01-01 05:46:09.711 0 0 I init : [libfs_mgr]ReadFstabFromDt(): failed to read fstab from dt
01-01 05:46:09.718 0 0 I init : [libfs_mgr]dt_fstab: Skip disabled entry for partition vendor
01-01 05:46:09.727 0 0 I init : Using Android DT directory /proc/device-tree/firmware/android/
01-01 05:46:09.973 0 0 I init : [libfs_mgr]superblock s_max_mnt_count:65535,/dev/block/by-name/metadata
01-01 05:46:09.981 0 0 I init : [libfs_mgr]check_fs(): mount(/dev/block/by-name/metadata,/metadata,ext4)=-1: No such file or directory
01-01 05:46:09.992 0 0 I init : [libfs_mgr]Running /system/bin/e2fsck on /dev/block/sda11
01-01 05:46:10.002 0 0 E logwrapper: Cannot log to file /dev/fscklogs/log
01-01 05:46:10.016 0 0 I e2fsck : e2fsck 1.45.4 (23-Sep-2019)
01-01 05:46:10.032 0 0 I e2fsck : Pass 1: Checking inodes, blocks, and sizes
01-01 05:46:10.039 0 0 I e2fsck : Pass 2: Checking directory structure
01-01 05:46:10.047 0 0 I e2fsck : Pass 3: Checking directory connectivity
01-01 05:46:10.053 0 0 I e2fsck : Pass 4: Checking reference counts
01-01 05:46:10.058 0 0 I e2fsck : Pass 5: Checking group summary information
01-01 05:46:10.060 0 0 I : e2fsck (459) used greatest stack depth: 11552 bytes left
01-01 05:46:10.064 0 0 I e2fsck : /dev/block/by-name/metadata: 37/4096 files (0.0% non-contiguous), 1201/4096 blocks
01-01 05:46:10.072 0 0 I EXT4-fs (sda11): mounted filesystem with ordered data mode. Opts: discard
01-01 05:46:10.123 0 0 I device-mapper: verity: sha256 using implementation "sha256-ce"
01-01 05:46:10.159 0 0 W EXT4-fs (dm-5): mounting with "discard" option, but the device does not support discard
01-01 05:46:10.168 0 0 I EXT4-fs (dm-5): mounted filesystem without journal. Opts: barrier=1,discard
01-01 05:46:10.192 0 0 I device-mapper: verity: sha256 using implementation "sha256-ce"
01-01 05:46:10.225 0 0 W EXT4-fs (dm-6): mounting with "discard" option, but the device does not support discard
01-01 05:46:10.234 0 0 I EXT4-fs (dm-6): mounted filesystem without journal. Opts: barrier=1,discard
01-01 05:46:10.247 0 0 I device-mapper: verity: sha256 using implementation "sha256-ce"
01-01 05:46:10.275 0 0 W EXT4-fs (dm-7): mounting with "discard" option, but the device does not support discard
01-01 05:46:10.284 0 0 I EXT4-fs (dm-7): mounted filesystem without journal. Opts: barrier=1,discard
01-01 05:46:10.297 0 0 I device-mapper: verity: sha1 using implementation "sha1-ce"
01-01 05:46:10.329 0 0 W EXT4-fs (dm-8): mounting with "discard" option, but the device does not support discard
01-01 05:46:10.339 0 0 I EXT4-fs (dm-8): mounted filesystem without journal. Opts: barrier=1,discard
01-01 05:46:10.351 0 0 I device-mapper: verity: sha1 using implementation "sha1-ce"
01-01 05:46:10.370 0 0 W EXT4-fs (dm-9): mounting with "discard" option, but the device does not support discard
01-01 05:46:10.379 0 0 I EXT4-fs (dm-9): mounted filesystem without journal. Opts: barrier=1,discard
01-01 05:46:10.455 0 0 W init : 34 output lines suppressed due to ratelimiting
01-01 05:46:10.883 0 0 I init : [libfs_mgr]dt_fstab: Skip disabled entry for partition vendor
01-01 05:46:10.912 0 0 I init : Opening SELinux policy
01-01 05:46:10.925 0 0 I init : /system/etc/selinux/plat_sepolicy_and_mapping.sha256 and /odm/etc/selinux/precompiled_sepolicy.plat_sepolicy_and_mapping.sha256 differ
01-01 05:46:10.939 0 0 I init : Compiling SELinux policy
01-01 05:46:12.414 0 0 I : secilc (484) used greatest stack depth: 10288 bytes left
01-01 05:46:12.414 0 0 E init : /system/bin/secilc: linker: Warning: failed to find generated linker configuration from "/linkerconfig/ld.config.txt"
01-01 05:46:12.433 0 0 E init : /system/bin/secilc: WARNING: linker: Warning: failed to find generated linker configuration from "/linkerconfig/ld.config.txt"
01-01 05:46:12.451 0 0 I init : Loading SELinux policy
01-01 05:46:12.825 0 0 I SELinux : policy capability network_peer_controls=1
01-01 05:46:12.831 0 0 I SELinux : policy capability open_perms=1
01-01 05:46:12.836 0 0 I SELinux : policy capability extended_socket_class=1
01-01 05:46:12.842 0 0 I SELinux : policy capability always_check_network=0
01-01 05:46:12.848 0 0 I SELinux : policy capability cgroup_seclabel=0
01-01 05:46:12.854 0 0 I SELinux : policy capability nnp_nosuid_transition=1
01-01 05:46:13.203 0 0 I selinux : SELinux: Loaded file_contexts
01-01 05:46:13.209 0 0 I selinux :
01-01 05:46:13.242 0 0 I init : init second stage started!
01-01 05:46:13.324 0 0 I init : Using Android DT directory /proc/device-tree/firmware/android/
01-01 05:46:13.333 0 0 E init : Init cannot set 'ro.boot.btmac' to 'ûÑunH®•': Value is not a UTF8 encoded string
01-01 05:46:13.350 0 0 W init : Overriding previous property 'persist.sys.usb.config':'adb' with new value 'none'
01-01 05:46:13.364 0 0 E init : Do not have permissions to set 'persist.backup.ntpServer' to '0.pool.ntp.org' in property file '/vendor/build.prop': SELinux permission check failed
01-01 05:46:13.380 0 0 W init : Overriding previous property 'dalvik.vm.heapsize':'36m' with new value '512m'
01-01 05:46:13.389 0 0 E init : Do not have permissions to set 'persist.vendor.bt.a2dp_offload_cap' to 'sbc-aptx-aptxtws-aptxhd-aac-ldac' in property file '/vendor/build.prop': SELinux permission check failed
01-01 05:46:13.408 0 0 E init : Do not have permissions to set 'vendor.mm.enable.qcom_parser' to '16777215' in property file '/vendor/build.prop': SELinux permission check failed
01-01 05:46:13.423 0 0 E init : Do not have permissions to set 'persist.demo.hdmirotationlock' to 'false' in property file '/vendor/build.prop': SELinux permission check failed
01-01 05:46:13.442 0 0 W init : Couldn't load property file '/vendor_dlkm/etc/build.prop': open() failed: No such file or directory: No such file or directory
01-01 05:46:14.045 0 0 I ueventd : ueventd started!
01-01 05:46:14.052 0 0 I selinux : SELinux: Loaded file_contexts
01-01 05:46:14.057 0 0 I selinux :
01-01 05:46:14.060 0 0 I ueventd : Parsing file /system/etc/ueventd.rc...
01-01 05:46:14.067 0 0 I ueventd : Added '/vendor/etc/ueventd.rc' to import list
01-01 05:46:14.073 0 0 I ueventd : Added '/odm/etc/ueventd.rc' to import list
01-01 05:46:14.080 0 0 I ueventd : Parsing file /vendor/etc/ueventd.rc...
01-01 05:46:14.086 0 0 I ueventd : Unable to read config file '/vendor/etc/ueventd.rc': open() failed: No such file or directory
01-01 05:46:14.096 0 0 I ueventd : Parsing file /odm/etc/ueventd.rc...
01-01 05:46:14.102 0 0 I ueventd : Unable to read config file '/odm/etc/ueventd.rc': open() failed: No such file or directory
01-01 05:46:14.464 0 0 W is_dc_online: 3 callbacks suppressed
01-01 05:46:14.464 0 0 E HL6111R : is_dc_online: DC psy unavailable
01-01 05:46:14.474 0 0 E HL6111R : is_dc_online: DC psy unavailable
01-01 05:46:14.479 0 0 E HL6111R : is_dc_online: DC psy unavailable
01-01 05:46:14.485 0 0 E HL6111R : is_dc_online: DC psy unavailable
01-01 05:46:14.490 0 0 E HL6111R : is_dc_online: DC psy unavailable
01-01 05:46:14.495 0 0 E HL6111R : is_dc_online: DC psy unavailable
01-01 05:46:14.500 0 0 E HL6111R : is_dc_online: DC psy unavailable
01-01 05:46:14.506 0 0 E HL6111R : is_dc_online: DC psy unavailable
01-01 05:46:14.511 0 0 E HL6111R : is_dc_online: DC psy unavailable
01-01 05:46:14.517 0 0 E HL6111R : is_dc_online: DC psy unavailable
01-01 05:46:14.722 0 0 W msm_11ad soc: qcom,wil6210: GPIO not found, dc GPIO not used
01-01 05:46:14.730 0 0 W msm_11ad soc: qcom,wil6210: GPIO not found, enable GPIO not used
01-01 05:46:14.739 0 0 W msm_11ad soc: qcom,wil6210: GPIO not found, sleep clock not used
01-01 05:46:14.748 0 0 W msm_11ad soc: qcom,wil6210: soc:qcom,wil6210 supply vdd not found, using dummy regulator
01-01 05:46:14.758 0 0 I msm_11ad soc: qcom,wil6210: Linked as a consumer to regulator.0
01-01 05:46:14.765 0 0 I msm_11ad soc: qcom,wil6210: Linked as a consumer to regulator.8
01-01 05:46:14.772 0 0 I msm_11ad soc: qcom,wil6210: Linked as a consumer to regulator.26
01-01 05:46:14.780 0 0 E msm_pcie_enumerate: PCIe: RC1: has already been enumerated.
01-01 05:46:14.787 0 0 E msm_11ad soc: qcom,wil6210: Wigig device not found
01-01 05:46:14.793 0 0 I msm_11ad soc: qcom,wil6210: Dropping the link to regulator.26
01-01 05:46:14.800 0 0 I msm_11ad soc: qcom,wil6210: Dropping the link to regulator.0
01-01 05:46:14.808 0 0 I msm_11ad soc: qcom,wil6210: Dropping the link to regulator.8
01-01 05:46:14.874 0 0 W q6_pdr_dlkm: loading out-of-tree module taints kernel.
01-01 05:46:14.893 0 0 W apr_dlkm: no symbol version for snd_event_notify
01-01 05:46:14.947 0 0 E : [drm:dp_display_init_aux_switch][msm-dp-err][62 ]failed to register notifier (-22)
01-01 05:46:15.010 0 0 E : [drm:dp_display_init_aux_switch][msm-dp-err][503 ]failed to register notifier (-22)
01-01 05:46:15.081 0 0 W : **********************************************************
01-01 05:46:15.088 0 0 W : ** NOTICE NOTICE NOTICE NOTICE NOTICE NOTICE NOTICE **
01-01 05:46:15.094 0 0 W : ** **
01-01 05:46:15.101 0 0 W : ** trace_printk() being used. Allocating extra memory. **
01-01 05:46:15.108 0 0 W : ** **
01-01 05:46:15.115 0 0 W : ** This means that this is a DEBUG kernel and it is **
01-01 05:46:15.121 0 0 W : ** unsafe for production use. **
01-01 05:46:15.128 0 0 W : ** **
01-01 05:46:15.135 0 0 W : ** If you see this message and you are not debugging **
01-01 05:46:15.142 0 0 W : ** the kernel, report this immediately to your vendor! **
01-01 05:46:15.148 0 0 W : ** **
01-01 05:46:15.155 0 0 W : ** NOTICE NOTICE NOTICE NOTICE NOTICE NOTICE NOTICE **
01-01 05:46:15.162 0 0 W : **********************************************************
01-01 05:46:15.203 0 0 E : [drm:dp_display_init_aux_switch][msm-dp-err][46 ]failed to register notifier (-22)
01-01 05:46:15.289 0 0 E : [drm:dp_display_init_aux_switch][msm-dp-err][46 ]failed to register notifier (-22)
01-01 05:46:15.299 0 0 E : [drm:dp_display_init_aux_switch][msm-dp-err][46 ]failed to register notifier (-22)
01-01 05:46:15.320 0 0 E : [drm:dp_display_init_aux_switch][msm-dp-err][77 ]failed to register notifier (-22)
01-01 05:46:15.332 0 0 E : [drm:dp_display_init_aux_switch][msm-dp-err][79 ]failed to register notifier (-22)
01-01 05:46:15.343 0 0 E : [drm:dp_display_init_aux_switch][msm-dp-err][79 ]failed to register notifier (-22)
01-01 05:46:15.353 0 0 E : [drm:dp_display_init_aux_switch][msm-dp-err][79 ]failed to register notifier (-22)
01-01 05:46:15.364 0 0 E : [drm:dp_display_init_aux_switch][msm-dp-err][79 ]failed to register notifier (-22)
01-01 05:46:15.375 0 0 E : [drm:dp_display_init_aux_switch][msm-dp-err][79 ]failed to register notifier (-22)
01-01 05:46:15.385 0 0 E : [drm:dp_display_init_aux_switch][msm-dp-err][79 ]failed to register notifier (-22)
01-01 05:46:15.398 0 0 E : [drm:dp_display_init_aux_switch][msm-dp-err][79 ]failed to register notifier (-22)
01-01 05:46:15.457 0 0 E : [drm:dp_display_init_aux_switch][msm-dp-err][421 ]failed to register notifier (-22)
01-01 05:46:15.477 0 0 E : [drm:dp_display_init_aux_switch][msm-dp-err][373 ]failed to register notifier (-22)
01-01 05:46:15.491 0 0 E kona-pinctrl f000000.pinctrl: invalid function func2 in map table
01-01 05:46:15.499 0 0 E kona-pinctrl f000000.pinctrl: invalid function func2 in map table
01-01 05:46:15.506 0 0 E kona-pinctrl f000000.pinctrl: invalid function func2 in map table
01-01 05:46:15.515 0 0 E kona-pinctrl f000000.pinctrl: invalid function func2 in map table
01-01 05:46:15.525 0 0 E : [drm:dp_display_init_aux_switch][msm-dp-err][373 ]failed to register notifier (-22)
01-01 05:46:15.632 0 0 E : [drm:dp_display_init_aux_switch][msm-dp-err][373 ]failed to register notifier (-22)
01-01 05:46:15.644 0 0 E : [drm:dp_display_init_aux_switch][msm-dp-err][373 ]failed to register notifier (-22)
01-01 05:46:15.883 0 0 E : Trying to create more than 6 SchedTune boosting groups
01-01 05:46:15.890 0 0 E : Trying to create more than 6 SchedTune boosting groups
01-01 05:46:15.938 0 0 I : Registered swp emulation handler
01-01 05:46:16.002 0 0 I logd.auditd: start
01-01 05:46:16.026 0 0 I binder : 517:517 ioctl 40046210 7fe236a814 returned -22
01-01 05:46:16.039 0 0 I binder : 518:518 ioctl 40046210 7ffcc5ed94 returned -22
01-01 05:46:16.084 0 0 I binder : 516:516 ioctl 40046210 7fca81c3b4 returned -22
01-01 05:46:16.290 0 0 I init : wait for '/dev/block/platform/soc/1d84000.ufshc' took 0ms
01-01 05:46:16.636 0 0 I init : wait for '/dev/qseecom' took 0ms
01-01 05:46:16.711 0 0 I EXT4-fs (sda2): mounted filesystem with ordered data mode. Opts: barrier=1
01-01 05:46:16.723 0 0 E FAT-fs (sde51): bogus number of reserved sectors
01-01 05:46:16.729 0 0 I FAT-fs (sde51): Can't find a valid FAT filesystem --------- beginning of system
01-01 05:46:16.752 561 575 I QISL : QSEE Interrupt Service Listener Thread is started
01-01 05:46:16.760 563 563 I vold : Vold 3.0 (the awakening) firing up
01-01 05:46:16.760 563 563 D vold : Detected support for: ext4 f2fs vfat
01-01 05:46:16.765 563 563 D vold : Found unmanaged dm device named system_ext_a
01-01 05:46:16.765 563 563 D vold : Found unmanaged dm device named odm_a
01-01 05:46:16.765 563 563 D vold : Found unmanaged dm device named system_a
01-01 05:46:16.765 563 563 D vold : Found unmanaged dm device named vendor-verity
01-01 05:46:16.765 563 563 D vold : Found unmanaged dm device named vendor_a
01-01 05:46:16.765 563 563 D vold : Found unmanaged dm device named system_ext-verity
01-01 05:46:16.765 563 563 D vold : Found unmanaged dm device named odm-verity
01-01 05:46:16.765 563 563 D vold : Found unmanaged dm device named product-verity
01-01 05:46:16.765 563 563 D vold : Found unmanaged dm device named system-verity
01-01 05:46:16.765 563 563 D vold : Found unmanaged dm device named product_a
01-01 05:46:16.767 563 563 I vold : [libfs_mgr]dt_fstab: Skip disabled entry for partition vendor
01-01 05:46:16.762 0 0 I fsck_msdos: ** /dev/block/bootdevice/by-name/spunvm
01-01 05:46:16.768 0 0 I fsck_msdos: Can't open `/dev/block/bootdevice/by-name/spunvm'
01-01 05:46:16.782 0 0 I binder : 563:563 ioctl 40046210 7fc4512cf4 returned -22
01-01 05:46:16.782 0 0 I binder : 563:563 ioctl 40046210 7fc4512c94 returned -22
01-01 05:46:16.775 563 563 D vold : VoldNativeService::start() completed OK
01-01 05:46:16.787 561 575 I QISL : QSEE Interrupt Service Listener was activated successfully
01-01 05:46:16.790 561 561 D SPL : Call QSEECom_register_listener()
01-01 05:46:16.792 561 561 D SPL : Registered listener sucessfully!
01-01 05:46:16.792 561 561 D SPL : pipe read-fd [32] write-fd [33]
01-01 05:46:16.792 561 561 D SPL : Create thread
01-01 05:46:16.792 561 561 D SPL : Thread created sucessfully.
01-01 05:46:16.793 561 580 D SPL : spl_dispatch() started
01-01 05:46:16.793 561 580 D SPL : ==== Wait For Request ======
01-01 05:46:16.794 0 0 I fsck_msdos: fsck_msdos terminated by exit(8)
01-01 05:46:16.809 0 0 E FAT-fs (sde51): bogus number of reserved sectors
01-01 05:46:16.855 0 0 I FAT-fs (sde51): Can't find a valid FAT filesystem
01-01 05:46:16.882 0 0 I EXT4-fs (sde9): mounted filesystem with ordered data mode. Opts: barrier=1
01-01 05:46:16.956 0 0 I binder : 585:585 ioctl 40046210 7fcaa66e64 returned -22
01-01 05:46:16.963 0 0 D ProcessState: Binder ioctl to enable oneway spam detection failed: Invalid argument
01-01 05:46:16.964 0 0 D vdc : Waited 0ms for vold
01-01 05:46:17.018 0 0 W subsys-pil-tz soc: qcom,ipa_fws: Falling back to syfs fallback for: ipa_fws.mdt
01-01 05:46:17.028 0 0 I init : wait for '/mnt/vendor/spunvm' took 0ms
01-01 05:46:17.088 587 587 D spdaemon: Firmware Name [spss2p].
01-01 05:46:17.089 587 587 D spdaemon: Prod FW.
01-01 05:46:17.089 587 587 D spdaemon: firmware_type [p].
01-01 05:46:17.089 587 587 D spdaemon: open() file [/sys/devices/soc0/machine] Failed, ret =-1.
01-01 05:46:17.089 587 587 D spdaemon: soc_type 1048576
01-01 05:46:17.089 587 587 E iardb : [iar_db_get_iar_state] failed to open file /mnt/vendor/spunvm/iar_db/iar_state.bin [13] [Permission denied]
01-01 05:46:17.089 587 587 D iarlib : [iar_get_state] Can't get iar_state, return DISABLED
01-01 05:46:17.089 587 587 I spdaemon: IAR is not activated
01-01 05:46:17.089 587 587 D spdaemon: ------ going to start SP From kernel ------
01-01 05:46:17.089 587 587 I spcomlib: [spcom_restart_sp_subsystem] restart_sp starts
01-01 05:46:17.089 587 587 D spcomlib: [spcom_restart_sp_subsystem] restart_sp - Send PIL request [1]
01-01 05:46:17.098 0 0 I : SW_INIT_DONE - 2nd phase loading [spss] completed ok
01-01 05:46:17.102 0 0 I binder : 588:588 ioctl 40046210 7fe93223e4 returned -22
01-01 05:46:17.106 0 0 I : PBL_DONE - 1st phase loading [spss] completed ok
01-01 05:46:17.113 0 0 I binder : 588:588 ioctl 40046210 7fe9322324 returned -22
01-01 05:46:17.122 0 0 E : [drm:dp_display_init_aux_switch][msm-dp-err][77 ]failed to register notifier (-22)
01-01 05:46:17.113 587 587 D spcomlib: [spcom_restart_sp_subsystem] restart_sp - Restart SP command ok.
01-01 05:46:17.113 587 587 D spcomlib: [spcom_signal_event] event [0] [pil_called] EVENT_STATUS_SIGNALED
01-01 05:46:17.113 587 587 I spcomlib: [spcom_reset_all_app_loaded_prop] start reset all spcomlib apploaded props.
01-01 05:46:17.240 0 0 I wait_for_keymaster: Waiting for Keymaster device
01-01 05:46:17.241 0 0 I subsys-pil-tz soc: qcom,ipa_fws: ipa_fws: loading from 0x0000000086810000 to 0x0000000086819000
01-01 05:46:17.247 0 0 I binder : 598:598 ioctl 40046210 7fe57059c4 returned -22
01-01 05:46:17.251 0 0 I binder : 589:589 ioctl 40046210 7fdf408b54 returned -22
01-01 05:46:17.261 0 0 W subsys-pil-tz soc: qcom,ipa_fws: Falling back to syfs fallback for: ipa_fws.b02
01-01 05:46:17.261 0 0 W subsys-pil-tz soc: qcom,ipa_fws: Falling back to syfs fallback for: ipa_fws.b03
01-01 05:46:17.263 0 0 D ProcessState: Binder ioctl to enable oneway spam detection failed: Invalid argument
01-01 05:46:17.265 0 0 W subsys-pil-tz soc: qcom,ipa_fws: Falling back to syfs fallback for: ipa_fws.b04
01-01 05:46:17.270 0 0 I binder : 589:589 ioctl 40046210 7fdf4080b4 returned -22
01-01 05:46:17.291 0 0 I subsys-pil-tz soc: qcom,ipa_fws: ipa_fws: Brought out of reset
01-01 05:46:17.309 0 0 I : IPA FW loaded successfully
01-01 05:46:17.322 0 0 E gsi soc : qcom,msm_gsi: gsi_register_device:1203 GSI irq is wake enabled 34
01-01 05:46:17.353 0 0 I : IPA driver initialization was successful.
01-01 05:46:17.359 0 0 I : rmnet_ipa3 started initialization
01-01 05:46:17.363 0 0 I : IPA SSR support = True
01-01 05:46:17.367 0 0 W subsys-pil-tz soc: qcom,ipa_uc: Falling back to syfs fallback for: ipa_uc.mdt
01-01 05:46:17.375 0 0 I : IPA SG support = True
01-01 05:46:17.379 0 0 I : IPA Napi Enable = True
01-01 05:46:17.382 0 0 I : using default for wan-rx-desc-size = 256
01-01 05:46:17.385 0 0 I subsys-pil-tz soc: qcom,ipa_uc: ipa_uc: loading from 0x0000000086800000 to 0x0000000086810000
01-01 05:46:17.396 0 0 E ipa-wan ipa3_wwan_probe: 2530 rmnet_ipa completed initialization
01-01 05:46:17.400 0 0 W subsys-pil-tz soc: qcom,ipa_uc: Falling back to syfs fallback for: ipa_uc.b02
01-01 05:46:17.423 0 0 I subsys-pil-tz soc: qcom,ipa_uc: ipa_uc: Brought out of reset
01-01 05:46:17.424 0 0 E ipa3_uc_wdi_event_log_info_handler: 351 WDI protocol missing 0x21
01-01 05:46:17.438 0 0 E ipa3_uc_ntn_event_log_info_handler: 34 NTN stats ofst=0x500e0
01-01 05:46:18.279 0 0 W ServiceManager: Waited one second for android.system.keystore2.IKeystoreService/default (is service started? are binder threads started and available?)
01-01 05:46:18.296 0 0 I wait_for_keymaster: Keymaster device ready
01-01 05:46:18.304 0 0 I init : Service 'wait_for_keymaster' (pid 598) exited with status 0 waiting took 1.094000 seconds
01-01 05:46:18.308 0 0 I binder : undelivered transaction 224, process died.
01-01 05:46:18.314 0 0 I init : Sending signal 9 to service 'wait_for_keymaster' (pid 598) process group...
01-01 05:46:18.329 0 0 I libprocessgroup: Successfully killed process cgroup uid 0 pid 598 in 0ms
01-01 05:46:18.341 0 0 I init : Calling: /system/bin/vdc checkpoint needsCheckpoint
01-01 05:46:18.372 0 0 I binder : 626:626 ioctl 40046210 7fe66fb4e4 returned -22
01-01 05:46:18.378 0 0 D ProcessState: Binder ioctl to enable oneway spam detection failed: Invalid argument
01-01 05:46:18.379 0 0 D vdc : Waited 0ms for vold
01-01 05:46:18.390 0 0 I init : [libfs_mgr]Invalid f2fs superblock on '/dev/block/bootdevice/by-name/userdata'
01-01 05:46:18.412 0 0 E init : [libfs_mgr]mount_with_alternatives(): skipping mount due to invalid magic, mountpoint=/data blk_dev=/dev/block/sda15 rec[6].fs_type=f2fs
01-01 05:46:18.427 0 0 I init : Calling: /system/bin/vdc cryptfs mountFstab /dev/block/bootdevice/by-name/userdata /data
01-01 05:46:18.460 0 0 I binder : 627:627 ioctl 40046210 7fdfd14094 returned -22
01-01 05:46:18.466 0 0 D ProcessState: Binder ioctl to enable oneway spam detection failed: Invalid argument
01-01 05:46:18.467 0 0 D vdc : Waited 0ms for vold
01-01 05:46:18.459 563 563 D vold : fscrypt_mount_metadata_encrypted: /data encrypt: 0 format: 0 with null
01-01 05:46:18.459 563 563 D vold : metadata_key_dir/key: /metadata/vold/metadata_encryption/key
01-01 05:46:18.461 563 563 D vold : Key exists, using: /metadata/vold/metadata_encryption/key
01-01 05:46:18.483 563 563 D vold : Mounting metadata-encrypted filesystem:/data
01-01 05:46:18.488 563 563 I vold : [libfs_mgr]Running /system/bin/fsck.f2fs -a -c 10000 --debug-cache /dev/block/dm-10
01-01 05:46:18.523 0 0 I fsck.f2fs: Info: Fix the reported corruption.
01-01 05:46:18.529 0 0 I fsck.f2fs: Info: No support kernel version!
01-01 05:46:18.535 0 0 I fsck.f2fs: Info: Segments per section = 1
01-01 05:46:18.540 0 0 I fsck.f2fs: Info: Sections per zone = 1
01-01 05:46:18.540 0 0 I fsck.f2fs: Info: sector size = 4096
01-01 05:46:18.540 0 0 I fsck.f2fs: Info: total sectors = 28958163 (113117 MB)
01-01 05:46:18.572 0 0 I fsck.f2fs: Info: MKFS version
01-01 05:46:18.576 0 0 I fsck.f2fs: "4.15.0-175-generic #184-Ubuntu SMP Thu Mar 24 17:48:36 UTC 2022"
01-01 05:46:18.584 0 0 I fsck.f2fs: Info: FSCK version
01-01 05:46:18.588 0 0 I fsck.f2fs: from "4.19.157+"
01-01 05:46:18.601 0 0 I F2FS-fs (dm-10): Reduce reserved blocks for root = 22993
01-01 05:46:18.788 0 0 I F2FS-fs (dm-10): Mounted with checkpoint version = 7d398004
01-01 05:46:18.788 563 563 I vold : [libfs_mgr]__mount(source=/dev/block/dm-10,target=/data,type=f2fs)=0: Success
01-01 05:46:18.789 563 563 D vold : Mounted /data
01-01 05:46:18.789 563 579 D vold : Disk at 252:10 changed
01-01 05:46:18.814 0 0 I init : Userdata mounted using /vendor/etc/fstab.qcom result : 7
01-01 05:46:18.822 0 0 I init : Keyring created with id 413198991 in process 1
