08-16 16:53:59.607 1160 2971 I OpenGLRenderer: Davey! duration=9223371873699ms; Flags=0, FrameTimelineVsyncId=-1, IntendedVsync=163154455717, Vsync=163154458269, InputEventId=0, HandleInputStart=163154469102, AnimationStart=163154471706, PerformTraversalsStart=163154473373, DrawStart=163154552487, FrameDeadline=9223372036854775807, FrameInterval=163154458269, FrameStartTime=16666666, SyncQueued=163155257852, SyncStart=163156391915, IssueDrawCommandsStart=163156509467, SwapBuffers=163160335508, FrameCompleted=9223372036854775807, DequeueBufferDuration=28854, QueueBufferDuration=1263177, GpuCompleted=9223372036854775807, SwapBuffersCompleted=163162554310, DisplayPresentTime=154618832668,
08-16 16:53:59.710 1160 1841 I ActivityTaskManager: START u0 {act=android.intent.action.MAIN cat=[android.intent.category.LAUNCHER] flg=0x10200000 cmp=com.android.documentsui/.LauncherActivity bnds=[335,184][633,497]} from uid 10118
08-16 16:53:59.710 1160 1267 I EventSequenceValidator: inc AccIntentStartedEvents to 2
08-16 16:53:59.718 1160 1841 E ANDR-PERF-JNI: com_qualcomm_qtiperformance_native_perf_io_prefetch_start
08-16 16:53:59.720 1160 1841 W ActivityTaskManager: Can't find TaskDisplayArea to determine support for multi window. Task id=76 attached=false
08-16 16:53:59.724 2438 2490 W FrameTracker: Missed App frame:8
08-16 16:53:59.725 1160 1841 D CompatibilityChangeReporter: Compat change id reported: 174042980; UID 10039; state: DISABLED
08-16 16:53:59.727 1160 1841 D CompatibilityChangeReporter: Compat change id reported: 184838306; UID 10039; state: DISABLED
08-16 16:53:59.728 1160 1841 D CompatibilityChangeReporter: Compat change id reported: 185004937; UID 10039; state: DISABLED
08-16 16:53:59.729 964 3375 E ANDR-IOP: io prefetch is disabled
08-16 16:53:59.736 1160 1841 D CompatibilityChangeReporter: Compat change id reported: 181136395; UID 10039; state: DISABLED
08-16 16:53:59.737 1160 1841 D CompatibilityChangeReporter: Compat change id reported: 174042936; UID 10039; state: DISABLED
08-16 16:53:59.741 805 846 D audio_hw_primary: adev_create_audio_patch: enter: num sources 1, num_sinks 1, handle 1
08-16 16:53:59.741 805 846 D audio_hw_primary: adev_create_audio_patch: Playback patch from mix handle 13 to device 80
08-16 16:53:59.741 805 846 D audio_hw_primary: update_patch: enter
08-16 16:53:59.741 805 846 D audio_hw_primary: route_output_stream: enter: usecase(1: low-latency-playback) devices 80
08-16 16:53:59.741 805 846 I btaudio_offload_qti: audio_check_a2dp_ready_qti: state = AUDIO_A2DP_STATE_STANDBY
08-16 16:53:59.741 805 846 I btaudio_offload_qti: audio_check_a2dp_ready_qti: session ready = 1
08-16 16:53:59.741 805 846 W btaudio_offload_qti: audio_check_a2dp_ready_qti: return
08-16 16:53:59.743 1160 1841 D CompatibilityChangeReporter: Compat change id reported: 168419799; UID 10039; state: DISABLED
08-16 16:53:59.743 1160 1841 D CompatibilityInfo: mCompatibilityFlags - 4
08-16 16:53:59.743 1160 1841 D CompatibilityInfo: applicationDensity - 240
08-16 16:53:59.743 1160 1841 D CompatibilityInfo: applicationScale - 1.0
08-16 16:53:59.744 1160 1841 V SplashScreenExceptionList: SplashScreen checking exception for package com.android.documentsui (target sdk:30) -> false
08-16 16:53:59.744 1160 1841 D ActivityTrigger: ActivityTrigger activityPauseTrigger
08-16 16:53:59.753 805 2905 D audio_hw_primary: start_output_stream: enter: stream(0xecb80010)usecase(1: low-latency-playback) devices(0x80) is_haptic_usecase(0)
08-16 16:53:59.753 805 2905 I btaudio_offload_qti: audio_check_a2dp_ready_qti: state = AUDIO_A2DP_STATE_STANDBY
08-16 16:53:59.753 805 2905 I btaudio_offload_qti: audio_check_a2dp_ready_qti: session ready = 1
08-16 16:53:59.753 805 2905 W btaudio_offload_qti: audio_check_a2dp_ready_qti: return
08-16 16:53:59.753 971 971 E ANDR-PERF-TARGET: Error: Invalid logical cluster id 0
08-16 16:53:59.754 971 971 E ANDR-PERF-REQUEST: invalid request
08-16 16:53:59.754 971 971 E ANDR-PERF-MPCTL: invalid request, no optimizations performed
08-16 16:53:59.754 805 2905 E audio_hw_extn: audio_extn_perf_lock_acquire: Failed to acquire perf lock, err: -1
08-16 16:53:59.754 805 2905 I btaudio_offload_qti: audio_check_a2dp_ready_qti: state = AUDIO_A2DP_STATE_STANDBY
08-16 16:53:59.754 805 2905 I btaudio_offload_qti: audio_check_a2dp_ready_qti: session ready = 1
08-16 16:53:59.754 805 2905 W btaudio_offload_qti: audio_check_a2dp_ready_qti: return
08-16 16:53:59.754 805 2905 D audio_hw_primary: select_devices for use case (low-latency-playback)
08-16 16:53:59.754 805 2905 I btaudio_offload_qti: audio_check_a2dp_ready_qti: state = AUDIO_A2DP_STATE_STANDBY
08-16 16:53:59.754 805 2905 I btaudio_offload_qti: audio_check_a2dp_ready_qti: session ready = 1
08-16 16:53:59.754 805 2905 W btaudio_offload_qti: audio_check_a2dp_ready_qti: return
08-16 16:53:59.754 805 2905 I msm8974_platform: platform_check_and_set_codec_backend_cfg:becf: afe: bitwidth 16, samplerate 48000 channels 2, backend_idx 0 usecase = 1 device (bt-a2dp)
08-16 16:53:59.754 805 2905 D msm8974_platform: platform_split_snd_device: snd_device(45) num devices(1) new_snd_devices(0)
08-16 16:53:59.755 805 2905 I msm8974_platform: platform_check_and_set_codec_backend_cfg: new_snd_devices[0] is 45
08-16 16:53:59.755 805 2905 D audio_hw_primary: check_usecases_codec_backend:becf: force routing 1
08-16 16:53:59.755 805 2905 E msm8974_platform: platform_check_backends_match: Invalid snd_device =
08-16 16:53:59.755 805 2905 D audio_hw_primary: check_usecases_codec_backend:becf: (78) check_usecases curr device: bt-a2dp, usecase device: backends match 0
08-16 16:53:59.755 805 2905 D audio_hw_primary: check_usecases_codec_backend:becf: check_usecases num.of Usecases to switch 0
08-16 16:53:59.755 805 2905 D hardware_info: hw_info_append_hw_type : device_name = bt-a2dp
08-16 16:53:59.755 805 2905 D msm8974_platform: platform_split_snd_device: snd_device(45) num devices(0) new_snd_devices(0)
08-16 16:53:59.755 805 2905 D audio_hw_primary: enable_snd_device: snd_device(45: bt-a2dp)
08-16 16:53:59.755 805 2905 D msm8974_platform: platform_get_island_cfg_on_device:island cfg status on snd_device = (bt-a2dp 0)
08-16 16:53:59.755 805 2905 D a2dp_offload: a2dp_start_playback start
08-16 16:53:59.755 805 2905 D a2dp_offload: calling BT module stream start
08-16 16:53:59.755 805 2905 D btaudio_offload_qti: audio_stream_start_qti: state = AUDIO_A2DP_STATE_STANDBY
08-16 16:53:59.755 805 2905 W btaudio_offload_qti: handle_hidl_request: starting audio stream
08-16 16:53:59.756 1839 2257 D bt_btif : btif_dispatch_sm_event: event: 50, len: 4
08-16 16:53:59.756 1839 2257 D bt_btif : btif_dispatch_sm_event: event 50 sent
08-16 16:53:59.756 805 2905 W btaudio_offload_qti: wait_for_stack_response: conditional wait: ack_recvd = 0
08-16 16:53:59.757 1839 2045 W bt_btif : BTHF: btif_hf_check_if_sco_connected(): No SCO connection up
08-16 16:53:59.757 1839 2045 I bt_btif_vendor: btif_ba_is_active: 0
08-16 16:53:59.757 1839 2045 D bt_btif : btif_dispatch_sm_event: event: 32, len: 0
08-16 16:53:59.757 1839 2045 D bt_btif : btif_dispatch_sm_event: event 32 sent
08-16 16:53:59.757 1839 2045 I bt_stack: [INFO:a2dp_encoding.cc(2657)] ack_stream_started: result=PENDING
08-16 16:53:59.758 805 846 I BTAudioProviderStub: streamStarted - SessionType=A2DP_HARDWARE_OFFLOAD_DATAPATH, status=SINK_NOT_READY
08-16 16:53:59.758 805 846 I BTAudioProviderSession: ReportControlStatus - status=SINK_NOT_READY for SessionType=A2DP_HARDWARE_OFFLOAD_DATAPATH, bluetooth_audio=0x0200 started
08-16 16:53:59.758 805 846 I btaudio_offload_qti: stack_resp_cb: status = 3
08-16 16:53:59.758 805 2905 I btaudio_offload_qti: wait_for_stack_response:ret = 0(Success)
08-16 16:53:59.758 805 2905 W btaudio_offload_qti: wait_for_stack_response: conditional wait done : ack_recvd = 1
08-16 16:53:59.758 805 2905 I btaudio_offload_qti: handle_hidl_request: ack status = A2DP_CTRL_ACK_PENDING
08-16 16:53:59.758 805 2905 W btaudio_offload_qti: wait_for_stack_response: conditional wait: ack_recvd = 0
08-16 16:53:59.759 1839 2045 D bt_btif : btif_av_state_opened_handler: event: UNKNOWN_EVENT, flags: 0, peer_sep: 1, index: 0 reconfig_event: 0, codec_cfg_change: 0, reconfig_pending: 0, reconfig_a2dp: 0, is_retry_reconfig: 0
08-16 16:53:59.759 1839 2045 W bt_btif : btif_av_state_opened_handler : unhandled event:UNKNOWN_EVENT
08-16 16:53:59.759 1839 2045 I btif_av : isBATEnabled: 0
08-16 16:53:59.759 1839 2045 D bt_btif : btif_av_state_opened_handler: event: BTIF_AV_START_STREAM_REQ_EVT, flags: 0, peer_sep: 1, index: 0 reconfig_event: 0, codec_cfg_change: 0, reconfig_pending: 0, reconfig_a2dp: 0, is_retry_reconfig: 0
08-16 16:53:59.760 1839 2556 D bt_btif : bta_av_ssm_execute(): AV Sevent(0x41)=0x120b(AP_START) state=3(OPEN)
08-16 16:53:59.760 1839 2556 W bt_btm : BTM: Local device role : 0x00
08-16 16:53:59.760 1839 2556 W bt_btm : BTM: RemBdAddr: 00:58:76:20:46:3d
08-16 16:53:59.760 1839 2556 W bt_btif : bta_dm_rm_cback:2, status:7
08-16 16:53:59.761 818 818 D vendor.qti.bluetooth@1.0-ibs_handler: SerialClockVote: vote for UART CLK ON
08-16 16:53:59.761 818 818 D vendor.qti.bluetooth@1.0-wake_lock: Acquire wakelock is acquired
08-16 16:53:59.762 818 818 I vendor.qti.bluetooth@1.0-ibs_handler: DeviceWakeUp: Writing IBS_WAKE_IND
08-16 16:53:59.771 818 2542 I vendor.qti.bluetooth@1.0-ibs_handler: ProcessIbsCmd: Received IBS_WAKE_ACK: 0xFC
08-16 16:53:59.771 818 2542 I vendor.qti.bluetooth@1.0-ibs_handler: ProcessIbsCmd: Signal wack_cond_
08-16 16:53:59.771 1160 1267 D CompatibilityChangeReporter: Compat change id reported: 135634846; UID 10039; state: DISABLED
08-16 16:53:59.771 818 818 D vendor.qti.bluetooth@1.0-ibs_handler: DeviceWakeUp: Unblocked from waiting for FC, pthread_cond_timedwait ret = 0
08-16 16:53:59.771 1160 1267 D CompatibilityChangeReporter: Compat change id reported: 177438394; UID 10039; state: DISABLED
08-16 16:53:59.772 1160 1267 D CompatibilityChangeReporter: Compat change id reported: 135772972; UID 10039; state: DISABLED
08-16 16:53:59.772 1160 1267 D CompatibilityChangeReporter: Compat change id reported: 135754954; UID 10039; state: ENABLED
08-16 16:53:59.772 818 2542 I vendor.qti.bluetooth@1.0-ibs_handler: ProcessIbsCmd: Received IBS_WAKE_IND: 0xFD
08-16 16:53:59.772 818 2542 I vendor.qti.bluetooth@1.0-ibs_handler: ProcessIbsCmd: Writing IBS_WAKE_ACK
08-16 16:53:59.773 1160 1365 D CompatibilityChangeReporter: Compat change id reported: 143937733; UID 10039; state: ENABLED
08-16 16:53:59.800 1839 2556 E bt_avp : avdt_ad_tc_data_ind: type: x0, tcid: 0, ccb_idx: 0
08-16 16:53:59.801 1839 2556 D bt_btif : bta_av_ssm_execute(): AV Sevent(0x41)=0x121c(STR_START_OK) state=3(OPEN)
08-16 16:53:59.801 1839 2556 D a2dp_codec: A2DP_GetCodecType:
08-16 16:53:59.801 1839 2556 E bt_btif : bta_av_co_get_active_peer: active peer index: 0
08-16 16:53:59.801 1839 2556 W bt_btif : bta_av_start_ok: Resetting/Removing packet type limit for non-aptX codec stream
08-16 16:53:59.801 1839 2556 W bt_btm : BTM: Local device role : 0x00
08-16 16:53:59.801 1839 2556 W bt_btm : BTM: RemBdAddr: 00:58:76:20:46:3d
08-16 16:53:59.801 1839 2556 I bt_bta_av: bta_av_link_role_ok hndl:x41 role:0 conn_audio:x1 bits:1 features:x8e5b
08-16 16:53:59.801 1839 2556 W bt_btif : bta_dm_rm_cback:2, status:0
08-16 16:53:59.801 1839 2556 W bt_l2cap: L2CA_SetDesireRole() new:x0, disallow_switch:0
08-16 16:53:59.802 1839 2556 V bt_stack: [VERBOSE1:btm_acl.cc(654)] BTM_SwitchRole BDA: 00:58:76:20:46:3d
08-16 16:53:59.802 1839 2556 V bt_stack: [VERBOSE1:btm_acl.cc(654)] BTM_SwitchRole BDA: 00:1f:20:d5:ab:67
08-16 16:53:59.802 1839 2556 V bt_stack: [VERBOSE1:btm_acl.cc(654)] BTM_SwitchRole BDA: 00:1f:20:eb:59:9e
08-16 16:53:59.802 1839 2556 W bt_btif : bta_dm_pm_ssr conn_srvc id:18, app_id:1
08-16 16:53:59.802 1839 2556 W bt_btif : bta_dm_pm_ssr conn_srvc id:18, app_id:0
08-16 16:53:59.802 1839 2556 W bt_btif : bta_dm_pm_ssr conn_srvc id:5, app_id:0
08-16 16:53:59.802 1839 2556 W bt_btif : bta_dm_pm_ssr ssr:2, lat:1200
08-16 16:53:59.802 1839 2556 W bt_btif : bta_dm_rm_cback:2, status:7
08-16 16:53:59.803 1839 2556 W bt_btm : BTM: Local device role : 0x00
08-16 16:53:59.803 1839 2556 W bt_btm : BTM: RemBdAddr: 00:58:76:20:46:3d
08-16 16:53:59.803 1839 2045 D bt_btif : btif_av_state_opened_handler: event: BTA_AV_START_EVT, flags: 4, peer_sep: 1, index: 0 reconfig_event: 0, codec_cfg_change: 0, reconfig_pending: 0, reconfig_a2dp: 0, is_retry_reconfig: 0
08-16 16:53:59.803 1839 2045 D bt_btif : btif_av_state_opened_handler: event: BTIF_SM_EXIT_EVT, flags: 4, peer_sep: 1, index: 0 reconfig_event: 0, codec_cfg_change: 0, reconfig_pending: 0, reconfig_a2dp: 0, is_retry_reconfig: 0
08-16 16:53:59.804 1839 2045 D bt_btif : btif_av_state_started_handler: event: BTIF_SM_ENTER_EVT flags: 0 index = 0, reconfig_event: 0, codec_cfg_change: 0
08-16 16:53:59.804 1839 2045 D bt_btif : btif_av_state_started_handler update media task on DUT initiated start for index =0
08-16 16:53:59.804 1839 2045 W bt_btif : ## ON A2DP STARTED ##
08-16 16:53:59.804 1839 2045 I btif_av : isBATEnabled: 0
08-16 16:53:59.804 1839 2045 E bt_btif : bta_av_co_get_active_peer: active peer index: 0
08-16 16:53:59.804 1839 2045 E bt_btif : bta_av_co_get_active_peer: active peer index: 0
08-16 16:53:59.804 1839 2045 W bt_btif : BTHF: btif_hf_check_if_sco_connected(): No SCO connection up
08-16 16:53:59.804 1839 2045 D bt_btif : btif_dispatch_sm_event: event: 38, len: 1
08-16 16:53:59.804 1839 2045 D bt_btif : btif_dispatch_sm_event: event 38 sent
08-16 16:53:59.805 1839 2045 I BluetoothA2dpServiceJni: bta2dp_audio_state_callback
08-16 16:53:59.806 1839 2045 D A2dpNativeInterface: onAudioStateChanged: A2dpStackEvent {type:EVENT_TYPE_AUDIO_STATE_CHANGED, device:00:58:76:20:46:3D, value1:STARTED}
08-16 16:53:59.806 1839 2045 D A2dpService: messageFromNative: Going to acquire mVariableLock.
08-16 16:53:59.806 1839 2045 D A2dpService: messageFromNative: Acquired mVariableLock
08-16 16:53:59.806 1839 2045 D A2dpService: messageFromNative: Released mVariableLock
08-16 16:53:59.806 1839 2045 D A2dpService: messageFromNative: Sending STACK_EVENT: A2dpStackEvent {type:EVENT_TYPE_AUDIO_STATE_CHANGED, device:00:58:76:20:46:3D, value1:STARTED} to sm.
08-16 16:53:59.806 1839 2725 D A2dpStateMachine: handleMessage: E msg.what=101
08-16 16:53:59.806 1839 2725 D A2dpStateMachine: processMsg: Connected
08-16 16:53:59.806 1839 2725 D A2dpStateMachine: Connected process message(00:58:76:20:46:3D): STACK_EVENT
08-16 16:53:59.806 1839 2725 D A2dpStateMachine: Connected: stack event: A2dpStackEvent {type:EVENT_TYPE_AUDIO_STATE_CHANGED, device:00:58:76:20:46:3D, value1:STARTED}
08-16 16:53:59.806 1839 2725 I A2dpStateMachine: Connected: processAudioStateEvent: state: 2mIsPlaying: false
08-16 16:53:59.807 1839 2725 I A2dpStateMachine: Connected: started playing: 00:58:76:20:46:3D
08-16 16:53:59.807 1839 2045 I btif_av : isBATEnabled: 0
08-16 16:53:59.807 1839 2725 D A2dpStateMachine: A2DP Playing state : device: 00:58:76:20:46:3D State:NOT_PLAYING->PLAYING
08-16 16:53:59.807 1839 2709 V Avrcp_ext: AvrcpMessageHandler: received message=18
08-16 16:53:59.807 1839 2045 E bt_btif : bta_av_co_get_active_peer: active peer index: 0
08-16 16:53:59.807 1839 2045 E bt_btif : bta_av_co_get_active_peer: active peer index: 0
08-16 16:53:59.807 1839 2709 V Avrcp_ext: MSG_SET_A2DP_AUDIO_STATE:10
08-16 16:53:59.807 1839 2709 V Avrcp_ext: event for device address 00:58:76:20:46:3D
08-16 16:53:59.807 1839 2709 I Avrcp_ext: device found at index 0
08-16 16:53:59.807 1839 2709 D BATService: getBATService(): service is NULL
08-16 16:53:59.807 1839 2045 D bt_btif : btif_av_state_started_handler Remote Start, Not updating current playing for index = 0
08-16 16:53:59.808 1839 2045 I btif_av : isBATEnabled: 0
08-16 16:53:59.808 1839 2045 E bt_btif : bta_av_co_get_active_peer: active peer index: 0
08-16 16:53:59.808 1839 2045 E bt_btif : bta_av_co_get_active_peer: active peer index: 0
08-16 16:53:59.809 1839 2709 V Avrcp_ext: updateCurrentMediaState: mMediaController: null
08-16 16:53:59.809 1839 2709 W Avrcp_ext: isMusicActive: false getBluetoothPlayState: 2 A2dp State: 10 mAudioPlaybackIsActive: false
08-16 16:53:59.809 1839 2709 W Avrcp_ext: updateCurrentMediaState: isPlaying = false
08-16 16:53:59.809 1839 2709 I Avrcp_ext: device found at index 0
08-16 16:53:59.809 1839 2709 V Avrcp_ext: Media update: id -1âž¡-1? [MediaAttributes: none] : [MediaAttributes: none]
08-16 16:53:59.810 1839 2709 D Avrcp_ext: isPackageNameValid: browsedPackage = isValid = false
08-16 16:53:59.810 1839 2709 V Avrcp_ext: Exit handleMessage
08-16 16:53:59.811 1839 1839 D HeadsetService: Received BluetoothA2dp Play State changed
08-16 16:53:59.811 1839 1839 D HeadsetA2dpSync: updateA2DPPlayingState device: 00:58:76:20:46:3D transition 11->10
08-16 16:53:59.811 1839 1839 D HeadsetService: isInCall false
08-16 16:53:59.811 1839 1839 D HeadsetService: isRinging false
08-16 16:53:59.811 1839 1839 D HeadsetA2dpSync: device: 00:58:76:20:46:3D state = 4
08-16 16:53:59.811 1839 2725 I A2dpStateMachine: state:AUDIO_STATE_STARTED
08-16 16:53:59.811 1839 2725 D A2dpStateMachine: handleMessage: X
08-16 16:53:59.812 1839 1839 D BtOppService: action : android.bluetooth.a2dp.profile.action.PLAYING_STATE_CHANGED
08-16 16:53:59.812 1839 1839 D BtOppUtils: device: 00:58:76:20:46:3D newState: 10
08-16 16:53:59.812 1839 1839 D BtOppUtils: isA2DPPlaying :true
08-16 16:53:59.812 2149 2149 I aptxalsBTEventHandler: action: android.bluetooth.a2dp.profile.action.PLAYING_STATE_CHANGED
08-16 16:53:59.812 2149 2149 I aptxalsBTEventHandler: received action: android.bluetooth.a2dp.profile.action.PLAYING_STATE_CHANGED for device: 00:58:76:20:46:3D state: STATE_PLAYING
08-16 16:53:59.812 1839 2045 D bt_btif : btif_av_state_started_handler: event: BTIF_AV_OFFLOAD_START_REQ_EVT flags: 0 index = 0, reconfig_event: 0, codec_cfg_change: 0
08-16 16:53:59.813 1839 2045 E bt_btif : bta_av_co_get_active_peer: active peer index: 0
08-16 16:53:59.813 1839 2045 D a2dp_codec: getCodecConfigAndCapabilities: current_codec_config_ not null, getCodecConfig()
08-16 16:53:59.813 1839 2045 W bt_btif : BT controller doesn't support scrambling
08-16 16:53:59.813 1839 2045 W bt_btif : btif_av_state_started_handler:is_scrambling_enabled 0
08-16 16:53:59.813 1839 2045 W bt_btif : btif_av_state_started_handler:is_44p1kFreq_supported 1
08-16 16:53:59.813 1839 2556 D bt_btif : bta_av_ssm_execute(): AV Sevent(0x41)=0x122b(unknown) state=3(OPEN)
08-16 16:53:59.813 1839 2556 D a2dp_codec: A2DP_GetCodecType:
08-16 16:53:59.813 1839 2556 W bt_btif : bta_av_offload_req Restricting AVDTP MTU size to 663
08-16 16:53:59.814 1839 2556 D a2dp_codec: A2DP_GetCodecType:
08-16 16:53:59.814 1839 2556 D a2dp_codec: A2DP_GetCodecType:
08-16 16:53:59.814 1839 2556 D bt_btif : bta_av_vendor_offload_start: vsc flags:-vs_configs_exchanged:0 tx_started:0 tx_start_initiated:0tx_enc_update_initiated:0 tx_stop_initiated: 0
08-16 16:53:59.817 1839 2045 D bt_btif : btif_av_state_started_handler: event: BTA_AV_OFFLOAD_START_RSP_EVT flags: 0 index = 0, reconfig_event: 0, codec_cfg_change: 0
08-16 16:53:59.817 1839 2045 I btif_av : isBATEnabled: 0
08-16 16:53:59.817 1839 2045 E bt_btif : bta_av_co_get_active_peer: active peer index: 0
08-16 16:53:59.817 1839 2045 E bt_btif : bta_av_co_get_active_peer: active peer index: 0
08-16 16:53:59.817 1839 2045 I bt_stack: [INFO:a2dp_encoding.cc(2657)] ack_stream_started: result=SUCCESS_FINISHED
08-16 16:53:59.818 805 846 I BTAudioProviderStub: streamStarted - SessionType=A2DP_HARDWARE_OFFLOAD_DATAPATH, status=SUCCESS
08-16 16:53:59.818 805 846 I BTAudioProviderSession: ReportControlStatus - status=SUCCESS for SessionType=A2DP_HARDWARE_OFFLOAD_DATAPATH, bluetooth_audio=0x0200 started
08-16 16:53:59.818 805 846 I btaudio_offload_qti: stack_resp_cb: status = 0
08-16 16:53:59.818 805 2905 I btaudio_offload_qti: wait_for_stack_response:ret = 0(Success)
08-16 16:53:59.818 805 2905 W btaudio_offload_qti: wait_for_stack_response: conditional wait done : ack_recvd = 1
08-16 16:53:59.818 805 2905 I btaudio_offload_qti: audio_stream_start_qti: a2dp stream started successfully
08-16 16:53:59.818 805 2905 E a2dp_offload: BT controller start return = 0
08-16 16:53:59.818 805 2905 D a2dp_offload: configure_a2dp_encoder_format start
08-16 16:53:59.818 805 2905 I btaudio_offload_qti: audio_get_codec_config_qti: state = AUDIO_A2DP_STATE_STARTED
08-16 16:53:59.818 805 2905 I btaudio_offload_qti: a2dp_codec_parser: codec_type = 1
08-16 16:53:59.819 805 2905 D btaudio_offload_qti: a2dp_codec_parser: SBC: copied codec config: min_bitpool:2 max_bitpool:53
08-16 16:53:59.819 805 2905 I btaudio_offload_qti: a2dp_codec_parser: SBC: bitrate:330000 i/p bitrate:330000
08-16 16:53:59.819 805 2905 I btaudio_offload_qti: a2dp_codec_parser: SBC: done copying full codec config
08-16 16:53:59.819 805 2905 D a2dp_offload: Received SBC encoder supported BT device
08-16 16:53:59.820 805 2905 D a2dp_offload: a2dp_set_bit_format: set AFE input bit format = 16
08-16 16:53:59.820 805 2905 D a2dp_offload: Start playback successful to BT library
08-16 16:53:59.820 805 2905 W btaudio_offload_qti: audio_is_scrambling_enabled_qti: isSession_ready = 1 isScrambling = 0
08-16 16:53:59.820 805 2905 I btaudio_offload_qti: a2dp_codec_parser: codec_type = 1
08-16 16:53:59.821 805 2905 D btaudio_offload_qti: a2dp_codec_parser: SBC: copied codec config: min_bitpool:2 max_bitpool:53
08-16 16:53:59.821 805 2905 I btaudio_offload_qti: a2dp_codec_parser: SBC: bitrate:330000 i/p bitrate:330000
08-16 16:53:59.821 805 2905 I btaudio_offload_qti: a2dp_codec_parser: SBC: done copying full codec config
08-16 16:53:59.821 805 2905 W btaudio_offload_qti: audio_is_scrambling_enabled_qti: codec_type = 520093696
08-16 16:53:59.821 805 2905 W btaudio_offload_qti: audio_is_scrambling_enabled_qti: return
08-16 16:53:59.821 805 2905 D a2dp_offload: Update tws for mono_mode on=0
08-16 16:53:59.821 805 2905 D a2dp_offload: a2dp_set_backend_cfg: set source backend sample rate =KHZ_44P1
08-16 16:53:59.822 805 2905 D a2dp_offload: a2dp_set_backend_cfg: set afe enc channels =Two
08-16 16:53:59.822 805 2905 D a2dp_offload: start A2DP playback total active sessions :1
08-16 16:53:59.822 805 2905 I soundtrigger: audio_extn_sound_trigger_update_device_status: device 0x2d of type 0 for Event 1, with Raise=0
08-16 16:53:59.822 805 2905 D audio_route: Apply path: bt-a2dp
08-16 16:53:59.823 805 2905 E soundtrigger: audio_extn_sound_trigger_update_stream_status: invalid input device 0x0, for event 3
08-16 16:53:59.823 805 2905 D soundtrigger: audio_extn_sound_trigger_update_stream_status: uc_info->id 1 of type 0 for Event 3, with Raise=0
08-16 16:53:59.823 805 2905 D audio_hw_utils: audio_extn_utils_send_app_type_cfg: usecase->out_snd_device bt-a2dp
08-16 16:53:59.823 805 2905 D msm8974_platform: platform_split_snd_device: snd_device(45) num devices(0) new_snd_devices(0)
08-16 16:53:59.823 805 2905 I audio_hw_utils: audio_extn_utils_get_app_sample_rate_for_device using 44100 sample rate rate for A2DP CoPP
08-16 16:53:59.823 805 2905 D audio_hw_utils: audio_extn_btsco_get_sample_rate:Not a BT SCO device, need not update sampling rate
08-16 16:53:59.823 805 2905 I audio_hw_utils: send_app_type_cfg_for_device PLAYBACK app_type 69937, acdb_dev_id 20, sample_rate 44100, snd_device_be_idx 32
08-16 16:53:59.824 805 2905 D msm8974_platform: platform_split_snd_device: snd_device(45) num devices(1) new_snd_devices(0)
08-16 16:53:59.824 805 2905 I audio_hw_utils: audio_extn_utils_get_app_sample_rate_for_device using 44100 sample rate rate for A2DP CoPP
08-16 16:53:59.824 805 2905 D audio_hw_utils: audio_extn_btsco_get_sample_rate:Not a BT SCO device, need not update sampling rate
08-16 16:53:59.824 805 2905 D ACDB-LOADER: ACDB -> send_audio_cal, acdb_id = 20, path = 0, app id = 0x11131, sample rate = 44100, afe_sample_rate = 48000
08-16 16:53:59.824 805 2905 D ACDB-LOADER: ACDB -> send_asm_topology
08-16 16:53:59.824 805 2905 D ACDB-LOADER: ACDB -> ACDB_CMD_GET_AUDPROC_STREAM_TOPOLOGY_ID
08-16 16:53:59.824 805 2905 D ACDB-LOADER: ACDB -> send_adm_topology
08-16 16:53:59.824 805 2905 D ACDB-LOADER: ACDB -> ACDB_CMD_GET_AUDPROC_COMMON_TOPOLOGY_ID
08-16 16:53:59.824 805 2905 D ACDB-LOADER: ACDB -> send_audtable
08-16 16:53:59.824 805 2905 D ACDB-LOADER: ACDB -> ACDB_CMD_GET_AUDPROC_INSTANCE_COMMON_TABLE_SIZE
08-16 16:53:59.824 805 2905 D ACDB-LOADER: ACDB -> ACDB_CMD_GET_AUDPROC_INSTANCE_COMMON_TABLE
08-16 16:53:59.824 805 2905 D ACDB-LOADER: ACDB -> AUDIO_SET_AUDPROC_CAL cal_type[11] acdb_id[20] app_type[69937]
08-16 16:53:59.824 805 2905 D ACDB-LOADER: ACDB -> send_audvoltable
08-16 16:53:59.825 805 2905 D ACDB-LOADER: ACDB -> ACDB_CMD_GET_AUDPROC_INSTANCE_GAIN_DEP_STEP_TABLE_SIZE
08-16 16:53:59.825 805 2905 D ACDB-LOADER: ACDB -> ACDB_CMD_GET_AUDPROC_INSTANCE_GAIN_DEP_STEP_TABLE, vol index 0
08-16 16:53:59.825 805 2905 D ACDB-LOADER: ACDB -> AUDIO_SET_VOL_CAL cal type = 12
08-16 16:53:59.825 805 2905 D ACDB-LOADER: ACDB -> ACDB_CMD_GET_AUDPROC_INSTANCE_STREAM_TABLE_SIZE
08-16 16:53:59.825 805 2905 D ACDB-LOADER: ACDB -> send_audstrmtable
08-16 16:53:59.825 805 2905 D ACDB-LOADER: ACDB -> ACDB_CMD_GET_AUDPROC_INSTANCE_STREAM_TABLE
08-16 16:53:59.825 805 2905 D ACDB-LOADER: ACDB -> audstrm_cal->cal_type.cal_data.cal_size = 20
08-16 16:53:59.825 805 2905 D ACDB-LOADER: ACDB -> send_afe_topology
08-16 16:53:59.825 805 2905 D ACDB-LOADER: ACDB -> ACDB_CMD_GET_AFE_TOPOLOGY_ID
08-16 16:53:59.825 805 2905 D ACDB-LOADER: ACDB -> GET_AFE_TOPOLOGY_ID for adcd_id 20, Topology Id 112fc
08-16 16:53:59.825 805 2905 D ACDB-LOADER: ACDB -> send_afe_cal
08-16 16:53:59.825 805 2905 D ACDB-LOADER: ACDB -> ACDB_CMD_GET_AFE_INSTANCE_COMMON_TABLE_SIZE
08-16 16:53:59.825 679 679 D Zygote : Forked child process 4720
08-16 16:53:59.825 805 2905 D android.hardware.audio.service: Failed to fetch the lookup information of the device 00000014
08-16 16:53:59.825 805 2905 D ACDB-LOADER: Error: ACDB_CMD_GET_AFE_INSTANCE_COMMON_TABLE_SIZE Returned = -19
08-16 16:53:59.825 805 2905 D ACDB-LOADER: ACDB -> ACDB_CMD_GET_AFE_INSTANCE_COMMON_TABLE
08-16 16:53:59.826 805 2905 D android.hardware.audio.service: Failed to fetch the lookup information of the device 00000014
08-16 16:53:59.826 805 2905 D ACDB-LOADER: Error: ACDB AFE returned = -19
08-16 16:53:59.826 805 2905 D ACDB-LOADER: ACDB -> AUDIO_SET_AFE_CAL cal_type[16] acdb_id[20]
08-16 16:53:59.826 805 2905 D ACDB-LOADER: ACDB -> send_hw_delay : acdb_id = 20 path = 0
08-16 16:53:59.826 805 2905 D ACDB-LOADER: ACDB -> ACDB_AVSYNC_INFO: ACDB_CMD_GET_DEVICE_PROPERTY
08-16 16:53:59.826 805 2905 D msm8974_platform: platform_split_snd_device: snd_device(45) num devices(0) new_snd_devices(0)
08-16 16:53:59.826 805 2905 I msm8974_platform: platform_get_custom_mtmx_params: no matching param with id 0 ip_ch 2 op_ch 2 uc_id 1 snd_dev 45
08-16 16:53:59.826 805 2905 D audio_hw_primary: enable_audio_route: apply mixer and update path: low-latency-playback bt-a2dp
08-16 16:53:59.826 805 2905 D audio_route: Apply path: low-latency-playback bt-a2dp
08-16 16:53:59.826 1839 2045 W bt_stack: [WARNING:a2dp_encoding.cc(189)] ResetPendingCmd 3
08-16 16:53:59.827 1160 1365 W ActivityManager: Slow operation: 57ms so far, now at startProcess: returned from zygote!
08-16 16:53:59.827 805 2905 D audio_hw_primary: select_devices: done
08-16 16:53:59.828 1160 1365 W ActivityManager: Slow operation: 57ms so far, now at startProcess: done updating battery stats
08-16 16:53:59.828 1160 1365 W ActivityManager: Slow operation: 57ms so far, now at startProcess: building log message
08-16 16:53:59.828 1160 1365 I ActivityManager: Start proc 4720:com.android.documentsui/u0a39 for pre-top-activity {com.android.documentsui/com.android.documentsui.LauncherActivity}
08-16 16:53:59.828 1160 1365 W ActivityManager: Slow operation: 57ms so far, now at startProcess: starting to update pids map
08-16 16:53:59.828 1160 1365 W ActivityManager: Slow operation: 58ms so far, now at startProcess: done updating pids map
08-16 16:53:59.829 1160 4721 W ContextImpl: Calling a method in the system process without a qualified user: android.app.ContextImpl.sendBroadcast:1173 com.qualcomm.qti.Performance$SendGameLaunchBroadcast.run:217 java.lang.Thread.run:920
01-01 05:48:20.254 0 0 I btfm_slim_hw_init: PGD Enum Addr: 00:01:20:02:17: 02
01-01 05:48:20.260 0 0 I btfm_slim_hw_init: IFD Enum Addr: 00:00:20:02:17: 02
01-01 05:48:20.267 0 0 I btfm_slim_hw_init: chipset soc version:400a0200
01-01 05:48:20.272 0 0 I btfm_slim_hw_init: chipset is hastings 2.0, overwriting EA
01-01 05:48:20.279 0 0 I btfm_slim_hw_init: PGD Enum Addr: 00:01:20:02:17: 02
01-01 05:48:20.286 0 0 I btfm_slim_hw_init: IFD Enum Addr: 00:00:20:02:17: 02
01-01 05:48:20.292 0 0 I btfm_slim_alloc_port: chipset soc version:400a0200
08-16 16:53:59.869 1521 1541 I adbd : jdwp connection from 4720
01-01 05:48:20.296 0 0 I binder : 4720:4720 ioctl 40046210 7fdf50bae4 returned -22
08-16 16:53:59.879 4720 4720 D ProcessState: Binder ioctl to enable oneway spam detection failed: Invalid argument
01-01 05:48:20.309 0 0 I btfm_slim_enable_ch: chipset soc version:400a0200
01-01 05:48:20.315 0 0 I btfm_slim_enable_ch: channel define - prot:2, dataf:0, auxf:0
08-16 16:53:59.892 3039 4412 W SQLiteLog: (28) double-quoted string literal: "com.android.documentsui"
08-16 16:53:59.896 818 2542 I vendor.qti.bluetooth@1.0-ibs_handler: ProcessIbsCmd: Received IBS_SLEEP_IND: 0xFE
01-01 05:48:20.322 0 0 I btfm_slim_enable_ch: channel define - rates:44100, baser:2, ratem:4
08-16 16:53:59.918 2149 2149 I aptxalsCodecConfig: no profile has been set, mCs4Settings: 0
01-01 05:48:20.330 0 0 I btfm_slim_enable_ch: slim_connect_sink(port: 16, ch: 157)
01-01 05:48:20.337 0 0 I btfm_slim_enable_ch: port: 16, ch: 157, grp: 0, ch->grph: 0x0, ch_hdl: 0x1d
08-16 16:53:59.921 1160 2977 D CompatibilityInfo: mCompatibilityFlags - 4
08-16 16:53:59.921 1160 2977 D CompatibilityInfo: applicationDensity - 240
08-16 16:53:59.921 1160 2977 D CompatibilityInfo: applicationScale - 1.0
08-16 16:53:59.923 1160 2977 D CompatibilityInfo: mCompatibilityFlags - 4
08-16 16:53:59.923 1160 2977 D CompatibilityInfo: applicationDensity - 240
08-16 16:53:59.923 1160 2977 D CompatibilityInfo: applicationScale - 1.0
08-16 16:53:59.926 4720 4720 D CompatibilityChangeReporter: Compat change id reported: 171979766; UID 10039; state: DISABLED
01-01 05:48:20.346 0 0 I __afe_port_start: port id: 0x400e
01-01 05:48:20.350 0 0 I afe_find_cal_topo_id_by_port: port id: 0x400e, dev_acdb_id: 20
01-01 05:48:20.358 0 0 I afe_find_cal_topo_id_by_port: top_id:112fc acdb_id:20 afe_port_id:0x400e
01-01 05:48:20.366 0 0 I afe_get_cal_topology_id: port_id = 0x400e acdb_id = 20 topology_id = 0x112fc cal_type_index=8 ret=0
01-01 05:48:20.376 0 0 I afe_send_port_topology_id: AFE set topology id 0x112fc enable for port 0x400e ret 0
08-16 16:53:59.961 962 1013 W SDM : HWCDisplay::GetHWCLayer: [0] GetLayer(33) failed: no such layer
01-01 05:48:20.386 0 0 I send_afe_cal_type: cal_index is 0
01-01 05:48:20.390 0 0 I send_afe_cal_type: dev_acdb_id[119] is 20
08-16 16:53:59.969 1047 1047 W HwcComposer: command 0x3000000 generated error 3
01-01 05:48:20.395 0 0 I afe_find_cal: cal_index 0 port_id 0x400e port_index 119
01-01 05:48:20.400 0 0 D : mv2112_read_status
01-01 05:48:20.402 0 0 I afe_find_cal: acdb_id 20 dev_acdb_id 20 sample_rate 48000 afe_sample_rates 44100
08-16 16:53:59.992 4720 4720 I Perf : Connecting to perf service.
01-01 05:48:20.405 0 0 D mv2112_update_link: 3.0x901(1G): 0x4
01-01 05:48:20.414 0 0 I afe_find_cal: no matching cal_block found
01-01 05:48:20.419 0 0 D mv2112_update_link: 3.0x8109(100M): 0x8
01-01 05:48:20.424 0 0 E : send_afe_cal_type cal_block not found!!
08-16 16:53:59.999 4720 4720 V GraphicsEnvironment: ANGLE Developer option for 'com.android.documentsui' set to: 'default'
08-16 16:53:59.999 4720 4720 V GraphicsEnvironment: ANGLE GameManagerService for com.android.documentsui: false
08-16 16:54:00.006 2374 2374 W QCC:PeriodicCI: [ERROR] Current time is wrong, status=3
01-01 05:48:20.429 0 0 D mv2112_update_link: link 0x4
01-01 05:48:20.429 0 0 D mv2112_read_status: autoneg is disabled
08-16 16:54:00.017 1859 1859 D KeyguardUpdateMonitor: received broadcast android.intent.action.TIME_TICK
08-16 16:54:00.019 4720 4720 D NetworkSecurityConfig: No Network Security Config specified, using platform default
08-16 16:54:00.019 4720 4720 D NetworkSecurityConfig: No Network Security Config specified, using platform default
08-16 16:54:00.021 1859 1859 D KeyguardUpdateMonitor: handleTimeUpdate
01-01 05:48:20.444 0 0 I afe_send_hw_delay: port_id 0x400e rate 44100 delay_usec 0 status 0
08-16 16:54:00.058 805 2905 D msm8974_platform: platform_set_channel_map mixer_ctl_name:Playback Channel Map9
08-16 16:54:00.059 805 2905 D msm8974_platform: platform_set_channel_map: set mapping(1 2 0 0 0 0 0 0) for channel:2
08-16 16:54:00.060 805 2905 E audio_hw_extn: audio_extn_perf_lock_release: Perf lock release error
08-16 16:54:00.060 805 2905 D audio_hw_primary: start_output_stream: exit
08-16 16:54:00.061 4720 4720 E StrictMode: Tried to access the API:LayoutInflater which needs to have proper configuration from a non-UI Context:com.android.documentsui.DocumentsApplication@3f5be6c The API:LayoutInflater needs a proper configuration. Use UI contexts such as an activity or a context created via createWindowContext(Display, int, Bundle) or createConfigurationContext(Configuration) with a proper configuration.
08-16 16:54:00.061 4720 4720 E StrictMode: java.lang.IllegalAccessException: Tried to access the API:LayoutInflater which needs to have proper configuration from a non-UI Context:com.android.documentsui.DocumentsApplication@3f5be6c
08-16 16:54:00.061 4720 4720 E StrictMode: at android.os.StrictMode.assertConfigurationContext(StrictMode.java:2296)
08-16 16:54:00.061 4720 4720 E StrictMode: at android.view.LayoutInflater.(LayoutInflater.java:260)
08-16 16:54:00.061 4720 4720 E StrictMode: at com.android.internal.policy.PhoneLayoutInflater.(PhoneLayoutInflater.java:44)
08-16 16:54:00.061 4720 4720 E StrictMode: at android.app.SystemServiceRegistry$33.createService(SystemServiceRegistry.java:534)
08-16 16:54:00.061 4720 4720 E StrictMode: at android.app.SystemServiceRegistry$33.createService(SystemServiceRegistry.java:531)
08-16 16:54:00.061 4720 4720 E StrictMode: at android.app.SystemServiceRegistry$CachedServiceFetcher.getService(SystemServiceRegistry.java:1848)
08-16 16:54:00.061 4720 4720 E StrictMode: at android.app.SystemServiceRegistry.getSystemService(SystemServiceRegistry.java:1525)
08-16 16:54:00.061 4720 4720 E StrictMode: at android.app.ContextImpl.getSystemService(ContextImpl.java:2064)
08-16 16:54:00.061 4720 4720 E StrictMode: at android.content.ContextWrapper.getSystemService(ContextWrapper.java:857)
08-16 16:54:00.061 4720 4720 E StrictMode: at android.view.LayoutInflater.from(LayoutInflater.java:288)
08-16 16:54:00.061 4720 4720 E StrictMode: at com.android.documentsui.DragShadowBuilder.(DragShadowBuilder.java:49)
08-16 16:54:00.061 4720 4720 E StrictMode: at com.android.documentsui.DragAndDropManager$RuntimeDragAndDropManager.(DragAndDropManager.java:195)
08-16 16:54:00.061 4720 4720 E StrictMode: at com.android.documentsui.DragAndDropManager$RuntimeDragAndDropManager.(DragAndDropManager.java:166)
08-16 16:54:00.061 4720 4720 E StrictMode: at com.android.documentsui.DragAndDropManager.create(DragAndDropManager.java:163)
08-16 16:54:00.061 4720 4720 E StrictMode: at com.android.documentsui.DocumentsApplication.onCreate(DocumentsApplication.java:145)
08-16 16:54:00.061 4720 4720 E StrictMode: at android.app.Instrumentation.callApplicationOnCreate(Instrumentation.java:1212)
08-16 16:54:00.061 4720 4720 E StrictMode: at android.app.ActivityThread.handleBindApplication(ActivityThread.java:6744)
08-16 16:54:00.061 4720 4720 E StrictMode: at android.app.ActivityThread.access$1500(ActivityThread.java:248)
08-16 16:54:00.061 4720 4720 E StrictMode: at android.app.ActivityThread$H.handleMessage(ActivityThread.java:2054)
08-16 16:54:00.061 4720 4720 E StrictMode: at android.os.Handler.dispatchMessage(Handler.java:106)
08-16 16:54:00.061 4720 4720 E StrictMode: at android.os.Looper.loopOnce(Looper.java:201)
08-16 16:54:00.061 4720 4720 E StrictMode: at android.os.Looper.loop(Looper.java:288)
08-16 16:54:00.061 4720 4720 E StrictMode: at android.app.ActivityThread.main(ActivityThread.java:7880)
08-16 16:54:00.061 4720 4720 E StrictMode: at java.lang.reflect.Method.invoke(Native Method)
08-16 16:54:00.061 4720 4720 E StrictMode: at com.android.internal.os.RuntimeInit$MethodAndArgsCaller.run(RuntimeInit.java:548)
08-16 16:54:00.061 4720 4720 E StrictMode: at com.android.internal.os.ZygoteInit.main(ZygoteInit.java:1009)
08-16 16:54:00.063 4720 4720 E StrictMode: Tried to access the API:ViewConfiguration which needs to have proper configuration from a non-UI Context:com.android.documentsui.DocumentsApplication@3f5be6c The API:ViewConfiguration needs a proper configuration. Use UI contexts such as an activity or a context created via createWindowContext(Display, int, Bundle) or createConfigurationContext(Configuration) with a proper configuration.
08-16 16:54:00.063 4720 4720 E StrictMode: java.lang.IllegalAccessException: Tried to access the API:ViewConfiguration which needs to have proper configuration from a non-UI Context:com.android.documentsui.DocumentsApplication@3f5be6c
08-16 16:54:00.063 4720 4720 E StrictMode: at android.os.StrictMode.assertConfigurationContext(StrictMode.java:2296)
08-16 16:54:00.063 4720 4720 E StrictMode: at android.view.ViewConfiguration.get(ViewConfiguration.java:522)
08-16 16:54:00.063 4720 4720 E StrictMode: at android.view.View.(View.java:5307)
08-16 16:54:00.063 4720 4720 E StrictMode: at android.view.View.(View.java:5452)
08-16 16:54:00.063 4720 4720 E StrictMode: at android.view.ViewGroup.(ViewGroup.java:702)
08-16 16:54:00.063 4720 4720 E StrictMode: at android.widget.LinearLayout.(LinearLayout.java:254)
08-16 16:54:00.063 4720 4720 E StrictMode: at android.widget.LinearLayout.(LinearLayout.java:250)
08-16 16:54:00.063 4720 4720 E StrictMode: at android.widget.LinearLayout.(LinearLayout.java:246)
08-16 16:54:00.063 4720 4720 E StrictMode: at java.lang.reflect.Constructor.newInstance0(Native Method)
08-16 16:54:00.063 4720 4720 E StrictMode: at java.lang.reflect.Constructor.newInstance(Constructor.java:343)
08-16 16:54:00.063 4720 4720 E StrictMode: at android.view.LayoutInflater.createView(LayoutInflater.java:858)
08-16 16:54:00.063 4720 4720 E StrictMode: at android.view.LayoutInflater.createView(LayoutInflater.java:780)
08-16 16:54:00.063 4720 4720 E StrictMode: at com.android.internal.policy.PhoneLayoutInflater.onCreateView(PhoneLayoutInflater.java:58)
08-16 16:54:00.063 4720 4720 E StrictMode: at android.view.LayoutInflater.onCreateView(LayoutInflater.java:934)
08-16 16:54:00.063 4720 4720 E StrictMode: at android.view.LayoutInflater.onCreateView(LayoutInflater.java:954)
08-16 16:54:00.063 4720 4720 E StrictMode: at android.view.LayoutInflater.createViewFromTag(LayoutInflater.java:1008)
08-16 16:54:00.063 4720 4720 E StrictMode: at android.view.LayoutInflater.createViewFromTag(LayoutInflater.java:965)
08-16 16:54:00.063 4720 4720 E StrictMode: at android.view.LayoutInflater.inflate(LayoutInflater.java:663)
08-16 16:54:00.063 4720 4720 E StrictMode: at android.view.LayoutInflater.inflate(LayoutInflater.java:538)
08-16 16:54:00.063 4720 4720 E StrictMode: at android.view.LayoutInflater.inflate(LayoutInflater.java:485)
08-16 16:54:00.063 4720 4720 E StrictMode: at com.android.documentsui.DragShadowBuilder.(DragShadowBuilder.java:49)
08-16 16:54:00.063 4720 4720 E StrictMode: at com.android.documentsui.DragAndDropManager$RuntimeDragAndDropManager.(DragAndDropManager.java:195)
08-16 16:54:00.063 4720 4720 E StrictMode: at com.android.documentsui.DragAndDropManager$RuntimeDragAndDropManager.(DragAndDropManager.java:166)
08-16 16:54:00.063 4720 4720 E StrictMode: at com.android.documentsui.DragAndDropManager.create(DragAndDropManager.java:163)
08-16 16:54:00.063 4720 4720 E StrictMode: at com.android.documentsui.DocumentsApplication.onCreate(DocumentsApplication.java:145)
08-16 16:54:00.063 4720 4720 E StrictMode: at android.app.Instrumentation.callApplicationOnCreate(Instrumentation.java:1212)
08-16 16:54:00.063 4720 4720 E StrictMode: at android.app.ActivityThread.handleBindApplication(ActivityThread.java:6744)
08-16 16:54:00.063 4720 4720 E StrictMode: at android.app.ActivityThread.access$1500(ActivityThread.java:248)
08-16 16:54:00.063 4720 4720 E StrictMode: at android.app.ActivityThread$H.handleMessage(ActivityThread.java:2054)
08-16 16:54:00.063 4720 4720 E StrictMode: at android.os.Handler.dispatchMessage(Handler.java:106)
08-16 16:54:00.063 4720 4720 E StrictMode: at android.os.Looper.loopOnce(Looper.java:201)
08-16 16:54:00.063 4720 4720 E StrictMode: at android.os.Looper.loop(Looper.java:288)
08-16 16:54:00.063 4720 4720 E StrictMode: at android.app.ActivityThread.main(ActivityThread.java:7880)
08-16 16:54:00.063 4720 4720 E StrictMode: at java.lang.reflect.Method.invoke(Native Method)
08-16 16:54:00.063 4720 4720 E StrictMode: at com.android.internal.os.RuntimeInit$MethodAndArgsCaller.run(RuntimeInit.java:548)
08-16 16:54:00.063 4720 4720 E StrictMode: at com.android.internal.os.ZygoteInit.main(ZygoteInit.java:1009)
08-16 16:54:00.063 4720 4720 E ContextImpl: Tried to access visual service WindowManager from a non-visual Context:com.android.documentsui.DocumentsApplication@3f5be6c WindowManager should be accessed from Activity or other visual Context. Use an Activity or a Context created with Context#createWindowContext(int, Bundle), which are adjusted to the configuration and visual bounds of an area on screen.
08-16 16:54:00.063 4720 4720 E ContextImpl: java.lang.IllegalAccessException: Tried to access visual service WindowManager from a non-visual Context:com.android.documentsui.DocumentsApplication@3f5be6c
08-16 16:54:00.063 4720 4720 E ContextImpl: at android.app.ContextImpl.getSystemService(ContextImpl.java:2059)
08-16 16:54:00.063 4720 4720 E ContextImpl: at android.content.ContextWrapper.getSystemService(ContextWrapper.java:857)
08-16 16:54:00.063 4720 4720 E ContextImpl: at android.content.Context.getSystemService(Context.java:3932)
08-16 16:54:00.063 4720 4720 E ContextImpl: at android.view.ViewConfiguration.(ViewConfiguration.java:436)
08-16 16:54:00.063 4720 4720 E ContextImpl: at android.view.ViewConfiguration.get(ViewConfiguration.java:529)
08-16 16:54:00.063 4720 4720 E ContextImpl: at android.view.View.(View.java:5307)
08-16 16:54:00.063 4720 4720 E ContextImpl: at android.view.View.(View.java:5452)
08-16 16:54:00.063 4720 4720 E ContextImpl: at android.view.ViewGroup.(ViewGroup.java:702)
08-16 16:54:00.063 4720 4720 E ContextImpl: at android.widget.LinearLayout.(LinearLayout.java:254)
08-16 16:54:00.063 4720 4720 E ContextImpl: at android.widget.LinearLayout.(LinearLayout.java:250)
08-16 16:54:00.063 4720 4720 E ContextImpl: at android.widget.LinearLayout.(LinearLayout.java:246)
08-16 16:54:00.063 4720 4720 E ContextImpl: at java.lang.reflect.Constructor.newInstance0(Native Method)
08-16 16:54:00.063 4720 4720 E ContextImpl: at java.lang.reflect.Constructor.newInstance(Constructor.java:343)
08-16 16:54:00.063 4720 4720 E ContextImpl: at android.view.LayoutInflater.createView(LayoutInflater.java:858)
08-16 16:54:00.063 4720 4720 E ContextImpl: at android.view.LayoutInflater.createView(LayoutInflater.java:780)
08-16 16:54:00.063 4720 4720 E ContextImpl: at com.android.internal.policy.PhoneLayoutInflater.onCreateView(PhoneLayoutInflater.java:58)
08-16 16:54:00.063 4720 4720 E ContextImpl: at android.view.LayoutInflater.onCreateView(LayoutInflater.java:934)
08-16 16:54:00.063 4720 4720 E ContextImpl: at android.view.LayoutInflater.onCreateView(LayoutInflater.java:954)
08-16 16:54:00.063 4720 4720 E ContextImpl: at android.view.LayoutInflater.createViewFromTag(LayoutInflater.java:1008)
08-16 16:54:00.063 4720 4720 E ContextImpl: at android.view.LayoutInflater.createViewFromTag(LayoutInflater.java:965)
08-16 16:54:00.063 4720 4720 E ContextImpl: at android.view.LayoutInflater.inflate(LayoutInflater.java:663)
08-16 16:54:00.063 4720 4720 E ContextImpl: at android.view.LayoutInflater.inflate(LayoutInflater.java:538)
08-16 16:54:00.063 4720 4720 E ContextImpl: at android.view.LayoutInflater.inflate(LayoutInflater.java:485)
08-16 16:54:00.063 4720 4720 E ContextImpl: at com.android.documentsui.DragShadowBuilder.(DragShadowBuilder.java:49)
08-16 16:54:00.063 4720 4720 E ContextImpl: at com.android.documentsui.DragAndDropManager$RuntimeDragAndDropManager.(DragAndDropManager.java:195)
08-16 16:54:00.063 4720 4720 E ContextImpl: at com.android.documentsui.DragAndDropManager$RuntimeDragAndDropManager.(DragAndDropManager.java:166)
08-16 16:54:00.063 4720 4720 E ContextImpl: at com.android.documentsui.DragAndDropManager.create(DragAndDropManager.java:163)
08-16 16:54:00.063 4720 4720 E ContextImpl: at com.android.documentsui.DocumentsApplication.onCreate(DocumentsApplication.java:145)
08-16 16:54:00.063 4720 4720 E ContextImpl: at android.app.Instrumentation.callApplicationOnCreate(Instrumentation.java:1212)
08-16 16:54:00.063 4720 4720 E ContextImpl: at android.app.ActivityThread.handleBindApplication(ActivityThread.java:6744)
08-16 16:54:00.063 4720 4720 E ContextImpl: at android.app.ActivityThread.access$1500(ActivityThread.java:248)
08-16 16:54:00.063 4720 4720 E ContextImpl: at android.app.ActivityThread$H.handleMessage(ActivityThread.java:2054)
08-16 16:54:00.063 4720 4720 E ContextImpl: at android.os.Handler.dispatchMessage(Handler.java:106)
08-16 16:54:00.063 4720 4720 E ContextImpl: at android.os.Looper.loopOnce(Looper.java:201)
08-16 16:54:00.063 4720 4720 E ContextImpl: at android.os.Looper.loop(Looper.java:288)
08-16 16:54:00.063 4720 4720 E ContextImpl: at android.app.ActivityThread.main(ActivityThread.java:7880)
08-16 16:54:00.063 4720 4720 E ContextImpl: at java.lang.reflect.Method.invoke(Native Method)
08-16 16:54:00.063 4720 4720 E ContextImpl: at com.android.internal.os.RuntimeInit$MethodAndArgsCaller.run(RuntimeInit.java:548)
08-16 16:54:00.063 4720 4720 E ContextImpl: at com.android.internal.os.ZygoteInit.main(ZygoteInit.java:1009)
08-16 16:54:00.068 4720 4720 E StrictMode: Tried to access the API:ViewConfiguration which needs to have proper configuration from a non-UI Context:com.android.documentsui.DocumentsApplication@3f5be6c The API:ViewConfiguration needs a proper configuration. Use UI contexts such as an activity or a context created via createWindowContext(Display, int, Bundle) or createConfigurationContext(Configuration) with a proper configuration.
08-16 16:54:00.068 4720 4720 E StrictMode: java.lang.IllegalAccessException: Tried to access the API:ViewConfiguration which needs to have proper configuration from a non-UI Context:com.android.documentsui.DocumentsApplication@3f5be6c
08-16 16:54:00.068 4720 4720 E StrictMode: at android.os.StrictMode.assertConfigurationContext(StrictMode.java:2296)
08-16 16:54:00.068 4720 4720 E StrictMode: at android.view.ViewConfiguration.get(ViewConfiguration.java:522)
08-16 16:54:00.068 4720 4720 E StrictMode: at android.view.View.(View.java:5307)
08-16 16:54:00.068 4720 4720 E StrictMode: at android.view.View.(View.java:5452)
08-16 16:54:00.068 4720 4720 E StrictMode: at android.view.ViewGroup.(ViewGroup.java:702)
08-16 16:54:00.068 4720 4720 E StrictMode: at android.widget.LinearLayout.(LinearLayout.java:254)
08-16 16:54:00.068 4720 4720 E StrictMode: at android.widget.LinearLayout.(LinearLayout.java:250)
08-16 16:54:00.068 4720 4720 E StrictMode: at android.widget.LinearLayout.(LinearLayout.java:246)
08-16 16:54:00.068 4720 4720 E StrictMode: at java.lang.reflect.Constructor.newInstance0(Native Method)
08-16 16:54:00.068 4720 4720 E StrictMode: at java.lang.reflect.Constructor.newInstance(Constructor.java:343)
08-16 16:54:00.068 4720 4720 E StrictMode: at android.view.LayoutInflater.createView(LayoutInflater.java:858)
08-16 16:54:00.068 4720 4720 E StrictMode: at android.view.LayoutInflater.createView(LayoutInflater.java:780)
08-16 16:54:00.068 4720 4720 E StrictMode: at com.android.internal.policy.PhoneLayoutInflater.onCreateView(PhoneLayoutInflater.java:58)
08-16 16:54:00.068 4720 4720 E StrictMode: at android.view.LayoutInflater.onCreateView(LayoutInflater.java:934)
08-16 16:54:00.068 4720 4720 E StrictMode: at android.view.LayoutInflater.onCreateView(LayoutInflater.java:954)
08-16 16:54:00.068 4720 4720 E StrictMode: at android.view.LayoutInflater.createViewFromTag(LayoutInflater.java:1008)
08-16 16:54:00.068 4720 4720 E StrictMode: at android.view.LayoutInflater.createViewFromTag(LayoutInflater.java:965)
08-16 16:54:00.068 4720 4720 E StrictMode: at android.view.LayoutInflater.rInflate(LayoutInflater.java:1127)
08-16 16:54:00.068 4720 4720 E StrictMode: at android.view.LayoutInflater.rInflateChildren(LayoutInflater.java:1088)
08-16 16:54:00.068 4720 4720 E StrictMode: at android.view.LayoutInflater.inflate(LayoutInflater.java:686)
08-16 16:54:00.068 4720 4720 E StrictMode: at android.view.LayoutInflater.inflate(LayoutInflater.java:538)
08-16 16:54:00.068 4720 4720 E StrictMode: at android.view.LayoutInflater.inflate(LayoutInflater.java:485)
08-16 16:54:00.068 4720 4720 E StrictMode: at com.android.documentsui.DragShadowBuilder.(DragShadowBuilder.java:49)
08-16 16:54:00.068 4720 4720 E StrictMode: at com.android.documentsui.DragAndDropManager$RuntimeDragAndDropManager.(DragAndDropManager.java:195)
08-16 16:54:00.068 4720 4720 E StrictMode: at com.android.documentsui.DragAndDropManager$RuntimeDragAndDropManager.(DragAndDropManager.java:166)
08-16 16:54:00.068 4720 4720 E StrictMode: at com.android.documentsui.DragAndDropManager.create(DragAndDropManager.java:163)
08-16 16:54:00.068 4720 4720 E StrictMode: at com.android.documentsui.DocumentsApplication.onCreate(DocumentsApplication.java:145)
