08-16 16:52:11.892 1160 1726 I UsbPortManager: USB HAL version: 12
08-16 16:52:11.894 1160 1160 V HistoricalRegistry: Interaction before persistence initialized
08-16 16:52:11.894 1160 1160 V HistoricalRegistry: Interaction before persistence initialized
08-16 16:52:11.894 1160 1160 W JobScheduler: !!! RTC not yet good; tracking time updates for job scheduling
08-16 16:52:11.895 1160 1160 D SystemServerTiming: StartJobScheduler took to complete: 17ms
08-16 16:52:11.896 1160 1160 I SystemServerTiming: StartSoundTrigger
08-16 16:52:11.896 1160 1276 D SystemServerInitThreadPool: Finished executing UsbService$Lifecycle#onStart
08-16 16:52:11.896 1160 1160 I SystemServiceManager: Starting com.android.server.soundtrigger.SoundTriggerService
08-16 16:52:11.897 1160 1276 D SystemServerTimingAsync: InitThreadPoolExec:UsbService$Lifecycle#onStart took to complete: 26ms
08-16 16:52:11.897 1160 1160 D SystemServerTiming: StartSoundTrigger took to complete: 1ms
08-16 16:52:11.897 1160 1160 I SystemServerTiming: StartTrustManager
08-16 16:52:11.897 1160 1160 I SystemServiceManager: Starting com.android.server.trust.TrustManagerService
08-16 16:52:11.901 1160 1160 D SystemServerTiming: StartTrustManager took to complete: 3ms
08-16 16:52:11.901 1160 1160 I SystemServerTiming: StartBackupManager
08-16 16:52:11.901 1160 1160 I SystemServiceManager: Starting com.android.server.backup.BackupManagerService$Lifecycle
08-16 16:52:11.903 1160 1160 D SystemServerTiming: StartBackupManager took to complete: 3ms
08-16 16:52:11.903 1160 1160 I SystemServerTiming: StartAppWidgetService
08-16 16:52:11.903 1160 1160 I SystemServiceManager: Starting com.android.server.appwidget.AppWidgetService
08-16 16:52:11.905 1160 1160 D SystemServerTiming: StartAppWidgetService took to complete: 2ms
08-16 16:52:11.906 1160 1160 I SystemServerTiming: StartVoiceRecognitionManager
08-16 16:52:11.906 1160 1160 I SystemServiceManager: Starting com.android.server.voiceinteraction.VoiceInteractionManagerService
08-16 16:52:11.906 680 680 D ZygoteInitTiming_lazy: PreloadResources took to complete: 23ms
08-16 16:52:11.912 1160 1160 D SystemServerTiming: StartVoiceRecognitionManager took to complete: 7ms
08-16 16:52:11.912 1160 1160 I SystemServerTiming: StartAppHibernationService
08-16 16:52:11.913 1160 1160 I SystemServiceManager: Starting com.android.server.apphibernation.AppHibernationService
08-16 16:52:11.915 1160 1160 D SystemServerTiming: StartAppHibernationService took to complete: 2ms
08-16 16:52:11.915 1160 1160 I SystemServerTiming: StartGestureLauncher
08-16 16:52:11.915 1160 1160 I SystemServiceManager: Starting com.android.server.GestureLauncherService
08-16 16:52:11.915 1160 1160 D SystemServerTiming: StartGestureLauncher took to complete: 0ms
08-16 16:52:11.915 1160 1160 I SystemServerTiming: StartSensorNotification
08-16 16:52:11.915 1160 1160 I SystemServiceManager: Starting com.android.server.SensorNotificationService
08-16 16:52:11.915 1160 1160 D SystemServerTiming: StartSensorNotification took to complete: 0ms
08-16 16:52:11.915 1160 1160 I SystemServerTiming: StartDiskStatsService
08-16 16:52:11.917 1160 1160 D SystemServerTiming: StartDiskStatsService took to complete: 2ms
08-16 16:52:11.917 1160 1160 I SystemServerTiming: RuntimeService
08-16 16:52:11.918 1160 1160 D SystemServerTiming: RuntimeService took to complete: 0ms
08-16 16:52:11.918 1160 1160 I SystemServerTiming: StartNetworkTimeUpdateService
08-16 16:52:11.920 1160 1160 D SystemServerTiming: StartNetworkTimeUpdateService took to complete: 1ms
08-16 16:52:11.920 1160 1160 I SystemServerTiming: CertBlacklister
08-16 16:52:11.920 1160 1160 D SystemServerTiming: CertBlacklister took to complete: 0ms
08-16 16:52:11.920 1160 1160 I SystemServerTiming: StartEmergencyAffordanceService
08-16 16:52:11.920 1160 1160 I SystemServiceManager: Starting com.android.server.emergency.EmergencyAffordanceService
08-16 16:52:11.921 1160 1160 D SystemServerTiming: StartEmergencyAffordanceService took to complete: 1ms
08-16 16:52:11.921 1160 1160 I SystemServerTiming: startBlobStoreManagerService
08-16 16:52:11.922 1160 1160 I SystemServiceManager: Starting com.android.server.blob.BlobStoreManagerService
08-16 16:52:11.924 1160 1160 D SystemServerTiming: startBlobStoreManagerService took to complete: 2ms
08-16 16:52:11.924 1160 1160 I SystemServerTiming: StartDreamManager
08-16 16:52:11.924 1160 1160 I SystemServiceManager: Starting com.android.server.dreams.DreamManagerService
08-16 16:52:11.925 1160 1160 D SystemServerTiming: StartDreamManager took to complete: 1ms
08-16 16:52:11.925 1160 1160 I SystemServerTiming: AddGraphicsStatsService
08-16 16:52:11.932 1160 1160 D SystemServerTiming: AddGraphicsStatsService took to complete: 7ms
08-16 16:52:11.933 1160 1160 I SystemServerTiming: StartPrintManager
08-16 16:52:11.933 1160 1160 I SystemServiceManager: Starting com.android.server.print.PrintManagerService
08-16 16:52:11.934 1160 1160 D SystemServerTiming: StartPrintManager took to complete: 1ms
08-16 16:52:11.934 1160 1160 I SystemServerTiming: StartCompanionDeviceManager
08-16 16:52:11.934 1160 1160 I SystemServiceManager: Starting com.android.server.companion.CompanionDeviceManagerService
08-16 16:52:11.938 1160 1160 D SystemServerTiming: StartCompanionDeviceManager took to complete: 4ms
08-16 16:52:11.938 1160 1160 I SystemServerTiming: StartRestrictionManager
08-16 16:52:11.938 1160 1160 I SystemServiceManager: Starting com.android.server.restrictions.RestrictionsManagerService
08-16 16:52:11.941 1160 1160 D SystemServerTiming: StartRestrictionManager took to complete: 2ms
08-16 16:52:11.941 1160 1160 I SystemServerTiming: StartMediaSessionService
08-16 16:52:11.941 1160 1160 I SystemServiceManager: Starting com.android.server.media.MediaSessionService
08-16 16:52:11.944 1160 1160 D SystemServerTiming: StartMediaSessionService took to complete: 3ms
08-16 16:52:11.944 1160 1160 I SystemServerTiming: StartMediaResourceMonitor
08-16 16:52:11.944 1160 1160 I SystemServiceManager: Starting com.android.server.media.MediaResourceMonitorService
08-16 16:52:11.944 1160 1160 D SystemServerTiming: StartMediaResourceMonitor took to complete: 1ms
08-16 16:52:11.945 1160 1160 I SystemServerTiming: StartMediaRouterService
08-16 16:52:11.945 1160 1160 V HistoricalRegistry: Interaction before persistence initialized
08-16 16:52:11.947 1160 1160 D SystemServerTiming: StartMediaRouterService took to complete: 3ms
08-16 16:52:11.947 1160 1160 I SystemServerTiming: StartFingerprintSensor
08-16 16:52:11.947 1160 1160 I SystemServiceManager: Starting com.android.server.biometrics.sensors.fingerprint.FingerprintService
08-16 16:52:11.948 1160 1160 D SystemServerTiming: StartFingerprintSensor took to complete: 1ms
08-16 16:52:11.948 1160 1160 I SystemServerTiming: StartBiometricService
08-16 16:52:11.948 1160 1160 I SystemServiceManager: Starting com.android.server.biometrics.BiometricService
08-16 16:52:11.952 1160 1160 D SystemServerTiming: StartBiometricService took to complete: 3ms
08-16 16:52:11.952 1160 1160 I SystemServerTiming: StartAuthService
08-16 16:52:11.952 1160 1160 I SystemServiceManager: Starting com.android.server.biometrics.AuthService
08-16 16:52:11.953 1160 1160 D AuthService: Registering HIDL ID: 0 Modality: 2 Strength: 15
08-16 16:52:11.953 1160 1160 D AuthService: Registering HIDL ID: 1 Modality: 8 Strength: 15
01-01 05:46:32.378 0 0 D cnss : MHI status cb is called with reason MISSION_MODE(6)
01-01 05:46:32.381 0 0 D cnss : Completed event: REGISTER_DRIVER(7), state: 0x10, ret: 0/0
01-01 05:46:32.381 0 0 D cnss : PM relax, state: 0x10, count: 0
01-01 05:46:32.381 0 0 D cnss : PM stay awake, state: 0x10, count: 1
01-01 05:46:32.382 0 0 D cnss : PM relax, state: 0x10, count: 0
08-16 16:52:11.959 1160 1160 E AuthService: HIDL face configuration exists, but FaceService is null.
01-01 05:46:32.394 0 0 E : [drm:dp_display_init_aux_switch][msm-dp-err][373 ]failed to register notifier (-22)
08-16 16:52:11.978 1160 1160 D SystemServerTiming: StartAuthService took to complete: 27ms
08-16 16:52:11.978 1160 1160 I SystemServerTiming: StartBackgroundDexOptService
08-16 16:52:11.978 1160 1160 W BackgroundDexOptService: SysProp pm.dexopt.downgrade_after_inactive_days not set
08-16 16:52:11.979 1160 1160 D SystemServerTiming: StartBackgroundDexOptService took to complete: 1ms
08-16 16:52:11.979 1160 1160 I SystemServerTiming: StartDynamicCodeLoggingService
08-16 16:52:11.980 1160 1160 D SystemServerTiming: StartDynamicCodeLoggingService took to complete: 0ms
08-16 16:52:11.980 1160 1160 I SystemServerTiming: StartPruneInstantAppsJobService
08-16 16:52:11.980 1160 1160 D SystemServerTiming: StartPruneInstantAppsJobService took to complete: 0ms
08-16 16:52:11.980 1160 1160 I SystemServerTiming: StartShortcutServiceLifecycle
08-16 16:52:11.980 1160 1160 I SystemServiceManager: Starting com.android.server.pm.ShortcutService$Lifecycle
08-16 16:52:11.981 1160 1160 V HistoricalRegistry: Interaction before persistence initialized
08-16 16:52:11.984 1160 1160 D SystemServerTiming: StartShortcutServiceLifecycle took to complete: 3ms
08-16 16:52:11.984 1160 1160 I SystemServerTiming: StartLauncherAppsService
08-16 16:52:11.984 1160 1160 I SystemServiceManager: Starting com.android.server.pm.LauncherAppsService
08-16 16:52:11.984 1160 1788 D BiometricService: Registering ID: 0 Modality: 2 Strength: 15
08-16 16:52:11.985 1160 1788 D BiometricStrengthController: updateStrengths: revert sensorId=0 to oemStrength=15
08-16 16:52:11.985 1160 1788 D BiometricService/Sensor: updateStrength: Before(ID(0), oemStrength: 15, updatedStrength: 15, modality 2, state: 0, cookie: 0, props: ID: 0, Strength: 2, Type: 1) After(ID(0), oemStrength: 15, updatedStrength: 15, modality 2, state: 0, cookie: 0, props: ID: 0, Strength: 2, Type: 1)
08-16 16:52:11.988 1160 1160 D SystemServerTiming: StartLauncherAppsService took to complete: 5ms
08-16 16:52:11.988 1160 1160 I SystemServerTiming: StartCrossProfileAppsService
08-16 16:52:11.988 1160 1160 I SystemServiceManager: Starting com.android.server.pm.CrossProfileAppsService
08-16 16:52:11.990 1160 1160 D SystemServerTiming: StartCrossProfileAppsService took to complete: 1ms
08-16 16:52:11.990 1160 1160 I SystemServerTiming: StartPeopleService
08-16 16:52:11.990 1160 1160 I SystemServiceManager: Starting com.android.server.people.PeopleService
08-16 16:52:11.992 1160 1160 D SystemServerTiming: StartPeopleService took to complete: 1ms
08-16 16:52:11.992 1160 1160 I SystemServerTiming: StartMediaMetricsManager
08-16 16:52:11.992 1160 1160 I SystemServiceManager: Starting com.android.server.media.metrics.MediaMetricsManagerService
08-16 16:52:11.993 1160 1160 D SystemServerTiming: StartMediaMetricsManager took to complete: 2ms
08-16 16:52:11.993 1160 1160 I SystemServerTiming: StartMediaProjectionManager
08-16 16:52:11.993 1160 1160 I SystemServiceManager: Starting com.android.server.media.projection.MediaProjectionManagerService
08-16 16:52:11.999 1160 1160 D SystemServerTiming: StartMediaProjectionManager took to complete: 6ms
08-16 16:52:11.999 1160 1160 I SystemServerTiming: StartSliceManagerService
08-16 16:52:11.999 1160 1160 I SystemServiceManager: Starting com.android.server.slice.SliceManagerService$Lifecycle
01-01 05:46:32.424 0 0 E swr-wcd rx_swr_ctrl: swrm_get_logical_dev_num: device 0xd01170224 is not ready
08-16 16:52:12.009 1160 1160 D SystemServerTiming: StartSliceManagerService took to complete: 10ms
08-16 16:52:12.009 1160 1160 I SystemServerTiming: StartStatsCompanion
01-01 05:46:32.433 0 0 E swr_get_logical_dev_num: Error -22 to get logical addr for device d01170224
01-01 05:46:32.444 0 0 E swr-wcd rx_swr_ctrl: swrm_get_logical_dev_num: device 0xd01170224 is not ready
08-16 16:52:12.022 1160 1160 I SystemServiceManager: Starting com.android.server.stats.StatsCompanion$Lifecycle
01-01 05:46:32.454 0 0 E swr_get_logical_dev_num: Error -22 to get logical addr for device d01170224
08-16 16:52:12.026 1160 1160 D SystemServerTiming: StartStatsCompanion took to complete: 17ms
08-16 16:52:12.026 1160 1160 I SystemServerTiming: StartRebootReadinessManagerService
01-01 05:46:32.468 0 0 E swr-wcd rx_swr_ctrl: swrm_get_logical_dev_num: device 0xd01170224 is not ready
08-16 16:52:12.051 1160 1160 I SystemServiceManager: Starting com.android.server.scheduling.RebootReadinessManagerService$Lifecycle
08-16 16:52:12.057 1160 1160 D SystemServerTiming: StartRebootReadinessManagerService took to complete: 30ms
08-16 16:52:12.057 1160 1160 I SystemServerTiming: StartStatsPullAtomService
08-16 16:52:12.057 1160 1160 I SystemServiceManager: Starting com.android.server.stats.pull.StatsPullAtomService
08-16 16:52:12.058 1160 1160 D SystemServerTiming: StartStatsPullAtomService took to complete: 0ms
08-16 16:52:12.058 1160 1160 I SystemServerTiming: StartIncidentCompanionService
08-16 16:52:12.058 1160 1160 I SystemServiceManager: Starting com.android.server.incident.IncidentCompanionService
08-16 16:52:12.059 1160 1160 D SystemServerTiming: StartIncidentCompanionService took to complete: 1ms
08-16 16:52:12.059 1160 1160 I SystemServerTiming: StartMmsService
08-16 16:52:12.059 1160 1160 I SystemServiceManager: Starting com.android.server.MmsServiceBroker
01-01 05:46:32.477 0 0 E swr_get_logical_dev_num: Error -22 to get logical addr for device d01170224
08-16 16:52:12.061 1160 1160 D SystemServerTiming: StartMmsService took to complete: 2ms
08-16 16:52:12.061 1160 1160 I SystemServerTiming: StartAutoFillService
08-16 16:52:12.061 1160 1160 I SystemServiceManager: Starting com.android.server.autofill.AutofillManagerService
08-16 16:52:12.063 1160 1160 D AutofillManagerService: setLogLevelFromSettings(): level=2, debug=true, verbose=false
08-16 16:52:12.063 1160 1160 D AutofillManagerService: setMaxPartitionsFromSettings(): 10
08-16 16:52:12.064 1160 1160 D AutofillManagerService: setMaxVisibleDatasetsFromSettings(): 0
08-16 16:52:12.065 1160 1265 D AutofillUI: destroySaveUiUiThread(): already destroyed
08-16 16:52:12.065 1160 1160 D AutofillManagerServiceImpl: Reset component for user 0:
08-16 16:52:12.070 1160 1160 D SystemServerTiming: StartAutoFillService took to complete: 10ms
08-16 16:52:12.070 1160 1160 D SystemServer: TranslationService not defined by OEM
08-16 16:52:12.070 1160 1160 I SystemServerTiming: StartClipboardService
08-16 16:52:12.071 1160 1160 I SystemServiceManager: Starting com.android.server.clipboard.ClipboardService
08-16 16:52:12.076 1160 1160 D SystemServerTiming: StartClipboardService took to complete: 5ms
08-16 16:52:12.076 1160 1160 I SystemServerTiming: AppServiceManager
08-16 16:52:12.076 1160 1160 I SystemServiceManager: Starting com.android.server.appbinding.AppBindingService$Lifecycle
08-16 16:52:12.077 1160 1160 D SystemServerTiming: AppServiceManager took to complete: 1ms
08-16 16:52:12.077 1790 1790 F linker : CANNOT LINK EXECUTABLE "/vendor/bin/hw/qvrservice": library "vendor.qti.hardware.qxr-V1-ndk_platform.so" not found: needed by /vendor/lib64/libqvrservice.so in namespace (default)
08-16 16:52:12.077 1160 1160 I SystemServerTiming: startTracingServiceProxy
08-16 16:52:12.078 1160 1160 I SystemServiceManager: Starting com.android.server.tracing.TracingServiceProxy
08-16 16:52:12.079 1160 1160 D SystemServerTiming: startTracingServiceProxy took to complete: 2ms
08-16 16:52:12.079 1160 1160 I SystemServerTiming: MakeLockSettingsServiceReady
01-01 05:46:32.487 0 0 E swr-wcd rx_swr_ctrl: swrm_get_logical_dev_num: device 0xd01170224 is not ready
01-01 05:46:32.497 0 0 E swr_get_logical_dev_num: Error -22 to get logical addr for device d01170224
01-01 05:46:32.506 0 0 E swr-wcd rx_swr_ctrl: swrm_get_logical_dev_num: device 0xd01170224 is not ready
08-16 16:52:12.094 1160 1160 I SyntheticPasswordManager: Device does not support weaver
01-01 05:46:32.515 0 0 E swr_get_logical_dev_num: Error -22 to get logical addr for device d01170224
01-01 05:46:32.516 0 0 D cnss : WLFW server arriving: node 7 port 1
01-01 05:46:32.523 0 0 D cnss : Posting event: SERVER_ARRIVE(0), state: 0x10 flags: 0x0
01-01 05:46:32.523 0 0 D cnss : PM stay awake, state: 0x10, count: 1
01-01 05:46:32.523 0 0 D cnss : PM relax, state: 0x10, count: 0
08-16 16:52:12.096 1160 1160 I LockSettingsService: Device doesn't implement AuthSecret HAL
08-16 16:52:12.098 1160 1160 D SystemServerTiming: MakeLockSettingsServiceReady took to complete: 18ms
08-16 16:52:12.098 1160 1160 I SystemServerTiming: StartBootPhaseLockSettingsReady
08-16 16:52:12.098 1160 1160 I SystemServiceManager: Starting phase 480
08-16 16:52:12.098 1160 1160 I SystemServerTiming: OnBootPhase_480
08-16 16:52:12.098 1160 1160 I SystemServerTiming: OnBootPhase_480_com.android.server.security.FileIntegrityService
08-16 16:52:12.098 1160 1160 D SystemServerTiming: OnBootPhase_480_com.android.server.security.FileIntegrityService took to complete: 0ms
08-16 16:52:12.098 1160 1160 I SystemServerTiming: OnBootPhase_480_com.android.server.pm.Installer
08-16 16:52:12.098 1160 1160 D SystemServerTiming: OnBootPhase_480_com.android.server.pm.Installer took to complete: 0ms
08-16 16:52:12.098 1160 1160 I SystemServerTiming: OnBootPhase_480_com.android.server.os.DeviceIdentifiersPolicyService
08-16 16:52:12.098 1160 1160 D SystemServerTiming: OnBootPhase_480_com.android.server.os.DeviceIdentifiersPolicyService took to complete: 0ms
08-16 16:52:12.098 1160 1160 I SystemServerTiming: OnBootPhase_480_com.android.server.uri.UriGrantsManagerService$Lifecycle
08-16 16:52:12.099 1160 1160 D SystemServerTiming: OnBootPhase_480_com.android.server.uri.UriGrantsManagerService$Lifecycle took to complete: 0ms
08-16 16:52:12.099 1160 1160 I SystemServerTiming: OnBootPhase_480_com.android.server.powerstats.PowerStatsService
08-16 16:52:12.099 1160 1160 D SystemServerTiming: OnBootPhase_480_com.android.server.powerstats.PowerStatsService took to complete: 0ms
08-16 16:52:12.099 1160 1160 I SystemServerTiming: OnBootPhase_480_com.android.server.wm.ActivityTaskManagerService$Lifecycle
08-16 16:52:12.099 1160 1160 D SystemServerTiming: OnBootPhase_480_com.android.server.wm.ActivityTaskManagerService$Lifecycle took to complete: 0ms
08-16 16:52:12.099 1160 1160 I SystemServerTiming: OnBootPhase_480_com.android.server.am.ActivityManagerService$Lifecycle
01-01 05:46:32.524 0 0 D cnss : PM stay awake, state: 0x10, count: 1
08-16 16:52:12.099 1160 1160 D SystemServerTiming: OnBootPhase_480_com.android.server.am.ActivityManagerService$Lifecycle took to complete: 0ms
08-16 16:52:12.099 1160 1160 I SystemServerTiming: OnBootPhase_480_com.android.server.pm.DataLoaderManagerService
01-01 05:46:32.524 0 0 D cnss : Processing driver event: SERVER_ARRIVE(0), state: 0x10
08-16 16:52:12.099 1160 1160 D SystemServerTiming: OnBootPhase_480_com.android.server.pm.DataLoaderManagerService took to complete: 0ms
08-16 16:52:12.099 1160 1160 I SystemServerTiming: OnBootPhase_480_com.android.server.power.PowerManagerService
01-01 05:46:32.524 0 0 I cnss : QMI WLFW service connected, state: 0x11
01-01 05:46:32.524 0 0 D cnss : Sending indication register message, state: 0x11
08-16 16:52:12.099 1160 1160 D SystemServerTiming: OnBootPhase_480_com.android.server.power.PowerManagerService took to complete: 0ms
08-16 16:52:12.099 1160 1160 I SystemServerTiming: OnBootPhase_480_com.android.server.power.ThermalManagerService
08-16 16:52:12.099 1160 1160 D SystemServerTiming: OnBootPhase_480_com.android.server.power.ThermalManagerService took to complete: 0ms
08-16 16:52:12.099 1160 1160 I SystemServerTiming: OnBootPhase_480_com.android.server.power.hint.HintManagerService
08-16 16:52:12.100 1160 1160 D SystemServerTiming: OnBootPhase_480_com.android.server.power.hint.HintManagerService took to complete: 0ms
08-16 16:52:12.100 1160 1160 I SystemServerTiming: OnBootPhase_480_com.android.server.recoverysystem.RecoverySystemService$Lifecycle
08-16 16:52:12.100 1160 1160 D SystemServerTiming: OnBootPhase_480_com.android.server.recoverysystem.RecoverySystemService$Lifecycle took to complete: 0ms
08-16 16:52:12.100 1160 1160 I SystemServerTiming: OnBootPhase_480_com.android.server.lights.LightsService
08-16 16:52:12.100 1160 1160 D SystemServerTiming: OnBootPhase_480_com.android.server.lights.LightsService took to complete: 0ms
08-16 16:52:12.100 1160 1160 I SystemServerTiming: OnBootPhase_480_com.android.server.display.DisplayManagerService
08-16 16:52:12.100 1160 1160 D SystemServerTiming: OnBootPhase_480_com.android.server.display.DisplayManagerService took to complete: 0ms
08-16 16:52:12.100 1160 1160 I SystemServerTiming: OnBootPhase_480_com.android.server.pm.verify.domain.DomainVerificationService
08-16 16:52:12.100 1160 1160 D SystemServerTiming: OnBootPhase_480_com.android.server.pm.verify.domain.DomainVerificationService took to complete: 0ms
08-16 16:52:12.100 1160 1160 I SystemServerTiming: OnBootPhase_480_com.android.server.pm.PackageInstallerService$Lifecycle
08-16 16:52:12.100 1160 1160 D SystemServerTiming: OnBootPhase_480_com.android.server.pm.PackageInstallerService$Lifecycle took to complete: 0ms
08-16 16:52:12.100 1160 1160 I SystemServerTiming: OnBootPhase_480_com.android.server.pm.UserManagerService$LifeCycle
08-16 16:52:12.100 1160 1160 D SystemServerTiming: OnBootPhase_480_com.android.server.pm.UserManagerService$LifeCycle took to complete: 0ms
08-16 16:52:12.101 1160 1160 I SystemServerTiming: OnBootPhase_480_com.android.server.om.OverlayManagerService
08-16 16:52:12.101 1160 1160 D SystemServerTiming: OnBootPhase_480_com.android.server.om.OverlayManagerService took to complete: 0ms
08-16 16:52:12.101 1160 1160 I SystemServerTiming: OnBootPhase_480_com.android.server.SensorPrivacyService
08-16 16:52:12.101 1160 1160 D SystemServerTiming: OnBootPhase_480_com.android.server.SensorPrivacyService took to complete: 0ms
08-16 16:52:12.101 1160 1160 I SystemServerTiming: OnBootPhase_480_com.android.server.sensors.SensorService
08-16 16:52:12.101 1160 1160 D SystemServerTiming: OnBootPhase_480_com.android.server.sensors.SensorService took to complete: 0ms
08-16 16:52:12.101 1160 1160 I SystemServerTiming: OnBootPhase_480_com.android.server.SystemConfigService
08-16 16:52:12.101 1160 1160 D SystemServerTiming: OnBootPhase_480_com.android.server.SystemConfigService took to complete: 0ms
08-16 16:52:12.101 1160 1160 I SystemServerTiming: OnBootPhase_480_com.android.server.BatteryService
08-16 16:52:12.101 1160 1160 D SystemServerTiming: OnBootPhase_480_com.android.server.BatteryService took to complete: 0ms
08-16 16:52:12.101 1160 1160 I SystemServerTiming: OnBootPhase_480_com.android.server.usage.UsageStatsService
08-16 16:52:12.101 1160 1160 D SystemServerTiming: OnBootPhase_480_com.android.server.usage.UsageStatsService took to complete: 0ms
08-16 16:52:12.101 1160 1160 I SystemServerTiming: OnBootPhase_480_com.android.server.webkit.WebViewUpdateService
08-16 16:52:12.101 1160 1160 D SystemServerTiming: OnBootPhase_480_com.android.server.webkit.WebViewUpdateService took to complete: 0ms
08-16 16:52:12.101 1160 1160 I SystemServerTiming: OnBootPhase_480_com.android.server.CachedDeviceStateService
08-16 16:52:12.101 1160 1160 D SystemServerTiming: OnBootPhase_480_com.android.server.CachedDeviceStateService took to complete: 0ms
08-16 16:52:12.102 1160 1160 I SystemServerTiming: OnBootPhase_480_com.android.server.BinderCallsStatsService$LifeCycle
08-16 16:52:12.102 1160 1160 D SystemServerTiming: OnBootPhase_480_com.android.server.BinderCallsStatsService$LifeCycle took to complete: 0ms
08-16 16:52:12.102 1160 1160 I SystemServerTiming: OnBootPhase_480_com.android.server.LooperStatsService$Lifecycle
08-16 16:52:12.102 1160 1160 D SystemServerTiming: OnBootPhase_480_com.android.server.LooperStatsService$Lifecycle took to complete: 0ms
08-16 16:52:12.102 1160 1160 I SystemServerTiming: OnBootPhase_480_com.android.server.rollback.RollbackManagerService
08-16 16:52:12.102 1160 1160 D SystemServerTiming: OnBootPhase_480_com.android.server.rollback.RollbackManagerService took to complete: 0ms
08-16 16:52:12.102 1160 1160 I SystemServerTiming: OnBootPhase_480_com.android.server.os.NativeTombstoneManagerService
08-16 16:52:12.102 1160 1160 D SystemServerTiming: OnBootPhase_480_com.android.server.os.NativeTombstoneManagerService took to complete: 0ms
08-16 16:52:12.102 1160 1160 I SystemServerTiming: OnBootPhase_480_com.android.server.os.BugreportManagerService
08-16 16:52:12.102 1160 1160 D SystemServerTiming: OnBootPhase_480_com.android.server.os.BugreportManagerService took to complete: 0ms
08-16 16:52:12.102 1160 1160 I SystemServerTiming: OnBootPhase_480_com.android.server.gpu.GpuService
08-16 16:52:12.102 1160 1160 D SystemServerTiming: OnBootPhase_480_com.android.server.gpu.GpuService took to complete: 0ms
08-16 16:52:12.102 1160 1160 I SystemServerTiming: OnBootPhase_480_com.android.server.security.KeyChainSystemService
08-16 16:52:12.102 1160 1160 D SystemServerTiming: OnBootPhase_480_com.android.server.security.KeyChainSystemService took to complete: 0ms
08-16 16:52:12.102 1160 1160 I SystemServerTiming: OnBootPhase_480_com.android.server.telecom.TelecomLoaderService
08-16 16:52:12.102 1160 1160 D SystemServerTiming: OnBootPhase_480_com.android.server.telecom.TelecomLoaderService took to complete: 0ms
08-16 16:52:12.103 1160 1160 I SystemServerTiming: OnBootPhase_480_com.android.server.accounts.AccountManagerService$Lifecycle
08-16 16:52:12.103 1160 1160 D SystemServerTiming: OnBootPhase_480_com.android.server.accounts.AccountManagerService$Lifecycle took to complete: 0ms
08-16 16:52:12.103 1160 1160 I SystemServerTiming: OnBootPhase_480_com.android.server.content.ContentService$Lifecycle
08-16 16:52:12.103 1160 1160 D SystemServerTiming: OnBootPhase_480_com.android.server.content.ContentService$Lifecycle took to complete: 0ms
08-16 16:52:12.103 1160 1160 I SystemServerTiming: OnBootPhase_480_com.android.server.DropBoxManagerService
08-16 16:52:12.103 1160 1160 D SystemServerTiming: OnBootPhase_480_com.android.server.DropBoxManagerService took to complete: 0ms
08-16 16:52:12.103 1160 1160 I SystemServerTiming: OnBootPhase_480_com.android.role.RoleService
08-16 16:52:12.103 1160 1160 D SystemServerTiming: OnBootPhase_480_com.android.role.RoleService took to complete: 0ms
08-16 16:52:12.103 1160 1160 I SystemServerTiming: OnBootPhase_480_com.android.server.vibrator.VibratorManagerService$Lifecycle
08-16 16:52:12.103 1160 1160 D SystemServerTiming: OnBootPhase_480_com.android.server.vibrator.VibratorManagerService$Lifecycle took to complete: 0ms
08-16 16:52:12.103 1160 1160 I SystemServerTiming: OnBootPhase_480_com.android.server.alarm.AlarmManagerService
08-16 16:52:12.103 1160 1160 D SystemServerTiming: OnBootPhase_480_com.android.server.alarm.AlarmManagerService took to complete: 0ms
08-16 16:52:12.103 1160 1160 I SystemServerTiming: OnBootPhase_480_com.android.server.devicestate.DeviceStateManagerService
08-16 16:52:12.103 1160 1160 D SystemServerTiming: OnBootPhase_480_com.android.server.devicestate.DeviceStateManagerService took to complete: 0ms
08-16 16:52:12.103 1160 1160 I SystemServerTiming: OnBootPhase_480_com.android.server.camera.CameraServiceProxy
08-16 16:52:12.103 1160 1160 D SystemServerTiming: OnBootPhase_480_com.android.server.camera.CameraServiceProxy took to complete: 0ms
08-16 16:52:12.103 1160 1160 I SystemServerTiming: OnBootPhase_480_com.android.server.BluetoothService
08-16 16:52:12.104 1160 1160 D SystemServerTiming: OnBootPhase_480_com.android.server.BluetoothService took to complete: 0ms
08-16 16:52:12.104 1160 1160 I SystemServerTiming: OnBootPhase_480_com.android.server.connectivity.IpConnectivityMetrics
08-16 16:52:12.104 1160 1160 D SystemServerTiming: OnBootPhase_480_com.android.server.connectivity.IpConnectivityMetrics took to complete: 0ms
08-16 16:52:12.104 1160 1160 I SystemServerTiming: OnBootPhase_480_com.android.server.net.watchlist.NetworkWatchlistService$Lifecycle
08-16 16:52:12.104 1160 1160 D SystemServerTiming: OnBootPhase_480_com.android.server.net.watchlist.NetworkWatchlistService$Lifecycle took to complete: 0ms
08-16 16:52:12.104 1160 1160 I SystemServerTiming: OnBootPhase_480_com.android.server.PinnerService
08-16 16:52:12.104 1160 1160 D SystemServerTiming: OnBootPhase_480_com.android.server.PinnerService took to complete: 0ms
08-16 16:52:12.104 1160 1160 I SystemServerTiming: OnBootPhase_480_com.google.android.startop.iorap.IorapForwardingService
08-16 16:52:12.104 1160 1160 D SystemServerTiming: OnBootPhase_480_com.google.android.startop.iorap.IorapForwardingService took to complete: 0ms
08-16 16:52:12.104 1160 1160 I SystemServerTiming: OnBootPhase_480_com.android.server.ActivityTriggerService
08-16 16:52:12.104 1160 1160 D SystemServerTiming: OnBootPhase_480_com.android.server.ActivityTriggerService took to complete: 0ms
01-01 05:46:32.531 0 0 D cnss : Sending host capability message, state: 0x11
01-01 05:46:32.531 0 0 D cnss : Number of clients is 2
01-01 05:46:32.531 0 0 D cnss : Assign MSI to user: WAKE, num_vectors: 1, user_base_data: 813, base_vector: 13
01-01 05:46:32.531 0 0 D cnss : WAKE MSI base data is 813
01-01 05:46:32.531 0 0 D cnss : Calibration done is 1
01-01 05:46:32.531 0 0 D cnss : Sending iova starting 0xa0000000 with size 0x10010000
01-01 05:46:32.532 0 0 E wcd938x_codec wcd938x-codec: wcd938x_bind: Slave bind failed, ret = -517
01-01 05:46:32.538 0 0 D cnss : PM relax, state: 0x11, count: 0
01-01 05:46:32.542 0 0 E : [drm:dp_display_init_aux_switch][msm-dp-err][373 ]failed to register notifier (-22)
08-16 16:52:12.104 1160 1160 I SystemServerTiming: OnBootPhase_480_com.android.server.integrity.AppIntegrityManagerService
08-16 16:52:12.104 1160 1160 D SystemServerTiming: OnBootPhase_480_com.android.server.integrity.AppIntegrityManagerService took to complete: 0ms
08-16 16:52:12.104 1160 1160 I SystemServerTiming: OnBootPhase_480_com.android.server.inputmethod.InputMethodManagerService$Lifecycle
08-16 16:52:12.104 1160 1160 D SystemServerTiming: OnBootPhase_480_com.android.server.inputmethod.InputMethodManagerService$Lifecycle took to complete: 0ms
08-16 16:52:12.105 1160 1160 I SystemServerTiming: OnBootPhase_480_com.android.server.accessibility.AccessibilityManagerService$Lifecycle
08-16 16:52:12.105 1160 1160 D SystemServerTiming: OnBootPhase_480_com.android.server.accessibility.AccessibilityManagerService$Lifecycle took to complete: 0ms
08-16 16:52:12.105 1160 1160 I SystemServerTiming: OnBootPhase_480_com.android.server.StorageManagerService$Lifecycle
08-16 16:52:12.105 1160 1160 D SystemServerTiming: OnBootPhase_480_com.android.server.StorageManagerService$Lifecycle took to complete: 0ms
08-16 16:52:12.105 1160 1160 I SystemServerTiming: OnBootPhase_480_com.android.server.usage.StorageStatsService$Lifecycle
08-16 16:52:12.105 1160 1160 D SystemServerTiming: OnBootPhase_480_com.android.server.usage.StorageStatsService$Lifecycle took to complete: 0ms
08-16 16:52:12.105 1160 1160 I SystemServerTiming: OnBootPhase_480_com.android.server.UiModeManagerService
08-16 16:52:12.105 1160 1160 D SystemServerTiming: OnBootPhase_480_com.android.server.UiModeManagerService took to complete: 0ms
08-16 16:52:12.105 1160 1160 I SystemServerTiming: OnBootPhase_480_com.android.server.locksettings.LockSettingsService$Lifecycle
08-16 16:52:12.105 1160 1160 D SystemServerTiming: OnBootPhase_480_com.android.server.locksettings.LockSettingsService$Lifecycle took to complete: 0ms
08-16 16:52:12.105 1160 1160 I SystemServerTiming: OnBootPhase_480_com.android.server.PersistentDataBlockService
08-16 16:52:12.105 1160 1160 D SystemServerTiming: OnBootPhase_480_com.android.server.PersistentDataBlockService took to complete: 0ms
08-16 16:52:12.105 1160 1160 I SystemServerTiming: OnBootPhase_480_com.android.server.testharness.TestHarnessModeService
08-16 16:52:12.105 1160 1160 D SystemServerTiming: OnBootPhase_480_com.android.server.testharness.TestHarnessModeService took to complete: 0ms
08-16 16:52:12.105 1160 1160 I SystemServerTiming: OnBootPhase_480_com.android.server.oemlock.OemLockService
08-16 16:52:12.105 1160 1160 D SystemServerTiming: OnBootPhase_480_com.android.server.oemlock.OemLockService took to complete: 0ms
08-16 16:52:12.106 1160 1160 I SystemServerTiming: OnBootPhase_480_com.android.server.DeviceIdleController
08-16 16:52:12.106 1160 1160 D SystemServerTiming: OnBootPhase_480_com.android.server.DeviceIdleController took to complete: 0ms
08-16 16:52:12.106 1160 1160 I SystemServerTiming: OnBootPhase_480_com.android.server.devicepolicy.DevicePolicyManagerService$Lifecycle
08-16 16:52:12.111 1802 1802 F linker : CANNOT LINK EXECUTABLE "/vendor/bin/hw/sxrservice": library "vendor.qti.hardware.qxr-V1-ndk_platform.so" not found: needed by main executable
08-16 16:52:12.114 1160 1160 I DevicePolicyManager: Current version 2, latest version 2, not upgrading.
08-16 16:52:12.124 1160 1160 D SystemServerTiming: OnBootPhase_480_com.android.server.devicepolicy.DevicePolicyManagerService$Lifecycle took to complete: 19ms
08-16 16:52:12.124 1160 1160 I SystemServerTiming: OnBootPhase_480_com.android.server.texttospeech.TextToSpeechManagerService
08-16 16:52:12.124 1160 1160 D SystemServerTiming: OnBootPhase_480_com.android.server.texttospeech.TextToSpeechManagerService took to complete: 0ms
08-16 16:52:12.125 1160 1160 I SystemServerTiming: OnBootPhase_480_com.android.server.speech.SpeechRecognitionManagerService
08-16 16:52:12.125 1160 1160 D SystemServerTiming: OnBootPhase_480_com.android.server.speech.SpeechRecognitionManagerService took to complete: 0ms
08-16 16:52:12.125 1160 1160 I SystemServerTiming: OnBootPhase_480_com.android.server.searchui.SearchUiManagerService
08-16 16:52:12.125 1160 1160 D SystemServerTiming: OnBootPhase_480_com.android.server.searchui.SearchUiManagerService took to complete: 0ms
08-16 16:52:12.125 1160 1160 I SystemServerTiming: OnBootPhase_480_com.android.server.smartspace.SmartspaceManagerService
08-16 16:52:12.125 1160 1160 D SystemServerTiming: OnBootPhase_480_com.android.server.smartspace.SmartspaceManagerService took to complete: 0ms
08-16 16:52:12.125 1160 1160 I SystemServerTiming: OnBootPhase_480_com.android.server.graphics.fonts.FontManagerService$Lifecycle
08-16 16:52:12.125 1160 1160 D SystemServerTiming: OnBootPhase_480_com.android.server.graphics.fonts.FontManagerService$Lifecycle took to complete: 0ms
08-16 16:52:12.126 1160 1160 I SystemServerTiming: OnBootPhase_480_com.android.server.textservices.TextServicesManagerService$Lifecycle
08-16 16:52:12.126 1160 1160 D SystemServerTiming: OnBootPhase_480_com.android.server.textservices.TextServicesManagerService$Lifecycle took to complete: 0ms
08-16 16:52:12.126 1160 1160 I SystemServerTiming: OnBootPhase_480_com.android.server.textclassifier.TextClassificationManagerService$Lifecycle
08-16 16:52:12.126 1160 1160 D SystemServerTiming: OnBootPhase_480_com.android.server.textclassifier.TextClassificationManagerService$Lifecycle took to complete: 0ms
08-16 16:52:12.126 1160 1696 I SystemServerTimingAsync: InitThreadPoolExec:DevicePolicyManager
08-16 16:52:12.126 1160 1696 D SystemServerInitThreadPool: Started executing DevicePolicyManager
08-16 16:52:12.127 1160 1160 I SystemServerTiming: OnBootPhase_480_com.android.server.NetworkScoreService$Lifecycle
08-16 16:52:12.127 1160 1160 D SystemServerTiming: OnBootPhase_480_com.android.server.NetworkScoreService$Lifecycle took to complete: 0ms
08-16 16:52:12.127 1160 1160 I SystemServerTiming: OnBootPhase_480_com.android.server.wifi.WifiService
08-16 16:52:12.127 1160 1160 D SystemServerTiming: OnBootPhase_480_com.android.server.wifi.WifiService took to complete: 0ms
08-16 16:52:12.127 1160 1160 I SystemServerTiming: OnBootPhase_480_com.android.server.wifi.scanner.WifiScanningService
08-16 16:52:12.127 1160 1160 D SystemServerTiming: OnBootPhase_480_com.android.server.wifi.scanner.WifiScanningService took to complete: 0ms
08-16 16:52:12.127 1160 1160 I SystemServerTiming: OnBootPhase_480_com.android.server.wifi.rtt.RttService
08-16 16:52:12.128 1160 1160 D SystemServerTiming: OnBootPhase_480_com.android.server.wifi.rtt.RttService took to complete: 0ms
08-16 16:52:12.128 1160 1696 D SystemServerInitThreadPool: Finished executing DevicePolicyManager
08-16 16:52:12.128 1160 1696 D SystemServerTimingAsync: InitThreadPoolExec:DevicePolicyManager took to complete: 2ms
08-16 16:52:12.128 1160 1160 I SystemServerTiming: OnBootPhase_480_com.android.server.wifi.aware.WifiAwareService
08-16 16:52:12.128 1160 1160 D SystemServerTiming: OnBootPhase_480_com.android.server.wifi.aware.WifiAwareService took to complete: 0ms
08-16 16:52:12.129 1160 1160 I SystemServerTiming: OnBootPhase_480_com.android.server.wifi.p2p.WifiP2pService
08-16 16:52:12.129 1160 1160 D SystemServerTiming: OnBootPhase_480_com.android.server.wifi.p2p.WifiP2pService took to complete: 0ms
08-16 16:52:12.129 1160 1160 I SystemServerTiming: OnBootPhase_480_com.android.server.ethernet.EthernetService
08-16 16:52:12.129 1160 1160 D SystemServerTiming: OnBootPhase_480_com.android.server.ethernet.EthernetService took to complete: 0ms
08-16 16:52:12.129 1160 1160 I SystemServerTiming: OnBootPhase_480_com.android.server.ConnectivityServiceInitializer
08-16 16:52:12.129 1160 1160 D SystemServerTiming: OnBootPhase_480_com.android.server.ConnectivityServiceInitializer took to complete: 0ms
08-16 16:52:12.130 1160 1160 I SystemServerTiming: OnBootPhase_480_com.android.server.notification.NotificationManagerService
08-16 16:52:12.130 1160 1160 D SystemServerTiming: OnBootPhase_480_com.android.server.notification.NotificationManagerService took to complete: 0ms
08-16 16:52:12.131 1160 1160 I SystemServerTiming: OnBootPhase_480_com.android.server.storage.DeviceStorageMonitorService
08-16 16:52:12.131 1160 1160 D SystemServerTiming: OnBootPhase_480_com.android.server.storage.DeviceStorageMonitorService took to complete: 0ms
08-16 16:52:12.131 1160 1160 I SystemServerTiming: OnBootPhase_480_com.android.server.location.LocationManagerService$Lifecycle
08-16 16:52:12.131 1160 1160 D SystemServerTiming: OnBootPhase_480_com.android.server.location.LocationManagerService$Lifecycle took to complete: 0ms
08-16 16:52:12.131 1160 1160 I SystemServerTiming: OnBootPhase_480_com.android.server.timedetector.TimeDetectorService$Lifecycle
08-16 16:52:12.131 1160 1160 D SystemServerTiming: OnBootPhase_480_com.android.server.timedetector.TimeDetectorService$Lifecycle took to complete: 0ms
08-16 16:52:12.132 1160 1160 I SystemServerTiming: OnBootPhase_480_com.android.server.timezonedetector.TimeZoneDetectorService$Lifecycle
08-16 16:52:12.132 1160 1160 D SystemServerTiming: OnBootPhase_480_com.android.server.timezonedetector.TimeZoneDetectorService$Lifecycle took to complete: 0ms
08-16 16:52:12.132 1160 1160 I SystemServerTiming: OnBootPhase_480_com.android.server.timezonedetector.location.LocationTimeZoneManagerService$Lifecycle
08-16 16:52:12.132 1160 1160 D SystemServerTiming: OnBootPhase_480_com.android.server.timezonedetector.location.LocationTimeZoneManagerService$Lifecycle took to complete: 0ms
08-16 16:52:12.132 1160 1160 I SystemServerTiming: OnBootPhase_480_com.android.server.search.SearchManagerService$Lifecycle
08-16 16:52:12.132 1160 1160 D SystemServerTiming: OnBootPhase_480_com.android.server.search.SearchManagerService$Lifecycle took to complete: 0ms
08-16 16:52:12.132 1160 1160 I SystemServerTiming: OnBootPhase_480_com.android.server.wallpaper.WallpaperManagerService$Lifecycle
08-16 16:52:12.132 1160 1160 D SystemServerTiming: OnBootPhase_480_com.android.server.wallpaper.WallpaperManagerService$Lifecycle took to complete: 0ms
08-16 16:52:12.132 1160 1160 I SystemServerTiming: OnBootPhase_480_com.android.server.audio.AudioService$Lifecycle
08-16 16:52:12.132 1160 1160 D SystemServerTiming: OnBootPhase_480_com.android.server.audio.AudioService$Lifecycle took to complete: 0ms
08-16 16:52:12.133 1160 1160 I SystemServerTiming: OnBootPhase_480_com.android.server.soundtrigger_middleware.SoundTriggerMiddlewareService$Lifecycle
08-16 16:52:12.133 1160 1160 D SystemServerTiming: OnBootPhase_480_com.android.server.soundtrigger_middleware.SoundTriggerMiddlewareService$Lifecycle took to complete: 0ms
08-16 16:52:12.133 1160 1160 I SystemServerTiming: OnBootPhase_480_com.android.server.DockObserver
08-16 16:52:12.133 1160 1160 D SystemServerTiming: OnBootPhase_480_com.android.server.DockObserver took to complete: 0ms
08-16 16:52:12.133 1160 1160 I SystemServerTiming: OnBootPhase_480_com.android.server.midi.MidiService$Lifecycle
08-16 16:52:12.133 1160 1160 D SystemServerTiming: OnBootPhase_480_com.android.server.midi.MidiService$Lifecycle took to complete: 0ms
08-16 16:52:12.133 1160 1160 I SystemServerTiming: OnBootPhase_480_com.android.server.adb.AdbService$Lifecycle
08-16 16:52:12.133 1160 1160 D SystemServerTiming: OnBootPhase_480_com.android.server.adb.AdbService$Lifecycle took to complete: 0ms
08-16 16:52:12.133 1160 1160 I SystemServerTiming: OnBootPhase_480_com.android.server.usb.UsbService$Lifecycle
08-16 16:52:12.133 1160 1160 D SystemServerTiming: OnBootPhase_480_com.android.server.usb.UsbService$Lifecycle took to complete: 0ms
08-16 16:52:12.134 1160 1160 I SystemServerTiming: OnBootPhase_480_com.android.server.twilight.TwilightService
08-16 16:52:12.134 1160 1160 D SystemServerTiming: OnBootPhase_480_com.android.server.twilight.TwilightService took to complete: 0ms
08-16 16:52:12.134 1160 1160 I SystemServerTiming: OnBootPhase_480_com.android.server.display.color.ColorDisplayService
08-16 16:52:12.134 1160 1160 D SystemServerTiming: OnBootPhase_480_com.android.server.display.color.ColorDisplayService took to complete: 0ms
08-16 16:52:12.134 1160 1160 I SystemServerTiming: OnBootPhase_480_com.android.server.job.JobSchedulerService
08-16 16:52:12.134 1160 1160 D SystemServerTiming: OnBootPhase_480_com.android.server.job.JobSchedulerService took to complete: 0ms
08-16 16:52:12.134 1160 1160 I SystemServerTiming: OnBootPhase_480_com.android.server.soundtrigger.SoundTriggerService
08-16 16:52:12.134 1160 1160 D SoundTriggerService: onBootPhase: 480 : false
08-16 16:52:12.134 1160 1160 D SystemServerTiming: OnBootPhase_480_com.android.server.soundtrigger.SoundTriggerService took to complete: 0ms
08-16 16:52:12.135 1160 1160 I SystemServerTiming: OnBootPhase_480_com.android.server.trust.TrustManagerService
08-16 16:52:12.135 1160 1160 D SystemServerTiming: OnBootPhase_480_com.android.server.trust.TrustManagerService took to complete: 0ms
08-16 16:52:12.135 1160 1160 I SystemServerTiming: OnBootPhase_480_com.android.server.backup.BackupManagerService$Lifecycle
08-16 16:52:12.135 1160 1160 D SystemServerTiming: OnBootPhase_480_com.android.server.backup.BackupManagerService$Lifecycle took to complete: 0ms
08-16 16:52:12.135 1160 1160 I SystemServerTiming: OnBootPhase_480_com.android.server.appwidget.AppWidgetService
08-16 16:52:12.135 1160 1160 D SystemServerTiming: OnBootPhase_480_com.android.server.appwidget.AppWidgetService took to complete: 0ms
08-16 16:52:12.135 1160 1160 I SystemServerTiming: OnBootPhase_480_com.android.server.voiceinteraction.VoiceInteractionManagerService
08-16 16:52:12.135 1160 1160 D SystemServerTiming: OnBootPhase_480_com.android.server.voiceinteraction.VoiceInteractionManagerService took to complete: 0ms
08-16 16:52:12.135 1160 1160 I SystemServerTiming: OnBootPhase_480_com.android.server.apphibernation.AppHibernationService
08-16 16:52:12.136 1160 1160 D SystemServerTiming: OnBootPhase_480_com.android.server.apphibernation.AppHibernationService took to complete: 0ms
08-16 16:52:12.136 1160 1160 I SystemServerTiming: OnBootPhase_480_com.android.server.GestureLauncherService
08-16 16:52:12.136 1160 1160 D SystemServerTiming: OnBootPhase_480_com.android.server.GestureLauncherService took to complete: 0ms
08-16 16:52:12.136 1160 1160 I SystemServerTiming: OnBootPhase_480_com.android.server.SensorNotificationService
08-16 16:52:12.136 1160 1160 D SystemServerTiming: OnBootPhase_480_com.android.server.SensorNotificationService took to complete: 0ms
08-16 16:52:12.136 1160 1160 I SystemServerTiming: OnBootPhase_480_com.android.server.emergency.EmergencyAffordanceService
08-16 16:52:12.137 1160 1160 D SystemServerTiming: OnBootPhase_480_com.android.server.emergency.EmergencyAffordanceService took to complete: 0ms
08-16 16:52:12.137 1160 1160 I SystemServerTiming: OnBootPhase_480_com.android.server.blob.BlobStoreManagerService
08-16 16:52:12.137 1160 1160 D SystemServerTiming: OnBootPhase_480_com.android.server.blob.BlobStoreManagerService took to complete: 0ms
08-16 16:52:12.137 1160 1160 I SystemServerTiming: OnBootPhase_480_com.android.server.dreams.DreamManagerService
08-16 16:52:12.137 1160 1160 D SystemServerTiming: OnBootPhase_480_com.android.server.dreams.DreamManagerService took to complete: 0ms
08-16 16:52:12.137 1160 1160 I SystemServerTiming: OnBootPhase_480_com.android.server.print.PrintManagerService
08-16 16:52:12.137 1160 1160 D SystemServerTiming: OnBootPhase_480_com.android.server.print.PrintManagerService took to complete: 0ms
08-16 16:52:12.138 1160 1160 I SystemServerTiming: OnBootPhase_480_com.android.server.companion.CompanionDeviceManagerService
08-16 16:52:12.138 1160 1160 D SystemServerTiming: OnBootPhase_480_com.android.server.companion.CompanionDeviceManagerService took to complete: 0ms
08-16 16:52:12.138 1160 1160 I SystemServerTiming: OnBootPhase_480_com.android.server.restrictions.RestrictionsManagerService
08-16 16:52:12.138 1160 1160 D SystemServerTiming: OnBootPhase_480_com.android.server.restrictions.RestrictionsManagerService took to complete: 0ms
08-16 16:52:12.138 1160 1160 I SystemServerTiming: OnBootPhase_480_com.android.server.media.MediaSessionService
08-16 16:52:12.139 1160 1160 D SystemServerTiming: OnBootPhase_480_com.android.server.media.MediaSessionService took to complete: 0ms
08-16 16:52:12.139 1160 1160 I SystemServerTiming: OnBootPhase_480_com.android.server.media.MediaResourceMonitorService
08-16 16:52:12.139 1160 1160 D SystemServerTiming: OnBootPhase_480_com.android.server.media.MediaResourceMonitorService took to complete: 0ms
08-16 16:52:12.139 1160 1160 I SystemServerTiming: OnBootPhase_480_com.android.server.biometrics.sensors.fingerprint.FingerprintService
08-16 16:52:12.139 1160 1160 D SystemServerTiming: OnBootPhase_480_com.android.server.biometrics.sensors.fingerprint.FingerprintService took to complete: 0ms
08-16 16:52:12.139 1160 1160 I SystemServerTiming: OnBootPhase_480_com.android.server.biometrics.BiometricService
08-16 16:52:12.139 1160 1160 D SystemServerTiming: OnBootPhase_480_com.android.server.biometrics.BiometricService took to complete: 0ms
08-16 16:52:12.139 1160 1160 I SystemServerTiming: OnBootPhase_480_com.android.server.biometrics.AuthService
08-16 16:52:12.139 1160 1160 D SystemServerTiming: OnBootPhase_480_com.android.server.biometrics.AuthService took to complete: 0ms
08-16 16:52:12.140 1160 1160 I SystemServerTiming: OnBootPhase_480_com.android.server.pm.ShortcutService$Lifecycle
08-16 16:52:12.144 1160 1160 D SystemServerTiming: OnBootPhase_480_com.android.server.pm.ShortcutService$Lifecycle took to complete: 5ms
08-16 16:52:12.145 1160 1160 I SystemServerTiming: OnBootPhase_480_com.android.server.pm.LauncherAppsService
08-16 16:52:12.145 1160 1160 D SystemServerTiming: OnBootPhase_480_com.android.server.pm.LauncherAppsService took to complete: 0ms
08-16 16:52:12.145 1160 1160 I SystemServerTiming: OnBootPhase_480_com.android.server.pm.CrossProfileAppsService
08-16 16:52:12.145 1160 1160 D SystemServerTiming: OnBootPhase_480_com.android.server.pm.CrossProfileAppsService took to complete: 0ms
08-16 16:52:12.145 1160 1160 I SystemServerTiming: OnBootPhase_480_com.android.server.people.PeopleService
08-16 16:52:12.145 1160 1160 D SystemServerTiming: OnBootPhase_480_com.android.server.people.PeopleService took to complete: 0ms
08-16 16:52:12.145 1160 1160 I SystemServerTiming: OnBootPhase_480_com.android.server.media.metrics.MediaMetricsManagerService
08-16 16:52:12.145 1160 1160 D SystemServerTiming: OnBootPhase_480_com.android.server.media.metrics.MediaMetricsManagerService took to complete: 0ms
08-16 16:52:12.145 1160 1160 I SystemServerTiming: OnBootPhase_480_com.android.server.media.projection.MediaProjectionManagerService
08-16 16:52:12.145 1160 1160 D SystemServerTiming: OnBootPhase_480_com.android.server.media.projection.MediaProjectionManagerService took to complete: 0ms
08-16 16:52:12.145 1160 1160 I SystemServerTiming: OnBootPhase_480_com.android.server.slice.SliceManagerService$Lifecycle
08-16 16:52:12.145 1160 1160 D SystemServerTiming: OnBootPhase_480_com.android.server.slice.SliceManagerService$Lifecycle took to complete: 0ms
08-16 16:52:12.145 1160 1160 I SystemServerTiming: OnBootPhase_480_com.android.server.stats.StatsCompanion$Lifecycle
08-16 16:52:12.145 1160 1160 D SystemServerTiming: OnBootPhase_480_com.android.server.stats.StatsCompanion$Lifecycle took to complete: 0ms
08-16 16:52:12.145 1160 1160 I SystemServerTiming: OnBootPhase_480_com.android.server.scheduling.RebootReadinessManagerService$Lifecycle
08-16 16:52:12.145 1160 1160 D SystemServerTiming: OnBootPhase_480_com.android.server.scheduling.RebootReadinessManagerService$Lifecycle took to complete: 0ms
08-16 16:52:12.145 1160 1160 I SystemServerTiming: OnBootPhase_480_com.android.server.stats.pull.StatsPullAtomService
08-16 16:52:12.146 1160 1160 D SystemServerTiming: OnBootPhase_480_com.android.server.stats.pull.StatsPullAtomService took to complete: 0ms
08-16 16:52:12.146 1160 1160 I SystemServerTiming: OnBootPhase_480_com.android.server.incident.IncidentCompanionService
08-16 16:52:12.146 1160 1160 D SystemServerTiming: OnBootPhase_480_com.android.server.incident.IncidentCompanionService took to complete: 0ms
08-16 16:52:12.146 1160 1160 I SystemServerTiming: OnBootPhase_480_com.android.server.MmsServiceBroker
08-16 16:52:12.146 1160 1160 D SystemServerTiming: OnBootPhase_480_com.android.server.MmsServiceBroker took to complete: 0ms
