01-01 05:46:38.207 0 0 I : worker_thread+0x268/0x4b8
01-01 05:46:38.207 0 0 I : kthread+0x140/0x150
01-01 05:46:38.207 0 0 I : ret_from_fork+0x10/0x1c
01-01 05:46:38.217 0 0 I binder : 2717:2717 ioctl 40046210 7fdf50bae4 returned -22
08-16 16:52:17.817 1160 2433 D CompatibilityChangeReporter: Compat change id reported: 168419799; UID 10092; state: DISABLED
08-16 16:52:17.881 1160 1264 V UserDataPreparer: Found /data/user/0 with serial number 0
08-16 16:52:17.881 1160 1264 V UserDataPreparer: Found /data/system_ce/0 with serial number 0
08-16 16:52:17.883 1160 1264 D UserDataPreparer: Setting property: sys.user.0.ce_available=true
08-16 16:52:17.884 1160 1264 V PackageManager: reconcileAppsData for null u0 0x2 migrateAppData=false
01-01 05:46:38.317 0 0 W QSEECOM : qseecom_load_app: App with id 8 (fingerpr) now loaded
01-01 05:46:38.355 0 0 E : INFO: trying to register non-static key.
01-01 05:46:38.360 0 0 E : the code is fine but needs lockdep annotation.
01-01 05:46:38.366 0 0 I : CPU: 3 PID: 338 Comm: kworker/u16:15 Tainted: G S W O 4.19.157+ #1
01-01 05:46:38.366 0 0 I Hardware name: Qualcomm Technologies, Inc. kona MTP-RmPM8150b (DT)
01-01 05:46:38.366 0 0 I Workqueue: events_unbound ion_system_secure_heap_prefetch_work
01-01 05:46:38.366 0 0 I Call trace:
01-01 05:46:38.366 0 0 I : dump_backtrace+0x0/0x258
01-01 05:46:38.366 0 0 I : show_stack+0x20/0x30
01-01 05:46:38.366 0 0 I : dump_stack+0xd8/0x12c
01-01 05:46:38.366 0 0 I : register_lock_class+0x4d0/0x5c8
01-01 05:46:38.366 0 0 I : __lock_acquire+0xbc/0x1e58
01-01 05:46:38.366 0 0 I : lock_acquire+0x1cc/0x218
01-01 05:46:38.366 0 0 I : _raw_spin_lock_irqsave+0x54/0x98
01-01 05:46:38.366 0 0 I : ion_system_secure_heap_prefetch_work+0x94/0x2c0
01-01 05:46:38.366 0 0 I : process_one_work+0x38c/0x660
01-01 05:46:38.366 0 0 I : worker_thread+0x268/0x4b8
01-01 05:46:38.366 0 0 I : kthread+0x140/0x150
01-01 05:46:38.366 0 0 I : ret_from_fork+0x10/0x1c
01-01 05:46:38.406 0 0 E : INFO: trying to register non-static key.
01-01 05:46:38.411 0 0 E : the code is fine but needs lockdep annotation.
01-01 05:46:38.417 0 0 I : CPU: 6 PID: 338 Comm: kworker/u16:15 Tainted: G S W O 4.19.157+ #1
01-01 05:46:38.417 0 0 I Hardware name: Qualcomm Technologies, Inc. kona MTP-RmPM8150b (DT)
01-01 05:46:38.417 0 0 I Workqueue: events_unbound ion_system_secure_heap_prefetch_work
01-01 05:46:38.417 0 0 I Call trace:
01-01 05:46:38.417 0 0 I : dump_backtrace+0x0/0x258
01-01 05:46:38.417 0 0 I : show_stack+0x20/0x30
01-01 05:46:38.417 0 0 I : dump_stack+0xd8/0x12c
01-01 05:46:38.417 0 0 I : register_lock_class+0x4d0/0x5c8
01-01 05:46:38.417 0 0 I : __lock_acquire+0xbc/0x1e58
01-01 05:46:38.417 0 0 I : lock_acquire+0x1cc/0x218
01-01 05:46:38.417 0 0 I : _raw_spin_lock_irqsave+0x54/0x98
01-01 05:46:38.417 0 0 I : ion_system_secure_heap_prefetch_work+0x94/0x2c0
01-01 05:46:38.417 0 0 I : process_one_work+0x38c/0x660
01-01 05:46:38.417 0 0 I : worker_thread+0x268/0x4b8
01-01 05:46:38.417 0 0 I : kthread+0x140/0x150
01-01 05:46:38.417 0 0 I : ret_from_fork+0x10/0x1c
01-01 05:46:38.500 0 0 E : INFO: trying to register non-static key.
08-16 16:52:18.063 1839 2774 W ActivityThread: Failed to find provider info for com.android.contacts (user not unlocked)
08-16 16:52:18.070 1160 1266 D BluetoothManagerService: MESSAGE_BLUETOOTH_STATE_CHANGE: TURNING_ON > ON
08-16 16:52:18.070 1160 1266 D BluetoothManagerService: Broadcasting onBluetoothStateChange(true) to 11 receivers.
08-16 16:52:18.072 1160 1266 D BluetoothManagerService: Creating new ProfileServiceConnections object for profile: 1
08-16 16:52:18.077 2665 2772 W ActivityThread: Failed to find provider info for user_dictionary (user not unlocked)
08-16 16:52:18.078 1160 1266 W BluetoothManagerService: psc is not null in bindBluetoothProfileService
08-16 16:52:18.108 1160 1266 D BluetoothManagerService: Sending BLE State Change: TURNING_ON > ON
08-16 16:52:18.109 1160 1194 W BluetoothManagerService: psc is not null in bindBluetoothProfileService
08-16 16:52:18.111 1160 1266 D BluetoothManagerService: Sending State Change: TURNING_ON > ON
01-01 05:46:38.505 0 0 E : the code is fine but needs lockdep annotation.
01-01 05:46:38.511 0 0 I : CPU: 5 PID: 338 Comm: kworker/u16:15 Tainted: G S W O 4.19.157+ #1
01-01 05:46:38.511 0 0 I Hardware name: Qualcomm Technologies, Inc. kona MTP-RmPM8150b (DT)
01-01 05:46:38.511 0 0 I Workqueue: events_unbound ion_system_secure_heap_prefetch_work
01-01 05:46:38.511 0 0 I Call trace:
01-01 05:46:38.511 0 0 I : dump_backtrace+0x0/0x258
01-01 05:46:38.511 0 0 I : show_stack+0x20/0x30
01-01 05:46:38.511 0 0 I : dump_stack+0xd8/0x12c
01-01 05:46:38.511 0 0 I : register_lock_class+0x4d0/0x5c8
01-01 05:46:38.511 0 0 I : __lock_acquire+0xbc/0x1e58
01-01 05:46:38.511 0 0 I : lock_acquire+0x1cc/0x218
01-01 05:46:38.511 0 0 I : _raw_spin_lock_irqsave+0x54/0x98
01-01 05:46:38.511 0 0 I : ion_system_secure_heap_prefetch_work+0x94/0x2c0
01-01 05:46:38.511 0 0 I : process_one_work+0x38c/0x660
01-01 05:46:38.511 0 0 I : worker_thread+0x268/0x4b8
01-01 05:46:38.511 0 0 I : kthread+0x140/0x150
01-01 05:46:38.511 0 0 I : ret_from_fork+0x10/0x1c
08-16 16:52:18.167 1160 1194 W BluetoothManagerService: psc is not null in bindBluetoothProfileService
01-01 05:46:38.625 0 0 E : INFO: trying to register non-static key.
01-01 05:46:38.630 0 0 E : the code is fine but needs lockdep annotation.
01-01 05:46:38.635 0 0 I : CPU: 4 PID: 338 Comm: kworker/u16:15 Tainted: G S W O 4.19.157+ #1
01-01 05:46:38.635 0 0 I Hardware name: Qualcomm Technologies, Inc. kona MTP-RmPM8150b (DT)
01-01 05:46:38.635 0 0 I Workqueue: events_unbound ion_system_secure_heap_prefetch_work
01-01 05:46:38.635 0 0 I Call trace:
01-01 05:46:38.635 0 0 I : dump_backtrace+0x0/0x258
01-01 05:46:38.635 0 0 I : show_stack+0x20/0x30
01-01 05:46:38.635 0 0 I : dump_stack+0xd8/0x12c
01-01 05:46:38.635 0 0 I : register_lock_class+0x4d0/0x5c8
01-01 05:46:38.635 0 0 I : __lock_acquire+0xbc/0x1e58
01-01 05:46:38.635 0 0 I : lock_acquire+0x1cc/0x218
01-01 05:46:38.635 0 0 I : _raw_spin_lock_irqsave+0x54/0x98
01-01 05:46:38.635 0 0 I : ion_system_secure_heap_prefetch_work+0x94/0x2c0
01-01 05:46:38.635 0 0 I : process_one_work+0x38c/0x660
01-01 05:46:38.635 0 0 I : worker_thread+0x268/0x4b8
01-01 05:46:38.635 0 0 I : kthread+0x140/0x150
01-01 05:46:38.635 0 0 I : ret_from_fork+0x10/0x1c
08-16 16:52:18.240 1160 1761 D VcnManagementService: new snapshot: TelephonySubscriptionSnapshot{ mActiveDataSubId=-1, mSubIdToInfoMap={}, mPrivilegedPackages={} }
01-01 05:46:38.689 0 0 W QSEECOM : __qseecom_unload_app: App (8) is unloaded
01-01 05:46:38.690 0 0 D qbt : qbt_release: entry minor_no=0 fd_available=0
01-01 05:46:38.690 0 0 D qbt : qbt_release: Releasing wakelock
01-01 05:46:38.690 0 0 D qbt : qbt_release: exit : fd_available=1
01-01 05:46:38.690 0 0 D qbt : qbt_release: entry minor_no=1 fd_available=1
01-01 05:46:38.690 0 0 D qbt : qbt_release: exit : fd_available=1
08-16 16:52:18.266 1160 1160 W Looper : Slow dispatch took 577ms main h=android.os.Handler c=com.android.server.biometrics.sensors.BiometricScheduler$InternalCallback$$ExternalSyntheticLambda0@a28b942 m=0
08-16 16:52:18.273 1160 1160 W NotificationHistory: Attempted to add notif for locked/gone/disabled user 0
08-16 16:52:18.276 1160 1160 W NotificationHistory: Attempted to add notif for locked/gone/disabled user 0
08-16 16:52:18.291 1160 1160 I Telecom : BluetoothDeviceManager: Got BluetoothHearingAid: android.bluetooth.BluetoothHearingAid@24439fd: BMSL.oSC@AA0
01-01 05:46:38.714 0 0 E : INFO: trying to register non-static key.
01-01 05:46:38.719 0 0 E : the code is fine but needs lockdep annotation.
01-01 05:46:38.725 0 0 I : CPU: 0 PID: 338 Comm: kworker/u16:15 Tainted: G S W O 4.19.157+ #1
01-01 05:46:38.725 0 0 I Hardware name: Qualcomm Technologies, Inc. kona MTP-RmPM8150b (DT)
01-01 05:46:38.725 0 0 I Workqueue: events_unbound ion_system_secure_heap_prefetch_work
01-01 05:46:38.725 0 0 I Call trace:
01-01 05:46:38.725 0 0 I : dump_backtrace+0x0/0x258
01-01 05:46:38.725 0 0 I : show_stack+0x20/0x30
01-01 05:46:38.725 0 0 I : dump_stack+0xd8/0x12c
01-01 05:46:38.725 0 0 I : register_lock_class+0x4d0/0x5c8
01-01 05:46:38.725 0 0 I : __lock_acquire+0xbc/0x1e58
01-01 05:46:38.725 0 0 I : lock_acquire+0x1cc/0x218
01-01 05:46:38.725 0 0 I : _raw_spin_lock_irqsave+0x54/0x98
01-01 05:46:38.725 0 0 I : ion_system_secure_heap_prefetch_work+0x94/0x2c0
01-01 05:46:38.725 0 0 I : process_one_work+0x38c/0x660
01-01 05:46:38.725 0 0 I : worker_thread+0x268/0x4b8
01-01 05:46:38.725 0 0 I : kthread+0x140/0x150
01-01 05:46:38.725 0 0 I : ret_from_fork+0x10/0x1c
08-16 16:52:18.296 1160 1160 D CompanionDeviceManagerService: Received BT state transition broadcast: TURNING_ON -> ON
08-16 16:52:18.296 1160 1160 I CompanionDeviceManagerService: startBleScan()
01-01 05:46:38.747 0 0 E : INFO: trying to register non-static key.
01-01 05:46:38.753 0 0 E : the code is fine but needs lockdep annotation.
01-01 05:46:38.758 0 0 I : CPU: 0 PID: 338 Comm: kworker/u16:15 Tainted: G S W O 4.19.157+ #1
01-01 05:46:38.758 0 0 I Hardware name: Qualcomm Technologies, Inc. kona MTP-RmPM8150b (DT)
01-01 05:46:38.758 0 0 I Workqueue: events_unbound ion_system_secure_heap_prefetch_work
01-01 05:46:38.758 0 0 I Call trace:
01-01 05:46:38.758 0 0 I : dump_backtrace+0x0/0x258
01-01 05:46:38.758 0 0 I : show_stack+0x20/0x30
01-01 05:46:38.758 0 0 I : dump_stack+0xd8/0x12c
01-01 05:46:38.758 0 0 I : register_lock_class+0x4d0/0x5c8
01-01 05:46:38.758 0 0 I : __lock_acquire+0xbc/0x1e58
01-01 05:46:38.758 0 0 I : lock_acquire+0x1cc/0x218
01-01 05:46:38.758 0 0 I : _raw_spin_lock_irqsave+0x54/0x98
01-01 05:46:38.758 0 0 I : ion_system_secure_heap_prefetch_work+0x94/0x2c0
01-01 05:46:38.758 0 0 I : process_one_work+0x38c/0x660
01-01 05:46:38.758 0 0 I : worker_thread+0x268/0x4b8
01-01 05:46:38.758 0 0 I : kthread+0x140/0x150
01-01 05:46:38.758 0 0 I : ret_from_fork+0x10/0x1c
01-01 05:46:38.759 0 0 E : INFO: trying to register non-static key.
08-16 16:52:18.336 1160 1160 D BiometricScheduler/Fingerprint21: [Finishing] {[1] FingerprintUpdateActiveUserClient, proto=1, owner=android, cookie=0, requestId=-1, userId=0}, success: true
08-16 16:52:18.336 1160 1160 D BiometricScheduler/Fingerprint21: [Polled] {[2] FingerprintInternalCleanupClient, proto=7, owner=android, cookie=0, requestId=-1, userId=0}, State: 0
08-16 16:52:18.336 1160 1160 D BiometricScheduler/Fingerprint21: [Starting] {[2] FingerprintInternalCleanupClient, proto=7, owner=android, cookie=0, requestId=-1, userId=0}, State: 0
08-16 16:52:18.337 1160 1160 D BiometricScheduler/Fingerprint21: [Started] {[2] FingerprintInternalCleanupClient, proto=7, owner=android, cookie=0, requestId=-1, userId=0}
08-16 16:52:18.337 1160 1160 D Biometrics/InternalCleanupClient: Starting enumerate: {[3] FingerprintInternalEnumerateClient, proto=6, owner=android, cookie=0, requestId=-1, userId=0}
01-01 05:46:38.764 0 0 E : the code is fine but needs lockdep annotation.
01-01 05:46:38.769 0 0 I : CPU: 0 PID: 338 Comm: kworker/u16:15 Tainted: G S W O 4.19.157+ #1
01-01 05:46:38.769 0 0 I Hardware name: Qualcomm Technologies, Inc. kona MTP-RmPM8150b (DT)
01-01 05:46:38.769 0 0 I Workqueue: events_unbound ion_system_secure_heap_prefetch_work
01-01 05:46:38.769 0 0 I Call trace:
01-01 05:46:38.769 0 0 I : dump_backtrace+0x0/0x258
01-01 05:46:38.769 0 0 I : show_stack+0x20/0x30
01-01 05:46:38.769 0 0 I : dump_stack+0xd8/0x12c
01-01 05:46:38.769 0 0 I : register_lock_class+0x4d0/0x5c8
01-01 05:46:38.769 0 0 I : __lock_acquire+0xbc/0x1e58
01-01 05:46:38.769 0 0 I : lock_acquire+0x1cc/0x218
01-01 05:46:38.769 0 0 I : _raw_spin_lock_irqsave+0x54/0x98
01-01 05:46:38.769 0 0 I : ion_system_secure_heap_prefetch_work+0x48/0x2c0
01-01 05:46:38.769 0 0 I : process_one_work+0x38c/0x660
01-01 05:46:38.769 0 0 I : worker_thread+0x33c/0x4b8
01-01 05:46:38.769 0 0 I : kthread+0x140/0x150
01-01 05:46:38.769 0 0 I : ret_from_fork+0x10/0x1c
08-16 16:52:18.343 1160 1160 I Telecom : BluetoothDeviceManager: Got BluetoothHeadset: com.android.server.telecom.BluetoothHeadsetProxy@c64c81c: BMSL.oSC@AA4
08-16 16:52:18.343 1160 1160 W Looper : Drained
01-01 05:46:38.780 0 0 D qbt : qbt_open: entry minor_no=0 fd_available=1
01-01 05:46:38.780 0 0 D qbt : qbt_open: exit : 0 fd_available=0
01-01 05:46:38.781 0 0 D qbt : qbt_open: entry minor_no=1 fd_available=0
01-01 05:46:38.781 0 0 D qbt : qbt_open: exit : 0 fd_available=0
01-01 05:46:38.781 0 0 D qbt : qbt_ioctl: cmd received 107
01-01 05:46:38.781 0 0 D qbt : qbt_ioctl: Acquiring wakelock
08-16 16:52:18.355 1160 1720 W ActivityTaskManager: Current config: {1.0 ?mcc?mnc [en_US] ldltr sw680dp w1586dp h608dp 240dpi lrg long hdr land finger -keyb/v/h -nav/h winConfig={ mBounds=Rect(0, 0 - 2380, 1020) mAppBounds=Rect(0, 0 - 2380, 948) mMaxBounds=Rect(0, 0 - 2380, 1020) mWindowingMode=fullscreen mDisplayWindowingMode=fullscreen mActivityType=undefined mAlwaysOnTop=undefined mRotation=ROTATION_0} s.10 fontWeightAdjustment=0} unchanged for IME proc com.android.inputmethod.latin
08-16 16:52:18.355 1160 1720 W ActivityTaskManager: Current config: {1.0 ?mcc?mnc [en_US] ldltr sw680dp w1586dp h608dp 240dpi lrg long hdr land finger -keyb/v/h -nav/h winConfig={ mBounds=Rect(0, 0 - 2380, 1020) mAppBounds=Rect(0, 0 - 2380, 948) mMaxBounds=Rect(0, 0 - 2380, 1020) mWindowingMode=fullscreen mDisplayWindowingMode=fullscreen mActivityType=undefined mAlwaysOnTop=undefined mRotation=ROTATION_0} s.10 fontWeightAdjustment=0} unchanged for IME proc com.android.inputmethod.latin
08-16 16:52:18.369 1859 2801 W ActivityThread: Failed to find provider info for media (user not unlocked)
01-01 05:46:38.872 0 0 W QSEECOM : qseecom_load_app: App (fingerpr) does'nt exist, loading apps for first time
01-01 05:46:38.960 0 0 D : mv2112_read_status
01-01 05:46:38.960 0 0 D mv2112_update_link: 3.0x901(1G): 0x4
01-01 05:46:38.960 0 0 D mv2112_update_link: 3.0x8109(100M): 0x8
01-01 05:46:38.960 0 0 D mv2112_update_link: link 0x4
01-01 05:46:38.960 0 0 D mv2112_read_status: autoneg is disabled
01-01 05:46:38.961 0 0 I lan743x 0001: 01:00.0 eth0: Link is Up - 1Gbps/Full - flow control off
01-01 05:46:38.961 0 0 I IPv6 : ADDRCONF(NETDEV_CHANGE): eth0: link becomes ready
01-01 05:46:38.975 0 0 W QSEECOM : qseecom_load_app: App with id 9 (fingerpr) now loaded
08-16 16:52:18.623 1160 1362 W BroadcastQueue: Permission Denial: receiving Intent { act=android.intent.action.SERVICE_STATE flg=0x1000010 (has extras) } to ProcessRecord{e6c55e5 1859:com.android.systemui/u0a124} (pid=1859, uid=10124) requires android.permission.READ_PHONE_STATE due to sender android (uid 1001)
08-16 16:52:18.624 1160 2693 W ContextImpl: Calling a method in the system process without a qualified user: android.app.ContextImpl.sendBroadcastMultiplePermissions:1256 com.android.server.TelephonyRegistry.broadcastServiceStateChanged:2878 com.android.server.TelephonyRegistry.notifyServiceStateForPhoneId:1608 com.android.internal.telephony.ITelephonyRegistry$Stub.onTransact:455 android.os.Binder.execTransactInternal:1179
08-16 16:52:18.649 1160 2693 W ContextImpl: Calling a method in the system process without a qualified user: android.app.ContextImpl.sendBroadcastMultiplePermissions:1256 com.android.server.TelephonyRegistry.broadcastServiceStateChanged:2878 com.android.server.TelephonyRegistry.notifyServiceStateForPhoneId:1608 com.android.internal.telephony.ITelephonyRegistry$Stub.onTransact:455 android.os.Binder.execTransactInternal:1179
08-16 16:52:18.649 1160 1362 W BroadcastQueue: Permission Denial: receiving Intent { act=android.intent.action.SERVICE_STATE flg=0x1000010 (has extras) } to ProcessRecord{e6c55e5 1859:com.android.systemui/u0a124} (pid=1859, uid=10124) requires android.permission.READ_PHONE_STATE due to sender android (uid 1001)
08-16 16:52:18.674 1160 1264 V PackageManager: reconcileAppsData finished 209 packages
08-16 16:52:18.674 1160 1264 I ActivityManager: User 0 state changed from RUNNING_LOCKED to RUNNING_UNLOCKING
01-01 05:46:39.105 0 0 I [schedu][0x55a43278][16:52:18.679838] wlan: [1943:I:OSIF] vdev 0, scan id 40961 type COMPLETED(1) reason COMPLETED(1) scan found 48 bss
08-16 16:52:18.690 1160 1264 D ActivityManager: Unlocking user 0 progress 20
08-16 16:52:18.690 1160 1264 W Looper : Slow dispatch took 1147ms android.fg h=android.os.Handler c=com.android.server.am.UserController$$ExternalSyntheticLambda3@721a12a m=0
08-16 16:52:18.690 1160 1264 W Looper : Slow delivery took 1143ms android.fg h=android.os.Handler c=com.android.server.am.UserController$$ExternalSyntheticLambda1@c2e74b8 m=0
08-16 16:52:18.691 1160 1362 I SystemServerTimingAsync: ssm.UnlockingUser-0
08-16 16:52:18.691 1160 1362 I SystemServiceManager: Calling onUnlockingUser 0
08-16 16:52:18.691 1160 1362 I SystemServerTimingAsync: ssm.onUnlockingUser-0_com.android.server.security.FileIntegrityService
08-16 16:52:18.692 1160 1362 D SystemServerTimingAsync: ssm.onUnlockingUser-0_com.android.server.security.FileIntegrityService took to complete: 0ms
08-16 16:52:18.692 1160 1362 I SystemServerTimingAsync: ssm.onUnlockingUser-0_com.android.server.pm.Installer
08-16 16:52:18.692 1160 1362 D SystemServerTimingAsync: ssm.onUnlockingUser-0_com.android.server.pm.Installer took to complete: 0ms
08-16 16:52:18.692 1160 1362 I SystemServerTimingAsync: ssm.onUnlockingUser-0_com.android.server.os.DeviceIdentifiersPolicyService
08-16 16:52:18.692 1160 1362 D SystemServerTimingAsync: ssm.onUnlockingUser-0_com.android.server.os.DeviceIdentifiersPolicyService took to complete: 0ms
08-16 16:52:18.692 1160 1362 I SystemServerTimingAsync: ssm.onUnlockingUser-0_com.android.server.uri.UriGrantsManagerService$Lifecycle
08-16 16:52:18.692 1160 1362 D SystemServerTimingAsync: ssm.onUnlockingUser-0_com.android.server.uri.UriGrantsManagerService$Lifecycle took to complete: 0ms
08-16 16:52:18.692 1160 1362 I SystemServerTimingAsync: ssm.onUnlockingUser-0_com.android.server.powerstats.PowerStatsService
08-16 16:52:18.692 1160 1362 D SystemServerTimingAsync: ssm.onUnlockingUser-0_com.android.server.powerstats.PowerStatsService took to complete: 0ms
08-16 16:52:18.693 1160 1362 I SystemServerTimingAsync: ssm.onUnlockingUser-0_com.android.server.wm.ActivityTaskManagerService$Lifecycle
08-16 16:52:18.693 1160 1362 D SystemServerTimingAsync: ssm.onUnlockingUser-0_com.android.server.wm.ActivityTaskManagerService$Lifecycle took to complete: 0ms
08-16 16:52:18.693 1160 1362 I SystemServerTimingAsync: ssm.onUnlockingUser-0_com.android.server.am.ActivityManagerService$Lifecycle
08-16 16:52:18.693 1160 1362 D SystemServerTimingAsync: ssm.onUnlockingUser-0_com.android.server.am.ActivityManagerService$Lifecycle took to complete: 0ms
08-16 16:52:18.693 1160 1362 I SystemServerTimingAsync: ssm.onUnlockingUser-0_com.android.server.pm.DataLoaderManagerService
08-16 16:52:18.693 1160 1362 D SystemServerTimingAsync: ssm.onUnlockingUser-0_com.android.server.pm.DataLoaderManagerService took to complete: 0ms
08-16 16:52:18.693 1160 1362 I SystemServerTimingAsync: ssm.onUnlockingUser-0_com.android.server.power.PowerManagerService
08-16 16:52:18.693 1160 1362 D SystemServerTimingAsync: ssm.onUnlockingUser-0_com.android.server.power.PowerManagerService took to complete: 0ms
08-16 16:52:18.693 1160 1362 I SystemServerTimingAsync: ssm.onUnlockingUser-0_com.android.server.power.ThermalManagerService
08-16 16:52:18.693 1160 1362 D SystemServerTimingAsync: ssm.onUnlockingUser-0_com.android.server.power.ThermalManagerService took to complete: 0ms
08-16 16:52:18.694 1160 1362 I SystemServerTimingAsync: ssm.onUnlockingUser-0_com.android.server.power.hint.HintManagerService
08-16 16:52:18.695 1160 1362 D SystemServerTimingAsync: ssm.onUnlockingUser-0_com.android.server.power.hint.HintManagerService took to complete: 0ms
08-16 16:52:18.695 1160 1362 I SystemServerTimingAsync: ssm.onUnlockingUser-0_com.android.server.recoverysystem.RecoverySystemService$Lifecycle
08-16 16:52:18.695 1160 1362 D SystemServerTimingAsync: ssm.onUnlockingUser-0_com.android.server.recoverysystem.RecoverySystemService$Lifecycle took to complete: 0ms
08-16 16:52:18.695 1160 1362 I SystemServerTimingAsync: ssm.onUnlockingUser-0_com.android.server.lights.LightsService
08-16 16:52:18.695 1160 1362 D SystemServerTimingAsync: ssm.onUnlockingUser-0_com.android.server.lights.LightsService took to complete: 0ms
08-16 16:52:18.695 1160 1362 I SystemServerTimingAsync: ssm.onUnlockingUser-0_com.android.server.display.DisplayManagerService
08-16 16:52:18.695 1160 1362 D SystemServerTimingAsync: ssm.onUnlockingUser-0_com.android.server.display.DisplayManagerService took to complete: 0ms
08-16 16:52:18.695 1160 1362 I SystemServerTimingAsync: ssm.onUnlockingUser-0_com.android.server.pm.verify.domain.DomainVerificationService
08-16 16:52:18.695 1160 1362 D SystemServerTimingAsync: ssm.onUnlockingUser-0_com.android.server.pm.verify.domain.DomainVerificationService took to complete: 0ms
08-16 16:52:18.695 1160 1362 I SystemServerTimingAsync: ssm.onUnlockingUser-0_com.android.server.pm.PackageInstallerService$Lifecycle
08-16 16:52:18.695 1160 1362 D SystemServerTimingAsync: ssm.onUnlockingUser-0_com.android.server.pm.PackageInstallerService$Lifecycle took to complete: 0ms
08-16 16:52:18.695 1160 1362 I SystemServerTimingAsync: ssm.onUnlockingUser-0_com.android.server.pm.UserManagerService$LifeCycle
08-16 16:52:18.695 1160 1362 D SystemServerTimingAsync: ssm.onUnlockingUser-0_com.android.server.pm.UserManagerService$LifeCycle took to complete: 0ms
08-16 16:52:18.695 1160 1362 I SystemServerTimingAsync: ssm.onUnlockingUser-0_com.android.server.om.OverlayManagerService
08-16 16:52:18.695 1160 1362 D SystemServerTimingAsync: ssm.onUnlockingUser-0_com.android.server.om.OverlayManagerService took to complete: 0ms
08-16 16:52:18.695 1160 1362 I SystemServerTimingAsync: ssm.onUnlockingUser-0_com.android.server.SensorPrivacyService
08-16 16:52:18.696 1160 1362 D SystemServerTimingAsync: ssm.onUnlockingUser-0_com.android.server.SensorPrivacyService took to complete: 0ms
08-16 16:52:18.696 1160 1362 I SystemServerTimingAsync: ssm.onUnlockingUser-0_com.android.server.sensors.SensorService
08-16 16:52:18.696 1160 1362 D SystemServerTimingAsync: ssm.onUnlockingUser-0_com.android.server.sensors.SensorService took to complete: 0ms
08-16 16:52:18.696 1160 1362 I SystemServerTimingAsync: ssm.onUnlockingUser-0_com.android.server.SystemConfigService
08-16 16:52:18.696 1160 1362 D SystemServerTimingAsync: ssm.onUnlockingUser-0_com.android.server.SystemConfigService took to complete: 0ms
08-16 16:52:18.696 1160 1362 I SystemServerTimingAsync: ssm.onUnlockingUser-0_com.android.server.BatteryService
08-16 16:52:18.696 1160 1362 D SystemServerTimingAsync: ssm.onUnlockingUser-0_com.android.server.BatteryService took to complete: 0ms
08-16 16:52:18.696 1160 1362 I SystemServerTimingAsync: ssm.onUnlockingUser-0_com.android.server.usage.UsageStatsService
08-16 16:52:18.697 1160 1362 D SystemServerTimingAsync: ssm.onUnlockingUser-0_com.android.server.usage.UsageStatsService took to complete: 0ms
08-16 16:52:18.697 1160 1362 I SystemServerTimingAsync: ssm.onUnlockingUser-0_com.android.server.webkit.WebViewUpdateService
08-16 16:52:18.697 1160 1362 D SystemServerTimingAsync: ssm.onUnlockingUser-0_com.android.server.webkit.WebViewUpdateService took to complete: 0ms
08-16 16:52:18.697 1160 1362 I SystemServerTimingAsync: ssm.onUnlockingUser-0_com.android.server.CachedDeviceStateService
08-16 16:52:18.697 1160 1362 D SystemServerTimingAsync: ssm.onUnlockingUser-0_com.android.server.CachedDeviceStateService took to complete: 0ms
08-16 16:52:18.697 1160 1362 I SystemServerTimingAsync: ssm.onUnlockingUser-0_com.android.server.BinderCallsStatsService$LifeCycle
08-16 16:52:18.697 1160 1362 D SystemServerTimingAsync: ssm.onUnlockingUser-0_com.android.server.BinderCallsStatsService$LifeCycle took to complete: 0ms
08-16 16:52:18.697 1160 1362 I SystemServerTimingAsync: ssm.onUnlockingUser-0_com.android.server.LooperStatsService$Lifecycle
08-16 16:52:18.697 1160 1362 D SystemServerTimingAsync: ssm.onUnlockingUser-0_com.android.server.LooperStatsService$Lifecycle took to complete: 0ms
08-16 16:52:18.697 1160 1362 I SystemServerTimingAsync: ssm.onUnlockingUser-0_com.android.server.rollback.RollbackManagerService
08-16 16:52:18.707 1160 1362 D SystemServerTimingAsync: ssm.onUnlockingUser-0_com.android.server.rollback.RollbackManagerService took to complete: 10ms
08-16 16:52:18.707 1160 1362 I SystemServerTimingAsync: ssm.onUnlockingUser-0_com.android.server.os.NativeTombstoneManagerService
08-16 16:52:18.707 1160 1362 D SystemServerTimingAsync: ssm.onUnlockingUser-0_com.android.server.os.NativeTombstoneManagerService took to complete: 0ms
08-16 16:52:18.707 1160 1362 I SystemServerTimingAsync: ssm.onUnlockingUser-0_com.android.server.os.BugreportManagerService
08-16 16:52:18.707 1160 1362 D SystemServerTimingAsync: ssm.onUnlockingUser-0_com.android.server.os.BugreportManagerService took to complete: 0ms
08-16 16:52:18.707 1160 1362 I SystemServerTimingAsync: ssm.onUnlockingUser-0_com.android.server.gpu.GpuService
08-16 16:52:18.707 1160 1362 D SystemServerTimingAsync: ssm.onUnlockingUser-0_com.android.server.gpu.GpuService took to complete: 0ms
08-16 16:52:18.707 1160 1362 I SystemServerTimingAsync: ssm.onUnlockingUser-0_com.android.server.security.KeyChainSystemService
08-16 16:52:18.707 1160 1362 D SystemServerTimingAsync: ssm.onUnlockingUser-0_com.android.server.security.KeyChainSystemService took to complete: 0ms
08-16 16:52:18.708 1160 1362 I SystemServerTimingAsync: ssm.onUnlockingUser-0_com.android.server.telecom.TelecomLoaderService
08-16 16:52:18.708 1160 1362 D SystemServerTimingAsync: ssm.onUnlockingUser-0_com.android.server.telecom.TelecomLoaderService took to complete: 0ms
08-16 16:52:18.709 1160 1362 I SystemServerTimingAsync: ssm.onUnlockingUser-0_com.android.server.accounts.AccountManagerService$Lifecycle
08-16 16:52:18.709 1160 1362 D SystemServerTimingAsync: ssm.onUnlockingUser-0_com.android.server.accounts.AccountManagerService$Lifecycle took to complete: 0ms
08-16 16:52:18.709 1160 1362 I SystemServerTimingAsync: ssm.onUnlockingUser-0_com.android.server.content.ContentService$Lifecycle
08-16 16:52:18.709 1160 1362 D SystemServerTimingAsync: ssm.onUnlockingUser-0_com.android.server.content.ContentService$Lifecycle took to complete: 0ms
08-16 16:52:18.709 1160 1362 I SystemServerTimingAsync: ssm.onUnlockingUser-0_com.android.server.DropBoxManagerService
08-16 16:52:18.709 1160 1362 D SystemServerTimingAsync: ssm.onUnlockingUser-0_com.android.server.DropBoxManagerService took to complete: 0ms
08-16 16:52:18.709 1160 1362 I SystemServerTimingAsync: ssm.onUnlockingUser-0_com.android.role.RoleService
08-16 16:52:18.709 1160 1362 D SystemServerTimingAsync: ssm.onUnlockingUser-0_com.android.role.RoleService took to complete: 0ms
08-16 16:52:18.709 1160 1362 I SystemServerTimingAsync: ssm.onUnlockingUser-0_com.android.server.vibrator.VibratorManagerService$Lifecycle
08-16 16:52:18.709 1160 1362 D SystemServerTimingAsync: ssm.onUnlockingUser-0_com.android.server.vibrator.VibratorManagerService$Lifecycle took to complete: 0ms
08-16 16:52:18.709 1160 1362 I SystemServerTimingAsync: ssm.onUnlockingUser-0_com.android.server.alarm.AlarmManagerService
08-16 16:52:18.709 1160 1362 D SystemServerTimingAsync: ssm.onUnlockingUser-0_com.android.server.alarm.AlarmManagerService took to complete: 0ms
08-16 16:52:18.709 1160 1362 I SystemServerTimingAsync: ssm.onUnlockingUser-0_com.android.server.devicestate.DeviceStateManagerService
08-16 16:52:18.709 1160 1362 D SystemServerTimingAsync: ssm.onUnlockingUser-0_com.android.server.devicestate.DeviceStateManagerService took to complete: 0ms
08-16 16:52:18.709 1160 1362 I SystemServerTimingAsync: ssm.onUnlockingUser-0_com.android.server.camera.CameraServiceProxy
08-16 16:52:18.710 1160 1362 D SystemServerTimingAsync: ssm.onUnlockingUser-0_com.android.server.camera.CameraServiceProxy took to complete: 0ms
08-16 16:52:18.710 1160 1362 I SystemServerTimingAsync: ssm.onUnlockingUser-0_com.android.server.BluetoothService
08-16 16:52:18.710 1160 1362 D BluetoothManagerService: User 0 unlocked
08-16 16:52:18.710 1160 1362 D SystemServerTimingAsync: ssm.onUnlockingUser-0_com.android.server.BluetoothService took to complete: 0ms
08-16 16:52:18.710 1160 1362 I SystemServerTimingAsync: ssm.onUnlockingUser-0_com.android.server.connectivity.IpConnectivityMetrics
08-16 16:52:18.710 1160 1362 D SystemServerTimingAsync: ssm.onUnlockingUser-0_com.android.server.connectivity.IpConnectivityMetrics took to complete: 0ms
08-16 16:52:18.710 1160 1362 I SystemServerTimingAsync: ssm.onUnlockingUser-0_com.android.server.net.watchlist.NetworkWatchlistService$Lifecycle
08-16 16:52:18.710 1160 1362 D SystemServerTimingAsync: ssm.onUnlockingUser-0_com.android.server.net.watchlist.NetworkWatchlistService$Lifecycle took to complete: 0ms
08-16 16:52:18.710 1160 1362 I SystemServerTimingAsync: ssm.onUnlockingUser-0_com.android.server.PinnerService
08-16 16:52:18.710 1160 1362 D SystemServerTimingAsync: ssm.onUnlockingUser-0_com.android.server.PinnerService took to complete: 0ms
08-16 16:52:18.710 1160 1362 I SystemServerTimingAsync: ssm.onUnlockingUser-0_com.google.android.startop.iorap.IorapForwardingService
08-16 16:52:18.710 1160 1362 D SystemServerTimingAsync: ssm.onUnlockingUser-0_com.google.android.startop.iorap.IorapForwardingService took to complete: 0ms
08-16 16:52:18.710 1160 1362 I SystemServerTimingAsync: ssm.onUnlockingUser-0_com.android.server.ActivityTriggerService
08-16 16:52:18.710 1160 1362 D SystemServerTimingAsync: ssm.onUnlockingUser-0_com.android.server.ActivityTriggerService took to complete: 0ms
08-16 16:52:18.710 1160 1362 I SystemServerTimingAsync: ssm.onUnlockingUser-0_com.android.server.integrity.AppIntegrityManagerService
08-16 16:52:18.710 1160 1362 D SystemServerTimingAsync: ssm.onUnlockingUser-0_com.android.server.integrity.AppIntegrityManagerService took to complete: 0ms
08-16 16:52:18.710 1160 1266 D BluetoothManagerService: MESSAGE_USER_UNLOCKED
08-16 16:52:18.711 1160 1362 I SystemServerTimingAsync: ssm.onUnlockingUser-0_com.android.server.inputmethod.InputMethodManagerService$Lifecycle
08-16 16:52:18.732 1160 1362 D SystemServerTimingAsync: ssm.onUnlockingUser-0_com.android.server.inputmethod.InputMethodManagerService$Lifecycle took to complete: 20ms
08-16 16:52:18.732 1160 1362 I SystemServerTimingAsync: ssm.onUnlockingUser-0_com.android.server.accessibility.AccessibilityManagerService$Lifecycle
08-16 16:52:18.732 1160 1362 D SystemServerTimingAsync: ssm.onUnlockingUser-0_com.android.server.accessibility.AccessibilityManagerService$Lifecycle took to complete: 0ms
08-16 16:52:18.732 1160 1362 I SystemServerTimingAsync: ssm.onUnlockingUser-0_com.android.server.StorageManagerService$Lifecycle
08-16 16:52:18.732 1160 1362 D StorageManagerService: onUnlockUser 0
08-16 16:52:18.732 1160 1362 I StorageSessionController: On user unlock 0
08-16 16:52:18.732 1160 1362 I StorageSessionController: Initialialising...
08-16 16:52:18.733 563 563 I vold : onUserStarted: 0
08-16 16:52:18.741 1160 1194 V StorageManagerService: Found primary storage at VolumeInfo{emulated;0}:
08-16 16:52:18.741 1160 1194 V StorageManagerService: type=EMULATED diskId=null partGuid= mountFlags=0 mountUserId=0
08-16 16:52:18.741 1160 1194 V StorageManagerService: state=UNMOUNTED
08-16 16:52:18.741 1160 1194 V StorageManagerService: fsType=null fsUuid=null fsLabel=null
08-16 16:52:18.741 1160 1194 V StorageManagerService: path=null internalPath=null
08-16 16:52:18.741 1160 1738 I StorageManagerService: Mounting volume VolumeInfo{emulated;0}:
08-16 16:52:18.741 1160 1738 I StorageManagerService: type=EMULATED diskId=null partGuid= mountFlags=PRIMARY|VISIBLE
08-16 16:52:18.741 1160 1738 I StorageManagerService: mountUserId=0 state=UNMOUNTED
08-16 16:52:18.741 1160 1738 I StorageManagerService: fsType=null fsUuid=null fsLabel=null
08-16 16:52:18.741 1160 1738 I StorageManagerService: path=null internalPath=null
08-16 16:52:18.743 563 563 I vold : Executing sdcardfs
08-16 16:52:18.763 1160 1264 W Looper : Drained
08-16 16:52:18.765 563 563 D vold : Waiting for sdcardfs to spin up...
08-16 16:52:18.818 563 563 D vold : Waiting for sdcardfs to spin up...
08-16 16:52:18.824 1160 1362 W SystemServiceManager: Service com.android.server.StorageManagerService$Lifecycle took 93 ms in onUnlockingUser-0
08-16 16:52:18.824 1160 1362 D SystemServerTimingAsync: ssm.onUnlockingUser-0_com.android.server.StorageManagerService$Lifecycle took to complete: 93ms
08-16 16:52:18.824 1160 1362 I SystemServerTimingAsync: ssm.onUnlockingUser-0_com.android.server.usage.StorageStatsService$Lifecycle
08-16 16:52:18.824 1160 1362 D SystemServerTimingAsync: ssm.onUnlockingUser-0_com.android.server.usage.StorageStatsService$Lifecycle took to complete: 0ms
08-16 16:52:18.824 1160 1362 I SystemServerTimingAsync: ssm.onUnlockingUser-0_com.android.server.UiModeManagerService
08-16 16:52:18.824 1160 1362 D SystemServerTimingAsync: ssm.onUnlockingUser-0_com.android.server.UiModeManagerService took to complete: 0ms
08-16 16:52:18.824 1160 1362 I SystemServerTimingAsync: ssm.onUnlockingUser-0_com.android.server.locksettings.LockSettingsService$Lifecycle
08-16 16:52:18.825 1160 1362 D SystemServerTimingAsync: ssm.onUnlockingUser-0_com.android.server.locksettings.LockSettingsService$Lifecycle took to complete: 0ms
08-16 16:52:18.825 1160 1362 I SystemServerTimingAsync: ssm.onUnlockingUser-0_com.android.server.PersistentDataBlockService
08-16 16:52:18.825 1160 1362 D SystemServerTimingAsync: ssm.onUnlockingUser-0_com.android.server.PersistentDataBlockService took to complete: 0ms
08-16 16:52:18.825 1160 1362 I SystemServerTimingAsync: ssm.onUnlockingUser-0_com.android.server.testharness.TestHarnessModeService
08-16 16:52:18.825 1160 1362 D SystemServerTimingAsync: ssm.onUnlockingUser-0_com.android.server.testharness.TestHarnessModeService took to complete: 0ms
08-16 16:52:18.825 1160 1362 I SystemServerTimingAsync: ssm.onUnlockingUser-0_com.android.server.oemlock.OemLockService
08-16 16:52:18.825 1160 1362 D SystemServerTimingAsync: ssm.onUnlockingUser-0_com.android.server.oemlock.OemLockService took to complete: 0ms
08-16 16:52:18.825 1160 1362 I SystemServerTimingAsync: ssm.onUnlockingUser-0_com.android.server.DeviceIdleController
08-16 16:52:18.825 1160 1362 D SystemServerTimingAsync: ssm.onUnlockingUser-0_com.android.server.DeviceIdleController took to complete: 0ms
08-16 16:52:18.825 1160 1362 I SystemServerTimingAsync: ssm.onUnlockingUser-0_com.android.server.devicepolicy.DevicePolicyManagerService$Lifecycle
08-16 16:52:18.825 1160 1362 D SystemServerTimingAsync: ssm.onUnlockingUser-0_com.android.server.devicepolicy.DevicePolicyManagerService$Lifecycle took to complete: 0ms
08-16 16:52:18.825 1160 1362 I SystemServerTimingAsync: ssm.onUnlockingUser-0_com.android.server.texttospeech.TextToSpeechManagerService
08-16 16:52:18.825 1160 1362 D SystemServerTimingAsync: ssm.onUnlockingUser-0_com.android.server.texttospeech.TextToSpeechManagerService took to complete: 0ms
08-16 16:52:18.825 1160 1362 I SystemServerTimingAsync: ssm.onUnlockingUser-0_com.android.server.speech.SpeechRecognitionManagerService
08-16 16:52:18.826 1160 1362 D SystemServerTimingAsync: ssm.onUnlockingUser-0_com.android.server.speech.SpeechRecognitionManagerService took to complete: 0ms
08-16 16:52:18.826 1160 1362 I SystemServerTimingAsync: ssm.onUnlockingUser-0_com.android.server.searchui.SearchUiManagerService
08-16 16:52:18.826 1160 1362 D SystemServerTimingAsync: ssm.onUnlockingUser-0_com.android.server.searchui.SearchUiManagerService took to complete: 1ms
08-16 16:52:18.826 1160 1362 I SystemServerTimingAsync: ssm.onUnlockingUser-0_com.android.server.smartspace.SmartspaceManagerService
08-16 16:52:18.826 1160 1362 D SystemServerTimingAsync: ssm.onUnlockingUser-0_com.android.server.smartspace.SmartspaceManagerService took to complete: 0ms
08-16 16:52:18.826 1160 1362 I SystemServerTimingAsync: ssm.onUnlockingUser-0_com.android.server.graphics.fonts.FontManagerService$Lifecycle
08-16 16:52:18.826 1160 1362 D SystemServerTimingAsync: ssm.onUnlockingUser-0_com.android.server.graphics.fonts.FontManagerService$Lifecycle took to complete: 0ms
08-16 16:52:18.826 1160 1362 I SystemServerTimingAsync: ssm.onUnlockingUser-0_com.android.server.textservices.TextServicesManagerService$Lifecycle
08-16 16:52:18.828 1160 1362 D SystemServerTimingAsync: ssm.onUnlockingUser-0_com.android.server.textservices.TextServicesManagerService$Lifecycle took to complete: 1ms
08-16 16:52:18.828 1160 1362 I SystemServerTimingAsync: ssm.onUnlockingUser-0_com.android.server.textclassifier.TextClassificationManagerService$Lifecycle
08-16 16:52:18.828 1160 1362 D SystemServerTimingAsync: ssm.onUnlockingUser-0_com.android.server.textclassifier.TextClassificationManagerService$Lifecycle took to complete: 1ms
08-16 16:52:18.828 1160 1362 I SystemServerTimingAsync: ssm.onUnlockingUser-0_com.android.server.NetworkScoreService$Lifecycle
08-16 16:52:18.828 1160 1362 D SystemServerTimingAsync: ssm.onUnlockingUser-0_com.android.server.NetworkScoreService$Lifecycle took to complete: 0ms
08-16 16:52:18.831 1160 1362 I SystemServerTimingAsync: ssm.onUnlockingUser-0_com.android.server.wifi.WifiService
08-16 16:52:18.832 1160 1362 D SystemServerTimingAsync: ssm.onUnlockingUser-0_com.android.server.wifi.WifiService took to complete: 0ms
08-16 16:52:18.832 1160 1362 I SystemServerTimingAsync: ssm.onUnlockingUser-0_com.android.server.wifi.scanner.WifiScanningService
08-16 16:52:18.832 1160 1362 D SystemServerTimingAsync: ssm.onUnlockingUser-0_com.android.server.wifi.scanner.WifiScanningService took to complete: 0ms
08-16 16:52:18.832 1160 1362 I SystemServerTimingAsync: ssm.onUnlockingUser-0_com.android.server.wifi.rtt.RttService
08-16 16:52:18.832 1160 1362 D SystemServerTimingAsync: ssm.onUnlockingUser-0_com.android.server.wifi.rtt.RttService took to complete: 0ms
08-16 16:52:18.832 1160 1362 I SystemServerTimingAsync: ssm.onUnlockingUser-0_com.android.server.wifi.aware.WifiAwareService
08-16 16:52:18.832 1160 1362 D SystemServerTimingAsync: ssm.onUnlockingUser-0_com.android.server.wifi.aware.WifiAwareService took to complete: 0ms
08-16 16:52:18.832 1160 1362 I SystemServerTimingAsync: ssm.onUnlockingUser-0_com.android.server.wifi.p2p.WifiP2pService
08-16 16:52:18.832 1160 1362 D SystemServerTimingAsync: ssm.onUnlockingUser-0_com.android.server.wifi.p2p.WifiP2pService took to complete: 0ms
08-16 16:52:18.832 1160 1362 I SystemServerTimingAsync: ssm.onUnlockingUser-0_com.android.server.ethernet.EthernetService
08-16 16:52:18.832 1160 1362 D SystemServerTimingAsync: ssm.onUnlockingUser-0_com.android.server.ethernet.EthernetService took to complete: 0ms
08-16 16:52:18.832 1160 1362 I SystemServerTimingAsync: ssm.onUnlockingUser-0_com.android.server.ConnectivityServiceInitializer
08-16 16:52:18.832 1160 1362 D SystemServerTimingAsync: ssm.onUnlockingUser-0_com.android.server.ConnectivityServiceInitializer took to complete: 0ms
08-16 16:52:18.832 1160 1362 I SystemServerTimingAsync: ssm.onUnlockingUser-0_com.android.server.notification.NotificationManagerService
08-16 16:52:18.833 1160 1362 D SystemServerTimingAsync: ssm.onUnlockingUser-0_com.android.server.notification.NotificationManagerService took to complete: 0ms
08-16 16:52:18.833 1160 1362 I SystemServerTimingAsync: ssm.onUnlockingUser-0_com.android.server.storage.DeviceStorageMonitorService
08-16 16:52:18.833 1160 1362 D SystemServerTimingAsync: ssm.onUnlockingUser-0_com.android.server.storage.DeviceStorageMonitorService took to complete: 0ms
08-16 16:52:18.833 1160 1362 I SystemServerTimingAsync: ssm.onUnlockingUser-0_com.android.server.location.LocationManagerService$Lifecycle
08-16 16:52:18.833 1160 1362 D SystemServerTimingAsync: ssm.onUnlockingUser-0_com.android.server.location.LocationManagerService$Lifecycle took to complete: 0ms
08-16 16:52:18.833 1160 1362 I SystemServerTimingAsync: ssm.onUnlockingUser-0_com.android.server.timedetector.TimeDetectorService$Lifecycle
08-16 16:52:18.833 1160 1160 I Telecom : BluetoothStateReceiver: Device 00:58:76:20:46:3D changed state to 1: BSR.oR@AA8
08-16 16:52:18.833 1160 1160 I NotificationHistory: Attempted to unlock gone/disabled user 0
08-16 16:52:18.834 1160 1362 D SystemServerTimingAsync: ssm.onUnlockingUser-0_com.android.server.timedetector.TimeDetectorService$Lifecycle took to complete: 0ms
08-16 16:52:18.834 1160 1362 I SystemServerTimingAsync: ssm.onUnlockingUser-0_com.android.server.timezonedetector.TimeZoneDetectorService$Lifecycle
08-16 16:52:18.834 1160 1362 D SystemServerTimingAsync: ssm.onUnlockingUser-0_com.android.server.timezonedetector.TimeZoneDetectorService$Lifecycle took to complete: 0ms
08-16 16:52:18.834 1160 1362 I SystemServerTimingAsync: ssm.onUnlockingUser-0_com.android.server.timezonedetector.location.LocationTimeZoneManagerService$Lifecycle
08-16 16:52:18.834 1160 1362 D SystemServerTimingAsync: ssm.onUnlockingUser-0_com.android.server.timezonedetector.location.LocationTimeZoneManagerService$Lifecycle took to complete: 0ms
08-16 16:52:18.834 1160 1362 I SystemServerTimingAsync: ssm.onUnlockingUser-0_com.android.server.search.SearchManagerService$Lifecycle
08-16 16:52:18.834 1160 1362 D SystemServerTimingAsync: ssm.onUnlockingUser-0_com.android.server.search.SearchManagerService$Lifecycle took to complete: 0ms
08-16 16:52:18.834 1160 1362 I SystemServerTimingAsync: ssm.onUnlockingUser-0_com.android.server.wallpaper.WallpaperManagerService$Lifecycle
08-16 16:52:18.834 1160 1362 I WallpaperManagerService: on-unlock-user-0
08-16 16:52:18.834 1160 1362 D WallpaperManagerService: on-unlock-user-0 took to complete: 0ms
08-16 16:52:18.834 1160 1362 D SystemServerTimingAsync: ssm.onUnlockingUser-0_com.android.server.wallpaper.WallpaperManagerService$Lifecycle took to complete: 0ms
08-16 16:52:18.834 1160 1362 I SystemServerTimingAsync: ssm.onUnlockingUser-0_com.android.server.audio.AudioService$Lifecycle
08-16 16:52:18.834 1160 1362 D SystemServerTimingAsync: ssm.onUnlockingUser-0_com.android.server.audio.AudioService$Lifecycle took to complete: 0ms
08-16 16:52:18.834 1160 1362 I SystemServerTimingAsync: ssm.onUnlockingUser-0_com.android.server.soundtrigger_middleware.SoundTriggerMiddlewareService$Lifecycle
08-16 16:52:18.834 1160 1362 D SystemServerTimingAsync: ssm.onUnlockingUser-0_com.android.server.soundtrigger_middleware.SoundTriggerMiddlewareService$Lifecycle took to complete: 0ms
08-16 16:52:18.835 1160 1362 I SystemServerTimingAsync: ssm.onUnlockingUser-0_com.android.server.DockObserver
08-16 16:52:18.835 1160 1362 D SystemServerTimingAsync: ssm.onUnlockingUser-0_com.android.server.DockObserver took to complete: 0ms
08-16 16:52:18.835 1160 1362 I SystemServerTimingAsync: ssm.onUnlockingUser-0_com.android.server.midi.MidiService$Lifecycle
08-16 16:52:18.836 1160 1841 D CompatibilityChangeReporter: Compat change id reported: 168419799; UID 10132; state: DISABLED
08-16 16:52:18.838 1160 1362 D SystemServerTimingAsync: ssm.onUnlockingUser-0_com.android.server.midi.MidiService$Lifecycle took to complete: 4ms
08-16 16:52:18.838 1160 1362 I SystemServerTimingAsync: ssm.onUnlockingUser-0_com.android.server.adb.AdbService$Lifecycle
08-16 16:52:18.838 1160 1362 D SystemServerTimingAsync: ssm.onUnlockingUser-0_com.android.server.adb.AdbService$Lifecycle took to complete: 0ms
08-16 16:52:18.838 1160 1362 I SystemServerTimingAsync: ssm.onUnlockingUser-0_com.android.server.usb.UsbService$Lifecycle
08-16 16:52:18.839 1160 1362 D SystemServerTimingAsync: ssm.onUnlockingUser-0_com.android.server.usb.UsbService$Lifecycle took to complete: 0ms
08-16 16:52:18.839 1160 1362 I SystemServerTimingAsync: ssm.onUnlockingUser-0_com.android.server.twilight.TwilightService
08-16 16:52:18.839 1160 1362 D SystemServerTimingAsync: ssm.onUnlockingUser-0_com.android.server.twilight.TwilightService took to complete: 0ms
08-16 16:52:18.839 1160 1362 I SystemServerTimingAsync: ssm.onUnlockingUser-0_com.android.server.display.color.ColorDisplayService
08-16 16:52:18.839 1160 1362 D SystemServerTimingAsync: ssm.onUnlockingUser-0_com.android.server.display.color.ColorDisplayService took to complete: 0ms
08-16 16:52:18.839 1160 1362 I SystemServerTimingAsync: ssm.onUnlockingUser-0_com.android.server.job.JobSchedulerService
08-16 16:52:18.839 1160 1362 D SystemServerTimingAsync: ssm.onUnlockingUser-0_com.android.server.job.JobSchedulerService took to complete: 0ms
08-16 16:52:18.839 1160 1362 I SystemServerTimingAsync: ssm.onUnlockingUser-0_com.android.server.soundtrigger.SoundTriggerService
08-16 16:52:18.839 1160 1362 D SystemServerTimingAsync: ssm.onUnlockingUser-0_com.android.server.soundtrigger.SoundTriggerService took to complete: 0ms
08-16 16:52:18.840 1160 1362 I SystemServerTimingAsync: ssm.onUnlockingUser-0_com.android.server.trust.TrustManagerService
08-16 16:52:18.840 1160 1362 D SystemServerTimingAsync: ssm.onUnlockingUser-0_com.android.server.trust.TrustManagerService took to complete: 0ms
08-16 16:52:18.840 1160 1362 I SystemServerTimingAsync: ssm.onUnlockingUser-0_com.android.server.backup.BackupManagerService$Lifecycle
08-16 16:52:18.840 1160 1362 D SystemServerTimingAsync: ssm.onUnlockingUser-0_com.android.server.backup.BackupManagerService$Lifecycle took to complete: 1ms
08-16 16:52:18.840 1160 1362 I SystemServerTimingAsync: ssm.onUnlockingUser-0_com.android.server.appwidget.AppWidgetService
08-16 16:52:18.840 1160 1362 D SystemServerTimingAsync: ssm.onUnlockingUser-0_com.android.server.appwidget.AppWidgetService took to complete: 0ms
08-16 16:52:18.840 1160 1362 I SystemServerTimingAsync: ssm.onUnlockingUser-0_com.android.server.voiceinteraction.VoiceInteractionManagerService
08-16 16:52:18.841 1160 1362 W VoiceInteractionManager: no available voice recognition services found for user 0
08-16 16:52:18.841 1160 1782 I BackupManagerService: Starting service for user: 0
08-16 16:52:18.841 1160 1362 D SystemServerTimingAsync: ssm.onUnlockingUser-0_com.android.server.voiceinteraction.VoiceInteractionManagerService took to complete: 1ms
08-16 16:52:18.841 1160 1362 I SystemServerTimingAsync: ssm.onUnlockingUser-0_com.android.server.apphibernation.AppHibernationService
08-16 16:52:18.842 1160 1362 D SystemServerTimingAsync: ssm.onUnlockingUser-0_com.android.server.apphibernation.AppHibernationService took to complete: 0ms
08-16 16:52:18.842 1160 1362 I SystemServerTimingAsync: ssm.onUnlockingUser-0_com.android.server.GestureLauncherService
08-16 16:52:18.842 1160 1362 D SystemServerTimingAsync: ssm.onUnlockingUser-0_com.android.server.GestureLauncherService took to complete: 0ms
08-16 16:52:18.842 1160 1362 I SystemServerTimingAsync: ssm.onUnlockingUser-0_com.android.server.SensorNotificationService
08-16 16:52:18.842 1160 1362 D SystemServerTimingAsync: ssm.onUnlockingUser-0_com.android.server.SensorNotificationService took to complete: 0ms
08-16 16:52:18.842 1160 1362 I SystemServerTimingAsync: ssm.onUnlockingUser-0_com.android.server.emergency.EmergencyAffordanceService
08-16 16:52:18.842 1160 1362 D SystemServerTimingAsync: ssm.onUnlockingUser-0_com.android.server.emergency.EmergencyAffordanceService took to complete: 0ms
08-16 16:52:18.842 1160 1362 I SystemServerTimingAsync: ssm.onUnlockingUser-0_com.android.server.blob.BlobStoreManagerService
08-16 16:52:18.843 1160 1362 D SystemServerTimingAsync: ssm.onUnlockingUser-0_com.android.server.blob.BlobStoreManagerService took to complete: 0ms
08-16 16:52:18.843 1160 1362 I SystemServerTimingAsync: ssm.onUnlockingUser-0_com.android.server.dreams.DreamManagerService
08-16 16:52:18.843 1160 1362 D SystemServerTimingAsync: ssm.onUnlockingUser-0_com.android.server.dreams.DreamManagerService took to complete: 0ms
08-16 16:52:18.843 1160 1362 I SystemServerTimingAsync: ssm.onUnlockingUser-0_com.android.server.print.PrintManagerService
08-16 16:52:18.843 1160 1362 D SystemServerTimingAsync: ssm.onUnlockingUser-0_com.android.server.print.PrintManagerService took to complete: 0ms
08-16 16:52:18.843 1160 1362 I SystemServerTimingAsync: ssm.onUnlockingUser-0_com.android.server.companion.CompanionDeviceManagerService
01-01 05:46:39.275 0 0 I : sdcardfs version 2.0
01-01 05:46:39.275 0 0 I sdcardfs: dev_name -> /data/media
01-01 05:46:39.275 0 0 I sdcardfs: options -> fsuid=1023,fsgid=1023,multiuser,derive_gid,default_normal,unshared_obb,mask=6,userid=0,gid=1015
01-01 05:46:39.275 0 0 I sdcardfs: mnt -> ffffffdf077150e0
01-01 05:46:39.282 0 0 W QSEECOM : __qseecom_unload_app: App (9) is unloaded
01-01 05:46:39.286 0 0 D qbt : qbt_release: entry minor_no=0 fd_available=0
01-01 05:46:39.286 0 0 D qbt : qbt_release: Releasing wakelock
01-01 05:46:39.286 0 0 D qbt : qbt_release: exit : fd_available=1
01-01 05:46:39.286 0 0 D qbt : qbt_release: entry minor_no=1 fd_available=1
01-01 05:46:39.286 0 0 D qbt : qbt_release: exit : fd_available=1
01-01 05:46:39.287 0 0 I display_panel_avdd: disabling
01-01 05:46:39.289 0 0 I sdcardfs: mounted on top of /data/media type f2fs
08-16 16:52:18.843 1160 1362 D SystemServerTimingAsync: ssm.onUnlockingUser-0_com.android.server.companion.CompanionDeviceManagerService took to complete: 0ms
08-16 16:52:18.843 1160 1362 I SystemServerTimingAsync: ssm.onUnlockingUser-0_com.android.server.restrictions.RestrictionsManagerService
08-16 16:52:18.843 1160 1362 D SystemServerTimingAsync: ssm.onUnlockingUser-0_com.android.server.restrictions.RestrictionsManagerService took to complete: 0ms
08-16 16:52:18.843 1160 1362 I SystemServerTimingAsync: ssm.onUnlockingUser-0_com.android.server.media.MediaSessionService
08-16 16:52:18.843 1160 1362 D SystemServerTimingAsync: ssm.onUnlockingUser-0_com.android.server.media.MediaSessionService took to complete: 0ms
08-16 16:52:18.843 1160 1362 I SystemServerTimingAsync: ssm.onUnlockingUser-0_com.android.server.media.MediaResourceMonitorService
