01-01 05:47:11.793 0 0 D : mv2112_read_status
01-01 05:47:11.793 0 0 D mv2112_update_link: 3.0x901(1G): 0x4
01-01 05:47:11.793 0 0 D mv2112_update_link: 3.0x8109(100M): 0x8
01-01 05:47:11.793 0 0 D mv2112_update_link: link 0x4
01-01 05:47:11.793 0 0 D mv2112_read_status: autoneg is disabled
01-01 05:47:11.910 0 0 I init : starting service 'vendor.light-hal-2-0'...
01-01 05:47:12.011 0 0 I init : Service 'vendor.light-hal-2-0' (pid 4510) exited with status 0
01-01 05:47:12.011 0 0 I init : Sending signal 9 to service 'vendor.light-hal-2-0' (pid 4510) process group...
01-01 05:47:12.012 0 0 I libprocessgroup: Successfully killed process cgroup uid 1000 pid 4510 in 0ms
01-01 05:47:12.425 0 0 I afe_close: port_id = 0x400e
01-01 05:47:12.433 0 0 I btfm_slim_disable_ch: port:16, grp: 0, ch->grph:0x0, ch->ch_hdl:0x1d
01-01 05:47:12.681 0 0 I init : starting service 'qvrd_vndr'...
01-01 05:47:12.689 0 0 I init : Created socket '/dev/socket/qvrservice_vndr', mode 660, user 1000, group 1000
01-01 05:47:12.691 0 0 I init : Created socket '/dev/socket/qvrservice_vndr_camera', mode 660, user 1000, group 1000
01-01 05:47:12.724 0 0 I init : starting service 'sxrd'...
08-16 16:52:52.342 4518 4518 F linker : CANNOT LINK EXECUTABLE "/vendor/bin/hw/qvrservice": library "vendor.qti.hardware.qxr-V1-ndk_platform.so" not found: needed by /vendor/lib64/libqvrservice.so in namespace (default)
01-01 05:47:12.769 0 0 I init : Service 'qvrd_vndr' (pid 4518) exited with status 1
01-01 05:47:12.769 0 0 I init : Sending signal 9 to service 'qvrd_vndr' (pid 4518) process group...
08-16 16:52:52.348 4519 4519 F linker : CANNOT LINK EXECUTABLE "/vendor/bin/hw/sxrservice": library "vendor.qti.hardware.qxr-V1-ndk_platform.so" not found: needed by main executable
01-01 05:47:12.817 0 0 D : mv2112_read_status
01-01 05:47:12.817 0 0 D mv2112_update_link: 3.0x901(1G): 0x4
01-01 05:47:12.817 0 0 D mv2112_update_link: 3.0x8109(100M): 0x8
01-01 05:47:12.817 0 0 D mv2112_update_link: link 0x4
01-01 05:47:12.817 0 0 D mv2112_read_status: autoneg is disabled
08-16 16:52:52.392 1160 1826 I ActivityManager: Process com.qti.ltebc (pid 4471) has died: fg RCVR
08-16 16:52:52.401 1160 1362 D CompatibilityChangeReporter: Compat change id reported: 135634846; UID 10107; state: DISABLED
08-16 16:52:52.401 1160 1362 D CompatibilityChangeReporter: Compat change id reported: 177438394; UID 10107; state: DISABLED
08-16 16:52:52.401 1160 1362 D CompatibilityChangeReporter: Compat change id reported: 135772972; UID 10107; state: DISABLED
08-16 16:52:52.401 1160 1362 D CompatibilityChangeReporter: Compat change id reported: 135754954; UID 10107; state: ENABLED
08-16 16:52:52.402 1160 1365 D CompatibilityChangeReporter: Compat change id reported: 143937733; UID 10107; state: ENABLED
08-16 16:52:52.460 1160 1365 W ActivityManager: Slow operation: 60ms so far, now at startProcess: returned from zygote!
08-16 16:52:52.461 1160 1365 W ActivityManager: Slow operation: 60ms so far, now at startProcess: done updating battery stats
08-16 16:52:52.461 1160 1365 W ActivityManager: Slow operation: 60ms so far, now at startProcess: building log message
08-16 16:52:52.461 1160 1365 I ActivityManager: Start proc 4520:com.qti.ltebc/u0a107 for broadcast {com.qti.ltebc/com.qualcomm.ltebc.LTEBroadcastAlarmReceiver}
08-16 16:52:52.461 1160 1365 W ActivityManager: Slow operation: 60ms so far, now at startProcess: starting to update pids map
08-16 16:52:52.461 1160 1365 W ActivityManager: Slow operation: 61ms so far, now at startProcess: done updating pids map
01-01 05:47:12.945 0 0 I binder : 4520:4520 ioctl 40046210 7fdf50bae4 returned -22
08-16 16:52:52.528 1160 1841 D CompatibilityChangeReporter: Compat change id reported: 168419799; UID 10107; state: DISABLED
01-01 05:47:13.841 0 0 D : mv2112_read_status
01-01 05:47:13.841 0 0 D mv2112_update_link: 3.0x901(1G): 0x4
01-01 05:47:13.841 0 0 D mv2112_update_link: 3.0x8109(100M): 0x8
01-01 05:47:13.841 0 0 D mv2112_update_link: link 0x4
01-01 05:47:13.841 0 0 D mv2112_read_status: autoneg is disabled
08-16 16:52:53.551 1160 1362 I ActivityManager: Waited long enough for: ServiceRecord{36024c0 u0 com.qualcomm.atfwd/.AtFwdService}
01-01 05:47:14.113 0 0 I btfm_slim_hw_init: PGD Enum Addr: 00:01:20:02:17: 02
01-01 05:47:14.113 0 0 I btfm_slim_hw_init: IFD Enum Addr: 00:00:20:02:17: 02
01-01 05:47:14.113 0 0 I btfm_slim_hw_init: chipset soc version:400a0200
01-01 05:47:14.113 0 0 I btfm_slim_hw_init: chipset is hastings 2.0, overwriting EA
01-01 05:47:14.113 0 0 I btfm_slim_hw_init: PGD Enum Addr: 00:01:20:02:17: 02
01-01 05:47:14.113 0 0 I btfm_slim_hw_init: IFD Enum Addr: 00:00:20:02:17: 02
01-01 05:47:14.113 0 0 I btfm_slim_alloc_port: chipset soc version:400a0200
01-01 05:47:14.126 0 0 I btfm_slim_enable_ch: chipset soc version:400a0200
01-01 05:47:14.126 0 0 I btfm_slim_enable_ch: channel define - prot:2, dataf:0, auxf:0
01-01 05:47:14.126 0 0 I btfm_slim_enable_ch: channel define - rates:44100, baser:2, ratem:4
01-01 05:47:14.126 0 0 I btfm_slim_enable_ch: slim_connect_sink(port: 16, ch: 157)
01-01 05:47:14.130 0 0 I btfm_slim_enable_ch: port: 16, ch: 157, grp: 0, ch->grph: 0x0, ch_hdl: 0x1d
01-01 05:47:14.132 0 0 I __afe_port_start: port id: 0x400e
01-01 05:47:14.132 0 0 I afe_find_cal_topo_id_by_port: port id: 0x400e, dev_acdb_id: 20
01-01 05:47:14.132 0 0 I afe_find_cal_topo_id_by_port: top_id:112fc acdb_id:20 afe_port_id:0x400e
01-01 05:47:14.132 0 0 I afe_get_cal_topology_id: port_id = 0x400e acdb_id = 20 topology_id = 0x112fc cal_type_index=8 ret=0
01-01 05:47:14.132 0 0 I afe_send_port_topology_id: AFE set topology id 0x112fc enable for port 0x400e ret 0
01-01 05:47:14.132 0 0 I send_afe_cal_type: cal_index is 0
01-01 05:47:14.132 0 0 I send_afe_cal_type: dev_acdb_id[119] is 20
01-01 05:47:14.132 0 0 I afe_find_cal: cal_index 0 port_id 0x400e port_index 119
01-01 05:47:14.132 0 0 I afe_find_cal: acdb_id 20 dev_acdb_id 20 sample_rate 48000 afe_sample_rates 44100
01-01 05:47:14.132 0 0 I afe_find_cal: no matching cal_block found
01-01 05:47:14.132 0 0 E : send_afe_cal_type cal_block not found!!
01-01 05:47:14.138 0 0 I afe_send_hw_delay: port_id 0x400e rate 44100 delay_usec 0 status 0
01-01 05:47:14.193 0 0 I perf : interrupt took too long (2510 > 2500), lowering kernel.perf_event_max_sample_rate to 79500
01-01 05:47:14.865 0 0 D : mv2112_read_status
01-01 05:47:14.865 0 0 D mv2112_update_link: 3.0x901(1G): 0x4
01-01 05:47:14.865 0 0 D mv2112_update_link: 3.0x8109(100M): 0x8
01-01 05:47:14.865 0 0 D mv2112_update_link: link 0x4
01-01 05:47:14.865 0 0 D mv2112_read_status: autoneg is disabled
08-16 16:52:55.211 1160 1362 I ActivityManager: Waited long enough for: ServiceRecord{eb86d6a u0 com.qualcomm.qti.modemtestmode/.MbnSystemService}
01-01 05:47:15.888 0 0 D : mv2112_read_status
01-01 05:47:15.888 0 0 D mv2112_update_link: 3.0x901(1G): 0x4
01-01 05:47:15.889 0 0 D mv2112_update_link: 3.0x8109(100M): 0x8
01-01 05:47:15.889 0 0 D mv2112_update_link: link 0x4
01-01 05:47:15.889 0 0 D mv2112_read_status: autoneg is disabled
08-16 16:52:56.396 1160 1362 I ActivityManager: Waited long enough for: ServiceRecord{ad055f5 u0 com.tencent.mtt/.browser.push.service.PushRemoteService}
01-01 05:47:16.913 0 0 D : mv2112_read_status
01-01 05:47:16.913 0 0 D mv2112_update_link: 3.0x901(1G): 0x4
01-01 05:47:16.913 0 0 D mv2112_update_link: 3.0x8109(100M): 0x8
01-01 05:47:16.913 0 0 D mv2112_update_link: link 0x4
01-01 05:47:16.913 0 0 D mv2112_read_status: autoneg is disabled
01-01 05:47:16.944 0 0 I init : starting service 'vendor.light-hal-2-0'...
01-01 05:47:17.048 0 0 I init : Service 'vendor.light-hal-2-0' (pid 4543) exited with status 0
01-01 05:47:17.048 0 0 I init : Sending signal 9 to service 'vendor.light-hal-2-0' (pid 4543) process group...
01-01 05:47:17.049 0 0 I libprocessgroup: Successfully killed process cgroup uid 1000 pid 4543 in 0ms
01-01 05:47:17.592 0 0 I afe_close: port_id = 0x400e
01-01 05:47:17.600 0 0 I btfm_slim_disable_ch: port:16, grp: 0, ch->grph:0x0, ch->ch_hdl:0x1d
01-01 05:47:17.718 0 0 I init : starting service 'qvrd_vndr'...
01-01 05:47:17.723 0 0 I init : Created socket '/dev/socket/qvrservice_vndr', mode 660, user 1000, group 1000
01-01 05:47:17.727 0 0 I init : Created socket '/dev/socket/qvrservice_vndr_camera', mode 660, user 1000, group 1000
01-01 05:47:17.763 0 0 I init : starting service 'sxrd'...
08-16 16:52:57.373 4544 4544 F linker : CANNOT LINK EXECUTABLE "/vendor/bin/hw/qvrservice": library "vendor.qti.hardware.qxr-V1-ndk_platform.so" not found: needed by /vendor/lib64/libqvrservice.so in namespace (default)
01-01 05:47:17.800 0 0 I init : Service 'qvrd_vndr' (pid 4544) exited with status 1
01-01 05:47:17.800 0 0 I init : Sending signal 9 to service 'qvrd_vndr' (pid 4544) process group...
08-16 16:52:57.383 4545 4545 F linker : CANNOT LINK EXECUTABLE "/vendor/bin/hw/sxrservice": library "vendor.qti.hardware.qxr-V1-ndk_platform.so" not found: needed by main executable
01-01 05:47:17.937 0 0 D : mv2112_read_status
01-01 05:47:17.937 0 0 D mv2112_update_link: 3.0x901(1G): 0x4
01-01 05:47:17.937 0 0 D mv2112_update_link: 3.0x8109(100M): 0x8
01-01 05:47:17.937 0 0 D mv2112_update_link: link 0x4
01-01 05:47:17.937 0 0 D mv2112_read_status: autoneg is disabled
08-16 16:52:57.681 1160 2197 D CompatibilityChangeReporter: Compat change id reported: 135634846; UID 10130; state: DISABLED
08-16 16:52:57.681 1160 2197 D CompatibilityChangeReporter: Compat change id reported: 177438394; UID 10130; state: DISABLED
08-16 16:52:57.681 1160 2197 D CompatibilityChangeReporter: Compat change id reported: 135772972; UID 10130; state: DISABLED
08-16 16:52:57.681 1160 2197 D CompatibilityChangeReporter: Compat change id reported: 135754954; UID 10130; state: DISABLED
08-16 16:52:57.682 1160 1365 D CompatibilityChangeReporter: Compat change id reported: 143937733; UID 10130; state: DISABLED
08-16 16:52:57.683 1160 2197 I ActivityManager: Killing 3689:com.qualcomm.qti.qmmi/1000 (adj 995): empty #31
08-16 16:52:57.726 1160 1365 I ActivityManager: Start proc 4551:org.codeaurora.bluetooth.bttestapp/u0a130 for broadcast {org.codeaurora.bluetooth.bttestapp/org.codeaurora.bluetooth.bttestapp.BluetoothConnectionReceiver}
08-16 16:52:57.787 1160 2977 D CompatibilityChangeReporter: Compat change id reported: 135634846; UID 10075; state: DISABLED
08-16 16:52:57.787 1160 2977 D CompatibilityChangeReporter: Compat change id reported: 177438394; UID 10075; state: DISABLED
08-16 16:52:57.787 1160 2977 D CompatibilityChangeReporter: Compat change id reported: 135772972; UID 10075; state: DISABLED
08-16 16:52:57.788 1160 2977 D CompatibilityChangeReporter: Compat change id reported: 135754954; UID 10075; state: DISABLED
08-16 16:52:57.789 1160 1365 D CompatibilityChangeReporter: Compat change id reported: 143937733; UID 10075; state: DISABLED
01-01 05:47:18.245 0 0 I binder : 4551:4551 ioctl 40046210 7fdf50bae4 returned -22
01-01 05:47:18.259 0 0 I : boot log copy done
08-16 16:52:57.834 1160 2977 D CompatibilityChangeReporter: Compat change id reported: 168419799; UID 10130; state: DISABLED
08-16 16:52:57.849 1160 1365 W ActivityManager: Slow operation: 63ms so far, now at startProcess: returned from zygote!
08-16 16:52:57.860 1160 1365 W ActivityManager: Slow operation: 73ms so far, now at startProcess: done updating battery stats
08-16 16:52:57.860 1160 1365 W ActivityManager: Slow operation: 73ms so far, now at startProcess: building log message
08-16 16:52:57.860 1160 1365 I ActivityManager: Start proc 4569:com.qualcomm.qti.qms.service.trustzoneaccess/u0a75 for service {com.qualcomm.qti.qms.service.trustzoneaccess/com.qualcomm.qti.qms.service.trustzoneaccess.TZAccessService}
08-16 16:52:57.860 1160 1365 W ActivityManager: Slow operation: 73ms so far, now at startProcess: starting to update pids map
08-16 16:52:57.860 1160 1365 W ActivityManager: Slow operation: 74ms so far, now at startProcess: done updating pids map
01-01 05:47:18.331 0 0 I binder : 4569:4569 ioctl 40046210 7fdf50bae4 returned -22
08-16 16:52:57.915 1160 1194 D CompatibilityChangeReporter: Compat change id reported: 168419799; UID 10075; state: DISABLED
08-16 16:52:58.071 1160 2977 I ActivityManager: Killing 3163:com.android.printspooler/u0a51 (adj 995): empty #31
08-16 16:52:58.142 1160 1194 I ActivityManager: Killing 3335:android.process.acore/u0a32 (adj 995): empty #31
08-16 16:52:58.172 1160 1698 I ActivityManager: Killing 3936:com.android.calendar/u0a88 (adj 999): empty #31
08-16 16:52:58.452 1160 2197 I ActivityManager: Process com.qti.ltebc (pid 4520) has died: cch+5 CEM
01-01 05:47:18.961 0 0 D : mv2112_read_status
01-01 05:47:18.961 0 0 D mv2112_update_link: 3.0x901(1G): 0x4
01-01 05:47:18.961 0 0 D mv2112_update_link: 3.0x8109(100M): 0x8
01-01 05:47:18.961 0 0 D mv2112_update_link: link 0x4
01-01 05:47:18.961 0 0 D mv2112_read_status: autoneg is disabled
08-16 16:52:58.727 1160 1160 D CompanionDeviceManagerService: TriggerDeviceDisappearedRunnable.run(address = 00:1F:20:EB:59:9E)
08-16 16:52:58.727 1160 1160 I CompanionDeviceManagerService: onDeviceDisappeared(address = 00:1F:20:EB:59:9E)
01-01 05:47:19.291 0 0 I [schedu][0x83a1509a][16:52:58.865413] wlan: [1943:I:OSIF] scan start scan id 40962
08-16 16:52:58.881 1160 1266 I DropBoxManagerService: add tag=system_server_strictmode isTagEnabled=true flags=0x2
08-16 16:52:58.888 1160 1266 I DropBoxManagerService: add tag=system_server_strictmode isTagEnabled=true flags=0x2
08-16 16:52:59.023 1160 2433 W OverlayManager: service 'idmap' died
01-01 05:47:19.985 0 0 D : mv2112_read_status
01-01 05:47:19.985 0 0 D mv2112_update_link: 3.0x901(1G): 0x4
01-01 05:47:19.986 0 0 D mv2112_update_link: 3.0x8109(100M): 0x8
01-01 05:47:19.986 0 0 D mv2112_update_link: link 0x4
01-01 05:47:19.986 0 0 D mv2112_read_status: autoneg is disabled
01-01 05:47:21.009 0 0 D : mv2112_read_status
01-01 05:47:21.009 0 0 D mv2112_update_link: 3.0x901(1G): 0x4
01-01 05:47:21.009 0 0 D mv2112_update_link: 3.0x8109(100M): 0x8
01-01 05:47:21.009 0 0 D mv2112_update_link: link 0x4
01-01 05:47:21.009 0 0 D mv2112_read_status: autoneg is disabled
01-01 05:47:21.080 0 0 I [schedu][0x85ad6b96][16:53:00.654362] wlan: [1943:I:OSIF] vdev 0, scan id 40962 type COMPLETED(1) reason COMPLETED(1) scan found 41 bss
01-01 05:47:21.981 0 0 I init : starting service 'vendor.light-hal-2-0'...
01-01 05:47:22.033 0 0 D : mv2112_read_status
01-01 05:47:22.033 0 0 D mv2112_update_link: 3.0x901(1G): 0x4
01-01 05:47:22.033 0 0 D mv2112_update_link: 3.0x8109(100M): 0x8
01-01 05:47:22.033 0 0 D mv2112_update_link: link 0x4
01-01 05:47:22.033 0 0 D mv2112_read_status: autoneg is disabled
01-01 05:47:22.112 0 0 I init : Service 'vendor.light-hal-2-0' (pid 4602) exited with status 0
01-01 05:47:22.112 0 0 I init : Sending signal 9 to service 'vendor.light-hal-2-0' (pid 4602) process group...
01-01 05:47:22.114 0 0 I libprocessgroup: Successfully killed process cgroup uid 1000 pid 4602 in 1ms
01-01 05:47:22.759 0 0 I init : starting service 'qvrd_vndr'...
01-01 05:47:22.770 0 0 I init : Created socket '/dev/socket/qvrservice_vndr', mode 660, user 1000, group 1000
01-01 05:47:22.776 0 0 I init : Created socket '/dev/socket/qvrservice_vndr_camera', mode 660, user 1000, group 1000
01-01 05:47:22.835 0 0 I init : starting service 'sxrd'...
08-16 16:53:02.459 4603 4603 F linker : CANNOT LINK EXECUTABLE "/vendor/bin/hw/qvrservice": library "vendor.qti.hardware.qxr-V1-ndk_platform.so" not found: needed by /vendor/lib64/libqvrservice.so in namespace (default)
08-16 16:53:02.460 4604 4604 F linker : CANNOT LINK EXECUTABLE "/vendor/bin/hw/sxrservice": library "vendor.qti.hardware.qxr-V1-ndk_platform.so" not found: needed by main executable
01-01 05:47:22.887 0 0 I init : Service 'qvrd_vndr' (pid 4603) exited with status 1
01-01 05:47:22.887 0 0 I init : Sending signal 9 to service 'qvrd_vndr' (pid 4603) process group...
01-01 05:47:23.057 0 0 D : mv2112_read_status
01-01 05:47:23.057 0 0 D mv2112_update_link: 3.0x901(1G): 0x4
01-01 05:47:23.058 0 0 D mv2112_update_link: 3.0x8109(100M): 0x8
01-01 05:47:23.058 0 0 D mv2112_update_link: link 0x4
01-01 05:47:23.058 0 0 D mv2112_read_status: autoneg is disabled
01-01 05:47:24.081 0 0 D : mv2112_read_status
01-01 05:47:24.081 0 0 D mv2112_update_link: 3.0x901(1G): 0x4
01-01 05:47:24.081 0 0 D mv2112_update_link: 3.0x8109(100M): 0x8
01-01 05:47:24.081 0 0 D mv2112_update_link: link 0x4
01-01 05:47:24.081 0 0 D mv2112_read_status: autoneg is disabled
01-01 05:47:25.105 0 0 D : mv2112_read_status
01-01 05:47:25.105 0 0 D mv2112_update_link: 3.0x901(1G): 0x4
01-01 05:47:25.105 0 0 D mv2112_update_link: 3.0x8109(100M): 0x8
01-01 05:47:25.105 0 0 D mv2112_update_link: link 0x4
01-01 05:47:25.105 0 0 D mv2112_read_status: autoneg is disabled
01-01 05:47:26.129 0 0 D : mv2112_read_status
01-01 05:47:26.129 0 0 D mv2112_update_link: 3.0x901(1G): 0x4
01-01 05:47:26.129 0 0 D mv2112_update_link: 3.0x8109(100M): 0x8
01-01 05:47:26.129 0 0 D mv2112_update_link: link 0x4
01-01 05:47:26.129 0 0 D mv2112_read_status: autoneg is disabled
08-16 16:53:06.475 1160 1160 D CompanionDeviceManagerService: onDeviceConnected(address = 00:1F:20:EB:59:9E)
08-16 16:53:06.475 1160 1160 I CompanionDeviceManagerService: onDeviceNearby(justAppeared, address = 00:1F:20:EB:59:9E)
01-01 05:47:27.042 0 0 I init : starting service 'vendor.light-hal-2-0'...
01-01 05:47:27.144 0 0 I init : Service 'vendor.light-hal-2-0' (pid 4612) exited with status 0
01-01 05:47:27.144 0 0 I init : Sending signal 9 to service 'vendor.light-hal-2-0' (pid 4612) process group...
01-01 05:47:27.145 0 0 I libprocessgroup: Successfully killed process cgroup uid 1000 pid 4612 in 0ms
01-01 05:47:27.152 0 0 D : mv2112_read_status
01-01 05:47:27.152 0 0 D mv2112_update_link: 3.0x901(1G): 0x4
01-01 05:47:27.153 0 0 D mv2112_update_link: 3.0x8109(100M): 0x8
01-01 05:47:27.153 0 0 D mv2112_update_link: link 0x4
01-01 05:47:27.153 0 0 D mv2112_read_status: autoneg is disabled
01-01 05:47:27.181 0 0 I input : Logitech Keyboard K480 Keyboard as /devices/virtual/misc/uhid/0005:046D:B330.0002/input/input9
01-01 05:47:27.203 0 0 I input : Logitech Keyboard K480 Consumer Control as /devices/virtual/misc/uhid/0005:046D:B330.0002/input/input10
01-01 05:47:27.208 0 0 I input : Logitech Keyboard K480 System Control as /devices/virtual/misc/uhid/0005:046D:B330.0002/input/input11
01-01 05:47:27.212 0 0 I hid-generic 0005: 046D:B330.0002: input,hidraw1: BLUETOOTH HID v0.00 Keyboard [Logitech Keyboard K480] on
08-16 16:53:06.812 1160 1723 I ActivityTaskManager: Config changes=30 {1.0 ?mcc?mnc [en_US] ldltr sw680dp w1586dp h608dp 240dpi lrg long hdr land finger qwerty/v/v -nav/h winConfig={ mBounds=Rect(0, 0 - 2380, 1020) mAppBounds=Rect(0, 0 - 2380, 948) mMaxBounds=Rect(0, 0 - 2380, 1020) mWindowingMode=fullscreen mDisplayWindowingMode=fullscreen mActivityType=undefined mAlwaysOnTop=undefined mRotation=ROTATION_0} s.15 fontWeightAdjustment=0}
08-16 16:53:06.832 1160 1723 W ActivityTaskManager: Current config: {1.0 ?mcc?mnc [en_US] ldltr sw680dp w1586dp h608dp 240dpi lrg long hdr land finger -keyb/v/h -nav/h winConfig={ mBounds=Rect(0, 0 - 2380, 1020) mAppBounds=Rect(0, 0 - 2380, 948) mMaxBounds=Rect(0, 0 - 2380, 1020) mWindowingMode=fullscreen mDisplayWindowingMode=fullscreen mActivityType=undefined mAlwaysOnTop=undefined mRotation=ROTATION_0} s.15 fontWeightAdjustment=0} unchanged for IME proc com.android.inputmethod.latin
08-16 16:53:06.839 1160 1723 I WindowManager: Override config changes=30 {1.0 ?mcc?mnc [en_US] ldltr sw680dp w1586dp h608dp 240dpi lrg long hdr land finger qwerty/v/v -nav/h winConfig={ mBounds=Rect(0, 0 - 2380, 1020) mAppBounds=Rect(0, 0 - 2380, 948) mMaxBounds=Rect(0, 0 - 2380, 1020) mWindowingMode=fullscreen mDisplayWindowingMode=fullscreen mActivityType=undefined mAlwaysOnTop=undefined mRotation=ROTATION_0} s.15 fontWeightAdjustment=0} for displayId=0
08-16 16:53:06.839 1160 1723 V ActivityTaskManager: Sending to IME proc com.android.inputmethod.latin new config {1.0 ?mcc?mnc [en_US] ldltr sw680dp w1586dp h608dp 240dpi lrg long hdr land finger qwerty/v/v -nav/h winConfig={ mBounds=Rect(0, 0 - 2380, 1020) mAppBounds=Rect(0, 0 - 2380, 948) mMaxBounds=Rect(0, 0 - 2380, 1020) mWindowingMode=fullscreen mDisplayWindowingMode=fullscreen mActivityType=undefined mAlwaysOnTop=undefined mRotation=ROTATION_0} s.15 fontWeightAdjustment=0}
01-01 05:47:27.239 0 0 E swr-wcd rx_swr_ctrl: swrm_get_logical_dev_num: device 0xd01170224 is not ready
01-01 05:47:27.251 0 0 E swr_get_logical_dev_num: Error -22 to get logical addr for device d01170224
01-01 05:47:27.268 0 0 E swr-wcd rx_swr_ctrl: swrm_get_logical_dev_num: device 0xd01170224 is not ready
01-01 05:47:27.277 0 0 E swr_get_logical_dev_num: Error -22 to get logical addr for device d01170224
01-01 05:47:27.286 0 0 E swr-wcd rx_swr_ctrl: swrm_get_logical_dev_num: device 0xd01170224 is not ready
01-01 05:47:27.295 0 0 E swr_get_logical_dev_num: Error -22 to get logical addr for device d01170224
01-01 05:47:27.306 0 0 E swr-wcd rx_swr_ctrl: swrm_get_logical_dev_num: device 0xd01170224 is not ready
01-01 05:47:27.315 0 0 E swr_get_logical_dev_num: Error -22 to get logical addr for device d01170224
01-01 05:47:27.324 0 0 E swr-wcd rx_swr_ctrl: swrm_get_logical_dev_num: device 0xd01170224 is not ready
01-01 05:47:27.333 0 0 E swr_get_logical_dev_num: Error -22 to get logical addr for device d01170224
01-01 05:47:27.342 0 0 E wcd938x_codec wcd938x-codec: wcd938x_bind: Slave bind failed, ret = -517
01-01 05:47:27.355 0 0 E : [drm:dp_display_init_aux_switch][msm-dp-err][419 ]failed to register notifier (-22)
08-16 16:53:06.984 1160 1841 D CompatibilityChangeReporter: Compat change id reported: 168419799; UID 10124; state: DISABLED
08-16 16:53:07.016 1160 1160 W NotificationHistory: Attempted to add notif for locked/gone/disabled user 0
08-16 16:53:07.199 2395 2395 E ActivityThread: Failed to find provider info for com.google.android.gms.nearby.fastpair
08-16 16:53:07.201 2395 2493 E ActivityThread: Failed to find provider info for com.google.android.gms.nearby.fastpair
08-16 16:53:07.289 1160 1194 D PackageManager: Instant App installer not found with android.intent.action.INSTALL_INSTANT_APP_PACKAGE
08-16 16:53:07.289 1160 1194 D PackageManager: Clear ephemeral installer activity
08-16 16:53:07.346 1160 2197 I WindowManager: finishDrawing of relaunch: Window{d6e9cfc u0 com.android.settings/com.android.settings.SubSettings} 404ms
08-16 16:53:07.354 1160 1268 I WindowManager: Screen frozen for +490ms due to Window{d6e9cfc u0 com.android.settings/com.android.settings.SubSettings}
08-16 16:53:07.369 1160 1820 D PackageManager: Instant App installer not found with android.intent.action.INSTALL_INSTANT_APP_PACKAGE
08-16 16:53:07.369 1160 1820 D PackageManager: Clear ephemeral installer activity
01-01 05:47:27.824 0 0 I init : starting service 'qvrd_vndr'...
08-16 16:53:07.392 1160 1723 I ActivityTaskManager: Config changes=20000400 {1.0 ?mcc?mnc [en_US] ldltr sw680dp w1586dp h640dp 240dpi lrg long hdr land finger qwerty/v/v -nav/h winConfig={ mBounds=Rect(0, 0 - 2380, 1020) mAppBounds=Rect(0, 0 - 2380, 996) mMaxBounds=Rect(0, 0 - 2380, 1020) mWindowingMode=fullscreen mDisplayWindowingMode=fullscreen mActivityType=undefined mAlwaysOnTop=undefined mRotation=ROTATION_0} s.83 fontWeightAdjustment=0}
08-16 16:53:07.416 1160 1723 W ActivityTaskManager: Current config: {1.0 ?mcc?mnc [en_US] ldltr sw680dp w1586dp h608dp 240dpi lrg long hdr land finger qwerty/v/v -nav/h winConfig={ mBounds=Rect(0, 0 - 2380, 1020) mAppBounds=Rect(0, 0 - 2380, 948) mMaxBounds=Rect(0, 0 - 2380, 1020) mWindowingMode=fullscreen mDisplayWindowingMode=fullscreen mActivityType=undefined mAlwaysOnTop=undefined mRotation=ROTATION_0} s.83 fontWeightAdjustment=0} unchanged for IME proc com.android.inputmethod.latin
08-16 16:53:07.427 1160 1723 I WindowManager: Override config changes=20000400 {1.0 ?mcc?mnc [en_US] ldltr sw680dp w1586dp h640dp 240dpi lrg long hdr land finger qwerty/v/v -nav/h winConfig={ mBounds=Rect(0, 0 - 2380, 1020) mAppBounds=Rect(0, 0 - 2380, 996) mMaxBounds=Rect(0, 0 - 2380, 1020) mWindowingMode=fullscreen mDisplayWindowingMode=fullscreen mActivityType=undefined mAlwaysOnTop=undefined mRotation=ROTATION_0} s.83 fontWeightAdjustment=0} for displayId=0
08-16 16:53:07.427 1160 1723 V ActivityTaskManager: Sending to IME proc com.android.inputmethod.latin new config {1.0 ?mcc?mnc [en_US] ldltr sw680dp w1586dp h640dp 240dpi lrg long hdr land finger qwerty/v/v -nav/h winConfig={ mBounds=Rect(0, 0 - 2380, 1020) mAppBounds=Rect(0, 0 - 2380, 996) mMaxBounds=Rect(0, 0 - 2380, 1020) mWindowingMode=fullscreen mDisplayWindowingMode=fullscreen mActivityType=undefined mAlwaysOnTop=undefined mRotation=ROTATION_0} s.83 fontWeightAdjustment=0}
01-01 05:47:27.858 0 0 I init : Created socket '/dev/socket/qvrservice_vndr', mode 660, user 1000, group 1000
01-01 05:47:27.862 0 0 I init : Created socket '/dev/socket/qvrservice_vndr_camera', mode 660, user 1000, group 1000
01-01 05:47:27.879 0 0 I init : starting service 'sxrd'...
08-16 16:53:07.482 4627 4627 F linker : CANNOT LINK EXECUTABLE "/vendor/bin/hw/sxrservice": library "vendor.qti.hardware.qxr-V1-ndk_platform.so" not found: needed by main executable
01-01 05:47:27.909 0 0 I init : Service 'sxrd' (pid 4627) exited with status 1
08-16 16:53:07.484 4626 4626 F linker : CANNOT LINK EXECUTABLE "/vendor/bin/hw/qvrservice": library "vendor.qti.hardware.qxr-V1-ndk_platform.so" not found: needed by /vendor/lib64/libqvrservice.so in namespace (default)
01-01 05:47:27.909 0 0 I init : Sending signal 9 to service 'sxrd' (pid 4627) process group...
01-01 05:47:28.176 0 0 D : mv2112_read_status
01-01 05:47:28.176 0 0 D mv2112_update_link: 3.0x901(1G): 0x4
01-01 05:47:28.176 0 0 D mv2112_update_link: 3.0x8109(100M): 0x8
01-01 05:47:28.176 0 0 D mv2112_update_link: link 0x4
01-01 05:47:28.176 0 0 D mv2112_read_status: autoneg is disabled --------- beginning of main
08-16 16:53:07.823 2438 2565 D LoaderTask: save deep shortcuts in icon cache
08-16 16:53:07.823 2438 2565 D LoaderTask: step 3 complete
08-16 16:53:07.867 1839 2556 E bt_avp : avdt_ad_tc_data_ind: type: x0, tcid: 0, ccb_idx: 0
08-16 16:53:07.869 1839 2556 D bt_btif : bta_av_ssm_execute(): AV Sevent(0x41)=0x121c(STR_START_OK) state=3(OPEN)
08-16 16:53:07.869 1839 2556 D a2dp_codec: A2DP_GetCodecType:
08-16 16:53:07.869 1839 2556 E bt_btif : bta_av_co_get_active_peer: active peer index: 0
08-16 16:53:07.869 1839 2556 W bt_btif : bta_av_start_ok: Resetting/Removing packet type limit for non-aptX codec stream
08-16 16:53:07.870 1839 2556 W bt_btm : BTM: Local device role : 0x00
08-16 16:53:07.870 1839 2556 W bt_btm : BTM: RemBdAddr: 00:58:76:20:46:3d
08-16 16:53:07.870 1839 2556 I bt_bta_av: bta_av_link_role_ok hndl:x41 role:0 conn_audio:x1 bits:1 features:x8e5b
08-16 16:53:07.870 1839 2556 W bt_btif : bta_dm_rm_cback:2, status:0
08-16 16:53:07.870 1839 2556 W bt_l2cap: L2CA_SetDesireRole() new:x0, disallow_switch:0
08-16 16:53:07.870 1839 2556 V bt_stack: [VERBOSE1:btm_acl.cc(654)] BTM_SwitchRole BDA: 00:58:76:20:46:3d
08-16 16:53:07.871 1839 2556 V bt_stack: [VERBOSE1:btm_acl.cc(654)] BTM_SwitchRole BDA: 00:1f:20:d5:ab:67
08-16 16:53:07.871 1839 2556 V bt_stack: [VERBOSE1:btm_acl.cc(654)] BTM_SwitchRole BDA: 00:1f:20:eb:59:9e
08-16 16:53:07.871 1839 2556 W bt_btif : bta_dm_pm_ssr conn_srvc id:18, app_id:1
08-16 16:53:07.871 1839 2556 W bt_btif : bta_dm_pm_ssr conn_srvc id:18, app_id:0
08-16 16:53:07.871 1839 2556 W bt_btif : bta_dm_pm_ssr conn_srvc id:5, app_id:0
08-16 16:53:07.871 1839 2556 W bt_btif : bta_dm_pm_ssr ssr:2, lat:1200
08-16 16:53:07.871 1839 2556 W bt_btif : bta_dm_rm_cback:2, status:7
08-16 16:53:07.872 1839 2556 W bt_btm : BTM: Local device role : 0x00
08-16 16:53:07.872 1839 2556 W bt_btm : BTM: RemBdAddr: 00:58:76:20:46:3d
08-16 16:53:07.873 1839 2045 D bt_btif : btif_av_state_opened_handler: event: BTA_AV_START_EVT, flags: 4, peer_sep: 1, index: 0 reconfig_event: 0, codec_cfg_change: 0, reconfig_pending: 0, reconfig_a2dp: 0, is_retry_reconfig: 0
08-16 16:53:07.873 1839 2045 D bt_btif : btif_av_state_opened_handler: event: BTIF_SM_EXIT_EVT, flags: 4, peer_sep: 1, index: 0 reconfig_event: 0, codec_cfg_change: 0, reconfig_pending: 0, reconfig_a2dp: 0, is_retry_reconfig: 0
08-16 16:53:07.873 1839 2045 D bt_btif : btif_av_state_started_handler: event: BTIF_SM_ENTER_EVT flags: 0 index = 0, reconfig_event: 0, codec_cfg_change: 0
08-16 16:53:07.875 1839 2045 D bt_btif : btif_av_state_started_handler update media task on DUT initiated start for index =0
08-16 16:53:07.875 1839 2045 W bt_btif : ## ON A2DP STARTED ##
08-16 16:53:07.875 1839 2045 I btif_av : isBATEnabled: 0
08-16 16:53:07.875 1839 2045 E bt_btif : bta_av_co_get_active_peer: active peer index: 0
08-16 16:53:07.875 1839 2045 E bt_btif : bta_av_co_get_active_peer: active peer index: 0
08-16 16:53:07.875 1839 2045 W bt_btif : BTHF: btif_hf_check_if_sco_connected(): No SCO connection up
08-16 16:53:07.875 1839 2045 D bt_btif : btif_dispatch_sm_event: event: 38, len: 1
08-16 16:53:07.875 1839 2045 D bt_btif : btif_dispatch_sm_event: event 38 sent
08-16 16:53:07.876 1839 2045 I BluetoothA2dpServiceJni: bta2dp_audio_state_callback
08-16 16:53:07.876 1839 2045 D A2dpNativeInterface: onAudioStateChanged: A2dpStackEvent {type:EVENT_TYPE_AUDIO_STATE_CHANGED, device:00:58:76:20:46:3D, value1:STARTED}
08-16 16:53:07.876 1839 2045 D A2dpService: messageFromNative: Going to acquire mVariableLock.
08-16 16:53:07.876 1839 2045 D A2dpService: messageFromNative: Acquired mVariableLock
08-16 16:53:07.876 1839 2045 D A2dpService: messageFromNative: Released mVariableLock
08-16 16:53:07.876 1839 2045 D A2dpService: messageFromNative: Sending STACK_EVENT: A2dpStackEvent {type:EVENT_TYPE_AUDIO_STATE_CHANGED, device:00:58:76:20:46:3D, value1:STARTED} to sm.
08-16 16:53:07.877 1839 2725 D A2dpStateMachine: handleMessage: E msg.what=101
08-16 16:53:07.877 1839 2725 D A2dpStateMachine: processMsg: Connected
08-16 16:53:07.877 1839 2725 D A2dpStateMachine: Connected process message(00:58:76:20:46:3D): STACK_EVENT
08-16 16:53:07.877 1839 2725 D A2dpStateMachine: Connected: stack event: A2dpStackEvent {type:EVENT_TYPE_AUDIO_STATE_CHANGED, device:00:58:76:20:46:3D, value1:STARTED}
08-16 16:53:07.877 1839 2725 I A2dpStateMachine: Connected: processAudioStateEvent: state: 2mIsPlaying: false
08-16 16:53:07.877 1839 2725 I A2dpStateMachine: Connected: started playing: 00:58:76:20:46:3D
08-16 16:53:07.877 1839 2045 I btif_av : isBATEnabled: 0
08-16 16:53:07.877 1839 2725 D A2dpStateMachine: A2DP Playing state : device: 00:58:76:20:46:3D State:NOT_PLAYING->PLAYING
08-16 16:53:07.877 1839 2045 E bt_btif : bta_av_co_get_active_peer: active peer index: 0
08-16 16:53:07.877 1839 2045 E bt_btif : bta_av_co_get_active_peer: active peer index: 0
08-16 16:53:07.877 1839 2709 V Avrcp_ext: AvrcpMessageHandler: received message=18
08-16 16:53:07.878 1839 2709 V Avrcp_ext: MSG_SET_A2DP_AUDIO_STATE:10
08-16 16:53:07.878 1839 2709 V Avrcp_ext: event for device address 00:58:76:20:46:3D
08-16 16:53:07.878 1839 2709 I Avrcp_ext: device found at index 0
08-16 16:53:07.879 1839 2709 D BATService: getBATService(): service is NULL
08-16 16:53:07.879 1839 2725 I A2dpStateMachine: state:AUDIO_STATE_STARTED
08-16 16:53:07.879 1839 2725 D A2dpStateMachine: handleMessage: X
08-16 16:53:07.881 1839 2045 D bt_btif : btif_av_state_started_handler Remote Start, Not updating current playing for index = 0
08-16 16:53:07.881 2149 2149 I aptxalsBTEventHandler: action: android.bluetooth.a2dp.profile.action.PLAYING_STATE_CHANGED
08-16 16:53:07.881 1839 2045 I btif_av : isBATEnabled: 0
08-16 16:53:07.881 2149 2149 I aptxalsBTEventHandler: received action: android.bluetooth.a2dp.profile.action.PLAYING_STATE_CHANGED for device: 00:58:76:20:46:3D state: STATE_PLAYING
08-16 16:53:07.881 1839 2045 E bt_btif : bta_av_co_get_active_peer: active peer index: 0
08-16 16:53:07.882 1839 2045 E bt_btif : bta_av_co_get_active_peer: active peer index: 0
08-16 16:53:07.882 1839 2045 D bt_btif : btif_av_state_started_handler: event: BTIF_AV_OFFLOAD_START_REQ_EVT flags: 0 index = 0, reconfig_event: 0, codec_cfg_change: 0
08-16 16:53:07.882 1839 1839 D HeadsetService: Received BluetoothA2dp Play State changed
08-16 16:53:07.882 1839 1839 D HeadsetA2dpSync: updateA2DPPlayingState device: 00:58:76:20:46:3D transition 11->10
08-16 16:53:07.883 1839 1839 D HeadsetService: isInCall false
08-16 16:53:07.883 1839 1839 D HeadsetService: isRinging false
08-16 16:53:07.883 1839 1839 D HeadsetA2dpSync: device: 00:58:76:20:46:3D state = 4
08-16 16:53:07.883 1839 2045 E bt_btif : bta_av_co_get_active_peer: active peer index: 0
08-16 16:53:07.883 1839 2045 D a2dp_codec: getCodecConfigAndCapabilities: current_codec_config_ not null, getCodecConfig()
08-16 16:53:07.883 1839 2045 W bt_btif : BT controller doesn't support scrambling
08-16 16:53:07.883 1839 2045 W bt_btif : btif_av_state_started_handler:is_scrambling_enabled 0
08-16 16:53:07.883 1839 2045 W bt_btif : btif_av_state_started_handler:is_44p1kFreq_supported 1
08-16 16:53:07.883 1839 2709 V Avrcp_ext: updateCurrentMediaState: mMediaController: null
08-16 16:53:07.883 1839 2709 W Avrcp_ext: isMusicActive: false getBluetoothPlayState: 2 A2dp State: 10 mAudioPlaybackIsActive: true
08-16 16:53:07.884 1839 2709 W Avrcp_ext: updateCurrentMediaState: isPlaying = true
08-16 16:53:07.884 1839 2556 D bt_btif : bta_av_ssm_execute(): AV Sevent(0x41)=0x122b(unknown) state=3(OPEN)
08-16 16:53:07.884 1839 2556 D a2dp_codec: A2DP_GetCodecType:
08-16 16:53:07.884 1839 2556 W bt_btif : bta_av_offload_req Restricting AVDTP MTU size to 663
08-16 16:53:07.884 1839 2556 D a2dp_codec: A2DP_GetCodecType:
08-16 16:53:07.884 1839 2556 D a2dp_codec: A2DP_GetCodecType:
08-16 16:53:07.884 1839 2556 D bt_btif : bta_av_vendor_offload_start: vsc flags:-vs_configs_exchanged:0 tx_started:0 tx_start_initiated:0tx_enc_update_initiated:0 tx_stop_initiated: 0
08-16 16:53:07.886 1839 2709 I Avrcp_ext: device found at index 0
08-16 16:53:07.886 1839 2709 V Avrcp_ext: Media update: id -1âž¡-1? [MediaAttributes: none] : [MediaAttributes: none]
08-16 16:53:07.887 1839 2709 D Avrcp_ext: isPackageNameValid: browsedPackage = isValid = false
08-16 16:53:07.887 1839 1839 D BtOppService: action : android.bluetooth.a2dp.profile.action.PLAYING_STATE_CHANGED
08-16 16:53:07.887 1839 2709 V Avrcp_ext: updatePlaybackState, state: PlaybackState {state=3, position=-1, buffered position=0, speed=1.0, updated=111461, actions=0, custom actions=[], active item id=-1, error=null} device: 00:58:76:20:46:3D
08-16 16:53:07.887 1839 1839 D BtOppUtils: device: 00:58:76:20:46:3D newState: 10
08-16 16:53:07.887 1839 1839 D BtOppUtils: isA2DPPlaying :true
08-16 16:53:07.889 1839 2709 V Avrcp_ext: Device: Mifa_F5 : old state: PlaybackState {state=2, position=-1, buffered position=0, speed=0.0, updated=111216, actions=0, custom actions=[], active item id=-1, error=null}
08-16 16:53:07.889 1839 2709 V Avrcp_ext: Device: no name:
08-16 16:53:07.890 1839 2709 V Avrcp_ext: Device: no name:
08-16 16:53:07.890 1839 2709 V Avrcp_ext: Device: no name:
08-16 16:53:07.890 1839 2709 V Avrcp_ext: Device: no name:
08-16 16:53:07.890 1839 2709 I Avrcp_ext: device found at index 0
08-16 16:53:07.890 1839 2045 D bt_btif : btif_av_state_started_handler: event: BTA_AV_OFFLOAD_START_RSP_EVT flags: 0 index = 0, reconfig_event: 0, codec_cfg_change: 0
08-16 16:53:07.890 1839 2709 V Avrcp_ext: old state: PlaybackState {state=2, position=-1, buffered position=0, speed=0.0, updated=111216, actions=0, custom actions=[], active item id=-1, error=null} new state: PlaybackState {state=3, position=-1, buffered position=0, speed=1.0, updated=111461, actions=0, custom actions=[], active item id=-1, error=null} device: 00:58:76:20:46:3D index: 0
08-16 16:53:07.890 1839 2709 I Avrcp_ext: updatePlayStatusForDevice: device: 00:58:76:20:46:3D
08-16 16:53:07.890 1839 2709 V Avrcp_ext: updatePlaybackState (1): old=PlaybackState {state=2, position=-1, buffered position=0, speed=0.0, updated=111216, actions=0, custom actions=[], active item id=-1, error=null}(2), new=PlaybackState {state=3, position=-1, buffered position=0, speed=1.0, updated=111461, actions=0, custom actions=[], active item id=-1, error=null}(1)
08-16 16:53:07.890 1839 2709 I Avrcp_ext: Exit updatePlayStatusForDevice
08-16 16:53:07.891 1839 2709 V Avrcp_ext: Exit updatePlaybackState
08-16 16:53:07.891 1839 2709 D Avrcp_ext: Enter sendPlayPosNotificationRsp
08-16 16:53:07.891 1839 2709 D Avrcp_ext: sendPlayPosNotificationRsp: Not registered or requesting.
08-16 16:53:07.891 1839 2709 V Avrcp_ext: Exit handleMessage
08-16 16:53:07.891 1839 2045 I btif_av : isBATEnabled: 0
08-16 16:53:07.891 1839 2045 E bt_btif : bta_av_co_get_active_peer: active peer index: 0
08-16 16:53:07.891 1839 2045 E bt_btif : bta_av_co_get_active_peer: active peer index: 0
08-16 16:53:07.892 1839 2045 I bt_stack: [INFO:a2dp_encoding.cc(2657)] ack_stream_started: result=SUCCESS_FINISHED
08-16 16:53:07.892 805 846 I BTAudioProviderStub: streamStarted - SessionType=A2DP_HARDWARE_OFFLOAD_DATAPATH, status=SUCCESS
08-16 16:53:07.893 805 846 I BTAudioProviderSession: ReportControlStatus - status=SUCCESS for SessionType=A2DP_HARDWARE_OFFLOAD_DATAPATH, bluetooth_audio=0x0200 started
08-16 16:53:07.893 805 846 I btaudio_offload_qti: stack_resp_cb: status = 0
08-16 16:53:07.893 805 2905 I btaudio_offload_qti: wait_for_stack_response:ret = 0(Success)
08-16 16:53:07.893 805 2905 W btaudio_offload_qti: wait_for_stack_response: conditional wait done : ack_recvd = 1
08-16 16:53:07.893 805 2905 I btaudio_offload_qti: audio_stream_start_qti: a2dp stream started successfully
08-16 16:53:07.893 805 2905 E a2dp_offload: BT controller start return = 0
08-16 16:53:07.893 805 2905 D a2dp_offload: configure_a2dp_encoder_format start
08-16 16:53:07.893 805 2905 I btaudio_offload_qti: audio_get_codec_config_qti: state = AUDIO_A2DP_STATE_STARTED
08-16 16:53:07.893 805 2905 I btaudio_offload_qti: a2dp_codec_parser: codec_type = 1
08-16 16:53:07.893 805 2905 D btaudio_offload_qti: a2dp_codec_parser: SBC: copied codec config: min_bitpool:2 max_bitpool:53
08-16 16:53:07.893 805 2905 I btaudio_offload_qti: a2dp_codec_parser: SBC: bitrate:330000 i/p bitrate:330000
08-16 16:53:07.894 805 2905 I btaudio_offload_qti: a2dp_codec_parser: SBC: done copying full codec config
08-16 16:53:07.894 805 2905 D a2dp_offload: Received SBC encoder supported BT device
08-16 16:53:07.894 1839 2045 W bt_stack: [WARNING:a2dp_encoding.cc(189)] ResetPendingCmd 3
08-16 16:53:07.895 805 2905 D a2dp_offload: a2dp_set_bit_format: set AFE input bit format = 16
08-16 16:53:07.896 805 2905 D a2dp_offload: Start playback successful to BT library
08-16 16:53:07.896 805 2905 W btaudio_offload_qti: audio_is_scrambling_enabled_qti: isSession_ready = 1 isScrambling = 0
08-16 16:53:07.896 805 2905 I btaudio_offload_qti: a2dp_codec_parser: codec_type = 1
08-16 16:53:07.896 805 2905 D btaudio_offload_qti: a2dp_codec_parser: SBC: copied codec config: min_bitpool:2 max_bitpool:53
01-01 05:47:28.330 0 0 I btfm_slim_hw_init: PGD Enum Addr: 00:01:20:02:17: 02
08-16 16:53:07.896 805 2905 I btaudio_offload_qti: a2dp_codec_parser: SBC: bitrate:330000 i/p bitrate:330000
01-01 05:47:28.330 0 0 I btfm_slim_hw_init: IFD Enum Addr: 00:00:20:02:17: 02
01-01 05:47:28.330 0 0 I btfm_slim_hw_init: chipset soc version:400a0200
01-01 05:47:28.330 0 0 I btfm_slim_hw_init: chipset is hastings 2.0, overwriting EA
08-16 16:53:07.896 805 2905 I btaudio_offload_qti: a2dp_codec_parser: SBC: done copying full codec config
01-01 05:47:28.330 0 0 I btfm_slim_hw_init: PGD Enum Addr: 00:01:20:02:17: 02
01-01 05:47:28.330 0 0 I btfm_slim_hw_init: IFD Enum Addr: 00:00:20:02:17: 02
08-16 16:53:07.896 805 2905 W btaudio_offload_qti: audio_is_scrambling_enabled_qti: codec_type = 520093696
01-01 05:47:28.330 0 0 I btfm_slim_alloc_port: chipset soc version:400a0200
08-16 16:53:07.896 805 2905 W btaudio_offload_qti: audio_is_scrambling_enabled_qti: return
08-16 16:53:07.896 805 2905 D a2dp_offload: Update tws for mono_mode on=0
08-16 16:53:07.897 805 2905 D a2dp_offload: a2dp_set_backend_cfg: set source backend sample rate =KHZ_44P1
08-16 16:53:07.897 805 2905 D a2dp_offload: a2dp_set_backend_cfg: set afe enc channels =Two
08-16 16:53:07.898 805 2905 D a2dp_offload: start A2DP playback total active sessions :1
08-16 16:53:07.898 805 2905 I soundtrigger: audio_extn_sound_trigger_update_device_status: device 0x2d of type 0 for Event 1, with Raise=0
08-16 16:53:07.898 805 2905 D audio_route: Apply path: bt-a2dp
08-16 16:53:07.898 805 2905 E soundtrigger: audio_extn_sound_trigger_update_stream_status: invalid input device 0x0, for event 3
08-16 16:53:07.899 805 2905 D soundtrigger: audio_extn_sound_trigger_update_stream_status: uc_info->id 1 of type 0 for Event 3, with Raise=0
08-16 16:53:07.899 805 2905 D audio_hw_utils: audio_extn_utils_send_app_type_cfg: usecase->out_snd_device bt-a2dp
08-16 16:53:07.899 805 2905 D msm8974_platform: platform_split_snd_device: snd_device(45) num devices(0) new_snd_devices(0)
08-16 16:53:07.899 805 2905 I audio_hw_utils: audio_extn_utils_get_app_sample_rate_for_device using 44100 sample rate rate for A2DP CoPP
08-16 16:53:07.899 805 2905 D audio_hw_utils: audio_extn_btsco_get_sample_rate:Not a BT SCO device, need not update sampling rate
08-16 16:53:07.899 805 2905 I audio_hw_utils: send_app_type_cfg_for_device PLAYBACK app_type 69937, acdb_dev_id 20, sample_rate 44100, snd_device_be_idx 32
08-16 16:53:07.899 805 2905 D msm8974_platform: platform_split_snd_device: snd_device(45) num devices(1) new_snd_devices(0)
08-16 16:53:07.899 805 2905 I audio_hw_utils: audio_extn_utils_get_app_sample_rate_for_device using 44100 sample rate rate for A2DP CoPP
08-16 16:53:07.899 805 2905 D audio_hw_utils: audio_extn_btsco_get_sample_rate:Not a BT SCO device, need not update sampling rate
08-16 16:53:07.899 805 2905 D ACDB-LOADER: ACDB -> send_audio_cal, acdb_id = 20, path = 0, app id = 0x11131, sample rate = 44100, afe_sample_rate = 48000
08-16 16:53:07.900 805 2905 D ACDB-LOADER: ACDB -> send_asm_topology
08-16 16:53:07.900 805 2905 D ACDB-LOADER: ACDB -> ACDB_CMD_GET_AUDPROC_STREAM_TOPOLOGY_ID
08-16 16:53:07.900 805 2905 D ACDB-LOADER: ACDB -> send_adm_topology
08-16 16:53:07.900 805 2905 D ACDB-LOADER: ACDB -> ACDB_CMD_GET_AUDPROC_COMMON_TOPOLOGY_ID
08-16 16:53:07.900 805 2905 D ACDB-LOADER: ACDB -> send_audtable
08-16 16:53:07.900 805 2905 D ACDB-LOADER: ACDB -> ACDB_CMD_GET_AUDPROC_INSTANCE_COMMON_TABLE_SIZE
08-16 16:53:07.900 805 2905 D ACDB-LOADER: ACDB -> ACDB_CMD_GET_AUDPROC_INSTANCE_COMMON_TABLE
08-16 16:53:07.900 805 2905 D ACDB-LOADER: ACDB -> AUDIO_SET_AUDPROC_CAL cal_type[11] acdb_id[20] app_type[69937]
08-16 16:53:07.901 805 2905 D ACDB-LOADER: ACDB -> send_audvoltable
08-16 16:53:07.901 805 2905 D ACDB-LOADER: ACDB -> ACDB_CMD_GET_AUDPROC_INSTANCE_GAIN_DEP_STEP_TABLE_SIZE
08-16 16:53:07.901 805 2905 D ACDB-LOADER: ACDB -> ACDB_CMD_GET_AUDPROC_INSTANCE_GAIN_DEP_STEP_TABLE, vol index 0
08-16 16:53:07.901 805 2905 D ACDB-LOADER: ACDB -> AUDIO_SET_VOL_CAL cal type = 12
08-16 16:53:07.901 805 2905 D ACDB-LOADER: ACDB -> ACDB_CMD_GET_AUDPROC_INSTANCE_STREAM_TABLE_SIZE
08-16 16:53:07.901 805 2905 D ACDB-LOADER: ACDB -> send_audstrmtable
08-16 16:53:07.901 805 2905 D ACDB-LOADER: ACDB -> ACDB_CMD_GET_AUDPROC_INSTANCE_STREAM_TABLE
08-16 16:53:07.901 805 2905 D ACDB-LOADER: ACDB -> audstrm_cal->cal_type.cal_data.cal_size = 20
08-16 16:53:07.901 805 2905 D ACDB-LOADER: ACDB -> send_afe_topology
08-16 16:53:07.901 805 2905 D ACDB-LOADER: ACDB -> ACDB_CMD_GET_AFE_TOPOLOGY_ID
08-16 16:53:07.901 805 2905 D ACDB-LOADER: ACDB -> GET_AFE_TOPOLOGY_ID for adcd_id 20, Topology Id 112fc
08-16 16:53:07.901 805 2905 D ACDB-LOADER: ACDB -> send_afe_cal
08-16 16:53:07.901 805 2905 D ACDB-LOADER: ACDB -> ACDB_CMD_GET_AFE_INSTANCE_COMMON_TABLE_SIZE
08-16 16:53:07.901 805 2905 D android.hardware.audio.service: Failed to fetch the lookup information of the device 00000014
08-16 16:53:07.902 805 2905 D ACDB-LOADER: Error: ACDB_CMD_GET_AFE_INSTANCE_COMMON_TABLE_SIZE Returned = -19
08-16 16:53:07.902 805 2905 D ACDB-LOADER: ACDB -> ACDB_CMD_GET_AFE_INSTANCE_COMMON_TABLE
08-16 16:53:07.902 805 2905 D android.hardware.audio.service: Failed to fetch the lookup information of the device 00000014
08-16 16:53:07.902 805 2905 D ACDB-LOADER: Error: ACDB AFE returned = -19
08-16 16:53:07.902 805 2905 D ACDB-LOADER: ACDB -> AUDIO_SET_AFE_CAL cal_type[16] acdb_id[20]
08-16 16:53:07.902 805 2905 D ACDB-LOADER: ACDB -> send_hw_delay : acdb_id = 20 path = 0
08-16 16:53:07.902 805 2905 D ACDB-LOADER: ACDB -> ACDB_AVSYNC_INFO: ACDB_CMD_GET_DEVICE_PROPERTY
08-16 16:53:07.902 805 2905 D msm8974_platform: platform_split_snd_device: snd_device(45) num devices(0) new_snd_devices(0)
08-16 16:53:07.902 805 2905 I msm8974_platform: platform_get_custom_mtmx_params: no matching param with id 0 ip_ch 2 op_ch 2 uc_id 1 snd_dev 45
08-16 16:53:07.902 805 2905 D audio_hw_primary: enable_audio_route: apply mixer and update path: low-latency-playback bt-a2dp
08-16 16:53:07.902 805 2905 D audio_route: Apply path: low-latency-playback bt-a2dp
08-16 16:53:07.904 805 2905 D audio_hw_primary: select_devices: done
01-01 05:47:28.343 0 0 I btfm_slim_enable_ch: chipset soc version:400a0200
01-01 05:47:28.343 0 0 I btfm_slim_enable_ch: channel define - prot:2, dataf:0, auxf:0
01-01 05:47:28.343 0 0 I btfm_slim_enable_ch: channel define - rates:44100, baser:2, ratem:4
01-01 05:47:28.344 0 0 I btfm_slim_enable_ch: slim_connect_sink(port: 16, ch: 157)
01-01 05:47:28.344 0 0 I btfm_slim_enable_ch: port: 16, ch: 157, grp: 0, ch->grph: 0x0, ch_hdl: 0x1d
01-01 05:47:28.345 0 0 I __afe_port_start: port id: 0x400e
01-01 05:47:28.345 0 0 I afe_find_cal_topo_id_by_port: port id: 0x400e, dev_acdb_id: 20
01-01 05:47:28.346 0 0 I afe_find_cal_topo_id_by_port: top_id:112fc acdb_id:20 afe_port_id:0x400e
01-01 05:47:28.346 0 0 I afe_get_cal_topology_id: port_id = 0x400e acdb_id = 20 topology_id = 0x112fc cal_type_index=8 ret=0
01-01 05:47:28.346 0 0 I afe_send_port_topology_id: AFE set topology id 0x112fc enable for port 0x400e ret 0
01-01 05:47:28.346 0 0 I send_afe_cal_type: cal_index is 0
01-01 05:47:28.346 0 0 I send_afe_cal_type: dev_acdb_id[119] is 20
01-01 05:47:28.346 0 0 I afe_find_cal: cal_index 0 port_id 0x400e port_index 119
01-01 05:47:28.346 0 0 I afe_find_cal: acdb_id 20 dev_acdb_id 20 sample_rate 48000 afe_sample_rates 44100
01-01 05:47:28.346 0 0 I afe_find_cal: no matching cal_block found
01-01 05:47:28.346 0 0 E : send_afe_cal_type cal_block not found!!
01-01 05:47:28.352 0 0 I afe_send_hw_delay: port_id 0x400e rate 44100 delay_usec 0 status 0
08-16 16:53:07.962 805 2905 D msm8974_platform: platform_set_channel_map mixer_ctl_name:Playback Channel Map9
08-16 16:53:07.962 805 2905 D msm8974_platform: platform_set_channel_map: set mapping(1 2 0 0 0 0 0 0) for channel:2
08-16 16:53:07.964 805 2905 E audio_hw_extn: audio_extn_perf_lock_release: Perf lock release error
08-16 16:53:07.964 805 2905 D audio_hw_primary: start_output_stream: exit
08-16 16:53:07.967 818 2542 I vendor.qti.bluetooth@1.0-ibs_handler: ProcessIbsCmd: Received IBS_SLEEP_IND: 0xFE
08-16 16:53:07.971 2438 2565 D LoaderTask: load widgets
08-16 16:53:07.973 2438 2565 D LoaderTask: bindWidgets
08-16 16:53:07.974 2438 2565 D LoaderTask: save widgets in icon cache
08-16 16:53:07.974 2438 2565 D LoaderTask: finish icon update
08-16 16:53:07.982 2149 2149 I aptxalsCodecConfig: no profile has been set, mCs4Settings: 0
08-16 16:53:07.985 805 2905 I btaudio_offload_qti: audio_get_a2dp_sink_latency_qti: Sink Latency = 0
08-16 16:53:07.989 805 2905 I btaudio_offload_qti: audio_get_a2dp_sink_latency_qti: Sink Latency = 0
08-16 16:53:07.993 805 2905 I btaudio_offload_qti: audio_get_a2dp_sink_latency_qti: Sink Latency = 0
08-16 16:53:07.997 805 2905 I btaudio_offload_qti: audio_get_a2dp_sink_latency_qti: Sink Latency = 0
08-16 16:53:08.001 805 2905 I btaudio_offload_qti: audio_get_a2dp_sink_latency_qti: Sink Latency = 0
08-16 16:53:08.005 805 2905 I btaudio_offload_qti: audio_get_a2dp_sink_latency_qti: Sink Latency = 0
08-16 16:53:08.009 805 2905 I btaudio_offload_qti: audio_get_a2dp_sink_latency_qti: Sink Latency = 0
08-16 16:53:08.013 805 2905 I btaudio_offload_qti: audio_get_a2dp_sink_latency_qti: Sink Latency = 0
08-16 16:53:08.017 805 2905 I btaudio_offload_qti: audio_get_a2dp_sink_latency_qti: Sink Latency = 0
08-16 16:53:08.021 805 2905 I btaudio_offload_qti: audio_get_a2dp_sink_latency_qti: Sink Latency = 0
08-16 16:53:08.028 805 2905 I btaudio_offload_qti: audio_get_a2dp_sink_latency_qti: Sink Latency = 0
08-16 16:53:08.030 805 2905 I btaudio_offload_qti: audio_get_a2dp_sink_latency_qti: Sink Latency = 0
08-16 16:53:08.034 805 2905 I btaudio_offload_qti: audio_get_a2dp_sink_latency_qti: Sink Latency = 0
08-16 16:53:08.037 805 2905 I btaudio_offload_qti: audio_get_a2dp_sink_latency_qti: Sink Latency = 0
08-16 16:53:08.041 805 2905 I btaudio_offload_qti: audio_get_a2dp_sink_latency_qti: Sink Latency = 0
08-16 16:53:08.044 805 2905 I btaudio_offload_qti: audio_get_a2dp_sink_latency_qti: Sink Latency = 0
08-16 16:53:08.048 805 2905 I btaudio_offload_qti: audio_get_a2dp_sink_latency_qti: Sink Latency = 0
08-16 16:53:08.052 805 2905 I btaudio_offload_qti: audio_get_a2dp_sink_latency_qti: Sink Latency = 0
08-16 16:53:08.057 805 2905 I btaudio_offload_qti: audio_get_a2dp_sink_latency_qti: Sink Latency = 0
08-16 16:53:08.060 805 2905 I btaudio_offload_qti: audio_get_a2dp_sink_latency_qti: Sink Latency = 0
08-16 16:53:08.064 805 2905 I btaudio_offload_qti: audio_get_a2dp_sink_latency_qti: Sink Latency = 0
08-16 16:53:08.068 805 2905 I btaudio_offload_qti: audio_get_a2dp_sink_latency_qti: Sink Latency = 0
08-16 16:53:08.072 805 2905 I btaudio_offload_qti: audio_get_a2dp_sink_latency_qti: Sink Latency = 0
08-16 16:53:08.076 805 2905 I btaudio_offload_qti: audio_get_a2dp_sink_latency_qti: Sink Latency = 0
