01-01 05:46:26.187 1160 1160 D CompatConfig: Adding: com.android.server.compat.config.Change@f30f639
01-01 05:46:26.188 1160 1160 D CompatConfig: Adding: com.android.server.compat.config.Change@bf4647e
01-01 05:46:26.189 1160 1160 D CompatConfig: Adding: com.android.server.compat.config.Change@5215ddf
01-01 05:46:26.189 1160 1160 D CompatConfig: Adding: com.android.server.compat.config.Change@3491a2c
01-01 05:46:26.190 1160 1160 D CompatConfig: Adding: com.android.server.compat.config.Change@621bcf5
01-01 05:46:26.196 1160 1160 D CompatConfig: Adding: com.android.server.compat.config.Change@e6e4a8a
01-01 05:46:26.197 1160 1160 D CompatConfig: Adding: com.android.server.compat.config.Change@67f8fb
01-01 05:46:26.197 1160 1276 I SystemConfig: Reading permissions from /vendor/etc/permissions/android.hardware.wifi.xml
01-01 05:46:26.205 1160 1276 I SystemConfig: Reading permissions from /vendor/etc/permissions/android.hardware.vulkan.version-1_1.xml
01-01 05:46:26.208 1160 1276 I SystemConfig: Reading permissions from /vendor/etc/permissions/android.hardware.nfc.hcef.xml
01-01 05:46:26.210 1160 1276 I SystemConfig: Reading permissions from /vendor/etc/permissions/android.hardware.camera.front.xml
01-01 05:46:26.213 1160 1276 I SystemConfig: Reading permissions from /vendor/etc/permissions/android.hardware.sensor.stepdetector.xml
01-01 05:46:26.215 1160 1276 I SystemConfig: Reading permissions from /vendor/etc/permissions/android.hardware.sensor.compass.xml
01-01 05:46:26.217 1160 1276 I SystemConfig: Reading permissions from /vendor/etc/permissions/android.hardware.nfc.xml
01-01 05:46:26.224 1160 1276 I SystemConfig: Reading permissions from /vendor/etc/permissions/android.hardware.sensor.relative_humidity.xml
01-01 05:46:26.953 0 0 I binder : 1284:1284 ioctl 40046210 7ffa061d14 returned -22
01-01 05:46:26.954 0 0 I CAM_ERR : CAM-SENSOR: cam_cci_i2c_read: 35 rc = -22
01-01 05:46:26.234 1160 1276 I SystemConfig: Reading permissions from /vendor/etc/permissions/android.hardware.telephony.ims.xml
01-01 05:46:26.235 1160 1160 D CompatConfig: Adding: com.android.server.compat.config.Change@65edfa9
01-01 05:46:26.236 1160 1160 D CompatConfig: Adding: com.android.server.compat.config.Change@440e92e
01-01 05:46:26.237 1160 1160 D CompatConfig: Adding: com.android.server.compat.config.Change@e437ccf
01-01 05:46:26.237 1160 1160 D CompatConfig: Adding: com.android.server.compat.config.Change@9dd665c
01-01 05:46:26.238 1160 1160 D CompatConfig: Adding: com.android.server.compat.config.Change@f9ccd65
01-01 05:46:26.239 1160 1160 D CompatConfig: Adding: com.android.server.compat.config.Change@d766a3a
01-01 05:46:26.240 1160 1160 D CompatConfig: Adding: com.android.server.compat.config.Change@2a516eb
01-01 05:46:26.241 1160 1160 D CompatConfig: Adding: com.android.server.compat.config.Change@2088c48
01-01 05:46:26.242 1160 1160 D CompatConfig: Adding: com.android.server.compat.config.Change@11dae1
01-01 05:46:26.243 1160 1160 D CompatConfig: Adding: com.android.server.compat.config.Change@350f006
01-01 05:46:26.244 1160 1160 D CompatConfig: Adding: com.android.server.compat.config.Change@d3c36c7
01-01 05:46:26.244 1160 1160 D CompatConfig: Adding: com.android.server.compat.config.Change@3e24f4
01-01 05:46:26.245 1160 1276 I SystemConfig: Reading permissions from /vendor/etc/permissions/android.hardware.nfc.ese.xml
01-01 05:46:26.250 1160 1276 I SystemConfig: Reading permissions from /vendor/etc/permissions/android.hardware.camera.raw.xml
01-01 05:46:26.251 1160 1160 D CompatConfig: Adding: com.android.server.compat.config.Change@9fc0692
01-01 05:46:26.253 1160 1160 D CompatConfig: Adding: com.android.server.compat.config.Change@4929c60
01-01 05:46:26.253 1160 1276 I SystemConfig: Reading permissions from /vendor/etc/permissions/android.hardware.nfc.uicc.xml
01-01 05:46:26.254 1160 1160 D CompatConfig: Adding: com.android.server.compat.config.Change@acff9de
01-01 05:46:26.255 1160 1160 D CompatConfig: Adding: com.android.server.compat.config.Change@86337bf
01-01 05:46:26.256 1160 1276 I SystemConfig: Reading permissions from /vendor/etc/permissions/android.hardware.light.xml
01-01 05:46:26.260 1160 1160 D CompatConfig: Adding: com.android.server.compat.config.Change@8f4d9d5
01-01 05:46:26.261 1160 1276 I SystemConfig: Reading permissions from /vendor/etc/permissions/android.hardware.fingerprint.xml
01-01 05:46:26.264 1160 1160 D CompatConfig: Adding: com.android.server.compat.config.Change@e1d90db
01-01 05:46:26.266 1160 1160 D CompatConfig: Adding: com.android.server.compat.config.Change@91b9778
01-01 05:46:26.268 1283 1283 I wificond: wificond is starting up...
01-01 05:46:27.001 0 0 I binder : 1280:1280 ioctl 40046210 7ff93f1754 returned -22
01-01 05:46:27.007 0 0 I binder : 1283:1283 ioctl 40046210 7fd7da9854 returned -22
01-01 05:46:27.032 0 0 I CAM_WARN: CAM-SENSOR: cam_sensor_match_id: 769 read id: 0x0 expected id 0x885a:
01-01 05:46:26.281 1160 1276 I SystemConfig: Reading permissions from /vendor/etc/permissions/android.hardware.wifi.direct.xml
01-01 05:46:26.301 1160 1160 D CompatConfig: Adding: com.android.server.compat.config.Change@33b66b6
01-01 05:46:26.304 1160 1160 D CompatConfig: Adding: com.android.server.compat.config.Change@5a5fb7
01-01 05:46:26.307 1160 1276 I SystemConfig: Reading permissions from /vendor/etc/permissions/android.hardware.sensor.accelerometer.xml
01-01 05:46:26.307 1299 1299 I imsrcsd : Uce Service HAL is starting up...
01-01 05:46:26.312 1299 1299 I imsrcsd : Uce Service HAL loading imsrcsbaseimpl
01-01 05:46:26.313 1160 1160 D CompatConfig: Adding: com.android.server.compat.config.Change@64f6e8d
01-01 05:46:26.314 1160 1160 D CompatConfig: Adding: com.android.server.compat.config.Change@18f3842
01-01 05:46:26.315 1160 1160 D CompatConfig: Adding: com.android.server.compat.config.Change@22b4053
01-01 05:46:26.316 1160 1160 D CompatConfig: Adding: com.android.server.compat.config.Change@d35dd90
01-01 05:46:26.316 1160 1160 D CompatConfig: Adding: com.android.server.compat.config.Change@6d16689
01-01 05:46:26.318 1160 1160 D CompatConfig: Adding: com.android.server.compat.config.Change@b5c968e
01-01 05:46:26.319 1160 1160 D CompatConfig: Adding: com.android.server.compat.config.Change@c1f8eaf
01-01 05:46:26.321 1160 1160 D CompatConfig: Found a config file: /system/etc/compatconfig/icu4j-platform-compat-config.xml
01-01 05:46:27.074 0 0 I binder : 1275:1275 ioctl 40046210 7fec528a04 returned -22
01-01 05:46:27.111 0 0 I qcom,camera ac50000.qcom,cci: qcom,cam-sensor2: Dropping the link to regulator.77
01-01 05:46:26.323 1160 1160 D CompatConfig: Adding: com.android.server.compat.config.Change@160e245
01-01 05:46:26.326 1160 1160 D CompatConfig: Found a config file: /system/system_ext/etc/compatconfig/settings-platform-compat-config.xml
01-01 05:46:26.332 1160 1160 D CompatConfig: Adding: com.android.server.compat.config.Change@66066cb
01-01 05:46:26.378 1160 1160 D CompatConfig: No directory /apex/com.android.vndk.v30/etc/compatconfig, skipping
01-01 05:46:26.378 1160 1160 D CompatConfig: No directory /apex/com.android.wifi/etc/compatconfig, skipping
01-01 05:46:26.378 1160 1160 D CompatConfig: No directory /apex/com.android.vndk.v31/etc/compatconfig, skipping
01-01 05:46:26.378 1160 1160 D CompatConfig: No directory /apex/com.android.tzdata/etc/compatconfig, skipping
01-01 05:46:26.378 1160 1160 D CompatConfig: No directory /apex/com.android.tethering/etc/compatconfig, skipping
01-01 05:46:26.379 1160 1160 D CompatConfig: No directory /apex/com.android.sdkext/etc/compatconfig, skipping
01-01 05:46:26.379 1160 1160 D CompatConfig: No directory /apex/com.android.scheduling/etc/compatconfig, skipping
01-01 05:46:26.379 1160 1160 D CompatConfig: No directory /apex/com.android.runtime/etc/compatconfig, skipping
01-01 05:46:26.379 1160 1160 D CompatConfig: No directory /apex/com.android.resolv/etc/compatconfig, skipping
01-01 05:46:26.379 1160 1160 D CompatConfig: No directory /apex/com.android.permission/etc/compatconfig, skipping
01-01 05:46:26.380 1160 1160 D CompatConfig: No directory /apex/com.android.os.statsd/etc/compatconfig, skipping
01-01 05:46:26.380 1160 1160 D CompatConfig: No directory /apex/com.android.neuralnetworks/etc/compatconfig, skipping
01-01 05:46:26.397 1160 1276 I SystemConfig: Reading permissions from /vendor/etc/permissions/android.hardware.se.omapi.uicc.xml
01-01 05:46:26.430 1160 1160 D CompatConfig: Found a config file: /apex/com.android.mediaprovider/etc/compatconfig/media-provider-platform-compat-config.xml
01-01 05:46:26.431 1160 1276 I SystemConfig: Reading permissions from /vendor/etc/permissions/android.hardware.vulkan.level-1.xml
01-01 05:46:26.436 1160 1276 I SystemConfig: Reading permissions from /vendor/etc/permissions/android.software.sip.voip.xml
01-01 05:46:26.441 1160 1276 I SystemConfig: Reading permissions from /vendor/etc/permissions/android.hardware.sensor.barometer.xml
01-01 05:46:26.442 1160 1160 D CompatConfig: Adding: com.android.server.compat.config.Change@4614fd
01-01 05:46:26.446 1160 1160 D CompatConfig: Adding: com.android.server.compat.config.Change@ea35f2
01-01 05:46:26.448 1160 1160 D CompatConfig: Adding: com.android.server.compat.config.Change@b54e443
01-01 05:46:26.448 1160 1160 D CompatConfig: Adding: com.android.server.compat.config.Change@f83cac0
01-01 05:46:26.450 1160 1160 D CompatConfig: Adding: com.android.server.compat.config.Change@36403f9
01-01 05:46:26.451 1160 1160 D CompatConfig: Adding: com.android.server.compat.config.Change@661bf3e
01-01 05:46:26.452 1160 1160 D CompatConfig: Adding: com.android.server.compat.config.Change@7d7819f
01-01 05:46:26.452 1160 1276 I SystemConfig: Reading permissions from /vendor/etc/permissions/android.hardware.telephony.cdma.xml
01-01 05:46:26.453 1160 1160 D CompatConfig: No directory /apex/com.android.media.swcodec/etc/compatconfig, skipping
01-01 05:46:26.453 1160 1160 D CompatConfig: No directory /apex/com.android.media/etc/compatconfig, skipping
01-01 05:46:26.453 1160 1160 D CompatConfig: No directory /apex/com.android.ipsec/etc/compatconfig, skipping
01-01 05:46:26.453 1160 1160 D CompatConfig: No directory /apex/com.android.i18n/etc/compatconfig, skipping
01-01 05:46:26.453 1160 1160 D CompatConfig: No directory /apex/com.android.extservices/etc/compatconfig, skipping
01-01 05:46:26.454 1160 1160 D CompatConfig: No directory /apex/com.android.conscrypt/etc/compatconfig, skipping
01-01 05:46:26.454 1160 1160 D CompatConfig: No directory /apex/com.android.cellbroadcast/etc/compatconfig, skipping
01-01 05:46:26.461 1160 1276 I SystemConfig: Reading permissions from /vendor/etc/permissions/android.hardware.sensor.stepcounter.xml
01-01 05:46:26.476 1160 1276 I SystemConfig: Reading permissions from /vendor/etc/permissions/android.software.ipsec_tunnels.xml
01-01 05:46:26.485 1160 1276 I SystemConfig: Reading permissions from /vendor/etc/permissions/android.software.device_id_attestation.xml
01-01 05:46:26.488 1160 1276 I SystemConfig: Reading permissions from /vendor/etc/permissions/android.software.verified_boot.xml
01-01 05:46:26.502 1160 1276 I SystemConfig: Reading permissions from /vendor/etc/permissions/android.hardware.camera.full.xml
01-01 05:46:26.508 1160 1276 I SystemConfig: Reading permissions from /vendor/etc/permissions/android.hardware.usb.host.xml
01-01 05:46:26.510 1160 1276 I SystemConfig: Reading permissions from /vendor/etc/permissions/android.hardware.sensor.gyroscope.xml
01-01 05:46:26.512 1160 1276 I SystemConfig: Reading permissions from /vendor/etc/permissions/android.hardware.sensor.ambient_temperature.xml
01-01 05:46:26.514 1160 1276 I SystemConfig: Reading permissions from /vendor/etc/permissions/android.hardware.wifi.aware.xml
01-01 05:46:26.515 1160 1276 I SystemConfig: Reading permissions from /vendor/etc/permissions/android.hardware.vulkan.compute-0.xml
01-01 05:46:26.516 1160 1276 I SystemConfig: Reading permissions from /vendor/etc/permissions/android.hardware.audio.pro.xml
01-01 05:46:26.517 1160 1276 I SystemConfig: Reading permissions from /vendor/etc/permissions/android.hardware.opengles.aep.xml
01-01 05:46:26.521 1160 1276 I SystemConfig: Reading permissions from /vendor/etc/permissions/com.nxp.mifare.xml
01-01 05:46:27.259 0 0 I qcom,camera ac50000.qcom,cci: qcom,cam-sensor2: Dropping the link to regulator.54
01-01 05:46:27.259 0 0 I qcom,camera ac50000.qcom,cci: qcom,cam-sensor2: Dropping the link to regulator.56
01-01 05:46:27.260 0 0 I qcom,camera ac50000.qcom,cci: qcom,cam-sensor2: Dropping the link to regulator.57
01-01 05:46:27.284 0 0 I binder : 1283:1283 ioctl 40046210 7fd7da97d4 returned -22
01-01 05:46:27.303 0 0 I qcom,camera ac4f000.qcom,cci: qcom,cam-sensor4: Linked as a consumer to regulator.55
01-01 05:46:26.534 1160 1276 I SystemConfig: Reading permissions from /vendor/etc/permissions/android.hardware.sensor.proximity.xml
01-01 05:46:26.540 1160 1276 I SystemConfig: Reading permissions from /vendor/etc/permissions/android.hardware.sensor.hifi_sensors.xml
01-01 05:46:26.542 1160 1160 D CompatConfig: Found a config file: /apex/com.android.art/etc/compatconfig/libcore-platform-compat-config.xml
01-01 05:46:26.547 1160 1276 I SystemConfig: Reading permissions from /vendor/etc/permissions/vendor-qti-hardware-sensorscalibrate.xml
01-01 05:46:27.314 0 0 I qcom,camera ac4f000.qcom,cci: qcom,cam-sensor4: Linked as a consumer to regulator.52
01-01 05:46:26.556 1160 1276 I SystemConfig: Reading permissions from /vendor/etc/permissions/android.hardware.bluetooth.xml
01-01 05:46:26.558 1283 1283 I HidlServiceManagement: Registered android.system.wifi.keystore@1.0::IKeystore/default
01-01 05:46:26.559 1160 1160 D CompatConfig: Adding: com.android.server.compat.config.Change@44126ab
01-01 05:46:27.315 0 0 I qcom,camera ac4f000.qcom,cci: qcom,cam-sensor4: Linked as a consumer to regulator.57
01-01 05:46:27.317 0 0 I qcom,camera ac4f000.qcom,cci: qcom,cam-sensor4: Linked as a consumer to regulator.77
01-01 05:46:27.333 0 0 I CAM_ERR : CAM-CCI: cam_cci_irq: 238 Base:ffffff801a03d000, M0_Q1 NACK ERROR: 0x10000000
01-01 05:46:27.338 0 0 I CAM_ERR : CAM-CCI: cam_cci_read: 1306 ERROR with Slave 0x34:
01-01 05:46:27.338 0 0 I CAM_ERR : CAM-CCI: cam_cci_read_bytes: 1561 failed to read rc:-22
01-01 05:46:27.338 0 0 I CAM_ERR : CAM-SENSOR: cam_cci_i2c_read: 35 rc = -22
01-01 05:46:27.338 0 0 I CAM_WARN: CAM-SENSOR: cam_sensor_match_id: 769 read id: 0x0 expected id 0x586:
01-01 05:46:27.342 0 0 I qcom,camera ac4f000.qcom,cci: qcom,cam-sensor4: Dropping the link to regulator.77
01-01 05:46:27.342 0 0 I qcom,camera ac4f000.qcom,cci: qcom,cam-sensor4: Dropping the link to regulator.57
01-01 05:46:27.343 0 0 I qcom,camera ac4f000.qcom,cci: qcom,cam-sensor4: Dropping the link to regulator.52
01-01 05:46:27.343 0 0 I qcom,camera ac4f000.qcom,cci: qcom,cam-sensor4: Dropping the link to regulator.55
01-01 05:46:26.566 1160 1160 D CompatConfig: Adding: com.android.server.compat.config.Change@cc7c108
01-01 05:46:26.567 1160 1276 I SystemConfig: Reading permissions from /vendor/etc/permissions/handheld_core_hardware.xml
01-01 05:46:26.567 1160 1160 D CompatConfig: Adding: com.android.server.compat.config.Change@2f912c6
01-01 05:46:26.574 1160 1276 I SystemConfig: Reading permissions from /vendor/etc/permissions/android.hardware.bluetooth_le.xml
01-01 05:46:26.574 1160 1160 D CompatConfig: Adding: com.android.server.compat.config.Change@e9be5b4
01-01 05:46:26.586 1160 1276 I SystemConfig: Reading permissions from /vendor/etc/permissions/android.hardware.wifi.passpoint.xml
01-01 05:46:26.588 1160 1276 I SystemConfig: Reading permissions from /vendor/etc/permissions/android.hardware.location.gps.xml
01-01 05:46:26.590 1160 1276 I SystemConfig: Reading permissions from /vendor/etc/permissions/android.hardware.usb.accessory.xml
01-01 05:46:26.592 1160 1276 I SystemConfig: Reading permissions from /vendor/etc/permissions/android.hardware.touchscreen.multitouch.jazzhand.xml
01-01 05:46:26.594 1160 1276 I SystemConfig: Reading permissions from /vendor/etc/permissions/android.hardware.audio.low_latency.xml
01-01 05:46:26.596 1160 1160 D CompatConfig: Adding: com.android.server.compat.config.Change@581b49e
01-01 05:46:26.598 1160 1276 I SystemConfig: Reading permissions from /vendor/etc/permissions/android.software.vulkan.deqp.level.xml
01-01 05:46:26.599 1160 1160 D CompatConfig: No directory /apex/com.android.appsearch/etc/compatconfig, skipping
01-01 05:46:26.599 1160 1160 D CompatConfig: No directory /apex/com.android.adbd/etc/compatconfig, skipping
01-01 05:46:26.601 1160 1276 I SystemConfig: Reading permissions from /vendor/etc/permissions/android.hardware.sensor.light.xml
01-01 05:46:26.628 1160 1160 D SystemServerTiming: PlatformCompat took to complete: 700ms
01-01 05:46:26.629 1160 1160 I SystemServerTiming: StartFileIntegrityService
01-01 05:46:26.629 1160 1160 I SystemServiceManager: Starting com.android.server.security.FileIntegrityService
01-01 05:46:27.393 0 0 I qcom,camera ac4f000.qcom,cci: qcom,cam-sensor4: Linked as a consumer to regulator.55
01-01 05:46:26.634 1160 1276 I SystemConfig: Reading permissions from /vendor/etc/permissions/com.android.nfc_extras.xml
01-01 05:46:26.652 1160 1160 D SystemServerTiming: StartFileIntegrityService took to complete: 23ms
01-01 05:46:26.652 1160 1160 I SystemServerTiming: StartInstaller
01-01 05:46:26.652 1160 1160 I SystemServiceManager: Starting com.android.server.pm.Installer
01-01 05:46:27.403 0 0 I qcom,camera ac4f000.qcom,cci: qcom,cam-sensor4: Linked as a consumer to regulator.52
01-01 05:46:27.407 0 0 I qcom,camera ac4f000.qcom,cci: qcom,cam-sensor4: Linked as a consumer to regulator.57
01-01 05:46:27.409 0 0 I qcom,camera ac4f000.qcom,cci: qcom,cam-sensor4: Linked as a consumer to regulator.77
01-01 05:46:27.419 0 0 I binder : 1160:1160 ioctl 40046210 7fdf50b524 returned -22
01-01 05:46:27.447 0 0 I CAM_ERR : CAM-CCI: cam_cci_irq: 238 Base:ffffff801a03d000, M0_Q1 NACK ERROR: 0x10000000
01-01 05:46:27.447 0 0 I CAM_ERR : CAM-CCI: cam_cci_read: 1306 ERROR with Slave 0xc0:
01-01 05:46:27.447 0 0 I CAM_ERR : CAM-CCI: cam_cci_read_bytes: 1561 failed to read rc:-22
01-01 05:46:27.447 0 0 I CAM_ERR : CAM-SENSOR: cam_cci_i2c_read: 35 rc = -22
01-01 05:46:27.447 0 0 I CAM_WARN: CAM-SENSOR: cam_sensor_match_id: 769 read id: 0x0 expected id 0x9281:
01-01 05:46:27.448 0 0 I qcom,camera ac4f000.qcom,cci: qcom,cam-sensor4: Dropping the link to regulator.77
01-01 05:46:27.452 0 0 I qcom,camera ac4f000.qcom,cci: qcom,cam-sensor4: Dropping the link to regulator.57
01-01 05:46:27.453 0 0 I qcom,camera ac4f000.qcom,cci: qcom,cam-sensor4: Dropping the link to regulator.52
01-01 05:46:27.453 0 0 I qcom,camera ac4f000.qcom,cci: qcom,cam-sensor4: Dropping the link to regulator.55
01-01 05:46:26.662 1160 1160 D SystemServerTiming: StartInstaller took to complete: 9ms
01-01 05:46:26.662 1160 1160 I SystemServerTiming: DeviceIdentifiersPolicyService
01-01 05:46:26.662 1160 1160 I SystemServiceManager: Starting com.android.server.os.DeviceIdentifiersPolicyService
01-01 05:46:26.664 1160 1160 D SystemServerTiming: DeviceIdentifiersPolicyService took to complete: 2ms
01-01 05:46:26.668 1160 1160 I SystemServerTiming: UriGrantsManagerService
01-01 05:46:26.670 1160 1160 I SystemServiceManager: Starting com.android.server.uri.UriGrantsManagerService$Lifecycle
01-01 05:46:26.672 1160 1160 D SystemServerTiming: UriGrantsManagerService took to complete: 5ms
01-01 05:46:26.672 1160 1160 I SystemServerTiming: StartPowerStatsService
01-01 05:46:26.673 1160 1160 I SystemServiceManager: Starting com.android.server.powerstats.PowerStatsService
01-01 05:46:26.681 1160 1276 I SystemConfig: Reading permissions from /product/etc/sysconfig/preinstalled-packages-platform-handheld-product.xml
01-01 05:46:26.684 1160 1276 I SystemConfig: Reading permissions from /product/etc/sysconfig/preinstalled-packages-platform-overlays.xml
01-01 05:46:26.686 1160 1160 D SystemServerTiming: StartPowerStatsService took to complete: 14ms
01-01 05:46:26.686 1160 1160 I SystemServerTiming: StartIStatsService
01-01 05:46:26.688 1160 1276 I SystemConfig: Reading permissions from /product/etc/permissions/vendor.qti.hardware.data.connection-V1.1-java.xml
01-01 05:46:26.692 1160 1160 D SystemServerTiming: StartIStatsService took to complete: 5ms
01-01 05:46:26.692 1160 1276 I SystemConfig: Reading permissions from /product/etc/permissions/com.android.settings.intelligence.xml
01-01 05:46:26.692 1160 1160 I SystemServerTiming: MemtrackProxyService
01-01 05:46:26.695 1160 1276 I SystemConfig: Reading permissions from /product/etc/permissions/com.android.contacts.xml
01-01 05:46:26.698 1160 1160 D SystemServerTiming: MemtrackProxyService took to complete: 7ms
01-01 05:46:26.698 1160 1160 I SystemServerTiming: StartActivityManager
01-01 05:46:26.699 1160 1160 I SystemServiceManager: Starting com.android.server.wm.ActivityTaskManagerService$Lifecycle
01-01 05:46:26.700 1160 1276 I SystemConfig: Reading permissions from /product/etc/permissions/UimService.xml
01-01 05:46:26.704 1160 1276 I SystemConfig: Reading permissions from /product/etc/permissions/com.android.imsserviceentitlement.xml
01-01 05:46:26.718 1160 1160 I SystemServiceManager: Starting com.android.server.am.ActivityManagerService$Lifecycle
01-01 05:46:26.718 1160 1276 I SystemConfig: Reading permissions from /product/etc/permissions/UimGbaManager.xml
01-01 05:46:26.727 1160 1276 I SystemConfig: Reading permissions from /product/etc/permissions/qti_telephony_utils_prd.xml
01-01 05:46:26.734 1160 1276 I SystemConfig: Reading permissions from /product/etc/permissions/vendor.qti.hardware.data.connection-V1.0-java.xml
01-01 05:46:26.740 1299 1299 I imsrcsd : Starting Service for First Time imsbaseimpl
01-01 05:46:26.741 1160 1276 I SystemConfig: Reading permissions from /product/etc/permissions/com.android.dialer.xml
01-01 05:46:26.745 1160 1276 I SystemConfig: Reading permissions from /product/etc/permissions/qti_telephony_hidl_wrapper_prd.xml
01-01 05:46:26.751 1160 1276 I SystemConfig: Reading permissions from /product/etc/permissions/lpa.xml
01-01 05:46:26.753 1160 1160 I ActivityManager: Memory class: 512
01-01 05:46:26.754 1160 1276 I SystemConfig: Reading permissions from /product/etc/permissions/RemoteSimlockManager.xml
01-01 05:46:26.763 1160 1276 I SystemConfig: Reading permissions from /product/etc/permissions/UimGba.xml
01-01 05:46:26.768 1299 1299 I imsrcsd : Interface com.qualcomm.qti.uceservice@2.3::IUceService com.qualcomm.qti.uceservice is found in manifest
01-01 05:46:26.770 1299 1299 I HidlServiceManagement: Registered com.qualcomm.qti.uceservice@2.3::IUceService/com.qualcomm.qti.uceservice (start delay of 600ms)
01-01 05:46:27.510 0 0 I qcom,camera ac50000.qcom,cci: qcom,cam-sensor2: Linked as a consumer to regulator.56
01-01 05:46:26.773 1160 1276 I SystemConfig: Reading permissions from /product/etc/permissions/privapp-permissions-soundrecorder.xml
01-01 05:46:26.775 1299 1299 I imsrcsd : Interface com.qualcomm.qti.imscmservice@2.2::IImsCmService qti.ims.connectionmanagerservice is found in manifest
01-01 05:46:27.516 0 0 I qcom,camera ac50000.qcom,cci: qcom,cam-sensor2: Linked as a consumer to regulator.54
01-01 05:46:26.779 1299 1299 I HidlServiceManagement: Registered com.qualcomm.qti.imscmservice@2.2::IImsCmService/qti.ims.connectionmanagerservice (start delay of 609ms)
01-01 05:46:26.780 1160 1276 I SystemConfig: Reading permissions from /product/etc/permissions/extphonelib_product.xml
01-01 05:46:26.781 1299 1299 I imsrcsd : Interface vendor.qti.ims.factory@1.1::IImsFactory default is not found in manifest
01-01 05:46:26.782 1160 1276 I SystemConfig: Reading permissions from /product/etc/permissions/telephony_product_privapp-permissions-qti.xml
01-01 05:46:26.784 1160 1276 I SystemConfig: Reading permissions from /product/etc/permissions/com.qti.snapdragon.sdk.display.xml
01-01 05:46:26.789 1299 1299 I imsrcsd : Interface vendor.qti.ims.factory@1.0::IImsFactory default is found in manifest
01-01 05:46:27.520 0 0 I qcom,camera ac50000.qcom,cci: qcom,cam-sensor2: Linked as a consumer to regulator.57
01-01 05:46:27.522 0 0 I qcom,camera ac50000.qcom,cci: qcom,cam-sensor2: Linked as a consumer to regulator.77
01-01 05:46:26.792 1299 1299 I HidlServiceManagement: Registered vendor.qti.ims.factory@1.0::IImsFactory/default (start delay of 622ms)
01-01 05:46:26.796 1160 1276 I SystemConfig: Reading permissions from /product/etc/permissions/RemoteSimlock.xml
01-01 05:46:26.798 1160 1362 I Binder : Setting heavy hitter watcher config: false, 0, 0.0
01-01 05:46:26.800 1299 1299 I imsrcsd : Interface vendor.qti.ims.callinfo@1.0::IService default is found in manifest
01-01 05:46:26.803 1160 1276 I SystemConfig: Reading permissions from /product/etc/permissions/ims_ext_common.xml
01-01 05:46:26.809 1160 1276 I SystemConfig: Reading permissions from /system_ext/etc/sysconfig/qti_whitelist_system_ext.xml
01-01 05:46:26.816 1160 1276 I SystemConfig: Reading permissions from /system_ext/etc/sysconfig/qti_telephony_system_packages_config.xml
01-01 05:46:27.555 0 0 I CAM_ERR : CAM-CCI: cam_cci_irq: 238 Base:ffffff801a045000, M0_Q1 NACK ERROR: 0x10000000
01-01 05:46:26.827 1299 1299 I HidlServiceManagement: Registered vendor.qti.ims.callinfo@1.0::IService/default (start delay of 657ms)
01-01 05:46:26.827 1299 1299 I imsrcsd : ImsRcsBaseImpl ImsCallInfo After Registering Service
01-01 05:46:27.556 0 0 I CAM_ERR : CAM-CCI: cam_cci_read: 1306 ERROR with Slave 0x20:
01-01 05:46:27.556 0 0 I CAM_ERR : CAM-CCI: cam_cci_read_bytes: 1561 failed to read rc:-22
01-01 05:46:27.556 0 0 I CAM_ERR : CAM-SENSOR: cam_cci_i2c_read: 35 rc = -22
01-01 05:46:27.556 0 0 I CAM_WARN: CAM-SENSOR: cam_sensor_match_id: 769 read id: 0x0 expected id 0x9281:
01-01 05:46:27.557 0 0 I qcom,camera ac50000.qcom,cci: qcom,cam-sensor2: Dropping the link to regulator.77
01-01 05:46:27.562 0 0 I qcom,camera ac50000.qcom,cci: qcom,cam-sensor2: Dropping the link to regulator.57
01-01 05:46:27.562 0 0 I qcom,camera ac50000.qcom,cci: qcom,cam-sensor2: Dropping the link to regulator.54
01-01 05:46:27.563 0 0 I qcom,camera ac50000.qcom,cci: qcom,cam-sensor2: Dropping the link to regulator.56
01-01 05:46:27.598 0 0 I qcom,camera ac4f000.qcom,cci: qcom,cam-sensor0: Linked as a consumer to regulator.55
01-01 05:46:27.608 0 0 I qcom,camera ac4f000.qcom,cci: qcom,cam-sensor0: Linked as a consumer to regulator.52
01-01 05:46:27.611 0 0 I qcom,camera ac4f000.qcom,cci: qcom,cam-sensor0: Linked as a consumer to regulator.57
01-01 05:46:27.615 0 0 I qcom,camera ac4f000.qcom,cci: qcom,cam-sensor0: Linked as a consumer to regulator.77
01-01 05:46:27.626 0 0 I CAM_ERR : CAM-CCI: cam_cci_irq: 238 Base:ffffff801a03d000, M0_Q1 NACK ERROR: 0x10000000
01-01 05:46:27.626 0 0 I CAM_ERR : CAM-CCI: cam_cci_read: 1306 ERROR with Slave 0x34:
01-01 05:46:27.626 0 0 I CAM_ERR : CAM-CCI: cam_cci_read_bytes: 1561 failed to read rc:-22
01-01 05:46:27.626 0 0 I CAM_ERR : CAM-SENSOR: cam_cci_i2c_read: 35 rc = -22
01-01 05:46:27.626 0 0 I CAM_WARN: CAM-SENSOR: cam_sensor_match_id: 769 read id: 0x0 expected id 0x563:
01-01 05:46:27.629 0 0 I qcom,camera ac4f000.qcom,cci: qcom,cam-sensor0: Dropping the link to regulator.77
01-01 05:46:27.631 0 0 I qcom,camera ac4f000.qcom,cci: qcom,cam-sensor0: Dropping the link to regulator.57
01-01 05:46:27.632 0 0 I qcom,camera ac4f000.qcom,cci: qcom,cam-sensor0: Dropping the link to regulator.52
01-01 05:46:27.633 0 0 I qcom,camera ac4f000.qcom,cci: qcom,cam-sensor0: Dropping the link to regulator.55
01-01 05:46:26.872 1160 1276 I SystemConfig: Reading permissions from /system_ext/etc/permissions/privapp-permissions-qti-system-ext.xml
01-01 05:46:26.876 1160 1276 I SystemConfig: Reading permissions from /system_ext/etc/permissions/com.android.settings.xml
01-01 05:46:26.879 1160 1276 I SystemConfig: Reading permissions from /system_ext/etc/permissions/com.qualcomm.qti.imscmservice-V2.0-java.xml
01-01 05:46:26.908 1160 1276 I SystemConfig: Reading permissions from /system_ext/etc/permissions/privapp-permissions-mms.xml
01-01 05:46:26.917 1160 1276 I SystemConfig: Reading permissions from /system_ext/etc/permissions/telephony_system-ext_privapp-permissions-qti.xml
01-01 05:46:26.919 1160 1276 I SystemConfig: Reading permissions from /system_ext/etc/permissions/com.android.carrierconfig.xml
01-01 05:46:26.921 1160 1276 I SystemConfig: Reading permissions from /system_ext/etc/permissions/qcrilhook.xml
01-01 05:46:26.932 1160 1276 I SystemConfig: Reading permissions from /system_ext/etc/permissions/privapp-permissions-com.qualcomm.location.xml
01-01 05:46:26.935 1160 1276 I SystemConfig: Reading permissions from /system_ext/etc/permissions/android.software.verified_boot.xml
01-01 05:46:26.937 1160 1276 I SystemConfig: Reading permissions from /system_ext/etc/permissions/com.qualcomm.qti.imscmservice-V2.2-java.xml
01-01 05:46:26.938 1160 1276 I SystemConfig: Reading permissions from /system_ext/etc/permissions/audiosphere.xml
01-01 05:46:26.940 1160 1276 I SystemConfig: Reading permissions from /system_ext/etc/permissions/extphonelib.xml
01-01 05:46:27.668 0 0 I cnss-daemon: NL group_id 10, cnss_nl.family_id 28
01-01 05:46:27.668 0 0 I cnss-daemon: wlfw_start: Starting
01-01 05:46:27.671 0 0 I qcom,camera ac4f000.qcom,cci: qcom,cam-sensor0: Linked as a consumer to regulator.55
01-01 05:46:27.675 0 0 I qcom,camera ac4f000.qcom,cci: qcom,cam-sensor0: Linked as a consumer to regulator.52
01-01 05:46:26.941 1160 1276 I SystemConfig: Reading permissions from /system_ext/etc/permissions/com.qti.media.secureprocessor.xml
01-01 05:46:26.943 1160 1276 I SystemConfig: Reading permissions from /system_ext/etc/permissions/embms.xml
01-01 05:46:27.679 0 0 I qcom,camera ac4f000.qcom,cci: qcom,cam-sensor0: Linked as a consumer to regulator.57
01-01 05:46:26.945 1160 1276 I SystemConfig: Reading permissions from /system_ext/etc/permissions/dpmapi.xml
01-01 05:46:27.683 0 0 I qcom,camera ac4f000.qcom,cci: qcom,cam-sensor0: Linked as a consumer to regulator.77
01-01 05:46:26.952 1160 1276 I SystemConfig: Reading permissions from /system_ext/etc/permissions/com.qti.dpmframework.xml
01-01 05:46:26.956 1160 1276 I SystemConfig: Reading permissions from /system_ext/etc/permissions/vendor.qti.ims.rcsservice.xml
01-01 05:46:26.959 1160 1276 I SystemConfig: Reading permissions from /system_ext/etc/permissions/qti_telephony_utils.xml
01-01 05:46:27.695 0 0 I cnss-daemon: no interop issues ap currently
01-01 05:46:26.961 1160 1276 I SystemConfig: Reading permissions from /system_ext/etc/permissions/com.android.systemui.xml
01-01 05:46:27.700 0 0 I CAM_ERR : CAM-CCI: cam_cci_irq: 238 Base:ffffff801a03d000, M0_Q1 NACK ERROR: 0x10000000
01-01 05:46:27.700 0 0 I cnss-daemon: wlfw_service_request: Start the pthread: 0x0K
01-01 05:46:27.700 0 0 I binder : 1340:1340 ioctl 40046210 7feb2a52f4 returned -22
01-01 05:46:26.970 1160 1276 I SystemConfig: Reading permissions from /system_ext/etc/permissions/com.android.launcher3.xml
01-01 05:46:26.973 1160 1276 I SystemConfig: Reading permissions from /system_ext/etc/permissions/com.qualcomm.qti.izattools.xml
01-01 05:46:26.975 1160 1276 I SystemConfig: Reading permissions from /system_ext/etc/permissions/com.qti.location.sdk.xml
01-01 05:46:26.976 1160 1276 I SystemConfig: Reading permissions from /system_ext/etc/permissions/wfd-system-ext-privapp-permissions-qti.xml
01-01 05:46:27.702 0 0 I CAM_ERR : CAM-CCI: cam_cci_read: 1306 ERROR with Slave 0x34:
01-01 05:46:27.702 0 0 I CAM_ERR : CAM-CCI: cam_cci_read_bytes: 1561 failed to read rc:-22
01-01 05:46:27.702 0 0 I CAM_ERR : CAM-SENSOR: cam_cci_i2c_read: 35 rc = -22
01-01 05:46:27.702 0 0 I CAM_WARN: CAM-SENSOR: cam_sensor_match_id: 769 read id: 0x0 expected id 0x519:
01-01 05:46:27.708 0 0 I cnss-daemon: ro.baseband : [apq]
01-01 05:46:27.708 0 0 I cnss-daemon: Hardware supports external modem
01-01 05:46:27.714 0 0 I qcom,camera ac4f000.qcom,cci: qcom,cam-sensor0: Dropping the link to regulator.77
01-01 05:46:26.979 1160 1276 I SystemConfig: Reading permissions from /system_ext/etc/permissions/com.qualcomm.location.xml
01-01 05:46:26.981 1160 1276 I SystemConfig: Reading permissions from /system_ext/etc/permissions/com.qualcomm.qti.imscmservice-V2.1-java.xml
01-01 05:46:26.983 1160 1276 I SystemConfig: Reading permissions from /system_ext/etc/permissions/com.android.provision.xml
01-01 05:46:27.717 0 0 I qcom,camera ac4f000.qcom,cci: qcom,cam-sensor0: Dropping the link to regulator.57
01-01 05:46:27.717 0 0 I qcom,camera ac4f000.qcom,cci: qcom,cam-sensor0: Dropping the link to regulator.52
01-01 05:46:27.718 0 0 I qcom,camera ac4f000.qcom,cci: qcom,cam-sensor0: Dropping the link to regulator.55
01-01 05:46:26.985 1160 1276 I SystemConfig: Reading permissions from /system_ext/etc/permissions/com.nxp.nfc.nq.xml
01-01 05:46:26.987 1160 1276 I SystemConfig: Reading permissions from /system_ext/etc/permissions/embms-noship_product_privapp_permissions_qti.xml
01-01 05:46:26.989 1160 1276 I SystemConfig: Reading permissions from /system_ext/etc/permissions/qti_supplicant_interface.xml
01-01 05:46:26.991 1160 1276 I SystemConfig: Reading permissions from /system_ext/etc/permissions/izat.xt.srv.xml
01-01 05:46:26.992 1160 1276 I SystemConfig: Reading permissions from /system_ext/etc/permissions/com.qualcomm.qti.imscmservice.xml
01-01 05:46:26.994 1160 1276 I SystemConfig: Reading permissions from /system_ext/etc/permissions/com.android.storagemanager.xml
01-01 05:46:26.997 1160 1276 I SystemConfig: Reading permissions from /system_ext/etc/permissions/qti_permissions.xml
01-01 05:46:26.999 1160 1276 I SystemConfig: Reading permissions from /system_ext/etc/permissions/com.qualcomm.qmapbridge.xml
01-01 05:46:27.001 1160 1276 I SystemConfig: Reading permissions from /system_ext/etc/permissions/qti_libpermissions.xml
01-01 05:46:27.004 1160 1276 I SystemConfig: Reading permissions from /system_ext/etc/permissions/privapp-permissions-aptxals.xml
01-01 05:46:27.005 1160 1276 I SystemConfig: Reading permissions from /system_ext/etc/permissions/qti_telephony_hidl_wrapper.xml
01-01 05:46:27.006 1160 1276 I SystemConfig: Reading permissions from /system_ext/etc/permissions/com.android.emergency.xml
01-01 05:46:27.747 0 0 I cnss-daemon: pm_release_vote: pm_handle is NULL
01-01 05:46:27.747 0 0 I cnss-daemon: pm_release_vote: pm_handle is NULL
01-01 05:46:27.014 1160 1276 I SystemConfig: Reading permissions from /apex/com.android.ipsec/etc/permissions/android.net.ipsec.ike.xml
01-01 05:46:27.020 1160 1276 D SystemConfig: readAllPermissions took to complete: 1078ms
01-01 05:46:27.020 1160 1276 D SystemServerInitThreadPool: Finished executing ReadingSystemConfig
01-01 05:46:27.020 1160 1276 D SystemServerTimingAsync: InitThreadPoolExec:ReadingSystemConfig took to complete: 1079ms
01-01 05:46:27.747 0 0 I cnss-daemon: wlfw_build_cal_table: not read /data/vendor/wifi/wlfw_cal_00.bin
01-01 05:46:27.759 0 0 I binder : 1279:1279 ioctl 40046210 ffc667c8 returned -22
01-01 05:46:27.761 0 0 I kona-asoc-snd soc: qcom,msm-audio-apr:qcom,q6core-audio:sound: msm_asoc_machine_probe: Sound card kona-mtp-snd-card registered
01-01 05:46:27.761 0 0 E kona-asoc-snd soc: qcom,msm-audio-apr:qcom,q6core-audio:sound: msm_asoc_machine_probe: No DT match for tdm max slots
01-01 05:46:27.768 0 0 I cnss-daemon: wlfw_build_cal_table: not read /data/vendor/wifi/wlfw_cal_02.bin
01-01 05:46:27.769 0 0 I binder : 1255:1255 ioctl 40046210 7fea32ae14 returned -22
01-01 05:46:27.772 0 0 I qcom,camera ac50000.qcom,cci: qcom,cam-sensor3: Linked as a consumer to regulator.57
01-01 05:46:27.775 0 0 E kona-asoc-snd soc: qcom,msm-audio-apr:qcom,q6core-audio:sound: msm_asoc_machine_probe: Using default tdm max slot: 8
01-01 05:46:27.776 0 0 I binder : 1255:1255 ioctl 40046210 7fea32ae34 returned -22
01-01 05:46:27.776 0 0 D cnss : Received QMI WLFW request memory indication
01-01 05:46:27.776 0 0 D cnss : FW requests for memory, size: 0x5e0000, type: 1
01-01 05:46:27.776 0 0 D cnss : FW requests for memory, size: 0xd8000, type: 4
01-01 05:46:27.776 0 0 D cnss : Posting event: REQUEST_MEM(2), state: 0x9 flags: 0x0
01-01 05:46:27.776 0 0 D cnss : PM stay awake, state: 0x9, count: 1
01-01 05:46:27.776 0 0 D cnss : PM relax, state: 0x9, count: 0
01-01 05:46:27.776 0 0 D cnss : PM stay awake, state: 0x9, count: 1
01-01 05:46:27.776 0 0 D cnss : Processing driver event: REQUEST_MEM(2), state: 0x9
01-01 05:46:27.778 0 0 I qcom,camera ac50000.qcom,cci: qcom,cam-sensor3: Linked as a consumer to regulator.86
01-01 05:46:27.778 0 0 I binder : 1279:1279 ioctl 40046210 ffc667b0 returned -22
01-01 05:46:27.793 0 0 E : [drm:dp_display_init_aux_switch][msm-dp-err][373 ]failed to register notifier (-22)
01-01 05:46:27.807 0 0 I qcom,camera ac50000.qcom,cci: qcom,cam-sensor3: Linked as a consumer to regulator.77
01-01 05:46:27.079 1160 1160 D BatteryStatsImpl: Reading daily items from /data/system/batterystats-daily.xml
01-01 05:46:27.833 0 0 I CAM_ERR : CAM-CCI: cam_cci_irq: 264 Base:ffffff801a045000, M1_Q1 NACK ERROR: 0x40000000
01-01 05:46:27.834 0 0 I CAM_ERR : CAM-CCI: cam_cci_read: 1306 ERROR with Slave 0x20:
01-01 05:46:27.834 0 0 I CAM_ERR : CAM-CCI: cam_cci_read_bytes: 1561 failed to read rc:-22
01-01 05:46:27.834 0 0 I CAM_ERR : CAM-SENSOR: cam_cci_i2c_read: 35 rc = -22
01-01 05:46:27.834 0 0 I CAM_WARN: CAM-SENSOR: cam_sensor_match_id: 769 read id: 0x0 expected id 0x885a:
01-01 05:46:27.834 0 0 E swr-wcd rx_swr_ctrl: swrm_get_logical_dev_num: device 0xd01170224 is not ready
01-01 05:46:27.834 0 0 I qcom,camera ac50000.qcom,cci: qcom,cam-sensor3: Dropping the link to regulator.77
01-01 05:46:27.849 0 0 W QSEECOM : qseecom_load_app: App (featenabler) does'nt exist, loading apps for first time
01-01 05:46:27.851 0 0 I qcom,camera ac50000.qcom,cci: qcom,cam-sensor3: Dropping the link to regulator.86
01-01 05:46:27.852 0 0 I qcom,camera ac50000.qcom,cci: qcom,cam-sensor3: Dropping the link to regulator.57
01-01 05:46:27.113 1160 1423 I KernelCpuUidFreqTimeReader: mPerClusterTimesAvailable=false
01-01 05:46:27.123 1160 1423 E KernelCpuSpeedReader: Failed to read cpu-freq: /sys/devices/system/cpu/cpu4/cpufreq/stats/time_in_state: open failed: ENOENT (No such file or directory)
01-01 05:46:27.123 1160 1423 E KernelCpuSpeedReader: Failed to read cpu-freq: /sys/devices/system/cpu/cpu0/cpufreq/stats/time_in_state: open failed: ENOENT (No such file or directory)
01-01 05:46:27.874 0 0 W QSEECOM : qseecom_load_app: App with id 5 (featenabler) now loaded
01-01 05:46:27.893 0 0 I qcom,camera ac4f000.qcom,cci: qcom,cam-sensor1: Linked as a consumer to regulator.56
01-01 05:46:27.897 0 0 I qcom,camera ac4f000.qcom,cci: qcom,cam-sensor1: Linked as a consumer to regulator.53
01-01 05:46:27.901 0 0 I qcom,camera ac4f000.qcom,cci: qcom,cam-sensor1: Linked as a consumer to regulator.57
01-01 05:46:27.903 0 0 I qcom,camera ac4f000.qcom,cci: qcom,cam-sensor1: Linked as a consumer to regulator.77
01-01 05:46:27.927 0 0 E swr_get_logical_dev_num: Error -22 to get logical addr for device d01170224
01-01 05:46:27.932 0 0 I CAM_ERR : CAM-CCI: cam_cci_irq: 264 Base:ffffff801a03d000, M1_Q1 NACK ERROR: 0x40000000
01-01 05:46:27.939 0 0 I CAM_ERR : CAM-CCI: cam_cci_read: 1306 ERROR with Slave 0xc0:
01-01 05:46:27.939 0 0 I CAM_ERR : CAM-CCI: cam_cci_read_bytes: 1561 failed to read rc:-22
01-01 05:46:27.940 0 0 I CAM_ERR : CAM-SENSOR: cam_cci_i2c_read: 35 rc = -22
01-01 05:46:27.940 0 0 I CAM_WARN: CAM-SENSOR: cam_sensor_match_id: 769 read id: 0x0 expected id 0x6710:
01-01 05:46:27.942 0 0 I qcom,camera ac4f000.qcom,cci: qcom,cam-sensor1: Dropping the link to regulator.77
01-01 05:46:27.948 0 0 I qcom,camera ac4f000.qcom,cci: qcom,cam-sensor1: Dropping the link to regulator.57
01-01 05:46:27.949 0 0 I qcom,camera ac4f000.qcom,cci: qcom,cam-sensor1: Dropping the link to regulator.53
01-01 05:46:27.950 0 0 I qcom,camera ac4f000.qcom,cci: qcom,cam-sensor1: Dropping the link to regulator.56
01-01 05:46:27.232 1160 1423 W KernelMemoryBandwidthStats: No kernel memory bandwidth stats available
01-01 05:46:27.958 0 0 E swr-wcd rx_swr_ctrl: swrm_get_logical_dev_num: device 0xd01170224 is not ready
01-01 05:46:27.980 0 0 E swr_get_logical_dev_num: Error -22 to get logical addr for device d01170224
01-01 05:46:28.012 0 0 I binder : 1433:1433 ioctl 40046210 7fc33f6c14 returned -22
01-01 05:46:28.018 0 0 E swr-wcd rx_swr_ctrl: swrm_get_logical_dev_num: device 0xd01170224 is not ready
01-01 05:46:28.019 0 0 I qcom,camera ac50000.qcom,cci: qcom,cam-sensor2: Linked as a consumer to regulator.56
01-01 05:46:28.021 0 0 I binder : 1433:1433 ioctl 40046210 7fc33f6a44 returned -22
01-01 05:46:28.045 0 0 I qcom,camera ac50000.qcom,cci: qcom,cam-sensor2: Linked as a consumer to regulator.57
01-01 05:46:28.046 0 0 I binder : 1447:1447 ioctl 40046210 7ff1a90de4 returned -22
01-01 05:46:28.048 0 0 I qcom,camera ac50000.qcom,cci: qcom,cam-sensor2: Linked as a consumer to regulator.54
01-01 05:46:28.049 0 0 E swr_get_logical_dev_num: Error -22 to get logical addr for device d01170224
01-01 05:46:28.075 0 0 I qcom,camera ac50000.qcom,cci: qcom,cam-sensor2: Linked as a consumer to regulator.77
01-01 05:46:28.076 0 0 E swr-wcd rx_swr_ctrl: swrm_get_logical_dev_num: device 0xd01170224 is not ready
01-01 05:46:28.094 0 0 I CAM_ERR : CAM-CCI: cam_cci_irq: 238 Base:ffffff801a045000, M0_Q1 NACK ERROR: 0x10000000
01-01 05:46:28.094 0 0 I CAM_ERR : CAM-CCI: cam_cci_read: 1306 ERROR with Slave 0x20:
01-01 05:46:28.094 0 0 I CAM_ERR : CAM-CCI: cam_cci_read_bytes: 1561 failed to read rc:-22
01-01 05:46:28.094 0 0 I CAM_ERR : CAM-SENSOR: cam_cci_i2c_read: 35 rc = -22
01-01 05:46:28.094 0 0 I CAM_WARN: CAM-SENSOR: cam_sensor_match_id: 769 read id: 0x0 expected id 0x3841:
01-01 05:46:28.095 0 0 I qcom,camera ac50000.qcom,cci: qcom,cam-sensor2: Dropping the link to regulator.77
01-01 05:46:28.099 0 0 I qcom,camera ac50000.qcom,cci: qcom,cam-sensor2: Dropping the link to regulator.54
01-01 05:46:28.099 0 0 I qcom,camera ac50000.qcom,cci: qcom,cam-sensor2: Dropping the link to regulator.57
01-01 05:46:28.100 0 0 E swr_get_logical_dev_num: Error -22 to get logical addr for device d01170224
01-01 05:46:28.103 0 0 I qcom,camera ac50000.qcom,cci: qcom,cam-sensor2: Dropping the link to regulator.56
01-01 05:46:28.122 0 0 E swr-wcd rx_swr_ctrl: swrm_get_logical_dev_num: device 0xd01170224 is not ready
01-01 05:46:28.141 0 0 E swr_get_logical_dev_num: Error -22 to get logical addr for device d01170224
01-01 05:46:28.151 0 0 E wcd938x_codec wcd938x-codec: wcd938x_bind: Slave bind failed, ret = -517
01-01 05:46:28.157 0 0 I qcom,camera ac4f000.qcom,cci: qcom,cam-sensor5: Linked as a consumer to regulator.56
01-01 05:46:27.424 1280 1280 W HidlServiceManagement: Waited one second for android.hardware.health@2.0::IHealth/default
01-01 05:46:28.165 0 0 I qcom,camera ac4f000.qcom,cci: qcom,cam-sensor5: Linked as a consumer to regulator.53
01-01 05:46:28.175 0 0 I qcom,camera ac4f000.qcom,cci: qcom,cam-sensor5: Linked as a consumer to regulator.57
01-01 05:46:28.177 0 0 I binder : 1445:1445 ioctl 40046210 7fe69107c4 returned -22
01-01 05:46:28.178 0 0 I qcom,camera ac4f000.qcom,cci: qcom,cam-sensor5: Linked as a consumer to regulator.77 --------- beginning of crash
01-01 05:46:27.452 1483 1483 F linker : CANNOT LINK EXECUTABLE "/vendor/bin/hw/sxrservice": library "vendor.qti.hardware.qxr-V1-ndk_platform.so" not found: needed by main executable
01-01 05:46:28.189 0 0 D cnss : Sending respond memory message, state: 0x9
01-01 05:46:27.462 1475 1475 F linker : CANNOT LINK EXECUTABLE "/vendor/bin/hw/qvrservice": library "vendor.qti.hardware.qxr-V1-ndk_platform.so" not found: needed by /vendor/lib64/libqvrservice.so in namespace (default)
01-01 05:46:28.189 0 0 D cnss : Memory for FW, va: 0xffffff8026596000, pa: 0x00000000a1000000, size: 0x5e0000, type: 1
01-01 05:46:28.189 0 0 D cnss : Memory for FW, va: 0xffffff8020afd000, pa: 0x00000000a1600000, size: 0xd8000, type: 4
01-01 05:46:28.197 0 0 D cnss : PM relax, state: 0x9, count: 0
01-01 05:46:28.198 0 0 D cnss : Received QMI WLFW FW memory ready indication
01-01 05:46:28.198 0 0 D cnss : Posting event: FW_MEM_READY(3), state: 0x9 flags: 0x0
01-01 05:46:28.198 0 0 D cnss : PM stay awake, state: 0x9, count: 1
01-01 05:46:28.198 0 0 D cnss : PM relax, state: 0x9, count: 0
01-01 05:46:28.198 0 0 D cnss : PM stay awake, state: 0x9, count: 1
01-01 05:46:28.198 0 0 D cnss : Processing driver event: FW_MEM_READY(3), state: 0x9
01-01 05:46:28.198 0 0 D cnss : Sending target capability message, state: 0xb
01-01 05:46:28.199 0 0 I binder : 1445:1445 ioctl 40046210 7fe69103c4 returned -22
01-01 05:46:28.210 0 0 D cnss : Voltage for CPR: 948mV
01-01 05:46:28.210 0 0 D cnss : Got voltage 800mV from i: 0, j: 0
01-01 05:46:28.210 0 0 D cnss : Got voltage 1012mV from i: 4, j: 1
01-01 05:46:28.210 0 0 D cnss : Update TCS CMD data address 0x000000000b2e5844 with voltage 950mV
01-01 05:46:28.210 0 0 D cnss : Device frequency is 24000000 HZ
01-01 05:46:28.210 0 0 D cnss : Target capability: chip_id: 0x0, chip_family: 0xb, board_id: 0xff, soc_id: 0xffffffff, fw_version: 0x101a0521, fw_build_timestamp: 2021-12-20 07:54, fw_build_id: QC_IMAGE_VERSION_STRING=WLAN.HST.1.0.1.r1-01313-QCAHSTSWPL_SILICONZ-1, otp_version: 0x0
01-01 05:46:28.210 0 0 D cnss : Sending BDF download message, state: 0xb, type: 4
01-01 05:46:28.210 0 0 D cnss : FW name added with prefix: qca6390/regdb.bin
01-01 05:46:28.211 0 0 W cnss2 b0000000.qcom,cnss-qca6390: Falling back to syfs fallback for: qca6390/regdb.bin
01-01 05:46:28.217 0 0 D qbt : qbt_open: entry minor_no=0 fd_available=1
01-01 05:46:28.217 0 0 D qbt : qbt_open: exit : 0 fd_available=0
01-01 05:46:28.217 0 0 D qbt : qbt_open: entry minor_no=1 fd_available=0
01-01 05:46:28.217 0 0 D qbt : qbt_open: exit : 0 fd_available=0
01-01 05:46:28.222 0 0 D qbt : qbt_ioctl: cmd received 102
01-01 05:46:28.222 0 0 D qbt : qbt_ioctl: qbt_ioctl: QBT_ENABLE_IPC
01-01 05:46:28.226 0 0 I CAM_ERR : CAM-CCI: cam_cci_irq: 264 Base:ffffff801a03d000, M1_Q1 NACK ERROR: 0x40000000
01-01 05:46:28.227 0 0 I CAM_ERR : CAM-CCI: cam_cci_read: 1306 ERROR with Slave 0xc0:
01-01 05:46:28.227 0 0 I CAM_ERR : CAM-CCI: cam_cci_read_bytes: 1561 failed to read rc:-22
01-01 05:46:28.227 0 0 I CAM_ERR : CAM-SENSOR: cam_cci_i2c_read: 35 rc = -22
01-01 05:46:28.227 0 0 I CAM_WARN: CAM-SENSOR: cam_sensor_match_id: 769 read id: 0x0 expected id 0x6710:
01-01 05:46:28.227 0 0 I qcom,camera ac4f000.qcom,cci: qcom,cam-sensor5: Dropping the link to regulator.77
01-01 05:46:28.228 0 0 D qbt : qbt_ioctl: cmd received 107
01-01 05:46:28.229 0 0 D qbt : qbt_ioctl: Acquiring wakelock
01-01 05:46:28.237 0 0 I qcom,camera ac4f000.qcom,cci: qcom,cam-sensor5: Dropping the link to regulator.57
01-01 05:46:28.237 0 0 I qcom,camera ac4f000.qcom,cci: qcom,cam-sensor5: Dropping the link to regulator.53
01-01 05:46:28.238 0 0 I qcom,camera ac4f000.qcom,cci: qcom,cam-sensor5: Dropping the link to regulator.56
01-01 05:46:28.250 0 0 W subsys-pil-tz soc: qcom,kgsl-hyp: Falling back to syfs fallback for: a650_zap.mdt
01-01 05:46:27.533 1484 1484 I TLOC : [main ]"TLOC DAEMON main thread"
01-01 05:46:28.270 0 0 I ueventd : firmware: loading 'qca6390/regdb.bin' for '/devices/platform/soc/b0000000.qcom,cnss-qca6390/firmware/qca6390!regdb.bin'
01-01 05:46:27.534 1484 1484 D TLOC : [TLOCDaemon ]"---------- TLOC Daemon Starts ----------"
01-01 05:46:27.539 1484 1484 D TLOC : [TLOCChannel]"The channel was initialized successfully for TLOCD"
01-01 05:46:27.541 1484 1484 D TLOC : [TLOCChannel]"The channel was initialized successfully for TLOCL"
01-01 05:46:28.280 0 0 I qcom_rpmh DRV: apps_rsc TCS Busy, retrying RPMH message send: addr=0x30080
01-01 05:46:28.281 0 0 E ueventd : firmware: could not find firmware for qca6390/regdb.bin
01-01 05:46:27.543 1484 1484 D TLOC : [TLOCChannel]"The channel was initialized successfully for MODEM"
01-01 05:46:27.544 1484 1484 D TLOC : [TLOCChannel]"TLOCChannel was initialized successfully"
01-01 05:46:27.544 1484 1484 D TLOC : [TLOCChannel] "TLOCChannel is already initialized"
01-01 05:46:28.285 0 0 I qcom,camera ac50000.qcom,cci: qcom,cam-sensor3: Linked as a consumer to regulator.57
01-01 05:46:28.288 0 0 E ueventd : firmware: attempted /etc/firmware/qca6390/regdb.bin, open failed: No such file or directory
01-01 05:46:28.294 0 0 I ueventd : firmware: loading 'a650_zap.mdt' for '/devices/platform/soc/soc:qcom,kgsl-hyp/firmware/a650_zap.mdt'
01-01 05:46:28.300 0 0 E ueventd : firmware: attempted /odm/firmware/qca6390/regdb.bin, open failed: No such file or directory
01-01 05:46:28.306 0 0 I qcom,camera ac50000.qcom,cci: qcom,cam-sensor3: Linked as a consumer to regulator.86
01-01 05:46:28.311 0 0 E ueventd : firmware: attempted /vendor/firmware/qca6390/regdb.bin, open failed: No such file or directory
01-01 05:46:28.313 0 0 I ueventd : loading /devices/platform/soc/soc:qcom,kgsl-hyp/firmware/a650_zap.mdt took 20ms
01-01 05:46:28.323 0 0 E ueventd : firmware: attempted /firmware/image/qca6390/regdb.bin, open failed: No such file or directory
01-01 05:46:28.334 0 0 E ueventd : firmware: attempted /vendor/firmware_mnt/image/qca6390/regdb.bin, open failed: No such file or directory
01-01 05:46:28.335 0 0 I qcom,camera ac50000.qcom,cci: qcom,cam-sensor3: Linked as a consumer to regulator.77
01-01 05:46:28.349 0 0 I ueventd : loading /devices/platform/soc/b0000000.qcom,cnss-qca6390/firmware/qca6390!regdb.bin took 79ms
01-01 05:46:28.349 0 0 E cnss : Failed to load BDF: qca6390/regdb.bin
01-01 05:46:28.356 0 0 I subsys-pil-tz soc: qcom,kgsl-hyp: a650_zap: loading from 0x00000000fcf00000 to 0x00000000fcf01000
01-01 05:46:28.358 0 0 I init : processing action (init.svc.media=*) from (/system/etc/init/mediaserver.rc:1)
01-01 05:46:28.359 0 0 D cnss : Sending BDF download message, state: 0xb, type: 1
01-01 05:46:28.359 0 0 D cnss : FW name added with prefix: qca6390/bdwlan.elf
01-01 05:46:28.359 0 0 W cnss2 b0000000.qcom,cnss-qca6390: Falling back to syfs fallback for: qca6390/bdwlan.elf
