08-16 16:54:02.623 805 3475 D audio_hw_primary: adev_create_audio_patch: Playback patch from mix handle 13 to device 80
08-16 16:54:02.623 805 3475 D audio_hw_primary: update_patch: enter
08-16 16:54:02.623 805 3475 D audio_hw_primary: route_output_stream: enter: usecase(1: low-latency-playback) devices 80
08-16 16:54:02.623 805 3475 I btaudio_offload_qti: audio_check_a2dp_ready_qti: state = AUDIO_A2DP_STATE_STARTED
08-16 16:54:02.623 805 3475 I btaudio_offload_qti: audio_check_a2dp_ready_qti: session ready = 1
08-16 16:54:02.623 805 3475 W btaudio_offload_qti: audio_check_a2dp_ready_qti: return
08-16 16:54:02.623 805 3475 D audio_hw_primary: select_devices for use case (low-latency-playback)
08-16 16:54:02.623 805 3475 I btaudio_offload_qti: audio_check_a2dp_ready_qti: state = AUDIO_A2DP_STATE_STARTED
08-16 16:54:02.623 805 3475 I btaudio_offload_qti: audio_check_a2dp_ready_qti: session ready = 1
08-16 16:54:02.623 805 3475 W btaudio_offload_qti: audio_check_a2dp_ready_qti: return
08-16 16:54:02.624 805 2905 W audio_hw_primary: out_write: underrun(20) frames_by_time(8253) > out->last_fifo_frames_remaining(384)
08-16 16:54:02.640 805 2905 I btaudio_offload_qti: audio_get_a2dp_sink_latency_qti: Sink Latency = 0
08-16 16:54:02.644 805 2905 I btaudio_offload_qti: audio_get_a2dp_sink_latency_qti: Sink Latency = 0
08-16 16:54:02.648 805 2905 I btaudio_offload_qti: audio_get_a2dp_sink_latency_qti: Sink Latency = 0
08-16 16:54:02.652 805 2905 I btaudio_offload_qti: audio_get_a2dp_sink_latency_qti: Sink Latency = 0
08-16 16:54:02.652 805 3475 D audio_hw_primary: out_set_parameters: enter: usecase(1: low-latency-playback) kvpairs: suspend_playback=true
08-16 16:54:02.653 805 3475 D audio_hw_extn: audio_extn_fm_set_parameters: Enter
08-16 16:54:02.660 805 3475 D audio_hw_primary: out_set_parameters: enter: usecase(1: low-latency-playback) kvpairs: suspend_playback=false
08-16 16:54:02.660 805 3475 D audio_hw_extn: audio_extn_fm_set_parameters: Enter
08-16 16:54:02.662 805 2905 W audio_hw_primary: out_write: underrun(21) frames_by_time(508) > out->last_fifo_frames_remaining(384)
08-16 16:54:02.669 1160 1820 D CompatibilityInfo: mCompatibilityFlags - 4
08-16 16:54:02.669 1160 1820 D CompatibilityInfo: applicationDensity - 240
08-16 16:54:02.669 1160 1820 D CompatibilityInfo: applicationScale - 1.0
08-16 16:54:02.671 2215 2215 I QImsService: QtiImsExtService : QtiImsExtService created!
08-16 16:54:02.671 2215 2215 E QImsService: QtiImsExtService : QtiImsExtService, ImsService is not yet started retry.
08-16 16:54:02.672 2350 2350 D QtiImsExtConnector: Attempt to bind QtiImsExt service returned with: true
08-16 16:54:02.672 2215 2215 E QImsService: QtiImsExtService : QtiImsExtService, ImsService is not yet started retry.
08-16 16:54:02.672 2215 2215 W QImsService: QtiImsExtService : onBind returned null
08-16 16:54:02.673 2350 2350 D QtiImsExtConnector: onNullBinding componentName ComponentInfo{org.codeaurora.ims/org.codeaurora.ims.QtiImsExtService}
08-16 16:54:02.678 805 2905 I btaudio_offload_qti: audio_get_a2dp_sink_latency_qti: Sink Latency = 0
08-16 16:54:02.682 805 2905 I btaudio_offload_qti: audio_get_a2dp_sink_latency_qti: Sink Latency = 0
08-16 16:54:02.686 805 2905 I btaudio_offload_qti: audio_get_a2dp_sink_latency_qti: Sink Latency = 0
08-16 16:54:02.690 805 2905 I btaudio_offload_qti: audio_get_a2dp_sink_latency_qti: Sink Latency = 0
08-16 16:54:02.694 805 2905 I btaudio_offload_qti: audio_get_a2dp_sink_latency_qti: Sink Latency = 0
08-16 16:54:02.698 805 2905 I btaudio_offload_qti: audio_get_a2dp_sink_latency_qti: Sink Latency = 0
08-16 16:54:02.702 805 2905 I btaudio_offload_qti: audio_get_a2dp_sink_latency_qti: Sink Latency = 0
08-16 16:54:02.706 805 2905 I btaudio_offload_qti: audio_get_a2dp_sink_latency_qti: Sink Latency = 0
08-16 16:54:02.710 805 2905 I btaudio_offload_qti: audio_get_a2dp_sink_latency_qti: Sink Latency = 0
08-16 16:54:02.714 805 2905 I btaudio_offload_qti: audio_get_a2dp_sink_latency_qti: Sink Latency = 0
08-16 16:54:02.718 805 2905 I btaudio_offload_qti: audio_get_a2dp_sink_latency_qti: Sink Latency = 0
08-16 16:54:02.722 805 2905 I btaudio_offload_qti: audio_get_a2dp_sink_latency_qti: Sink Latency = 0
08-16 16:54:02.726 805 2905 I btaudio_offload_qti: audio_get_a2dp_sink_latency_qti: Sink Latency = 0
08-16 16:54:02.730 805 2905 I btaudio_offload_qti: audio_get_a2dp_sink_latency_qti: Sink Latency = 0
08-16 16:54:02.734 805 2905 I btaudio_offload_qti: audio_get_a2dp_sink_latency_qti: Sink Latency = 0
08-16 16:54:02.738 805 2905 I btaudio_offload_qti: audio_get_a2dp_sink_latency_qti: Sink Latency = 0
08-16 16:54:02.742 805 2905 I btaudio_offload_qti: audio_get_a2dp_sink_latency_qti: Sink Latency = 0
08-16 16:54:02.746 805 2905 I btaudio_offload_qti: audio_get_a2dp_sink_latency_qti: Sink Latency = 0
08-16 16:54:02.750 805 2905 I btaudio_offload_qti: audio_get_a2dp_sink_latency_qti: Sink Latency = 0
08-16 16:54:02.754 805 2905 I btaudio_offload_qti: audio_get_a2dp_sink_latency_qti: Sink Latency = 0
08-16 16:54:02.758 805 2905 I btaudio_offload_qti: audio_get_a2dp_sink_latency_qti: Sink Latency = 0
08-16 16:54:02.762 805 2905 I btaudio_offload_qti: audio_get_a2dp_sink_latency_qti: Sink Latency = 0
08-16 16:54:02.766 805 2905 I btaudio_offload_qti: audio_get_a2dp_sink_latency_qti: Sink Latency = 0
08-16 16:54:02.769 805 3475 I btaudio_offload_qti: audio_get_a2dp_sink_latency_qti: Sink Latency = 0
08-16 16:54:02.770 805 2905 I btaudio_offload_qti: audio_get_a2dp_sink_latency_qti: Sink Latency = 0
08-16 16:54:02.774 805 2905 I btaudio_offload_qti: audio_get_a2dp_sink_latency_qti: Sink Latency = 0
08-16 16:54:02.778 805 2905 I btaudio_offload_qti: audio_get_a2dp_sink_latency_qti: Sink Latency = 0
08-16 16:54:02.782 805 2905 I btaudio_offload_qti: audio_get_a2dp_sink_latency_qti: Sink Latency = 0
08-16 16:54:02.786 805 2905 I btaudio_offload_qti: audio_get_a2dp_sink_latency_qti: Sink Latency = 0
08-16 16:54:02.790 805 2905 I btaudio_offload_qti: audio_get_a2dp_sink_latency_qti: Sink Latency = 0
08-16 16:54:02.794 805 2905 I btaudio_offload_qti: audio_get_a2dp_sink_latency_qti: Sink Latency = 0
08-16 16:54:02.798 805 2905 I btaudio_offload_qti: audio_get_a2dp_sink_latency_qti: Sink Latency = 0
08-16 16:54:02.802 805 2905 I btaudio_offload_qti: audio_get_a2dp_sink_latency_qti: Sink Latency = 0
08-16 16:54:02.803 962 962 W SDM : HWCDisplay::GetHWCLayer: [0] GetLayer(37) failed: no such layer
08-16 16:54:02.806 805 2905 I btaudio_offload_qti: audio_get_a2dp_sink_latency_qti: Sink Latency = 0
08-16 16:54:02.809 805 3475 I btaudio_offload_qti: audio_get_a2dp_sink_latency_qti: Sink Latency = 0
08-16 16:54:02.810 805 2905 I btaudio_offload_qti: audio_get_a2dp_sink_latency_qti: Sink Latency = 0
08-16 16:54:02.814 805 2905 I btaudio_offload_qti: audio_get_a2dp_sink_latency_qti: Sink Latency = 0
08-16 16:54:02.816 1047 1047 W HwcComposer: command 0x3000000 generated error 3
08-16 16:54:02.818 805 2905 I btaudio_offload_qti: audio_get_a2dp_sink_latency_qti: Sink Latency = 0
08-16 16:54:02.822 805 2905 I btaudio_offload_qti: audio_get_a2dp_sink_latency_qti: Sink Latency = 0
08-16 16:54:02.825 805 2905 I btaudio_offload_qti: audio_get_a2dp_sink_latency_qti: Sink Latency = 0
08-16 16:54:02.829 805 3475 I btaudio_offload_qti: audio_get_a2dp_sink_latency_qti: Sink Latency = 0
08-16 16:54:02.830 805 2905 I btaudio_offload_qti: audio_get_a2dp_sink_latency_qti: Sink Latency = 0
08-16 16:54:02.834 805 2905 I btaudio_offload_qti: audio_get_a2dp_sink_latency_qti: Sink Latency = 0
08-16 16:54:02.837 805 2905 I btaudio_offload_qti: audio_get_a2dp_sink_latency_qti: Sink Latency = 0
08-16 16:54:02.841 805 2905 I btaudio_offload_qti: audio_get_a2dp_sink_latency_qti: Sink Latency = 0
08-16 16:54:02.845 805 2905 I btaudio_offload_qti: audio_get_a2dp_sink_latency_qti: Sink Latency = 0
08-16 16:54:02.849 805 3475 I btaudio_offload_qti: audio_get_a2dp_sink_latency_qti: Sink Latency = 0
08-16 16:54:02.849 805 2905 I btaudio_offload_qti: audio_get_a2dp_sink_latency_qti: Sink Latency = 0
08-16 16:54:02.853 805 2905 I btaudio_offload_qti: audio_get_a2dp_sink_latency_qti: Sink Latency = 0
08-16 16:54:02.857 805 2905 I btaudio_offload_qti: audio_get_a2dp_sink_latency_qti: Sink Latency = 0
08-16 16:54:02.861 805 2905 I btaudio_offload_qti: audio_get_a2dp_sink_latency_qti: Sink Latency = 0
08-16 16:54:02.866 805 2905 I btaudio_offload_qti: audio_get_a2dp_sink_latency_qti: Sink Latency = 0
08-16 16:54:02.870 805 3475 I btaudio_offload_qti: audio_get_a2dp_sink_latency_qti: Sink Latency = 0
08-16 16:54:02.870 805 2905 I btaudio_offload_qti: audio_get_a2dp_sink_latency_qti: Sink Latency = 0
08-16 16:54:02.874 805 2905 I btaudio_offload_qti: audio_get_a2dp_sink_latency_qti: Sink Latency = 0
08-16 16:54:02.877 805 2905 I btaudio_offload_qti: audio_get_a2dp_sink_latency_qti: Sink Latency = 0
08-16 16:54:02.881 805 2905 I btaudio_offload_qti: audio_get_a2dp_sink_latency_qti: Sink Latency = 0
08-16 16:54:02.885 805 2905 I btaudio_offload_qti: audio_get_a2dp_sink_latency_qti: Sink Latency = 0
08-16 16:54:02.889 805 3475 I btaudio_offload_qti: audio_get_a2dp_sink_latency_qti: Sink Latency = 0
08-16 16:54:02.890 805 2905 I btaudio_offload_qti: audio_get_a2dp_sink_latency_qti: Sink Latency = 0
08-16 16:54:02.893 805 2905 I btaudio_offload_qti: audio_get_a2dp_sink_latency_qti: Sink Latency = 0
08-16 16:54:02.898 805 2905 I btaudio_offload_qti: audio_get_a2dp_sink_latency_qti: Sink Latency = 0
08-16 16:54:02.901 805 2905 I btaudio_offload_qti: audio_get_a2dp_sink_latency_qti: Sink Latency = 0
08-16 16:54:02.906 805 2905 I btaudio_offload_qti: audio_get_a2dp_sink_latency_qti: Sink Latency = 0
08-16 16:54:02.909 805 2905 I btaudio_offload_qti: audio_get_a2dp_sink_latency_qti: Sink Latency = 0
08-16 16:54:02.913 805 3475 I btaudio_offload_qti: audio_get_a2dp_sink_latency_qti: Sink Latency = 0
08-16 16:54:02.913 805 2905 I btaudio_offload_qti: audio_get_a2dp_sink_latency_qti: Sink Latency = 0
08-16 16:54:02.917 805 2905 I btaudio_offload_qti: audio_get_a2dp_sink_latency_qti: Sink Latency = 0
08-16 16:54:02.921 805 2905 I btaudio_offload_qti: audio_get_a2dp_sink_latency_qti: Sink Latency = 0
08-16 16:54:02.925 805 2905 I btaudio_offload_qti: audio_get_a2dp_sink_latency_qti: Sink Latency = 0
08-16 16:54:02.929 805 3475 I btaudio_offload_qti: audio_get_a2dp_sink_latency_qti: Sink Latency = 0
08-16 16:54:02.929 805 2905 I btaudio_offload_qti: audio_get_a2dp_sink_latency_qti: Sink Latency = 0
08-16 16:54:02.933 805 2905 I btaudio_offload_qti: audio_get_a2dp_sink_latency_qti: Sink Latency = 0
08-16 16:54:02.937 805 2905 I btaudio_offload_qti: audio_get_a2dp_sink_latency_qti: Sink Latency = 0
08-16 16:54:02.941 805 2905 I btaudio_offload_qti: audio_get_a2dp_sink_latency_qti: Sink Latency = 0
01-01 05:48:23.358 0 0 I init : starting service 'qvrd_vndr'...
01-01 05:48:23.366 0 0 I init : Created socket '/dev/socket/qvrservice_vndr', mode 660, user 1000, group 1000
08-16 16:54:02.945 805 2905 I btaudio_offload_qti: audio_get_a2dp_sink_latency_qti: Sink Latency = 0
08-16 16:54:02.950 805 2905 I btaudio_offload_qti: audio_get_a2dp_sink_latency_qti: Sink Latency = 0
08-16 16:54:02.953 805 2905 I btaudio_offload_qti: audio_get_a2dp_sink_latency_qti: Sink Latency = 0
08-16 16:54:02.957 805 2905 I btaudio_offload_qti: audio_get_a2dp_sink_latency_qti: Sink Latency = 0
08-16 16:54:02.964 805 2905 I btaudio_offload_qti: audio_get_a2dp_sink_latency_qti: Sink Latency = 0
01-01 05:48:23.380 0 0 I init : Created socket '/dev/socket/qvrservice_vndr_camera', mode 660, user 1000, group 1000
08-16 16:54:02.967 805 805 D audio_hw_primary: out_set_parameters: enter: usecase(1: low-latency-playback) kvpairs: suspend_playback=true
08-16 16:54:02.967 805 805 D audio_hw_extn: audio_extn_fm_set_parameters: Enter
01-01 05:48:23.404 0 0 I init : starting service 'sxrd'...
08-16 16:54:02.999 4720 4738 D ProvidersAccess: Matched roots: [Root{userId=0, authority=null, rootId=null, title=Recent, isUsb=false, isSd=false, isMtp=false} @ content:/root/null, Root{userId=0, authority=com.android.externalstorage.documents, rootId=primary, title=figure, isUsb=false, isSd=false, isMtp=false} @ content://com.android.externalstorage.documents/root/primary, Root{userId=0, authority=com.android.providers.downloads.documents, rootId=downloads, title=Downloads, isUsb=false, isSd=false, isMtp=false} @ content://com.android.providers.downloads.documents/root/downloads, Root{userId=0, authority=com.android.providers.media.documents, rootId=images_root, title=Images, isUsb=false, isSd=false, isMtp=false} @ content://com.android.providers.media.documents/root/images_root, Root{userId=0, authority=com.android.providers.media.documents, rootId=videos_root, title=Videos, isUsb=false, isSd=false, isMtp=false} @ content://com.android.providers.media.documents/root/videos_root, Root{userId=0, authority=com.android.providers.media.documents, rootId=audio_root, title=Audio, isUsb=false, isSd=false, isMtp=false} @ content://com.android.providers.media.documents/root/audio_root, Root{userId=0, authority=com.android.providers.media.documents, rootId=documents_root, title=Documents, isUsb=false, isSd=false, isMtp=false} @ content://com.android.providers.media.documents/root/documents_root, Root{userId=0, authority=com.android.traceur.documents, rootId=traces, title=System traces, isUsb=false, isSd=false, isMtp=false} @ content://com.android.traceur.documents/root/traces, Root{userId=0, authority=com.android.shell.documents, rootId=bugreport, title=Bug reports, isUsb=false, isSd=false, isMtp=false} @ content://com.android.shell.documents/root/bugreport]
08-16 16:54:03.007 4804 4804 F linker : CANNOT LINK EXECUTABLE "/vendor/bin/hw/sxrservice": library "vendor.qti.hardware.qxr-V1-ndk_platform.so" not found: needed by main executable
01-01 05:48:23.433 0 0 I init : Service 'sxrd' (pid 4804) exited with status 1
01-01 05:48:23.440 0 0 I init : Sending signal 9 to service 'sxrd' (pid 4804) process group...
08-16 16:54:03.026 4798 4798 F linker : CANNOT LINK EXECUTABLE "/vendor/bin/hw/qvrservice": library "vendor.qti.hardware.qxr-V1-ndk_platform.so" not found: needed by /vendor/lib64/libqvrservice.so in namespace (default)
01-01 05:48:23.536 0 0 D : mv2112_read_status
01-01 05:48:23.540 0 0 D mv2112_update_link: 3.0x901(1G): 0x4
01-01 05:48:23.545 0 0 D mv2112_update_link: 3.0x8109(100M): 0x8
01-01 05:48:23.550 0 0 D mv2112_update_link: link 0x4
01-01 05:48:23.554 0 0 D mv2112_read_status: autoneg is disabled
08-16 16:54:03.179 1160 1194 D CompatibilityInfo: mCompatibilityFlags - 4
08-16 16:54:03.179 1160 1194 D CompatibilityInfo: applicationDensity - 240
08-16 16:54:03.179 1160 1194 D CompatibilityInfo: applicationScale - 1.0
08-16 16:54:03.181 2215 2215 I QImsService: QtiImsExtService : QtiImsExtService created!
08-16 16:54:03.182 2215 2215 E QImsService: QtiImsExtService : QtiImsExtService, ImsService is not yet started retry.
08-16 16:54:03.182 2350 2350 D QtiImsExtConnector: Attempt to bind QtiImsExt service returned with: true
08-16 16:54:03.182 2215 2215 E QImsService: QtiImsExtService : QtiImsExtService, ImsService is not yet started retry.
08-16 16:54:03.182 2215 2215 W QImsService: QtiImsExtService : onBind returned null
08-16 16:54:03.184 2350 2350 D QtiImsExtConnector: onNullBinding componentName ComponentInfo{org.codeaurora.ims/org.codeaurora.ims.QtiImsExtService}
08-16 16:54:03.695 1160 1194 D CompatibilityInfo: mCompatibilityFlags - 4
08-16 16:54:03.696 1160 1194 D CompatibilityInfo: applicationDensity - 240
08-16 16:54:03.696 1160 1194 D CompatibilityInfo: applicationScale - 1.0
08-16 16:54:03.699 2350 2350 D QtiImsExtConnector: Attempt to bind QtiImsExt service returned with: true
08-16 16:54:03.701 2215 2215 I QImsService: QtiImsExtService : QtiImsExtService created!
08-16 16:54:03.701 2215 2215 E QImsService: QtiImsExtService : QtiImsExtService, ImsService is not yet started retry.
08-16 16:54:03.702 2215 2215 E QImsService: QtiImsExtService : QtiImsExtService, ImsService is not yet started retry.
08-16 16:54:03.702 2215 2215 W QImsService: QtiImsExtService : onBind returned null
08-16 16:54:03.704 2350 2350 D QtiImsExtConnector: onNullBinding componentName ComponentInfo{org.codeaurora.ims/org.codeaurora.ims.QtiImsExtService}
08-16 16:54:03.969 805 805 D audio_hw_primary: out_set_parameters: enter: usecase(1: low-latency-playback) kvpairs: suspend_playback=false
08-16 16:54:03.969 805 805 D audio_hw_extn: audio_extn_fm_set_parameters: Enter
08-16 16:54:03.971 805 2905 W audio_hw_primary: out_write: underrun(22) frames_by_time(48463) > out->last_fifo_frames_remaining(384)
08-16 16:54:03.986 805 2905 I btaudio_offload_qti: audio_get_a2dp_sink_latency_qti: Sink Latency = 0
08-16 16:54:03.990 805 2905 I btaudio_offload_qti: audio_get_a2dp_sink_latency_qti: Sink Latency = 0
08-16 16:54:03.994 805 2905 I btaudio_offload_qti: audio_get_a2dp_sink_latency_qti: Sink Latency = 0
08-16 16:54:03.998 805 2905 I btaudio_offload_qti: audio_get_a2dp_sink_latency_qti: Sink Latency = 0
08-16 16:54:04.002 805 2905 I btaudio_offload_qti: audio_get_a2dp_sink_latency_qti: Sink Latency = 0
08-16 16:54:04.006 805 2905 I btaudio_offload_qti: audio_get_a2dp_sink_latency_qti: Sink Latency = 0
08-16 16:54:04.009 805 805 D audio_hw_primary: out_set_parameters: enter: usecase(1: low-latency-playback) kvpairs: suspend_playback=true
08-16 16:54:04.009 805 805 D audio_hw_extn: audio_extn_fm_set_parameters: Enter
01-01 05:48:24.560 0 0 D : mv2112_read_status
01-01 05:48:24.564 0 0 D mv2112_update_link: 3.0x901(1G): 0x4
01-01 05:48:24.569 0 0 D mv2112_update_link: 3.0x8109(100M): 0x8
01-01 05:48:24.574 0 0 D mv2112_update_link: link 0x4
01-01 05:48:24.578 0 0 D mv2112_read_status: autoneg is disabled
08-16 16:54:04.221 1160 1820 D CompatibilityInfo: mCompatibilityFlags - 4
08-16 16:54:04.222 1160 1820 D CompatibilityInfo: applicationDensity - 240
08-16 16:54:04.222 1160 1820 D CompatibilityInfo: applicationScale - 1.0
08-16 16:54:04.225 2215 2215 I QImsService: QtiImsExtService : QtiImsExtService created!
08-16 16:54:04.225 2215 2215 E QImsService: QtiImsExtService : QtiImsExtService, ImsService is not yet started retry.
08-16 16:54:04.226 2215 2215 E QImsService: QtiImsExtService : QtiImsExtService, ImsService is not yet started retry.
08-16 16:54:04.226 2215 2215 W QImsService: QtiImsExtService : onBind returned null
08-16 16:54:04.231 2350 2350 D QtiImsExtConnector: Attempt to bind QtiImsExt service returned with: true
08-16 16:54:04.233 2350 2350 D QtiImsExtConnector: onNullBinding componentName ComponentInfo{org.codeaurora.ims/org.codeaurora.ims.QtiImsExtService}
08-16 16:54:04.293 1160 2851 E TaskPersister: File error accessing recents directory (directory doesn't exist?).
08-16 16:54:04.590 678 4718 I resolv : retrying_poll: 60 retrying_poll timeout
08-16 16:54:04.591 678 4718 D resolv : send_dg: 1
08-16 16:54:04.591 678 4718 I resolv : res_nsend: used send_dg 0 terrno: 110
08-16 16:54:04.591 678 4718 I resolv : res_stats_set_sample: rcode = 255, sec = 0
08-16 16:54:04.591 678 4718 I resolv : res_cache_add_stats_sample_locked: adding sample to stats, next = 53, count = 53
08-16 16:54:04.591 678 4718 D resolv : res_nsend: Querying server (# 1) address = 192.168.1.1:53
08-16 16:54:04.593 678 4718 I resolv : get_timeout: using timeout of 5000 msec
08-16 16:54:04.593 678 4718 I resolv : retrying_poll: 60 retrying_poll
08-16 16:54:04.747 1160 1194 D CompatibilityInfo: mCompatibilityFlags - 4
08-16 16:54:04.748 1160 1194 D CompatibilityInfo: applicationDensity - 240
08-16 16:54:04.748 1160 1194 D CompatibilityInfo: applicationScale - 1.0
08-16 16:54:04.752 2215 2215 I QImsService: QtiImsExtService : QtiImsExtService created!
08-16 16:54:04.752 2215 2215 E QImsService: QtiImsExtService : QtiImsExtService, ImsService is not yet started retry.
08-16 16:54:04.752 2350 2350 D QtiImsExtConnector: Attempt to bind QtiImsExt service returned with: true
08-16 16:54:04.753 2215 2215 E QImsService: QtiImsExtService : QtiImsExtService, ImsService is not yet started retry.
08-16 16:54:04.753 2215 2215 W QImsService: QtiImsExtService : onBind returned null
08-16 16:54:04.754 2350 2350 D QtiImsExtConnector: onNullBinding componentName ComponentInfo{org.codeaurora.ims/org.codeaurora.ims.QtiImsExtService}
08-16 16:54:05.010 805 805 D audio_hw_primary: out_set_parameters: enter: usecase(1: low-latency-playback) kvpairs: suspend_playback=false
08-16 16:54:05.011 805 805 D audio_hw_extn: audio_extn_fm_set_parameters: Enter
08-16 16:54:05.012 805 2905 W audio_hw_primary: out_write: underrun(23) frames_by_time(48284) > out->last_fifo_frames_remaining(384)
08-16 16:54:05.027 805 2905 I btaudio_offload_qti: audio_get_a2dp_sink_latency_qti: Sink Latency = 0
08-16 16:54:05.031 805 2905 I btaudio_offload_qti: audio_get_a2dp_sink_latency_qti: Sink Latency = 0
08-16 16:54:05.035 805 2905 I btaudio_offload_qti: audio_get_a2dp_sink_latency_qti: Sink Latency = 0
08-16 16:54:05.039 805 2905 I btaudio_offload_qti: audio_get_a2dp_sink_latency_qti: Sink Latency = 0
08-16 16:54:05.043 805 2905 I btaudio_offload_qti: audio_get_a2dp_sink_latency_qti: Sink Latency = 0
08-16 16:54:05.047 805 2905 I btaudio_offload_qti: audio_get_a2dp_sink_latency_qti: Sink Latency = 0
08-16 16:54:05.051 805 805 D audio_hw_primary: out_set_parameters: enter: usecase(1: low-latency-playback) kvpairs: suspend_playback=true
08-16 16:54:05.051 805 805 D audio_hw_extn: audio_extn_fm_set_parameters: Enter
01-01 05:48:25.585 0 0 D : mv2112_read_status
01-01 05:48:25.588 0 0 D mv2112_update_link: 3.0x901(1G): 0x4
01-01 05:48:25.593 0 0 D mv2112_update_link: 3.0x8109(100M): 0x8
01-01 05:48:25.598 0 0 D mv2112_update_link: link 0x4
01-01 05:48:25.602 0 0 D mv2112_read_status: autoneg is disabled
08-16 16:54:05.264 1160 1820 D CompatibilityInfo: mCompatibilityFlags - 4
08-16 16:54:05.265 1160 1820 D CompatibilityInfo: applicationDensity - 240
08-16 16:54:05.265 1160 1820 D CompatibilityInfo: applicationScale - 1.0
08-16 16:54:05.268 2215 2215 I QImsService: QtiImsExtService : QtiImsExtService created!
08-16 16:54:05.268 2215 2215 E QImsService: QtiImsExtService : QtiImsExtService, ImsService is not yet started retry.
08-16 16:54:05.269 2215 2215 E QImsService: QtiImsExtService : QtiImsExtService, ImsService is not yet started retry.
08-16 16:54:05.269 2215 2215 W QImsService: QtiImsExtService : onBind returned null
08-16 16:54:05.269 2350 2350 D QtiImsExtConnector: Attempt to bind QtiImsExt service returned with: true
08-16 16:54:05.271 2350 2350 D QtiImsExtConnector: onNullBinding componentName ComponentInfo{org.codeaurora.ims/org.codeaurora.ims.QtiImsExtService}
08-16 16:54:05.661 678 4708 I resolv : retrying_poll: 54 retrying_poll timeout
08-16 16:54:05.662 678 4708 D resolv : send_dg: 1
08-16 16:54:05.662 678 4708 I resolv : res_nsend: used send_dg 0 terrno: 110
08-16 16:54:05.663 678 4708 D resolv : doQuery: rcode=0, ancount=0
08-16 16:54:05.663 678 4707 I resolv : resolv_populate_res_for_net: netid=100
08-16 16:54:05.667 3357 4706 W System.err: java.net.UnknownHostException: Unable to resolve host "r.release.qq.com": No address associated with hostname
08-16 16:54:05.668 3357 4706 W System.err: at java.net.Inet6AddressImpl.lookupHostByName(Inet6AddressImpl.java:156)
08-16 16:54:05.668 3357 4706 W System.err: at java.net.Inet6AddressImpl.lookupAllHostAddr(Inet6AddressImpl.java:103)
08-16 16:54:05.668 3357 4706 W System.err: at java.net.InetAddress.getAllByName(InetAddress.java:1152)
08-16 16:54:05.668 3357 4706 W System.err: at com.android.okhttp.Dns$1.lookup(Dns.java:41)
08-16 16:54:05.669 3357 4706 W System.err: at com.android.okhttp.internal.http.RouteSelector.resetNextInetSocketAddress(RouteSelector.java:178)
08-16 16:54:05.669 3357 4706 W System.err: at com.android.okhttp.internal.http.RouteSelector.nextProxy(RouteSelector.java:144)
08-16 16:54:05.669 3357 4706 W System.err: at com.android.okhttp.internal.http.RouteSelector.next(RouteSelector.java:86)
08-16 16:54:05.669 3357 4706 W System.err: at com.android.okhttp.internal.http.StreamAllocation.findConnection(StreamAllocation.java:176)
08-16 16:54:05.669 3357 4706 W System.err: at com.android.okhttp.internal.http.StreamAllocation.findHealthyConnection(StreamAllocation.java:128)
08-16 16:54:05.669 3357 4706 W System.err: at com.android.okhttp.internal.http.StreamAllocation.newStream(StreamAllocation.java:97)
08-16 16:54:05.669 3357 4706 W System.err: at com.android.okhttp.internal.http.HttpEngine.connect(HttpEngine.java:289)
08-16 16:54:05.669 3357 4706 W System.err: at com.android.okhttp.internal.http.HttpEngine.sendRequest(HttpEngine.java:232)
08-16 16:54:05.669 3357 4706 W System.err: at com.android.okhttp.internal.huc.HttpURLConnectionImpl.execute(HttpURLConnectionImpl.java:465)
08-16 16:54:05.669 3357 4706 W System.err: at com.android.okhttp.internal.huc.HttpURLConnectionImpl.connect(HttpURLConnectionImpl.java:131)
08-16 16:54:05.670 3357 4706 W System.err: at com.android.okhttp.internal.huc.DelegatingHttpsURLConnection.connect(DelegatingHttpsURLConnection.java:90)
08-16 16:54:05.670 3357 4706 W System.err: at com.android.okhttp.internal.huc.HttpsURLConnectionImpl.connect(HttpsURLConnectionImpl.java:30)
08-16 16:54:05.670 3357 4706 W System.err: at com.tencent.upgrade.util.e$1.run(RQDSRC:73)
08-16 16:54:05.670 3357 4706 W System.err: at java.util.concurrent.ThreadPoolExecutor.runWorker(ThreadPoolExecutor.java:1167)
08-16 16:54:05.670 3357 4706 W System.err: at java.util.concurrent.ThreadPoolExecutor$Worker.run(ThreadPoolExecutor.java:641)
08-16 16:54:05.671 3357 4706 W System.err: at java.lang.Thread.run(Thread.java:920)
08-16 16:54:05.671 3357 4706 W System.err: Caused by: android.system.GaiException: android_getaddrinfo failed: EAI_NODATA (No address associated with hostname)
08-16 16:54:05.671 3357 4706 W System.err: at libcore.io.Linux.android_getaddrinfo(Native Method)
08-16 16:54:05.671 3357 4706 W System.err: at libcore.io.ForwardingOs.android_getaddrinfo(ForwardingOs.java:136)
08-16 16:54:05.671 3357 4706 W System.err: at libcore.io.BlockGuardOs.android_getaddrinfo(BlockGuardOs.java:221)
08-16 16:54:05.671 3357 4706 W System.err: at libcore.io.ForwardingOs.android_getaddrinfo(ForwardingOs.java:136)
08-16 16:54:05.671 3357 4706 W System.err: at java.net.Inet6AddressImpl.lookupHostByName(Inet6AddressImpl.java:135)
08-16 16:54:05.672 3357 4706 W System.err: ... 19 more
08-16 16:54:05.672 3357 4706 E UpgradeCommonTag: UpgradeManager : requestRemotePatchInfo onFail errorCode = -1 errorMsg = Unable to resolve host "r.release.qq.com": No address associated with hostname
08-16 16:54:05.672 3357 4706 V StatManager: userBehaviorPV action=upgrade_patch_check_fail_http err,Unable to resolve host "r.release.qq.com": No address associated with hostname
08-16 16:54:05.673 3357 4706 V BeaconStatManager: 带事件å的统计埋点: eventName:MTT_RD_PERCENT_100,action:upgrade_patch_check_fail_http err,Unable to resolve host "r.release.qq.com": No address associated with hostname,pv:1,isAccu:true
08-16 16:54:05.673 3357 4706 V StatManager: userBehaviorPV action=upgrade_patch_check_fail_http err,Unable to resolve host "r.release.qq.com": No address associated with hostname
08-16 16:54:05.673 3357 4706 V BeaconStatManager: 带事件å的统计埋点: eventName:MTT_RD_BC_PERCENT_100,action:upgrade_patch_check_fail_http err,Unable to resolve host "r.release.qq.com": No address associated with hostname,pv:1,isAccu:true
08-16 16:54:05.678 3357 3357 D RFix.RFixQualityReporter: reportEvent configId=null configType=null patchType=null patchVersion=null eventName=Config eventSuccess=false eventCode=null eventCodeExt=null eventTimeCost=0
08-16 16:54:05.680 3357 3357 D RFix.RFixATTAReporter: reportToATTA params={app_version=13.0.1.1062, event_time_cost=0, client_model=null, client_type=Android, client_brand=TC, process_name=com.tencent.mtt, event_code=null, sdk_version=0.9.0-qb-r1.5, patch_type=null, client_version=31, config_type=null, patch_version=null, ext3=null, ext2=null, ext1=null, sdk_appid=12345qbrow, event_code_ext=null, device_id=null, attaid=0ac00056535, realtime_compute_close=1, token=5422841524, app_name=QQæµè§ˆå™¨, user_id=null, config_id=null, app_bundle=com.tencent.mtt, event_name=Config, event_success=0}
08-16 16:54:05.680 3357 3357 V BeaconUploader: upLoadToBeacon called, detail:eventName=QBPATCH, isSucc=true, elapse=-1, size=-1, isrealtime=false
08-16 16:54:05.680 3357 3357 V BeaconUploader: postTaskToThread starts
08-16 16:54:05.681 3357 3357 V BeaconUploader: postTaskToThread ends: result = true, details = eventName=QBPATCH, isSuceed=true, eplapse=-1, size=-1, isRealTime=false
08-16 16:54:05.681 3357 3516 V BeaconUploadTask: BeaconUploadTask begins: eventName = QBPATCH
08-16 16:54:05.681 3357 3516 V BeaconUploader: add pending task ok, detai=eventName=QBPATCH, isSuceed=true, eplapse=-1, size=-1, isRealTime=false, pending size=70
08-16 16:54:05.681 3357 3516 V BeaconUploadTask: Beacon is NOT ready, add to pending tasks: eventName = QBPATCH
08-16 16:54:05.780 1160 1194 D CompatibilityInfo: mCompatibilityFlags - 4
08-16 16:54:05.780 1160 1194 D CompatibilityInfo: applicationDensity - 240
08-16 16:54:05.780 1160 1194 D CompatibilityInfo: applicationScale - 1.0
08-16 16:54:05.784 2215 2215 I QImsService: QtiImsExtService : QtiImsExtService created!
08-16 16:54:05.784 2215 2215 E QImsService: QtiImsExtService : QtiImsExtService, ImsService is not yet started retry.
08-16 16:54:05.784 2350 2350 D QtiImsExtConnector: Attempt to bind QtiImsExt service returned with: true
08-16 16:54:05.784 2215 2215 E QImsService: QtiImsExtService : QtiImsExtService, ImsService is not yet started retry.
08-16 16:54:05.785 2215 2215 W QImsService: QtiImsExtService : onBind returned null
08-16 16:54:05.786 2350 2350 D QtiImsExtConnector: onNullBinding componentName ComponentInfo{org.codeaurora.ims/org.codeaurora.ims.QtiImsExtService}
08-16 16:54:06.053 805 805 D audio_hw_primary: out_set_parameters: enter: usecase(1: low-latency-playback) kvpairs: suspend_playback=false
08-16 16:54:06.053 805 805 D audio_hw_extn: audio_extn_fm_set_parameters: Enter
08-16 16:54:06.054 805 3475 D audio_hw_primary: out_standby: enter: stream (0xecb80010) usecase(1: low-latency-playback)
01-01 05:48:26.499 0 0 I afe_close: port_id = 0x400e
01-01 05:48:26.511 0 0 I btfm_slim_disable_ch: port:16, grp: 0, ch->grph:0x0, ch->ch_hdl:0x1d
08-16 16:54:06.103 805 3475 D audio_hw_primary: disable_audio_route: reset and update mixer path: low-latency-playback bt-a2dp
08-16 16:54:06.104 805 3475 E soundtrigger: audio_extn_sound_trigger_update_stream_status: invalid input device 0x0, for event 2
08-16 16:54:06.104 805 3475 D soundtrigger: audio_extn_sound_trigger_update_stream_status: uc_info->id 1 of type 0 for Event 2, with Raise=0
08-16 16:54:06.104 805 3475 D msm8974_platform: platform_split_snd_device: snd_device(45) num devices(0) new_snd_devices(0)
08-16 16:54:06.104 805 3475 I msm8974_platform: platform_get_custom_mtmx_params: no matching param with id 0 ip_ch 2 op_ch 2 uc_id 1 snd_dev 45
08-16 16:54:06.105 805 3475 D hardware_info: hw_info_append_hw_type : device_name = bt-a2dp
08-16 16:54:06.105 805 3475 D audio_hw_primary: disable_snd_device: snd_device(45: bt-a2dp)
08-16 16:54:06.105 805 3475 D msm8974_platform: platform_split_snd_device: snd_device(45) num devices(0) new_snd_devices(0)
08-16 16:54:06.108 805 3475 I btaudio_offload_qti: audio_stream_stop_qti
08-16 16:54:06.108 805 3475 W btaudio_offload_qti: handle_hidl_request: suspending audio stream
08-16 16:54:06.109 1839 2257 D bt_btif : btif_dispatch_sm_event: event: 50, len: 4
08-16 16:54:06.110 1839 2257 D bt_btif : btif_dispatch_sm_event: event 50 sent
08-16 16:54:06.110 1839 2045 I bt_btif_vendor: btif_ba_is_active: 0
08-16 16:54:06.110 1839 2045 D bt_btif : btif_dispatch_sm_event: event: 34, len: 0
08-16 16:54:06.110 1839 2045 D bt_btif : btif_dispatch_sm_event: event 34 sent
08-16 16:54:06.110 1839 2045 I bt_stack: [INFO:a2dp_encoding.cc(2688)] ack_stream_suspended: result=PENDING
08-16 16:54:06.111 805 3475 W btaudio_offload_qti: wait_for_stack_response: conditional wait: ack_recvd = 0
08-16 16:54:06.111 805 805 I BTAudioProviderStub: streamSuspended - SessionType=A2DP_HARDWARE_OFFLOAD_DATAPATH, status=SINK_NOT_READY
08-16 16:54:06.111 805 805 I BTAudioProviderSession: ReportControlStatus - status=SINK_NOT_READY for SessionType=A2DP_HARDWARE_OFFLOAD_DATAPATH, bluetooth_audio=0x0200 suspended
08-16 16:54:06.111 805 805 I btaudio_offload_qti: stack_resp_cb: status = 3
08-16 16:54:06.111 805 3475 I btaudio_offload_qti: wait_for_stack_response:ret = 0(Success)
08-16 16:54:06.112 805 3475 W btaudio_offload_qti: wait_for_stack_response: conditional wait done : ack_recvd = 1
08-16 16:54:06.112 805 3475 I btaudio_offload_qti: handle_hidl_request: ack status = A2DP_CTRL_ACK_PENDING
08-16 16:54:06.112 805 3475 W btaudio_offload_qti: wait_for_stack_response: conditional wait: ack_recvd = 0
08-16 16:54:06.112 1839 2045 D bt_btif : btif_av_state_started_handler: event: UNKNOWN_EVENT flags: 0 index = 0, reconfig_event: 0, codec_cfg_change: 0
08-16 16:54:06.112 1839 2045 W bt_btif : btif_av_state_started_handler: unhandled event=UNKNOWN_EVENT
08-16 16:54:06.112 1839 2045 E bt_btif : Latest playing device index is 0
08-16 16:54:06.113 1839 2045 D bt_btif : btif_av_state_started_handler: event: BTIF_AV_SUSPEND_STREAM_REQ_EVT flags: 0 index = 0, reconfig_event: 0, codec_cfg_change: 0
08-16 16:54:06.113 1839 2045 W bt_btif : btif_av_state_started_handler: Stop the AV Data channel
08-16 16:54:06.113 1839 2556 D bt_btif : bta_av_ssm_execute(): AV Sevent(0x41)=0x120c(AP_STOP) state=3(OPEN)
08-16 16:54:06.113 1839 2556 E bt_btif : bta_av_str_stopped: audio_open_cnt=1, p_data 0xb400007089d5cd58
08-16 16:54:06.113 1839 2556 W bt_btif : bta_dm_rm_cback:2, status:6
08-16 16:54:06.115 818 818 D vendor.qti.bluetooth@1.0-ibs_handler: SerialClockVote: vote for UART CLK ON
08-16 16:54:06.116 818 818 D vendor.qti.bluetooth@1.0-wake_lock: Acquire wakelock is acquired
08-16 16:54:06.116 818 818 I vendor.qti.bluetooth@1.0-ibs_handler: DeviceWakeUp: Writing IBS_WAKE_IND
08-16 16:54:06.117 818 2542 I vendor.qti.bluetooth@1.0-ibs_handler: ProcessIbsCmd: Received IBS_WAKE_ACK: 0xFC
08-16 16:54:06.117 818 2542 I vendor.qti.bluetooth@1.0-ibs_handler: ProcessIbsCmd: Signal wack_cond_
08-16 16:54:06.117 818 818 D vendor.qti.bluetooth@1.0-ibs_handler: DeviceWakeUp: Unblocked from waiting for FC, pthread_cond_timedwait ret = 0
08-16 16:54:06.117 818 2542 I vendor.qti.bluetooth@1.0-ibs_handler: ProcessIbsCmd: Received IBS_WAKE_IND: 0xFD
08-16 16:54:06.118 818 2542 I vendor.qti.bluetooth@1.0-ibs_handler: ProcessIbsCmd: Writing IBS_WAKE_ACK
08-16 16:54:06.140 1839 2045 E bt_btif : btif_media_send_reset_vendor_state:
08-16 16:54:06.140 1839 2726 D bt_btif_a2dp_source: btif_a2dp_source_command_ready: event: 7 BTIF_MEDIA_RESET_VS_STATE
08-16 16:54:06.140 1839 2045 D bt_btif : btif_av_state_started_handler: event: BTA_AV_OFFLOAD_STOP_RSP_EVT flags: 1 index = 0, reconfig_event: 0, codec_cfg_change: 0
08-16 16:54:06.141 1839 2045 W bt_btif : btif_av_state_started_handler: unhandled event=BTA_AV_OFFLOAD_STOP_RSP_EVT
01-01 05:48:26.609 0 0 D : mv2112_read_status
01-01 05:48:26.612 0 0 D mv2112_update_link: 3.0x901(1G): 0x4
01-01 05:48:26.617 0 0 D mv2112_update_link: 3.0x8109(100M): 0x8
01-01 05:48:26.622 0 0 D mv2112_update_link: link 0x4
08-16 16:54:06.199 1839 2556 E bt_avp : avdt_ad_tc_data_ind: type: x0, tcid: 0, ccb_idx: 0
08-16 16:54:06.200 1839 2556 D bt_btif : bta_av_ssm_execute(): AV Sevent(0x41)=0x1223(STR_SUSPEND_CFM) state=3(OPEN)
08-16 16:54:06.200 1839 2556 W bt_btif : bta_dm_rm_cback:2, status:6
08-16 16:54:06.203 1839 2045 D bt_btif : btif_av_state_started_handler: event: BTA_AV_SUSPEND_EVT flags: 1 index = 0, reconfig_event: 0, codec_cfg_change: 0
01-01 05:48:26.626 0 0 D mv2112_read_status: autoneg is disabled
08-16 16:54:06.204 1839 2045 I btif_av : isBATEnabled: 0
08-16 16:54:06.204 1839 2045 E bt_btif : bta_av_co_get_active_peer: active peer index: 0
08-16 16:54:06.204 1839 2045 E bt_btif : bta_av_co_get_active_peer: active peer index: 0
08-16 16:54:06.204 1839 2045 I bt_stack: [INFO:a2dp_encoding.cc(2688)] ack_stream_suspended: result=SUCCESS_FINISHED
08-16 16:54:06.205 805 805 I BTAudioProviderStub: streamSuspended - SessionType=A2DP_HARDWARE_OFFLOAD_DATAPATH, status=SUCCESS
08-16 16:54:06.205 805 805 I BTAudioProviderSession: ReportControlStatus - status=SUCCESS for SessionType=A2DP_HARDWARE_OFFLOAD_DATAPATH, bluetooth_audio=0x0200 suspended
08-16 16:54:06.205 805 805 I btaudio_offload_qti: stack_resp_cb: status = 0
08-16 16:54:06.205 805 3475 I btaudio_offload_qti: wait_for_stack_response:ret = 0(Success)
08-16 16:54:06.205 805 3475 W btaudio_offload_qti: wait_for_stack_response: conditional wait done : ack_recvd = 1
08-16 16:54:06.205 805 3475 D btaudio_offload_qti: audio_stream_stop_qti: success
08-16 16:54:06.206 1839 2045 W bt_stack: [WARNING:a2dp_encoding.cc(189)] ResetPendingCmd 5
08-16 16:54:06.207 1839 2045 I BluetoothA2dpServiceJni: bta2dp_audio_state_callback
08-16 16:54:06.208 805 3475 D a2dp_offload: a2dp_set_bit_format: set AFE input bit format = 16
08-16 16:54:06.209 1839 2045 D A2dpNativeInterface: onAudioStateChanged: A2dpStackEvent {type:EVENT_TYPE_AUDIO_STATE_CHANGED, device:00:58:76:20:46:3D, value1:STOPPED}
08-16 16:54:06.209 1839 2045 D A2dpService: messageFromNative: Going to acquire mVariableLock.
08-16 16:54:06.209 1839 2045 D A2dpService: messageFromNative: Acquired mVariableLock
08-16 16:54:06.209 1839 2045 D A2dpService: messageFromNative: Released mVariableLock
08-16 16:54:06.209 1839 2045 D A2dpService: messageFromNative: Sending STACK_EVENT: A2dpStackEvent {type:EVENT_TYPE_AUDIO_STATE_CHANGED, device:00:58:76:20:46:3D, value1:STOPPED} to sm.
08-16 16:54:06.209 1839 2045 D bt_btif : btif_av_state_started_handler: event: BTIF_SM_EXIT_EVT flags: 1 index = 0, reconfig_event: 0, codec_cfg_change: 0
08-16 16:54:06.209 1839 2045 D bt_btif : btif_av_state_opened_handler: event: BTIF_SM_ENTER_EVT, flags: 1, peer_sep: 1, index: 0 reconfig_event: 0, codec_cfg_change: 0, reconfig_pending: 0, reconfig_a2dp: 0, is_retry_reconfig: 0
08-16 16:54:06.210 1839 2725 D A2dpStateMachine: handleMessage: E msg.what=101
08-16 16:54:06.210 1839 2725 D A2dpStateMachine: processMsg: Connected
08-16 16:54:06.210 1839 2725 D A2dpStateMachine: Connected process message(00:58:76:20:46:3D): STACK_EVENT
08-16 16:54:06.210 1839 2725 D A2dpStateMachine: Connected: stack event: A2dpStackEvent {type:EVENT_TYPE_AUDIO_STATE_CHANGED, device:00:58:76:20:46:3D, value1:STOPPED}
08-16 16:54:06.210 1839 2725 I A2dpStateMachine: Connected: processAudioStateEvent: state: 1mIsPlaying: true
08-16 16:54:06.210 1839 2725 I A2dpStateMachine: Connected: stopped playing: 00:58:76:20:46:3D
08-16 16:54:06.210 1839 2725 D A2dpService: Enable BLE scanning
08-16 16:54:06.211 1839 2725 D BtGatt.ScanManager: setAptXLowLatencyMode: mIsAptXLowLatencyModeEnabled: falseenabled: false
08-16 16:54:06.211 805 3475 D a2dp_offload: a2dp_reset_backend_cfg: reset source backend sample rate =KHZ_8
08-16 16:54:06.211 1839 2725 D A2dpStateMachine: A2DP Playing state : device: 00:58:76:20:46:3D State:PLAYING->NOT_PLAYING
08-16 16:54:06.211 1839 2709 V Avrcp_ext: AvrcpMessageHandler: received message=18
08-16 16:54:06.211 1839 2709 V Avrcp_ext: MSG_SET_A2DP_AUDIO_STATE:11
08-16 16:54:06.211 1839 2709 V Avrcp_ext: event for device address 00:58:76:20:46:3D
08-16 16:54:06.211 1839 2709 I Avrcp_ext: device found at index 0
08-16 16:54:06.211 1839 2709 D BATService: getBATService(): service is NULL
08-16 16:54:06.212 805 3475 D a2dp_offload: a2dp_reset_backend_cfg: reset afe source channels =Zero
08-16 16:54:06.213 805 3475 D a2dp_offload: Stop A2DP playback, total active sessions :0
08-16 16:54:06.213 805 3475 I soundtrigger: audio_extn_sound_trigger_update_device_status: device 0x2d of type 0 for Event 0, with Raise=0
08-16 16:54:06.213 805 3475 D audio_hw_primary: out_standby: exit
08-16 16:54:06.213 1839 2217 I BtGatt.ScanManager: msg.what = 5
08-16 16:54:06.215 1839 2709 V Avrcp_ext: updateCurrentMediaState: mMediaController: null
08-16 16:54:06.215 1839 2709 W Avrcp_ext: isMusicActive: false getBluetoothPlayState: 2 A2dp State: 11 mAudioPlaybackIsActive: false
08-16 16:54:06.215 1839 2709 W Avrcp_ext: updateCurrentMediaState: isPlaying = false
08-16 16:54:06.215 1839 2709 I Avrcp_ext: device found at index 0
08-16 16:54:06.215 1839 2709 V Avrcp_ext: Media update: id -1âž¡-1? [MediaAttributes: none] : [MediaAttributes: none]
08-16 16:54:06.215 1839 2709 D Avrcp_ext: isPackageNameValid: browsedPackage = isValid = false
08-16 16:54:06.215 1839 2725 D A2dpStateMachine: handleMessage: X
08-16 16:54:06.216 1839 2709 V Avrcp_ext: Exit handleMessage
08-16 16:54:06.217 2149 2149 I aptxalsBTEventHandler: action: android.bluetooth.a2dp.profile.action.PLAYING_STATE_CHANGED
08-16 16:54:06.217 2149 2149 I aptxalsBTEventHandler: received action: android.bluetooth.a2dp.profile.action.PLAYING_STATE_CHANGED for device: 00:58:76:20:46:3D state: STATE_NOT_PLAYING
08-16 16:54:06.219 1839 1839 D HeadsetService: Received BluetoothA2dp Play State changed
08-16 16:54:06.219 1839 1839 D HeadsetA2dpSync: updateA2DPPlayingState device: 00:58:76:20:46:3D transition 10->11
08-16 16:54:06.219 1839 1839 D HeadsetA2dpSync: isA2dpPlaying returns = 2
08-16 16:54:06.219 1839 1839 D HeadsetService: sendA2dpStateChange newState = 2
08-16 16:54:06.219 1839 1839 E HeadsetStateMachine: returning mCurrentState as Connected
08-16 16:54:06.220 1839 1839 D HeadsetA2dpSync: device: 00:58:76:20:46:3D state = 2
08-16 16:54:06.220 1839 2599 D HeadsetStateMachine: handleMessage: E msg.what=24
08-16 16:54:06.220 1839 2599 D HeadsetStateMachine: processMsg: Connected
08-16 16:54:06.220 1839 2599 D HeadsetStateMachine: Connected: currentDevice=00:58:76:20:46:3D, msg=A2DP_STATE_CHANGED event
08-16 16:54:06.220 1839 2599 D HeadsetStateMachine: Enter processIntentA2dpPlayStateChanged(): a2dp state 2
08-16 16:54:06.221 1839 2599 D HeadsetStateMachine: A2DP suspended when there is no CS/VOIP calls or VR, resuming A2DP
08-16 16:54:06.221 1839 1839 D BtOppService: action : android.bluetooth.a2dp.profile.action.PLAYING_STATE_CHANGED
08-16 16:54:06.221 1839 2599 D HeadsetA2dpSync: releaseA2DP mA2dpSuspendTriggered 0 by device 00:58:76:20:46:3D
08-16 16:54:06.221 1839 2599 D HeadsetStateMachine: Exit processIntentA2dpPlayStateChanged()
08-16 16:54:06.221 1839 1839 D BtOppUtils: device: 00:58:76:20:46:3D newState: 11
08-16 16:54:06.221 1839 2599 D HeadsetStateMachine: handleMessage: X
08-16 16:54:06.221 1839 1839 D BtOppUtils: isA2DPPlaying :false
08-16 16:54:06.283 818 2542 I vendor.qti.bluetooth@1.0-ibs_handler: ProcessIbsCmd: Received IBS_SLEEP_IND: 0xFE
08-16 16:54:06.306 1160 1194 D CompatibilityInfo: mCompatibilityFlags - 4
08-16 16:54:06.306 1160 1194 D CompatibilityInfo: applicationDensity - 240
08-16 16:54:06.306 1160 1194 D CompatibilityInfo: applicationScale - 1.0
08-16 16:54:06.309 2215 2215 I QImsService: QtiImsExtService : QtiImsExtService created!
08-16 16:54:06.309 2215 2215 E QImsService: QtiImsExtService : QtiImsExtService, ImsService is not yet started retry.
08-16 16:54:06.309 2215 2215 E QImsService: QtiImsExtService : QtiImsExtService, ImsService is not yet started retry.
08-16 16:54:06.309 2215 2215 W QImsService: QtiImsExtService : onBind returned null
08-16 16:54:06.310 2350 2350 D QtiImsExtConnector: Attempt to bind QtiImsExt service returned with: true
08-16 16:54:06.311 2350 2350 D QtiImsExtConnector: onNullBinding componentName ComponentInfo{org.codeaurora.ims/org.codeaurora.ims.QtiImsExtService}
08-16 16:54:06.611 678 4712 I resolv : retrying_poll: 57 retrying_poll timeout
08-16 16:54:06.611 678 4712 D resolv : send_dg: 1
08-16 16:54:06.611 678 4712 I resolv : res_nsend: used send_dg 0 terrno: 110
08-16 16:54:06.611 678 4713 I resolv : retrying_poll: 58 retrying_poll timeout
08-16 16:54:06.611 678 4713 D resolv : send_dg: 1
08-16 16:54:06.612 678 4713 I resolv : res_nsend: used send_dg 0 terrno: 110
08-16 16:54:06.613 1952 1952 W DnsResolver: resNetworkResult:android.system.ErrnoException: resNetworkResult failed: ETIMEDOUT (Connection timed out)
08-16 16:54:06.614 1952 1952 W DnsResolver: resNetworkResult:android.system.ErrnoException: resNetworkResult failed: ETIMEDOUT (Connection timed out)
08-16 16:54:06.614 1952 4710 D NetworkMonitor/100: PROBE_DNS www.google.com 10050ms FAIL in type ADDRCONFIG android.net.DnsResolver$DnsException: android.system.ErrnoException: resNetworkResult failed: ETIMEDOUT (Connection timed out)
08-16 16:54:06.615 1952 4711 D NetworkMonitor/100: PROBE_DNS connectivitycheck.gstatic.com 10050ms FAIL in type ADDRCONFIG android.net.DnsResolver$DnsException: android.system.ErrnoException: resNetworkResult failed: ETIMEDOUT (Connection timed out)
08-16 16:54:06.622 678 4806 D resolv : GetAddrInfoHandler::run: {100 983140 100 983140 1073 1}
08-16 16:54:06.622 678 4807 D resolv : GetAddrInfoHandler::run: {100 983140 100 983140 1073 1}
08-16 16:54:06.623 678 4806 D resolv : resolv_getaddrinfo: explore_fqdn(): ai_family=0 ai_socktype=1 ai_protocol=6
08-16 16:54:06.623 678 4807 D resolv : resolv_getaddrinfo: explore_fqdn(): ai_family=0 ai_socktype=1 ai_protocol=6
08-16 16:54:06.627 678 4808 D resolv : doQuery: (1, 1)
08-16 16:54:06.628 678 4809 D resolv : doQuery: (1, 1)
08-16 16:54:06.628 678 4808 D resolv : res_nmkquery: (QUERY, IN, A)
08-16 16:54:06.628 678 4809 D resolv : res_nmkquery: (QUERY, IN, A)
08-16 16:54:06.628 678 4808 D resolv : res_nsend
08-16 16:54:06.628 678 4809 D resolv : res_nsend
08-16 16:54:06.628 678 4808 I resolv : resolv_cache_lookup: lookup
08-16 16:54:06.628 678 4809 I resolv : resolv_cache_lookup: lookup
08-16 16:54:06.628 678 4808 I resolv : resolv_cache_lookup: NOT IN CACHE
08-16 16:54:06.628 678 4809 I resolv : resolv_cache_lookup: NOT IN CACHE
08-16 16:54:06.628 678 4808 I resolv : resolv_populate_res_for_net: netid=100
08-16 16:54:06.628 678 4809 I resolv : resolv_populate_res_for_net: netid=100
08-16 16:54:06.628 678 4808 I resolv : res_stats_usable_server: NS stats: S 0 + E 0 + T 54 + I 0 = 54, rtt = -1, min_samples = 8
08-16 16:54:06.628 678 4809 I resolv : res_stats_usable_server: NS stats: S 0 + E 0 + T 54 + I 0 = 54, rtt = -1, min_samples = 8
08-16 16:54:06.628 678 4808 I resolv : res_stats_usable_server: success rate 0
08-16 16:54:06.628 678 4809 I resolv : res_stats_usable_server: success rate 0
08-16 16:54:06.628 678 4808 I resolv : res_stats_usable_server: too many resolution errors, ignoring server
08-16 16:54:06.628 678 4809 I resolv : res_stats_usable_server: too many resolution errors, ignoring server
08-16 16:54:06.628 678 4808 D resolv : res_nsend: Querying server (# 1) address = 192.168.1.1:53
08-16 16:54:06.629 678 4809 D resolv : res_nsend: Querying server (# 1) address = 192.168.1.1:53
08-16 16:54:06.631 678 4808 D resolv : send_dg: new DG socket
08-16 16:54:06.632 678 4809 D resolv : send_dg: new DG socket
08-16 16:54:06.632 678 4808 I resolv : get_timeout: using timeout of 5000 msec
08-16 16:54:06.633 678 4808 I resolv : retrying_poll: 55 retrying_poll
08-16 16:54:06.633 678 4809 I resolv : get_timeout: using timeout of 5000 msec
08-16 16:54:06.633 678 4809 I resolv : retrying_poll: 56 retrying_poll
08-16 16:54:06.825 1160 1820 D CompatibilityInfo: mCompatibilityFlags - 4
08-16 16:54:06.826 1160 1820 D CompatibilityInfo: applicationDensity - 240
08-16 16:54:06.826 1160 1820 D CompatibilityInfo: applicationScale - 1.0
08-16 16:54:06.829 2215 2215 I QImsService: QtiImsExtService : QtiImsExtService created!
08-16 16:54:06.829 2350 2350 D QtiImsExtConnector: Attempt to bind QtiImsExt service returned with: true
08-16 16:54:06.829 2215 2215 E QImsService: QtiImsExtService : QtiImsExtService, ImsService is not yet started retry.
08-16 16:54:06.830 2215 2215 E QImsService: QtiImsExtService : QtiImsExtService, ImsService is not yet started retry.
08-16 16:54:06.830 2215 2215 W QImsService: QtiImsExtService : onBind returned null
08-16 16:54:06.831 2350 2350 D QtiImsExtConnector: onNullBinding componentName ComponentInfo{org.codeaurora.ims/org.codeaurora.ims.QtiImsExtService}
08-16 16:54:06.992 4720 4720 W ActionModeController: Tried to finish a null action mode.
08-16 16:54:06.992 4720 4720 D DocumentStack: Root changed to: Root{userId=0, authority=com.android.externalstorage.documents, rootId=primary, title=figure, isUsb=false, isSd=false, isMtp=false} @ content://com.android.externalstorage.documents/root/primary
08-16 16:54:07.012 1160 2973 D CompatibilityChangeReporter: Compat change id reported: 149924527; UID 10031; state: ENABLED
08-16 16:54:07.014 1160 1841 D CompatibilityChangeReporter: Compat change id reported: 132649864; UID 10031; state: DISABLED
08-16 16:54:07.030 4720 4720 D DocumentStack: Adding doc to stack: DocumentInfo{docId=primary:, userId=0, name=0, mimeType=vnd.android.document/directory, isContainer=true, isDirectory=true, isArchive=false, isInArchive=false, isPartial=false, isVirtual=false, isDeleteSupported=true, isCreateSupported=true, isMoveSupported=true, isRenameSupported=true, isMetadataSupported=true, isBlockedFromTree=true} @ content://com.android.externalstorage.documents/document/primary%3A
08-16 16:54:07.032 4720 4720 D DirectoryFragment: Showing directory: content://com.android.externalstorage.documents/document/primary%3A
08-16 16:54:07.032 805 805 D audio_hw_primary: adev_create_audio_patch: enter: num sources 1, num_sinks 1, handle 1
08-16 16:54:07.032 805 805 D audio_hw_primary: adev_create_audio_patch: Playback patch from mix handle 13 to device 80
08-16 16:54:07.032 4720 4720 D DirectoryFragment: Creating new fragment for directory: content://com.android.externalstorage.documents/document/primary%3A
08-16 16:54:07.032 805 805 D audio_hw_primary: update_patch: enter
08-16 16:54:07.032 805 805 D audio_hw_primary: route_output_stream: enter: usecase(1: low-latency-playback) devices 80
08-16 16:54:07.032 805 805 I btaudio_offload_qti: audio_check_a2dp_ready_qti: state = AUDIO_A2DP_STATE_STANDBY
