08-16 16:54:00.068 4720 4720 E StrictMode: at android.app.Instrumentation.callApplicationOnCreate(Instrumentation.java:1212)
08-16 16:54:00.068 4720 4720 E StrictMode: at android.app.ActivityThread.handleBindApplication(ActivityThread.java:6744)
08-16 16:54:00.068 4720 4720 E StrictMode: at android.app.ActivityThread.access$1500(ActivityThread.java:248)
08-16 16:54:00.068 4720 4720 E StrictMode: at android.app.ActivityThread$H.handleMessage(ActivityThread.java:2054)
08-16 16:54:00.068 4720 4720 E StrictMode: at android.os.Handler.dispatchMessage(Handler.java:106)
08-16 16:54:00.068 4720 4720 E StrictMode: at android.os.Looper.loopOnce(Looper.java:201)
08-16 16:54:00.068 4720 4720 E StrictMode: at android.os.Looper.loop(Looper.java:288)
08-16 16:54:00.068 4720 4720 E StrictMode: at android.app.ActivityThread.main(ActivityThread.java:7880)
08-16 16:54:00.068 4720 4720 E StrictMode: at java.lang.reflect.Method.invoke(Native Method)
08-16 16:54:00.068 4720 4720 E StrictMode: at com.android.internal.os.RuntimeInit$MethodAndArgsCaller.run(RuntimeInit.java:548)
08-16 16:54:00.068 4720 4720 E StrictMode: at com.android.internal.os.ZygoteInit.main(ZygoteInit.java:1009)
08-16 16:54:00.069 1160 1266 I DropBoxManagerService: add tag=system_app_strictmode isTagEnabled=true flags=0x2
08-16 16:54:00.069 4720 4720 E StrictMode: Tried to access the API:ViewConfiguration which needs to have proper configuration from a non-UI Context:com.android.documentsui.DocumentsApplication@3f5be6c The API:ViewConfiguration needs a proper configuration. Use UI contexts such as an activity or a context created via createWindowContext(Display, int, Bundle) or createConfigurationContext(Configuration) with a proper configuration.
08-16 16:54:00.069 4720 4720 E StrictMode: java.lang.IllegalAccessException: Tried to access the API:ViewConfiguration which needs to have proper configuration from a non-UI Context:com.android.documentsui.DocumentsApplication@3f5be6c
08-16 16:54:00.069 4720 4720 E StrictMode: at android.os.StrictMode.assertConfigurationContext(StrictMode.java:2296)
08-16 16:54:00.069 4720 4720 E StrictMode: at android.view.ViewConfiguration.get(ViewConfiguration.java:522)
08-16 16:54:00.069 4720 4720 E StrictMode: at android.view.View.(View.java:5307)
08-16 16:54:00.069 4720 4720 E StrictMode: at android.view.View.(View.java:5452)
08-16 16:54:00.069 4720 4720 E StrictMode: at android.widget.ImageView.(ImageView.java:195)
08-16 16:54:00.069 4720 4720 E StrictMode: at android.widget.ImageView.(ImageView.java:190)
08-16 16:54:00.069 4720 4720 E StrictMode: at android.widget.ImageView.(ImageView.java:186)
08-16 16:54:00.069 4720 4720 E StrictMode: at com.android.documentsui.DropBadgeView.(DropBadgeView.java:40)
08-16 16:54:00.069 4720 4720 E StrictMode: at java.lang.reflect.Constructor.newInstance0(Native Method)
08-16 16:54:00.069 4720 4720 E StrictMode: at java.lang.reflect.Constructor.newInstance(Constructor.java:343)
08-16 16:54:00.069 4720 4720 E StrictMode: at android.view.LayoutInflater.createView(LayoutInflater.java:858)
08-16 16:54:00.069 4720 4720 E StrictMode: at android.view.LayoutInflater.createViewFromTag(LayoutInflater.java:1010)
08-16 16:54:00.069 4720 4720 E StrictMode: at android.view.LayoutInflater.parseInclude(LayoutInflater.java:1237)
08-16 16:54:00.069 4720 4720 E StrictMode: at android.view.LayoutInflater.rInflate(LayoutInflater.java:1123)
08-16 16:54:00.069 4720 4720 E StrictMode: at android.view.LayoutInflater.rInflateChildren(LayoutInflater.java:1088)
08-16 16:54:00.069 4720 4720 E StrictMode: at android.view.LayoutInflater.rInflate(LayoutInflater.java:1130)
08-16 16:54:00.069 4720 4720 E StrictMode: at android.view.LayoutInflater.rInflateChildren(LayoutInflater.java:1088)
08-16 16:54:00.069 4720 4720 E StrictMode: at android.view.LayoutInflater.inflate(LayoutInflater.java:686)
08-16 16:54:00.069 4720 4720 E StrictMode: at android.view.LayoutInflater.inflate(LayoutInflater.java:538)
08-16 16:54:00.069 4720 4720 E StrictMode: at android.view.LayoutInflater.inflate(LayoutInflater.java:485)
08-16 16:54:00.069 4720 4720 E StrictMode: at com.android.documentsui.DragShadowBuilder.(DragShadowBuilder.java:49)
08-16 16:54:00.069 4720 4720 E StrictMode: at com.android.documentsui.DragAndDropManager$RuntimeDragAndDropManager.(DragAndDropManager.java:195)
08-16 16:54:00.069 4720 4720 E StrictMode: at com.android.documentsui.DragAndDropManager$RuntimeDragAndDropManager.(DragAndDropManager.java:166)
08-16 16:54:00.069 4720 4720 E StrictMode: at com.android.documentsui.DragAndDropManager.create(DragAndDropManager.java:163)
08-16 16:54:00.069 4720 4720 E StrictMode: at com.android.documentsui.DocumentsApplication.onCreate(DocumentsApplication.java:145)
08-16 16:54:00.069 4720 4720 E StrictMode: at android.app.Instrumentation.callApplicationOnCreate(Instrumentation.java:1212)
08-16 16:54:00.069 4720 4720 E StrictMode: at android.app.ActivityThread.handleBindApplication(ActivityThread.java:6744)
08-16 16:54:00.069 4720 4720 E StrictMode: at android.app.ActivityThread.access$1500(ActivityThread.java:248)
08-16 16:54:00.069 4720 4720 E StrictMode: at android.app.ActivityThread$H.handleMessage(ActivityThread.java:2054)
08-16 16:54:00.069 4720 4720 E StrictMode: at android.os.Handler.dispatchMessage(Handler.java:106)
08-16 16:54:00.069 4720 4720 E StrictMode: at android.os.Looper.loopOnce(Looper.java:201)
08-16 16:54:00.069 4720 4720 E StrictMode: at android.os.Looper.loop(Looper.java:288)
08-16 16:54:00.069 4720 4720 E StrictMode: at android.app.ActivityThread.main(ActivityThread.java:7880)
08-16 16:54:00.069 4720 4720 E StrictMode: at java.lang.reflect.Method.invoke(Native Method)
08-16 16:54:00.069 4720 4720 E StrictMode: at com.android.internal.os.RuntimeInit$MethodAndArgsCaller.run(RuntimeInit.java:548)
08-16 16:54:00.069 4720 4720 E StrictMode: at com.android.internal.os.ZygoteInit.main(ZygoteInit.java:1009)
08-16 16:54:00.074 1033 1635 W AudioFlinger: write blocked for 321 msecs, 1 delayed writes, thread 13
08-16 16:54:00.076 1160 1266 I DropBoxManagerService: add tag=system_app_strictmode isTagEnabled=true flags=0x2
08-16 16:54:00.077 4720 4720 E StrictMode: Tried to access the API:ViewConfiguration which needs to have proper configuration from a non-UI Context:com.android.documentsui.DocumentsApplication@3f5be6c The API:ViewConfiguration needs a proper configuration. Use UI contexts such as an activity or a context created via createWindowContext(Display, int, Bundle) or createConfigurationContext(Configuration) with a proper configuration.
08-16 16:54:00.077 4720 4720 E StrictMode: java.lang.IllegalAccessException: Tried to access the API:ViewConfiguration which needs to have proper configuration from a non-UI Context:com.android.documentsui.DocumentsApplication@3f5be6c
08-16 16:54:00.077 4720 4720 E StrictMode: at android.os.StrictMode.assertConfigurationContext(StrictMode.java:2296)
08-16 16:54:00.077 4720 4720 E StrictMode: at android.view.ViewConfiguration.get(ViewConfiguration.java:522)
08-16 16:54:00.077 4720 4720 E StrictMode: at android.view.View.(View.java:5307)
08-16 16:54:00.077 4720 4720 E StrictMode: at android.view.View.(View.java:5452)
08-16 16:54:00.077 4720 4720 E StrictMode: at android.widget.TextView.(TextView.java:1032)
08-16 16:54:00.077 4720 4720 E StrictMode: at android.widget.TextView.(TextView.java:1026)
08-16 16:54:00.077 4720 4720 E StrictMode: at android.widget.TextView.(TextView.java:1022)
08-16 16:54:00.077 4720 4720 E StrictMode: at java.lang.reflect.Constructor.newInstance0(Native Method)
08-16 16:54:00.077 4720 4720 E StrictMode: at java.lang.reflect.Constructor.newInstance(Constructor.java:343)
08-16 16:54:00.077 4720 4720 E StrictMode: at android.view.LayoutInflater.createView(LayoutInflater.java:858)
08-16 16:54:00.077 4720 4720 E StrictMode: at android.view.LayoutInflater.createView(LayoutInflater.java:780)
08-16 16:54:00.077 4720 4720 E StrictMode: at com.android.internal.policy.PhoneLayoutInflater.onCreateView(PhoneLayoutInflater.java:58)
08-16 16:54:00.077 4720 4720 E StrictMode: at android.view.LayoutInflater.onCreateView(LayoutInflater.java:934)
08-16 16:54:00.077 4720 4720 E StrictMode: at android.view.LayoutInflater.onCreateView(LayoutInflater.java:954)
08-16 16:54:00.077 4720 4720 E StrictMode: at android.view.LayoutInflater.createViewFromTag(LayoutInflater.java:1008)
08-16 16:54:00.077 4720 4720 E StrictMode: at android.view.LayoutInflater.createViewFromTag(LayoutInflater.java:965)
08-16 16:54:00.077 4720 4720 E StrictMode: at android.view.LayoutInflater.rInflate(LayoutInflater.java:1127)
08-16 16:54:00.077 4720 4720 E StrictMode: at android.view.LayoutInflater.rInflateChildren(LayoutInflater.java:1088)
08-16 16:54:00.077 4720 4720 E StrictMode: at android.view.LayoutInflater.rInflate(LayoutInflater.java:1130)
08-16 16:54:00.077 4720 4720 E StrictMode: at android.view.LayoutInflater.rInflateChildren(LayoutInflater.java:1088)
08-16 16:54:00.077 4720 4720 E StrictMode: at android.view.LayoutInflater.inflate(LayoutInflater.java:686)
08-16 16:54:00.077 4720 4720 E StrictMode: at android.view.LayoutInflater.inflate(LayoutInflater.java:538)
08-16 16:54:00.077 4720 4720 E StrictMode: at android.view.LayoutInflater.inflate(LayoutInflater.java:485)
08-16 16:54:00.077 4720 4720 E StrictMode: at com.android.documentsui.DragShadowBuilder.(DragShadowBuilder.java:49)
08-16 16:54:00.077 4720 4720 E StrictMode: at com.android.documentsui.DragAndDropManager$RuntimeDragAndDropManager.(DragAndDropManager.java:195)
08-16 16:54:00.077 4720 4720 E StrictMode: at com.android.documentsui.DragAndDropManager$RuntimeDragAndDropManager.(DragAndDropManager.java:166)
08-16 16:54:00.077 4720 4720 E StrictMode: at com.android.documentsui.DragAndDropManager.create(DragAndDropManager.java:163)
08-16 16:54:00.077 4720 4720 E StrictMode: at com.android.documentsui.DocumentsApplication.onCreate(DocumentsApplication.java:145)
08-16 16:54:00.077 4720 4720 E StrictMode: at android.app.Instrumentation.callApplicationOnCreate(Instrumentation.java:1212)
08-16 16:54:00.077 4720 4720 E StrictMode: at android.app.ActivityThread.handleBindApplication(ActivityThread.java:6744)
08-16 16:54:00.077 4720 4720 E StrictMode: at android.app.ActivityThread.access$1500(ActivityThread.java:248)
08-16 16:54:00.077 4720 4720 E StrictMode: at android.app.ActivityThread$H.handleMessage(ActivityThread.java:2054)
08-16 16:54:00.077 4720 4720 E StrictMode: at android.os.Handler.dispatchMessage(Handler.java:106)
08-16 16:54:00.077 4720 4720 E StrictMode: at android.os.Looper.loopOnce(Looper.java:201)
08-16 16:54:00.077 4720 4720 E StrictMode: at android.os.Looper.loop(Looper.java:288)
08-16 16:54:00.077 4720 4720 E StrictMode: at android.app.ActivityThread.main(ActivityThread.java:7880)
08-16 16:54:00.077 4720 4720 E StrictMode: at java.lang.reflect.Method.invoke(Native Method)
08-16 16:54:00.077 4720 4720 E StrictMode: at com.android.internal.os.RuntimeInit$MethodAndArgsCaller.run(RuntimeInit.java:548)
08-16 16:54:00.077 4720 4720 E StrictMode: at com.android.internal.os.ZygoteInit.main(ZygoteInit.java:1009)
08-16 16:54:00.079 1160 1266 I DropBoxManagerService: add tag=system_app_strictmode isTagEnabled=true flags=0x2
08-16 16:54:00.084 1160 1266 I DropBoxManagerService: add tag=system_app_strictmode isTagEnabled=true flags=0x2
08-16 16:54:00.084 805 2905 I btaudio_offload_qti: audio_get_a2dp_sink_latency_qti: Sink Latency = 0
08-16 16:54:00.085 1160 1266 I DropBoxManagerService: add tag=system_app_strictmode isTagEnabled=true flags=0x2
08-16 16:54:00.086 1160 1266 I DropBoxManagerService: add tag=system_app_strictmode isTagEnabled=true flags=0x2
08-16 16:54:00.088 805 2905 I btaudio_offload_qti: audio_get_a2dp_sink_latency_qti: Sink Latency = 0
08-16 16:54:00.090 1160 1841 D CompatibilityInfo: mCompatibilityFlags - 4
08-16 16:54:00.090 1160 1841 D CompatibilityInfo: applicationDensity - 240
08-16 16:54:00.090 1160 1841 D CompatibilityInfo: applicationScale - 1.0
08-16 16:54:00.092 805 2905 I btaudio_offload_qti: audio_get_a2dp_sink_latency_qti: Sink Latency = 0
08-16 16:54:00.092 2350 2350 D QtiImsExtConnector: Attempt to bind QtiImsExt service returned with: true
08-16 16:54:00.092 2215 2215 I QImsService: QtiImsExtService : QtiImsExtService created!
08-16 16:54:00.093 2215 2215 E QImsService: QtiImsExtService : QtiImsExtService, ImsService is not yet started retry.
08-16 16:54:00.093 2215 2215 E QImsService: QtiImsExtService : QtiImsExtService, ImsService is not yet started retry.
08-16 16:54:00.093 2215 2215 W QImsService: QtiImsExtService : onBind returned null
08-16 16:54:00.094 2350 2350 D QtiImsExtConnector: onNullBinding componentName ComponentInfo{org.codeaurora.ims/org.codeaurora.ims.QtiImsExtService}
08-16 16:54:00.095 4720 4720 D LauncherActivity: Restoring existing task > //com.android.documentsui.launchControl#1660679933620
08-16 16:54:00.096 1160 2973 I ActivityTaskManager: START u0 {dat=//com.android.documentsui.launchControl flg=0x10280000 cmp=com.android.documentsui/.files.FilesActivity} from uid 10039
08-16 16:54:00.096 805 2905 I btaudio_offload_qti: audio_get_a2dp_sink_latency_qti: Sink Latency = 0
08-16 16:54:00.098 1160 2973 E ANDR-PERF-JNI: com_qualcomm_qtiperformance_native_perf_io_prefetch_start
08-16 16:54:00.099 1160 2973 W ActivityTaskManager: Can't find TaskDisplayArea to determine support for multi window. Task id=77 attached=false
08-16 16:54:00.100 805 2905 I btaudio_offload_qti: audio_get_a2dp_sink_latency_qti: Sink Latency = 0
08-16 16:54:00.102 1160 2973 D CompatibilityInfo: mCompatibilityFlags - 4
08-16 16:54:00.102 1160 2973 D CompatibilityInfo: applicationDensity - 240
08-16 16:54:00.102 1160 2973 D CompatibilityInfo: applicationScale - 1.0
08-16 16:54:00.103 1160 2973 V SplashScreenExceptionList: SplashScreen checking exception for package com.android.documentsui (target sdk:30) -> false
08-16 16:54:00.104 805 2905 I btaudio_offload_qti: audio_get_a2dp_sink_latency_qti: Sink Latency = 0
08-16 16:54:00.104 1160 2973 D ActivityTrigger: ActivityTrigger activityPauseTrigger
08-16 16:54:00.105 1859 2008 D PhoneStartingWindowTypeAlgorithm: preferredStartingWindowType newTask:true taskSwitch:true processRunning:true allowTaskSnapshot:true activityCreated:false useEmptySplashScreen:false legacySplashScreen:false topIsHome:false
08-16 16:54:00.105 1859 2008 D StartingSurfaceDrawer: addSplashScreen com.android.documentsui theme=7f110102 task=77 suggestType=1
08-16 16:54:00.106 964 3375 E ANDR-IOP: io prefetch is disabled
08-16 16:54:00.107 1859 2011 D StartingSurfaceDrawer: window attributes color: 0 icon null duration 0 brandImage null
08-16 16:54:00.108 805 2905 I btaudio_offload_qti: audio_get_a2dp_sink_latency_qti: Sink Latency = 0
08-16 16:54:00.108 1859 2011 D StartingSurfaceDrawer: replace drawable with bottom layer drawable
08-16 16:54:00.112 805 2905 I btaudio_offload_qti: audio_get_a2dp_sink_latency_qti: Sink Latency = 0
08-16 16:54:00.112 1859 2011 D StartingSurfaceDrawer: FgMainColor=fff5f5f5 BgMainColor=ff4688f2 IsBgComplex=false FromCache=false ThemeColor=ffffffff
08-16 16:54:00.112 1859 2011 D StartingSurfaceDrawer: isRgbSimilarInHsv a: ffffffff b ff4688f2 contrast ratio: 3.4629216
08-16 16:54:00.112 1859 2011 D StartingSurfaceDrawer: hsvDiff -144 ah 0.0 bh 216.97675 as 0.0 bs 0.7107438 av 1.0 bv 0.9490196 sqH 0.6400000190734865 sqS 0.5051567277803457 sqV 0.0025990000746425324 root 0.6185347597153763
08-16 16:54:00.112 1859 2011 D StartingSurfaceDrawer: makeSplashScreenContentView: draw whole icon
08-16 16:54:00.113 4720 4720 D DocumentsApplication: OverlayManager.setEnabled() result: true
08-16 16:54:00.113 1859 2011 D SplashScreenView: Build android.window.SplashScreenView{4d87aa7 V.E...... ......ID 0,0-0,0}
08-16 16:54:00.113 1859 2011 D SplashScreenView: Icon: view: android.widget.ImageView{9b54b54 V.ED..... ......I. 0,0-0,0 #10204a7 android:id/splashscreen_icon_view} drawable: com.android.wm.shell.startingsurface.SplashscreenIconDrawableFactory$ImmobileIconDrawable@61cdafd size: 240
08-16 16:54:00.113 1859 2011 D SplashScreenView: Branding: view: android.view.View{1b083f2 G.ED..... ......I. 0,0-0,0 #10204a6 android:id/splashscreen_branding_view} drawable: null size w: 0 h: 0
08-16 16:54:00.113 1859 2011 D StartingSurfaceDrawer: fillViewWithIcon surfaceWindowView android.window.SplashScreenView{4d87aa7 V.E...... ......ID 0,0-0,0}
08-16 16:54:00.116 805 2905 I btaudio_offload_qti: audio_get_a2dp_sink_latency_qti: Sink Latency = 0
08-16 16:54:00.120 805 2905 I btaudio_offload_qti: audio_get_a2dp_sink_latency_qti: Sink Latency = 0
08-16 16:54:00.124 805 2905 I btaudio_offload_qti: audio_get_a2dp_sink_latency_qti: Sink Latency = 0
08-16 16:54:00.124 1160 1820 I ActivityTaskManager: The Process com.android.documentsui Already Exists in BG. So sending its PID: 4720
08-16 16:54:00.126 1160 1820 W ActivityTaskManager: Tried to set launchTime (0) < mLastActivityLaunchTime (163500)
08-16 16:54:00.128 805 2905 I btaudio_offload_qti: audio_get_a2dp_sink_latency_qti: Sink Latency = 0
08-16 16:54:00.128 1160 1820 D CompatibilityInfo: mCompatibilityFlags - 4
08-16 16:54:00.128 1160 1820 D CompatibilityInfo: applicationDensity - 240
08-16 16:54:00.128 1160 1820 D CompatibilityInfo: applicationScale - 1.0
08-16 16:54:00.132 805 2905 I btaudio_offload_qti: audio_get_a2dp_sink_latency_qti: Sink Latency = 0
08-16 16:54:00.136 805 2905 I btaudio_offload_qti: audio_get_a2dp_sink_latency_qti: Sink Latency = 0
08-16 16:54:00.140 805 2905 I btaudio_offload_qti: audio_get_a2dp_sink_latency_qti: Sink Latency = 0
08-16 16:54:00.143 1160 1841 D CompatibilityChangeReporter: Compat change id reported: 135634846; UID 10035; state: DISABLED
08-16 16:54:00.143 1160 1841 D CompatibilityChangeReporter: Compat change id reported: 177438394; UID 10035; state: DISABLED
08-16 16:54:00.143 1160 1841 D CompatibilityChangeReporter: Compat change id reported: 135772972; UID 10035; state: DISABLED
08-16 16:54:00.143 1160 1841 D CompatibilityChangeReporter: Compat change id reported: 135754954; UID 10035; state: ENABLED
08-16 16:54:00.144 805 2905 I btaudio_offload_qti: audio_get_a2dp_sink_latency_qti: Sink Latency = 0
08-16 16:54:00.144 1160 1365 D CompatibilityChangeReporter: Compat change id reported: 143937733; UID 10035; state: ENABLED
08-16 16:54:00.148 805 2905 I btaudio_offload_qti: audio_get_a2dp_sink_latency_qti: Sink Latency = 0
08-16 16:54:00.152 805 2905 I btaudio_offload_qti: audio_get_a2dp_sink_latency_qti: Sink Latency = 0
08-16 16:54:00.156 805 2905 I btaudio_offload_qti: audio_get_a2dp_sink_latency_qti: Sink Latency = 0
08-16 16:54:00.160 805 2905 I btaudio_offload_qti: audio_get_a2dp_sink_latency_qti: Sink Latency = 0
08-16 16:54:00.164 805 2905 I btaudio_offload_qti: audio_get_a2dp_sink_latency_qti: Sink Latency = 0
08-16 16:54:00.165 4720 4720 D CompatibilityChangeReporter: Compat change id reported: 171228096; UID 10039; state: ENABLED
08-16 16:54:00.168 805 2905 I btaudio_offload_qti: audio_get_a2dp_sink_latency_qti: Sink Latency = 0
08-16 16:54:00.172 805 2905 I btaudio_offload_qti: audio_get_a2dp_sink_latency_qti: Sink Latency = 0
08-16 16:54:00.175 805 846 I btaudio_offload_qti: audio_get_a2dp_sink_latency_qti: Sink Latency = 0
08-16 16:54:00.176 805 2905 I btaudio_offload_qti: audio_get_a2dp_sink_latency_qti: Sink Latency = 0
08-16 16:54:00.178 679 679 D Zygote : Forked child process 4757
08-16 16:54:00.178 1160 1365 I ActivityManager: Start proc 4757:com.android.traceur/u0a35 for content provider {com.android.traceur/com.android.traceur.StorageProvider}
08-16 16:54:00.180 805 2905 I btaudio_offload_qti: audio_get_a2dp_sink_latency_qti: Sink Latency = 0
08-16 16:54:00.180 4720 4720 D FilesActivity: Created new state object: State{action=1, acceptMimes=[*/*], allowMultiple=true, localOnly=false, stack=DocumentStack{root=null, docStack=[], stackTouched=false}, dirConfigs={}, excludedAuthorities=[], openableOnly=false, restrictScopeStorage=true, sortModel=SortModel{dimensions={16908304=SortDimension{id=16908304, labelId=2131755353, dataType=0, sortCapability=0, defaultSortDirection=1, sortDirection=0, visibility=4}, 16908310=SortDimension{id=16908310, labelId=2131755347, dataType=0, sortCapability=3, defaultSortDirection=1, sortDirection=0, visibility=0}, 2131296414=SortDimension{id=2131296414, labelId=2131755340, dataType=1, sortCapability=3, defaultSortDirection=2, sortDirection=0, visibility=0}, 2131296478=SortDimension{id=2131296478, labelId=2131755344, dataType=0, sortCapability=3, defaultSortDirection=1, sortDirection=0, visibility=0}, 2131296713=SortDimension{id=2131296713, labelId=2131755350, dataType=1, sortCapability=3, defaultSortDirection=1, sortDirection=0, visibility=0}}, defaultDimensionId=0, sortedDimension=null}}
08-16 16:54:00.181 4720 4720 D DrawerController: Calculated drawer width:280.0
08-16 16:54:00.184 805 2905 I btaudio_offload_qti: audio_get_a2dp_sink_latency_qti: Sink Latency = 0
08-16 16:54:00.188 805 2905 I btaudio_offload_qti: audio_get_a2dp_sink_latency_qti: Sink Latency = 0
08-16 16:54:00.192 805 2905 I btaudio_offload_qti: audio_get_a2dp_sink_latency_qti: Sink Latency = 0
08-16 16:54:00.196 805 2905 I btaudio_offload_qti: audio_get_a2dp_sink_latency_qti: Sink Latency = 0
08-16 16:54:00.200 805 2905 I btaudio_offload_qti: audio_get_a2dp_sink_latency_qti: Sink Latency = 0
08-16 16:54:00.204 805 2905 I btaudio_offload_qti: audio_get_a2dp_sink_latency_qti: Sink Latency = 0
08-16 16:54:00.208 805 2905 I btaudio_offload_qti: audio_get_a2dp_sink_latency_qti: Sink Latency = 0
08-16 16:54:00.208 4720 4720 D ManagerActionHandler: Launching directly into Home directory.
08-16 16:54:00.209 4720 4771 D LoadRootTask: Loading root: content://com.android.providers.downloads.documents/root/downloads on user 0
08-16 16:54:00.210 1521 1541 I adbd : jdwp connection from 4757
08-16 16:54:00.212 805 2905 I btaudio_offload_qti: audio_get_a2dp_sink_latency_qti: Sink Latency = 0
08-16 16:54:00.215 805 846 I btaudio_offload_qti: audio_get_a2dp_sink_latency_qti: Sink Latency = 0
08-16 16:54:00.215 805 2905 I btaudio_offload_qti: audio_get_a2dp_sink_latency_qti: Sink Latency = 0
08-16 16:54:00.219 805 2905 I btaudio_offload_qti: audio_get_a2dp_sink_latency_qti: Sink Latency = 0
01-01 05:48:20.639 0 0 I binder : 4757:4757 ioctl 40046210 7fdf50bae4 returned -22
08-16 16:54:00.220 4757 4757 D ProcessState: Binder ioctl to enable oneway spam detection failed: Invalid argument
08-16 16:54:00.223 805 2905 I btaudio_offload_qti: audio_get_a2dp_sink_latency_qti: Sink Latency = 0
08-16 16:54:00.227 805 2905 I btaudio_offload_qti: audio_get_a2dp_sink_latency_qti: Sink Latency = 0
08-16 16:54:00.228 1160 1194 D CompatibilityChangeReporter: Compat change id reported: 168419799; UID 10035; state: DISABLED
08-16 16:54:00.228 1160 1194 D CompatibilityInfo: mCompatibilityFlags - 4
08-16 16:54:00.228 1160 1194 D CompatibilityInfo: applicationDensity - 240
08-16 16:54:00.229 1160 1194 D CompatibilityInfo: applicationScale - 1.0
08-16 16:54:00.232 805 2905 I btaudio_offload_qti: audio_get_a2dp_sink_latency_qti: Sink Latency = 0
08-16 16:54:00.235 805 846 I btaudio_offload_qti: audio_get_a2dp_sink_latency_qti: Sink Latency = 0
08-16 16:54:00.236 805 2905 I btaudio_offload_qti: audio_get_a2dp_sink_latency_qti: Sink Latency = 0
08-16 16:54:00.239 805 2905 I btaudio_offload_qti: audio_get_a2dp_sink_latency_qti: Sink Latency = 0
08-16 16:54:00.239 4757 4757 D CompatibilityChangeReporter: Compat change id reported: 171979766; UID 10035; state: ENABLED
08-16 16:54:00.244 805 2905 I btaudio_offload_qti: audio_get_a2dp_sink_latency_qti: Sink Latency = 0
08-16 16:54:00.247 805 2905 I btaudio_offload_qti: audio_get_a2dp_sink_latency_qti: Sink Latency = 0
08-16 16:54:00.251 805 2905 I btaudio_offload_qti: audio_get_a2dp_sink_latency_qti: Sink Latency = 0
08-16 16:54:00.255 805 846 I btaudio_offload_qti: audio_get_a2dp_sink_latency_qti: Sink Latency = 0
08-16 16:54:00.255 805 2905 I btaudio_offload_qti: audio_get_a2dp_sink_latency_qti: Sink Latency = 0
08-16 16:54:00.259 805 2905 I btaudio_offload_qti: audio_get_a2dp_sink_latency_qti: Sink Latency = 0
08-16 16:54:00.263 805 2905 I btaudio_offload_qti: audio_get_a2dp_sink_latency_qti: Sink Latency = 0
08-16 16:54:00.264 4757 4757 I Perf : Connecting to perf service.
08-16 16:54:00.267 805 2905 I btaudio_offload_qti: audio_get_a2dp_sink_latency_qti: Sink Latency = 0
08-16 16:54:00.268 4757 4757 V GraphicsEnvironment: ANGLE Developer option for 'com.android.traceur' set to: 'default'
08-16 16:54:00.268 4757 4757 V GraphicsEnvironment: ANGLE GameManagerService for com.android.traceur: false
08-16 16:54:00.269 4757 4757 D NetworkSecurityConfig: No Network Security Config specified, using platform default
08-16 16:54:00.269 4757 4757 D NetworkSecurityConfig: No Network Security Config specified, using platform default
08-16 16:54:00.271 805 2905 I btaudio_offload_qti: audio_get_a2dp_sink_latency_qti: Sink Latency = 0
08-16 16:54:00.274 805 846 I btaudio_offload_qti: audio_get_a2dp_sink_latency_qti: Sink Latency = 0
08-16 16:54:00.275 805 2905 I btaudio_offload_qti: audio_get_a2dp_sink_latency_qti: Sink Latency = 0
08-16 16:54:00.279 805 2905 I btaudio_offload_qti: audio_get_a2dp_sink_latency_qti: Sink Latency = 0
08-16 16:54:00.283 805 2905 I btaudio_offload_qti: audio_get_a2dp_sink_latency_qti: Sink Latency = 0
08-16 16:54:00.287 805 2905 I btaudio_offload_qti: audio_get_a2dp_sink_latency_qti: Sink Latency = 0
08-16 16:54:00.288 4720 4748 D ProvidersAccess: Matched roots: [Root{userId=0, authority=null, rootId=null, title=Recent, isUsb=false, isSd=false, isMtp=false} @ content:/root/null, Root{userId=0, authority=com.android.externalstorage.documents, rootId=primary, title=figure, isUsb=false, isSd=false, isMtp=false} @ content://com.android.externalstorage.documents/root/primary, Root{userId=0, authority=com.android.providers.downloads.documents, rootId=downloads, title=Downloads, isUsb=false, isSd=false, isMtp=false} @ content://com.android.providers.downloads.documents/root/downloads, Root{userId=0, authority=com.android.providers.media.documents, rootId=images_root, title=Images, isUsb=false, isSd=false, isMtp=false} @ content://com.android.providers.media.documents/root/images_root, Root{userId=0, authority=com.android.providers.media.documents, rootId=videos_root, title=Videos, isUsb=false, isSd=false, isMtp=false} @ content://com.android.providers.media.documents/root/videos_root, Root{userId=0, authority=com.android.providers.media.documents, rootId=audio_root, title=Audio, isUsb=false, isSd=false, isMtp=false} @ content://com.android.providers.media.documents/root/audio_root, Root{userId=0, authority=com.android.providers.media.documents, rootId=documents_root, title=Documents, isUsb=false, isSd=false, isMtp=false} @ content://com.android.providers.media.documents/root/documents_root, Root{userId=0, authority=com.android.shell.documents, rootId=bugreport, title=Bug reports, isUsb=false, isSd=false, isMtp=false} @ content://com.android.shell.documents/root/bugreport, Root{userId=0, authority=com.android.traceur.documents, rootId=traces, title=System traces, isUsb=false, isSd=false, isMtp=false} @ content://com.android.traceur.documents/root/traces]
08-16 16:54:00.291 805 2905 I btaudio_offload_qti: audio_get_a2dp_sink_latency_qti: Sink Latency = 0
08-16 16:54:00.295 805 846 I btaudio_offload_qti: audio_get_a2dp_sink_latency_qti: Sink Latency = 0
08-16 16:54:00.295 805 2905 I btaudio_offload_qti: audio_get_a2dp_sink_latency_qti: Sink Latency = 0
08-16 16:54:00.299 805 2905 I btaudio_offload_qti: audio_get_a2dp_sink_latency_qti: Sink Latency = 0
08-16 16:54:00.303 805 2905 I btaudio_offload_qti: audio_get_a2dp_sink_latency_qti: Sink Latency = 0
08-16 16:54:00.305 4720 4720 D LoadRootTask: Loaded root: Root{userId=0, authority=com.android.providers.downloads.documents, rootId=downloads, title=Downloads, isUsb=false, isSd=false, isMtp=false} @ content://com.android.providers.downloads.documents/root/downloads
08-16 16:54:00.305 4720 4720 W ActionModeController: Tried to finish a null action mode.
08-16 16:54:00.305 4720 4720 D DocumentStack: Root changed to: Root{userId=0, authority=com.android.providers.downloads.documents, rootId=downloads, title=Downloads, isUsb=false, isSd=false, isMtp=false} @ content://com.android.providers.downloads.documents/root/downloads
08-16 16:54:00.306 4720 4748 D ProvidersAccess: Matched roots: [Root{userId=0, authority=null, rootId=null, title=Recent, isUsb=false, isSd=false, isMtp=false} @ content:/root/null, Root{userId=0, authority=com.android.externalstorage.documents, rootId=primary, title=figure, isUsb=false, isSd=false, isMtp=false} @ content://com.android.externalstorage.documents/root/primary, Root{userId=0, authority=com.android.providers.media.documents, rootId=images_root, title=Images, isUsb=false, isSd=false, isMtp=false} @ content://com.android.providers.media.documents/root/images_root, Root{userId=0, authority=com.android.providers.media.documents, rootId=videos_root, title=Videos, isUsb=false, isSd=false, isMtp=false} @ content://com.android.providers.media.documents/root/videos_root, Root{userId=0, authority=com.android.providers.media.documents, rootId=audio_root, title=Audio, isUsb=false, isSd=false, isMtp=false} @ content://com.android.providers.media.documents/root/audio_root, Root{userId=0, authority=com.android.providers.media.documents, rootId=documents_root, title=Documents, isUsb=false, isSd=false, isMtp=false} @ content://com.android.providers.media.documents/root/documents_root, Root{userId=0, authority=com.android.providers.downloads.documents, rootId=downloads, title=Downloads, isUsb=false, isSd=false, isMtp=false} @ content://com.android.providers.downloads.documents/root/downloads, Root{userId=0, authority=com.android.shell.documents, rootId=bugreport, title=Bug reports, isUsb=false, isSd=false, isMtp=false} @ content://com.android.shell.documents/root/bugreport, Root{userId=0, authority=com.android.traceur.documents, rootId=traces, title=System traces, isUsb=false, isSd=false, isMtp=false} @ content://com.android.traceur.documents/root/traces]
08-16 16:54:00.307 805 2905 I btaudio_offload_qti: audio_get_a2dp_sink_latency_qti: Sink Latency = 0
08-16 16:54:00.311 805 2905 I btaudio_offload_qti: audio_get_a2dp_sink_latency_qti: Sink Latency = 0
08-16 16:54:00.315 805 846 I btaudio_offload_qti: audio_get_a2dp_sink_latency_qti: Sink Latency = 0
08-16 16:54:00.315 805 2905 I btaudio_offload_qti: audio_get_a2dp_sink_latency_qti: Sink Latency = 0
08-16 16:54:00.319 805 2905 I btaudio_offload_qti: audio_get_a2dp_sink_latency_qti: Sink Latency = 0
08-16 16:54:00.323 805 2905 I btaudio_offload_qti: audio_get_a2dp_sink_latency_qti: Sink Latency = 0
08-16 16:54:00.327 805 2905 I btaudio_offload_qti: audio_get_a2dp_sink_latency_qti: Sink Latency = 0
08-16 16:54:00.330 1047 2511 W ServiceManager: Permission failure: android.permission.ACCESS_SURFACE_FLINGER from uid=10039 pid=4720
08-16 16:54:00.330 1047 2511 D PermissionCache: checking android.permission.ACCESS_SURFACE_FLINGER for uid=10039 => denied (770 us)
08-16 16:54:00.331 1047 2511 W ServiceManager: Permission failure: android.permission.ROTATE_SURFACE_FLINGER from uid=10039 pid=4720
08-16 16:54:00.331 1047 2511 D PermissionCache: checking android.permission.ROTATE_SURFACE_FLINGER for uid=10039 => denied (816 us)
08-16 16:54:00.331 805 2905 I btaudio_offload_qti: audio_get_a2dp_sink_latency_qti: Sink Latency = 0
08-16 16:54:00.332 4720 4749 I AdrenoGLES-0: QUALCOMM build : 47421dbee6, I139f36ad46
08-16 16:54:00.332 4720 4749 I AdrenoGLES-0: Build Date : 02/18/22
08-16 16:54:00.332 4720 4749 I AdrenoGLES-0: OpenGL ES Shader Compiler Version: EV031.32.02.17
08-16 16:54:00.332 4720 4749 I AdrenoGLES-0: Local Branch :
08-16 16:54:00.332 4720 4749 I AdrenoGLES-0: Remote Branch :
08-16 16:54:00.332 4720 4749 I AdrenoGLES-0: Remote Branch :
08-16 16:54:00.332 4720 4749 I AdrenoGLES-0: Reconstruct Branch :
08-16 16:54:00.332 4720 4749 I AdrenoGLES-0: Build Config : S P 10.0.7 AArch64
08-16 16:54:00.332 4720 4749 I AdrenoGLES-0: Driver Path : /vendor/lib64/egl/libGLESv2_adreno.so
08-16 16:54:00.333 4720 4720 W RecyclerView: No adapter attached; skipping layout
08-16 16:54:00.334 518 518 I hwservicemanager: getTransport: Cannot find entry android.hardware.graphics.mapper@4.0::IMapper/default in either framework or device VINTF manifest.
08-16 16:54:00.334 805 846 I btaudio_offload_qti: audio_get_a2dp_sink_latency_qti: Sink Latency = 0
08-16 16:54:00.335 805 2905 I btaudio_offload_qti: audio_get_a2dp_sink_latency_qti: Sink Latency = 0
08-16 16:54:00.339 805 2905 I btaudio_offload_qti: audio_get_a2dp_sink_latency_qti: Sink Latency = 0
08-16 16:54:00.340 4720 4749 I AdrenoGLES-0: PFP: 0x016dd093, ME: 0x00000000
08-16 16:54:00.343 805 2905 I btaudio_offload_qti: audio_get_a2dp_sink_latency_qti: Sink Latency = 0
08-16 16:54:00.347 805 2905 I btaudio_offload_qti: audio_get_a2dp_sink_latency_qti: Sink Latency = 0
08-16 16:54:00.351 805 2905 I btaudio_offload_qti: audio_get_a2dp_sink_latency_qti: Sink Latency = 0
08-16 16:54:00.355 805 2905 I btaudio_offload_qti: audio_get_a2dp_sink_latency_qti: Sink Latency = 0
08-16 16:54:00.359 805 2905 I btaudio_offload_qti: audio_get_a2dp_sink_latency_qti: Sink Latency = 0
08-16 16:54:00.363 805 2905 I btaudio_offload_qti: audio_get_a2dp_sink_latency_qti: Sink Latency = 0
08-16 16:54:00.367 805 2905 I btaudio_offload_qti: audio_get_a2dp_sink_latency_qti: Sink Latency = 0
08-16 16:54:00.369 805 805 D audio_hw_primary: out_set_parameters: enter: usecase(1: low-latency-playback) kvpairs: suspend_playback=true
08-16 16:54:00.369 805 805 D audio_hw_extn: audio_extn_fm_set_parameters: Enter
08-16 16:54:00.371 962 1013 I SDM : HWCDisplay::GetColorModeCount: Supported color mode count = 1
08-16 16:54:00.372 962 1013 I SDM : HWCDisplay::GetColorModes: Color mode = 0 is supported
08-16 16:54:00.372 1047 1152 E HWComposer: getSupportedContentTypes: getSupportedContentTypes failed for display 4630946370410392961: Unsupported (8)
01-01 05:48:20.799 0 0 I binder : 4720:4749 ioctl 40046210 6fe7ff21f4 returned -22
08-16 16:54:00.379 4720 4749 D hw-ProcessState: Binder ioctl to enable oneway spam detection failed: Invalid argument
08-16 16:54:00.382 518 518 I hwservicemanager: getTransport: Cannot find entry android.hardware.graphics.mapper@4.0::IMapper/default in either framework or device VINTF manifest.
08-16 16:54:00.382 4720 4792 I Gralloc4: mapper 4.x is not supported
08-16 16:54:00.385 518 518 I hwservicemanager: getTransport: Cannot find entry android.hardware.graphics.allocator@4.0::IAllocator/default in either framework or device VINTF manifest.
08-16 16:54:00.386 4720 4792 W Gralloc4: allocator 4.x is not supported
08-16 16:54:00.420 4720 4720 D DocumentStack: Adding doc to stack: DocumentInfo{docId=downloads, userId=0, name=Downloads, mimeType=vnd.android.document/directory, isContainer=true, isDirectory=true, isArchive=false, isInArchive=false, isPartial=false, isVirtual=false, isDeleteSupported=false, isCreateSupported=true, isMoveSupported=false, isRenameSupported=false, isMetadataSupported=false, isBlockedFromTree=false} @ content://com.android.providers.downloads.documents/document/downloads
08-16 16:54:00.421 4720 4720 D DirectoryFragment: Showing directory: content://com.android.providers.downloads.documents/document/downloads
08-16 16:54:00.421 4720 4720 D DirectoryFragment: Creating new fragment for directory: content://com.android.providers.downloads.documents/document/downloads
08-16 16:54:00.422 1859 2008 D StartingSurfaceDrawer: Task start finish, remove starting surface for task 77
08-16 16:54:00.423 1859 2008 V StartingSurfaceDrawer: Removing splash screen window for task: 77
08-16 16:54:00.423 1160 1267 I EventSequenceValidator: dec AccIntentStartedEvents to 1
08-16 16:54:00.458 1160 1264 I ActivityTaskManager: Displayed com.android.documentsui/.files.FilesActivity: +710ms
08-16 16:54:00.489 4720 4720 W SelectionTracker: Setting gestureTooltypes is likely to result in unexpected behavior.
08-16 16:54:00.491 4720 4720 D AbstractActionHandler: Creating new directory loader for: content://com.android.providers.downloads.documents/document/downloads
08-16 16:54:00.507 1160 1194 D CompatibilityChangeReporter: Compat change id reported: 149924527; UID 10028; state: ENABLED
08-16 16:54:00.507 1160 1820 D CompatibilityChangeReporter: Compat change id reported: 132649864; UID 10028; state: DISABLED
08-16 16:54:00.508 1160 1820 D CompatibilityChangeReporter: Compat change id reported: 182734110; UID 10028; state: ENABLED
08-16 16:54:00.520 4720 4720 D AbstractActionHandler: Loader has finished for: content://com.android.providers.downloads.documents/document/downloads
08-16 16:54:00.520 4720 4720 I Model : Updating model with new result set.
08-16 16:54:00.521 4720 4720 D DirectoryFragment: Received model update. Loading=false
08-16 16:54:00.521 4720 4720 D DefaultSelectionTracker: Ignoring onDataSetChange. No active selection.
08-16 16:54:00.524 4720 4720 V RefreshTask: Provider does not support refresh and did not refresh
08-16 16:54:00.524 4720 4720 D AbstractActionHandler: Creating new directory loader for: content://com.android.providers.downloads.documents/document/downloads
08-16 16:54:00.589 4720 4720 D AbstractActionHandler: Loader has finished for: content://com.android.providers.downloads.documents/document/downloads
08-16 16:54:00.590 4720 4720 I Model : Updating model with new result set.
08-16 16:54:00.590 4720 4720 D DirectoryFragment: Received model update. Loading=false
08-16 16:54:00.591 4720 4720 D DefaultSelectionTracker: Ignoring onDataSetChange. No active selection.
08-16 16:54:00.602 1160 1820 D CompatibilityInfo: mCompatibilityFlags - 4
08-16 16:54:00.602 1160 1820 D CompatibilityInfo: applicationDensity - 240
08-16 16:54:00.602 1160 1820 D CompatibilityInfo: applicationScale - 1.0
08-16 16:54:00.605 2215 2215 I QImsService: QtiImsExtService : QtiImsExtService created!
08-16 16:54:00.606 2215 2215 E QImsService: QtiImsExtService : QtiImsExtService, ImsService is not yet started retry.
08-16 16:54:00.606 2350 2350 D QtiImsExtConnector: Attempt to bind QtiImsExt service returned with: true
08-16 16:54:00.606 2215 2215 E QImsService: QtiImsExtService : QtiImsExtService, ImsService is not yet started retry.
08-16 16:54:00.606 2215 2215 W QImsService: QtiImsExtService : onBind returned null
08-16 16:54:00.617 2350 2350 D QtiImsExtConnector: onNullBinding componentName ComponentInfo{org.codeaurora.ims/org.codeaurora.ims.QtiImsExtService}
08-16 16:54:00.654 678 4708 I resolv : retrying_poll: 54 retrying_poll timeout
08-16 16:54:00.655 678 4708 D resolv : send_dg: 1
08-16 16:54:00.655 678 4708 I resolv : res_nsend: used send_dg 0 terrno: 110
08-16 16:54:00.655 678 4708 I resolv : res_stats_set_sample: rcode = 255, sec = 0
08-16 16:54:00.655 678 4708 I resolv : res_cache_add_stats_sample_locked: adding sample to stats, next = 50, count = 50
08-16 16:54:00.655 678 4708 D resolv : res_nsend: Querying server (# 1) address = 192.168.1.1:53
08-16 16:54:00.656 678 4708 I resolv : get_timeout: using timeout of 5000 msec
08-16 16:54:00.656 678 4708 I resolv : retrying_poll: 54 retrying_poll
08-16 16:54:00.812 1160 1268 W Choreographer: Frame time is 0.054221 ms in the future! Check that graphics HAL is generating vsync timestamps using the correct timebase.
08-16 16:54:00.815 818 2559 I vendor.qti.bluetooth@1.0-ibs_handler: DeviceSleep: TX Awake, Sending SLEEP_IND
08-16 16:54:00.815 818 2559 D vendor.qti.bluetooth@1.0-ibs_handler: SerialClockVote: vote for UART CLK OFF
08-16 16:54:00.824 1160 2971 W InputManager-JNI: Input channel object 'c3320b Splash Screen com.android.documentsui (client)' was disposed without first being removed with the input manager!
08-16 16:54:00.860 2438 2855 W FrameTracker: Missed SF frame:2
08-16 16:54:00.861 2438 2855 W FrameTracker: Missed SF frame:2
08-16 16:54:00.861 2438 2855 W FrameTracker: Missed SF frame:66
08-16 16:54:00.861 2438 2855 W FrameTracker: Missed SF frame:66
08-16 16:54:00.861 2438 2855 W FrameTracker: Missed SF frame:66
08-16 16:54:00.861 2438 2855 W FrameTracker: Missed SF frame:66
08-16 16:54:00.861 2438 2855 W FrameTracker: Missed SF frame:66
08-16 16:54:00.861 2438 2855 W FrameTracker: Missed SF frame:66
08-16 16:54:00.861 2438 2855 W FrameTracker: Missed SF frame:66
08-16 16:54:00.861 2438 2855 W FrameTracker: Missed SF frame:66
08-16 16:54:00.861 2438 2855 W FrameTracker: Missed SF frame:66
08-16 16:54:00.861 2438 2855 W FrameTracker: Missed SF frame:66
08-16 16:54:00.861 2438 2855 W FrameTracker: Missed SF frame:66
08-16 16:54:00.861 2438 2855 W FrameTracker: Missed SF frame:66
08-16 16:54:00.861 2438 2855 W FrameTracker: Missed SF frame:66
08-16 16:54:00.861 2438 2855 W FrameTracker: Missing HWUI jank callback for vsyncId: 5689
08-16 16:54:00.862 2438 2855 V PerfettoTrigger: Not triggering com.android.telemetry.interaction-jank-monitor-8 - not enough time since last trigger
08-16 16:54:00.966 818 2259 D vendor.qti.bluetooth@1.0-wake_lock: Release wakelock is released
01-01 05:48:21.456 0 0 D : mv2112_read_status
01-01 05:48:21.459 0 0 D mv2112_update_link: 3.0x901(1G): 0x4
01-01 05:48:21.465 0 0 D mv2112_update_link: 3.0x8109(100M): 0x8
01-01 05:48:21.470 0 0 D mv2112_update_link: link 0x4
01-01 05:48:21.474 0 0 D mv2112_read_status: autoneg is disabled
08-16 16:54:01.127 1160 2971 D CompatibilityInfo: mCompatibilityFlags - 4
08-16 16:54:01.127 1160 2971 D CompatibilityInfo: applicationDensity - 240
08-16 16:54:01.127 1160 2971 D CompatibilityInfo: applicationScale - 1.0
08-16 16:54:01.130 2215 2215 I QImsService: QtiImsExtService : QtiImsExtService created!
08-16 16:54:01.130 2215 2215 E QImsService: QtiImsExtService : QtiImsExtService, ImsService is not yet started retry.
08-16 16:54:01.130 2350 2350 D QtiImsExtConnector: Attempt to bind QtiImsExt service returned with: true
08-16 16:54:01.130 2215 2215 E QImsService: QtiImsExtService : QtiImsExtService, ImsService is not yet started retry.
08-16 16:54:01.131 2215 2215 W QImsService: QtiImsExtService : onBind returned null
08-16 16:54:01.132 2350 2350 D QtiImsExtConnector: onNullBinding componentName ComponentInfo{org.codeaurora.ims/org.codeaurora.ims.QtiImsExtService}
08-16 16:54:01.371 805 805 D audio_hw_primary: out_set_parameters: enter: usecase(1: low-latency-playback) kvpairs: suspend_playback=false
08-16 16:54:01.371 805 805 D audio_hw_extn: audio_extn_fm_set_parameters: Enter
08-16 16:54:01.373 805 2905 W audio_hw_primary: out_write: underrun(18) frames_by_time(48281) > out->last_fifo_frames_remaining(384)
08-16 16:54:01.389 805 2905 I btaudio_offload_qti: audio_get_a2dp_sink_latency_qti: Sink Latency = 0
08-16 16:54:01.393 805 2905 I btaudio_offload_qti: audio_get_a2dp_sink_latency_qti: Sink Latency = 0
08-16 16:54:01.397 805 2905 I btaudio_offload_qti: audio_get_a2dp_sink_latency_qti: Sink Latency = 0
08-16 16:54:01.401 805 2905 I btaudio_offload_qti: audio_get_a2dp_sink_latency_qti: Sink Latency = 0
08-16 16:54:01.405 805 2905 I btaudio_offload_qti: audio_get_a2dp_sink_latency_qti: Sink Latency = 0
08-16 16:54:01.409 805 2905 I btaudio_offload_qti: audio_get_a2dp_sink_latency_qti: Sink Latency = 0
08-16 16:54:01.412 805 805 D audio_hw_primary: out_set_parameters: enter: usecase(1: low-latency-playback) kvpairs: suspend_playback=true
08-16 16:54:01.412 805 805 D audio_hw_extn: audio_extn_fm_set_parameters: Enter
08-16 16:54:01.603 678 4712 I resolv : retrying_poll: 57 retrying_poll timeout
08-16 16:54:01.603 678 4713 I resolv : retrying_poll: 58 retrying_poll timeout
08-16 16:54:01.603 678 4712 D resolv : send_dg: 1
08-16 16:54:01.603 678 4713 D resolv : send_dg: 1
08-16 16:54:01.603 678 4713 I resolv : res_nsend: used send_dg 0 terrno: 110
08-16 16:54:01.603 678 4712 I resolv : res_nsend: used send_dg 0 terrno: 110
08-16 16:54:01.604 678 4713 I resolv : res_stats_set_sample: rcode = 255, sec = 0
08-16 16:54:01.604 678 4712 I resolv : res_stats_set_sample: rcode = 255, sec = 0
08-16 16:54:01.604 678 4713 I resolv : res_cache_add_stats_sample_locked: adding sample to stats, next = 51, count = 51
08-16 16:54:01.604 678 4713 D resolv : res_nsend: Querying server (# 1) address = 192.168.1.1:53
08-16 16:54:01.604 678 4712 I resolv : res_cache_add_stats_sample_locked: adding sample to stats, next = 52, count = 52
08-16 16:54:01.604 678 4712 D resolv : res_nsend: Querying server (# 1) address = 192.168.1.1:53
08-16 16:54:01.605 678 4712 I resolv : get_timeout: using timeout of 5000 msec
08-16 16:54:01.605 678 4712 I resolv : retrying_poll: 57 retrying_poll
08-16 16:54:01.606 678 4713 I resolv : get_timeout: using timeout of 5000 msec
08-16 16:54:01.606 678 4713 I resolv : retrying_poll: 58 retrying_poll
08-16 16:54:01.638 1160 1194 D CompatibilityInfo: mCompatibilityFlags - 4
08-16 16:54:01.638 1160 1194 D CompatibilityInfo: applicationDensity - 240
08-16 16:54:01.638 1160 1194 D CompatibilityInfo: applicationScale - 1.0
08-16 16:54:01.640 2215 2215 I QImsService: QtiImsExtService : QtiImsExtService created!
08-16 16:54:01.640 2215 2215 E QImsService: QtiImsExtService : QtiImsExtService, ImsService is not yet started retry.
08-16 16:54:01.640 2350 2350 D QtiImsExtConnector: Attempt to bind QtiImsExt service returned with: true
08-16 16:54:01.641 2215 2215 E QImsService: QtiImsExtService : QtiImsExtService, ImsService is not yet started retry.
08-16 16:54:01.641 2215 2215 W QImsService: QtiImsExtService : onBind returned null
08-16 16:54:01.642 2350 2350 D QtiImsExtConnector: onNullBinding componentName ComponentInfo{org.codeaurora.ims/org.codeaurora.ims.QtiImsExtService}
01-01 05:48:22.481 0 0 D : mv2112_read_status
01-01 05:48:22.484 0 0 D mv2112_update_link: 3.0x901(1G): 0x4
01-01 05:48:22.489 0 0 I init : starting service 'vendor.light-hal-2-0'...
01-01 05:48:22.495 0 0 D mv2112_update_link: 3.0x8109(100M): 0x8
01-01 05:48:22.500 0 0 D mv2112_update_link: link 0x4
01-01 05:48:22.504 0 0 D mv2112_read_status: autoneg is disabled
08-16 16:54:02.149 1160 2973 D CompatibilityInfo: mCompatibilityFlags - 4
08-16 16:54:02.149 1160 2973 D CompatibilityInfo: applicationDensity - 240
08-16 16:54:02.149 1160 2973 D CompatibilityInfo: applicationScale - 1.0
08-16 16:54:02.152 2215 2215 I QImsService: QtiImsExtService : QtiImsExtService created!
08-16 16:54:02.153 2215 2215 E QImsService: QtiImsExtService : QtiImsExtService, ImsService is not yet started retry.
08-16 16:54:02.154 2350 2350 D QtiImsExtConnector: Attempt to bind QtiImsExt service returned with: true
08-16 16:54:02.155 2215 2215 E QImsService: QtiImsExtService : QtiImsExtService, ImsService is not yet started retry.
08-16 16:54:02.155 2215 2215 W QImsService: QtiImsExtService : onBind returned null
08-16 16:54:02.156 518 518 I hwservicemanager: getTransport: Cannot find entry android.hardware.light@2.0::ILight/default in either framework or device VINTF manifest.
08-16 16:54:02.157 2350 2350 D QtiImsExtConnector: onNullBinding componentName ComponentInfo{org.codeaurora.ims/org.codeaurora.ims.QtiImsExtService}
08-16 16:54:02.159 4797 4797 E light : light_open lights keyboard failed: -22
08-16 16:54:02.160 4797 4797 E light : Light passthrough failed to load legacy HAL.
08-16 16:54:02.160 4797 4797 E light : light_open lights buttons failed: -22
08-16 16:54:02.160 4797 4797 E light : Light passthrough failed to load legacy HAL.
08-16 16:54:02.163 4797 4797 E light : light_open lights bluetooth failed: -22
08-16 16:54:02.163 4797 4797 E light : Light passthrough failed to load legacy HAL.
08-16 16:54:02.164 4797 4797 E light : light_open lights wifi failed: -22
08-16 16:54:02.164 4797 4797 E light : Light passthrough failed to load legacy HAL.
08-16 16:54:02.164 518 518 I hwservicemanager: getTransport: Cannot find entry android.hardware.light@2.0::ILight/default in either framework or device VINTF manifest.
08-16 16:54:02.165 4797 4797 E HidlServiceManagement: Service android.hardware.light@2.0::ILight/default must be in VINTF manifest in order to register/get.
08-16 16:54:02.165 4797 4797 E LegacySupport: Could not register service android.hardware.light@2.0::ILight/default (-2147483648).
01-01 05:48:22.593 0 0 I init : Service 'vendor.light-hal-2-0' (pid 4797) exited with status 0
01-01 05:48:22.601 0 0 I init : Sending signal 9 to service 'vendor.light-hal-2-0' (pid 4797) process group...
01-01 05:48:22.611 0 0 I libprocessgroup: Successfully killed process cgroup uid 1000 pid 4797 in 0ms
08-16 16:54:02.414 805 805 D audio_hw_primary: out_set_parameters: enter: usecase(1: low-latency-playback) kvpairs: suspend_playback=false
08-16 16:54:02.415 805 805 D audio_hw_extn: audio_extn_fm_set_parameters: Enter
08-16 16:54:02.416 805 2905 W audio_hw_primary: out_write: underrun(19) frames_by_time(48355) > out->last_fifo_frames_remaining(384)
08-16 16:54:02.433 805 2905 I btaudio_offload_qti: audio_get_a2dp_sink_latency_qti: Sink Latency = 0
08-16 16:54:02.437 805 2905 I btaudio_offload_qti: audio_get_a2dp_sink_latency_qti: Sink Latency = 0
08-16 16:54:02.441 805 2905 I btaudio_offload_qti: audio_get_a2dp_sink_latency_qti: Sink Latency = 0
08-16 16:54:02.445 805 2905 I btaudio_offload_qti: audio_get_a2dp_sink_latency_qti: Sink Latency = 0
08-16 16:54:02.449 805 2905 I btaudio_offload_qti: audio_get_a2dp_sink_latency_qti: Sink Latency = 0
08-16 16:54:02.453 805 2905 I btaudio_offload_qti: audio_get_a2dp_sink_latency_qti: Sink Latency = 0
08-16 16:54:02.456 805 805 D audio_hw_primary: out_set_parameters: enter: usecase(1: low-latency-playback) kvpairs: suspend_playback=true
08-16 16:54:02.456 805 805 D audio_hw_extn: audio_extn_fm_set_parameters: Enter
08-16 16:54:02.622 805 805 D audio_hw_primary: out_set_parameters: enter: usecase(1: low-latency-playback) kvpairs: suspend_playback=false
08-16 16:54:02.622 805 805 D audio_hw_extn: audio_extn_fm_set_parameters: Enter
08-16 16:54:02.623 805 3475 D audio_hw_primary: adev_create_audio_patch: enter: num sources 1, num_sinks 1, handle 1
