01-01 05:46:28.363 0 0 W subsys-pil-tz soc: qcom,kgsl-hyp: Falling back to syfs fallback for: a650_zap.b02
01-01 05:46:28.368 0 0 E init : Control message: Could not find 'android.frameworks.sensorservice@1.0::ISensorManager/default' for ctl.interface_start from pid: 518 (/system/bin/hwservicemanager)
01-01 05:46:28.394 0 0 D cnss : Downloading BDF: qca6390/bdwlan.elf, size: 57908
01-01 05:46:28.398 0 0 I init : processing action (vendor.ims.QMI_DAEMON_STATUS=1) from (/vendor/etc/init/imsdatadaemon.rc:14)
01-01 05:46:28.400 0 0 I init : starting service 'vendor.imsdatadaemon'...
01-01 05:46:28.401 0 0 I subsys-pil-tz soc: qcom,kgsl-hyp: a650_zap: Brought out of reset
01-01 05:46:28.402 0 0 I init : Created socket '/dev/socket/ims_datad', mode 660, user 1000, group 1001
01-01 05:46:28.423 0 0 E init : Control message: Could not find 'android.frameworks.sensorservice@1.0::ISensorManager/default' for ctl.interface_start from pid: 518 (/system/bin/hwservicemanager)
01-01 05:46:28.428 0 0 W QSEECOM : qseecom_load_app: App (fingerpr) does'nt exist, loading apps for first time
01-01 05:46:27.698 1160 1160 I IntentFirewall: Read new rules (A:0 B:0 S:0)
01-01 05:46:28.449 0 0 I init : processing action (ro.vendor.radio.noril=*) from (/vendor/etc/init/hw/init.qcom.rc:894)
01-01 05:46:28.451 0 0 E init : Control message: Could not find 'android.frameworks.sensorservice@1.0::ISensorManager/default' for ctl.interface_start from pid: 518 (/system/bin/hwservicemanager)
01-01 05:46:28.462 0 0 I CAM_ERR : CAM-CCI: cam_cci_irq: 264 Base:ffffff801a045000, M1_Q1 NACK ERROR: 0x40000000
01-01 05:46:28.466 0 0 I : read descriptors
01-01 05:46:28.466 0 0 I : read strings
01-01 05:46:28.470 0 0 I CAM_ERR : CAM-CCI: cam_cci_read: 1306 ERROR with Slave 0x7a:
01-01 05:46:28.470 0 0 I CAM_ERR : CAM-CCI: cam_cci_read_bytes: 1561 failed to read rc:-22
01-01 05:46:28.470 0 0 I CAM_ERR : CAM-SENSOR: cam_cci_i2c_read: 35 rc = -22
01-01 05:46:28.470 0 0 I CAM_WARN: CAM-SENSOR: cam_sensor_match_id: 769 read id: 0x0 expected id 0x30:
01-01 05:46:28.472 0 0 I qcom,camera ac50000.qcom,cci: qcom,cam-sensor3: Dropping the link to regulator.77
01-01 05:46:28.474 0 0 I binder : 1126:1151 ioctl 40046210 7031d53144 returned -22
01-01 05:46:28.475 0 0 I qcom,camera ac50000.qcom,cci: qcom,cam-sensor3: Dropping the link to regulator.86
01-01 05:46:28.476 0 0 I qcom,camera ac50000.qcom,cci: qcom,cam-sensor3: Dropping the link to regulator.57
01-01 05:46:27.735 1160 1160 D AppOps : AppOpsService published
01-01 05:46:27.736 1160 1160 D SystemServerTiming: StartActivityManager took to complete: 1037ms
01-01 05:46:27.736 1160 1160 I SystemServerTiming: StartDataLoaderManagerService
01-01 05:46:27.736 1160 1160 I SystemServiceManager: Starting com.android.server.pm.DataLoaderManagerService
01-01 05:46:27.743 1160 1160 D SystemServerTiming: StartDataLoaderManagerService took to complete: 7ms
01-01 05:46:27.743 1160 1160 I SystemServerTiming: StartIncrementalService
01-01 05:46:27.749 1160 1160 D SystemServerTiming: StartIncrementalService took to complete: 6ms
01-01 05:46:27.749 1160 1160 I SystemServerTiming: StartPowerManager
01-01 05:46:27.749 1160 1160 I SystemServiceManager: Starting com.android.server.power.PowerManagerService
01-01 05:46:28.489 0 0 D cnss : FW name added with prefix: qca6390/m3.bin
01-01 05:46:28.489 0 0 W cnss_pci 0000: 01:00.0: Falling back to syfs fallback for: qca6390/m3.bin
01-01 05:46:28.491 0 0 I init : processing action (llk.enable=true) from (/system/etc/init/llkd.rc:34)
01-01 05:46:28.494 0 0 I init : starting service 'llkd-1'...
01-01 05:46:27.775 1126 1151 D BootAnimation: BootAnimationShownTiming start time: 50935ms
01-01 05:46:28.519 0 0 D cnss : Sending M3 information message, state: 0xb
01-01 05:46:28.519 0 0 D cnss : M3 memory, va: 0xffffff8020f02000, pa: 0x00000000a1800000, size: 0x411bc
01-01 05:46:28.520 0 0 I qcom,camera ac4f000.qcom,cci: qcom,cam-sensor0: Linked as a consumer to regulator.55
01-01 05:46:28.524 0 0 I qcom,camera ac4f000.qcom,cci: qcom,cam-sensor0: Linked as a consumer to regulator.52
01-01 05:46:28.525 0 0 D cnss : Received QMI WLFW FW initialization done indication
01-01 05:46:28.525 0 0 D cnss : Posting event: FW_READY(4), state: 0xb flags: 0x0
01-01 05:46:28.525 0 0 D cnss : Processing driver event: FW_READY(4), state: 0xb
01-01 05:46:28.525 0 0 D cnss : PCIE Gen speed not setup
01-01 05:46:28.525 0 0 D cnss : Sending antenna switch sync request, state: 0xf
01-01 05:46:28.528 0 0 I qcom,camera ac4f000.qcom,cci: qcom,cam-sensor0: Linked as a consumer to regulator.57
01-01 05:46:28.530 0 0 E cnss : Antenna switch request failed, result: 1, err: 94
01-01 05:46:28.538 0 0 I qcom,camera ac4f000.qcom,cci: qcom,cam-sensor0: Linked as a consumer to regulator.77
01-01 05:46:28.544 0 0 D cnss : Sending mode message, mode: CALIBRATION(7), state: 0xf
01-01 05:46:27.804 1160 1160 D SystemServerTiming: StartPowerManager took to complete: 55ms
01-01 05:46:27.804 1160 1160 I SystemServerTiming: StartThermalManager
01-01 05:46:27.804 1160 1160 I SystemServiceManager: Starting com.android.server.power.ThermalManagerService
01-01 05:46:27.805 1160 1160 D SystemServerTiming: StartThermalManager took to complete: 1ms
01-01 05:46:27.805 1160 1160 I SystemServerTiming: StartHintManager
01-01 05:46:27.806 1160 1160 I SystemServiceManager: Starting com.android.server.power.hint.HintManagerService
01-01 05:46:27.807 1160 1160 D SystemServerTiming: StartHintManager took to complete: 1ms
01-01 05:46:27.807 1160 1160 I SystemServerTiming: InitPowerManagement
01-01 05:46:27.810 1160 1160 D SystemServerTiming: InitPowerManagement took to complete: 3ms
01-01 05:46:27.810 1160 1160 I SystemServerTiming: StartRecoverySystemService
01-01 05:46:27.810 1160 1160 I SystemServiceManager: Starting com.android.server.recoverysystem.RecoverySystemService$Lifecycle
01-01 05:46:27.812 1160 1160 D SystemServerTiming: StartRecoverySystemService took to complete: 2ms
01-01 05:46:27.812 1160 1160 I PackageWatchdog: Syncing state, reason: added new observer
01-01 05:46:27.812 1160 1160 I PackageWatchdog: Not pruning observers, elapsed time: 0ms
01-01 05:46:27.813 1160 1160 I PackageWatchdog: Cancelling state sync, nothing to sync
01-01 05:46:27.817 1160 1351 I PackageWatchdog: Saving observer state to file
01-01 05:46:27.822 1160 1160 I SystemServerTiming: StartLightsService
01-01 05:46:27.822 1160 1160 I SystemServiceManager: Starting com.android.server.lights.LightsService
01-01 05:46:27.836 1160 1160 D SystemServerTiming: StartLightsService took to complete: 14ms
01-01 05:46:27.836 1160 1160 I SystemServerTiming: StartSidekickService
01-01 05:46:27.836 1160 1160 D SystemServerTiming: StartSidekickService took to complete: 0ms
01-01 05:46:27.836 1160 1160 I SystemServerTiming: StartDisplayManager
01-01 05:46:27.837 1160 1160 I SystemServiceManager: Starting com.android.server.display.DisplayManagerService
01-01 05:46:28.595 0 0 I CAM_ERR : CAM-CCI: cam_cci_irq: 238 Base:ffffff801a03d000, M0_Q1 NACK ERROR: 0x10000000
01-01 05:46:28.595 0 0 I CAM_ERR : CAM-CCI: cam_cci_read: 1306 ERROR with Slave 0xc0:
01-01 05:46:28.595 0 0 I CAM_ERR : CAM-CCI: cam_cci_read_bytes: 1561 failed to read rc:-22
01-01 05:46:28.595 0 0 I CAM_ERR : CAM-SENSOR: cam_cci_i2c_read: 35 rc = -22
01-01 05:46:28.595 0 0 I CAM_WARN: CAM-SENSOR: cam_sensor_match_id: 769 read id: 0x0 expected id 0x6710:
01-01 05:46:28.596 0 0 I qcom,camera ac4f000.qcom,cci: qcom,cam-sensor0: Dropping the link to regulator.77
01-01 05:46:27.860 1160 1160 D SystemServerTiming: StartDisplayManager took to complete: 23ms
01-01 05:46:27.860 1160 1160 I SystemServerTiming: WaitForDisplay
01-01 05:46:27.860 1160 1160 I SystemServiceManager: Starting phase 100
01-01 05:46:27.860 1160 1160 I SystemServerTiming: OnBootPhase_100
01-01 05:46:27.860 1160 1160 I SystemServerTiming: OnBootPhase_100_com.android.server.security.FileIntegrityService
01-01 05:46:27.860 1160 1160 D SystemServerTiming: OnBootPhase_100_com.android.server.security.FileIntegrityService took to complete: 0ms
01-01 05:46:27.860 1160 1160 I SystemServerTiming: OnBootPhase_100_com.android.server.pm.Installer
01-01 05:46:27.860 1160 1160 D SystemServerTiming: OnBootPhase_100_com.android.server.pm.Installer took to complete: 0ms
01-01 05:46:27.860 1160 1160 I SystemServerTiming: OnBootPhase_100_com.android.server.os.DeviceIdentifiersPolicyService
01-01 05:46:27.860 1160 1160 D SystemServerTiming: OnBootPhase_100_com.android.server.os.DeviceIdentifiersPolicyService took to complete: 0ms
01-01 05:46:27.860 1160 1160 I SystemServerTiming: OnBootPhase_100_com.android.server.uri.UriGrantsManagerService$Lifecycle
01-01 05:46:27.861 1160 1160 D SystemServerTiming: OnBootPhase_100_com.android.server.uri.UriGrantsManagerService$Lifecycle took to complete: 0ms
01-01 05:46:27.861 1160 1160 I SystemServerTiming: OnBootPhase_100_com.android.server.powerstats.PowerStatsService
01-01 05:46:27.861 1160 1160 D SystemServerTiming: OnBootPhase_100_com.android.server.powerstats.PowerStatsService took to complete: 0ms
01-01 05:46:27.861 1160 1160 I SystemServerTiming: OnBootPhase_100_com.android.server.wm.ActivityTaskManagerService$Lifecycle
01-01 05:46:27.861 1160 1160 D SystemServerTiming: OnBootPhase_100_com.android.server.wm.ActivityTaskManagerService$Lifecycle took to complete: 0ms
01-01 05:46:27.861 1160 1160 I SystemServerTiming: OnBootPhase_100_com.android.server.am.ActivityManagerService$Lifecycle
01-01 05:46:27.861 1160 1160 D SystemServerTiming: OnBootPhase_100_com.android.server.am.ActivityManagerService$Lifecycle took to complete: 0ms
01-01 05:46:27.861 1160 1160 I SystemServerTiming: OnBootPhase_100_com.android.server.pm.DataLoaderManagerService
01-01 05:46:27.861 1160 1160 D SystemServerTiming: OnBootPhase_100_com.android.server.pm.DataLoaderManagerService took to complete: 0ms
01-01 05:46:27.861 1160 1160 I SystemServerTiming: OnBootPhase_100_com.android.server.power.PowerManagerService
01-01 05:46:27.861 1160 1160 D SystemServerTiming: OnBootPhase_100_com.android.server.power.PowerManagerService took to complete: 0ms
01-01 05:46:27.861 1160 1160 I SystemServerTiming: OnBootPhase_100_com.android.server.power.ThermalManagerService
01-01 05:46:27.861 1160 1160 D SystemServerTiming: OnBootPhase_100_com.android.server.power.ThermalManagerService took to complete: 0ms
01-01 05:46:27.861 1160 1160 I SystemServerTiming: OnBootPhase_100_com.android.server.power.hint.HintManagerService
01-01 05:46:27.861 1160 1160 D SystemServerTiming: OnBootPhase_100_com.android.server.power.hint.HintManagerService took to complete: 0ms
01-01 05:46:27.861 1160 1160 I SystemServerTiming: OnBootPhase_100_com.android.server.recoverysystem.RecoverySystemService$Lifecycle
01-01 05:46:27.861 1160 1160 D SystemServerTiming: OnBootPhase_100_com.android.server.recoverysystem.RecoverySystemService$Lifecycle took to complete: 0ms
01-01 05:46:27.861 1160 1160 I SystemServerTiming: OnBootPhase_100_com.android.server.lights.LightsService
01-01 05:46:27.861 1160 1160 D SystemServerTiming: OnBootPhase_100_com.android.server.lights.LightsService took to complete: 0ms
01-01 05:46:27.861 1160 1160 I SystemServerTiming: OnBootPhase_100_com.android.server.display.DisplayManagerService
01-01 05:46:28.601 0 0 W QSEECOM : qseecom_load_app: App with id 6 (fingerpr) now loaded
01-01 05:46:27.874 1160 1267 I DisplayDeviceRepository: Display device added: DisplayDeviceInfo{"Built-in Screen": uniqueId="local:4630946370410392961", 2380 x 1020, modeId 1, defaultModeId 1, supportedModes [{id=1, width=2380, height=1020, fps=60.000004, alternativeRefreshRates=[]}], colorMode 0, supportedColorModes [0], hdrCapabilities HdrCapabilities{mSupportedHdrTypes=[2, 3, 4], mMaxLuminance=500.0, mMaxAverageLuminance=500.0, mMinLuminance=0.0}, allmSupported false, gameContentTypeSupported false, density 240, 319.851 x 319.851 dpi, appVsyncOff 1000000, presDeadline 16666666, touch INTERNAL, rotation 0, type INTERNAL, address {port=129, model=0x40446d3026322d}, deviceProductInfo DeviceProductInfo{name=, manufacturerPnpId=QCM, productId=1, modelYear=null, manufactureDate=ManufactureDate{week=27, year=2006}, connectionToSinkType=0}, state UNKNOWN, frameRateOverride , brightnessMinimum 0.0, brightnessMaximum 1.0, brightnessDefault 0.39763778, FLAG_DEFAULT_DISPLAY, FLAG_ROTATES_WITH_CONTENT, FLAG_SECURE, FLAG_SUPPORTS_PROTECTED_BUFFERS}
01-01 05:46:27.879 1160 1267 I LogicalDisplayMapper: Applying layout: [{addr: {port=129, model=0x40446d3026322d}, dispId: 0(ON)}], Previous layout: null
01-01 05:46:28.619 0 0 I qcom,camera ac4f000.qcom,cci: qcom,cam-sensor0: Dropping the link to regulator.57
01-01 05:46:28.619 0 0 I qcom,camera ac4f000.qcom,cci: qcom,cam-sensor0: Dropping the link to regulator.52
01-01 05:46:28.637 0 0 I qcom,camera ac4f000.qcom,cci: qcom,cam-sensor0: Dropping the link to regulator.55
01-01 05:46:27.895 1160 1267 I LogicalDisplayMapper: Adding new display: 0: DisplayInfo{"Built-in Screen", displayId 0", displayGroupId -1, FLAG_SECURE, FLAG_SUPPORTS_PROTECTED_BUFFERS, FLAG_TRUSTED, real 2380 x 1020, largest app 2380 x 1020, smallest app 2380 x 1020, appVsyncOff 1000000, presDeadline 16666666, mode 1, defaultMode 1, modes [{id=1, width=2380, height=1020, fps=60.000004, alternativeRefreshRates=[]}], hdrCapabilities HdrCapabilities{mSupportedHdrTypes=[2, 3, 4], mMaxLuminance=500.0, mMaxAverageLuminance=500.0, mMinLuminance=0.0}, userDisabledHdrTypes [], minimalPostProcessingSupported false, rotation 0, state UNKNOWN, type INTERNAL, uniqueId "local:4630946370410392961", app 2380 x 1020, density 240 (319.851 x 319.851) dpi, layerStack 0, colorMode 0, supportedColorModes [0], address {port=129, model=0x40446d3026322d}, deviceProductInfo DeviceProductInfo{name=, manufacturerPnpId=QCM, productId=1, modelYear=null, manufactureDate=ManufactureDate{week=27, year=2006}, connectionToSinkType=0}, removeMode 0, refreshRateOverride 0.0, brightnessMinimum 0.0, brightnessMaximum 1.0, brightnessDefault 0.39763778}
01-01 05:46:27.897 1160 1267 I LogicalDisplayMapper: Setting new display group 0 for display 0, from previous group: null
01-01 05:46:28.642 0 0 I capability: warning: `msm_irqbalance' uses 32-bit capabilities (legacy support in use)
01-01 05:46:28.676 0 0 I qcom,camera ac50000.qcom,cci: qcom,cam-sensor3: Linked as a consumer to regulator.57
01-01 05:46:28.681 0 0 I qcom,camera ac50000.qcom,cci: qcom,cam-sensor3: Linked as a consumer to regulator.86
01-01 05:46:28.704 0 0 I qcom,camera ac50000.qcom,cci: qcom,cam-sensor3: Linked as a consumer to regulator.77
01-01 05:46:28.712 0 0 D cnss : Received QMI WLFW pin connect result indication
01-01 05:46:28.712 0 0 D cnss : Pin connect Result: pwr_pin: 0x1 phy_io_pin: 0x0 rf_io_pin: 0x0
01-01 05:46:28.712 0 0 D cnss : Removing vote for Regulator vdd-wlan-rfa2
01-01 05:46:28.712 0 0 D cnss : Removing vote for Regulator vdd-wlan-rfa1
01-01 05:46:28.712 0 0 D cnss : Removing vote for Regulator vdd-wlan-dig
01-01 05:46:28.712 0 0 D cnss : Removing vote for Regulator vdd-wlan-aon
01-01 05:46:28.712 0 0 D cnss : Removing vote for Regulator vdd-wlan-io
01-01 05:46:28.712 0 0 D cnss : PM relax, state: 0xf, count: 0
01-01 05:46:28.712 0 0 D cnss : PM stay awake, state: 0xf, count: 1
01-01 05:46:28.712 0 0 D cnss : PM relax, state: 0xf, count: 0
01-01 05:46:28.721 0 0 I CAM_ERR : CAM-CCI: cam_cci_irq: 264 Base:ffffff801a045000, M1_Q1 NACK ERROR: 0x40000000
01-01 05:46:28.721 0 0 I CAM_ERR : CAM-CCI: cam_cci_read: 1306 ERROR with Slave 0x20:
01-01 05:46:28.721 0 0 I CAM_ERR : CAM-CCI: cam_cci_read_bytes: 1561 failed to read rc:-22
01-01 05:46:28.721 0 0 I CAM_ERR : CAM-SENSOR: cam_cci_i2c_read: 35 rc = -22
01-01 05:46:28.722 0 0 I CAM_WARN: CAM-SENSOR: cam_sensor_match_id: 769 read id: 0x0 expected id 0x3841:
01-01 05:46:28.722 0 0 I qcom,camera ac50000.qcom,cci: qcom,cam-sensor3: Dropping the link to regulator.77
01-01 05:46:28.729 0 0 I qcom,camera ac50000.qcom,cci: qcom,cam-sensor3: Dropping the link to regulator.86
01-01 05:46:28.731 0 0 I qcom,camera ac50000.qcom,cci: qcom,cam-sensor3: Dropping the link to regulator.57
01-01 05:46:28.754 0 0 I android_work: did not send uevent (0 0 0000000000000000)
01-01 05:46:28.809 0 0 I qcom,camera ac4f000.qcom,cci: qcom,cam-sensor4: Linked as a consumer to regulator.55
01-01 05:46:28.813 0 0 I qcom,camera ac4f000.qcom,cci: qcom,cam-sensor4: Linked as a consumer to regulator.52
01-01 05:46:28.817 0 0 I qcom,camera ac4f000.qcom,cci: qcom,cam-sensor4: Linked as a consumer to regulator.57
01-01 05:46:28.821 0 0 I qcom,camera ac4f000.qcom,cci: qcom,cam-sensor4: Linked as a consumer to regulator.77
01-01 05:46:28.847 0 0 E msm-dwc3 a600000.ssusb: Could not get usb psy
01-01 05:46:28.853 0 0 W QSEECOM : __qseecom_unload_app: App (6) is unloaded
01-01 05:46:28.855 0 0 D qbt : qbt_release: entry minor_no=0 fd_available=0
01-01 05:46:28.855 0 0 D qbt : qbt_release: Releasing wakelock
01-01 05:46:28.855 0 0 D qbt : qbt_release: exit : fd_available=1
01-01 05:46:28.855 0 0 D qbt : qbt_release: entry minor_no=1 fd_available=1
01-01 05:46:28.855 0 0 D qbt : qbt_release: exit : fd_available=1
01-01 05:46:28.855 0 0 I CAM_ERR : CAM-CCI: cam_cci_irq: 238 Base:ffffff801a03d000, M0_Q1 NACK ERROR: 0x10000000
01-01 05:46:28.855 0 0 I CAM_ERR : CAM-CCI: cam_cci_read: 1306 ERROR with Slave 0xc0:
01-01 05:46:28.855 0 0 I CAM_ERR : CAM-CCI: cam_cci_read_bytes: 1561 failed to read rc:-22
01-01 05:46:28.855 0 0 I CAM_ERR : CAM-SENSOR: cam_cci_i2c_read: 35 rc = -22
01-01 05:46:28.855 0 0 I CAM_WARN: CAM-SENSOR: cam_sensor_match_id: 769 read id: 0x0 expected id 0x6710:
01-01 05:46:28.856 0 0 I qcom,camera ac4f000.qcom,cci: qcom,cam-sensor4: Dropping the link to regulator.77
01-01 05:46:28.861 0 0 I qcom,camera ac4f000.qcom,cci: qcom,cam-sensor4: Dropping the link to regulator.57
01-01 05:46:28.862 0 0 I qcom,camera ac4f000.qcom,cci: qcom,cam-sensor4: Dropping the link to regulator.52
01-01 05:46:28.863 0 0 I qcom,camera ac4f000.qcom,cci: qcom,cam-sensor4: Dropping the link to regulator.55
01-01 05:46:28.902 0 0 I qcom,camera ac50000.qcom,cci: qcom,cam-sensor2: Linked as a consumer to regulator.56
01-01 05:46:28.907 0 0 I qcom,camera ac50000.qcom,cci: qcom,cam-sensor2: Linked as a consumer to regulator.54
01-01 05:46:28.912 0 0 I qcom,camera ac50000.qcom,cci: qcom,cam-sensor2: Linked as a consumer to regulator.57
01-01 05:46:28.915 0 0 I qcom,camera ac50000.qcom,cci: qcom,cam-sensor2: Linked as a consumer to regulator.77
01-01 05:46:28.940 0 0 E msm-dwc3 a600000.ssusb: Could not get usb psy
01-01 05:46:28.952 0 0 I CAM_ERR : CAM-CCI: cam_cci_irq: 238 Base:ffffff801a045000, M0_Q1 NACK ERROR: 0x10000000
01-01 05:46:28.952 0 0 I CAM_ERR : CAM-CCI: cam_cci_read: 1306 ERROR with Slave 0x34:
01-01 05:46:28.952 0 0 I CAM_ERR : CAM-CCI: cam_cci_read_bytes: 1561 failed to read rc:-22
01-01 05:46:28.952 0 0 I CAM_ERR : CAM-SENSOR: cam_cci_i2c_read: 35 rc = -22
01-01 05:46:28.952 0 0 I CAM_WARN: CAM-SENSOR: cam_sensor_match_id: 769 read id: 0x0 expected id 0x476:
01-01 05:46:28.952 0 0 I qcom,camera ac50000.qcom,cci: qcom,cam-sensor2: Dropping the link to regulator.77
01-01 05:46:28.957 0 0 I qcom,camera ac50000.qcom,cci: qcom,cam-sensor2: Dropping the link to regulator.57
01-01 05:46:28.958 0 0 I qcom,camera ac50000.qcom,cci: qcom,cam-sensor2: Dropping the link to regulator.54
01-01 05:46:28.958 0 0 I qcom,camera ac50000.qcom,cci: qcom,cam-sensor2: Dropping the link to regulator.56
01-01 05:46:28.252 1160 1543 W ProcessCpuTracker: Failed to stat(/proc/1249): android.system.ErrnoException: stat failed: ENOENT (No such file or directory)
01-01 05:46:28.253 1160 1543 W ProcessCpuTracker: Skipping unknown process pid 1249
01-01 05:46:28.992 0 0 I android_work: sent uevent USB_STATE=CONNECTED
01-01 05:46:28.997 0 0 I qcom,camera ac4f000.qcom,cci: qcom,cam-sensor5: Linked as a consumer to regulator.56
01-01 05:46:28.998 0 0 I qcom,camera ac4f000.qcom,cci: qcom,cam-sensor5: Linked as a consumer to regulator.57
01-01 05:46:28.999 0 0 I qcom,camera ac4f000.qcom,cci: qcom,cam-sensor5: Linked as a consumer to regulator.53
01-01 05:46:28.273 1160 1543 W ProcessCpuTracker: Failed to stat(/proc/1485): android.system.ErrnoException: stat failed: ENOENT (No such file or directory)
01-01 05:46:28.273 1160 1543 W ProcessCpuTracker: Skipping unknown process pid 1485
01-01 05:46:28.274 1160 1543 W ProcessCpuTracker: Failed to stat(/proc/1506): android.system.ErrnoException: stat failed: ENOENT (No such file or directory)
01-01 05:46:28.274 1160 1543 W ProcessCpuTracker: Skipping unknown process pid 1506
01-01 05:46:28.275 1160 1543 W ProcessCpuTracker: Failed to stat(/proc/1524): android.system.ErrnoException: stat failed: ENOENT (No such file or directory)
01-01 05:46:28.275 1160 1543 W ProcessCpuTracker: Skipping unknown process pid 1524
01-01 05:46:28.275 1160 1543 W ProcessCpuTracker: Failed to stat(/proc/1531): android.system.ErrnoException: stat failed: ENOENT (No such file or directory)
01-01 05:46:28.275 1160 1543 W ProcessCpuTracker: Skipping unknown process pid 1531
01-01 05:46:28.276 1160 1543 W ProcessCpuTracker: Failed to stat(/proc/1551): android.system.ErrnoException: stat failed: ENOENT (No such file or directory)
01-01 05:46:28.276 1160 1543 W ProcessCpuTracker: Skipping unknown process pid 1551
01-01 05:46:29.021 0 0 I qcom,camera ac4f000.qcom,cci: qcom,cam-sensor5: Linked as a consumer to regulator.77
01-01 05:46:29.037 0 0 I CAM_ERR : CAM-CCI: cam_cci_irq: 264 Base:ffffff801a03d000, M1_Q1 NACK ERROR: 0x40000000
01-01 05:46:29.037 0 0 I CAM_ERR : CAM-CCI: cam_cci_read: 1306 ERROR with Slave 0x20:
01-01 05:46:29.037 0 0 I CAM_ERR : CAM-CCI: cam_cci_read_bytes: 1561 failed to read rc:-22
01-01 05:46:29.037 0 0 I CAM_ERR : CAM-SENSOR: cam_cci_i2c_read: 35 rc = -22
01-01 05:46:29.037 0 0 I CAM_WARN: CAM-SENSOR: cam_sensor_match_id: 769 read id: 0x0 expected id 0x30d5:
01-01 05:46:29.037 0 0 I qcom,camera ac4f000.qcom,cci: qcom,cam-sensor5: Dropping the link to regulator.77
01-01 05:46:29.039 0 0 I configfs-gadget gadget: high-speed config #1: b
01-01 05:46:29.042 0 0 I qcom,camera ac4f000.qcom,cci: qcom,cam-sensor5: Dropping the link to regulator.53
01-01 05:46:29.043 0 0 I qcom,camera ac4f000.qcom,cci: qcom,cam-sensor5: Dropping the link to regulator.57
01-01 05:46:29.044 0 0 E msm-dwc3 a600000.ssusb: Could not get usb psy
01-01 05:46:29.045 0 0 I qcom,camera ac4f000.qcom,cci: qcom,cam-sensor5: Dropping the link to regulator.56
01-01 05:46:29.060 0 0 I android_work: sent uevent USB_STATE=CONFIGURED
01-01 05:46:29.066 0 0 I qcom_rpmh DRV: apps_rsc TCS Busy, retrying RPMH message send: addr=0x30010
01-01 05:46:29.086 0 0 E ipa_mpm_vote_unvote_pcie_clk: 1530 MHI not initialized yet
01-01 05:46:29.095 0 0 E ipa_mpm_start_stop_remote_mhip_chan: 1644 MHI not initialized yet, probe in progress
01-01 05:46:29.099 0 0 I qcom,camera ac50000.qcom,cci: qcom,cam-sensor6: Linked as a consumer to regulator.56
01-01 05:46:29.107 0 0 E ipa_mpm_start_stop_mhip_chan: 1736 MHIP probe 1 not initialized
01-01 05:46:29.112 0 0 I qcom,camera ac50000.qcom,cci: qcom,cam-sensor6: Linked as a consumer to regulator.54
01-01 05:46:29.115 0 0 E ipa3_cfg_ep_ctrl: 4812 pipe setting delay is not supported
01-01 05:46:29.119 0 0 I qcom,camera ac50000.qcom,cci: qcom,cam-sensor6: Linked as a consumer to regulator.57
01-01 05:46:29.126 0 0 I qcom,camera ac50000.qcom,cci: qcom,cam-sensor6: Linked as a consumer to regulator.77
01-01 05:46:29.134 0 0 E ipa_usb_notify_cb: Set net_ready_trigger
01-01 05:46:29.137 0 0 I CAM_ERR : CAM-CCI: cam_cci_irq: 238 Base:ffffff801a045000, M0_Q1 NACK ERROR: 0x10000000
01-01 05:46:29.143 0 0 I CAM_ERR : CAM-CCI: cam_cci_read: 1306 ERROR with Slave 0x34:
01-01 05:46:29.143 0 0 I CAM_ERR : CAM-CCI: cam_cci_read_bytes: 1561 failed to read rc:-22
01-01 05:46:29.143 0 0 I CAM_ERR : CAM-SENSOR: cam_cci_i2c_read: 35 rc = -22
01-01 05:46:29.143 0 0 I CAM_WARN: CAM-SENSOR: cam_sensor_match_id: 769 read id: 0x0 expected id 0x481:
01-01 05:46:29.144 0 0 E ipa_mpm_vote_unvote_pcie_clk: 1530 MHI not initialized yet
01-01 05:46:29.144 0 0 I qcom,camera ac50000.qcom,cci: qcom,cam-sensor6: Dropping the link to regulator.77
01-01 05:46:29.151 0 0 E ipa_mpm_start_stop_remote_mhip_chan: 1644 MHI not initialized yet, probe in progress
01-01 05:46:29.154 0 0 I qcom,camera ac50000.qcom,cci: qcom,cam-sensor6: Dropping the link to regulator.57
01-01 05:46:29.162 0 0 I qcom,camera ac50000.qcom,cci: qcom,cam-sensor6: Dropping the link to regulator.54
01-01 05:46:29.162 0 0 I qcom,camera ac50000.qcom,cci: qcom,cam-sensor6: Dropping the link to regulator.56
01-01 05:46:28.428 1280 1280 W HidlServiceManagement: Waited one second for android.hardware.health@2.0::IHealth/default
01-01 05:46:29.163 0 0 E ipa_usb_notify_cb: Set net_ready_trigger
01-01 05:46:29.288 0 0 E : msm_qti_pp_get_rms_value_control, back not active to query rms be_idx:3
01-01 05:46:29.324 0 0 I core_get_license_status: cmdrsp_license_result.result = 0x15 for module 0x131ff
01-01 05:46:29.325 0 0 E msm_ext_disp_update_audio_ops: Display not found (EXT_DISPLAY_TYPE_DP) ctld (0) stream (0)
01-01 05:46:29.335 0 0 E msm_ext_disp_update_audio_ops: Display not found (EXT_DISPLAY_TYPE_HDMI) ctld (0) stream (0)
01-01 05:46:29.345 0 0 E msm_ext_disp_update_audio_ops: Display not found (EXT_DISPLAY_TYPE_DP) ctld (0) stream (0)
01-01 05:46:29.355 0 0 E msm_ext_disp_update_audio_ops: Display not found (EXT_DISPLAY_TYPE_DP) ctld (0) stream (0)
01-01 05:46:29.365 0 0 E msm_ext_disp_update_audio_ops: Display not found (EXT_DISPLAY_TYPE_DP) ctld (0) stream (0)
01-01 05:46:29.366 0 0 E : msm_qti_pp_get_rms_value_control, back not active to query rms be_idx:3
01-01 05:46:29.375 0 0 E msm-ext-disp-audio-codec-rx soc: qcom,msm-ext-disp:qcom,msm-ext-disp-audio-codec-rx: msm_ext_disp_audio_type_get: get_audio_edid_blk() or get_intf_id is NULL
01-01 05:46:29.398 0 0 I core_get_license_status: cmdrsp_license_result.result = 0x15 for module 0x131ff
01-01 05:46:29.400 0 0 E msm_ext_disp_update_audio_ops: Display not found (EXT_DISPLAY_TYPE_DP) ctld (0) stream (0)
01-01 05:46:29.409 0 0 E msm_ext_disp_update_audio_ops: Display not found (EXT_DISPLAY_TYPE_DP) ctld (0) stream (0)
01-01 05:46:29.419 0 0 E msm-ext-disp-audio-codec-rx soc: qcom,msm-ext-disp:qcom,msm-ext-disp-audio-codec-rx: msm_ext_disp_audio_type_get: get_audio_edid_blk() or get_intf_id is NULL
01-01 05:46:29.434 0 0 E msm_ext_disp_update_audio_ops: Display not found (EXT_DISPLAY_TYPE_HDMI) ctld (0) stream (0)
01-01 05:46:29.444 0 0 E msm_ext_disp_update_audio_ops: Display not found (EXT_DISPLAY_TYPE_DP) ctld (0) stream (0)
01-01 05:46:29.454 0 0 E msm-ext-disp-audio-codec-rx soc: qcom,msm-ext-disp:qcom,msm-ext-disp-audio-codec-rx: msm_ext_disp_audio_type_get: get_audio_edid_blk() or get_intf_id is NULL
01-01 05:46:29.469 0 0 E msm_ext_disp_update_audio_ops: Display not found (EXT_DISPLAY_TYPE_DP) ctld (0) stream (0)
01-01 05:46:29.471 0 0 E msm-ext-disp-audio-codec-rx soc: qcom,msm-ext-disp:qcom,msm-ext-disp-audio-codec-rx: msm_ext_disp_audio_device_get: invalid dai id: 4
01-01 05:46:29.479 0 0 E msm_ext_disp_update_audio_ops: Display not found (EXT_DISPLAY_TYPE_DP) ctld (0) stream (0)
01-01 05:46:29.502 0 0 E msm_ext_disp_update_audio_ops: Display not found (EXT_DISPLAY_TYPE_DP) ctld (0) stream (0)
01-01 05:46:29.512 0 0 E msm-ext-disp-audio-codec-rx soc: qcom,msm-ext-disp:qcom,msm-ext-disp-audio-codec-rx: msm_ext_disp_audio_type_get: get_audio_edid_blk() or get_intf_id is NULL
01-01 05:46:29.528 0 0 E msm_ext_disp_update_audio_ops: Display not found (EXT_DISPLAY_TYPE_DP) ctld (0) stream (0)
01-01 05:46:29.537 0 0 E MAIN_MGR: hvdcp_opti Version: 3:0:0
01-01 05:46:29.538 0 0 E msm-ext-disp-audio-codec-rx soc: qcom,msm-ext-disp:qcom,msm-ext-disp-audio-codec-rx: msm_ext_disp_audio_type_get: get_audio_edid_blk() or get_intf_id is NULL
01-01 05:46:29.552 0 0 E MAIN_MGR: set keepcaps failed!
01-01 05:46:29.555 0 0 E : msm_pcm_volume_ctl_get substream not found
01-01 05:46:29.556 0 0 E CHG_POLICY_PATH: Failed to get IIO path for MAIN_PSY
01-01 05:46:29.558 0 0 E msm_ext_disp_update_audio_ops: Display not found (EXT_DISPLAY_TYPE_DP) ctld (0) stream (0)
01-01 05:46:29.583 0 0 E msm-ext-disp-audio-codec-rx soc: qcom,msm-ext-disp:qcom,msm-ext-disp-audio-codec-rx: msm_ext_disp_audio_type_get: get_audio_edid_blk() or get_intf_id is NULL
01-01 05:46:29.601 0 0 E msm-ext-disp-audio-codec-rx soc: qcom,msm-ext-disp:qcom,msm-ext-disp-audio-codec-rx: msm_ext_disp_audio_device_get: invalid dai id: 4
01-01 05:46:29.671 0 0 E : msm_pcm_volume_ctl_get substream not found
01-01 05:46:29.732 0 0 E diag : In diag_ioctl_set_buffering_mode, invalid peripheral = -22
01-01 05:46:29.973 0 0 I qcom_rpmh DRV: apps_rsc TCS Busy, retrying RPMH message send: addr=0x30080
01-01 05:46:29.979 0 0 E : [MAX975X:max96755x_drm_notifier_callback] *ERROR* receives EARLY_BLANK:UNBLANK
01-01 05:46:29.988 0 0 I [drm:dsi_display_set_mode] [msm-dsi-info]: mdp_transfer_time_us=0 us
01-01 05:46:29.988 0 0 I [drm:dsi_display_set_mode] [msm-dsi-info]: hactive= 2380,vactive= 1020,fps=60
01-01 05:46:29.988 0 0 I [drm:dsi_ctrl_isr_configure] [msm-dsi-info]: dsi-ctrl-0: IRQ 457 registered
01-01 05:46:30.064 0 0 E : [MAX975X:max96755x_drm_notifier_callback] *ERROR* receives BLANK:UNBLANK
01-01 05:46:29.343 1160 1267 E DisplayDeviceConfig: requesting nits when no mapping exists.
01-01 05:46:30.083 0 0 W healthd : No battery devices found
01-01 05:46:29.357 1160 1267 E DisplayDeviceConfig: requesting nits when no mapping exists.
01-01 05:46:29.372 0 0 W healthd : battery none chg=
01-01 05:46:29.366 1280 1280 W storaged: health: invalid battery status
01-01 05:46:29.376 0 0 I binder : 1280:1280 ioctl 40046210 7ff93f1684 returned -22
01-01 05:46:29.382 1160 1160 W SystemServiceManager: Service com.android.server.display.DisplayManagerService took 1521 ms in onBootPhase
01-01 05:46:29.382 1160 1160 D SystemServerTiming: OnBootPhase_100_com.android.server.display.DisplayManagerService took to complete: 1520ms
01-01 05:46:29.382 1160 1160 D SystemServerTiming: OnBootPhase_100 took to complete: 1522ms
01-01 05:46:29.382 1160 1160 D SystemServerTiming: WaitForDisplay took to complete: 1523ms
01-01 05:46:29.383 1160 1160 I SystemServerTiming: StartDomainVerificationService
01-01 05:46:29.385 1160 1267 I DisplayDeviceRepository: Display device changed state: "Built-in Screen", ON
01-01 05:46:29.386 1160 1160 D SystemServerTiming: StartDomainVerificationService took to complete: 4ms
01-01 05:46:29.386 1160 1160 I SystemServerTiming: StartPackageManagerService
01-01 05:46:29.387 1160 1160 I Watchdog: Pausing HandlerChecker: main thread for reason: packagemanagermain. Pause count: 1
01-01 05:46:29.388 1160 1160 I PackageManagerTiming: create package manager
01-01 05:46:29.391 1160 1160 I PackageManagerTiming: readListOfPackagesToBeDisabled
01-01 05:46:29.391 1160 1160 D PackageManager: Disabling packages for wifi-only device, source: /vendor/etc/telephony_packages.xml
01-01 05:46:29.392 1160 1160 D PackageManagerTiming: readListOfPackagesToBeDisabled took to complete: 0ms
01-01 05:46:29.392 1160 1160 I PackageManagerTiming: createSubComponents
01-01 05:46:29.410 1160 1160 D PackageManagerTiming: createSubComponents took to complete: 18ms
01-01 05:46:29.410 1160 1160 I PackageManagerTiming: addSharedUsers
01-01 05:46:29.410 1160 1160 D PackageManagerTiming: addSharedUsers took to complete: 0ms
01-01 05:46:29.411 1160 1160 I PackageManagerTiming: get system config
01-01 05:46:29.411 1160 1160 D PackageManagerTiming: get system config took to complete: 0ms
01-01 05:46:29.415 1160 1160 D PackageManager: Directories scanned as system partitions: [/system:0, /vendor:524288, /odm:4194304, /oem:262144, /product:1048576, /system_ext:2097152, /apex/com.android.vndk.v30:8388608, /apex/com.android.wifi:8388608, /apex/com.android.vndk.v31:8388608, /apex/com.android.tzdata:8388608, /apex/com.android.tethering:8388608, /apex/com.android.sdkext:8388608, /apex/com.android.scheduling:8388608, /apex/com.android.runtime:8388608, /apex/com.android.resolv:8388608, /apex/com.android.permission:8388608, /apex/com.android.os.statsd:8388608, /apex/com.android.neuralnetworks:8388608, /apex/com.android.mediaprovider:8388608, /apex/com.android.media.swcodec:8388608, /apex/com.android.media:8388608, /apex/com.android.ipsec:8388608, /apex/com.android.i18n:8388608, /apex/com.android.extservices:8388608, /apex/com.android.conscrypt:8388608, /apex/com.android.cellbroadcast:8388608, /apex/com.android.art:8388608, /apex/com.android.appsearch:8388608, /apex/com.android.adbd:8388608]
01-01 05:46:29.418 1160 1160 D SELinuxMMAC: Using policy file /system/etc/selinux/plat_mac_permissions.xml
01-01 05:46:29.420 1160 1160 D SELinuxMMAC: Using policy file /system_ext/etc/selinux/system_ext_mac_permissions.xml
01-01 05:46:29.421 1160 1160 D SELinuxMMAC: Using policy file /product/etc/selinux/product_mac_permissions.xml
01-01 05:46:29.422 1160 1160 D SELinuxMMAC: Using policy file /vendor/etc/selinux/vendor_mac_permissions.xml
01-01 05:46:29.423 1160 1160 D SELinuxMMAC: Using policy file /odm/etc/selinux/odm_mac_permissions.xml
01-01 05:46:29.424 1160 1160 I PackageManagerTiming: loadFallbacks
01-01 05:46:29.425 1160 1160 D PackageManagerTiming: loadFallbacks took to complete: 1ms
01-01 05:46:29.425 1160 1160 I PackageManagerTiming: read user settings
01-01 05:46:29.481 1160 1160 W android.permission.PermissionManager: Missing ActivityManager; assuming 1000 holds android.permission.SET_PREFERRED_APPLICATIONS
01-01 05:46:29.482 1160 1160 W android.permission.PermissionManager: Missing ActivityManager; assuming 1000 holds android.permission.SET_PREFERRED_APPLICATIONS
01-01 05:46:29.482 1160 1160 W android.permission.PermissionManager: Missing ActivityManager; assuming 1000 holds android.permission.SET_PREFERRED_APPLICATIONS
01-01 05:46:29.482 1160 1160 W android.permission.PermissionManager: Missing ActivityManager; assuming 1000 holds android.permission.SET_PREFERRED_APPLICATIONS
01-01 05:46:29.483 1160 1160 W android.permission.PermissionManager: Missing ActivityManager; assuming 1000 holds android.permission.SET_PREFERRED_APPLICATIONS
01-01 05:46:29.483 1160 1160 W android.permission.PermissionManager: Missing ActivityManager; assuming 1000 holds android.permission.SET_PREFERRED_APPLICATIONS
01-01 05:46:29.483 1160 1160 W android.permission.PermissionManager: Missing ActivityManager; assuming 1000 holds android.permission.SET_PREFERRED_APPLICATIONS
01-01 05:46:29.483 1160 1160 W android.permission.PermissionManager: Missing ActivityManager; assuming 1000 holds android.permission.SET_PREFERRED_APPLICATIONS
01-01 05:46:29.484 1160 1160 W android.permission.PermissionManager: Missing ActivityManager; assuming 1000 holds android.permission.SET_PREFERRED_APPLICATIONS
01-01 05:46:29.484 1160 1160 W android.permission.PermissionManager: Missing ActivityManager; assuming 1000 holds android.permission.SET_PREFERRED_APPLICATIONS
01-01 05:46:29.484 1160 1160 W android.permission.PermissionManager: Missing ActivityManager; assuming 1000 holds android.permission.SET_PREFERRED_APPLICATIONS
01-01 05:46:29.484 1160 1160 W android.permission.PermissionManager: Missing ActivityManager; assuming 1000 holds android.permission.SET_PREFERRED_APPLICATIONS
01-01 05:46:29.485 1160 1160 W android.permission.PermissionManager: Missing ActivityManager; assuming 1000 holds android.permission.SET_PREFERRED_APPLICATIONS
01-01 05:46:29.485 1160 1160 W android.permission.PermissionManager: Missing ActivityManager; assuming 1000 holds android.permission.SET_PREFERRED_APPLICATIONS
01-01 05:46:29.485 1160 1160 W android.permission.PermissionManager: Missing ActivityManager; assuming 1000 holds android.permission.SET_PREFERRED_APPLICATIONS
01-01 05:46:29.486 1160 1160 W android.permission.PermissionManager: Missing ActivityManager; assuming 1000 holds android.permission.SET_PREFERRED_APPLICATIONS
01-01 05:46:29.486 1160 1160 W android.permission.PermissionManager: Missing ActivityManager; assuming 1000 holds android.permission.SET_PREFERRED_APPLICATIONS
01-01 05:46:29.486 1160 1160 W android.permission.PermissionManager: Missing ActivityManager; assuming 1000 holds android.permission.SET_PREFERRED_APPLICATIONS
01-01 05:46:29.487 1160 1160 W android.permission.PermissionManager: Missing ActivityManager; assuming 1000 holds android.permission.SET_PREFERRED_APPLICATIONS
01-01 05:46:29.487 1160 1160 W android.permission.PermissionManager: Missing ActivityManager; assuming 1000 holds android.permission.SET_PREFERRED_APPLICATIONS
01-01 05:46:29.487 1160 1160 W android.permission.PermissionManager: Missing ActivityManager; assuming 1000 holds android.permission.SET_PREFERRED_APPLICATIONS
01-01 05:46:29.487 1160 1160 W android.permission.PermissionManager: Missing ActivityManager; assuming 1000 holds android.permission.SET_PREFERRED_APPLICATIONS
01-01 05:46:29.488 1160 1160 W android.permission.PermissionManager: Missing ActivityManager; assuming 1000 holds android.permission.SET_PREFERRED_APPLICATIONS
01-01 05:46:29.488 1160 1160 W android.permission.PermissionManager: Missing ActivityManager; assuming 1000 holds android.permission.SET_PREFERRED_APPLICATIONS
01-01 05:46:29.488 1160 1160 W android.permission.PermissionManager: Missing ActivityManager; assuming 1000 holds android.permission.SET_PREFERRED_APPLICATIONS
01-01 05:46:29.488 1160 1160 W android.permission.PermissionManager: Missing ActivityManager; assuming 1000 holds android.permission.SET_PREFERRED_APPLICATIONS
01-01 05:46:29.489 1160 1160 W android.permission.PermissionManager: Missing ActivityManager; assuming 1000 holds android.permission.SET_PREFERRED_APPLICATIONS
01-01 05:46:29.489 1160 1160 W android.permission.PermissionManager: Missing ActivityManager; assuming 1000 holds android.permission.SET_PREFERRED_APPLICATIONS
01-01 05:46:29.489 1160 1160 W android.permission.PermissionManager: Missing ActivityManager; assuming 1000 holds android.permission.SET_PREFERRED_APPLICATIONS
01-01 05:46:29.489 1160 1160 W android.permission.PermissionManager: Missing ActivityManager; assuming 1000 holds android.permission.SET_PREFERRED_APPLICATIONS
01-01 05:46:29.490 1160 1160 W android.permission.PermissionManager: Missing ActivityManager; assuming 1000 holds android.permission.SET_PREFERRED_APPLICATIONS
01-01 05:46:29.490 1160 1160 W android.permission.PermissionManager: Missing ActivityManager; assuming 1000 holds android.permission.SET_PREFERRED_APPLICATIONS
01-01 05:46:29.490 1160 1160 W android.permission.PermissionManager: Missing ActivityManager; assuming 1000 holds android.permission.SET_PREFERRED_APPLICATIONS
01-01 05:46:29.490 1160 1160 W android.permission.PermissionManager: Missing ActivityManager; assuming 1000 holds android.permission.SET_PREFERRED_APPLICATIONS
01-01 05:46:29.491 1160 1160 W android.permission.PermissionManager: Missing ActivityManager; assuming 1000 holds android.permission.SET_PREFERRED_APPLICATIONS
01-01 05:46:29.491 1160 1160 W android.permission.PermissionManager: Missing ActivityManager; assuming 1000 holds android.permission.SET_PREFERRED_APPLICATIONS
01-01 05:46:29.491 1160 1160 W android.permission.PermissionManager: Missing ActivityManager; assuming 1000 holds android.permission.SET_PREFERRED_APPLICATIONS
01-01 05:46:29.491 1160 1160 W android.permission.PermissionManager: Missing ActivityManager; assuming 1000 holds android.permission.SET_PREFERRED_APPLICATIONS
01-01 05:46:29.492 1160 1160 W android.permission.PermissionManager: Missing ActivityManager; assuming 1000 holds android.permission.SET_PREFERRED_APPLICATIONS
01-01 05:46:29.492 1160 1160 W android.permission.PermissionManager: Missing ActivityManager; assuming 1000 holds android.permission.SET_PREFERRED_APPLICATIONS
01-01 05:46:29.492 1160 1160 W android.permission.PermissionManager: Missing ActivityManager; assuming 1000 holds android.permission.SET_PREFERRED_APPLICATIONS
01-01 05:46:29.493 1160 1160 W android.permission.PermissionManager: Missing ActivityManager; assuming 1000 holds android.permission.SET_PREFERRED_APPLICATIONS
01-01 05:46:29.493 1160 1160 W android.permission.PermissionManager: Missing ActivityManager; assuming 1000 holds android.permission.SET_PREFERRED_APPLICATIONS
01-01 05:46:29.493 1160 1160 W android.permission.PermissionManager: Missing ActivityManager; assuming 1000 holds android.permission.SET_PREFERRED_APPLICATIONS
01-01 05:46:29.493 1160 1160 W android.permission.PermissionManager: Missing ActivityManager; assuming 1000 holds android.permission.SET_PREFERRED_APPLICATIONS
01-01 05:46:29.494 1160 1160 W android.permission.PermissionManager: Missing ActivityManager; assuming 1000 holds android.permission.SET_PREFERRED_APPLICATIONS
01-01 05:46:29.494 1160 1160 W android.permission.PermissionManager: Missing ActivityManager; assuming 1000 holds android.permission.SET_PREFERRED_APPLICATIONS
01-01 05:46:29.494 1160 1160 W android.permission.PermissionManager: Missing ActivityManager; assuming 1000 holds android.permission.SET_PREFERRED_APPLICATIONS
01-01 05:46:29.494 1160 1160 W android.permission.PermissionManager: Missing ActivityManager; assuming 1000 holds android.permission.SET_PREFERRED_APPLICATIONS
01-01 05:46:29.495 1160 1160 W android.permission.PermissionManager: Missing ActivityManager; assuming 1000 holds android.permission.SET_PREFERRED_APPLICATIONS
01-01 05:46:29.495 1160 1160 W android.permission.PermissionManager: Missing ActivityManager; assuming 1000 holds android.permission.SET_PREFERRED_APPLICATIONS
01-01 05:46:29.495 1160 1160 W android.permission.PermissionManager: Missing ActivityManager; assuming 1000 holds android.permission.SET_PREFERRED_APPLICATIONS
01-01 05:46:29.496 1160 1160 W android.permission.PermissionManager: Missing ActivityManager; assuming 1000 holds android.permission.SET_PREFERRED_APPLICATIONS
01-01 05:46:29.496 1160 1160 W android.permission.PermissionManager: Missing ActivityManager; assuming 1000 holds android.permission.SET_PREFERRED_APPLICATIONS
01-01 05:46:29.496 1160 1160 W android.permission.PermissionManager: Missing ActivityManager; assuming 1000 holds android.permission.SET_PREFERRED_APPLICATIONS
01-01 05:46:29.497 1160 1160 W android.permission.PermissionManager: Missing ActivityManager; assuming 1000 holds android.permission.SET_PREFERRED_APPLICATIONS
01-01 05:46:29.497 1160 1160 W android.permission.PermissionManager: Missing ActivityManager; assuming 1000 holds android.permission.SET_PREFERRED_APPLICATIONS
01-01 05:46:29.498 1160 1160 W android.permission.PermissionManager: Missing ActivityManager; assuming 1000 holds android.permission.SET_PREFERRED_APPLICATIONS
01-01 05:46:29.498 1160 1160 W android.permission.PermissionManager: Missing ActivityManager; assuming 1000 holds android.permission.SET_PREFERRED_APPLICATIONS
01-01 05:46:29.498 1160 1160 W android.permission.PermissionManager: Missing ActivityManager; assuming 1000 holds android.permission.SET_PREFERRED_APPLICATIONS
01-01 05:46:29.499 1160 1160 W android.permission.PermissionManager: Missing ActivityManager; assuming 1000 holds android.permission.SET_PREFERRED_APPLICATIONS
01-01 05:46:29.499 1160 1160 W android.permission.PermissionManager: Missing ActivityManager; assuming 1000 holds android.permission.SET_PREFERRED_APPLICATIONS
01-01 05:46:29.499 1160 1160 W android.permission.PermissionManager: Missing ActivityManager; assuming 1000 holds android.permission.SET_PREFERRED_APPLICATIONS
01-01 05:46:29.500 1160 1160 W android.permission.PermissionManager: Missing ActivityManager; assuming 1000 holds android.permission.SET_PREFERRED_APPLICATIONS
01-01 05:46:29.500 1160 1160 W android.permission.PermissionManager: Missing ActivityManager; assuming 1000 holds android.permission.SET_PREFERRED_APPLICATIONS
01-01 05:46:29.501 1160 1160 W android.permission.PermissionManager: Missing ActivityManager; assuming 1000 holds android.permission.SET_PREFERRED_APPLICATIONS
01-01 05:46:29.501 1160 1160 W android.permission.PermissionManager: Missing ActivityManager; assuming 1000 holds android.permission.SET_PREFERRED_APPLICATIONS
01-01 05:46:29.501 1160 1160 W android.permission.PermissionManager: Missing ActivityManager; assuming 1000 holds android.permission.SET_PREFERRED_APPLICATIONS
01-01 05:46:29.502 1160 1160 W android.permission.PermissionManager: Missing ActivityManager; assuming 1000 holds android.permission.SET_PREFERRED_APPLICATIONS
01-01 05:46:29.502 1160 1160 W android.permission.PermissionManager: Missing ActivityManager; assuming 1000 holds android.permission.SET_PREFERRED_APPLICATIONS
01-01 05:46:29.502 1160 1160 W android.permission.PermissionManager: Missing ActivityManager; assuming 1000 holds android.permission.SET_PREFERRED_APPLICATIONS
01-01 05:46:29.502 1160 1160 W android.permission.PermissionManager: Missing ActivityManager; assuming 1000 holds android.permission.SET_PREFERRED_APPLICATIONS
01-01 05:46:29.503 1160 1160 W android.permission.PermissionManager: Missing ActivityManager; assuming 1000 holds android.permission.SET_PREFERRED_APPLICATIONS
01-01 05:46:29.503 1160 1160 W android.permission.PermissionManager: Missing ActivityManager; assuming 1000 holds android.permission.SET_PREFERRED_APPLICATIONS
01-01 05:46:29.503 1160 1160 W android.permission.PermissionManager: Missing ActivityManager; assuming 1000 holds android.permission.SET_PREFERRED_APPLICATIONS
01-01 05:46:29.503 1160 1160 W android.permission.PermissionManager: Missing ActivityManager; assuming 1000 holds android.permission.SET_PREFERRED_APPLICATIONS
01-01 05:46:29.504 1160 1160 W android.permission.PermissionManager: Missing ActivityManager; assuming 1000 holds android.permission.SET_PREFERRED_APPLICATIONS
01-01 05:46:29.504 1160 1160 W android.permission.PermissionManager: Missing ActivityManager; assuming 1000 holds android.permission.SET_PREFERRED_APPLICATIONS
01-01 05:46:29.504 1160 1160 W android.permission.PermissionManager: Missing ActivityManager; assuming 1000 holds android.permission.SET_PREFERRED_APPLICATIONS
01-01 05:46:29.504 1160 1160 W android.permission.PermissionManager: Missing ActivityManager; assuming 1000 holds android.permission.SET_PREFERRED_APPLICATIONS
01-01 05:46:29.505 1160 1160 W android.permission.PermissionManager: Missing ActivityManager; assuming 1000 holds android.permission.SET_PREFERRED_APPLICATIONS
01-01 05:46:29.505 1160 1160 W android.permission.PermissionManager: Missing ActivityManager; assuming 1000 holds android.permission.SET_PREFERRED_APPLICATIONS
01-01 05:46:29.505 1160 1160 W android.permission.PermissionManager: Missing ActivityManager; assuming 1000 holds android.permission.SET_PREFERRED_APPLICATIONS
01-01 05:46:29.505 1160 1160 W android.permission.PermissionManager: Missing ActivityManager; assuming 1000 holds android.permission.SET_PREFERRED_APPLICATIONS
01-01 05:46:29.506 1160 1160 W android.permission.PermissionManager: Missing ActivityManager; assuming 1000 holds android.permission.SET_PREFERRED_APPLICATIONS
01-01 05:46:29.506 1160 1160 W android.permission.PermissionManager: Missing ActivityManager; assuming 1000 holds android.permission.SET_PREFERRED_APPLICATIONS
01-01 05:46:29.507 1160 1160 W android.permission.PermissionManager: Missing ActivityManager; assuming 1000 holds android.permission.SET_PREFERRED_APPLICATIONS
01-01 05:46:29.507 1160 1160 W android.permission.PermissionManager: Missing ActivityManager; assuming 1000 holds android.permission.SET_PREFERRED_APPLICATIONS
01-01 05:46:29.508 1160 1160 W android.permission.PermissionManager: Missing ActivityManager; assuming 1000 holds android.permission.SET_PREFERRED_APPLICATIONS
01-01 05:46:29.508 1160 1160 W android.permission.PermissionManager: Missing ActivityManager; assuming 1000 holds android.permission.SET_PREFERRED_APPLICATIONS
01-01 05:46:29.508 1160 1160 W android.permission.PermissionManager: Missing ActivityManager; assuming 1000 holds android.permission.SET_PREFERRED_APPLICATIONS
01-01 05:46:29.509 1160 1160 W android.permission.PermissionManager: Missing ActivityManager; assuming 1000 holds android.permission.SET_PREFERRED_APPLICATIONS
01-01 05:46:29.509 1160 1160 W android.permission.PermissionManager: Missing ActivityManager; assuming 1000 holds android.permission.SET_PREFERRED_APPLICATIONS
01-01 05:46:29.510 1160 1160 W android.permission.PermissionManager: Missing ActivityManager; assuming 1000 holds android.permission.SET_PREFERRED_APPLICATIONS
01-01 05:46:29.510 1160 1160 W android.permission.PermissionManager: Missing ActivityManager; assuming 1000 holds android.permission.SET_PREFERRED_APPLICATIONS
01-01 05:46:29.510 1160 1160 W android.permission.PermissionManager: Missing ActivityManager; assuming 1000 holds android.permission.SET_PREFERRED_APPLICATIONS
01-01 05:46:29.511 1160 1160 W android.permission.PermissionManager: Missing ActivityManager; assuming 1000 holds android.permission.SET_PREFERRED_APPLICATIONS
01-01 05:46:29.511 1160 1160 W android.permission.PermissionManager: Missing ActivityManager; assuming 1000 holds android.permission.SET_PREFERRED_APPLICATIONS
01-01 05:46:29.511 1160 1160 W android.permission.PermissionManager: Missing ActivityManager; assuming 1000 holds android.permission.SET_PREFERRED_APPLICATIONS
01-01 05:46:29.512 1160 1160 W android.permission.PermissionManager: Missing ActivityManager; assuming 1000 holds android.permission.SET_PREFERRED_APPLICATIONS
01-01 05:46:29.512 1160 1160 W android.permission.PermissionManager: Missing ActivityManager; assuming 1000 holds android.permission.SET_PREFERRED_APPLICATIONS
01-01 05:46:29.512 1160 1160 W android.permission.PermissionManager: Missing ActivityManager; assuming 1000 holds android.permission.SET_PREFERRED_APPLICATIONS
01-01 05:46:29.513 1160 1160 W android.permission.PermissionManager: Missing ActivityManager; assuming 1000 holds android.permission.SET_PREFERRED_APPLICATIONS
01-01 05:46:29.513 1160 1160 W android.permission.PermissionManager: Missing ActivityManager; assuming 1000 holds android.permission.SET_PREFERRED_APPLICATIONS
