08-16 16:52:13.904 1160 1160 I ExplicitHealthCheckController: Explicit health check service is bound
01-01 05:46:34.332 0 0 E : INFO: trying to register non-static key.
01-01 05:46:34.334 0 0 I msm_vidc: high: 00000001: h265d: Closed video instance: ffffffdf0c7a4000
01-01 05:46:34.337 0 0 E : the code is fine but needs lockdep annotation.
01-01 05:46:34.337 0 0 I : CPU: 5 PID: 338 Comm: kworker/u16:15 Tainted: G S W O 4.19.157+ #1
01-01 05:46:34.337 0 0 I Hardware name: Qualcomm Technologies, Inc. kona MTP-RmPM8150b (DT)
01-01 05:46:34.337 0 0 I Workqueue: events_unbound ion_system_secure_heap_prefetch_work
01-01 05:46:34.337 0 0 I Call trace:
01-01 05:46:34.337 0 0 I : dump_backtrace+0x0/0x258
01-01 05:46:34.337 0 0 I : show_stack+0x20/0x30
01-01 05:46:34.337 0 0 I : dump_stack+0xd8/0x12c
01-01 05:46:34.337 0 0 I : register_lock_class+0x4d0/0x5c8
01-01 05:46:34.337 0 0 I : __lock_acquire+0xbc/0x1e58
01-01 05:46:34.337 0 0 I : lock_acquire+0x1cc/0x218
01-01 05:46:34.337 0 0 I : _raw_spin_lock_irqsave+0x54/0x98
01-01 05:46:34.337 0 0 I : ion_system_secure_heap_prefetch_work+0x94/0x2c0
01-01 05:46:34.337 0 0 I : process_one_work+0x38c/0x660
01-01 05:46:34.337 0 0 I : worker_thread+0x268/0x4b8
01-01 05:46:34.337 0 0 I : kthread+0x140/0x150
01-01 05:46:34.337 0 0 I : ret_from_fork+0x10/0x1c
08-16 16:52:13.920 1160 1365 W ActivityManager: Slow operation: 585ms so far, now at startProcess: returned from zygote!
08-16 16:52:13.921 1160 1351 D CountryDetector: Using custom country detector class: com.android.server.location.ComprehensiveCountryDetector
08-16 16:52:13.921 1160 1351 E CountryDetector: Could not instantiate the custom country detector class
08-16 16:52:13.921 1160 1351 D CountryDetector: Using default country detector
08-16 16:52:13.927 1160 1365 W ActivityManager: Slow operation: 591ms so far, now at startProcess: done updating battery stats
08-16 16:52:13.927 1160 1365 W ActivityManager: Slow operation: 592ms so far, now at startProcess: building log message
08-16 16:52:13.927 1160 1365 I ActivityManager: Start proc 2076:com.qti.phone/u0a93 for added application com.qti.phone
08-16 16:52:13.927 1160 1365 W ActivityManager: Slow operation: 592ms so far, now at startProcess: starting to update pids map
08-16 16:52:13.928 1160 1365 W ActivityManager: Slow operation: 593ms so far, now at startProcess: done updating pids map
08-16 16:52:13.928 1160 1365 W ActivityManager: Slow operation: 588ms so far, now at startProcess: asking zygote to start proc
08-16 16:52:13.929 1160 1365 D CompatibilityChangeReporter: Compat change id reported: 143937733; UID 10147; state: ENABLED
01-01 05:46:34.340 0 0 E : INFO: trying to register non-static key.
01-01 05:46:34.348 0 0 E : the code is fine but needs lockdep annotation.
01-01 05:46:34.354 0 0 I : CPU: 5 PID: 338 Comm: kworker/u16:15 Tainted: G S W O 4.19.157+ #1
01-01 05:46:34.354 0 0 I Hardware name: Qualcomm Technologies, Inc. kona MTP-RmPM8150b (DT)
01-01 05:46:34.354 0 0 I Workqueue: events_unbound ion_system_secure_heap_prefetch_work
01-01 05:46:34.354 0 0 I Call trace:
01-01 05:46:34.354 0 0 I : dump_backtrace+0x0/0x258
01-01 05:46:34.354 0 0 I : show_stack+0x20/0x30
01-01 05:46:34.354 0 0 I : dump_stack+0xd8/0x12c
01-01 05:46:34.354 0 0 I : register_lock_class+0x4d0/0x5c8
01-01 05:46:34.354 0 0 I : __lock_acquire+0xbc/0x1e58
01-01 05:46:34.354 0 0 I : lock_acquire+0x1cc/0x218
01-01 05:46:34.354 0 0 I : _raw_spin_lock_irqsave+0x54/0x98
01-01 05:46:34.354 0 0 I : ion_system_secure_heap_prefetch_work+0x94/0x2c0
01-01 05:46:34.354 0 0 I : process_one_work+0x38c/0x660
01-01 05:46:34.354 0 0 I : worker_thread+0x268/0x4b8
01-01 05:46:34.354 0 0 I : kthread+0x140/0x150
01-01 05:46:34.354 0 0 I : ret_from_fork+0x10/0x1c
01-01 05:46:34.365 0 0 I binder : 1839:1839 ioctl 40046210 7fdf50b154 returned -22
01-01 05:46:34.369 0 0 E : INFO: trying to register non-static key.
01-01 05:46:34.374 0 0 E : the code is fine but needs lockdep annotation.
01-01 05:46:34.380 0 0 I : CPU: 5 PID: 338 Comm: kworker/u16:15 Tainted: G S W O 4.19.157+ #1
01-01 05:46:34.380 0 0 I Hardware name: Qualcomm Technologies, Inc. kona MTP-RmPM8150b (DT)
01-01 05:46:34.380 0 0 I Workqueue: events_unbound ion_system_secure_heap_prefetch_work
01-01 05:46:34.380 0 0 I Call trace:
01-01 05:46:34.380 0 0 I : dump_backtrace+0x0/0x258
01-01 05:46:34.380 0 0 I : show_stack+0x20/0x30
01-01 05:46:34.380 0 0 I : dump_stack+0xd8/0x12c
01-01 05:46:34.380 0 0 I : register_lock_class+0x4d0/0x5c8
01-01 05:46:34.380 0 0 I : __lock_acquire+0xbc/0x1e58
01-01 05:46:34.380 0 0 I : lock_acquire+0x1cc/0x218
01-01 05:46:34.380 0 0 I : _raw_spin_lock_irqsave+0x54/0x98
01-01 05:46:34.380 0 0 I : ion_system_secure_heap_prefetch_work+0x94/0x2c0
01-01 05:46:34.380 0 0 I : process_one_work+0x38c/0x660
01-01 05:46:34.380 0 0 I : worker_thread+0x268/0x4b8
01-01 05:46:34.380 0 0 I : kthread+0x140/0x150
01-01 05:46:34.380 0 0 I : ret_from_fork+0x10/0x1c
01-01 05:46:34.386 0 0 E : INFO: trying to register non-static key.
01-01 05:46:34.391 0 0 E : the code is fine but needs lockdep annotation.
01-01 05:46:34.396 0 0 I : CPU: 5 PID: 338 Comm: kworker/u16:15 Tainted: G S W O 4.19.157+ #1
01-01 05:46:34.396 0 0 I Hardware name: Qualcomm Technologies, Inc. kona MTP-RmPM8150b (DT)
01-01 05:46:34.396 0 0 I Workqueue: events_unbound ion_system_secure_heap_prefetch_work
01-01 05:46:34.396 0 0 I Call trace:
01-01 05:46:34.396 0 0 I : dump_backtrace+0x0/0x258
01-01 05:46:34.396 0 0 I : show_stack+0x20/0x30
01-01 05:46:34.396 0 0 I : dump_stack+0xd8/0x12c
01-01 05:46:34.396 0 0 I : register_lock_class+0x4d0/0x5c8
01-01 05:46:34.396 0 0 I : __lock_acquire+0xbc/0x1e58
01-01 05:46:34.396 0 0 I : lock_acquire+0x1cc/0x218
01-01 05:46:34.396 0 0 I : _raw_spin_lock_irqsave+0x54/0x98
01-01 05:46:34.396 0 0 I : ion_system_secure_heap_prefetch_work+0x94/0x2c0
01-01 05:46:34.396 0 0 I : process_one_work+0x38c/0x660
01-01 05:46:34.396 0 0 I : worker_thread+0x268/0x4b8
01-01 05:46:34.396 0 0 I : kthread+0x140/0x150
01-01 05:46:34.396 0 0 I : ret_from_fork+0x10/0x1c
08-16 16:52:13.968 1859 1859 W OneHandedController: Device doesn't support OneHanded feature
08-16 16:52:14.000 1160 1160 I SystemServerTiming: ManagedServices.unbindOtherUserServices_current0
08-16 16:52:14.000 1160 1160 D SystemServerTiming: ManagedServices.unbindOtherUserServices_current0 took to complete: 0ms
08-16 16:52:14.001 1160 1160 I SystemServerTiming: ManagedServices.unbindOtherUserServices_current0
08-16 16:52:14.001 1160 1160 D SystemServerTiming: ManagedServices.unbindOtherUserServices_current0 took to complete: 0ms
08-16 16:52:14.001 1160 1160 I SystemServerTiming: ManagedServices.unbindOtherUserServices_current0
08-16 16:52:14.001 1160 1160 D SystemServerTiming: ManagedServices.unbindOtherUserServices_current0 took to complete: 0ms
08-16 16:52:14.001 1160 1160 V NotificationAssistants: enabling notification assistant for 0: ComponentInfo{android.ext.services/android.ext.services.notification.Assistant}
08-16 16:52:14.001 1160 1160 V NotificationAssistants: binding: Intent { act=android.service.notification.NotificationAssistantService cmp=android.ext.services/.notification.Assistant (has extras) }
01-01 05:46:34.481 0 0 I binder : 2001:2091 ioctl 40046210 6ff0d3f344 returned -22
01-01 05:46:34.484 0 0 I [kworke][0x505a508f][16:52:14.058584] wlan: [332:I:DP] Peer pool init
01-01 05:46:34.484 0 0 W [kworke][0x505a5df5][16:52:14.058762] wlan: [332:W:DP] dp_rx_pdev_mon_attach: pdev attach id=0
01-01 05:46:34.493 0 0 I msm_vidc: high: 00000001: ....d: Opening video instance: ffffffdefe504000, 1
01-01 05:46:34.505 0 0 E : INFO: trying to register non-static key.
01-01 05:46:34.510 0 0 E : the code is fine but needs lockdep annotation.
01-01 05:46:34.516 0 0 I : CPU: 3 PID: 2098 Comm: VideoDecMsgThre Tainted: G S W O 4.19.157+ #1
01-01 05:46:34.516 0 0 I Hardware name: Qualcomm Technologies, Inc. kona MTP-RmPM8150b (DT)
01-01 05:46:34.516 0 0 I Call trace:
01-01 05:46:34.516 0 0 I : dump_backtrace+0x0/0x258
01-01 05:46:34.516 0 0 I : show_stack+0x20/0x30
01-01 05:46:34.516 0 0 I : dump_stack+0xd8/0x12c
01-01 05:46:34.516 0 0 I : register_lock_class+0x4d0/0x5c8
01-01 05:46:34.516 0 0 I : __lock_acquire+0xbc/0x1e58
01-01 05:46:34.516 0 0 I : lock_acquire+0x1cc/0x218
01-01 05:46:34.516 0 0 I : _raw_spin_lock_irqsave+0x54/0x98
01-01 05:46:34.516 0 0 I : __ion_system_secure_heap_resize+0x768/0x8c0
01-01 05:46:34.516 0 0 I : ion_system_secure_heap_prefetch+0x28/0x38
01-01 05:46:34.516 0 0 I : ion_walk_heaps+0x88/0xb8
01-01 05:46:34.516 0 0 I : ion_ioctl+0x1b0/0x2a8
01-01 05:46:34.516 0 0 I : __arm64_compat_sys_ioctl+0xf4/0x240
01-01 05:46:34.516 0 0 I : el0_svc_common+0xa4/0x190
01-01 05:46:34.516 0 0 I : el0_svc_compat_handler+0x28/0x38
01-01 05:46:34.516 0 0 I : el0_svc_compat+0x8/0x34
01-01 05:46:34.517 0 0 D cnss : Assign MSI to user: DP, num_vectors: 18, user_base_data: 814, base_vector: 14
01-01 05:46:34.517 0 0 D cnss : Get IRQ number 426 for vector index 14
01-01 05:46:34.517 0 0 D cnss : Assign MSI to user: DP, num_vectors: 18, user_base_data: 814, base_vector: 14
01-01 05:46:34.517 0 0 D cnss : Get IRQ number 427 for vector index 15
01-01 05:46:34.517 0 0 D cnss : Assign MSI to user: DP, num_vectors: 18, user_base_data: 814, base_vector: 14
01-01 05:46:34.517 0 0 D cnss : Get IRQ number 428 for vector index 16
01-01 05:46:34.517 0 0 D cnss : Assign MSI to user: DP, num_vectors: 18, user_base_data: 814, base_vector: 14
01-01 05:46:34.517 0 0 D cnss : Get IRQ number 429 for vector index 17
01-01 05:46:34.517 0 0 D cnss : Assign MSI to user: DP, num_vectors: 18, user_base_data: 814, base_vector: 14
01-01 05:46:34.517 0 0 D cnss : Assign MSI to user: DP, num_vectors: 18, user_base_data: 814, base_vector: 14
01-01 05:46:34.517 0 0 D cnss : Get IRQ number 431 for vector index 19
01-01 05:46:34.517 0 0 D cnss : Assign MSI to user: DP, num_vectors: 18, user_base_data: 814, base_vector: 14
01-01 05:46:34.517 0 0 D cnss : Get IRQ number 432 for vector index 20
01-01 05:46:34.518 0 0 E : INFO: trying to register non-static key.
01-01 05:46:34.523 0 0 E : the code is fine but needs lockdep annotation.
01-01 05:46:34.528 0 0 I : CPU: 3 PID: 2098 Comm: VideoDecMsgThre Tainted: G S W O 4.19.157+ #1
01-01 05:46:34.528 0 0 I Hardware name: Qualcomm Technologies, Inc. kona MTP-RmPM8150b (DT)
01-01 05:46:34.528 0 0 I Call trace:
01-01 05:46:34.528 0 0 I : dump_backtrace+0x0/0x258
01-01 05:46:34.528 0 0 I : show_stack+0x20/0x30
01-01 05:46:34.528 0 0 I : dump_stack+0xd8/0x12c
01-01 05:46:34.528 0 0 I : register_lock_class+0x4d0/0x5c8
01-01 05:46:34.528 0 0 I : __lock_acquire+0xbc/0x1e58
01-01 05:46:34.528 0 0 I : lock_acquire+0x1cc/0x218
01-01 05:46:34.528 0 0 I : _raw_spin_lock_irqsave+0x54/0x98
01-01 05:46:34.528 0 0 I : __ion_system_secure_heap_resize+0x768/0x8c0
01-01 05:46:34.528 0 0 I : ion_system_secure_heap_prefetch+0x28/0x38
01-01 05:46:34.528 0 0 I : ion_walk_heaps+0x88/0xb8
01-01 05:46:34.528 0 0 I : ion_ioctl+0x1b0/0x2a8
01-01 05:46:34.528 0 0 I : __arm64_compat_sys_ioctl+0xf4/0x240
01-01 05:46:34.528 0 0 I : el0_svc_common+0xa4/0x190
01-01 05:46:34.528 0 0 I : el0_svc_compat_handler+0x28/0x38
01-01 05:46:34.528 0 0 I : el0_svc_compat+0x8/0x34
01-01 05:46:34.533 0 0 E : INFO: trying to register non-static key.
01-01 05:46:34.538 0 0 E : the code is fine but needs lockdep annotation.
01-01 05:46:34.543 0 0 I : CPU: 3 PID: 1289 Comm: omx@1.0-service Tainted: G S W O 4.19.157+ #1
01-01 05:46:34.543 0 0 I Hardware name: Qualcomm Technologies, Inc. kona MTP-RmPM8150b (DT)
01-01 05:46:34.543 0 0 I Call trace:
01-01 05:46:34.544 0 0 I : dump_backtrace+0x0/0x258
01-01 05:46:34.544 0 0 I : show_stack+0x20/0x30
01-01 05:46:34.544 0 0 I : dump_stack+0xd8/0x12c
01-01 05:46:34.544 0 0 I : register_lock_class+0x4d0/0x5c8
01-01 05:46:34.544 0 0 I : __lock_acquire+0xbc/0x1e58
01-01 05:46:34.544 0 0 I : lock_acquire+0x1cc/0x218
01-01 05:46:34.544 0 0 I : _raw_spin_lock_irqsave+0x54/0x98
01-01 05:46:34.544 0 0 I : __ion_system_secure_heap_resize+0x768/0x8c0
01-01 05:46:34.544 0 0 I : ion_system_secure_heap_drain+0x28/0x38
01-01 05:46:34.544 0 0 I : ion_walk_heaps+0x88/0xb8
01-01 05:46:34.544 0 0 I : ion_ioctl+0x1b0/0x2a8
01-01 05:46:34.544 0 0 I : __arm64_compat_sys_ioctl+0xf4/0x240
01-01 05:46:34.544 0 0 I : el0_svc_common+0xa4/0x190
01-01 05:46:34.544 0 0 I : el0_svc_compat_handler+0x28/0x38
01-01 05:46:34.544 0 0 I : el0_svc_compat+0x8/0x34
01-01 05:46:34.545 0 0 E : INFO: trying to register non-static key.
08-16 16:52:14.123 1160 1194 D CompatibilityChangeReporter: Compat change id reported: 157233955; UID 10124; state: ENABLED
08-16 16:52:14.136 1160 1194 D CompatibilityChangeReporter: Compat change id reported: 182478738; UID 1073; state: DISABLED
01-01 05:46:34.550 0 0 E : the code is fine but needs lockdep annotation.
01-01 05:46:34.555 0 0 E : INFO: trying to register non-static key.
01-01 05:46:34.555 0 0 I : CPU: 3 PID: 1289 Comm: omx@1.0-service Tainted: G S W O 4.19.157+ #1
01-01 05:46:34.560 0 0 E : the code is fine but needs lockdep annotation.
01-01 05:46:34.564 0 0 E [kworke][0x5071bccc][16:52:14.138534] wlan: [332:E:HIF] hif_pci_ce_irq_set_affinity_hint: 3708: Unable to set cpu mask for offline CPU 0
01-01 05:46:34.566 0 0 I Hardware name: Qualcomm Technologies, Inc. kona MTP-RmPM8150b (DT)
01-01 05:46:34.566 0 0 I Call trace:
01-01 05:46:34.569 0 0 I binder : 2076:2076 ioctl 40046210 7fdf50bae4 returned -22
01-01 05:46:34.580 0 0 I : dump_backtrace+0x0/0x258
01-01 05:46:34.580 0 0 I : show_stack+0x20/0x30
01-01 05:46:34.580 0 0 I : dump_stack+0xd8/0x12c
01-01 05:46:34.580 0 0 I : register_lock_class+0x4d0/0x5c8
01-01 05:46:34.580 0 0 I : __lock_acquire+0xbc/0x1e58
01-01 05:46:34.580 0 0 I : lock_acquire+0x1cc/0x218
01-01 05:46:34.580 0 0 I : _raw_spin_lock_irqsave+0x54/0x98
01-01 05:46:34.580 0 0 I : __ion_system_secure_heap_resize+0x768/0x8c0
01-01 05:46:34.580 0 0 I : ion_system_secure_heap_drain+0x28/0x38
01-01 05:46:34.580 0 0 I : ion_walk_heaps+0x88/0xb8
01-01 05:46:34.580 0 0 I : ion_ioctl+0x1b0/0x2a8
01-01 05:46:34.580 0 0 I : __arm64_compat_sys_ioctl+0xf4/0x240
01-01 05:46:34.580 0 0 I : el0_svc_common+0xa4/0x190
01-01 05:46:34.580 0 0 I : el0_svc_compat_handler+0x28/0x38
01-01 05:46:34.580 0 0 I : el0_svc_compat+0x8/0x34
01-01 05:46:34.580 0 0 I : CPU: 5 PID: 338 Comm: kworker/u16:15 Tainted: G S W O 4.19.157+ #1
01-01 05:46:34.580 0 0 I Hardware name: Qualcomm Technologies, Inc. kona MTP-RmPM8150b (DT)
01-01 05:46:34.580 0 0 I Workqueue: events_unbound ion_system_secure_heap_prefetch_work
01-01 05:46:34.580 0 0 I Call trace:
01-01 05:46:34.580 0 0 I : dump_backtrace+0x0/0x258
01-01 05:46:34.580 0 0 I : show_stack+0x20/0x30
01-01 05:46:34.580 0 0 I : dump_stack+0xd8/0x12c
01-01 05:46:34.580 0 0 I : register_lock_class+0x4d0/0x5c8
01-01 05:46:34.580 0 0 I : __lock_acquire+0xbc/0x1e58
01-01 05:46:34.580 0 0 I : lock_acquire+0x1cc/0x218
01-01 05:46:34.580 0 0 I : _raw_spin_lock_irqsave+0x54/0x98
01-01 05:46:34.580 0 0 I : ion_system_secure_heap_prefetch_work+0x94/0x2c0
01-01 05:46:34.580 0 0 I : process_one_work+0x38c/0x660
01-01 05:46:34.580 0 0 I : worker_thread+0x268/0x4b8
01-01 05:46:34.580 0 0 I : kthread+0x140/0x150
01-01 05:46:34.580 0 0 I : ret_from_fork+0x10/0x1c
01-01 05:46:34.582 0 0 I msm_vidc: high: 00000001: h265d: Closed video instance: ffffffdefe504000
01-01 05:46:34.594 0 0 E : INFO: trying to register non-static key.
08-16 16:52:14.169 1160 1194 D CompatibilityChangeReporter: Compat change id reported: 168419799; UID 10093; state: DISABLED
01-01 05:46:34.599 0 0 E : the code is fine but needs lockdep annotation.
01-01 05:46:34.599 0 0 I [kworke][0x507c2a48][16:52:14.174127] wlan: [1682:I:WMA] wma_rx_service_ready_event: Firmware build version : 101a0521
01-01 05:46:34.605 0 0 I : CPU: 5 PID: 338 Comm: kworker/u16:15 Tainted: G S W O 4.19.157+ #1
01-01 05:46:34.605 0 0 I Hardware name: Qualcomm Technologies, Inc. kona MTP-RmPM8150b (DT)
01-01 05:46:34.605 0 0 I Workqueue: events_unbound ion_system_secure_heap_prefetch_work
01-01 05:46:34.605 0 0 I Call trace:
01-01 05:46:34.605 0 0 I : dump_backtrace+0x0/0x258
01-01 05:46:34.605 0 0 I : show_stack+0x20/0x30
01-01 05:46:34.605 0 0 I : dump_stack+0xd8/0x12c
01-01 05:46:34.605 0 0 I : register_lock_class+0x4d0/0x5c8
01-01 05:46:34.605 0 0 I : __lock_acquire+0xbc/0x1e58
01-01 05:46:34.605 0 0 I : lock_acquire+0x1cc/0x218
01-01 05:46:34.605 0 0 I : _raw_spin_lock_irqsave+0x54/0x98
01-01 05:46:34.605 0 0 I : ion_system_secure_heap_prefetch_work+0x94/0x2c0
01-01 05:46:34.605 0 0 I : process_one_work+0x38c/0x660
01-01 05:46:34.605 0 0 I : worker_thread+0x268/0x4b8
01-01 05:46:34.605 0 0 I : kthread+0x140/0x150
01-01 05:46:34.605 0 0 I : ret_from_fork+0x10/0x1c
01-01 05:46:34.613 0 0 I [kworke][0x508034cd][16:52:14.187922] wlan: [1682:I:WMA] wma_rx_service_ready_event: Board id: 0, Board version: 8 0 0 0 6
01-01 05:46:34.622 0 0 E : INFO: trying to register non-static key.
01-01 05:46:34.627 0 0 E : the code is fine but needs lockdep annotation.
01-01 05:46:34.633 0 0 I : CPU: 5 PID: 338 Comm: kworker/u16:15 Tainted: G S W O 4.19.157+ #1
01-01 05:46:34.633 0 0 I Hardware name: Qualcomm Technologies, Inc. kona MTP-RmPM8150b (DT)
01-01 05:46:34.633 0 0 I Workqueue: events_unbound ion_system_secure_heap_prefetch_work
01-01 05:46:34.633 0 0 I Call trace:
01-01 05:46:34.633 0 0 I : dump_backtrace+0x0/0x258
01-01 05:46:34.633 0 0 I : show_stack+0x20/0x30
01-01 05:46:34.633 0 0 I : dump_stack+0xd8/0x12c
01-01 05:46:34.633 0 0 I : register_lock_class+0x4d0/0x5c8
01-01 05:46:34.633 0 0 I : __lock_acquire+0xbc/0x1e58
01-01 05:46:34.633 0 0 I : lock_acquire+0x1cc/0x218
01-01 05:46:34.633 0 0 I : _raw_spin_lock_irqsave+0x54/0x98
01-01 05:46:34.633 0 0 I : ion_system_secure_heap_prefetch_work+0x94/0x2c0
01-01 05:46:34.633 0 0 I : process_one_work+0x38c/0x660
01-01 05:46:34.633 0 0 I : worker_thread+0x268/0x4b8
01-01 05:46:34.633 0 0 I : kthread+0x140/0x150
01-01 05:46:34.633 0 0 I : ret_from_fork+0x10/0x1c
01-01 05:46:34.638 0 0 I [kworke][0x5087a263][16:52:14.213275] wlan: [1682:I:WMA] wma_is_dbs_mandatory: 5417: MAC0 does not support both bands 2 DBS is mandatory
01-01 05:46:34.639 0 0 E [kworke][0x5087aa39][16:52:14.213379] wlan: [1682:E:QDF] copy_fw_abi_version_tlv: 6979: copy_fw_abi_version_tlv: INIT_CMD version: 1, 0, 0x5f414351, 0x4c4d, 0x0, 0x0
01-01 05:46:34.655 0 0 E : INFO: trying to register non-static key.
01-01 05:46:34.660 0 0 E : the code is fine but needs lockdep annotation.
01-01 05:46:34.666 0 0 I : CPU: 5 PID: 338 Comm: kworker/u16:15 Tainted: G S W O 4.19.157+ #1
01-01 05:46:34.666 0 0 I Hardware name: Qualcomm Technologies, Inc. kona MTP-RmPM8150b (DT)
01-01 05:46:34.666 0 0 I Workqueue: events_unbound ion_system_secure_heap_prefetch_work
01-01 05:46:34.666 0 0 I Call trace:
01-01 05:46:34.666 0 0 I : dump_backtrace+0x0/0x258
01-01 05:46:34.666 0 0 I : show_stack+0x20/0x30
01-01 05:46:34.666 0 0 I : dump_stack+0xd8/0x12c
01-01 05:46:34.666 0 0 I : register_lock_class+0x4d0/0x5c8
01-01 05:46:34.666 0 0 I : __lock_acquire+0xbc/0x1e58
01-01 05:46:34.666 0 0 I : lock_acquire+0x1cc/0x218
01-01 05:46:34.666 0 0 I : _raw_spin_lock_irqsave+0x54/0x98
01-01 05:46:34.666 0 0 I : ion_system_secure_heap_prefetch_work+0x94/0x2c0
01-01 05:46:34.666 0 0 I : process_one_work+0x38c/0x660
01-01 05:46:34.666 0 0 I : worker_thread+0x268/0x4b8
01-01 05:46:34.666 0 0 I : kthread+0x140/0x150
01-01 05:46:34.666 0 0 I : ret_from_fork+0x10/0x1c
01-01 05:46:34.690 0 0 E : INFO: trying to register non-static key.
01-01 05:46:34.695 0 0 E : the code is fine but needs lockdep annotation.
01-01 05:46:34.700 0 0 I : CPU: 1 PID: 338 Comm: kworker/u16:15 Tainted: G S W O 4.19.157+ #1
01-01 05:46:34.700 0 0 I Hardware name: Qualcomm Technologies, Inc. kona MTP-RmPM8150b (DT)
01-01 05:46:34.700 0 0 I Workqueue: events_unbound ion_system_secure_heap_prefetch_work
01-01 05:46:34.700 0 0 I Call trace:
01-01 05:46:34.700 0 0 I : dump_backtrace+0x0/0x258
01-01 05:46:34.700 0 0 I : show_stack+0x20/0x30
01-01 05:46:34.700 0 0 I : dump_stack+0xd8/0x12c
01-01 05:46:34.700 0 0 I : register_lock_class+0x4d0/0x5c8
01-01 05:46:34.700 0 0 I : __lock_acquire+0xbc/0x1e58
01-01 05:46:34.700 0 0 I : lock_acquire+0x1cc/0x218
01-01 05:46:34.701 0 0 I : _raw_spin_lock_irqsave+0x54/0x98
01-01 05:46:34.701 0 0 I : ion_system_secure_heap_prefetch_work+0x94/0x2c0
01-01 05:46:34.701 0 0 I : process_one_work+0x38c/0x660
01-01 05:46:34.701 0 0 I : worker_thread+0x268/0x4b8
01-01 05:46:34.701 0 0 I : kthread+0x140/0x150
01-01 05:46:34.701 0 0 I : ret_from_fork+0x10/0x1c
08-16 16:52:14.286 1160 1365 W ActivityManager: Slow operation: 946ms so far, now at startProcess: returned from zygote!
01-01 05:46:34.712 0 0 I msm_vidc: high: 00000001: ....d: Opening video instance: ffffffdf98d2c000, 1
08-16 16:52:14.287 1160 1365 W ActivityManager: Slow operation: 946ms so far, now at startProcess: done updating battery stats
08-16 16:52:14.287 1160 1365 W ActivityManager: Slow operation: 946ms so far, now at startProcess: building log message
08-16 16:52:14.287 1160 1365 I ActivityManager: Start proc 2140:com.qualcomm.qtil.aptxacu/u0a147 for added application com.qualcomm.qtil.aptxacu
08-16 16:52:14.287 1160 1365 W ActivityManager: Slow operation: 946ms so far, now at startProcess: starting to update pids map
08-16 16:52:14.287 1160 1365 W ActivityManager: Slow operation: 947ms so far, now at startProcess: done updating pids map
08-16 16:52:14.287 1160 1365 W ActivityManager: Slow operation: 946ms so far, now at startProcess: asking zygote to start proc
08-16 16:52:14.288 1160 1365 D CompatibilityChangeReporter: Compat change id reported: 143937733; UID 10126; state: ENABLED
08-16 16:52:14.292 1160 1160 W Looper : Slow dispatch took 289ms main h=android.app.ActivityThread$H c=android.app.LoadedApk$ReceiverDispatcher$Args$$ExternalSyntheticLambda0@8a6d739 m=0
08-16 16:52:14.302 1160 1160 D ConditionProviders.SCP: onSubscribe condition://android/schedule?days=1.2.3.4.5.6.7&start=22.0&end=7.0&exitAtAlarm=true
08-16 16:52:14.303 1160 1160 D ConditionProviders.SCP: setRegistered true
08-16 16:52:14.305 1160 1264 D UsbDeviceManager: push notification:Charging this device via USB
01-01 05:46:34.721 0 0 E : INFO: trying to register non-static key.
01-01 05:46:34.726 0 0 E : the code is fine but needs lockdep annotation.
01-01 05:46:34.731 0 0 I : CPU: 1 PID: 338 Comm: kworker/u16:15 Tainted: G S W O 4.19.157+ #1
01-01 05:46:34.731 0 0 I Hardware name: Qualcomm Technologies, Inc. kona MTP-RmPM8150b (DT)
01-01 05:46:34.731 0 0 I Workqueue: events_unbound ion_system_secure_heap_prefetch_work
01-01 05:46:34.731 0 0 I Call trace:
01-01 05:46:34.731 0 0 I : dump_backtrace+0x0/0x258
01-01 05:46:34.731 0 0 I : show_stack+0x20/0x30
01-01 05:46:34.731 0 0 I : dump_stack+0xd8/0x12c
01-01 05:46:34.731 0 0 I : register_lock_class+0x4d0/0x5c8
01-01 05:46:34.731 0 0 I : __lock_acquire+0xbc/0x1e58
01-01 05:46:34.731 0 0 I : lock_acquire+0x1cc/0x218
01-01 05:46:34.731 0 0 I : _raw_spin_lock_irqsave+0x54/0x98
01-01 05:46:34.731 0 0 I : ion_system_secure_heap_prefetch_work+0x94/0x2c0
01-01 05:46:34.731 0 0 I : process_one_work+0x38c/0x660
01-01 05:46:34.731 0 0 I : worker_thread+0x268/0x4b8
01-01 05:46:34.731 0 0 I : kthread+0x140/0x150
01-01 05:46:34.732 0 0 I : ret_from_fork+0x10/0x1c
01-01 05:46:34.735 0 0 I msm_vidc: high: 00000001: mpg2d: Closed video instance: ffffffdf98d2c000
01-01 05:46:34.752 0 0 E : INFO: trying to register non-static key.
08-16 16:52:14.331 1859 1859 D SystemUIBootTiming: DependencyInjection took to complete: 0ms
01-01 05:46:34.757 0 0 E : the code is fine but needs lockdep annotation.
01-01 05:46:34.763 0 0 I : CPU: 1 PID: 338 Comm: kworker/u16:15 Tainted: G S W O 4.19.157+ #1
01-01 05:46:34.763 0 0 I Hardware name: Qualcomm Technologies, Inc. kona MTP-RmPM8150b (DT)
01-01 05:46:34.763 0 0 I Workqueue: events_unbound ion_system_secure_heap_prefetch_work
01-01 05:46:34.763 0 0 I Call trace:
01-01 05:46:34.763 0 0 I : dump_backtrace+0x0/0x258
01-01 05:46:34.763 0 0 I : show_stack+0x20/0x30
01-01 05:46:34.763 0 0 I : dump_stack+0xd8/0x12c
01-01 05:46:34.763 0 0 I : register_lock_class+0x4d0/0x5c8
01-01 05:46:34.763 0 0 I : __lock_acquire+0xbc/0x1e58
01-01 05:46:34.763 0 0 I : lock_acquire+0x1cc/0x218
01-01 05:46:34.763 0 0 I : _raw_spin_lock_irqsave+0x54/0x98
01-01 05:46:34.763 0 0 I : ion_system_secure_heap_prefetch_work+0x94/0x2c0
01-01 05:46:34.763 0 0 I : process_one_work+0x38c/0x660
01-01 05:46:34.763 0 0 I : worker_thread+0x268/0x4b8
01-01 05:46:34.763 0 0 I : kthread+0x140/0x150
01-01 05:46:34.763 0 0 I : ret_from_fork+0x10/0x1c
08-16 16:52:14.332 1160 1160 D ConditionProviders.SCP: evaluateSubscriptionLocked cal=ScheduleCalendar[mDays={1, 2, 3, 4, 5, 6, 7}, mSchedule=ScheduleInfo{days=[1, 2, 3, 4, 5, 6, 7], startHour=22, startMinute=0, endHour=7, endMinute=0, exitAtAlarm=true, nextAlarm=Thu Jan 01 00:00:00 GMT 1970 (0)}], now=Tue Aug 16 16:52:14 GMT 2022 (1660668734303), nextUserAlarmTime=Thu Jan 01 00:00:00 GMT 1970 (0)
08-16 16:52:14.333 1160 1160 D ConditionProviders.SCP: notifyCondition condition://android/schedule?days=1.2.3.4.5.6.7&start=22.0&end=7.0&exitAtAlarm=true STATE_FALSE reason=!meetsSchedule
08-16 16:52:14.334 1160 1160 D ConditionProviders.SCP: Scheduling evaluate for Tue Aug 16 22:00:00 GMT 2022 (1660687200000), in +5h7m45s697ms, now=Tue Aug 16 16:52:14 GMT 2022 (1660668734303)
08-16 16:52:14.336 1160 1160 D BluetoothManagerService: Bluetooth Adapter name changed to QCOM-BTD by android
08-16 16:52:14.336 1160 1160 D BluetoothManagerService: Stored Bluetooth name: QCOM-BTD
08-16 16:52:14.337 1160 1765 W ActivityThread: Failed to find provider info for com.android.calendar (user not unlocked)
01-01 05:46:34.783 0 0 E : INFO: trying to register non-static key.
08-16 16:52:14.343 1160 1765 W ActivityThread: Failed to find provider info for com.android.calendar (user not unlocked)
08-16 16:52:14.382 1160 1365 W ActivityManager: Slow operation: 1040ms so far, now at startProcess: returned from zygote!
01-01 05:46:34.788 0 0 E : the code is fine but needs lockdep annotation.
01-01 05:46:34.794 0 0 I : CPU: 1 PID: 338 Comm: kworker/u16:15 Tainted: G S W O 4.19.157+ #1
01-01 05:46:34.794 0 0 I Hardware name: Qualcomm Technologies, Inc. kona MTP-RmPM8150b (DT)
01-01 05:46:34.794 0 0 I Workqueue: events_unbound ion_system_secure_heap_prefetch_work
01-01 05:46:34.794 0 0 I Call trace:
01-01 05:46:34.794 0 0 I : dump_backtrace+0x0/0x258
01-01 05:46:34.794 0 0 I : show_stack+0x20/0x30
01-01 05:46:34.794 0 0 I : dump_stack+0xd8/0x12c
01-01 05:46:34.794 0 0 I : register_lock_class+0x4d0/0x5c8
01-01 05:46:34.794 0 0 I : __lock_acquire+0xbc/0x1e58
01-01 05:46:34.794 0 0 I : lock_acquire+0x1cc/0x218
01-01 05:46:34.794 0 0 I : _raw_spin_lock_irqsave+0x54/0x98
01-01 05:46:34.794 0 0 I : ion_system_secure_heap_prefetch_work+0x94/0x2c0
01-01 05:46:34.794 0 0 I : process_one_work+0x38c/0x660
01-01 05:46:34.794 0 0 I : worker_thread+0x268/0x4b8
01-01 05:46:34.794 0 0 I : kthread+0x140/0x150
01-01 05:46:34.794 0 0 I : ret_from_fork+0x10/0x1c
08-16 16:52:14.385 1160 1365 W ActivityManager: Slow operation: 1043ms so far, now at startProcess: done updating battery stats
08-16 16:52:14.385 1160 1365 W ActivityManager: Slow operation: 1044ms so far, now at startProcess: building log message
08-16 16:52:14.385 1160 1365 I ActivityManager: Start proc 2149:com.qualcomm.qtil.aptxals/u0a126 for added application com.qualcomm.qtil.aptxals
08-16 16:52:14.385 1160 1365 W ActivityManager: Slow operation: 1044ms so far, now at startProcess: starting to update pids map
08-16 16:52:14.386 1160 1365 W ActivityManager: Slow operation: 1045ms so far, now at startProcess: done updating pids map
08-16 16:52:14.387 1160 1365 W ActivityManager: Slow operation: 1042ms so far, now at startProcess: asking zygote to start proc
08-16 16:52:14.393 1859 1859 D SystemUIBootTiming: StartServicescom.android.systemui.util.NotificationChannels took to complete: 43ms
01-01 05:46:34.813 0 0 E : INFO: trying to register non-static key.
01-01 05:46:34.818 0 0 E : the code is fine but needs lockdep annotation.
01-01 05:46:34.824 0 0 I : CPU: 1 PID: 338 Comm: kworker/u16:15 Tainted: G S W O 4.19.157+ #1
01-01 05:46:34.824 0 0 I Hardware name: Qualcomm Technologies, Inc. kona MTP-RmPM8150b (DT)
01-01 05:46:34.824 0 0 I Workqueue: events_unbound ion_system_secure_heap_prefetch_work
01-01 05:46:34.824 0 0 I Call trace:
01-01 05:46:34.824 0 0 I : dump_backtrace+0x0/0x258
01-01 05:46:34.824 0 0 I : show_stack+0x20/0x30
01-01 05:46:34.824 0 0 I : dump_stack+0xd8/0x12c
01-01 05:46:34.824 0 0 I : register_lock_class+0x4d0/0x5c8
01-01 05:46:34.824 0 0 I : __lock_acquire+0xbc/0x1e58
01-01 05:46:34.824 0 0 I : lock_acquire+0x1cc/0x218
01-01 05:46:34.824 0 0 I : _raw_spin_lock_irqsave+0x54/0x98
01-01 05:46:34.824 0 0 I : ion_system_secure_heap_prefetch_work+0x94/0x2c0
01-01 05:46:34.824 0 0 I : process_one_work+0x38c/0x660
01-01 05:46:34.824 0 0 I : worker_thread+0x268/0x4b8
01-01 05:46:34.824 0 0 I : kthread+0x140/0x150
01-01 05:46:34.824 0 0 I : ret_from_fork+0x10/0x1c
08-16 16:52:14.402 1160 1160 W BluetoothManagerService: bindBluetoothProfileService:Trying to bind to profile: 1, while Bluetooth is disabled
01-01 05:46:34.833 0 0 I binder : 2140:2140 ioctl 40046210 7fdf50bae4 returned -22
08-16 16:52:14.414 1160 1720 D CompatibilityChangeReporter: Compat change id reported: 168419799; UID 10147; state: DISABLED
08-16 16:52:14.422 1160 2170 I Telecom : BluetoothRouteManager: getBluetoothAudioConnectedDevice: no service available.
08-16 16:52:14.424 1160 1160 I Telecom : SystemStateHelper: Registering broadcast receiver: android.content.IntentFilter@bd66e97: TS.init@AAA
08-16 16:52:14.424 1160 1160 I Telecom : SystemStateHelper: Registering broadcast receiver: android.content.IntentFilter@fc94884: TS.init@AAA
08-16 16:52:14.433 1160 1720 D CompatibilityChangeReporter: Compat change id reported: 168419799; UID 10126; state: DISABLED
08-16 16:52:14.441 1160 2184 I Telecom : Logging.Events: Non-call EVENT: AUDIO_ROUTE, Entering state QuiescentEarpieceRoute
01-01 05:46:34.834 0 0 I binder : 2149:2149 ioctl 40046210 7fdf50bae4 returned -22
08-16 16:52:14.442 1160 2184 I Telecom : BluetoothRouteManager: getBluetoothAudioConnectedDevice: no service available.
01-01 05:46:34.836 0 0 I msm_vidc: high: 00000001: ....d: Opening video instance: ffffffdf19658000, 1
01-01 05:46:34.846 0 0 E : INFO: trying to register non-static key.
01-01 05:46:34.850 0 0 E : INFO: trying to register non-static key.
01-01 05:46:34.851 0 0 E [kworke][0x50c5cef1][16:52:14.425495] wlan: [1682:E:QDF] ready_extract_init_status_tlv: 8884: ready_extract_init_status_tlv:0
01-01 05:46:34.851 0 0 E [kworke][0x50c5f8d3][16:52:14.426054] wlan: [1682:E:QDF] cds_get_context: 1486: Module ID 65 context is Null
01-01 05:46:34.851 0 0 F [kworke][0x50c5f96a][16:52:14.426062] wlan: [1682:F:DP] cdp_ipa_set_uc_tx_partition_base invalid instance
01-01 05:46:34.851 0 0 I [kworke][0x50c5fa34][16:52:14.426072] wlan: [1682:I:WMA] wma_he_update_tgt_services: 996: 11ax is enabled
01-01 05:46:34.851 0 0 E : the code is fine but needs lockdep annotation.
01-01 05:46:34.857 0 0 E : the code is fine but needs lockdep annotation.
01-01 05:46:34.857 0 0 I : CPU: 0 PID: 2180 Comm: VideoDecMsgThre Tainted: G S W O 4.19.157+ #1
01-01 05:46:34.862 0 0 I [kworke][0x50c9130f][16:52:14.436645] wlan: [1682:I:HIF] Initializing Runtime PM wakelock &mgmt_txrx_pdev_ctx->wakelock_tx_runtime_cmp
01-01 05:46:34.863 0 0 I [kworke][0x50c97f69][16:52:14.438088] wlan: [1682:I:dfs] WLAN_DEBUG_DFS_ALWAYS : wlan_dfs_pdev_obj_create_notification: 421: dfs_offload 1
01-01 05:46:34.863 0 0 I [kworke][0x50c9820d][16:52:14.438124] wlan: [1682:I:SPECTRAL] null_get_capability: 1715: SPECTRAL : get_capability not registered
01-01 05:46:34.863 0 0 I [kworke][0x50c982a4][16:52:14.438131] wlan: [1682:I:SPECTRAL] target_if_pdev_spectral_init: 2249: HAL_CAP_PHYDIAG : Capable
01-01 05:46:34.863 0 0 I [kworke][0x50c98339][16:52:14.438139] wlan: [1682:I:SPECTRAL] null_get_capability: 1715: SPECTRAL : get_capability not registered
01-01 05:46:34.863 0 0 I [kworke][0x50c983c8][16:52:14.438147] wlan: [1682:I:SPECTRAL] target_if_pdev_spectral_init: 2253: HAL_CAP_RADAR : Capable
01-01 05:46:34.863 0 0 I [kworke][0x50c98455][16:52:14.438154] wlan: [1682:I:SPECTRAL] null_get_capability: 1715: SPECTRAL : get_capability not registered
01-01 05:46:34.863 0 0 I [kworke][0x50c984df][16:52:14.438161] wlan: [1682:I:SPECTRAL] target_if_pdev_spectral_init: 2258: HAL_CAP_SPECTRAL_SCAN : Capable
01-01 05:46:34.863 0 0 I [kworke][0x50c985bb][16:52:14.438173] wlan: [1682:I:SPECTRAL] null_get_tsf64: 1703: SPECTRAL : get_tsf64 not registered
01-01 05:46:34.863 0 0 I [kworke][0x50c98818][16:52:14.438204] wlan: [1682:I:GREEN_AP] wlan_green_ap_pdev_obj_create_notification: 106: Green AP creation successful, green ap ctx: ffffffdf98ad00e8, pdev: ffffffdf14e514e8
01-01 05:46:34.863 0 0 I [kworke][0x50c98d0c][16:52:14.438270] wlan: [1682:I:IPA] wlan_ipa_wdi_init: 540: ipa_over_gsi: 1, is_smmu_enabled: 1
08-16 16:52:14.463 1160 2186 I Telecom : CallAudioModeStateMachine: Message received: null.: TS.init->CAMSM.pM_1@AAA
01-01 05:46:34.875 0 0 I [kworke][0x50ccd34f][16:52:14.449447] wlan: [1682:I:REGULATORY] reg_set_band: 483: set band bitmap: 3
01-01 05:46:34.881 0 0 I Hardware name: Qualcomm Technologies, Inc. kona MTP-RmPM8150b (DT)
01-01 05:46:34.881 0 0 I Call trace:
01-01 05:46:34.881 0 0 I : dump_backtrace+0x0/0x258
01-01 05:46:34.881 0 0 I : show_stack+0x20/0x30
01-01 05:46:34.881 0 0 I : dump_stack+0xd8/0x12c
01-01 05:46:34.881 0 0 I : register_lock_class+0x4d0/0x5c8
01-01 05:46:34.881 0 0 I : __lock_acquire+0xbc/0x1e58
01-01 05:46:34.881 0 0 I : lock_acquire+0x1cc/0x218
01-01 05:46:34.881 0 0 I : _raw_spin_lock_irqsave+0x54/0x98
01-01 05:46:34.881 0 0 I : __ion_system_secure_heap_resize+0x768/0x8c0
01-01 05:46:34.899 0 0 I [kworke][0x50d3d342][16:52:14.473340] wlan: [1682:I:HIF] Initializing Runtime PM wakelock &ctx->dfs
01-01 05:46:34.903 0 0 I : ion_system_secure_heap_prefetch+0x28/0x38
01-01 05:46:34.903 0 0 I : ion_walk_heaps+0x88/0xb8
01-01 05:46:34.903 0 0 I : ion_ioctl+0x1b0/0x2a8
01-01 05:46:34.903 0 0 I : __arm64_compat_sys_ioctl+0xf4/0x240
01-01 05:46:34.903 0 0 I : el0_svc_common+0xa4/0x190
01-01 05:46:34.903 0 0 I : el0_svc_compat_handler+0x28/0x38
01-01 05:46:34.903 0 0 I : el0_svc_compat+0x8/0x34
01-01 05:46:34.903 0 0 I : CPU: 1 PID: 338 Comm: kworker/u16:15 Tainted: G S W O 4.19.157+ #1
01-01 05:46:34.903 0 0 I Hardware name: Qualcomm Technologies, Inc. kona MTP-RmPM8150b (DT)
01-01 05:46:34.903 0 0 I Workqueue: events_unbound ion_system_secure_heap_prefetch_work
01-01 05:46:34.903 0 0 I Call trace:
01-01 05:46:34.903 0 0 I : dump_backtrace+0x0/0x258
01-01 05:46:34.903 0 0 I : show_stack+0x20/0x30
01-01 05:46:34.903 0 0 I : dump_stack+0xd8/0x12c
01-01 05:46:34.903 0 0 I : register_lock_class+0x4d0/0x5c8
01-01 05:46:34.903 0 0 I : __lock_acquire+0xbc/0x1e58
01-01 05:46:34.903 0 0 I : lock_acquire+0x1cc/0x218
01-01 05:46:34.903 0 0 I : _raw_spin_lock_irqsave+0x54/0x98
01-01 05:46:34.903 0 0 I : ion_system_secure_heap_prefetch_work+0x94/0x2c0
01-01 05:46:34.903 0 0 I : process_one_work+0x38c/0x660
01-01 05:46:34.903 0 0 I : worker_thread+0x268/0x4b8
01-01 05:46:34.903 0 0 I : kthread+0x140/0x150
01-01 05:46:34.903 0 0 I : ret_from_fork+0x10/0x1c
08-16 16:52:14.472 1160 1160 I Telecom : MissedCallNotifierImpl: reloadFromDatabase: Boot not yet complete -- call log db may not be available. Deferring loading until boot complete for user 0: TS.init@AAA
08-16 16:52:14.473 1859 1859 D SystemUIBootTiming: StartServicescom.android.systemui.keyguard.KeyguardViewMediator took to complete: 80ms
08-16 16:52:14.492 1160 1720 D CompatibilityChangeReporter: Compat change id reported: 135634846; UID 10118; state: DISABLED
08-16 16:52:14.492 1160 1720 D CompatibilityChangeReporter: Compat change id reported: 177438394; UID 10118; state: DISABLED
08-16 16:52:14.492 1160 1720 D CompatibilityChangeReporter: Compat change id reported: 135772972; UID 10118; state: DISABLED
08-16 16:52:14.493 1160 1720 D CompatibilityChangeReporter: Compat change id reported: 135754954; UID 10118; state: ENABLED
01-01 05:46:34.904 0 0 I [kworke][0x50d57e94][16:52:14.479037] wlan: [1682:I:HIF] Initializing Runtime PM wakelock &ctx->connect
01-01 05:46:34.904 0 0 I [kworke][0x50d5802e][16:52:14.479059] wlan: [1682:I:HIF] Initializing Runtime PM wakelock &ctx->user
01-01 05:46:34.904 0 0 I [kworke][0x50d58966][16:52:14.479182] wlan: [1682:I:HIF] Initializing Runtime PM wakelock &scan_priv->runtime_pm_lock
01-01 05:46:34.904 0 0 I [kworke][0x50d58bee][16:52:14.479215] wlan: [1682:I:GREEN_AP] target_if_green_ap_register_egap_event_handler: 131: Set the Enhance Green AP event handler
01-01 05:46:34.904 0 0 E [kworke][0x50d58d01][16:52:14.479230] wlan: [1682:E:QDF] dp_peer_map_attach_wifi3: 10048: dp_peer_map_attach_wifi3 max_peers 55, max_ast_index: 144
01-01 05:46:34.906 0 0 E : INFO: trying to register non-static key.
08-16 16:52:14.495 1859 1859 D SystemUIBootTiming: StartServicescom.android.systemui.recents.Recents took to complete: 22ms
01-01 05:46:34.924 0 0 I [kworke][0x50db6244][16:52:14.499141] wlan: [1682:I:DP]
01-01 05:46:34.924 0 0 I : <=== cfg max peer id 55 ====>
01-01 05:46:34.926 0 0 E : the code is fine but needs lockdep annotation.
01-01 05:46:34.926 0 0 I : CPU: 7 PID: 1289 Comm: omx@1.0-service Tainted: G S W O 4.19.157+ #1
01-01 05:46:34.931 0 0 I Hardware name: Qualcomm Technologies, Inc. kona MTP-RmPM8150b (DT)
01-01 05:46:34.931 0 0 I Call trace:
01-01 05:46:34.931 0 0 I : dump_backtrace+0x0/0x258
01-01 05:46:34.931 0 0 I : show_stack+0x20/0x30
01-01 05:46:34.931 0 0 I : dump_stack+0xd8/0x12c
01-01 05:46:34.931 0 0 I : register_lock_class+0x4d0/0x5c8
01-01 05:46:34.931 0 0 I : __lock_acquire+0xbc/0x1e58
01-01 05:46:34.931 0 0 I : lock_acquire+0x1cc/0x218
01-01 05:46:34.931 0 0 I : _raw_spin_lock_irqsave+0x54/0x98
01-01 05:46:34.931 0 0 I : __ion_system_secure_heap_resize+0x768/0x8c0
01-01 05:46:34.931 0 0 I : ion_system_secure_heap_drain+0x28/0x38
01-01 05:46:34.931 0 0 I : ion_walk_heaps+0x88/0xb8
01-01 05:46:34.931 0 0 I : ion_ioctl+0x1b0/0x2a8
01-01 05:46:34.931 0 0 I : __arm64_compat_sys_ioctl+0xf4/0x240
01-01 05:46:34.931 0 0 I : el0_svc_common+0xa4/0x190
01-01 05:46:34.931 0 0 I : el0_svc_compat_handler+0x28/0x38
01-01 05:46:34.931 0 0 I : el0_svc_compat+0x8/0x34
08-16 16:52:14.507 1160 1160 I Telecom : MissedCallNotifierImpl: reloadFromDatabase: Boot not yet complete -- call log db may not be available. Deferring loading until boot complete for user 0: TS.init@AAA
08-16 16:52:14.509 1160 1160 I Telecom : Class: TelecomSystem.INSTANCE being set
01-01 05:46:34.934 0 0 I [kworke][0x50de2500][16:52:14.508563] wlan: [1682:I:DP]
01-01 05:46:34.934 0 0 I : <=== cfg max ast idx 144 ====>
01-01 05:46:34.934 0 0 I [kworke][0x50de26b5][16:52:14.508586] wlan: [1682:I:DP] ast hash_elems: 512, max_ast_idx: 144
01-01 05:46:34.936 0 0 I [kworke][0x50dec2e9][16:52:14.510671] wlan: [332:I:WMA] wma_wait_for_ready_event: 6926: FW ready event received
08-16 16:52:14.516 1160 1160 W Looper : Slow dispatch took 179ms main h=android.app.ActivityThread$H c=android.app.LoadedApk$ServiceDispatcher$RunConnection@57b71e m=0
08-16 16:52:14.517 1160 1160 I ConnectivityModuleConnector: Networking module service connected
08-16 16:52:14.520 1160 1160 D BluetoothManagerService: BluetoothServiceConnection: com.android.bluetooth.btservice.AdapterService
08-16 16:52:14.522 1160 1266 D BluetoothManagerService: MESSAGE_BLUETOOTH_SERVICE_CONNECTED: 1
08-16 16:52:14.522 1160 1160 D AutofillManagerService: Restriction did not change for user 0
01-01 05:46:34.946 0 0 E : INFO: trying to register non-static key.
01-01 05:46:34.951 0 0 E : the code is fine but needs lockdep annotation.
01-01 05:46:34.957 0 0 I : CPU: 7 PID: 338 Comm: kworker/u16:15 Tainted: G S W O 4.19.157+ #1
01-01 05:46:34.957 0 0 I Hardware name: Qualcomm Technologies, Inc. kona MTP-RmPM8150b (DT)
01-01 05:46:34.957 0 0 I Workqueue: events_unbound ion_system_secure_heap_prefetch_work
01-01 05:46:34.957 0 0 I Call trace:
01-01 05:46:34.957 0 0 I : dump_backtrace+0x0/0x258
01-01 05:46:34.957 0 0 I : show_stack+0x20/0x30
01-01 05:46:34.957 0 0 I : dump_stack+0xd8/0x12c
01-01 05:46:34.957 0 0 I : register_lock_class+0x4d0/0x5c8
01-01 05:46:34.957 0 0 I : __lock_acquire+0xbc/0x1e58
01-01 05:46:34.957 0 0 I : lock_acquire+0x1cc/0x218
01-01 05:46:34.957 0 0 I : _raw_spin_lock_irqsave+0x54/0x98
01-01 05:46:34.957 0 0 I : ion_system_secure_heap_prefetch_work+0x94/0x2c0
01-01 05:46:34.957 0 0 I : process_one_work+0x38c/0x660
01-01 05:46:34.957 0 0 I : worker_thread+0x268/0x4b8
01-01 05:46:34.957 0 0 I : kthread+0x140/0x150
01-01 05:46:34.957 0 0 I : ret_from_fork+0x10/0x1c
08-16 16:52:14.534 1160 1160 I ConnectivityModuleConnector: Networking module service connected
01-01 05:46:34.968 0 0 I msm_vidc: high: 00000001: mpg2d: Closed video instance: ffffffdf19658000
01-01 05:46:34.969 0 0 E [kworke][0x50e858a9][16:52:14.543387] wlan: [332:E:WMI] send_action_oui_cmd_tlv: 220: Invalid action id
08-16 16:52:14.548 1160 1266 D BluetoothManagerService: MESSAGE_INFORM_ADAPTER_SERVICE_UP
08-16 16:52:14.549 1160 1266 D BluetoothManagerService: Broadcasting onBluetoothServiceUp() to 3 receivers.
08-16 16:52:14.555 1160 1365 W ActivityManager: Slow operation: 1211ms so far, now at startProcess: returned from zygote!
08-16 16:52:14.556 1160 1160 I Telecom : WiredHeadsetManager: ACTION_HEADSET_PLUG event, plugged in: false, : WHC.oADA@AAI
08-16 16:52:14.556 1160 1365 W ActivityManager: Slow operation: 1212ms so far, now at startProcess: done updating battery stats
08-16 16:52:14.556 1160 1365 W ActivityManager: Slow operation: 1212ms so far, now at startProcess: building log message
08-16 16:52:14.556 1160 1365 I ActivityManager: Start proc 2200:vendor.qti.qesdk.sysservice/1000 for added application vendor.qti.qesdk.sysservice
08-16 16:52:14.556 1160 1365 W ActivityManager: Slow operation: 1212ms so far, now at startProcess: starting to update pids map
08-16 16:52:14.561 1160 1365 W ActivityManager: Slow operation: 1216ms so far, now at startProcess: done updating pids map
08-16 16:52:14.561 1160 1365 W ActivityManager: Slow operation: 1214ms so far, now at startProcess: asking zygote to start proc
08-16 16:52:14.561 1160 1266 D BluetoothManagerService: MESSAGE_BLUETOOTH_STATE_CHANGE: OFF > BLE_TURNING_ON
08-16 16:52:14.561 1160 1266 D BluetoothManagerService: Sending BLE State Change: OFF > BLE_TURNING_ON
08-16 16:52:14.561 1160 1365 D CompatibilityChangeReporter: Compat change id reported: 143937733; UID 10122; state: ENABLED
01-01 05:46:34.987 0 0 E : INFO: trying to register non-static key.
01-01 05:46:34.988 0 0 E [kworke][0x50ee0616][16:52:14.562766] wlan: [332:E:action_oui] ucfg_action_oui_send: 160: Failed to send: 7
01-01 05:46:34.992 0 0 E : the code is fine but needs lockdep annotation.
01-01 05:46:34.992 0 0 I : CPU: 7 PID: 338 Comm: kworker/u16:15 Tainted: G S W O 4.19.157+ #1
01-01 05:46:34.992 0 0 I Hardware name: Qualcomm Technologies, Inc. kona MTP-RmPM8150b (DT)
01-01 05:46:34.992 0 0 I Workqueue: events_unbound ion_system_secure_heap_prefetch_work
01-01 05:46:34.992 0 0 I Call trace:
01-01 05:46:34.992 0 0 I : dump_backtrace+0x0/0x258
01-01 05:46:34.992 0 0 I : show_stack+0x20/0x30
01-01 05:46:34.992 0 0 I : dump_stack+0xd8/0x12c
01-01 05:46:34.992 0 0 I : register_lock_class+0x4d0/0x5c8
01-01 05:46:34.992 0 0 I : __lock_acquire+0xbc/0x1e58
01-01 05:46:34.992 0 0 I : lock_acquire+0x1cc/0x218
01-01 05:46:34.992 0 0 I : _raw_spin_lock_irqsave+0x54/0x98
01-01 05:46:34.992 0 0 I : ion_system_secure_heap_prefetch_work+0x94/0x2c0
01-01 05:46:34.992 0 0 I : process_one_work+0x38c/0x660
01-01 05:46:34.992 0 0 I : worker_thread+0x268/0x4b8
01-01 05:46:34.992 0 0 I : kthread+0x140/0x150
01-01 05:46:34.992 0 0 I : ret_from_fork+0x10/0x1c
08-16 16:52:14.576 1160 1160 W NotificationHistory: Attempted to add notif for locked/gone/disabled user 0
08-16 16:52:14.576 1160 1160 D CompanionDeviceManagerService: Received BT state transition broadcast: OFF -> BLE_TURNING_ON
08-16 16:52:14.576 1160 1160 W Looper : Drained
01-01 05:46:35.010 0 0 E [kworke][0x50f49c39][16:52:14.585246] wlan: [332:E:WMI] send_action_oui_cmd_tlv: 220: Invalid action id
01-01 05:46:35.017 0 0 E : INFO: trying to register non-static key.
01-01 05:46:35.021 0 0 E [kworke][0x50f7d036][16:52:14.596179] wlan: [332:E:action_oui] ucfg_action_oui_send: 160: Failed to send: 9
08-16 16:52:14.615 1160 1826 D CompatibilityChangeReporter: Compat change id reported: 168419799; UID 1002; state: DISABLED
01-01 05:46:35.026 0 0 E : the code is fine but needs lockdep annotation.
01-01 05:46:35.026 0 0 I : CPU: 1 PID: 338 Comm: kworker/u16:15 Tainted: G S W O 4.19.157+ #1
01-01 05:46:35.026 0 0 I Hardware name: Qualcomm Technologies, Inc. kona MTP-RmPM8150b (DT)
01-01 05:46:35.026 0 0 I Workqueue: events_unbound ion_system_secure_heap_prefetch_work
01-01 05:46:35.026 0 0 I Call trace:
01-01 05:46:35.026 0 0 I : dump_backtrace+0x0/0x258
01-01 05:46:35.026 0 0 I : show_stack+0x20/0x30
01-01 05:46:35.026 0 0 I : dump_stack+0xd8/0x12c
01-01 05:46:35.026 0 0 I : register_lock_class+0x4d0/0x5c8
01-01 05:46:35.037 0 0 E [kworke][0x50fc86d4][16:52:14.612268] wlan: [332:E:HDD] hdd_action_oui_send: 13281: Failed to send one or all action_ouis
01-01 05:46:35.043 0 0 I : __lock_acquire+0xbc/0x1e58
01-01 05:46:35.043 0 0 I : lock_acquire+0x1cc/0x218
01-01 05:46:35.043 0 0 I : _raw_spin_lock_irqsave+0x54/0x98
01-01 05:46:35.043 0 0 I : ion_system_secure_heap_prefetch_work+0x94/0x2c0
01-01 05:46:35.043 0 0 I : process_one_work+0x38c/0x660
01-01 05:46:35.043 0 0 I : worker_thread+0x268/0x4b8
01-01 05:46:35.043 0 0 I : kthread+0x140/0x150
01-01 05:46:35.043 0 0 I : ret_from_fork+0x10/0x1c
01-01 05:46:35.061 0 0 E : INFO: trying to register non-static key.
01-01 05:46:35.066 0 0 E : the code is fine but needs lockdep annotation.
01-01 05:46:35.072 0 0 I : CPU: 1 PID: 338 Comm: kworker/u16:15 Tainted: G S W O 4.19.157+ #1
01-01 05:46:35.072 0 0 I Hardware name: Qualcomm Technologies, Inc. kona MTP-RmPM8150b (DT)
01-01 05:46:35.072 0 0 I Workqueue: events_unbound ion_system_secure_heap_prefetch_work
01-01 05:46:35.072 0 0 I Call trace:
01-01 05:46:35.072 0 0 I : dump_backtrace+0x0/0x258
01-01 05:46:35.072 0 0 I : show_stack+0x20/0x30
01-01 05:46:35.072 0 0 I : dump_stack+0xd8/0x12c
01-01 05:46:35.072 0 0 I : register_lock_class+0x4d0/0x5c8
01-01 05:46:35.072 0 0 I : __lock_acquire+0xbc/0x1e58
01-01 05:46:35.072 0 0 I : lock_acquire+0x1cc/0x218
01-01 05:46:35.072 0 0 I : _raw_spin_lock_irqsave+0x54/0x98
01-01 05:46:35.072 0 0 I : ion_system_secure_heap_prefetch_work+0x94/0x2c0
01-01 05:46:35.072 0 0 I : process_one_work+0x38c/0x660
01-01 05:46:35.072 0 0 I : worker_thread+0x268/0x4b8
01-01 05:46:35.072 0 0 I : kthread+0x140/0x150
01-01 05:46:35.072 0 0 I : ret_from_fork+0x10/0x1c
01-01 05:46:35.091 0 0 D cnss : dma-coherent is enabled
01-01 05:46:35.091 0 0 D cnss : IOMMU map: iova b0000000, len 4096
01-01 05:46:35.091 0 0 D cnss : IOMMU map: iova_addr b0000040
01-01 05:46:35.091 0 0 D cnss : dma-coherent is enabled
01-01 05:46:35.091 0 0 D cnss : IOMMU map: iova b0001000, len 4096
01-01 05:46:35.091 0 0 D cnss : IOMMU map: iova_addr b0001018
08-16 16:52:14.654 1160 1365 W ActivityManager: Slow operation: 1306ms so far, now at startProcess: returned from zygote!
08-16 16:52:14.669 1160 1365 W ActivityManager: Slow operation: 1321ms so far, now at startProcess: done updating battery stats
08-16 16:52:14.669 1160 1365 W ActivityManager: Slow operation: 1322ms so far, now at startProcess: building log message
08-16 16:52:14.669 1160 1365 I ActivityManager: Start proc 2215:org.codeaurora.ims/u0a122 for added application org.codeaurora.ims
08-16 16:52:14.669 1160 1365 W ActivityManager: Slow operation: 1322ms so far, now at startProcess: starting to update pids map
08-16 16:52:14.670 1160 1365 W ActivityManager: Slow operation: 1323ms so far, now at startProcess: done updating pids map
08-16 16:52:14.671 1160 1365 W ActivityManager: Slow operation: 1321ms so far, now at startProcess: asking zygote to start proc
08-16 16:52:14.671 1160 1365 D CompatibilityChangeReporter: Compat change id reported: 143937733; UID 10132; state: DISABLED
01-01 05:46:35.094 0 0 E [kworke][0x510d1c96][16:52:14.668877] wlan: [332:E:TXRX] dp_rxdma_ring_config: 5022: DBS enabled max_mac_rings 2
01-01 05:46:35.105 0 0 I msm_vidc: high: 00000001: ....d: Opening video instance: ffffffdf13a8c000, 1
01-01 05:46:35.107 0 0 E : INFO: trying to register non-static key.
08-16 16:52:14.685 1160 1826 I ActivityManager: Process WebViewLoader-arm64-v8a (pid 1939) has died: psvc PER
01-01 05:46:35.112 0 0 E : the code is fine but needs lockdep annotation.
01-01 05:46:35.118 0 0 I : CPU: 4 PID: 338 Comm: kworker/u16:15 Tainted: G S W O 4.19.157+ #1
01-01 05:46:35.118 0 0 I Hardware name: Qualcomm Technologies, Inc. kona MTP-RmPM8150b (DT)
01-01 05:46:35.118 0 0 I Workqueue: events_unbound ion_system_secure_heap_prefetch_work
01-01 05:46:35.118 0 0 I Call trace:
01-01 05:46:35.118 0 0 I : dump_backtrace+0x0/0x258
01-01 05:46:35.118 0 0 I : show_stack+0x20/0x30
01-01 05:46:35.118 0 0 I : dump_stack+0xd8/0x12c
01-01 05:46:35.118 0 0 I : register_lock_class+0x4d0/0x5c8
01-01 05:46:35.118 0 0 I : __lock_acquire+0xbc/0x1e58
01-01 05:46:35.118 0 0 I : lock_acquire+0x1cc/0x218
01-01 05:46:35.118 0 0 I : _raw_spin_lock_irqsave+0x54/0x98
01-01 05:46:35.118 0 0 I : ion_system_secure_heap_prefetch_work+0x94/0x2c0
01-01 05:46:35.118 0 0 I : process_one_work+0x38c/0x660
01-01 05:46:35.118 0 0 I : worker_thread+0x268/0x4b8
01-01 05:46:35.118 0 0 I : kthread+0x140/0x150
01-01 05:46:35.118 0 0 I : ret_from_fork+0x10/0x1c
01-01 05:46:35.118 0 0 E [kworke][0x51143d43][16:52:14.693208] wlan: [332:E:TXRX] dp_rxdma_ring_config: 5033: pdev_id 0 max_mac_rings 2
01-01 05:46:35.141 0 0 E : INFO: trying to register non-static key.
01-01 05:46:35.146 0 0 E : the code is fine but needs lockdep annotation.
