08-16 16:52:13.290 1160 1160 D SystemServerTiming: ssm.onStartUser-0_com.android.server.print.PrintManagerService took to complete: 0ms
08-16 16:52:13.290 1160 1160 I SystemServerTiming: ssm.onStartUser-0_com.android.server.companion.CompanionDeviceManagerService
08-16 16:52:13.290 1160 1160 D SystemServerTiming: ssm.onStartUser-0_com.android.server.companion.CompanionDeviceManagerService took to complete: 0ms
08-16 16:52:13.290 1160 1160 I SystemServerTiming: ssm.onStartUser-0_com.android.server.restrictions.RestrictionsManagerService
08-16 16:52:13.290 1160 1160 D SystemServerTiming: ssm.onStartUser-0_com.android.server.restrictions.RestrictionsManagerService took to complete: 0ms
08-16 16:52:13.290 1160 1160 I SystemServerTiming: ssm.onStartUser-0_com.android.server.media.MediaSessionService
08-16 16:52:13.291 1160 1160 D SystemServerTiming: ssm.onStartUser-0_com.android.server.media.MediaSessionService took to complete: 0ms
08-16 16:52:13.291 1160 1160 I SystemServerTiming: ssm.onStartUser-0_com.android.server.media.MediaResourceMonitorService
08-16 16:52:13.291 1160 1160 D SystemServerTiming: ssm.onStartUser-0_com.android.server.media.MediaResourceMonitorService took to complete: 0ms
08-16 16:52:13.291 1160 1160 I SystemServerTiming: ssm.onStartUser-0_com.android.server.biometrics.sensors.fingerprint.FingerprintService
08-16 16:52:13.291 1160 1160 D SystemServerTiming: ssm.onStartUser-0_com.android.server.biometrics.sensors.fingerprint.FingerprintService took to complete: 0ms
08-16 16:52:13.291 1160 1160 I SystemServerTiming: ssm.onStartUser-0_com.android.server.biometrics.BiometricService
08-16 16:52:13.291 1160 1160 D SystemServerTiming: ssm.onStartUser-0_com.android.server.biometrics.BiometricService took to complete: 0ms
08-16 16:52:13.291 1160 1160 I SystemServerTiming: ssm.onStartUser-0_com.android.server.biometrics.AuthService
08-16 16:52:13.291 1160 1160 D SystemServerTiming: ssm.onStartUser-0_com.android.server.biometrics.AuthService took to complete: 0ms
08-16 16:52:13.291 1160 1160 I SystemServerTiming: ssm.onStartUser-0_com.android.server.pm.ShortcutService$Lifecycle
08-16 16:52:13.291 1160 1160 D SystemServerTiming: ssm.onStartUser-0_com.android.server.pm.ShortcutService$Lifecycle took to complete: 0ms
08-16 16:52:13.291 1160 1160 I SystemServerTiming: ssm.onStartUser-0_com.android.server.pm.LauncherAppsService
08-16 16:52:13.291 1160 1160 D SystemServerTiming: ssm.onStartUser-0_com.android.server.pm.LauncherAppsService took to complete: 0ms
08-16 16:52:13.291 1160 1160 I SystemServerTiming: ssm.onStartUser-0_com.android.server.pm.CrossProfileAppsService
08-16 16:52:13.291 1160 1160 D SystemServerTiming: ssm.onStartUser-0_com.android.server.pm.CrossProfileAppsService took to complete: 0ms
08-16 16:52:13.291 1160 1160 I SystemServerTiming: ssm.onStartUser-0_com.android.server.people.PeopleService
08-16 16:52:13.291 1160 1160 D SystemServerTiming: ssm.onStartUser-0_com.android.server.people.PeopleService took to complete: 0ms
08-16 16:52:13.291 1160 1160 I SystemServerTiming: ssm.onStartUser-0_com.android.server.media.metrics.MediaMetricsManagerService
08-16 16:52:13.291 1160 1160 D SystemServerTiming: ssm.onStartUser-0_com.android.server.media.metrics.MediaMetricsManagerService took to complete: 0ms
08-16 16:52:13.292 1160 1160 I SystemServerTiming: ssm.onStartUser-0_com.android.server.media.projection.MediaProjectionManagerService
08-16 16:52:13.292 1160 1160 D SystemServerTiming: ssm.onStartUser-0_com.android.server.media.projection.MediaProjectionManagerService took to complete: 0ms
08-16 16:52:13.292 1160 1160 I SystemServerTiming: ssm.onStartUser-0_com.android.server.slice.SliceManagerService$Lifecycle
08-16 16:52:13.292 1160 1160 D SystemServerTiming: ssm.onStartUser-0_com.android.server.slice.SliceManagerService$Lifecycle took to complete: 0ms
08-16 16:52:13.292 1160 1160 I SystemServerTiming: ssm.onStartUser-0_com.android.server.stats.StatsCompanion$Lifecycle
08-16 16:52:13.292 1160 1160 D SystemServerTiming: ssm.onStartUser-0_com.android.server.stats.StatsCompanion$Lifecycle took to complete: 0ms
08-16 16:52:13.292 1160 1160 I SystemServerTiming: ssm.onStartUser-0_com.android.server.scheduling.RebootReadinessManagerService$Lifecycle
08-16 16:52:13.292 1160 1160 D SystemServerTiming: ssm.onStartUser-0_com.android.server.scheduling.RebootReadinessManagerService$Lifecycle took to complete: 0ms
08-16 16:52:13.292 1160 1160 I SystemServerTiming: ssm.onStartUser-0_com.android.server.stats.pull.StatsPullAtomService
08-16 16:52:13.292 1160 1160 D SystemServerTiming: ssm.onStartUser-0_com.android.server.stats.pull.StatsPullAtomService took to complete: 0ms
08-16 16:52:13.292 1160 1160 I SystemServerTiming: ssm.onStartUser-0_com.android.server.incident.IncidentCompanionService
08-16 16:52:13.292 1160 1160 D SystemServerTiming: ssm.onStartUser-0_com.android.server.incident.IncidentCompanionService took to complete: 0ms
08-16 16:52:13.292 1160 1160 I SystemServerTiming: ssm.onStartUser-0_com.android.server.MmsServiceBroker
08-16 16:52:13.292 1160 1160 D SystemServerTiming: ssm.onStartUser-0_com.android.server.MmsServiceBroker took to complete: 0ms
08-16 16:52:13.293 1160 1160 I SystemServerTiming: ssm.onStartUser-0_com.android.server.autofill.AutofillManagerService
08-16 16:52:13.293 1160 1160 D SystemServerTiming: ssm.onStartUser-0_com.android.server.autofill.AutofillManagerService took to complete: 0ms
08-16 16:52:13.293 1160 1160 I SystemServerTiming: ssm.onStartUser-0_com.android.server.clipboard.ClipboardService
08-16 16:52:13.293 1160 1160 D SystemServerTiming: ssm.onStartUser-0_com.android.server.clipboard.ClipboardService took to complete: 0ms
08-16 16:52:13.293 1160 1160 I SystemServerTiming: ssm.onStartUser-0_com.android.server.appbinding.AppBindingService$Lifecycle
08-16 16:52:13.293 1160 1160 D SystemServerTiming: ssm.onStartUser-0_com.android.server.appbinding.AppBindingService$Lifecycle took to complete: 1ms
08-16 16:52:13.293 1160 1160 I SystemServerTiming: ssm.onStartUser-0_com.android.server.tracing.TracingServiceProxy
08-16 16:52:13.293 1160 1160 D SystemServerTiming: ssm.onStartUser-0_com.android.server.tracing.TracingServiceProxy took to complete: 0ms
08-16 16:52:13.293 1160 1160 I SystemServerTiming: ssm.onStartUser-0_com.android.server.policy.PermissionPolicyService
08-16 16:52:13.293 1160 1160 D SystemServerTiming: ssm.onStartUser-0_com.android.server.policy.PermissionPolicyService took to complete: 0ms
08-16 16:52:13.293 1160 1160 I SystemServerTiming: ssm.onStartUser-0_com.android.server.pm.StagingManager$Lifecycle
08-16 16:52:13.293 1160 1160 D SystemServerTiming: ssm.onStartUser-0_com.android.server.pm.StagingManager$Lifecycle took to complete: 0ms
08-16 16:52:13.293 1160 1160 I SystemServerTiming: ssm.onStartUser-0_com.android.server.app.GameManagerService$Lifecycle
08-16 16:52:13.307 1160 1160 V GameManagerService: Settings file doesn't exists, skip reading
08-16 16:52:13.307 1160 1160 D SystemServerTiming: ssm.onStartUser-0_com.android.server.app.GameManagerService$Lifecycle took to complete: 14ms
08-16 16:52:13.308 1160 1160 I SystemServerTiming: ssm.onStartUser-0_com.android.server.appsearch.AppSearchManagerService
08-16 16:52:13.308 1160 1160 D SystemServerTiming: ssm.onStartUser-0_com.android.server.appsearch.AppSearchManagerService took to complete: 0ms
08-16 16:52:13.308 1160 1160 I SystemServerTiming: ssm.onStartUser-0_com.android.server.media.MediaCommunicationService
08-16 16:52:13.308 1160 1160 D SystemServerTiming: ssm.onStartUser-0_com.android.server.media.MediaCommunicationService took to complete: 1ms
08-16 16:52:13.308 1160 1160 D SystemServerTiming: ssm.StartUser-0 took to complete: 76ms
08-16 16:52:13.308 1160 1160 I SystemServerTiming: startPersistentApps
08-16 16:52:13.329 1160 1160 D CompatibilityChangeReporter: Compat change id reported: 135634846; UID 1001; state: DISABLED
01-01 05:46:33.759 0 0 I msm_vidc: high: 00000001: h265e: Closed video instance: ffffffdf1644c000
08-16 16:52:13.329 1160 1160 D CompatibilityChangeReporter: Compat change id reported: 177438394; UID 1001; state: DISABLED
08-16 16:52:13.330 1160 1160 D CompatibilityChangeReporter: Compat change id reported: 135772972; UID 1001; state: DISABLED
08-16 16:52:13.330 1160 1160 D CompatibilityChangeReporter: Compat change id reported: 135754954; UID 1001; state: ENABLED
08-16 16:52:13.334 1160 1160 D CompatibilityChangeReporter: Compat change id reported: 135634846; UID 10072; state: DISABLED
08-16 16:52:13.334 1160 1160 D CompatibilityChangeReporter: Compat change id reported: 177438394; UID 10072; state: DISABLED
08-16 16:52:13.334 1160 1160 D CompatibilityChangeReporter: Compat change id reported: 135772972; UID 10072; state: DISABLED
08-16 16:52:13.334 1160 1160 D CompatibilityChangeReporter: Compat change id reported: 135754954; UID 10072; state: DISABLED
08-16 16:52:13.336 1160 1365 W ActivityManager: Slow operation: 125ms so far, now at startProcess: returned from zygote!
08-16 16:52:13.336 1160 1160 D CompatibilityChangeReporter: Compat change id reported: 135634846; UID 10093; state: DISABLED
08-16 16:52:13.337 1160 1160 D CompatibilityChangeReporter: Compat change id reported: 177438394; UID 10093; state: DISABLED
08-16 16:52:13.337 1160 1160 D CompatibilityChangeReporter: Compat change id reported: 135772972; UID 10093; state: DISABLED
08-16 16:52:13.337 1160 1160 D CompatibilityChangeReporter: Compat change id reported: 135754954; UID 10093; state: ENABLED
08-16 16:52:13.340 1160 1160 D CompatibilityChangeReporter: Compat change id reported: 135634846; UID 10147; state: DISABLED
08-16 16:52:13.341 1160 1160 D CompatibilityChangeReporter: Compat change id reported: 177438394; UID 10147; state: DISABLED
08-16 16:52:13.341 1160 1160 D CompatibilityChangeReporter: Compat change id reported: 135772972; UID 10147; state: DISABLED
08-16 16:52:13.341 1160 1160 D CompatibilityChangeReporter: Compat change id reported: 135754954; UID 10147; state: ENABLED
08-16 16:52:13.343 1160 1160 D CompatibilityChangeReporter: Compat change id reported: 135634846; UID 10126; state: DISABLED
01-01 05:46:33.768 0 0 I binder : 1939:1939 ioctl 40046210 7fdf50bae4 returned -22
08-16 16:52:13.343 1160 1160 D CompatibilityChangeReporter: Compat change id reported: 177438394; UID 10126; state: DISABLED
08-16 16:52:13.343 1160 1160 D CompatibilityChangeReporter: Compat change id reported: 135772972; UID 10126; state: DISABLED
08-16 16:52:13.343 1160 1160 D CompatibilityChangeReporter: Compat change id reported: 135754954; UID 10126; state: ENABLED
08-16 16:52:13.346 1160 1160 D CompatibilityChangeReporter: Compat change id reported: 135634846; UID 1000; state: DISABLED
08-16 16:52:13.346 1160 1160 D CompatibilityChangeReporter: Compat change id reported: 177438394; UID 1000; state: DISABLED
08-16 16:52:13.346 1160 1160 D CompatibilityChangeReporter: Compat change id reported: 135772972; UID 1000; state: DISABLED
08-16 16:52:13.346 1160 1160 D CompatibilityChangeReporter: Compat change id reported: 135754954; UID 1000; state: ENABLED
08-16 16:52:13.348 1160 1160 D CompatibilityChangeReporter: Compat change id reported: 135634846; UID 10122; state: DISABLED
08-16 16:52:13.348 1160 1160 D CompatibilityChangeReporter: Compat change id reported: 177438394; UID 10122; state: DISABLED
08-16 16:52:13.348 1160 1160 D CompatibilityChangeReporter: Compat change id reported: 135772972; UID 10122; state: DISABLED
08-16 16:52:13.349 1160 1160 D CompatibilityChangeReporter: Compat change id reported: 135754954; UID 10122; state: ENABLED
08-16 16:52:13.350 1160 1160 D CompatibilityChangeReporter: Compat change id reported: 135634846; UID 10132; state: DISABLED
08-16 16:52:13.351 1160 1160 D CompatibilityChangeReporter: Compat change id reported: 177438394; UID 10132; state: DISABLED
08-16 16:52:13.351 1160 1160 D CompatibilityChangeReporter: Compat change id reported: 135772972; UID 10132; state: DISABLED
08-16 16:52:13.352 1160 1160 D CompatibilityChangeReporter: Compat change id reported: 135754954; UID 10132; state: DISABLED
08-16 16:52:13.354 1160 1160 D CompatibilityChangeReporter: Compat change id reported: 135634846; UID 1068; state: DISABLED
08-16 16:52:13.356 1160 1160 D CompatibilityChangeReporter: Compat change id reported: 135634846; UID 10085; state: DISABLED
08-16 16:52:13.357 1160 1160 D CompatibilityChangeReporter: Compat change id reported: 177438394; UID 10085; state: DISABLED
08-16 16:52:13.358 1160 1160 D CompatibilityChangeReporter: Compat change id reported: 135772972; UID 10085; state: DISABLED
08-16 16:52:13.358 1160 1160 D CompatibilityChangeReporter: Compat change id reported: 135754954; UID 10085; state: ENABLED
08-16 16:52:13.362 1160 1160 D SystemServerTiming: startPersistentApps took to complete: 53ms
08-16 16:52:13.362 1160 1160 I SystemServerTiming: startHomeOnAllDisplays
08-16 16:52:13.363 1160 1160 I ActivityTaskManager: START u0 {act=android.intent.action.MAIN cat=[android.intent.category.HOME] flg=0x10000100 cmp=com.android.settings/.FallbackHome (has extras)} from uid 0
01-01 05:46:33.795 0 0 E [kworke][0x4f9093c8][16:52:13.369987] wlan: [332:E:QDF] cds_get_context: 1486: Module ID 66 context is Null
08-16 16:52:13.386 1160 1160 D CompatibilityChangeReporter: Compat change id reported: 174042980; UID 1000; state: DISABLED
01-01 05:46:33.823 0 0 E init : Control message: Could not find 'vendor.qti.hardware.iop@2.0::IIop/default' for ctl.interface_start from pid: 518 (/system/bin/hwservicemanager)
08-16 16:52:13.417 1160 1977 W ContextImpl: Calling a method in the system process without a qualified user: android.app.ContextImpl.bindService:1895 android.content.ContextWrapper.bindService:810 com.qualcomm.qti.activityextension.ActivityNotifier.bindToDynamicDDSService:103 com.qualcomm.qti.activityextension.ActivityNotifier.handleSendActivityInvokeNotification:184 com.qualcomm.qti.activityextension.ActivityNotifier.access$300:26
01-01 05:46:33.843 0 0 I [kworke][0x4f9ea439][16:52:13.417993] wlan: [332:I:HIF] Initializing Runtime PM wakelock &psoc_wakelock->wmi_cmd_rsp_runtime_lock
08-16 16:52:13.418 1160 1160 D CompatibilityChangeReporter: Compat change id reported: 168419799; UID 1000; state: DISABLED
08-16 16:52:13.423 1160 1160 D SystemServerTiming: startHomeOnAllDisplays took to complete: 60ms
08-16 16:52:13.423 1160 1160 I SystemServerTiming: showSystemReadyErrorDialogs
01-01 05:46:33.849 0 0 I binder : 1952:1952 ioctl 40046210 7fdf50bae4 returned -22
01-01 05:46:33.849 0 0 F [kworke][0x4fa07285][16:52:13.424158] wlan: [332:F:WMA] WMA --> wmi_unified_attach - success
01-01 05:46:33.850 0 0 I msm_vidc: high: 00000001: ....d: Opening video instance: ffffffdf15434000, 1
01-01 05:46:33.862 0 0 I [kworke][0x4fa42fb9][16:52:13.436920] wlan: [332:I:HIF] Initializing Runtime PM wakelock &vdev->vdev_set_key_runtime_wakelock
01-01 05:46:33.864 0 0 I [kworke][0x4fa4b79a][16:52:13.438733] wlan: [332:I:HIF] Initializing Runtime PM wakelock &vdev->vdev_set_key_runtime_wakelock
01-01 05:46:33.866 0 0 I [kworke][0x4fa54df2][16:52:13.440738] wlan: [332:I:HIF] Initializing Runtime PM wakelock &vdev->vdev_set_key_runtime_wakelock
01-01 05:46:33.868 0 0 I [kworke][0x4fa5ec9f][16:52:13.442853] wlan: [332:I:HIF] Initializing Runtime PM wakelock &vdev->vdev_set_key_runtime_wakelock
01-01 05:46:33.869 0 0 I [kworke][0x4fa64ea1][16:52:13.444160] wlan: [332:I:HIF] Initializing Runtime PM wakelock &vdev->vdev_set_key_runtime_wakelock
01-01 05:46:33.871 0 0 I [kworke][0x4fa6cf6d][16:52:13.445877] wlan: [332:I:HIF] Initializing Runtime PM wakelock &vdev->vdev_set_key_runtime_wakelock
01-01 05:46:33.875 0 0 I [kworke][0x4fa7e49a][16:52:13.449571] wlan: [332:I:HIF] Initializing Runtime PM wakelock &wma_handle->wmi_cmd_rsp_runtime_lock
01-01 05:46:33.875 0 0 I [kworke][0x4fa7e6d3][16:52:13.449601] wlan: [332:I:HIF] Initializing Runtime PM wakelock &wma_handle->sap_prevent_runtime_pm_lock
01-01 05:46:33.890 0 0 I msm_vidc: high: 00000001: h264d: Closed video instance: ffffffdf15434000
08-16 16:52:13.487 1160 1160 D SystemServerTiming: showSystemReadyErrorDialogs took to complete: 63ms
08-16 16:52:13.487 1160 1160 I SystemServerTiming: sendUserStartBroadcast
08-16 16:52:13.487 1160 1160 D SystemServerTiming: sendUserStartBroadcast took to complete: 0ms
08-16 16:52:13.487 1160 1160 I SystemServerTiming: resumeTopActivities
08-16 16:52:13.490 1160 1160 D SystemServerTiming: resumeTopActivities took to complete: 2ms
08-16 16:52:13.490 1160 1160 I SystemServerTiming: sendUserSwitchBroadcasts
08-16 16:52:13.491 1160 1160 D SystemServerTiming: sendUserSwitchBroadcasts took to complete: 1ms
08-16 16:52:13.491 1160 1160 I SystemServerTiming: setBinderProxies
08-16 16:52:13.491 1160 1160 D SystemServerTiming: setBinderProxies took to complete: 0ms
08-16 16:52:13.492 1160 1160 D SystemServerTiming: ActivityManagerStartApps took to complete: 260ms
08-16 16:52:13.492 1160 1160 D SystemServerTiming: PhaseActivityManagerReady took to complete: 884ms
08-16 16:52:13.492 1160 1160 I SystemServerTiming: StartSystemUI
08-16 16:52:13.496 1160 1365 W ActivityManager: Slow operation: 285ms so far, now at startProcess: done updating battery stats
08-16 16:52:13.496 1160 1365 W ActivityManager: Slow operation: 285ms so far, now at startProcess: building log message
08-16 16:52:13.496 1160 1365 I ActivityManager: Start proc 1952:com.android.networkstack.process/1073 for service {com.android.networkstack/com.android.server.NetworkStackService}
08-16 16:52:13.496 1160 1365 W ActivityManager: Slow operation: 285ms so far, now at startProcess: starting to update pids map
08-16 16:52:13.497 1160 1365 W ActivityManager: Slow operation: 286ms so far, now at startProcess: done updating pids map
08-16 16:52:13.497 1160 1365 W ActivityManager: Slow operation: 171ms so far, now at startProcess: asking zygote to start proc
01-01 05:46:33.918 0 0 E [kworke][0x4fb468f2][16:52:13.492296] wlan: [332:E:QDF] htc_wait_target: 684: Target Ready! TX resource : 1 size:2176, MaxMsgsPerHTCBundle = 1
01-01 05:46:33.930 0 0 I msm_vidc: high: 00000001: ....d: Opening video instance: ffffffdf18814000, 1
01-01 05:46:33.932 0 0 E [kworke][0x4fb8a74d][16:52:13.506780] wlan: [332:E:QDF] htc_setup_target_buffer_assignments: 576: SVS Index : 1 TX : 0x100 : alloc:1
01-01 05:46:33.933 0 0 I binder : 1284:1284 ioctl 40046210 7ffa0612d4 returned -22
01-01 05:46:33.937 0 0 E : INFO: trying to register non-static key.
01-01 05:46:33.937 0 0 E : the code is fine but needs lockdep annotation.
01-01 05:46:33.937 0 0 I : CPU: 0 PID: 1991 Comm: VideoDecMsgThre Tainted: G S W O 4.19.157+ #1
01-01 05:46:33.937 0 0 I Hardware name: Qualcomm Technologies, Inc. kona MTP-RmPM8150b (DT)
01-01 05:46:33.937 0 0 I Call trace:
01-01 05:46:33.937 0 0 I : dump_backtrace+0x0/0x258
01-01 05:46:33.937 0 0 I : show_stack+0x20/0x30
01-01 05:46:33.937 0 0 I : dump_stack+0xd8/0x12c
01-01 05:46:33.937 0 0 I : register_lock_class+0x4d0/0x5c8
01-01 05:46:33.937 0 0 I : __lock_acquire+0xbc/0x1e58
01-01 05:46:33.937 0 0 I : lock_acquire+0x1cc/0x218
01-01 05:46:33.937 0 0 I : _raw_spin_lock_irqsave+0x54/0x98
01-01 05:46:33.937 0 0 I : __ion_system_secure_heap_resize+0x768/0x8c0
01-01 05:46:33.937 0 0 I : ion_system_secure_heap_prefetch+0x28/0x38
01-01 05:46:33.937 0 0 I : ion_walk_heaps+0x88/0xb8
01-01 05:46:33.937 0 0 I : ion_ioctl+0x1b0/0x2a8
01-01 05:46:33.937 0 0 I : __arm64_compat_sys_ioctl+0xf4/0x240
01-01 05:46:33.937 0 0 I : el0_svc_common+0xa4/0x190
01-01 05:46:33.937 0 0 I : el0_svc_compat_handler+0x28/0x38
01-01 05:46:33.937 0 0 I : el0_svc_compat+0x8/0x34
08-16 16:52:13.516 1160 1977 W ContextImpl: Calling a method in the system process without a qualified user: android.app.ContextImpl.bindService:1895 android.content.ContextWrapper.bindService:810 com.qualcomm.qti.activityextension.ActivityNotifier.bindToDynamicDDSService:103 com.qualcomm.qti.activityextension.ActivityNotifier.handleSendActivityInvokeNotification:184 com.qualcomm.qti.activityextension.ActivityNotifier.access$300:26
01-01 05:46:33.938 0 0 E : INFO: trying to register non-static key.
01-01 05:46:33.938 0 0 E : the code is fine but needs lockdep annotation.
01-01 05:46:33.938 0 0 I : CPU: 0 PID: 1991 Comm: VideoDecMsgThre Tainted: G S W O 4.19.157+ #1
01-01 05:46:33.938 0 0 I Hardware name: Qualcomm Technologies, Inc. kona MTP-RmPM8150b (DT)
01-01 05:46:33.938 0 0 I Call trace:
01-01 05:46:33.938 0 0 I : dump_backtrace+0x0/0x258
01-01 05:46:33.938 0 0 I : show_stack+0x20/0x30
01-01 05:46:33.938 0 0 I : dump_stack+0xd8/0x12c
01-01 05:46:33.938 0 0 I : register_lock_class+0x4d0/0x5c8
01-01 05:46:33.938 0 0 I : __lock_acquire+0xbc/0x1e58
01-01 05:46:33.938 0 0 I : lock_acquire+0x1cc/0x218
01-01 05:46:33.938 0 0 I : _raw_spin_lock_irqsave+0x54/0x98
01-01 05:46:33.938 0 0 I : __ion_system_secure_heap_resize+0x768/0x8c0
01-01 05:46:33.938 0 0 I : ion_system_secure_heap_prefetch+0x28/0x38
01-01 05:46:33.938 0 0 I : ion_walk_heaps+0x88/0xb8
01-01 05:46:33.938 0 0 I : ion_ioctl+0x1b0/0x2a8
01-01 05:46:33.938 0 0 I : __arm64_compat_sys_ioctl+0xf4/0x240
01-01 05:46:33.938 0 0 I : el0_svc_common+0xa4/0x190
01-01 05:46:33.938 0 0 I : el0_svc_compat_handler+0x28/0x38
01-01 05:46:33.938 0 0 I : el0_svc_compat+0x8/0x34
01-01 05:46:33.941 0 0 E : INFO: trying to register non-static key.
01-01 05:46:33.941 0 0 E : the code is fine but needs lockdep annotation.
01-01 05:46:33.941 0 0 I : CPU: 7 PID: 338 Comm: kworker/u16:15 Tainted: G S W O 4.19.157+ #1
01-01 05:46:33.941 0 0 I Hardware name: Qualcomm Technologies, Inc. kona MTP-RmPM8150b (DT)
01-01 05:46:33.941 0 0 I Workqueue: events_unbound ion_system_secure_heap_prefetch_work
01-01 05:46:33.941 0 0 I Call trace:
01-01 05:46:33.941 0 0 I : dump_backtrace+0x0/0x258
01-01 05:46:33.941 0 0 I : show_stack+0x20/0x30
01-01 05:46:33.941 0 0 I : dump_stack+0xd8/0x12c
01-01 05:46:33.941 0 0 I : register_lock_class+0x4d0/0x5c8
01-01 05:46:33.941 0 0 I : __lock_acquire+0xbc/0x1e58
01-01 05:46:33.941 0 0 I : lock_acquire+0x1cc/0x218
01-01 05:46:33.941 0 0 I : _raw_spin_lock_irqsave+0x54/0x98
01-01 05:46:33.941 0 0 I : ion_system_secure_heap_prefetch_work+0x48/0x2c0
01-01 05:46:33.941 0 0 I : process_one_work+0x38c/0x660
01-01 05:46:33.941 0 0 I : worker_thread+0x268/0x4b8
01-01 05:46:33.941 0 0 I : kthread+0x140/0x150
01-01 05:46:33.941 0 0 I : ret_from_fork+0x10/0x1c
01-01 05:46:33.943 0 0 E : INFO: trying to register non-static key.
01-01 05:46:33.943 0 0 E : the code is fine but needs lockdep annotation.
01-01 05:46:33.943 0 0 I : CPU: 7 PID: 338 Comm: kworker/u16:15 Tainted: G S W O 4.19.157+ #1
01-01 05:46:33.943 0 0 I Hardware name: Qualcomm Technologies, Inc. kona MTP-RmPM8150b (DT)
01-01 05:46:33.943 0 0 I Workqueue: events_unbound ion_system_secure_heap_prefetch_work
01-01 05:46:33.943 0 0 I Call trace:
01-01 05:46:33.943 0 0 I : dump_backtrace+0x0/0x258
01-01 05:46:33.943 0 0 I : show_stack+0x20/0x30
01-01 05:46:33.943 0 0 I : dump_stack+0xd8/0x12c
01-01 05:46:33.943 0 0 I : register_lock_class+0x4d0/0x5c8
01-01 05:46:33.943 0 0 I : __lock_acquire+0xbc/0x1e58
01-01 05:46:33.943 0 0 I : lock_acquire+0x1cc/0x218
01-01 05:46:33.943 0 0 I : _raw_spin_lock_irqsave+0x54/0x98
01-01 05:46:33.943 0 0 I : ion_system_secure_heap_prefetch_work+0x94/0x2c0
01-01 05:46:33.943 0 0 I : process_one_work+0x38c/0x660
01-01 05:46:33.943 0 0 I : worker_thread+0x268/0x4b8
01-01 05:46:33.943 0 0 I : kthread+0x140/0x150
01-01 05:46:33.943 0 0 I : ret_from_fork+0x10/0x1c
08-16 16:52:13.518 1160 1977 W ContextImpl: Calling a method in the system process without a qualified user: android.app.ContextImpl.bindService:1895 android.content.ContextWrapper.bindService:810 com.qualcomm.qti.activityextension.ActivityNotifier.bindToDynamicDDSService:103 com.qualcomm.qti.activityextension.ActivityNotifier.handleSendActivityInvokeNotification:184 com.qualcomm.qti.activityextension.ActivityNotifier.access$300:26
01-01 05:46:33.945 0 0 E : INFO: trying to register non-static key.
01-01 05:46:33.945 0 0 E : the code is fine but needs lockdep annotation.
01-01 05:46:33.945 0 0 I : CPU: 7 PID: 338 Comm: kworker/u16:15 Tainted: G S W O 4.19.157+ #1
01-01 05:46:33.945 0 0 I Hardware name: Qualcomm Technologies, Inc. kona MTP-RmPM8150b (DT)
01-01 05:46:33.945 0 0 I Workqueue: events_unbound ion_system_secure_heap_prefetch_work
01-01 05:46:33.945 0 0 I Call trace:
01-01 05:46:33.945 0 0 I : dump_backtrace+0x0/0x258
01-01 05:46:33.945 0 0 I : show_stack+0x20/0x30
01-01 05:46:33.945 0 0 I : dump_stack+0xd8/0x12c
01-01 05:46:33.945 0 0 I : register_lock_class+0x4d0/0x5c8
01-01 05:46:33.945 0 0 I : __lock_acquire+0xbc/0x1e58
01-01 05:46:33.945 0 0 I : lock_acquire+0x1cc/0x218
01-01 05:46:33.945 0 0 I : _raw_spin_lock_irqsave+0x54/0x98
01-01 05:46:33.945 0 0 I : ion_system_secure_heap_prefetch_work+0x94/0x2c0
01-01 05:46:33.945 0 0 I : process_one_work+0x38c/0x660
01-01 05:46:33.945 0 0 I : worker_thread+0x268/0x4b8
01-01 05:46:33.945 0 0 I : kthread+0x140/0x150
01-01 05:46:33.945 0 0 I : ret_from_fork+0x10/0x1c
01-01 05:46:33.946 0 0 D cnss : Assign MSI to user: DP, num_vectors: 18, user_base_data: 814, base_vector: 14
01-01 05:46:33.948 0 0 E : INFO: trying to register non-static key.
01-01 05:46:33.948 0 0 E : the code is fine but needs lockdep annotation.
01-01 05:46:33.948 0 0 I : CPU: 2 PID: 338 Comm: kworker/u16:15 Tainted: G S W O 4.19.157+ #1
01-01 05:46:33.948 0 0 I Hardware name: Qualcomm Technologies, Inc. kona MTP-RmPM8150b (DT)
01-01 05:46:33.948 0 0 I Workqueue: events_unbound ion_system_secure_heap_prefetch_work
01-01 05:46:33.948 0 0 I Call trace:
01-01 05:46:33.948 0 0 I : dump_backtrace+0x0/0x258
01-01 05:46:33.948 0 0 I : show_stack+0x20/0x30
01-01 05:46:33.948 0 0 I : dump_stack+0xd8/0x12c
01-01 05:46:33.948 0 0 I : register_lock_class+0x4d0/0x5c8
01-01 05:46:33.948 0 0 I : __lock_acquire+0xbc/0x1e58
01-01 05:46:33.948 0 0 I : lock_acquire+0x1cc/0x218
01-01 05:46:33.948 0 0 I : _raw_spin_lock_irqsave+0x54/0x98
01-01 05:46:33.948 0 0 I : ion_system_secure_heap_prefetch_work+0x94/0x2c0
01-01 05:46:33.948 0 0 I : process_one_work+0x38c/0x660
01-01 05:46:33.948 0 0 I : worker_thread+0x268/0x4b8
01-01 05:46:33.948 0 0 I : kthread+0x140/0x150
01-01 05:46:33.948 0 0 I : ret_from_fork+0x10/0x1c
01-01 05:46:33.951 0 0 E : INFO: trying to register non-static key.
08-16 16:52:13.521 1160 1267 D CompatibilityChangeReporter: Compat change id reported: 135634846; UID 1000; state: DISABLED
08-16 16:52:13.521 1160 1267 D CompatibilityChangeReporter: Compat change id reported: 177438394; UID 1000; state: DISABLED
08-16 16:52:13.521 1160 1267 D CompatibilityChangeReporter: Compat change id reported: 135772972; UID 1000; state: DISABLED
08-16 16:52:13.521 1160 1267 D CompatibilityChangeReporter: Compat change id reported: 135754954; UID 1000; state: ENABLED
08-16 16:52:13.525 1160 1194 D CompatibilityChangeReporter: Compat change id reported: 168419799; UID 1073; state: DISABLED
08-16 16:52:13.529 1160 1194 D CompatibilityChangeReporter: Compat change id reported: 181136395; UID 1000; state: DISABLED
08-16 16:52:13.536 1160 1194 D CompatibilityChangeReporter: Compat change id reported: 174042936; UID 1000; state: DISABLED
01-01 05:46:33.958 0 0 E : INFO: trying to register non-static key.
01-01 05:46:33.961 0 0 E : the code is fine but needs lockdep annotation.
01-01 05:46:33.963 0 0 I [kworke][0x4fc1e04a][16:52:13.538261] wlan: [332:I:HIF] +hif_update_pipe_callback pipeid 5
01-01 05:46:33.963 0 0 I [kworke][0x4fc1e1e4][16:52:13.538282] wlan: [332:I:HIF] -hif_update_pipe_callback
01-01 05:46:33.964 0 0 D cnss : Assign MSI to user: DP, num_vectors: 18, user_base_data: 814, base_vector: 14
01-01 05:46:33.967 0 0 E : the code is fine but needs lockdep annotation.
01-01 05:46:33.967 0 0 I : CPU: 6 PID: 1913 Comm: HwBinder:1289_4 Tainted: G S W O 4.19.157+ #1
01-01 05:46:33.968 0 0 E [kworke][0x4fc347e5][16:52:13.543055] wlan: [332:E:DP] dp_srng_get_str_from_hal_ring_type: 7726: Invalid ring type
01-01 05:46:33.968 0 0 D cnss : Assign MSI to user: DP, num_vectors: 18, user_base_data: 814, base_vector: 14
01-01 05:46:33.969 0 0 D cnss : Assign MSI to user: DP, num_vectors: 18, user_base_data: 814, base_vector: 14
01-01 05:46:33.969 0 0 D cnss : Assign MSI to user: DP, num_vectors: 18, user_base_data: 814, base_vector: 14
01-01 05:46:33.969 0 0 D cnss : Assign MSI to user: DP, num_vectors: 18, user_base_data: 814, base_vector: 14
01-01 05:46:33.969 0 0 E init : Control message: Could not find 'vendor.qti.hardware.iop@2.0::IIop/default' for ctl.interface_start from pid: 518 (/system/bin/hwservicemanager)
01-01 05:46:33.969 0 0 D cnss : Assign MSI to user: DP, num_vectors: 18, user_base_data: 814, base_vector: 14
01-01 05:46:33.969 0 0 D cnss : Assign MSI to user: DP, num_vectors: 18, user_base_data: 814, base_vector: 14
01-01 05:46:33.969 0 0 D cnss : Assign MSI to user: DP, num_vectors: 18, user_base_data: 814, base_vector: 14
01-01 05:46:33.969 0 0 D cnss : Assign MSI to user: DP, num_vectors: 18, user_base_data: 814, base_vector: 14
01-01 05:46:33.969 0 0 I [kworke][0x4fc39de2][16:52:13.544201] wlan: [332:I:DP] dp_tx_soc_attach Tx Desc Alloc num_pool = 4, descs = 4096
08-16 16:52:13.549 1160 1194 D CompatibilityChangeReporter: Compat change id reported: 168419799; UID 1073; state: DISABLED
08-16 16:52:13.550 1228 1228 I iorapd : iorapd (the prefetchening) readied up
01-01 05:46:33.975 0 0 I [kworke][0x4fc5283b][16:52:13.549459] wlan: [332:I:DP] dp_tx_soc_attach MSDU Ext Desc Alloc 4, descs = 4096
01-01 05:46:33.978 0 0 I Hardware name: Qualcomm Technologies, Inc. kona MTP-RmPM8150b (DT)
01-01 05:46:33.978 0 0 I Call trace:
01-01 05:46:33.978 0 0 I : dump_backtrace+0x0/0x258
01-01 05:46:33.978 0 0 I : show_stack+0x20/0x30
01-01 05:46:33.978 0 0 I : dump_stack+0xd8/0x12c
01-01 05:46:33.978 0 0 I : register_lock_class+0x4d0/0x5c8
01-01 05:46:33.978 0 0 I : __lock_acquire+0xbc/0x1e58
01-01 05:46:33.978 0 0 I : lock_acquire+0x1cc/0x218
01-01 05:46:33.978 0 0 I : _raw_spin_lock_irqsave+0x54/0x98
01-01 05:46:33.978 0 0 I : __ion_system_secure_heap_resize+0x768/0x8c0
01-01 05:46:33.978 0 0 I : ion_system_secure_heap_drain+0x28/0x38
01-01 05:46:33.978 0 0 I : ion_walk_heaps+0x88/0xb8
01-01 05:46:33.978 0 0 I : ion_ioctl+0x1b0/0x2a8
01-01 05:46:33.978 0 0 I : __arm64_compat_sys_ioctl+0xf4/0x240
01-01 05:46:33.978 0 0 I : el0_svc_common+0xa4/0x190
01-01 05:46:33.978 0 0 I : el0_svc_compat_handler+0x28/0x38
01-01 05:46:33.978 0 0 I : el0_svc_compat+0x8/0x34
01-01 05:46:33.978 0 0 I : CPU: 2 PID: 338 Comm: kworker/u16:15 Tainted: G S W O 4.19.157+ #1
01-01 05:46:33.978 0 0 I Hardware name: Qualcomm Technologies, Inc. kona MTP-RmPM8150b (DT)
01-01 05:46:33.978 0 0 I Workqueue: events_unbound ion_system_secure_heap_prefetch_work
01-01 05:46:33.978 0 0 I Call trace:
01-01 05:46:33.978 0 0 I : dump_backtrace+0x0/0x258
01-01 05:46:33.978 0 0 I : show_stack+0x20/0x30
01-01 05:46:33.978 0 0 I : dump_stack+0xd8/0x12c
01-01 05:46:33.978 0 0 E : INFO: trying to register non-static key.
01-01 05:46:33.978 0 0 E : the code is fine but needs lockdep annotation.
01-01 05:46:33.985 0 0 I [kworke][0x4fc83df1][16:52:13.559989] wlan: [332:I:DP] dp_tx_soc_attach HAL Tx init Success
01-01 05:46:33.989 0 0 I : register_lock_class+0x4d0/0x5c8
01-01 05:46:33.989 0 0 I : __lock_acquire+0xbc/0x1e58
01-01 05:46:33.989 0 0 I : lock_acquire+0x1cc/0x218
01-01 05:46:33.989 0 0 I : _raw_spin_lock_irqsave+0x54/0x98
01-01 05:46:33.989 0 0 I : ion_system_secure_heap_prefetch_work+0x94/0x2c0
01-01 05:46:33.989 0 0 I : process_one_work+0x38c/0x660
01-01 05:46:33.989 0 0 I : worker_thread+0x268/0x4b8
01-01 05:46:33.989 0 0 I : kthread+0x140/0x150
01-01 05:46:33.989 0 0 I : ret_from_fork+0x10/0x1c
01-01 05:46:33.989 0 0 I : CPU: 6 PID: 1913 Comm: HwBinder:1289_4 Tainted: G S W O 4.19.157+ #1
01-01 05:46:33.989 0 0 I Hardware name: Qualcomm Technologies, Inc. kona MTP-RmPM8150b (DT)
01-01 05:46:33.989 0 0 I Call trace:
01-01 05:46:33.989 0 0 I : dump_backtrace+0x0/0x258
01-01 05:46:33.989 0 0 I : show_stack+0x20/0x30
01-01 05:46:33.989 0 0 I : dump_stack+0xd8/0x12c
01-01 05:46:33.989 0 0 I : register_lock_class+0x4d0/0x5c8
01-01 05:46:33.989 0 0 I : __lock_acquire+0xbc/0x1e58
01-01 05:46:33.989 0 0 I : lock_acquire+0x1cc/0x218
01-01 05:46:33.989 0 0 I : _raw_spin_lock_irqsave+0x54/0x98
01-01 05:46:33.989 0 0 I : __ion_system_secure_heap_resize+0x768/0x8c0
01-01 05:46:33.989 0 0 I : ion_system_secure_heap_drain+0x28/0x38
01-01 05:46:33.989 0 0 I : ion_walk_heaps+0x88/0xb8
01-01 05:46:33.989 0 0 I : ion_ioctl+0x1b0/0x2a8
01-01 05:46:33.989 0 0 I : __arm64_compat_sys_ioctl+0xf4/0x240
01-01 05:46:33.989 0 0 I : el0_svc_common+0xa4/0x190
01-01 05:46:33.989 0 0 I : el0_svc_compat_handler+0x28/0x38
01-01 05:46:33.991 0 0 E : INFO: trying to register non-static key.
01-01 05:46:33.991 0 0 E : the code is fine but needs lockdep annotation.
08-16 16:52:13.574 1160 1160 D SystemServerTiming: StartSystemUI took to complete: 82ms
08-16 16:52:13.574 1160 1160 I SystemServerTiming: startRemoteControlService
08-16 16:52:13.575 1160 1160 D SystemServerTiming: startRemoteControlService took to complete: 1ms
08-16 16:52:13.576 1160 1160 D SystemServerTiming: startOtherServices took to complete: 2719ms
08-16 16:52:13.576 1160 1160 D SystemServerTiming: StartServices took to complete: 8110ms
08-16 16:52:13.580 1160 1160 W Looper : Slow delivery took 4542ms main h=android.app.PropertyInvalidatedCache$AutoCorker$1 c=null m=0
01-01 05:46:34.003 0 0 D cnss : Assign MSI to user: DP, num_vectors: 18, user_base_data: 814, base_vector: 14
01-01 05:46:34.005 0 0 I : el0_svc_compat+0x8/0x34
01-01 05:46:34.005 0 0 I : CPU: 2 PID: 338 Comm: kworker/u16:15 Tainted: G S W O 4.19.157+ #1
01-01 05:46:34.005 0 0 I Hardware name: Qualcomm Technologies, Inc. kona MTP-RmPM8150b (DT)
08-16 16:52:13.583 1160 1365 W ActivityManager: Slow operation: 256ms so far, now at startProcess: returned from zygote!
01-01 05:46:34.005 0 0 I Workqueue: events_unbound ion_system_secure_heap_prefetch_work
01-01 05:46:34.005 0 0 I Call trace:
01-01 05:46:34.005 0 0 I : dump_backtrace+0x0/0x258
01-01 05:46:34.005 0 0 I : show_stack+0x20/0x30
01-01 05:46:34.005 0 0 I : dump_stack+0xd8/0x12c
01-01 05:46:34.005 0 0 I : register_lock_class+0x4d0/0x5c8
01-01 05:46:34.005 0 0 I : __lock_acquire+0xbc/0x1e58
01-01 05:46:34.005 0 0 I : lock_acquire+0x1cc/0x218
08-16 16:52:13.583 1160 1365 W ActivityManager: Slow operation: 257ms so far, now at startProcess: done updating battery stats
08-16 16:52:13.584 1160 1365 W ActivityManager: Slow operation: 257ms so far, now at startProcess: building log message
08-16 16:52:13.584 1160 1365 I ActivityManager: Start proc 2001:.dataservices/1001 for added application .dataservices
08-16 16:52:13.584 1160 1365 W ActivityManager: Slow operation: 258ms so far, now at startProcess: starting to update pids map
08-16 16:52:13.584 1160 1365 W ActivityManager: Slow operation: 258ms so far, now at startProcess: done updating pids map
08-16 16:52:13.585 1160 1365 W ActivityManager: Slow operation: 253ms so far, now at startProcess: asking zygote to start proc
08-16 16:52:13.585 1160 1365 D CompatibilityChangeReporter: Compat change id reported: 143937733; UID 10072; state: DISABLED
01-01 05:46:34.011 0 0 I msm_vidc: high: 00000001: h264d: Closed video instance: ffffffdf18814000
01-01 05:46:34.012 0 0 D cnss : Assign MSI to user: DP, num_vectors: 18, user_base_data: 814, base_vector: 14
01-01 05:46:34.012 0 0 I [kworke][0x4fd02de0][16:52:13.587081] wlan: [332:I:DP] dp_soc_cmn_setup: 3274: num_reo_dest_rings 4
01-01 05:46:34.012 0 0 D cnss : Assign MSI to user: DP, num_vectors: 18, user_base_data: 814, base_vector: 14
01-01 05:46:34.012 0 0 D cnss : Assign MSI to user: DP, num_vectors: 18, user_base_data: 814, base_vector: 14
08-16 16:52:13.589 1160 1193 W PackageManager: Loading a package that does not exist for the calling user. package=null, user=0
01-01 05:46:34.013 0 0 D cnss : Assign MSI to user: DP, num_vectors: 18, user_base_data: 814, base_vector: 14
01-01 05:46:34.013 0 0 D cnss : Assign MSI to user: DP, num_vectors: 18, user_base_data: 814, base_vector: 14
01-01 05:46:34.013 0 0 D cnss : Assign MSI to user: DP, num_vectors: 18, user_base_data: 814, base_vector: 14
01-01 05:46:34.013 0 0 D cnss : Assign MSI to user: DP, num_vectors: 18, user_base_data: 814, base_vector: 14
01-01 05:46:34.013 0 0 D cnss : Assign MSI to user: DP, num_vectors: 18, user_base_data: 814, base_vector: 14
01-01 05:46:34.014 0 0 D cnss : Assign MSI to user: DP, num_vectors: 18, user_base_data: 814, base_vector: 14
01-01 05:46:34.014 0 0 D cnss : Assign MSI to user: DP, num_vectors: 18, user_base_data: 814, base_vector: 14
01-01 05:46:34.015 0 0 D cnss : Assign MSI to user: DP, num_vectors: 18, user_base_data: 814, base_vector: 14
01-01 05:46:34.015 0 0 D cnss : Assign MSI to user: DP, num_vectors: 18, user_base_data: 814, base_vector: 14
01-01 05:46:34.015 0 0 I [kworke][0x4fd11611][16:52:13.590177] wlan: [332:I:HAL] hal_reo_set_err_dst_remap_6390: 1024: HWIO_REO_R0_ERROR_DESTINATION_MAPPING_IX_0 0x28005b6d
01-01 05:46:34.015 0 0 I : _raw_spin_lock_irqsave+0x54/0x98
01-01 05:46:34.015 0 0 I : ion_system_secure_heap_prefetch_work+0x94/0x2c0
01-01 05:46:34.015 0 0 D cnss : Assign MSI to user: DP, num_vectors: 18, user_base_data: 814, base_vector: 14
01-01 05:46:34.015 0 0 I : process_one_work+0x38c/0x660
01-01 05:46:34.015 0 0 I : worker_thread+0x268/0x4b8
01-01 05:46:34.015 0 0 I : kthread+0x140/0x150
01-01 05:46:34.015 0 0 I : ret_from_fork+0x10/0x1c
01-01 05:46:34.016 0 0 D cnss : Assign MSI to user: DP, num_vectors: 18, user_base_data: 814, base_vector: 14
01-01 05:46:34.022 0 0 E : INFO: trying to register non-static key.
01-01 05:46:34.033 0 0 D cnss : Assign MSI to user: DP, num_vectors: 18, user_base_data: 814, base_vector: 14
08-16 16:52:13.608 1160 1194 I ActivityManager: Process WebViewLoader-armeabi-v7a (pid 1909) has died: psvc PER
08-16 16:52:13.624 1160 1160 D ConditionProviders.SCP: onConnected
08-16 16:52:13.626 1160 1160 D ConditionProviders: Subscribing to condition://android/event?userId=-10000&calendar=&reply=1 with ComponentInfo{android/com.android.server.notification.EventConditionProvider}
08-16 16:52:13.627 1160 1160 D ConditionProviders: Subscribing to condition://android/schedule?days=1.2.3.4.5.6.7&start=22.0&end=7.0&exitAtAlarm=true with ComponentInfo{android/com.android.server.notification.ScheduleConditionProvider}
01-01 05:46:34.044 0 0 E : the code is fine but needs lockdep annotation.
01-01 05:46:34.044 0 0 I : CPU: 2 PID: 338 Comm: kworker/u16:15 Tainted: G S W O 4.19.157+ #1
01-01 05:46:34.044 0 0 I Hardware name: Qualcomm Technologies, Inc. kona MTP-RmPM8150b (DT)
01-01 05:46:34.044 0 0 I Workqueue: events_unbound ion_system_secure_heap_prefetch_work
01-01 05:46:34.044 0 0 I Call trace:
01-01 05:46:34.044 0 0 I : dump_backtrace+0x0/0x258
01-01 05:46:34.044 0 0 I : show_stack+0x20/0x30
01-01 05:46:34.049 0 0 E init : Control message: Could not find 'vendor.qti.hardware.iop@2.0::IIop/default' for ctl.interface_start from pid: 518 (/system/bin/hwservicemanager)
08-16 16:52:13.631 1160 1160 D CompatibilityChangeReporter: Compat change id reported: 135634846; UID 10153; state: DISABLED
08-16 16:52:13.632 1160 1160 D CompatibilityChangeReporter: Compat change id reported: 177438394; UID 10153; state: DISABLED
08-16 16:52:13.632 1160 1160 D CompatibilityChangeReporter: Compat change id reported: 135772972; UID 10153; state: DISABLED
08-16 16:52:13.632 1160 1160 D CompatibilityChangeReporter: Compat change id reported: 135754954; UID 10153; state: ENABLED
01-01 05:46:34.063 0 0 D cnss : Assign MSI to user: DP, num_vectors: 18, user_base_data: 814, base_vector: 14
01-01 05:46:34.064 0 0 I : dump_stack+0xd8/0x12c
01-01 05:46:34.064 0 0 I : register_lock_class+0x4d0/0x5c8
01-01 05:46:34.064 0 0 I : __lock_acquire+0xbc/0x1e58
01-01 05:46:34.064 0 0 I : lock_acquire+0x1cc/0x218
01-01 05:46:34.064 0 0 I : _raw_spin_lock_irqsave+0x54/0x98
01-01 05:46:34.064 0 0 I : ion_system_secure_heap_prefetch_work+0x94/0x2c0
01-01 05:46:34.064 0 0 I : process_one_work+0x38c/0x660
01-01 05:46:34.064 0 0 I : worker_thread+0x268/0x4b8
01-01 05:46:34.088 0 0 D cnss : Assign MSI to user: DP, num_vectors: 18, user_base_data: 814, base_vector: 14
01-01 05:46:34.091 0 0 I : kthread+0x140/0x150
01-01 05:46:34.091 0 0 I : ret_from_fork+0x10/0x1c
01-01 05:46:34.095 0 0 I init : processing action (vendor.bluetooth.startbtlogger=true) from (/system_ext/etc/init/init.qti.bt.logger.rc:29)
01-01 05:46:34.098 0 0 I init : starting service 'vendor.bt_logger'...
01-01 05:46:34.111 0 0 D cnss : Assign MSI to user: DP, num_vectors: 18, user_base_data: 814, base_vector: 14
01-01 05:46:34.128 0 0 E : INFO: trying to register non-static key.
01-01 05:46:34.133 0 0 E : the code is fine but needs lockdep annotation.
01-01 05:46:34.139 0 0 I : CPU: 5 PID: 338 Comm: kworker/u16:15 Tainted: G S W O 4.19.157+ #1
01-01 05:46:34.139 0 0 I Hardware name: Qualcomm Technologies, Inc. kona MTP-RmPM8150b (DT)
01-01 05:46:34.139 0 0 I Workqueue: events_unbound ion_system_secure_heap_prefetch_work
01-01 05:46:34.139 0 0 I Call trace:
01-01 05:46:34.139 0 0 I : dump_backtrace+0x0/0x258
01-01 05:46:34.139 0 0 I : show_stack+0x20/0x30
01-01 05:46:34.139 0 0 I : dump_stack+0xd8/0x12c
01-01 05:46:34.139 0 0 I : register_lock_class+0x4d0/0x5c8
01-01 05:46:34.139 0 0 I : __lock_acquire+0xbc/0x1e58
01-01 05:46:34.139 0 0 I : lock_acquire+0x1cc/0x218
01-01 05:46:34.139 0 0 I : _raw_spin_lock_irqsave+0x54/0x98
01-01 05:46:34.139 0 0 I : ion_system_secure_heap_prefetch_work+0x94/0x2c0
01-01 05:46:34.139 0 0 I : process_one_work+0x38c/0x660
01-01 05:46:34.139 0 0 I : worker_thread+0x268/0x4b8
01-01 05:46:34.139 0 0 I : kthread+0x140/0x150
01-01 05:46:34.139 0 0 I : ret_from_fork+0x10/0x1c
01-01 05:46:34.146 0 0 E : INFO: trying to register non-static key.
01-01 05:46:34.151 0 0 E : the code is fine but needs lockdep annotation.
01-01 05:46:34.157 0 0 I : CPU: 5 PID: 338 Comm: kworker/u16:15 Tainted: G S W O 4.19.157+ #1
01-01 05:46:34.157 0 0 I Hardware name: Qualcomm Technologies, Inc. kona MTP-RmPM8150b (DT)
01-01 05:46:34.157 0 0 I Workqueue: events_unbound ion_system_secure_heap_prefetch_work
01-01 05:46:34.157 0 0 I Call trace:
01-01 05:46:34.157 0 0 I : dump_backtrace+0x0/0x258
01-01 05:46:34.157 0 0 I : show_stack+0x20/0x30
01-01 05:46:34.157 0 0 I : dump_stack+0xd8/0x12c
01-01 05:46:34.157 0 0 I : register_lock_class+0x4d0/0x5c8
01-01 05:46:34.157 0 0 I : __lock_acquire+0xbc/0x1e58
01-01 05:46:34.157 0 0 I : lock_acquire+0x1cc/0x218
01-01 05:46:34.157 0 0 I : _raw_spin_lock_irqsave+0x54/0x98
01-01 05:46:34.157 0 0 I : ion_system_secure_heap_prefetch_work+0x94/0x2c0
01-01 05:46:34.157 0 0 I : process_one_work+0x38c/0x660
01-01 05:46:34.157 0 0 I : worker_thread+0x268/0x4b8
01-01 05:46:34.157 0 0 I : kthread+0x140/0x150
01-01 05:46:34.157 0 0 I : ret_from_fork+0x10/0x1c
01-01 05:46:34.167 0 0 I binder : 2001:2001 ioctl 40046210 7fdf50bae4 returned -22
01-01 05:46:34.170 0 0 I init : Command 'start vendor.bt_logger' action=vendor.bluetooth.startbtlogger=true (/system_ext/etc/init/init.qti.bt.logger.rc:30) took 74ms and succeeded
08-16 16:52:13.762 1160 1365 W ActivityManager: Slow operation: 431ms so far, now at startProcess: returned from zygote!
08-16 16:52:13.764 1160 1193 D CompatibilityChangeReporter: Compat change id reported: 168419799; UID 1001; state: DISABLED
01-01 05:46:34.181 0 0 E : INFO: trying to register non-static key.
01-01 05:46:34.186 0 0 E : the code is fine but needs lockdep annotation.
01-01 05:46:34.192 0 0 I : CPU: 5 PID: 338 Comm: kworker/u16:15 Tainted: G S W O 4.19.157+ #1
01-01 05:46:34.192 0 0 I Hardware name: Qualcomm Technologies, Inc. kona MTP-RmPM8150b (DT)
01-01 05:46:34.192 0 0 I Workqueue: events_unbound ion_system_secure_heap_prefetch_work
01-01 05:46:34.192 0 0 I Call trace:
01-01 05:46:34.192 0 0 I : dump_backtrace+0x0/0x258
01-01 05:46:34.192 0 0 I : show_stack+0x20/0x30
01-01 05:46:34.192 0 0 I : dump_stack+0xd8/0x12c
01-01 05:46:34.192 0 0 I : register_lock_class+0x4d0/0x5c8
01-01 05:46:34.192 0 0 I : __lock_acquire+0xbc/0x1e58
01-01 05:46:34.192 0 0 I : lock_acquire+0x1cc/0x218
01-01 05:46:34.192 0 0 I : _raw_spin_lock_irqsave+0x54/0x98
01-01 05:46:34.192 0 0 I : ion_system_secure_heap_prefetch_work+0x94/0x2c0
01-01 05:46:34.192 0 0 I : process_one_work+0x38c/0x660
01-01 05:46:34.192 0 0 I : worker_thread+0x268/0x4b8
01-01 05:46:34.192 0 0 I : kthread+0x140/0x150
01-01 05:46:34.192 0 0 I : ret_from_fork+0x10/0x1c
08-16 16:52:13.771 1160 1193 D CompatibilityChangeReporter: Compat change id reported: 168419799; UID 1001; state: DISABLED
08-16 16:52:13.775 1160 1365 W ActivityManager: Slow operation: 444ms so far, now at startProcess: done updating battery stats
08-16 16:52:13.775 1160 1365 W ActivityManager: Slow operation: 444ms so far, now at startProcess: building log message
08-16 16:52:13.775 1160 1365 I ActivityManager: Start proc 2034:.qtidataservices/u0a72 for added application .qtidataservices
08-16 16:52:13.775 1160 1365 W ActivityManager: Slow operation: 444ms so far, now at startProcess: starting to update pids map
08-16 16:52:13.776 1160 1365 W ActivityManager: Slow operation: 444ms so far, now at startProcess: done updating pids map
08-16 16:52:13.776 1160 1365 W ActivityManager: Slow operation: 441ms so far, now at startProcess: asking zygote to start proc
08-16 16:52:13.776 1160 1365 D CompatibilityChangeReporter: Compat change id reported: 143937733; UID 10093; state: ENABLED
01-01 05:46:34.209 0 0 E init : Control message: Could not find 'vendor.qti.hardware.iop@2.0::IIop/default' for ctl.interface_start from pid: 518 (/system/bin/hwservicemanager)
01-01 05:46:34.236 0 0 E : INFO: trying to register non-static key.
01-01 05:46:34.241 0 0 E : the code is fine but needs lockdep annotation.
01-01 05:46:34.247 0 0 I : CPU: 6 PID: 338 Comm: kworker/u16:15 Tainted: G S W O 4.19.157+ #1
01-01 05:46:34.247 0 0 I Hardware name: Qualcomm Technologies, Inc. kona MTP-RmPM8150b (DT)
01-01 05:46:34.247 0 0 I Workqueue: events_unbound ion_system_secure_heap_prefetch_work
01-01 05:46:34.247 0 0 I Call trace:
01-01 05:46:34.247 0 0 I : dump_backtrace+0x0/0x258
01-01 05:46:34.247 0 0 I : show_stack+0x20/0x30
01-01 05:46:34.247 0 0 I : dump_stack+0xd8/0x12c
01-01 05:46:34.247 0 0 I : register_lock_class+0x4d0/0x5c8
01-01 05:46:34.247 0 0 I : __lock_acquire+0xbc/0x1e58
01-01 05:46:34.247 0 0 I : lock_acquire+0x1cc/0x218
01-01 05:46:34.247 0 0 I : _raw_spin_lock_irqsave+0x54/0x98
01-01 05:46:34.247 0 0 I : ion_system_secure_heap_prefetch_work+0x94/0x2c0
01-01 05:46:34.247 0 0 I : process_one_work+0x38c/0x660
01-01 05:46:34.247 0 0 I : worker_thread+0x268/0x4b8
01-01 05:46:34.247 0 0 I : kthread+0x140/0x150
01-01 05:46:34.247 0 0 I : ret_from_fork+0x10/0x1c
08-16 16:52:13.818 1160 1193 D CompatibilityChangeReporter: Compat change id reported: 171306433; UID 1000; state: ENABLED
01-01 05:46:34.278 0 0 I binder : 2034:2034 ioctl 40046210 7fdf50bae4 returned -22
08-16 16:52:13.859 1160 1867 E WebViewUpdateServiceImpl: Timed out waiting for relro creation, relros started 2 relros finished 1 package dirty? false
08-16 16:52:13.859 1160 1867 W WebViewUpdateServiceImpl: creating relro file timed out
01-01 05:46:34.280 0 0 E : INFO: trying to register non-static key.
01-01 05:46:34.286 0 0 E : the code is fine but needs lockdep annotation.
01-01 05:46:34.287 0 0 I msm_vidc: high: 00000001: ....d: Opening video instance: ffffffdf0c7a4000, 1
01-01 05:46:34.291 0 0 I : CPU: 4 PID: 338 Comm: kworker/u16:15 Tainted: G S W O 4.19.157+ #1
01-01 05:46:34.291 0 0 I Hardware name: Qualcomm Technologies, Inc. kona MTP-RmPM8150b (DT)
01-01 05:46:34.291 0 0 I Workqueue: events_unbound ion_system_secure_heap_prefetch_work
01-01 05:46:34.291 0 0 I Call trace:
01-01 05:46:34.291 0 0 I : dump_backtrace+0x0/0x258
01-01 05:46:34.291 0 0 I : show_stack+0x20/0x30
01-01 05:46:34.291 0 0 I : dump_stack+0xd8/0x12c
01-01 05:46:34.291 0 0 I : register_lock_class+0x4d0/0x5c8
01-01 05:46:34.291 0 0 I : __lock_acquire+0xbc/0x1e58
01-01 05:46:34.291 0 0 I : lock_acquire+0x1cc/0x218
01-01 05:46:34.291 0 0 I : _raw_spin_lock_irqsave+0x54/0x98
01-01 05:46:34.291 0 0 I : ion_system_secure_heap_prefetch_work+0x94/0x2c0
01-01 05:46:34.291 0 0 I : process_one_work+0x38c/0x660
01-01 05:46:34.291 0 0 I : worker_thread+0x268/0x4b8
01-01 05:46:34.291 0 0 I : kthread+0x140/0x150
01-01 05:46:34.291 0 0 I : ret_from_fork+0x10/0x1c
08-16 16:52:13.889 1160 1720 D CompatibilityChangeReporter: Compat change id reported: 168419799; UID 10072; state: DISABLED
01-01 05:46:34.315 0 0 E : INFO: trying to register non-static key.
01-01 05:46:34.320 0 0 E : the code is fine but needs lockdep annotation.
01-01 05:46:34.325 0 0 I : CPU: 5 PID: 338 Comm: kworker/u16:15 Tainted: G S W O 4.19.157+ #1
01-01 05:46:34.325 0 0 I Hardware name: Qualcomm Technologies, Inc. kona MTP-RmPM8150b (DT)
01-01 05:46:34.325 0 0 I Workqueue: events_unbound ion_system_secure_heap_prefetch_work
01-01 05:46:34.325 0 0 I Call trace:
01-01 05:46:34.325 0 0 I : dump_backtrace+0x0/0x258
01-01 05:46:34.325 0 0 I : show_stack+0x20/0x30
01-01 05:46:34.325 0 0 I : dump_stack+0xd8/0x12c
01-01 05:46:34.325 0 0 I : register_lock_class+0x4d0/0x5c8
01-01 05:46:34.325 0 0 I : __lock_acquire+0xbc/0x1e58
01-01 05:46:34.325 0 0 I : lock_acquire+0x1cc/0x218
01-01 05:46:34.325 0 0 I : _raw_spin_lock_irqsave+0x54/0x98
01-01 05:46:34.325 0 0 I : ion_system_secure_heap_prefetch_work+0x94/0x2c0
01-01 05:46:34.325 0 0 I : process_one_work+0x38c/0x660
01-01 05:46:34.325 0 0 I : worker_thread+0x268/0x4b8
01-01 05:46:34.325 0 0 I : kthread+0x140/0x150
01-01 05:46:34.325 0 0 I : ret_from_fork+0x10/0x1c
08-16 16:52:13.901 1160 1160 W Looper : Slow dispatch took 258ms main h=android.app.ActivityThread$H c=null m=114
08-16 16:52:13.903 1160 1160 I PackageWatchdog: Syncing health check requests for packages: {}
08-16 16:52:13.903 1160 1160 I ExplicitHealthCheckController: Service not ready to get health check supported packages. Binding...
