08-16 16:53:38.506 678 4682 D resolv : doQuery: (1, 1)
08-16 16:53:38.507 678 4682 D resolv : res_nmkquery: (QUERY, IN, A)
08-16 16:53:38.507 678 4682 D resolv : res_nsend
08-16 16:53:38.507 678 4682 I resolv : resolv_cache_lookup: lookup
08-16 16:53:38.507 678 4682 I resolv : resolv_cache_lookup: NOT IN CACHE
08-16 16:53:38.507 678 4682 I resolv : resolv_populate_res_for_net: netid=100
08-16 16:53:38.507 678 4683 D resolv : doQuery: (1, 1)
08-16 16:53:38.507 678 4682 I resolv : res_stats_usable_server: NS stats: S 0 + E 0 + T 47 + I 0 = 47, rtt = -1, min_samples = 8
08-16 16:53:38.507 678 4683 D resolv : res_nmkquery: (QUERY, IN, A)
08-16 16:53:38.507 678 4682 I resolv : res_stats_usable_server: success rate 0
08-16 16:53:38.507 678 4683 D resolv : res_nsend
08-16 16:53:38.507 678 4682 I resolv : res_stats_usable_server: too many resolution errors, ignoring server
08-16 16:53:38.507 678 4683 I resolv : resolv_cache_lookup: lookup
08-16 16:53:38.507 678 4682 D resolv : res_nsend: Querying server (# 1) address = 192.168.1.1:53
08-16 16:53:38.507 678 4683 I resolv : resolv_cache_lookup: NOT IN CACHE
08-16 16:53:38.507 678 4683 I resolv : resolv_populate_res_for_net: netid=100
08-16 16:53:38.507 678 4683 I resolv : res_stats_usable_server: NS stats: S 0 + E 0 + T 47 + I 0 = 47, rtt = -1, min_samples = 8
08-16 16:53:38.507 678 4683 I resolv : res_stats_usable_server: success rate 0
08-16 16:53:38.508 678 4683 I resolv : res_stats_usable_server: too many resolution errors, ignoring server
08-16 16:53:38.508 678 4683 D resolv : res_nsend: Querying server (# 1) address = 192.168.1.1:53
08-16 16:53:38.509 678 4682 D resolv : send_dg: new DG socket
08-16 16:53:38.509 678 4683 D resolv : send_dg: new DG socket
08-16 16:53:38.510 678 4682 I resolv : get_timeout: using timeout of 5000 msec
08-16 16:53:38.510 678 4682 I resolv : retrying_poll: 55 retrying_poll
08-16 16:53:38.510 678 4683 I resolv : get_timeout: using timeout of 5000 msec
08-16 16:53:38.510 678 4683 I resolv : retrying_poll: 56 retrying_poll
08-16 16:53:38.570 1160 2977 I OpenGLRenderer: Davey! duration=9223371894734ms; Flags=0, FrameTimelineVsyncId=4577, IntendedVsync=142119461064, Vsync=142119461064, InputEventId=0, HandleInputStart=142120177443, AnimationStart=142120179683, PerformTraversalsStart=142120181037, DrawStart=142120254579, FrameDeadline=142136127730, FrameInterval=142120169214, FrameStartTime=16666666, SyncQueued=142120591506, SyncStart=142121795933, IssueDrawCommandsStart=142132448902, SwapBuffers=142133905725, FrameCompleted=9223372036854775807, DequeueBufferDuration=50521, QueueBufferDuration=2363125, GpuCompleted=9223372036854775807, SwapBuffersCompleted=142137358589, DisplayPresentTime=32933066203988078,
08-16 16:53:38.631 805 846 D audio_hw_primary: out_set_parameters: enter: usecase(1: low-latency-playback) kvpairs: suspend_playback=false
08-16 16:53:38.631 805 846 D audio_hw_extn: audio_extn_fm_set_parameters: Enter
08-16 16:53:38.632 805 2905 W audio_hw_primary: out_write: underrun(16) frames_by_time(48681) > out->last_fifo_frames_remaining(384)
08-16 16:53:38.648 805 2905 I btaudio_offload_qti: audio_get_a2dp_sink_latency_qti: Sink Latency = 0
08-16 16:53:38.652 805 2905 I btaudio_offload_qti: audio_get_a2dp_sink_latency_qti: Sink Latency = 0
08-16 16:53:38.656 805 2905 I btaudio_offload_qti: audio_get_a2dp_sink_latency_qti: Sink Latency = 0
08-16 16:53:38.660 805 2905 I btaudio_offload_qti: audio_get_a2dp_sink_latency_qti: Sink Latency = 0
08-16 16:53:38.664 805 2905 I btaudio_offload_qti: audio_get_a2dp_sink_latency_qti: Sink Latency = 0
08-16 16:53:38.668 805 2905 I btaudio_offload_qti: audio_get_a2dp_sink_latency_qti: Sink Latency = 0
08-16 16:53:38.671 805 846 D audio_hw_primary: out_set_parameters: enter: usecase(1: low-latency-playback) kvpairs: suspend_playback=true
08-16 16:53:38.672 805 846 D audio_hw_extn: audio_extn_fm_set_parameters: Enter
08-16 16:53:38.676 818 2559 I vendor.qti.bluetooth@1.0-ibs_handler: DeviceSleep: TX Awake, Sending SLEEP_IND
08-16 16:53:38.685 818 2542 I vendor.qti.bluetooth@1.0-ibs_handler: ProcessIbsCmd: Received IBS_SLEEP_IND: 0xFE
08-16 16:53:38.686 818 2542 D vendor.qti.bluetooth@1.0-ibs_handler: SerialClockVote: vote for UART CLK OFF
08-16 16:53:38.756 1160 2977 D CompatibilityInfo: mCompatibilityFlags - 4
08-16 16:53:38.757 1160 2977 D CompatibilityInfo: applicationDensity - 240
08-16 16:53:38.757 1160 2977 D CompatibilityInfo: applicationScale - 1.0
08-16 16:53:38.762 2215 2215 I QImsService: QtiImsExtService : QtiImsExtService created!
08-16 16:53:38.762 2215 2215 E QImsService: QtiImsExtService : QtiImsExtService, ImsService is not yet started retry.
08-16 16:53:38.763 2350 2350 D QtiImsExtConnector: Attempt to bind QtiImsExt service returned with: true
08-16 16:53:38.763 2215 2215 E QImsService: QtiImsExtService : QtiImsExtService, ImsService is not yet started retry.
08-16 16:53:38.764 2215 2215 W QImsService: QtiImsExtService : onBind returned null
08-16 16:53:38.766 2350 2350 D QtiImsExtConnector: onNullBinding componentName ComponentInfo{org.codeaurora.ims/org.codeaurora.ims.QtiImsExtService}
08-16 16:53:38.817 678 4671 I resolv : retrying_poll: 60 retrying_poll timeout
08-16 16:53:38.818 678 4671 D resolv : send_dg: 1
08-16 16:53:38.818 678 4671 I resolv : res_nsend: used send_dg 0 terrno: 110
08-16 16:53:38.818 678 4671 I resolv : res_stats_set_sample: rcode = 255, sec = 0
08-16 16:53:38.819 678 4671 I resolv : res_cache_add_stats_sample_locked: adding sample to stats, next = 47, count = 47
08-16 16:53:38.819 678 4671 D resolv : res_nsend: Querying server (# 1) address = 192.168.1.1:53
08-16 16:53:38.820 678 4671 I resolv : get_timeout: using timeout of 5000 msec
08-16 16:53:38.820 678 4671 I resolv : retrying_poll: 60 retrying_poll
08-16 16:53:38.830 2395 4328 I OpenGLRenderer: Davey! duration=9223371894484ms; Flags=0, FrameTimelineVsyncId=4590, IntendedVsync=142369950929, Vsync=142369950929, InputEventId=24273389, HandleInputStart=142371346141, AnimationStart=142371349162, PerformTraversalsStart=142371352391, DrawStart=142371671089, FrameDeadline=142386617595, FrameInterval=142371338641, FrameStartTime=16666666, SyncQueued=142373237339, SyncStart=142373393641, IssueDrawCommandsStart=142374322600, SwapBuffers=142378296245, FrameCompleted=9223372036854775807, DequeueBufferDuration=69948, QueueBufferDuration=4772813, GpuCompleted=9223372036854775807, SwapBuffersCompleted=142385663225, DisplayPresentTime=0,
08-16 16:53:38.837 818 2259 D vendor.qti.bluetooth@1.0-wake_lock: Release wakelock is released
08-16 16:53:39.278 1160 2977 D CompatibilityInfo: mCompatibilityFlags - 4
08-16 16:53:39.278 1160 2977 D CompatibilityInfo: applicationDensity - 240
08-16 16:53:39.278 1160 2977 D CompatibilityInfo: applicationScale - 1.0
08-16 16:53:39.281 2215 2215 I QImsService: QtiImsExtService : QtiImsExtService created!
08-16 16:53:39.281 2215 2215 E QImsService: QtiImsExtService : QtiImsExtService, ImsService is not yet started retry.
08-16 16:53:39.281 2350 2350 D QtiImsExtConnector: Attempt to bind QtiImsExt service returned with: true
08-16 16:53:39.282 2215 2215 E QImsService: QtiImsExtService : QtiImsExtService, ImsService is not yet started retry.
08-16 16:53:39.282 2215 2215 W QImsService: QtiImsExtService : onBind returned null
08-16 16:53:39.284 2350 2350 D QtiImsExtConnector: onNullBinding componentName ComponentInfo{org.codeaurora.ims/org.codeaurora.ims.QtiImsExtService}
01-01 05:47:59.921 0 0 D : mv2112_read_status
01-01 05:47:59.921 0 0 D mv2112_update_link: 3.0x901(1G): 0x4
01-01 05:47:59.921 0 0 D mv2112_update_link: 3.0x8109(100M): 0x8
01-01 05:47:59.921 0 0 D mv2112_update_link: link 0x4
01-01 05:47:59.921 0 0 D mv2112_read_status: autoneg is disabled
08-16 16:53:39.675 805 846 D audio_hw_primary: out_set_parameters: enter: usecase(1: low-latency-playback) kvpairs: suspend_playback=false
08-16 16:53:39.675 805 846 D audio_hw_extn: audio_extn_fm_set_parameters: Enter
08-16 16:53:39.677 805 2905 W audio_hw_primary: out_write: underrun(17) frames_by_time(48446) > out->last_fifo_frames_remaining(384)
08-16 16:53:39.693 805 2905 I btaudio_offload_qti: audio_get_a2dp_sink_latency_qti: Sink Latency = 0
08-16 16:53:39.697 805 2905 I btaudio_offload_qti: audio_get_a2dp_sink_latency_qti: Sink Latency = 0
08-16 16:53:39.699 818 2542 I vendor.qti.bluetooth@1.0-ibs_handler: ProcessIbsCmd: Received IBS_WAKE_IND: 0xFD
08-16 16:53:39.700 818 2542 D vendor.qti.bluetooth@1.0-ibs_handler: SerialClockVote: vote for UART CLK ON
08-16 16:53:39.701 805 2905 I btaudio_offload_qti: audio_get_a2dp_sink_latency_qti: Sink Latency = 0
08-16 16:53:39.703 818 2542 D vendor.qti.bluetooth@1.0-wake_lock: Acquire wakelock is acquired
08-16 16:53:39.703 818 2542 I vendor.qti.bluetooth@1.0-ibs_handler: ProcessIbsCmd: Writing IBS_WAKE_ACK
08-16 16:53:39.705 805 2905 I btaudio_offload_qti: audio_get_a2dp_sink_latency_qti: Sink Latency = 0
08-16 16:53:39.709 805 2905 I btaudio_offload_qti: audio_get_a2dp_sink_latency_qti: Sink Latency = 0
08-16 16:53:39.713 805 2905 I btaudio_offload_qti: audio_get_a2dp_sink_latency_qti: Sink Latency = 0
08-16 16:53:39.716 805 846 D audio_hw_primary: out_set_parameters: enter: usecase(1: low-latency-playback) kvpairs: suspend_playback=true
08-16 16:53:39.716 805 846 D audio_hw_extn: audio_extn_fm_set_parameters: Enter
08-16 16:53:39.793 818 2542 I vendor.qti.bluetooth@1.0-ibs_handler: ProcessIbsCmd: Received IBS_SLEEP_IND: 0xFE
08-16 16:53:39.793 818 2542 D vendor.qti.bluetooth@1.0-ibs_handler: SerialClockVote: vote for UART CLK OFF
08-16 16:53:39.795 1160 2977 D CompatibilityInfo: mCompatibilityFlags - 4
08-16 16:53:39.795 1160 2977 D CompatibilityInfo: applicationDensity - 240
08-16 16:53:39.795 1160 2977 D CompatibilityInfo: applicationScale - 1.0
08-16 16:53:39.797 2215 2215 I QImsService: QtiImsExtService : QtiImsExtService created!
08-16 16:53:39.797 2215 2215 E QImsService: QtiImsExtService : QtiImsExtService, ImsService is not yet started retry.
08-16 16:53:39.798 2350 2350 D QtiImsExtConnector: Attempt to bind QtiImsExt service returned with: true
08-16 16:53:39.798 2215 2215 E QImsService: QtiImsExtService : QtiImsExtService, ImsService is not yet started retry.
08-16 16:53:39.798 2215 2215 W QImsService: QtiImsExtService : onBind returned null
08-16 16:53:39.800 2350 2350 D QtiImsExtConnector: onNullBinding componentName ComponentInfo{org.codeaurora.ims/org.codeaurora.ims.QtiImsExtService}
08-16 16:53:39.944 818 2259 D vendor.qti.bluetooth@1.0-wake_lock: Release wakelock is released
08-16 16:53:40.314 1160 2977 D CompatibilityInfo: mCompatibilityFlags - 4
08-16 16:53:40.315 1160 2977 D CompatibilityInfo: applicationDensity - 240
08-16 16:53:40.315 1160 2977 D CompatibilityInfo: applicationScale - 1.0
08-16 16:53:40.319 2215 2215 I QImsService: QtiImsExtService : QtiImsExtService created!
08-16 16:53:40.320 2215 2215 E QImsService: QtiImsExtService : QtiImsExtService, ImsService is not yet started retry.
08-16 16:53:40.321 2215 2215 E QImsService: QtiImsExtService : QtiImsExtService, ImsService is not yet started retry.
08-16 16:53:40.321 2215 2215 W QImsService: QtiImsExtService : onBind returned null
08-16 16:53:40.322 2350 2350 D QtiImsExtConnector: Attempt to bind QtiImsExt service returned with: true
08-16 16:53:40.324 2350 2350 D QtiImsExtConnector: onNullBinding componentName ComponentInfo{org.codeaurora.ims/org.codeaurora.ims.QtiImsExtService}
01-01 05:48:00.945 0 0 D : mv2112_read_status
01-01 05:48:00.945 0 0 D mv2112_update_link: 3.0x901(1G): 0x4
01-01 05:48:00.945 0 0 D mv2112_update_link: 3.0x8109(100M): 0x8
01-01 05:48:00.945 0 0 D mv2112_update_link: link 0x4
01-01 05:48:00.945 0 0 D mv2112_read_status: autoneg is disabled
08-16 16:53:40.719 805 846 D audio_hw_primary: out_set_parameters: enter: usecase(1: low-latency-playback) kvpairs: suspend_playback=false
08-16 16:53:40.719 805 846 D audio_hw_extn: audio_extn_fm_set_parameters: Enter
08-16 16:53:40.721 805 805 D audio_hw_primary: out_standby: enter: stream (0xecb80010) usecase(1: low-latency-playback)
08-16 16:53:40.727 1160 2851 E TaskPersister: File error accessing recents directory (directory doesn't exist?).
01-01 05:48:01.168 0 0 I afe_close: port_id = 0x400e
01-01 05:48:01.176 0 0 I btfm_slim_disable_ch: port:16, grp: 0, ch->grph:0x0, ch->ch_hdl:0x1d
08-16 16:53:40.761 805 805 D audio_hw_primary: disable_audio_route: reset and update mixer path: low-latency-playback bt-a2dp
08-16 16:53:40.764 805 805 E soundtrigger: audio_extn_sound_trigger_update_stream_status: invalid input device 0x0, for event 2
08-16 16:53:40.764 805 805 D soundtrigger: audio_extn_sound_trigger_update_stream_status: uc_info->id 1 of type 0 for Event 2, with Raise=0
08-16 16:53:40.764 805 805 D msm8974_platform: platform_split_snd_device: snd_device(45) num devices(0) new_snd_devices(0)
08-16 16:53:40.764 805 805 I msm8974_platform: platform_get_custom_mtmx_params: no matching param with id 0 ip_ch 2 op_ch 2 uc_id 1 snd_dev 45
08-16 16:53:40.765 805 805 D hardware_info: hw_info_append_hw_type : device_name = bt-a2dp
08-16 16:53:40.765 805 805 D audio_hw_primary: disable_snd_device: snd_device(45: bt-a2dp)
08-16 16:53:40.765 805 805 D msm8974_platform: platform_split_snd_device: snd_device(45) num devices(0) new_snd_devices(0)
08-16 16:53:40.768 805 805 I btaudio_offload_qti: audio_stream_stop_qti
08-16 16:53:40.768 805 805 W btaudio_offload_qti: handle_hidl_request: suspending audio stream
08-16 16:53:40.770 1839 2257 D bt_btif : btif_dispatch_sm_event: event: 50, len: 4
08-16 16:53:40.771 1839 2257 D bt_btif : btif_dispatch_sm_event: event 50 sent
08-16 16:53:40.772 805 805 W btaudio_offload_qti: wait_for_stack_response: conditional wait: ack_recvd = 0
08-16 16:53:40.772 1839 2045 I bt_btif_vendor: btif_ba_is_active: 0
08-16 16:53:40.772 1839 2045 D bt_btif : btif_dispatch_sm_event: event: 34, len: 0
08-16 16:53:40.773 1839 2045 D bt_btif : btif_dispatch_sm_event: event 34 sent
08-16 16:53:40.773 1839 2045 I bt_stack: [INFO:a2dp_encoding.cc(2688)] ack_stream_suspended: result=PENDING
08-16 16:53:40.777 805 846 I BTAudioProviderStub: streamSuspended - SessionType=A2DP_HARDWARE_OFFLOAD_DATAPATH, status=SINK_NOT_READY
08-16 16:53:40.777 805 846 I BTAudioProviderSession: ReportControlStatus - status=SINK_NOT_READY for SessionType=A2DP_HARDWARE_OFFLOAD_DATAPATH, bluetooth_audio=0x0200 suspended
08-16 16:53:40.778 805 846 I btaudio_offload_qti: stack_resp_cb: status = 3
08-16 16:53:40.778 805 805 I btaudio_offload_qti: wait_for_stack_response:ret = 0(Success)
08-16 16:53:40.778 805 805 W btaudio_offload_qti: wait_for_stack_response: conditional wait done : ack_recvd = 1
08-16 16:53:40.778 805 805 I btaudio_offload_qti: handle_hidl_request: ack status = A2DP_CTRL_ACK_PENDING
08-16 16:53:40.778 805 805 W btaudio_offload_qti: wait_for_stack_response: conditional wait: ack_recvd = 0
08-16 16:53:40.783 1839 2045 D bt_btif : btif_av_state_started_handler: event: UNKNOWN_EVENT flags: 0 index = 0, reconfig_event: 0, codec_cfg_change: 0
08-16 16:53:40.784 1839 2045 W bt_btif : btif_av_state_started_handler: unhandled event=UNKNOWN_EVENT
08-16 16:53:40.784 1839 2045 E bt_btif : Latest playing device index is 0
08-16 16:53:40.784 1839 2045 D bt_btif : btif_av_state_started_handler: event: BTIF_AV_SUSPEND_STREAM_REQ_EVT flags: 0 index = 0, reconfig_event: 0, codec_cfg_change: 0
08-16 16:53:40.784 1839 2045 W bt_btif : btif_av_state_started_handler: Stop the AV Data channel
08-16 16:53:40.785 1839 2556 D bt_btif : bta_av_ssm_execute(): AV Sevent(0x41)=0x120c(AP_STOP) state=3(OPEN)
08-16 16:53:40.785 1839 2556 E bt_btif : bta_av_str_stopped: audio_open_cnt=1, p_data 0xb400007089d5fb18
08-16 16:53:40.785 1839 2556 W bt_btif : bta_dm_rm_cback:2, status:6
08-16 16:53:40.788 818 818 D vendor.qti.bluetooth@1.0-ibs_handler: SerialClockVote: vote for UART CLK ON
08-16 16:53:40.789 818 818 D vendor.qti.bluetooth@1.0-wake_lock: Acquire wakelock is acquired
08-16 16:53:40.790 818 818 I vendor.qti.bluetooth@1.0-ibs_handler: DeviceWakeUp: Writing IBS_WAKE_IND
08-16 16:53:40.791 818 2542 I vendor.qti.bluetooth@1.0-ibs_handler: ProcessIbsCmd: Received IBS_WAKE_ACK: 0xFC
08-16 16:53:40.791 818 2542 I vendor.qti.bluetooth@1.0-ibs_handler: ProcessIbsCmd: Signal wack_cond_
08-16 16:53:40.791 818 818 D vendor.qti.bluetooth@1.0-ibs_handler: DeviceWakeUp: Unblocked from waiting for FC, pthread_cond_timedwait ret = 0
08-16 16:53:40.795 818 2542 I vendor.qti.bluetooth@1.0-ibs_handler: ProcessIbsCmd: Received IBS_WAKE_IND: 0xFD
08-16 16:53:40.795 818 2542 I vendor.qti.bluetooth@1.0-ibs_handler: ProcessIbsCmd: Writing IBS_WAKE_ACK
08-16 16:53:40.806 2438 2438 E StrictMode: Tried to access the API:ViewConfiguration which needs to have proper configuration from a non-UI Context:com.android.quickstep.inputconsumers.OtherActivityInputConsumer@1fb706b The API:ViewConfiguration needs a proper configuration. Use UI contexts such as an activity or a context created via createWindowContext(Display, int, Bundle) or createConfigurationContext(Configuration) with a proper configuration.
08-16 16:53:40.806 2438 2438 E StrictMode: java.lang.IllegalAccessException: Tried to access the API:ViewConfiguration which needs to have proper configuration from a non-UI Context:com.android.quickstep.inputconsumers.OtherActivityInputConsumer@1fb706b
08-16 16:53:40.806 2438 2438 E StrictMode: at android.os.StrictMode.assertConfigurationContext(StrictMode.java:2296)
08-16 16:53:40.806 2438 2438 E StrictMode: at android.view.ViewConfiguration.get(ViewConfiguration.java:522)
08-16 16:53:40.806 2438 2438 E StrictMode: at com.android.quickstep.inputconsumers.OtherActivityInputConsumer.(OtherActivityInputConsumer.java:174)
08-16 16:53:40.806 2438 2438 E StrictMode: at com.android.quickstep.TouchInteractionService.createOtherActivityInputConsumer(TouchInteractionService.java:795)
08-16 16:53:40.806 2438 2438 E StrictMode: at com.android.quickstep.TouchInteractionService.newBaseConsumer(TouchInteractionService.java:774)
08-16 16:53:40.806 2438 2438 E StrictMode: at com.android.quickstep.TouchInteractionService.newConsumer(TouchInteractionService.java:660)
08-16 16:53:40.806 2438 2438 E StrictMode: at com.android.quickstep.TouchInteractionService.onInputEvent(TouchInteractionService.java:557)
08-16 16:53:40.806 2438 2438 E StrictMode: at com.android.quickstep.TouchInteractionService.$r8$lambda$QnySfMPM3HQvC_OREg1W70p37mY(Unknown Source:0)
08-16 16:53:40.806 2438 2438 E StrictMode: at com.android.quickstep.TouchInteractionService$$ExternalSyntheticLambda4.onInputEvent(Unknown Source:2)
08-16 16:53:40.806 2438 2438 E StrictMode: at com.android.systemui.shared.system.InputChannelCompat$InputEventReceiver$1.onInputEvent(InputChannelCompat.java:74)
08-16 16:53:40.806 2438 2438 E StrictMode: at android.view.InputEventReceiver.dispatchInputEvent(InputEventReceiver.java:260)
08-16 16:53:40.806 2438 2438 E StrictMode: at android.os.MessageQueue.nativePollOnce(Native Method)
08-16 16:53:40.806 2438 2438 E StrictMode: at android.os.MessageQueue.next(MessageQueue.java:335)
08-16 16:53:40.806 2438 2438 E StrictMode: at android.os.Looper.loopOnce(Looper.java:161)
08-16 16:53:40.806 2438 2438 E StrictMode: at android.os.Looper.loop(Looper.java:288)
08-16 16:53:40.806 2438 2438 E StrictMode: at android.app.ActivityThread.main(ActivityThread.java:7880)
08-16 16:53:40.806 2438 2438 E StrictMode: at java.lang.reflect.Method.invoke(Native Method)
08-16 16:53:40.806 2438 2438 E StrictMode: at com.android.internal.os.RuntimeInit$MethodAndArgsCaller.run(RuntimeInit.java:548)
08-16 16:53:40.806 2438 2438 E StrictMode: at com.android.internal.os.ZygoteInit.main(ZygoteInit.java:1009)
08-16 16:53:40.815 1160 1266 I DropBoxManagerService: add tag=system_app_strictmode isTagEnabled=true flags=0x2
08-16 16:53:40.831 1839 2045 E bt_btif : btif_media_send_reset_vendor_state:
08-16 16:53:40.831 1839 2045 D bt_btif : btif_av_state_started_handler: event: BTA_AV_OFFLOAD_STOP_RSP_EVT flags: 1 index = 0, reconfig_event: 0, codec_cfg_change: 0
08-16 16:53:40.832 1839 2726 D bt_btif_a2dp_source: btif_a2dp_source_command_ready: event: 7 BTIF_MEDIA_RESET_VS_STATE
08-16 16:53:40.832 1160 1267 I EventSequenceValidator: inc AccIntentStartedEvents to 2
08-16 16:53:40.832 1839 2045 W bt_btif : btif_av_state_started_handler: unhandled event=BTA_AV_OFFLOAD_STOP_RSP_EVT
08-16 16:53:40.839 1047 1152 I BpBinder: onLastStrongRef automatically unlinking death recipients:
08-16 16:53:40.852 1160 1841 D CompatibilityInfo: mCompatibilityFlags - 4
08-16 16:53:40.852 1160 1841 D CompatibilityInfo: applicationDensity - 240
08-16 16:53:40.852 1160 1841 D CompatibilityInfo: applicationScale - 1.0
08-16 16:53:40.854 2350 2350 D QtiImsExtConnector: Attempt to bind QtiImsExt service returned with: true
08-16 16:53:40.854 2215 2215 I QImsService: QtiImsExtService : QtiImsExtService created!
08-16 16:53:40.854 2215 2215 E QImsService: QtiImsExtService : QtiImsExtService, ImsService is not yet started retry.
08-16 16:53:40.855 2215 2215 E QImsService: QtiImsExtService : QtiImsExtService, ImsService is not yet started retry.
08-16 16:53:40.855 2215 2215 W QImsService: QtiImsExtService : onBind returned null
08-16 16:53:40.856 2350 2350 D QtiImsExtConnector: onNullBinding componentName ComponentInfo{org.codeaurora.ims/org.codeaurora.ims.QtiImsExtService}
08-16 16:53:40.878 1839 2556 E bt_avp : avdt_ad_tc_data_ind: type: x0, tcid: 0, ccb_idx: 0
08-16 16:53:40.880 1839 2556 D bt_btif : bta_av_ssm_execute(): AV Sevent(0x41)=0x1223(STR_SUSPEND_CFM) state=3(OPEN)
08-16 16:53:40.880 1839 2556 W bt_btif : bta_dm_rm_cback:2, status:6
08-16 16:53:40.882 1839 2045 D bt_btif : btif_av_state_started_handler: event: BTA_AV_SUSPEND_EVT flags: 1 index = 0, reconfig_event: 0, codec_cfg_change: 0
08-16 16:53:40.882 1839 2045 I btif_av : isBATEnabled: 0
08-16 16:53:40.882 1839 2045 E bt_btif : bta_av_co_get_active_peer: active peer index: 0
08-16 16:53:40.883 1839 2045 E bt_btif : bta_av_co_get_active_peer: active peer index: 0
08-16 16:53:40.883 1839 2045 I bt_stack: [INFO:a2dp_encoding.cc(2688)] ack_stream_suspended: result=SUCCESS_FINISHED
08-16 16:53:40.883 805 846 I BTAudioProviderStub: streamSuspended - SessionType=A2DP_HARDWARE_OFFLOAD_DATAPATH, status=SUCCESS
08-16 16:53:40.883 805 846 I BTAudioProviderSession: ReportControlStatus - status=SUCCESS for SessionType=A2DP_HARDWARE_OFFLOAD_DATAPATH, bluetooth_audio=0x0200 suspended
08-16 16:53:40.883 805 846 I btaudio_offload_qti: stack_resp_cb: status = 0
08-16 16:53:40.884 805 805 I btaudio_offload_qti: wait_for_stack_response:ret = 0(Success)
08-16 16:53:40.884 805 805 W btaudio_offload_qti: wait_for_stack_response: conditional wait done : ack_recvd = 1
08-16 16:53:40.884 805 805 D btaudio_offload_qti: audio_stream_stop_qti: success
08-16 16:53:40.884 1839 2045 W bt_stack: [WARNING:a2dp_encoding.cc(189)] ResetPendingCmd 5
08-16 16:53:40.885 1839 2045 I BluetoothA2dpServiceJni: bta2dp_audio_state_callback
08-16 16:53:40.885 805 805 D a2dp_offload: a2dp_set_bit_format: set AFE input bit format = 16
08-16 16:53:40.885 1839 2045 D A2dpNativeInterface: onAudioStateChanged: A2dpStackEvent {type:EVENT_TYPE_AUDIO_STATE_CHANGED, device:00:58:76:20:46:3D, value1:STOPPED}
08-16 16:53:40.885 1839 2045 D A2dpService: messageFromNative: Going to acquire mVariableLock.
08-16 16:53:40.886 1839 2045 D A2dpService: messageFromNative: Acquired mVariableLock
08-16 16:53:40.886 1839 2045 D A2dpService: messageFromNative: Released mVariableLock
08-16 16:53:40.886 1839 2045 D A2dpService: messageFromNative: Sending STACK_EVENT: A2dpStackEvent {type:EVENT_TYPE_AUDIO_STATE_CHANGED, device:00:58:76:20:46:3D, value1:STOPPED} to sm.
08-16 16:53:40.886 1839 2045 D bt_btif : btif_av_state_started_handler: event: BTIF_SM_EXIT_EVT flags: 1 index = 0, reconfig_event: 0, codec_cfg_change: 0
08-16 16:53:40.886 1839 2725 D A2dpStateMachine: handleMessage: E msg.what=101
08-16 16:53:40.886 1839 2725 D A2dpStateMachine: processMsg: Connected
08-16 16:53:40.886 1839 2725 D A2dpStateMachine: Connected process message(00:58:76:20:46:3D): STACK_EVENT
08-16 16:53:40.886 1839 2725 D A2dpStateMachine: Connected: stack event: A2dpStackEvent {type:EVENT_TYPE_AUDIO_STATE_CHANGED, device:00:58:76:20:46:3D, value1:STOPPED}
08-16 16:53:40.886 1839 2725 I A2dpStateMachine: Connected: processAudioStateEvent: state: 1mIsPlaying: true
08-16 16:53:40.886 1839 2725 I A2dpStateMachine: Connected: stopped playing: 00:58:76:20:46:3D
08-16 16:53:40.887 1839 2725 D A2dpService: Enable BLE scanning
08-16 16:53:40.887 1839 2725 D BtGatt.ScanManager: setAptXLowLatencyMode: mIsAptXLowLatencyModeEnabled: falseenabled: false
08-16 16:53:40.887 1839 2725 D A2dpStateMachine: A2DP Playing state : device: 00:58:76:20:46:3D State:PLAYING->NOT_PLAYING
08-16 16:53:40.887 805 805 D a2dp_offload: a2dp_reset_backend_cfg: reset source backend sample rate =KHZ_8
08-16 16:53:40.887 1839 2217 I BtGatt.ScanManager: msg.what = 5
08-16 16:53:40.887 1839 2045 D bt_btif : btif_av_state_opened_handler: event: BTIF_SM_ENTER_EVT, flags: 1, peer_sep: 1, index: 0 reconfig_event: 0, codec_cfg_change: 0, reconfig_pending: 0, reconfig_a2dp: 0, is_retry_reconfig: 0
08-16 16:53:40.887 1839 2709 V Avrcp_ext: AvrcpMessageHandler: received message=18
08-16 16:53:40.887 1839 2709 V Avrcp_ext: MSG_SET_A2DP_AUDIO_STATE:11
08-16 16:53:40.887 1839 2709 V Avrcp_ext: event for device address 00:58:76:20:46:3D
08-16 16:53:40.888 1839 2709 I Avrcp_ext: device found at index 0
08-16 16:53:40.888 1839 2709 D BATService: getBATService(): service is NULL
08-16 16:53:40.888 805 805 D a2dp_offload: a2dp_reset_backend_cfg: reset afe source channels =Zero
08-16 16:53:40.888 805 805 D a2dp_offload: Stop A2DP playback, total active sessions :0
08-16 16:53:40.888 805 805 I soundtrigger: audio_extn_sound_trigger_update_device_status: device 0x2d of type 0 for Event 0, with Raise=0
08-16 16:53:40.888 805 805 D audio_hw_primary: out_standby: exit
08-16 16:53:40.889 1839 2725 D A2dpStateMachine: handleMessage: X
08-16 16:53:40.890 1839 2709 V Avrcp_ext: updateCurrentMediaState: mMediaController: null
08-16 16:53:40.890 1839 2709 W Avrcp_ext: isMusicActive: false getBluetoothPlayState: 2 A2dp State: 11 mAudioPlaybackIsActive: false
08-16 16:53:40.890 1839 2709 W Avrcp_ext: updateCurrentMediaState: isPlaying = false
08-16 16:53:40.890 1839 2709 I Avrcp_ext: device found at index 0
08-16 16:53:40.890 1839 2709 V Avrcp_ext: Media update: id -1âž¡-1? [MediaAttributes: none] : [MediaAttributes: none]
08-16 16:53:40.890 1839 2709 D Avrcp_ext: isPackageNameValid: browsedPackage = isValid = false
08-16 16:53:40.890 1839 2709 V Avrcp_ext: Exit handleMessage
08-16 16:53:40.891 1839 1839 D HeadsetService: Received BluetoothA2dp Play State changed
08-16 16:53:40.891 1839 1839 D HeadsetA2dpSync: updateA2DPPlayingState device: 00:58:76:20:46:3D transition 10->11
08-16 16:53:40.891 1839 1839 D HeadsetA2dpSync: isA2dpPlaying returns = 2
08-16 16:53:40.891 1839 1839 D HeadsetService: sendA2dpStateChange newState = 2
08-16 16:53:40.891 1839 1839 E HeadsetStateMachine: returning mCurrentState as Connected
08-16 16:53:40.891 1839 1839 D HeadsetA2dpSync: device: 00:58:76:20:46:3D state = 2
08-16 16:53:40.892 1839 2599 D HeadsetStateMachine: handleMessage: E msg.what=24
08-16 16:53:40.892 1839 2599 D HeadsetStateMachine: processMsg: Connected
08-16 16:53:40.892 1839 2599 D HeadsetStateMachine: Connected: currentDevice=00:58:76:20:46:3D, msg=A2DP_STATE_CHANGED event
08-16 16:53:40.892 1839 2599 D HeadsetStateMachine: Enter processIntentA2dpPlayStateChanged(): a2dp state 2
08-16 16:53:40.892 1839 2599 D HeadsetStateMachine: A2DP suspended when there is no CS/VOIP calls or VR, resuming A2DP
08-16 16:53:40.892 1839 1839 D BtOppService: action : android.bluetooth.a2dp.profile.action.PLAYING_STATE_CHANGED
08-16 16:53:40.892 1839 2599 D HeadsetA2dpSync: releaseA2DP mA2dpSuspendTriggered 0 by device 00:58:76:20:46:3D
08-16 16:53:40.892 1839 1839 D BtOppUtils: device: 00:58:76:20:46:3D newState: 11
08-16 16:53:40.892 1839 1839 D BtOppUtils: isA2DPPlaying :false
08-16 16:53:40.892 1839 2599 D HeadsetStateMachine: Exit processIntentA2dpPlayStateChanged()
08-16 16:53:40.892 1839 2599 D HeadsetStateMachine: handleMessage: X
08-16 16:53:40.897 2149 2149 I aptxalsBTEventHandler: action: android.bluetooth.a2dp.profile.action.PLAYING_STATE_CHANGED
08-16 16:53:40.899 2149 2149 I aptxalsBTEventHandler: received action: android.bluetooth.a2dp.profile.action.PLAYING_STATE_CHANGED for device: 00:58:76:20:46:3D state: STATE_NOT_PLAYING
08-16 16:53:40.904 1160 2971 I InputDispatcher: Monitor swipe-up (server) is stealing touch from [fcfbd7a com.android.settings/com.android.settings.Settings (server), ]
08-16 16:53:40.908 2438 2438 I LatencyTracker: ACTION_TOGGLE_RECENTS latency=107
08-16 16:53:40.908 1160 1264 D AutofillManagerService: Close system dialogs
08-16 16:53:40.912 2438 2438 E libprocessgroup: set_timerslack_ns write failed: Operation not permitted
08-16 16:53:40.916 1047 1086 W HWComposer: Ignoring duplicate VSYNC event from HWC for display 4630946370410392961 (t=144490713000)
08-16 16:53:40.922 1160 1267 I EventSequenceValidator: dec AccIntentStartedEvents to 1
08-16 16:53:40.922 1859 1859 V ShadeControllerImpl: NotificationShadeWindow: com.android.systemui.statusbar.phone.NotificationShadeWindowView{370746b I.E...... ......ID 0,0-2380,1020} canPanelBeCollapsed(): false
08-16 16:53:40.931 1047 1086 W HWComposer: Ignoring duplicate VSYNC event from HWC for display 4630946370410392961 (t=144507415000)
08-16 16:53:40.947 1047 1086 W HWComposer: Ignoring duplicate VSYNC event from HWC for display 4630946370410392961 (t=144524036000)
08-16 16:53:40.953 2438 2960 I OpenGLRenderer: Davey! duration=54696ms; Flags=0, FrameTimelineVsyncId=2867, IntendedVsync=89793414671, Vsync=89793414671, InputEventId=0, HandleInputStart=89801100224, AnimationStart=89801102672, PerformTraversalsStart=89801112151, DrawStart=89802878870, FrameDeadline=89826748003, FrameInterval=89801095172, FrameStartTime=16666666, SyncQueued=89805333922, SyncStart=89805579390, IssueDrawCommandsStart=89805916786, SwapBuffers=89807974234, FrameCompleted=144490135672, DequeueBufferDuration=20937, QueueBufferDuration=1879740, GpuCompleted=144490135672, SwapBuffersCompleted=89810753297, DisplayPresentTime=64,
08-16 16:53:40.964 818 2542 I vendor.qti.bluetooth@1.0-ibs_handler: ProcessIbsCmd: Received IBS_SLEEP_IND: 0xFE
08-16 16:53:40.965 1047 1086 W HWComposer: Ignoring duplicate VSYNC event from HWC for display 4630946370410392961 (t=144540849000)
08-16 16:53:40.982 1047 1086 W HWComposer: Ignoring duplicate VSYNC event from HWC for display 4630946370410392961 (t=144557515000)
08-16 16:53:40.998 1047 1086 W HWComposer: Ignoring duplicate VSYNC event from HWC for display 4630946370410392961 (t=144574159000)
08-16 16:53:41.014 1047 1086 W HWComposer: Ignoring duplicate VSYNC event from HWC for display 4630946370410392961 (t=144590940000)
08-16 16:53:41.054 1160 1266 I DropBoxManagerService: add tag=system_app_strictmode isTagEnabled=true flags=0x2
08-16 16:53:41.152 1160 1187 I system_server: NativeAlloc concurrent copying GC freed 141938(7284KB) AllocSpace objects, 26(1628KB) LOS objects, 49% free, 13MB/27MB, paused 150us,66us total 107.627ms
08-16 16:53:41.181 2438 2438 W OrientationEventListener: Cannot detect sensors. Invalid disable
08-16 16:53:41.213 1160 1351 I LatencyTracker: ACTION_START_RECENTS_ANIMATION latency=116
08-16 16:53:41.376 1160 2973 D CompatibilityInfo: mCompatibilityFlags - 4
08-16 16:53:41.376 1160 2973 D CompatibilityInfo: applicationDensity - 240
08-16 16:53:41.376 1160 2973 D CompatibilityInfo: applicationScale - 1.0
08-16 16:53:41.381 2350 2350 D QtiImsExtConnector: Attempt to bind QtiImsExt service returned with: true
08-16 16:53:41.381 2215 2215 I QImsService: QtiImsExtService : QtiImsExtService created!
08-16 16:53:41.382 2215 2215 E QImsService: QtiImsExtService : QtiImsExtService, ImsService is not yet started retry.
08-16 16:53:41.385 2215 2215 E QImsService: QtiImsExtService : QtiImsExtService, ImsService is not yet started retry.
08-16 16:53:41.385 2215 2215 W QImsService: QtiImsExtService : onBind returned null
08-16 16:53:41.390 2350 2350 D QtiImsExtConnector: onNullBinding componentName ComponentInfo{org.codeaurora.ims/org.codeaurora.ims.QtiImsExtService}
08-16 16:53:41.419 962 1013 W SDM : HWCDisplay::GetHWCLayer: [0] GetLayer(26) failed: no such layer
08-16 16:53:41.423 1047 1047 W HwcComposer: command 0x3000000 generated error 3
08-16 16:53:41.477 678 4666 I resolv : retrying_poll: 58 retrying_poll timeout
08-16 16:53:41.477 678 4666 D resolv : send_dg: 1
08-16 16:53:41.478 678 4666 I resolv : res_nsend: used send_dg 0 terrno: 110
08-16 16:53:41.478 678 4666 D resolv : doQuery: rcode=0, ancount=0
08-16 16:53:41.479 678 4665 I resolv : resolv_populate_res_for_net: netid=100
08-16 16:53:41.484 1952 4660 D NetworkMonitor/100: PROBE_FALLBACK http://play.googleapis.com/generate_204 Probe failed with exception java.net.UnknownHostException: Unable to resolve host "play.googleapis.com": No address associated with hostname
01-01 05:48:01.968 0 0 D : mv2112_read_status
01-01 05:48:01.968 0 0 D mv2112_update_link: 3.0x901(1G): 0x4
01-01 05:48:01.969 0 0 D mv2112_update_link: 3.0x8109(100M): 0x8
01-01 05:48:01.969 0 0 D mv2112_update_link: link 0x4
01-01 05:48:01.969 0 0 D mv2112_read_status: autoneg is disabled
08-16 16:53:41.603 1160 2973 D ActivityTrigger: ActivityTrigger activityPauseTrigger
08-16 16:53:41.682 1859 1881 I ndroid.systemu: NativeAlloc concurrent copying GC freed 212534(9105KB) AllocSpace objects, 8(224KB) LOS objects, 49% free, 7175KB/14MB, paused 67us,18us total 108.768ms
01-01 05:48:02.296 0 0 I init : starting service 'vendor.light-hal-2-0'...
08-16 16:53:41.883 818 2559 I vendor.qti.bluetooth@1.0-ibs_handler: DeviceSleep: TX Awake, Sending SLEEP_IND
08-16 16:53:41.885 818 2559 D vendor.qti.bluetooth@1.0-ibs_handler: SerialClockVote: vote for UART CLK OFF
08-16 16:53:41.899 1160 2977 D CompatibilityInfo: mCompatibilityFlags - 4
08-16 16:53:41.899 1160 2977 D CompatibilityInfo: applicationDensity - 240
08-16 16:53:41.899 1160 2977 D CompatibilityInfo: applicationScale - 1.0
08-16 16:53:41.902 2215 2215 I QImsService: QtiImsExtService : QtiImsExtService created!
08-16 16:53:41.902 2215 2215 E QImsService: QtiImsExtService : QtiImsExtService, ImsService is not yet started retry.
08-16 16:53:41.903 2215 2215 E QImsService: QtiImsExtService : QtiImsExtService, ImsService is not yet started retry.
08-16 16:53:41.903 2215 2215 W QImsService: QtiImsExtService : onBind returned null
08-16 16:53:41.904 2350 2350 D QtiImsExtConnector: Attempt to bind QtiImsExt service returned with: true
08-16 16:53:41.911 2350 2350 D QtiImsExtConnector: onNullBinding componentName ComponentInfo{org.codeaurora.ims/org.codeaurora.ims.QtiImsExtService}
08-16 16:53:41.957 518 518 I hwservicemanager: getTransport: Cannot find entry android.hardware.light@2.0::ILight/default in either framework or device VINTF manifest.
08-16 16:53:41.961 4695 4695 E light : light_open lights keyboard failed: -22
08-16 16:53:41.961 4695 4695 E light : Light passthrough failed to load legacy HAL.
08-16 16:53:41.962 4695 4695 E light : light_open lights buttons failed: -22
08-16 16:53:41.962 4695 4695 E light : Light passthrough failed to load legacy HAL.
08-16 16:53:41.966 4695 4695 E light : light_open lights bluetooth failed: -22
08-16 16:53:41.966 4695 4695 E light : Light passthrough failed to load legacy HAL.
08-16 16:53:41.967 4695 4695 E light : light_open lights wifi failed: -22
08-16 16:53:41.967 4695 4695 E light : Light passthrough failed to load legacy HAL.
08-16 16:53:41.969 518 518 I hwservicemanager: getTransport: Cannot find entry android.hardware.light@2.0::ILight/default in either framework or device VINTF manifest.
08-16 16:53:41.971 4695 4695 E HidlServiceManagement: Service android.hardware.light@2.0::ILight/default must be in VINTF manifest in order to register/get.
08-16 16:53:41.971 4695 4695 E LegacySupport: Could not register service android.hardware.light@2.0::ILight/default (-2147483648).
01-01 05:48:02.400 0 0 I init : Service 'vendor.light-hal-2-0' (pid 4695) exited with status 0
01-01 05:48:02.400 0 0 I init : Sending signal 9 to service 'vendor.light-hal-2-0' (pid 4695) process group...
01-01 05:48:02.401 0 0 I libprocessgroup: Successfully killed process cgroup uid 1000 pid 4695 in 0ms
08-16 16:53:42.035 818 2259 D vendor.qti.bluetooth@1.0-wake_lock: Release wakelock is released
08-16 16:53:42.420 1160 2973 D CompatibilityInfo: mCompatibilityFlags - 4
08-16 16:53:42.420 1160 2973 D CompatibilityInfo: applicationDensity - 240
08-16 16:53:42.420 1160 2973 D CompatibilityInfo: applicationScale - 1.0
08-16 16:53:42.424 2215 2215 I QImsService: QtiImsExtService : QtiImsExtService created!
08-16 16:53:42.424 2215 2215 E QImsService: QtiImsExtService : QtiImsExtService, ImsService is not yet started retry.
08-16 16:53:42.425 2215 2215 E QImsService: QtiImsExtService : QtiImsExtService, ImsService is not yet started retry.
08-16 16:53:42.425 2350 2350 D QtiImsExtConnector: Attempt to bind QtiImsExt service returned with: true
08-16 16:53:42.425 2215 2215 W QImsService: QtiImsExtService : onBind returned null
08-16 16:53:42.427 2350 2350 D QtiImsExtConnector: onNullBinding componentName ComponentInfo{org.codeaurora.ims/org.codeaurora.ims.QtiImsExtService}
01-01 05:48:02.993 0 0 D : mv2112_read_status
01-01 05:48:02.993 0 0 D mv2112_update_link: 3.0x901(1G): 0x4
01-01 05:48:02.993 0 0 D mv2112_update_link: 3.0x8109(100M): 0x8
01-01 05:48:02.993 0 0 D mv2112_update_link: link 0x4
01-01 05:48:02.993 0 0 D mv2112_read_status: autoneg is disabled
01-01 05:48:03.140 0 0 I init : starting service 'qvrd_vndr'...
01-01 05:48:03.148 0 0 I init : Created socket '/dev/socket/qvrservice_vndr', mode 660, user 1000, group 1000
01-01 05:48:03.152 0 0 I init : Created socket '/dev/socket/qvrservice_vndr_camera', mode 660, user 1000, group 1000
01-01 05:48:03.212 0 0 I init : starting service 'sxrd'...
08-16 16:53:42.815 4696 4696 F linker : CANNOT LINK EXECUTABLE "/vendor/bin/hw/qvrservice": library "vendor.qti.hardware.qxr-V1-ndk_platform.so" not found: needed by /vendor/lib64/libqvrservice.so in namespace (default)
01-01 05:48:03.242 0 0 I init : Service 'qvrd_vndr' (pid 4696) exited with status 1
01-01 05:48:03.242 0 0 I init : Sending signal 9 to service 'qvrd_vndr' (pid 4696) process group...
08-16 16:53:42.866 4697 4697 F linker : CANNOT LINK EXECUTABLE "/vendor/bin/hw/sxrservice": library "vendor.qti.hardware.qxr-V1-ndk_platform.so" not found: needed by main executable
08-16 16:53:42.935 1160 2973 D CompatibilityInfo: mCompatibilityFlags - 4
08-16 16:53:42.935 1160 2973 D CompatibilityInfo: applicationDensity - 240
08-16 16:53:42.935 1160 2973 D CompatibilityInfo: applicationScale - 1.0
08-16 16:53:42.937 2215 2215 I QImsService: QtiImsExtService : QtiImsExtService created!
08-16 16:53:42.937 2215 2215 E QImsService: QtiImsExtService : QtiImsExtService, ImsService is not yet started retry.
08-16 16:53:42.938 2215 2215 E QImsService: QtiImsExtService : QtiImsExtService, ImsService is not yet started retry.
08-16 16:53:42.938 2215 2215 W QImsService: QtiImsExtService : onBind returned null
08-16 16:53:42.941 2350 2350 D QtiImsExtConnector: Attempt to bind QtiImsExt service returned with: true
08-16 16:53:42.941 2350 2350 D QtiImsExtConnector: onNullBinding componentName ComponentInfo{org.codeaurora.ims/org.codeaurora.ims.QtiImsExtService}
08-16 16:53:43.452 1160 2973 D CompatibilityInfo: mCompatibilityFlags - 4
08-16 16:53:43.453 1160 2973 D CompatibilityInfo: applicationDensity - 240
08-16 16:53:43.453 1160 2973 D CompatibilityInfo: applicationScale - 1.0
08-16 16:53:43.456 2215 2215 I QImsService: QtiImsExtService : QtiImsExtService created!
08-16 16:53:43.456 2215 2215 E QImsService: QtiImsExtService : QtiImsExtService, ImsService is not yet started retry.
08-16 16:53:43.456 2350 2350 D QtiImsExtConnector: Attempt to bind QtiImsExt service returned with: true
08-16 16:53:43.457 2215 2215 E QImsService: QtiImsExtService : QtiImsExtService, ImsService is not yet started retry.
08-16 16:53:43.457 2215 2215 W QImsService: QtiImsExtService : onBind returned null
08-16 16:53:43.459 2350 2350 D QtiImsExtConnector: onNullBinding componentName ComponentInfo{org.codeaurora.ims/org.codeaurora.ims.QtiImsExtService}
08-16 16:53:43.516 678 4683 I resolv : retrying_poll: 56 retrying_poll timeout
08-16 16:53:43.516 678 4682 I resolv : retrying_poll: 55 retrying_poll timeout
08-16 16:53:43.516 678 4682 D resolv : send_dg: 1
08-16 16:53:43.516 678 4683 D resolv : send_dg: 1
08-16 16:53:43.516 678 4682 I resolv : res_nsend: used send_dg 0 terrno: 110
08-16 16:53:43.516 678 4683 I resolv : res_nsend: used send_dg 0 terrno: 110
08-16 16:53:43.516 678 4683 I resolv : res_stats_set_sample: rcode = 255, sec = 0
08-16 16:53:43.516 678 4682 I resolv : res_stats_set_sample: rcode = 255, sec = 0
08-16 16:53:43.517 678 4683 I resolv : res_cache_add_stats_sample_locked: adding sample to stats, next = 48, count = 48
08-16 16:53:43.517 678 4683 D resolv : res_nsend: Querying server (# 1) address = 192.168.1.1:53
08-16 16:53:43.519 678 4683 I resolv : get_timeout: using timeout of 5000 msec
08-16 16:53:43.519 678 4683 I resolv : retrying_poll: 56 retrying_poll
08-16 16:53:43.523 678 4682 I resolv : res_cache_add_stats_sample_locked: adding sample to stats, next = 49, count = 49
08-16 16:53:43.523 678 4682 D resolv : res_nsend: Querying server (# 1) address = 192.168.1.1:53
08-16 16:53:43.524 678 4682 I resolv : get_timeout: using timeout of 5000 msec
08-16 16:53:43.524 678 4682 I resolv : retrying_poll: 55 retrying_poll
01-01 05:48:04.017 0 0 D : mv2112_read_status
01-01 05:48:04.017 0 0 D mv2112_update_link: 3.0x901(1G): 0x4
01-01 05:48:04.017 0 0 D mv2112_update_link: 3.0x8109(100M): 0x8
01-01 05:48:04.017 0 0 D mv2112_update_link: link 0x4
01-01 05:48:04.017 0 0 D mv2112_read_status: autoneg is disabled
08-16 16:53:43.826 678 4671 I resolv : retrying_poll: 60 retrying_poll timeout
08-16 16:53:43.827 678 4671 D resolv : send_dg: 1
08-16 16:53:43.827 678 4671 I resolv : res_nsend: used send_dg 0 terrno: 110
08-16 16:53:43.828 678 4671 D resolv : doQuery: rcode=0, ancount=0
08-16 16:53:43.829 678 4670 I resolv : resolv_populate_res_for_net: netid=100
08-16 16:53:43.832 1160 1942 W SntpClient: Unknown host: time.android.com
08-16 16:53:43.833 1160 1942 D SntpClient: request time failed
08-16 16:53:43.974 1160 1841 D CompatibilityInfo: mCompatibilityFlags - 4
08-16 16:53:43.975 1160 1841 D CompatibilityInfo: applicationDensity - 240
08-16 16:53:43.975 1160 1841 D CompatibilityInfo: applicationScale - 1.0
08-16 16:53:43.979 2215 2215 I QImsService: QtiImsExtService : QtiImsExtService created!
08-16 16:53:43.979 2215 2215 E QImsService: QtiImsExtService : QtiImsExtService, ImsService is not yet started retry.
08-16 16:53:43.980 2350 2350 D QtiImsExtConnector: Attempt to bind QtiImsExt service returned with: true
08-16 16:53:43.980 2215 2215 E QImsService: QtiImsExtService : QtiImsExtService, ImsService is not yet started retry.
08-16 16:53:43.980 2215 2215 W QImsService: QtiImsExtService : onBind returned null
08-16 16:53:43.984 2350 2350 D QtiImsExtConnector: onNullBinding componentName ComponentInfo{org.codeaurora.ims/org.codeaurora.ims.QtiImsExtService}
08-16 16:53:44.495 1160 1841 D CompatibilityInfo: mCompatibilityFlags - 4
08-16 16:53:44.495 1160 1841 D CompatibilityInfo: applicationDensity - 240
08-16 16:53:44.495 1160 1841 D CompatibilityInfo: applicationScale - 1.0
08-16 16:53:44.499 2215 2215 I QImsService: QtiImsExtService : QtiImsExtService created!
08-16 16:53:44.499 2215 2215 E QImsService: QtiImsExtService : QtiImsExtService, ImsService is not yet started retry.
08-16 16:53:44.500 2215 2215 E QImsService: QtiImsExtService : QtiImsExtService, ImsService is not yet started retry.
08-16 16:53:44.500 2215 2215 W QImsService: QtiImsExtService : onBind returned null
08-16 16:53:44.501 2350 2350 D QtiImsExtConnector: Attempt to bind QtiImsExt service returned with: true
08-16 16:53:44.503 2350 2350 D QtiImsExtConnector: onNullBinding componentName ComponentInfo{org.codeaurora.ims/org.codeaurora.ims.QtiImsExtService}
01-01 05:48:05.041 0 0 D : mv2112_read_status
01-01 05:48:05.041 0 0 D mv2112_update_link: 3.0x901(1G): 0x4
01-01 05:48:05.041 0 0 D mv2112_update_link: 3.0x8109(100M): 0x8
01-01 05:48:05.041 0 0 D mv2112_update_link: link 0x4
01-01 05:48:05.041 0 0 D mv2112_read_status: autoneg is disabled
08-16 16:53:45.019 1160 2973 D CompatibilityInfo: mCompatibilityFlags - 4
08-16 16:53:45.019 1160 2973 D CompatibilityInfo: applicationDensity - 240
08-16 16:53:45.019 1160 2973 D CompatibilityInfo: applicationScale - 1.0
08-16 16:53:45.023 2215 2215 I QImsService: QtiImsExtService : QtiImsExtService created!
08-16 16:53:45.024 2215 2215 E QImsService: QtiImsExtService : QtiImsExtService, ImsService is not yet started retry.
08-16 16:53:45.024 2350 2350 D QtiImsExtConnector: Attempt to bind QtiImsExt service returned with: true
08-16 16:53:45.024 2215 2215 E QImsService: QtiImsExtService : QtiImsExtService, ImsService is not yet started retry.
08-16 16:53:45.025 2215 2215 W QImsService: QtiImsExtService : onBind returned null
08-16 16:53:45.027 2350 2350 D QtiImsExtConnector: onNullBinding componentName ComponentInfo{org.codeaurora.ims/org.codeaurora.ims.QtiImsExtService}
08-16 16:53:45.539 1160 2973 D CompatibilityInfo: mCompatibilityFlags - 4
08-16 16:53:45.540 1160 2973 D CompatibilityInfo: applicationDensity - 240
08-16 16:53:45.540 1160 2973 D CompatibilityInfo: applicationScale - 1.0
08-16 16:53:45.544 2215 2215 I QImsService: QtiImsExtService : QtiImsExtService created!
08-16 16:53:45.545 2215 2215 E QImsService: QtiImsExtService : QtiImsExtService, ImsService is not yet started retry.
08-16 16:53:45.545 2350 2350 D QtiImsExtConnector: Attempt to bind QtiImsExt service returned with: true
08-16 16:53:45.546 2215 2215 E QImsService: QtiImsExtService : QtiImsExtService, ImsService is not yet started retry.
08-16 16:53:45.546 2215 2215 W QImsService: QtiImsExtService : onBind returned null
08-16 16:53:45.548 2350 2350 D QtiImsExtConnector: onNullBinding componentName ComponentInfo{org.codeaurora.ims/org.codeaurora.ims.QtiImsExtService}
01-01 05:48:06.065 0 0 D : mv2112_read_status
01-01 05:48:06.065 0 0 D mv2112_update_link: 3.0x901(1G): 0x4
01-01 05:48:06.065 0 0 D mv2112_update_link: 3.0x8109(100M): 0x8
01-01 05:48:06.065 0 0 D mv2112_update_link: link 0x4
01-01 05:48:06.065 0 0 D mv2112_read_status: autoneg is disabled
08-16 16:53:46.059 1160 1841 D CompatibilityInfo: mCompatibilityFlags - 4
08-16 16:53:46.059 1160 1841 D CompatibilityInfo: applicationDensity - 240
08-16 16:53:46.059 1160 1841 D CompatibilityInfo: applicationScale - 1.0
08-16 16:53:46.064 2350 2350 D QtiImsExtConnector: Attempt to bind QtiImsExt service returned with: true
08-16 16:53:46.066 2215 2215 I QImsService: QtiImsExtService : QtiImsExtService created!
08-16 16:53:46.066 2215 2215 E QImsService: QtiImsExtService : QtiImsExtService, ImsService is not yet started retry.
08-16 16:53:46.067 2215 2215 E QImsService: QtiImsExtService : QtiImsExtService, ImsService is not yet started retry.
08-16 16:53:46.067 2215 2215 W QImsService: QtiImsExtService : onBind returned null
08-16 16:53:46.068 2350 2350 D QtiImsExtConnector: onNullBinding componentName ComponentInfo{org.codeaurora.ims/org.codeaurora.ims.QtiImsExtService}
08-16 16:53:46.581 1160 1841 D CompatibilityInfo: mCompatibilityFlags - 4
08-16 16:53:46.581 1160 1841 D CompatibilityInfo: applicationDensity - 240
08-16 16:53:46.581 1160 1841 D CompatibilityInfo: applicationScale - 1.0
08-16 16:53:46.586 2215 2215 I QImsService: QtiImsExtService : QtiImsExtService created!
08-16 16:53:46.587 2215 2215 E QImsService: QtiImsExtService : QtiImsExtService, ImsService is not yet started retry.
08-16 16:53:46.587 2350 2350 D QtiImsExtConnector: Attempt to bind QtiImsExt service returned with: true
08-16 16:53:46.588 2215 2215 E QImsService: QtiImsExtService : QtiImsExtService, ImsService is not yet started retry.
08-16 16:53:46.588 2215 2215 W QImsService: QtiImsExtService : onBind returned null
08-16 16:53:46.590 2350 2350 D QtiImsExtConnector: onNullBinding componentName ComponentInfo{org.codeaurora.ims/org.codeaurora.ims.QtiImsExtService}
01-01 05:48:07.089 0 0 D : mv2112_read_status
01-01 05:48:07.089 0 0 D mv2112_update_link: 3.0x901(1G): 0x4
01-01 05:48:07.089 0 0 D mv2112_update_link: 3.0x8109(100M): 0x8
01-01 05:48:07.089 0 0 D mv2112_update_link: link 0x4
01-01 05:48:07.089 0 0 D mv2112_read_status: autoneg is disabled
01-01 05:48:07.340 0 0 I init : starting service 'vendor.light-hal-2-0'...
08-16 16:53:47.022 518 518 I hwservicemanager: getTransport: Cannot find entry android.hardware.light@2.0::ILight/default in either framework or device VINTF manifest.
08-16 16:53:47.028 4698 4698 E light : light_open lights keyboard failed: -22
08-16 16:53:47.028 4698 4698 E light : Light passthrough failed to load legacy HAL.
08-16 16:53:47.029 4698 4698 E light : light_open lights buttons failed: -22
08-16 16:53:47.029 4698 4698 E light : Light passthrough failed to load legacy HAL.
08-16 16:53:47.032 4698 4698 E light : light_open lights bluetooth failed: -22
08-16 16:53:47.032 4698 4698 E light : Light passthrough failed to load legacy HAL.
08-16 16:53:47.035 4698 4698 E light : light_open lights wifi failed: -22
08-16 16:53:47.035 4698 4698 E light : Light passthrough failed to load legacy HAL.
08-16 16:53:47.038 518 518 I hwservicemanager: getTransport: Cannot find entry android.hardware.light@2.0::ILight/default in either framework or device VINTF manifest.
08-16 16:53:47.039 4698 4698 E HidlServiceManagement: Service android.hardware.light@2.0::ILight/default must be in VINTF manifest in order to register/get.
08-16 16:53:47.039 4698 4698 E LegacySupport: Could not register service android.hardware.light@2.0::ILight/default (-2147483648).
