08-16 16:52:12.501 1160 1160 D SystemServerTiming: OnBootPhase_520_com.android.server.LooperStatsService$Lifecycle took to complete: 0ms
08-16 16:52:12.501 1160 1160 I SystemServerTiming: OnBootPhase_520_com.android.server.rollback.RollbackManagerService
08-16 16:52:12.502 1160 1160 D SystemServerTiming: OnBootPhase_520_com.android.server.rollback.RollbackManagerService took to complete: 0ms
08-16 16:52:12.502 1160 1160 I SystemServerTiming: OnBootPhase_520_com.android.server.os.NativeTombstoneManagerService
08-16 16:52:12.502 1160 1160 D SystemServerTiming: OnBootPhase_520_com.android.server.os.NativeTombstoneManagerService took to complete: 0ms
08-16 16:52:12.502 1160 1160 I SystemServerTiming: OnBootPhase_520_com.android.server.os.BugreportManagerService
08-16 16:52:12.503 1160 1160 D SystemServerTiming: OnBootPhase_520_com.android.server.os.BugreportManagerService took to complete: 0ms
08-16 16:52:12.503 1160 1160 I SystemServerTiming: OnBootPhase_520_com.android.server.gpu.GpuService
08-16 16:52:12.503 1160 1160 D SystemServerTiming: OnBootPhase_520_com.android.server.gpu.GpuService took to complete: 0ms
08-16 16:52:12.503 1160 1160 I SystemServerTiming: OnBootPhase_520_com.android.server.security.KeyChainSystemService
08-16 16:52:12.503 1160 1160 D SystemServerTiming: OnBootPhase_520_com.android.server.security.KeyChainSystemService took to complete: 0ms
08-16 16:52:12.503 1160 1160 I SystemServerTiming: OnBootPhase_520_com.android.server.telecom.TelecomLoaderService
08-16 16:52:12.503 1160 1160 D SystemServerTiming: OnBootPhase_520_com.android.server.telecom.TelecomLoaderService took to complete: 0ms
08-16 16:52:12.503 1160 1160 I SystemServerTiming: OnBootPhase_520_com.android.server.accounts.AccountManagerService$Lifecycle
08-16 16:52:12.503 1160 1160 D SystemServerTiming: OnBootPhase_520_com.android.server.accounts.AccountManagerService$Lifecycle took to complete: 0ms
08-16 16:52:12.503 1160 1160 I SystemServerTiming: OnBootPhase_520_com.android.server.content.ContentService$Lifecycle
08-16 16:52:12.503 1160 1160 D SystemServerTiming: OnBootPhase_520_com.android.server.content.ContentService$Lifecycle took to complete: 0ms
08-16 16:52:12.503 1160 1160 I SystemServerTiming: OnBootPhase_520_com.android.server.DropBoxManagerService
08-16 16:52:12.506 1160 1160 D SystemServerTiming: OnBootPhase_520_com.android.server.DropBoxManagerService took to complete: 0ms
08-16 16:52:12.506 1160 1160 I SystemServerTiming: OnBootPhase_520_com.android.role.RoleService
08-16 16:52:12.506 1160 1160 D SystemServerTiming: OnBootPhase_520_com.android.role.RoleService took to complete: 0ms
08-16 16:52:12.506 1160 1160 I SystemServerTiming: OnBootPhase_520_com.android.server.vibrator.VibratorManagerService$Lifecycle
08-16 16:52:12.506 1160 1160 D SystemServerTiming: OnBootPhase_520_com.android.server.vibrator.VibratorManagerService$Lifecycle took to complete: 0ms
08-16 16:52:12.506 1160 1160 I SystemServerTiming: OnBootPhase_520_com.android.server.alarm.AlarmManagerService
08-16 16:52:12.507 1160 1160 D SystemServerTiming: OnBootPhase_520_com.android.server.alarm.AlarmManagerService took to complete: 0ms
08-16 16:52:12.507 1160 1160 I SystemServerTiming: OnBootPhase_520_com.android.server.devicestate.DeviceStateManagerService
08-16 16:52:12.507 1160 1160 D SystemServerTiming: OnBootPhase_520_com.android.server.devicestate.DeviceStateManagerService took to complete: 0ms
08-16 16:52:12.507 1160 1160 I SystemServerTiming: OnBootPhase_520_com.android.server.camera.CameraServiceProxy
08-16 16:52:12.507 1160 1160 D SystemServerTiming: OnBootPhase_520_com.android.server.camera.CameraServiceProxy took to complete: 0ms
08-16 16:52:12.507 1160 1160 I SystemServerTiming: OnBootPhase_520_com.android.server.BluetoothService
08-16 16:52:12.507 1160 1160 D SystemServerTiming: OnBootPhase_520_com.android.server.BluetoothService took to complete: 0ms
08-16 16:52:12.507 1160 1160 I SystemServerTiming: OnBootPhase_520_com.android.server.connectivity.IpConnectivityMetrics
08-16 16:52:12.507 1160 1160 D SystemServerTiming: OnBootPhase_520_com.android.server.connectivity.IpConnectivityMetrics took to complete: 0ms
08-16 16:52:12.507 1160 1160 I SystemServerTiming: OnBootPhase_520_com.android.server.net.watchlist.NetworkWatchlistService$Lifecycle
08-16 16:52:12.507 1160 1160 D SystemServerTiming: OnBootPhase_520_com.android.server.net.watchlist.NetworkWatchlistService$Lifecycle took to complete: 0ms
08-16 16:52:12.507 1160 1160 I SystemServerTiming: OnBootPhase_520_com.android.server.PinnerService
08-16 16:52:12.508 1160 1160 D SystemServerTiming: OnBootPhase_520_com.android.server.PinnerService took to complete: 0ms
08-16 16:52:12.508 1160 1160 I SystemServerTiming: OnBootPhase_520_com.google.android.startop.iorap.IorapForwardingService
08-16 16:52:12.508 1160 1160 D SystemServerTiming: OnBootPhase_520_com.google.android.startop.iorap.IorapForwardingService took to complete: 0ms
08-16 16:52:12.508 1160 1160 I SystemServerTiming: OnBootPhase_520_com.android.server.ActivityTriggerService
08-16 16:52:12.508 1160 1160 D SystemServerTiming: OnBootPhase_520_com.android.server.ActivityTriggerService took to complete: 0ms
08-16 16:52:12.509 1160 1160 I SystemServerTiming: OnBootPhase_520_com.android.server.integrity.AppIntegrityManagerService
08-16 16:52:12.509 1160 1160 D SystemServerTiming: OnBootPhase_520_com.android.server.integrity.AppIntegrityManagerService took to complete: 0ms
08-16 16:52:12.509 1160 1160 I SystemServerTiming: OnBootPhase_520_com.android.server.inputmethod.InputMethodManagerService$Lifecycle
08-16 16:52:12.509 1160 1160 D SystemServerTiming: OnBootPhase_520_com.android.server.inputmethod.InputMethodManagerService$Lifecycle took to complete: 0ms
08-16 16:52:12.509 1160 1160 I SystemServerTiming: OnBootPhase_520_com.android.server.accessibility.AccessibilityManagerService$Lifecycle
08-16 16:52:12.509 1160 1160 D SystemServerTiming: OnBootPhase_520_com.android.server.accessibility.AccessibilityManagerService$Lifecycle took to complete: 0ms
08-16 16:52:12.509 1160 1160 I SystemServerTiming: OnBootPhase_520_com.android.server.StorageManagerService$Lifecycle
08-16 16:52:12.509 1160 1160 D SystemServerTiming: OnBootPhase_520_com.android.server.StorageManagerService$Lifecycle took to complete: 0ms
08-16 16:52:12.509 1160 1160 I SystemServerTiming: OnBootPhase_520_com.android.server.usage.StorageStatsService$Lifecycle
08-16 16:52:12.509 1160 1160 D SystemServerTiming: OnBootPhase_520_com.android.server.usage.StorageStatsService$Lifecycle took to complete: 0ms
08-16 16:52:12.510 1160 1160 I SystemServerTiming: OnBootPhase_520_com.android.server.UiModeManagerService
08-16 16:52:12.510 1160 1160 D SystemServerTiming: OnBootPhase_520_com.android.server.UiModeManagerService took to complete: 0ms
08-16 16:52:12.510 1160 1160 I SystemServerTiming: OnBootPhase_520_com.android.server.locksettings.LockSettingsService$Lifecycle
08-16 16:52:12.510 1160 1160 D SystemServerTiming: OnBootPhase_520_com.android.server.locksettings.LockSettingsService$Lifecycle took to complete: 0ms
08-16 16:52:12.510 1160 1160 I SystemServerTiming: OnBootPhase_520_com.android.server.PersistentDataBlockService
08-16 16:52:12.510 1160 1160 D SystemServerTiming: OnBootPhase_520_com.android.server.PersistentDataBlockService took to complete: 0ms
08-16 16:52:12.510 1160 1160 I SystemServerTiming: OnBootPhase_520_com.android.server.testharness.TestHarnessModeService
08-16 16:52:12.511 1160 1160 D SystemServerTiming: OnBootPhase_520_com.android.server.testharness.TestHarnessModeService took to complete: 0ms
08-16 16:52:12.511 1160 1160 I SystemServerTiming: OnBootPhase_520_com.android.server.oemlock.OemLockService
08-16 16:52:12.511 1160 1160 D SystemServerTiming: OnBootPhase_520_com.android.server.oemlock.OemLockService took to complete: 0ms
08-16 16:52:12.511 1160 1160 I SystemServerTiming: OnBootPhase_520_com.android.server.DeviceIdleController
08-16 16:52:12.511 1160 1160 D SystemServerTiming: OnBootPhase_520_com.android.server.DeviceIdleController took to complete: 0ms
08-16 16:52:12.511 1160 1160 I SystemServerTiming: OnBootPhase_520_com.android.server.devicepolicy.DevicePolicyManagerService$Lifecycle
08-16 16:52:12.511 1160 1160 D SystemServerTiming: OnBootPhase_520_com.android.server.devicepolicy.DevicePolicyManagerService$Lifecycle took to complete: 0ms
08-16 16:52:12.511 1160 1160 I SystemServerTiming: OnBootPhase_520_com.android.server.texttospeech.TextToSpeechManagerService
08-16 16:52:12.511 1160 1160 D SystemServerTiming: OnBootPhase_520_com.android.server.texttospeech.TextToSpeechManagerService took to complete: 0ms
08-16 16:52:12.511 1160 1160 I SystemServerTiming: OnBootPhase_520_com.android.server.speech.SpeechRecognitionManagerService
08-16 16:52:12.512 1160 1160 D SystemServerTiming: OnBootPhase_520_com.android.server.speech.SpeechRecognitionManagerService took to complete: 0ms
08-16 16:52:12.512 1160 1160 I SystemServerTiming: OnBootPhase_520_com.android.server.searchui.SearchUiManagerService
08-16 16:52:12.512 1160 1160 D SystemServerTiming: OnBootPhase_520_com.android.server.searchui.SearchUiManagerService took to complete: 0ms
08-16 16:52:12.512 1160 1160 I SystemServerTiming: OnBootPhase_520_com.android.server.smartspace.SmartspaceManagerService
08-16 16:52:12.512 1160 1160 D SystemServerTiming: OnBootPhase_520_com.android.server.smartspace.SmartspaceManagerService took to complete: 0ms
08-16 16:52:12.512 1160 1160 I SystemServerTiming: OnBootPhase_520_com.android.server.graphics.fonts.FontManagerService$Lifecycle
08-16 16:52:12.512 1160 1160 D SystemServerTiming: OnBootPhase_520_com.android.server.graphics.fonts.FontManagerService$Lifecycle took to complete: 0ms
08-16 16:52:12.512 1160 1160 I SystemServerTiming: OnBootPhase_520_com.android.server.textservices.TextServicesManagerService$Lifecycle
08-16 16:52:12.512 1160 1160 D SystemServerTiming: OnBootPhase_520_com.android.server.textservices.TextServicesManagerService$Lifecycle took to complete: 0ms
08-16 16:52:12.512 1160 1160 I SystemServerTiming: OnBootPhase_520_com.android.server.textclassifier.TextClassificationManagerService$Lifecycle
08-16 16:52:12.513 1160 1160 D SystemServerTiming: OnBootPhase_520_com.android.server.textclassifier.TextClassificationManagerService$Lifecycle took to complete: 0ms
08-16 16:52:12.513 1160 1160 I SystemServerTiming: OnBootPhase_520_com.android.server.NetworkScoreService$Lifecycle
08-16 16:52:12.513 1160 1160 D SystemServerTiming: OnBootPhase_520_com.android.server.NetworkScoreService$Lifecycle took to complete: 0ms
08-16 16:52:12.513 1160 1160 I SystemServerTiming: OnBootPhase_520_com.android.server.wifi.WifiService
08-16 16:52:12.513 1160 1160 D SystemServerTiming: OnBootPhase_520_com.android.server.wifi.WifiService took to complete: 0ms
08-16 16:52:12.513 1160 1160 I SystemServerTiming: OnBootPhase_520_com.android.server.wifi.scanner.WifiScanningService
08-16 16:52:12.513 1160 1160 D SystemServerTiming: OnBootPhase_520_com.android.server.wifi.scanner.WifiScanningService took to complete: 0ms
08-16 16:52:12.513 1160 1160 I SystemServerTiming: OnBootPhase_520_com.android.server.wifi.rtt.RttService
08-16 16:52:12.513 1160 1160 D SystemServerTiming: OnBootPhase_520_com.android.server.wifi.rtt.RttService took to complete: 0ms
08-16 16:52:12.513 1160 1160 I SystemServerTiming: OnBootPhase_520_com.android.server.wifi.aware.WifiAwareService
08-16 16:52:12.513 1160 1160 D SystemServerTiming: OnBootPhase_520_com.android.server.wifi.aware.WifiAwareService took to complete: 0ms
08-16 16:52:12.513 1160 1160 I SystemServerTiming: OnBootPhase_520_com.android.server.wifi.p2p.WifiP2pService
08-16 16:52:12.514 1160 1160 D SystemServerTiming: OnBootPhase_520_com.android.server.wifi.p2p.WifiP2pService took to complete: 0ms
08-16 16:52:12.514 1160 1160 I SystemServerTiming: OnBootPhase_520_com.android.server.ethernet.EthernetService
08-16 16:52:12.514 1160 1160 D SystemServerTiming: OnBootPhase_520_com.android.server.ethernet.EthernetService took to complete: 0ms
08-16 16:52:12.514 1160 1160 I SystemServerTiming: OnBootPhase_520_com.android.server.ConnectivityServiceInitializer
08-16 16:52:12.514 1160 1160 D SystemServerTiming: OnBootPhase_520_com.android.server.ConnectivityServiceInitializer took to complete: 0ms
08-16 16:52:12.514 1160 1160 I SystemServerTiming: OnBootPhase_520_com.android.server.notification.NotificationManagerService
08-16 16:52:12.514 1160 1160 D SystemServerTiming: OnBootPhase_520_com.android.server.notification.NotificationManagerService took to complete: 0ms
08-16 16:52:12.514 1160 1160 I SystemServerTiming: OnBootPhase_520_com.android.server.storage.DeviceStorageMonitorService
08-16 16:52:12.514 1160 1160 D SystemServerTiming: OnBootPhase_520_com.android.server.storage.DeviceStorageMonitorService took to complete: 0ms
08-16 16:52:12.515 1160 1160 I SystemServerTiming: OnBootPhase_520_com.android.server.location.LocationManagerService$Lifecycle
08-16 16:52:12.515 1160 1160 D SystemServerTiming: OnBootPhase_520_com.android.server.location.LocationManagerService$Lifecycle took to complete: 0ms
08-16 16:52:12.515 1160 1160 I SystemServerTiming: OnBootPhase_520_com.android.server.timedetector.TimeDetectorService$Lifecycle
08-16 16:52:12.515 1160 1160 D SystemServerTiming: OnBootPhase_520_com.android.server.timedetector.TimeDetectorService$Lifecycle took to complete: 0ms
08-16 16:52:12.515 1160 1160 I SystemServerTiming: OnBootPhase_520_com.android.server.timezonedetector.TimeZoneDetectorService$Lifecycle
08-16 16:52:12.515 1160 1160 D SystemServerTiming: OnBootPhase_520_com.android.server.timezonedetector.TimeZoneDetectorService$Lifecycle took to complete: 0ms
08-16 16:52:12.515 1160 1160 I SystemServerTiming: OnBootPhase_520_com.android.server.timezonedetector.location.LocationTimeZoneManagerService$Lifecycle
08-16 16:52:12.515 1160 1160 D SystemServerTiming: OnBootPhase_520_com.android.server.timezonedetector.location.LocationTimeZoneManagerService$Lifecycle took to complete: 0ms
08-16 16:52:12.515 1160 1160 I SystemServerTiming: OnBootPhase_520_com.android.server.search.SearchManagerService$Lifecycle
08-16 16:52:12.515 1160 1160 D SystemServerTiming: OnBootPhase_520_com.android.server.search.SearchManagerService$Lifecycle took to complete: 0ms
08-16 16:52:12.516 1160 1160 I SystemServerTiming: OnBootPhase_520_com.android.server.wallpaper.WallpaperManagerService$Lifecycle
08-16 16:52:12.516 1160 1160 D SystemServerTiming: OnBootPhase_520_com.android.server.wallpaper.WallpaperManagerService$Lifecycle took to complete: 0ms
08-16 16:52:12.516 1160 1160 I SystemServerTiming: OnBootPhase_520_com.android.server.audio.AudioService$Lifecycle
08-16 16:52:12.516 1160 1160 D SystemServerTiming: OnBootPhase_520_com.android.server.audio.AudioService$Lifecycle took to complete: 0ms
08-16 16:52:12.516 1160 1160 I SystemServerTiming: OnBootPhase_520_com.android.server.soundtrigger_middleware.SoundTriggerMiddlewareService$Lifecycle
08-16 16:52:12.516 1160 1160 D SystemServerTiming: OnBootPhase_520_com.android.server.soundtrigger_middleware.SoundTriggerMiddlewareService$Lifecycle took to complete: 0ms
08-16 16:52:12.516 1160 1160 I SystemServerTiming: OnBootPhase_520_com.android.server.DockObserver
08-16 16:52:12.516 1160 1160 D SystemServerTiming: OnBootPhase_520_com.android.server.DockObserver took to complete: 0ms
08-16 16:52:12.516 1160 1160 I SystemServerTiming: OnBootPhase_520_com.android.server.midi.MidiService$Lifecycle
08-16 16:52:12.516 1160 1160 D SystemServerTiming: OnBootPhase_520_com.android.server.midi.MidiService$Lifecycle took to complete: 0ms
08-16 16:52:12.516 1160 1160 I SystemServerTiming: OnBootPhase_520_com.android.server.adb.AdbService$Lifecycle
08-16 16:52:12.516 1160 1160 D SystemServerTiming: OnBootPhase_520_com.android.server.adb.AdbService$Lifecycle took to complete: 0ms
08-16 16:52:12.517 1160 1160 I SystemServerTiming: OnBootPhase_520_com.android.server.usb.UsbService$Lifecycle
08-16 16:52:12.517 1160 1160 D SystemServerTiming: OnBootPhase_520_com.android.server.usb.UsbService$Lifecycle took to complete: 0ms
08-16 16:52:12.517 1160 1160 I SystemServerTiming: OnBootPhase_520_com.android.server.twilight.TwilightService
08-16 16:52:12.517 1160 1160 D SystemServerTiming: OnBootPhase_520_com.android.server.twilight.TwilightService took to complete: 0ms
08-16 16:52:12.517 1160 1160 I SystemServerTiming: OnBootPhase_520_com.android.server.display.color.ColorDisplayService
08-16 16:52:12.517 1160 1160 D SystemServerTiming: OnBootPhase_520_com.android.server.display.color.ColorDisplayService took to complete: 0ms
08-16 16:52:12.517 1160 1160 I SystemServerTiming: OnBootPhase_520_com.android.server.job.JobSchedulerService
08-16 16:52:12.517 1160 1160 D SystemServerTiming: OnBootPhase_520_com.android.server.job.JobSchedulerService took to complete: 0ms
08-16 16:52:12.517 1160 1160 I SystemServerTiming: OnBootPhase_520_com.android.server.soundtrigger.SoundTriggerService
08-16 16:52:12.517 1160 1160 D SoundTriggerService: onBootPhase: 520 : false
08-16 16:52:12.517 1160 1160 D SystemServerTiming: OnBootPhase_520_com.android.server.soundtrigger.SoundTriggerService took to complete: 0ms
08-16 16:52:12.517 1160 1160 I SystemServerTiming: OnBootPhase_520_com.android.server.trust.TrustManagerService
08-16 16:52:12.517 1160 1160 D SystemServerTiming: OnBootPhase_520_com.android.server.trust.TrustManagerService took to complete: 0ms
08-16 16:52:12.518 1160 1160 I SystemServerTiming: OnBootPhase_520_com.android.server.backup.BackupManagerService$Lifecycle
08-16 16:52:12.518 1160 1160 D SystemServerTiming: OnBootPhase_520_com.android.server.backup.BackupManagerService$Lifecycle took to complete: 0ms
08-16 16:52:12.518 1160 1160 I SystemServerTiming: OnBootPhase_520_com.android.server.appwidget.AppWidgetService
08-16 16:52:12.518 1160 1160 D SystemServerTiming: OnBootPhase_520_com.android.server.appwidget.AppWidgetService took to complete: 0ms
08-16 16:52:12.518 1160 1160 I SystemServerTiming: OnBootPhase_520_com.android.server.voiceinteraction.VoiceInteractionManagerService
08-16 16:52:12.518 1160 1160 D SystemServerTiming: OnBootPhase_520_com.android.server.voiceinteraction.VoiceInteractionManagerService took to complete: 0ms
08-16 16:52:12.518 1160 1160 I SystemServerTiming: OnBootPhase_520_com.android.server.apphibernation.AppHibernationService
08-16 16:52:12.518 1160 1160 D SystemServerTiming: OnBootPhase_520_com.android.server.apphibernation.AppHibernationService took to complete: 0ms
08-16 16:52:12.518 1160 1160 I SystemServerTiming: OnBootPhase_520_com.android.server.GestureLauncherService
08-16 16:52:12.518 1160 1160 D SystemServerTiming: OnBootPhase_520_com.android.server.GestureLauncherService took to complete: 0ms
08-16 16:52:12.518 1160 1160 I SystemServerTiming: OnBootPhase_520_com.android.server.SensorNotificationService
08-16 16:52:12.519 1160 1160 D SystemServerTiming: OnBootPhase_520_com.android.server.SensorNotificationService took to complete: 0ms
08-16 16:52:12.519 1160 1160 I SystemServerTiming: OnBootPhase_520_com.android.server.emergency.EmergencyAffordanceService
08-16 16:52:12.519 1160 1160 D SystemServerTiming: OnBootPhase_520_com.android.server.emergency.EmergencyAffordanceService took to complete: 0ms
08-16 16:52:12.519 1160 1160 I SystemServerTiming: OnBootPhase_520_com.android.server.blob.BlobStoreManagerService
08-16 16:52:12.519 1160 1160 D SystemServerTiming: OnBootPhase_520_com.android.server.blob.BlobStoreManagerService took to complete: 0ms
08-16 16:52:12.519 1160 1160 I SystemServerTiming: OnBootPhase_520_com.android.server.dreams.DreamManagerService
08-16 16:52:12.519 1160 1160 D SystemServerTiming: OnBootPhase_520_com.android.server.dreams.DreamManagerService took to complete: 0ms
08-16 16:52:12.519 1160 1160 I SystemServerTiming: OnBootPhase_520_com.android.server.print.PrintManagerService
08-16 16:52:12.519 1160 1160 D SystemServerTiming: OnBootPhase_520_com.android.server.print.PrintManagerService took to complete: 0ms
08-16 16:52:12.519 1160 1160 I SystemServerTiming: OnBootPhase_520_com.android.server.companion.CompanionDeviceManagerService
08-16 16:52:12.519 1160 1160 D SystemServerTiming: OnBootPhase_520_com.android.server.companion.CompanionDeviceManagerService took to complete: 0ms
08-16 16:52:12.519 1160 1160 I SystemServerTiming: OnBootPhase_520_com.android.server.restrictions.RestrictionsManagerService
08-16 16:52:12.519 1160 1160 D SystemServerTiming: OnBootPhase_520_com.android.server.restrictions.RestrictionsManagerService took to complete: 0ms
08-16 16:52:12.519 1160 1160 I SystemServerTiming: OnBootPhase_520_com.android.server.media.MediaSessionService
08-16 16:52:12.520 1160 1160 D SystemServerTiming: OnBootPhase_520_com.android.server.media.MediaSessionService took to complete: 0ms
08-16 16:52:12.520 1160 1160 I SystemServerTiming: OnBootPhase_520_com.android.server.media.MediaResourceMonitorService
08-16 16:52:12.520 1160 1160 D SystemServerTiming: OnBootPhase_520_com.android.server.media.MediaResourceMonitorService took to complete: 0ms
08-16 16:52:12.520 1160 1160 I SystemServerTiming: OnBootPhase_520_com.android.server.biometrics.sensors.fingerprint.FingerprintService
08-16 16:52:12.520 1160 1160 D SystemServerTiming: OnBootPhase_520_com.android.server.biometrics.sensors.fingerprint.FingerprintService took to complete: 0ms
08-16 16:52:12.520 1160 1160 I SystemServerTiming: OnBootPhase_520_com.android.server.biometrics.BiometricService
08-16 16:52:12.520 1160 1160 D SystemServerTiming: OnBootPhase_520_com.android.server.biometrics.BiometricService took to complete: 0ms
08-16 16:52:12.520 1160 1160 I SystemServerTiming: OnBootPhase_520_com.android.server.biometrics.AuthService
08-16 16:52:12.520 1160 1160 D SystemServerTiming: OnBootPhase_520_com.android.server.biometrics.AuthService took to complete: 0ms
08-16 16:52:12.520 1160 1160 I SystemServerTiming: OnBootPhase_520_com.android.server.pm.ShortcutService$Lifecycle
08-16 16:52:12.520 1160 1160 D SystemServerTiming: OnBootPhase_520_com.android.server.pm.ShortcutService$Lifecycle took to complete: 0ms
08-16 16:52:12.521 1160 1160 I SystemServerTiming: OnBootPhase_520_com.android.server.pm.LauncherAppsService
08-16 16:52:12.521 1160 1160 D SystemServerTiming: OnBootPhase_520_com.android.server.pm.LauncherAppsService took to complete: 0ms
08-16 16:52:12.521 1160 1160 I SystemServerTiming: OnBootPhase_520_com.android.server.pm.CrossProfileAppsService
08-16 16:52:12.521 1160 1160 D SystemServerTiming: OnBootPhase_520_com.android.server.pm.CrossProfileAppsService took to complete: 0ms
08-16 16:52:12.521 1160 1160 I SystemServerTiming: OnBootPhase_520_com.android.server.people.PeopleService
08-16 16:52:12.521 1160 1160 D SystemServerTiming: OnBootPhase_520_com.android.server.people.PeopleService took to complete: 0ms
08-16 16:52:12.521 1160 1160 I SystemServerTiming: OnBootPhase_520_com.android.server.media.metrics.MediaMetricsManagerService
08-16 16:52:12.521 1160 1160 D SystemServerTiming: OnBootPhase_520_com.android.server.media.metrics.MediaMetricsManagerService took to complete: 0ms
08-16 16:52:12.521 1160 1160 I SystemServerTiming: OnBootPhase_520_com.android.server.media.projection.MediaProjectionManagerService
08-16 16:52:12.521 1160 1160 D SystemServerTiming: OnBootPhase_520_com.android.server.media.projection.MediaProjectionManagerService took to complete: 0ms
08-16 16:52:12.521 1160 1160 I SystemServerTiming: OnBootPhase_520_com.android.server.slice.SliceManagerService$Lifecycle
08-16 16:52:12.521 1160 1160 D SystemServerTiming: OnBootPhase_520_com.android.server.slice.SliceManagerService$Lifecycle took to complete: 0ms
08-16 16:52:12.521 1160 1160 I SystemServerTiming: OnBootPhase_520_com.android.server.stats.StatsCompanion$Lifecycle
08-16 16:52:12.521 1160 1160 D SystemServerTiming: OnBootPhase_520_com.android.server.stats.StatsCompanion$Lifecycle took to complete: 0ms
08-16 16:52:12.522 1160 1160 I SystemServerTiming: OnBootPhase_520_com.android.server.scheduling.RebootReadinessManagerService$Lifecycle
08-16 16:52:12.522 1160 1160 D SystemServerTiming: OnBootPhase_520_com.android.server.scheduling.RebootReadinessManagerService$Lifecycle took to complete: 0ms
08-16 16:52:12.522 1160 1160 I SystemServerTiming: OnBootPhase_520_com.android.server.stats.pull.StatsPullAtomService
08-16 16:52:12.522 1160 1160 D SystemServerTiming: OnBootPhase_520_com.android.server.stats.pull.StatsPullAtomService took to complete: 0ms
08-16 16:52:12.522 1160 1160 I SystemServerTiming: OnBootPhase_520_com.android.server.incident.IncidentCompanionService
08-16 16:52:12.522 1160 1160 D SystemServerTiming: OnBootPhase_520_com.android.server.incident.IncidentCompanionService took to complete: 0ms
08-16 16:52:12.522 1160 1160 I SystemServerTiming: OnBootPhase_520_com.android.server.MmsServiceBroker
08-16 16:52:12.522 1160 1160 D SystemServerTiming: OnBootPhase_520_com.android.server.MmsServiceBroker took to complete: 0ms
08-16 16:52:12.523 1160 1160 I SystemServerTiming: OnBootPhase_520_com.android.server.autofill.AutofillManagerService
08-16 16:52:12.523 1160 1160 D SystemServerTiming: OnBootPhase_520_com.android.server.autofill.AutofillManagerService took to complete: 0ms
08-16 16:52:12.523 1160 1160 I SystemServerTiming: OnBootPhase_520_com.android.server.clipboard.ClipboardService
08-16 16:52:12.523 1160 1160 D SystemServerTiming: OnBootPhase_520_com.android.server.clipboard.ClipboardService took to complete: 0ms
08-16 16:52:12.523 1160 1160 I SystemServerTiming: OnBootPhase_520_com.android.server.appbinding.AppBindingService$Lifecycle
08-16 16:52:12.523 1160 1160 D SystemServerTiming: OnBootPhase_520_com.android.server.appbinding.AppBindingService$Lifecycle took to complete: 0ms
08-16 16:52:12.523 1160 1160 I SystemServerTiming: OnBootPhase_520_com.android.server.tracing.TracingServiceProxy
08-16 16:52:12.523 1160 1160 D SystemServerTiming: OnBootPhase_520_com.android.server.tracing.TracingServiceProxy took to complete: 0ms
08-16 16:52:12.523 1160 1160 I SystemServerTiming: OnBootPhase_520_com.android.server.policy.PermissionPolicyService
08-16 16:52:12.523 1160 1160 D SystemServerTiming: OnBootPhase_520_com.android.server.policy.PermissionPolicyService took to complete: 0ms
08-16 16:52:12.524 1160 1160 I SystemServerTiming: OnBootPhase_520_com.android.server.pm.StagingManager$Lifecycle
08-16 16:52:12.524 1160 1160 D SystemServerTiming: OnBootPhase_520_com.android.server.pm.StagingManager$Lifecycle took to complete: 0ms
08-16 16:52:12.524 1160 1160 I SystemServerTiming: OnBootPhase_520_com.android.server.app.GameManagerService$Lifecycle
08-16 16:52:12.525 1160 1160 D SystemServerTiming: OnBootPhase_520_com.android.server.app.GameManagerService$Lifecycle took to complete: 0ms
08-16 16:52:12.525 1160 1160 D SystemServerTiming: OnBootPhase_520 took to complete: 28ms
08-16 16:52:12.525 1160 1160 D SystemServerTiming: StartBootPhaseDeviceSpecificServicesReady took to complete: 28ms
08-16 16:52:12.525 1160 1160 I SystemServerTiming: AppSearchManagerService
01-01 05:46:32.948 0 0 I init : Service 'exec 23 (/vendor/bin/modprobe -a -d /vendor/lib/modules/ qca_cld3_qca6390 qca_cld3_qca6490)' (pid 1210) exited with status 0 oneshot service took 7.806000 seconds in background
01-01 05:46:32.948 0 0 I init : Sending signal 9 to service 'exec 23 (/vendor/bin/modprobe -a -d /vendor/lib/modules/ qca_cld3_qca6390 qca_cld3_qca6490)' (pid 1210) process group...
01-01 05:46:32.949 0 0 I libprocessgroup: Successfully killed process cgroup uid 0 pid 1210 in 0ms
08-16 16:52:12.527 1228 1228 W iorapd : Readahead disabled by system property
08-16 16:52:12.546 1228 1228 W iorapd : Reconnect to package manager service: 1 times
08-16 16:52:12.568 1160 1265 W Looper : Slow dispatch took 165ms android.ui h=android.view.Choreographer$FrameHandler c=android.view.Choreographer$FrameDisplayEventReceiver@571e6e9 m=0
08-16 16:52:12.595 1828 1828 D iorap.prefetcherd: Installing minijail
08-16 16:52:12.597 1828 1828 W iorap.prefetcherd: No seccomp filter defined for this architecture.
08-16 16:52:12.603 1160 1160 I SystemServiceManager: Starting com.android.server.appsearch.AppSearchManagerService
08-16 16:52:12.605 1160 1160 D SystemServerTiming: AppSearchManagerService took to complete: 79ms
08-16 16:52:12.605 1160 1160 I SystemServerTiming: StartMediaCommunicationService
08-16 16:52:12.605 1160 1160 I SystemServiceManager: Starting com.android.server.media.MediaCommunicationService
08-16 16:52:12.607 1160 1160 D SystemServerTiming: StartMediaCommunicationService took to complete: 2ms
08-16 16:52:12.607 1160 1160 I SystemServerTiming: PhaseActivityManagerReady
08-16 16:52:12.607 1160 1160 I SystemServerTiming: controllersReady
08-16 16:52:12.612 1160 1706 I SystemServerTimingAsync: InitThreadPoolExec:Update app-ops uidState in case package com.tencent.mtt changed
08-16 16:52:12.612 1160 1706 D SystemServerInitThreadPool: Started executing Update app-ops uidState in case package com.tencent.mtt changed
08-16 16:52:12.612 1160 1722 I SystemServerTimingAsync: InitThreadPoolExec:Update app-ops uidState in case package com.android.cellbroadcastreceiver.module changed
08-16 16:52:12.612 1160 1722 D SystemServerInitThreadPool: Started executing Update app-ops uidState in case package com.android.cellbroadcastreceiver.module changed
08-16 16:52:12.612 1160 1740 I SystemServerTimingAsync: InitThreadPoolExec:Update app-ops uidState in case package com.android.providers.media.module changed
08-16 16:52:12.612 1160 1740 D SystemServerInitThreadPool: Started executing Update app-ops uidState in case package com.android.providers.media.module changed
08-16 16:52:12.612 1160 1742 I SystemServerTimingAsync: InitThreadPoolExec:Update app-ops uidState in case package com.qualcomm.qtil.aptxui changed
08-16 16:52:12.613 1160 1742 D SystemServerInitThreadPool: Started executing Update app-ops uidState in case package com.qualcomm.qtil.aptxui changed
08-16 16:52:12.613 1160 1276 I SystemServerTimingAsync: InitThreadPoolExec:Update app-ops uidState in case package com.qualcomm.qti.workloadclassifier changed
08-16 16:52:12.613 1160 1276 D SystemServerInitThreadPool: Started executing Update app-ops uidState in case package com.qualcomm.qti.workloadclassifier changed
08-16 16:52:12.613 1160 1696 I SystemServerTimingAsync: InitThreadPoolExec:Update app-ops uidState in case package com.qualcomm.qtil.aptxals changed
08-16 16:52:12.613 1160 1696 D SystemServerInitThreadPool: Started executing Update app-ops uidState in case package com.qualcomm.qtil.aptxals changed
08-16 16:52:12.613 1160 1705 I SystemServerTimingAsync: InitThreadPoolExec:Update app-ops uidState in case package com.qualcomm.location changed
08-16 16:52:12.613 1160 1705 D SystemServerInitThreadPool: Started executing Update app-ops uidState in case package com.qualcomm.location changed
08-16 16:52:12.613 1160 1683 I SystemServerTimingAsync: InitThreadPoolExec:Update app-ops uidState in case package com.android.systemui changed
08-16 16:52:12.613 1160 1683 D SystemServerInitThreadPool: Started executing Update app-ops uidState in case package com.android.systemui changed
08-16 16:52:12.614 1160 1706 D SystemServerInitThreadPool: Finished executing Update app-ops uidState in case package com.tencent.mtt changed
08-16 16:52:12.614 1160 1706 D SystemServerTimingAsync: InitThreadPoolExec:Update app-ops uidState in case package com.tencent.mtt changed took to complete: 3ms
08-16 16:52:12.614 1160 1740 D SystemServerInitThreadPool: Finished executing Update app-ops uidState in case package com.android.providers.media.module changed
08-16 16:52:12.614 1160 1742 D SystemServerInitThreadPool: Finished executing Update app-ops uidState in case package com.qualcomm.qtil.aptxui changed
08-16 16:52:12.614 1160 1722 D SystemServerInitThreadPool: Finished executing Update app-ops uidState in case package com.android.cellbroadcastreceiver.module changed
08-16 16:52:12.614 1160 1742 D SystemServerTimingAsync: InitThreadPoolExec:Update app-ops uidState in case package com.qualcomm.qtil.aptxui changed took to complete: 2ms
08-16 16:52:12.614 1160 1742 I SystemServerTimingAsync: InitThreadPoolExec:Update app-ops uidState in case package org.codeaurora.dialer changed
08-16 16:52:12.614 1160 1742 D SystemServerInitThreadPool: Started executing Update app-ops uidState in case package org.codeaurora.dialer changed
08-16 16:52:12.615 1160 1742 D SystemServerInitThreadPool: Finished executing Update app-ops uidState in case package org.codeaurora.dialer changed
08-16 16:52:12.615 1160 1696 D SystemServerInitThreadPool: Finished executing Update app-ops uidState in case package com.qualcomm.qtil.aptxals changed
08-16 16:52:12.615 1160 1706 I SystemServerTimingAsync: InitThreadPoolExec:Update app-ops uidState in case package com.android.mms changed
08-16 16:52:12.615 1160 1722 D SystemServerTimingAsync: InitThreadPoolExec:Update app-ops uidState in case package com.android.cellbroadcastreceiver.module changed took to complete: 2ms
08-16 16:52:12.615 1160 1706 D SystemServerInitThreadPool: Started executing Update app-ops uidState in case package com.android.mms changed
08-16 16:52:12.615 1160 1722 I SystemServerTimingAsync: InitThreadPoolExec:Update app-ops uidState in case package com.qti.ltebc changed
08-16 16:52:12.615 1160 1722 D SystemServerInitThreadPool: Started executing Update app-ops uidState in case package com.qti.ltebc changed
08-16 16:52:12.615 1160 1683 D SystemServerInitThreadPool: Finished executing Update app-ops uidState in case package com.android.systemui changed
08-16 16:52:12.615 1160 1160 D SystemServerTiming: controllersReady took to complete: 8ms
08-16 16:52:12.615 1160 1276 D SystemServerInitThreadPool: Finished executing Update app-ops uidState in case package com.qualcomm.qti.workloadclassifier changed
08-16 16:52:12.615 1160 1276 D SystemServerTimingAsync: InitThreadPoolExec:Update app-ops uidState in case package com.qualcomm.qti.workloadclassifier changed took to complete: 2ms
08-16 16:52:12.616 1160 1276 I SystemServerTimingAsync: InitThreadPoolExec:Update app-ops uidState in case package com.android.deskclock changed
08-16 16:52:12.616 1160 1276 D SystemServerInitThreadPool: Started executing Update app-ops uidState in case package com.android.deskclock changed
08-16 16:52:12.616 1160 1742 D SystemServerTimingAsync: InitThreadPoolExec:Update app-ops uidState in case package org.codeaurora.dialer changed took to complete: 0ms
08-16 16:52:12.616 1160 1740 D SystemServerTimingAsync: InitThreadPoolExec:Update app-ops uidState in case package com.android.providers.media.module changed took to complete: 2ms
08-16 16:52:12.616 1160 1742 I SystemServerTimingAsync: InitThreadPoolExec:Update app-ops uidState in case package com.qualcomm.qti.biometrics.fingerprint.service changed
08-16 16:52:12.616 1160 1696 D SystemServerTimingAsync: InitThreadPoolExec:Update app-ops uidState in case package com.qualcomm.qtil.aptxals changed took to complete: 1ms
08-16 16:52:12.616 1160 1696 I SystemServerTimingAsync: InitThreadPoolExec:Update app-ops uidState in case package com.android.providers.calendar changed
08-16 16:52:12.616 1160 1696 D SystemServerInitThreadPool: Started executing Update app-ops uidState in case package com.android.providers.calendar changed
08-16 16:52:12.616 1160 1696 D SystemServerInitThreadPool: Finished executing Update app-ops uidState in case package com.android.providers.calendar changed
08-16 16:52:12.616 1160 1696 D SystemServerTimingAsync: InitThreadPoolExec:Update app-ops uidState in case package com.android.providers.calendar changed took to complete: 0ms
08-16 16:52:12.616 1160 1696 I SystemServerTimingAsync: InitThreadPoolExec:Update app-ops uidState in case package com.android.providers.userdictionary changed
08-16 16:52:12.616 1160 1696 D SystemServerInitThreadPool: Started executing Update app-ops uidState in case package com.android.providers.userdictionary changed
08-16 16:52:12.616 1160 1696 D SystemServerInitThreadPool: Finished executing Update app-ops uidState in case package com.android.providers.userdictionary changed
08-16 16:52:12.616 1160 1696 D SystemServerTimingAsync: InitThreadPoolExec:Update app-ops uidState in case package com.android.providers.userdictionary changed took to complete: 0ms
08-16 16:52:12.616 1160 1696 I SystemServerTimingAsync: InitThreadPoolExec:Update app-ops uidState in case package com.android.providers.contacts changed
08-16 16:52:12.616 1160 1696 D SystemServerInitThreadPool: Started executing Update app-ops uidState in case package com.android.providers.contacts changed
08-16 16:52:12.617 1160 1696 D SystemServerInitThreadPool: Finished executing Update app-ops uidState in case package com.android.providers.contacts changed
08-16 16:52:12.617 1160 1696 D SystemServerTimingAsync: InitThreadPoolExec:Update app-ops uidState in case package com.android.providers.contacts changed took to complete: 0ms
08-16 16:52:12.617 1160 1696 I SystemServerTimingAsync: InitThreadPoolExec:Update app-ops uidState in case package com.android.shell changed
08-16 16:52:12.617 1160 1696 D SystemServerInitThreadPool: Started executing Update app-ops uidState in case package com.android.shell changed
08-16 16:52:12.617 1160 1696 D SystemServerInitThreadPool: Finished executing Update app-ops uidState in case package com.android.shell changed
08-16 16:52:12.617 1160 1696 D SystemServerTimingAsync: InitThreadPoolExec:Update app-ops uidState in case package com.android.shell changed took to complete: 0ms
08-16 16:52:12.617 1160 1696 I SystemServerTimingAsync: InitThreadPoolExec:Update app-ops uidState in case package com.android.cellbroadcastservice changed
08-16 16:52:12.617 1160 1696 D SystemServerInitThreadPool: Started executing Update app-ops uidState in case package com.android.cellbroadcastservice changed
08-16 16:52:12.617 1160 1696 D SystemServerInitThreadPool: Finished executing Update app-ops uidState in case package com.android.cellbroadcastservice changed
08-16 16:52:12.617 1160 1696 D SystemServerTimingAsync: InitThreadPoolExec:Update app-ops uidState in case package com.android.cellbroadcastservice changed took to complete: 0ms
08-16 16:52:12.617 1160 1696 I SystemServerTimingAsync: InitThreadPoolExec:Update app-ops uidState in case package com.android.nfc changed
08-16 16:52:12.617 1160 1696 D SystemServerInitThreadPool: Started executing Update app-ops uidState in case package com.android.nfc changed
08-16 16:52:12.617 1160 1696 D SystemServerInitThreadPool: Finished executing Update app-ops uidState in case package com.android.nfc changed
08-16 16:52:12.617 1160 1696 D SystemServerTimingAsync: InitThreadPoolExec:Update app-ops uidState in case package com.android.nfc changed took to complete: 0ms
08-16 16:52:12.617 1160 1696 I SystemServerTimingAsync: InitThreadPoolExec:Update app-ops uidState in case package com.android.bluetooth changed
08-16 16:52:12.618 1160 1696 D SystemServerInitThreadPool: Started executing Update app-ops uidState in case package com.android.bluetooth changed
08-16 16:52:12.618 1160 1696 D SystemServerInitThreadPool: Finished executing Update app-ops uidState in case package com.android.bluetooth changed
08-16 16:52:12.618 1160 1696 D SystemServerTimingAsync: InitThreadPoolExec:Update app-ops uidState in case package com.android.bluetooth changed took to complete: 0ms
08-16 16:52:12.618 1160 1696 I SystemServerTimingAsync: InitThreadPoolExec:Update app-ops uidState in case package com.android.ons changed
08-16 16:52:12.618 1160 1696 D SystemServerInitThreadPool: Started executing Update app-ops uidState in case package com.android.ons changed
08-16 16:52:12.618 1160 1696 D SystemServerInitThreadPool: Finished executing Update app-ops uidState in case package com.android.ons changed
08-16 16:52:12.618 1160 1696 D SystemServerTimingAsync: InitThreadPoolExec:Update app-ops uidState in case package com.android.ons changed took to complete: 1ms
08-16 16:52:12.618 1160 1696 I SystemServerTimingAsync: InitThreadPoolExec:Update app-ops uidState in case package com.android.phone changed
08-16 16:52:12.618 1160 1696 D SystemServerInitThreadPool: Started executing Update app-ops uidState in case package com.android.phone changed
08-16 16:52:12.618 1160 1696 D SystemServerInitThreadPool: Finished executing Update app-ops uidState in case package com.android.phone changed
08-16 16:52:12.619 1160 1696 D SystemServerTimingAsync: InitThreadPoolExec:Update app-ops uidState in case package com.android.phone changed took to complete: 0ms
08-16 16:52:12.619 1160 1696 I SystemServerTimingAsync: InitThreadPoolExec:Update app-ops uidState in case package android changed
08-16 16:52:12.619 1160 1696 D SystemServerInitThreadPool: Started executing Update app-ops uidState in case package android changed
08-16 16:52:12.619 1160 1696 D SystemServerInitThreadPool: Finished executing Update app-ops uidState in case package android changed
08-16 16:52:12.619 1160 1696 D SystemServerTimingAsync: InitThreadPoolExec:Update app-ops uidState in case package android changed took to complete: 0ms
08-16 16:52:12.619 1160 1696 I SystemServerTimingAsync: InitThreadPoolExec:Update app-ops uidState in case package com.android.server.telecom changed
08-16 16:52:12.619 1160 1696 D SystemServerInitThreadPool: Started executing Update app-ops uidState in case package com.android.server.telecom changed
08-16 16:52:12.619 1160 1696 D SystemServerInitThreadPool: Finished executing Update app-ops uidState in case package com.android.server.telecom changed
08-16 16:52:12.619 1160 1696 D SystemServerTimingAsync: InitThreadPoolExec:Update app-ops uidState in case package com.android.server.telecom changed took to complete: 0ms
08-16 16:52:12.619 1160 1696 I SystemServerTimingAsync: InitThreadPoolExec:Update app-ops uidState in case package com.android.settings changed
08-16 16:52:12.619 1160 1696 D SystemServerInitThreadPool: Started executing Update app-ops uidState in case package com.android.settings changed
08-16 16:52:12.620 1160 1696 D SystemServerInitThreadPool: Finished executing Update app-ops uidState in case package com.android.settings changed
08-16 16:52:12.620 1160 1696 D SystemServerTimingAsync: InitThreadPoolExec:Update app-ops uidState in case package com.android.settings changed took to complete: 0ms
08-16 16:52:12.620 1160 1276 D SystemServerInitThreadPool: Finished executing Update app-ops uidState in case package com.android.deskclock changed
08-16 16:52:12.620 1160 1276 D SystemServerTimingAsync: InitThreadPoolExec:Update app-ops uidState in case package com.android.deskclock changed took to complete: 4ms
08-16 16:52:12.620 1160 1740 I SystemServerTimingAsync: InitThreadPoolExec:Update app-ops uidState in case package com.android.cellbroadcastreceiver changed
08-16 16:52:12.620 1160 1740 D SystemServerInitThreadPool: Started executing Update app-ops uidState in case package com.android.cellbroadcastreceiver changed
08-16 16:52:12.620 1160 1740 D SystemServerInitThreadPool: Finished executing Update app-ops uidState in case package com.android.cellbroadcastreceiver changed
08-16 16:52:12.620 1160 1740 D SystemServerTimingAsync: InitThreadPoolExec:Update app-ops uidState in case package com.android.cellbroadcastreceiver changed took to complete: 1ms
08-16 16:52:12.620 1160 1742 D SystemServerInitThreadPool: Started executing Update app-ops uidState in case package com.qualcomm.qti.biometrics.fingerprint.service changed
08-16 16:52:12.620 1160 1160 I SystemServerTiming: killProcesses
08-16 16:52:12.621 1160 1160 D SystemServerTiming: killProcesses took to complete: 0ms
08-16 16:52:12.621 1160 1160 I ActivityManager: System now ready
08-16 16:52:12.621 1160 1160 I SystemServerTiming: updateTopComponentForFactoryTest
08-16 16:52:12.621 1160 1160 D SystemServerTiming: updateTopComponentForFactoryTest took to complete: 0ms
08-16 16:52:12.621 1160 1160 I SystemServerTiming: registerActivityLaunchObserver
08-16 16:52:12.622 1160 1160 D SystemServerTiming: registerActivityLaunchObserver took to complete: 0ms
08-16 16:52:12.622 1160 1160 I SystemServerTiming: watchDeviceProvisioning
08-16 16:52:12.623 1160 1722 D SystemServerInitThreadPool: Finished executing Update app-ops uidState in case package com.qti.ltebc changed
08-16 16:52:12.623 1160 1722 D SystemServerTimingAsync: InitThreadPoolExec:Update app-ops uidState in case package com.qti.ltebc changed took to complete: 7ms
08-16 16:52:12.623 1160 1705 D SystemServerInitThreadPool: Finished executing Update app-ops uidState in case package com.qualcomm.location changed
08-16 16:52:12.623 1160 1683 D SystemServerTimingAsync: InitThreadPoolExec:Update app-ops uidState in case package com.android.systemui changed took to complete: 2ms
08-16 16:52:12.623 1160 1706 D SystemServerInitThreadPool: Finished executing Update app-ops uidState in case package com.android.mms changed
08-16 16:52:12.623 1160 1742 D SystemServerInitThreadPool: Finished executing Update app-ops uidState in case package com.qualcomm.qti.biometrics.fingerprint.service changed
08-16 16:52:12.623 1160 1742 D SystemServerTimingAsync: InitThreadPoolExec:Update app-ops uidState in case package com.qualcomm.qti.biometrics.fingerprint.service changed took to complete: 8ms
08-16 16:52:12.624 1160 1706 D SystemServerTimingAsync: InitThreadPoolExec:Update app-ops uidState in case package com.android.mms changed took to complete: 9ms
08-16 16:52:12.624 1160 1705 D SystemServerTimingAsync: InitThreadPoolExec:Update app-ops uidState in case package com.qualcomm.location changed took to complete: 10ms
01-01 05:46:33.053 0 0 I cnss-daemon: DMS thread joined succesfully
08-16 16:52:12.634 1160 1160 D SystemServerTiming: watchDeviceProvisioning took to complete: 13ms
08-16 16:52:12.634 1160 1160 I SystemServerTiming: retrieveSettings
01-01 05:46:33.053 0 0 I cnss-daemon: wlfw_stop: Stop done: 0
01-01 05:46:33.053 0 0 I cnss-daemon: wlfw_start: Starting
01-01 05:46:33.054 0 0 I cnss-daemon: wlfw_service_request: Start the pthread: 0x0K
01-01 05:46:33.062 0 0 I cnss-daemon: ro.baseband : [apq]
08-16 16:52:12.636 1160 1160 I ActivityTaskManager: Config changes=10000100 {1.0 ?mcc?mnc [en_US] ldltr sw680dp w1586dp h608dp 240dpi lrg long land finger -keyb/v/h -nav/h winConfig={ mBounds=Rect(0, 0 - 2380, 1020) mAppBounds=Rect(0, 0 - 2380, 948) mMaxBounds=Rect(0, 0 - 2380, 1020) mWindowingMode=fullscreen mDisplayWindowingMode=fullscreen mActivityType=undefined mAlwaysOnTop=undefined mRotation=ROTATION_0} s.8 fontWeightAdjustment=0}
08-16 16:52:12.637 1160 1160 I WindowManager: Override config changes=10000100 {1.0 ?mcc?mnc [en_US] ldltr sw680dp w1586dp h608dp 240dpi lrg long land finger -keyb/v/h -nav/h winConfig={ mBounds=Rect(0, 0 - 2380, 1020) mAppBounds=Rect(0, 0 - 2380, 948) mMaxBounds=Rect(0, 0 - 2380, 1020) mWindowingMode=fullscreen mDisplayWindowingMode=fullscreen mActivityType=undefined mAlwaysOnTop=undefined mRotation=ROTATION_0} s.8 fontWeightAdjustment=0} for displayId=0
08-16 16:52:12.639 1160 1160 D SystemServerTiming: retrieveSettings took to complete: 5ms
08-16 16:52:12.639 1160 1160 I SystemServerTiming: Ugm.onSystemReady
08-16 16:52:12.640 1160 1160 D SystemServerTiming: Ugm.onSystemReady took to complete: 0ms
08-16 16:52:12.640 1160 1160 I SystemServerTiming: updateForceBackgroundCheck
08-16 16:52:12.640 1160 1160 D SystemServerTiming: updateForceBackgroundCheck took to complete: 0ms
08-16 16:52:12.640 1160 1160 I SystemServer: Making services ready
08-16 16:52:12.640 1160 1160 I SystemServerTiming: StartActivityManagerReadyPhase
08-16 16:52:12.640 1160 1160 I SystemServiceManager: Starting phase 550
08-16 16:52:12.641 1160 1160 I SystemServerTiming: OnBootPhase_550
08-16 16:52:12.641 1160 1160 I SystemServerTiming: OnBootPhase_550_com.android.server.security.FileIntegrityService
08-16 16:52:12.641 1160 1160 D SystemServerTiming: OnBootPhase_550_com.android.server.security.FileIntegrityService took to complete: 0ms
08-16 16:52:12.641 1160 1160 I SystemServerTiming: OnBootPhase_550_com.android.server.pm.Installer
08-16 16:52:12.641 1160 1160 D SystemServerTiming: OnBootPhase_550_com.android.server.pm.Installer took to complete: 0ms
08-16 16:52:12.641 1160 1160 I SystemServerTiming: OnBootPhase_550_com.android.server.os.DeviceIdentifiersPolicyService
08-16 16:52:12.641 1160 1160 D SystemServerTiming: OnBootPhase_550_com.android.server.os.DeviceIdentifiersPolicyService took to complete: 0ms
08-16 16:52:12.641 1160 1160 I SystemServerTiming: OnBootPhase_550_com.android.server.uri.UriGrantsManagerService$Lifecycle
08-16 16:52:12.641 1160 1160 D SystemServerTiming: OnBootPhase_550_com.android.server.uri.UriGrantsManagerService$Lifecycle took to complete: 0ms
08-16 16:52:12.641 1160 1160 I SystemServerTiming: OnBootPhase_550_com.android.server.powerstats.PowerStatsService
08-16 16:52:12.641 1160 1160 D SystemServerTiming: OnBootPhase_550_com.android.server.powerstats.PowerStatsService took to complete: 0ms
08-16 16:52:12.641 1160 1160 I SystemServerTiming: OnBootPhase_550_com.android.server.wm.ActivityTaskManagerService$Lifecycle
08-16 16:52:12.641 1160 1160 D SystemServerTiming: OnBootPhase_550_com.android.server.wm.ActivityTaskManagerService$Lifecycle took to complete: 0ms
08-16 16:52:12.641 1160 1160 I SystemServerTiming: OnBootPhase_550_com.android.server.am.ActivityManagerService$Lifecycle
08-16 16:52:12.642 1160 1160 D SystemServerTiming: OnBootPhase_550_com.android.server.am.ActivityManagerService$Lifecycle took to complete: 1ms
08-16 16:52:12.642 1160 1160 I SystemServerTiming: OnBootPhase_550_com.android.server.pm.DataLoaderManagerService
08-16 16:52:12.642 1160 1160 D SystemServerTiming: OnBootPhase_550_com.android.server.pm.DataLoaderManagerService took to complete: 0ms
08-16 16:52:12.642 1160 1160 I SystemServerTiming: OnBootPhase_550_com.android.server.power.PowerManagerService
08-16 16:52:12.643 1160 1160 D SystemServerTiming: OnBootPhase_550_com.android.server.power.PowerManagerService took to complete: 0ms
