08-16 16:52:11.025 1160 1160 D SystemServerTiming: OnBootPhase_200_com.android.server.uri.UriGrantsManagerService$Lifecycle took to complete: 0ms
08-16 16:52:11.026 1160 1160 I SystemServerTiming: OnBootPhase_200_com.android.server.powerstats.PowerStatsService
08-16 16:52:11.026 1160 1160 D SystemServerTiming: OnBootPhase_200_com.android.server.powerstats.PowerStatsService took to complete: 0ms
08-16 16:52:11.026 1160 1160 I SystemServerTiming: OnBootPhase_200_com.android.server.wm.ActivityTaskManagerService$Lifecycle
08-16 16:52:11.026 1160 1160 D SystemServerTiming: OnBootPhase_200_com.android.server.wm.ActivityTaskManagerService$Lifecycle took to complete: 0ms
08-16 16:52:11.026 1160 1160 I SystemServerTiming: OnBootPhase_200_com.android.server.am.ActivityManagerService$Lifecycle
08-16 16:52:11.026 1160 1160 D SystemServerTiming: OnBootPhase_200_com.android.server.am.ActivityManagerService$Lifecycle took to complete: 1ms
08-16 16:52:11.026 1160 1160 I SystemServerTiming: OnBootPhase_200_com.android.server.pm.DataLoaderManagerService
08-16 16:52:11.026 1160 1160 D SystemServerTiming: OnBootPhase_200_com.android.server.pm.DataLoaderManagerService took to complete: 0ms
08-16 16:52:11.026 1160 1160 I SystemServerTiming: OnBootPhase_200_com.android.server.power.PowerManagerService
08-16 16:52:11.026 1160 1160 D SystemServerTiming: OnBootPhase_200_com.android.server.power.PowerManagerService took to complete: 0ms
08-16 16:52:11.026 1160 1160 I SystemServerTiming: OnBootPhase_200_com.android.server.power.ThermalManagerService
08-16 16:52:11.026 1160 1160 D SystemServerTiming: OnBootPhase_200_com.android.server.power.ThermalManagerService took to complete: 0ms
08-16 16:52:11.026 1160 1160 I SystemServerTiming: OnBootPhase_200_com.android.server.power.hint.HintManagerService
08-16 16:52:11.026 1160 1160 D SystemServerTiming: OnBootPhase_200_com.android.server.power.hint.HintManagerService took to complete: 0ms
08-16 16:52:11.026 1160 1160 I SystemServerTiming: OnBootPhase_200_com.android.server.recoverysystem.RecoverySystemService$Lifecycle
08-16 16:52:11.027 1160 1160 D SystemServerTiming: OnBootPhase_200_com.android.server.recoverysystem.RecoverySystemService$Lifecycle took to complete: 0ms
08-16 16:52:11.027 1160 1160 I SystemServerTiming: OnBootPhase_200_com.android.server.lights.LightsService
08-16 16:52:11.027 1160 1160 D SystemServerTiming: OnBootPhase_200_com.android.server.lights.LightsService took to complete: 0ms
08-16 16:52:11.027 1160 1160 I SystemServerTiming: OnBootPhase_200_com.android.server.display.DisplayManagerService
08-16 16:52:11.027 1160 1160 D SystemServerTiming: OnBootPhase_200_com.android.server.display.DisplayManagerService took to complete: 0ms
08-16 16:52:11.027 1160 1160 I SystemServerTiming: OnBootPhase_200_com.android.server.pm.verify.domain.DomainVerificationService
08-16 16:52:11.027 1160 1160 D SystemServerTiming: OnBootPhase_200_com.android.server.pm.verify.domain.DomainVerificationService took to complete: 0ms
08-16 16:52:11.027 1160 1160 I SystemServerTiming: OnBootPhase_200_com.android.server.pm.PackageInstallerService$Lifecycle
08-16 16:52:11.027 1160 1160 D SystemServerTiming: OnBootPhase_200_com.android.server.pm.PackageInstallerService$Lifecycle took to complete: 0ms
08-16 16:52:11.027 1160 1160 I SystemServerTiming: OnBootPhase_200_com.android.server.pm.UserManagerService$LifeCycle
08-16 16:52:11.027 1160 1160 D SystemServerTiming: OnBootPhase_200_com.android.server.pm.UserManagerService$LifeCycle took to complete: 0ms
08-16 16:52:11.027 1160 1160 I SystemServerTiming: OnBootPhase_200_com.android.server.om.OverlayManagerService
08-16 16:52:11.027 1160 1160 D SystemServerTiming: OnBootPhase_200_com.android.server.om.OverlayManagerService took to complete: 0ms
08-16 16:52:11.027 1160 1160 I SystemServerTiming: OnBootPhase_200_com.android.server.SensorPrivacyService
08-16 16:52:11.027 1160 1160 D SystemServerTiming: OnBootPhase_200_com.android.server.SensorPrivacyService took to complete: 0ms
08-16 16:52:11.027 1160 1160 I SystemServerTiming: OnBootPhase_200_com.android.server.sensors.SensorService
08-16 16:52:11.027 1160 1160 D SystemServerTiming: OnBootPhase_200_com.android.server.sensors.SensorService took to complete: 0ms
08-16 16:52:11.028 1160 1160 I SystemServerTiming: OnBootPhase_200_com.android.server.SystemConfigService
08-16 16:52:11.028 1160 1160 D SystemServerTiming: OnBootPhase_200_com.android.server.SystemConfigService took to complete: 0ms
08-16 16:52:11.028 1160 1160 I SystemServerTiming: OnBootPhase_200_com.android.server.BatteryService
08-16 16:52:11.028 1160 1160 D SystemServerTiming: OnBootPhase_200_com.android.server.BatteryService took to complete: 0ms
08-16 16:52:11.028 1160 1160 I SystemServerTiming: OnBootPhase_200_com.android.server.usage.UsageStatsService
08-16 16:52:11.028 1160 1160 D SystemServerTiming: OnBootPhase_200_com.android.server.usage.UsageStatsService took to complete: 0ms
08-16 16:52:11.028 1160 1160 I SystemServerTiming: OnBootPhase_200_com.android.server.webkit.WebViewUpdateService
08-16 16:52:11.028 1160 1160 D SystemServerTiming: OnBootPhase_200_com.android.server.webkit.WebViewUpdateService took to complete: 0ms
08-16 16:52:11.028 1160 1160 I SystemServerTiming: OnBootPhase_200_com.android.server.CachedDeviceStateService
08-16 16:52:11.028 1160 1160 D SystemServerTiming: OnBootPhase_200_com.android.server.CachedDeviceStateService took to complete: 0ms
08-16 16:52:11.028 1160 1160 I SystemServerTiming: OnBootPhase_200_com.android.server.BinderCallsStatsService$LifeCycle
08-16 16:52:11.028 1160 1160 D SystemServerTiming: OnBootPhase_200_com.android.server.BinderCallsStatsService$LifeCycle took to complete: 0ms
08-16 16:52:11.028 1160 1160 I SystemServerTiming: OnBootPhase_200_com.android.server.LooperStatsService$Lifecycle
08-16 16:52:11.028 1160 1160 D SystemServerTiming: OnBootPhase_200_com.android.server.LooperStatsService$Lifecycle took to complete: 0ms
08-16 16:52:11.028 1160 1160 I SystemServerTiming: OnBootPhase_200_com.android.server.rollback.RollbackManagerService
08-16 16:52:11.028 1160 1160 D SystemServerTiming: OnBootPhase_200_com.android.server.rollback.RollbackManagerService took to complete: 0ms
08-16 16:52:11.028 1160 1160 I SystemServerTiming: OnBootPhase_200_com.android.server.os.NativeTombstoneManagerService
08-16 16:52:11.028 1160 1160 D SystemServerTiming: OnBootPhase_200_com.android.server.os.NativeTombstoneManagerService took to complete: 0ms
08-16 16:52:11.029 1160 1160 I SystemServerTiming: OnBootPhase_200_com.android.server.os.BugreportManagerService
08-16 16:52:11.029 1160 1160 D SystemServerTiming: OnBootPhase_200_com.android.server.os.BugreportManagerService took to complete: 0ms
08-16 16:52:11.029 1160 1160 I SystemServerTiming: OnBootPhase_200_com.android.server.gpu.GpuService
08-16 16:52:11.029 1160 1160 D SystemServerTiming: OnBootPhase_200_com.android.server.gpu.GpuService took to complete: 0ms
08-16 16:52:11.029 1160 1160 I SystemServerTiming: OnBootPhase_200_com.android.server.security.KeyChainSystemService
08-16 16:52:11.029 1160 1160 D SystemServerTiming: OnBootPhase_200_com.android.server.security.KeyChainSystemService took to complete: 0ms
08-16 16:52:11.029 1160 1160 I SystemServerTiming: OnBootPhase_200_com.android.server.telecom.TelecomLoaderService
08-16 16:52:11.029 1160 1160 D SystemServerTiming: OnBootPhase_200_com.android.server.telecom.TelecomLoaderService took to complete: 0ms
08-16 16:52:11.029 1160 1160 I SystemServerTiming: OnBootPhase_200_com.android.server.accounts.AccountManagerService$Lifecycle
08-16 16:52:11.029 1160 1160 D SystemServerTiming: OnBootPhase_200_com.android.server.accounts.AccountManagerService$Lifecycle took to complete: 0ms
08-16 16:52:11.029 1160 1160 I SystemServerTiming: OnBootPhase_200_com.android.server.content.ContentService$Lifecycle
08-16 16:52:11.029 1160 1160 D SystemServerTiming: OnBootPhase_200_com.android.server.content.ContentService$Lifecycle took to complete: 0ms
08-16 16:52:11.029 1160 1160 I SystemServerTiming: OnBootPhase_200_com.android.server.DropBoxManagerService
08-16 16:52:11.029 1160 1160 D SystemServerTiming: OnBootPhase_200_com.android.server.DropBoxManagerService took to complete: 0ms
08-16 16:52:11.029 1160 1160 I SystemServerTiming: OnBootPhase_200_com.android.role.RoleService
08-16 16:52:11.029 1160 1160 D SystemServerTiming: OnBootPhase_200_com.android.role.RoleService took to complete: 0ms
08-16 16:52:11.029 1160 1160 I SystemServerTiming: OnBootPhase_200_com.android.server.vibrator.VibratorManagerService$Lifecycle
08-16 16:52:11.029 1160 1160 D SystemServerTiming: OnBootPhase_200_com.android.server.vibrator.VibratorManagerService$Lifecycle took to complete: 0ms
08-16 16:52:11.029 1160 1160 I SystemServerTiming: OnBootPhase_200_com.android.server.alarm.AlarmManagerService
08-16 16:52:11.030 1160 1160 D SystemServerTiming: OnBootPhase_200_com.android.server.alarm.AlarmManagerService took to complete: 0ms
08-16 16:52:11.030 1160 1160 I SystemServerTiming: OnBootPhase_200_com.android.server.devicestate.DeviceStateManagerService
08-16 16:52:11.030 1160 1160 D SystemServerTiming: OnBootPhase_200_com.android.server.devicestate.DeviceStateManagerService took to complete: 0ms
08-16 16:52:11.030 1160 1160 I SystemServerTiming: OnBootPhase_200_com.android.server.camera.CameraServiceProxy
08-16 16:52:11.030 1160 1160 D SystemServerTiming: OnBootPhase_200_com.android.server.camera.CameraServiceProxy took to complete: 0ms
08-16 16:52:11.030 1160 1160 D SystemServerTiming: OnBootPhase_200 took to complete: 4ms
08-16 16:52:11.031 1160 1160 I WindowManager: No existing display settings, starting empty
08-16 16:52:11.031 1160 1160 I WindowManager: No existing display settings, starting empty
08-16 16:52:11.050 1160 1160 D SystemServerTiming: StartWindowManagerService took to complete: 24ms
08-16 16:52:11.050 1160 1160 I SystemServerTiming: SetWindowManagerService
08-16 16:52:11.094 1160 1160 I ActivityTaskManager: Loaded persisted task ids for user 0
08-16 16:52:11.097 1160 1160 D SystemServerTiming: SetWindowManagerService took to complete: 47ms
08-16 16:52:11.097 1160 1160 I SystemServerTiming: WindowManagerServiceOnInitReady
08-16 16:52:11.126 1160 1160 D SystemServerTiming: WindowManagerServiceOnInitReady took to complete: 29ms
08-16 16:52:11.127 1160 1160 I SystemServerTiming: StartInputManager
08-16 16:52:11.127 1160 1160 I InputManager: Starting input manager
08-16 16:52:11.131 1160 1160 D SystemServerTiming: StartInputManager took to complete: 5ms
08-16 16:52:11.131 1160 1160 I SystemServerTiming: DisplayManagerWindowManagerAndInputReady
08-16 16:52:11.132 1160 1160 D SystemServerTiming: DisplayManagerWindowManagerAndInputReady took to complete: 1ms
08-16 16:52:11.132 1160 1267 I LogicalDisplayMapper: Requesting Transition to state: 0
08-16 16:52:11.132 1160 1267 I LogicalDisplayMapper: Applying layout: [{addr: {port=129, model=0x40446d3026322d}, dispId: 0(ON)}], Previous layout: [{addr: {port=129, model=0x40446d3026322d}, dispId: 0(ON)}]
08-16 16:52:11.133 1160 1722 I SystemServerTimingAsync: InitThreadPoolExec:StartHidlServices
08-16 16:52:11.134 1160 1160 I SystemServerTiming: StartBluetoothService
08-16 16:52:11.134 1160 1160 I SystemServiceManager: Starting com.android.server.BluetoothService
08-16 16:52:11.135 1160 1722 D SystemServerInitThreadPool: Started executing StartHidlServices
08-16 16:52:11.135 1160 1722 I SystemServerTimingAsync: StartHidlServices
08-16 16:52:11.136 1160 1160 D BluetoothManagerService: Loading stored name and address
08-16 16:52:11.137 1160 1160 D BluetoothManagerService: Stored bluetooth Name=QCOM-BTD,Address=22:22:C8:96:9F:72
08-16 16:52:11.137 1160 1160 D BluetoothManagerService: Bluetooth persisted state: 1
08-16 16:52:11.137 1160 1160 D BluetoothManagerService: Startup: Bluetooth persisted state is ON.
08-16 16:52:11.137 1160 1160 D BluetoothManagerService: Detected SystemUiUid: 10124
08-16 16:52:11.137 1160 1160 D SystemServerTiming: StartBluetoothService took to complete: 3ms
08-16 16:52:11.137 1160 1160 I SystemServerTiming: IpConnectivityMetrics
08-16 16:52:11.137 1160 1160 I SystemServiceManager: Starting com.android.server.connectivity.IpConnectivityMetrics
08-16 16:52:11.139 1160 1160 D SystemServerTiming: IpConnectivityMetrics took to complete: 1ms
08-16 16:52:11.139 1160 1160 I SystemServerTiming: NetworkWatchlistService
08-16 16:52:11.139 1160 1160 I SystemServiceManager: Starting com.android.server.net.watchlist.NetworkWatchlistService$Lifecycle
08-16 16:52:11.154 1160 1722 D SystemServerTimingAsync: StartHidlServices took to complete: 19ms
08-16 16:52:11.154 1160 1722 D SystemServerInitThreadPool: Finished executing StartHidlServices
08-16 16:52:11.154 1160 1722 D SystemServerTimingAsync: InitThreadPoolExec:StartHidlServices took to complete: 20ms
08-16 16:52:11.156 1160 1160 I WatchlistSettings: Reload watchlist settings done
08-16 16:52:11.158 1160 1730 I WatchlistLoggingHandler: No need to aggregate record yet.
08-16 16:52:11.158 1160 1730 I WatchlistLoggingHandler: Milliseconds spent on tryAggregateRecords(): 0
08-16 16:52:11.159 1160 1160 D SystemServerTiming: NetworkWatchlistService took to complete: 20ms
08-16 16:52:11.159 1160 1160 I SystemServerTiming: PinnerService
08-16 16:52:11.159 1160 1160 I SystemServiceManager: Starting com.android.server.PinnerService
08-16 16:52:11.160 1160 1160 V HistoricalRegistry: Interaction before persistence initialized
08-16 16:52:11.161 1160 1160 D SystemServerTiming: PinnerService took to complete: 1ms
08-16 16:52:11.161 1160 1351 D PinnerService: pinRangeStream: null
08-16 16:52:11.161 1160 1160 I SystemServerTiming: IorapForwardingService
08-16 16:52:11.161 1160 1160 I SystemServiceManager: Starting com.google.android.startop.iorap.IorapForwardingService
08-16 16:52:11.162 1160 1160 D SystemServerTiming: IorapForwardingService took to complete: 2ms
08-16 16:52:11.162 1160 1160 I SystemServiceManager: Starting com.android.server.ActivityTriggerService
08-16 16:52:11.162 1160 1160 I ActivityTriggerService: Starting ActivityTriggerService
08-16 16:52:11.189 1160 1351 D PinnerService: pinRangeStream: null
08-16 16:52:11.191 1160 1160 I SystemServerTiming: SignedConfigService
08-16 16:52:11.191 1160 1351 D PinnerService: pinRangeStream: null
08-16 16:52:11.192 1160 1160 D SystemServerTiming: SignedConfigService took to complete: 0ms
08-16 16:52:11.192 1160 1160 I SystemServerTiming: AppIntegrityService
08-16 16:52:11.192 1160 1160 I SystemServiceManager: Starting com.android.server.integrity.AppIntegrityManagerService
08-16 16:52:11.192 1160 1351 D PinnerService: pinRangeStream: null
08-16 16:52:11.193 1160 1160 E IntegrityFileManager: Error creating staging and rules directory
08-16 16:52:11.215 1160 1160 D SystemServerTiming: AppIntegrityService took to complete: 24ms
08-16 16:52:11.216 1160 1160 I WindowManager: SAFE MODE not enabled
08-16 16:52:11.216 1160 1160 I SystemServerTiming: StartInputMethodManagerLifecycle
08-16 16:52:11.216 1160 1160 I SystemServiceManager: Starting com.android.server.inputmethod.InputMethodManagerService$Lifecycle
08-16 16:52:11.223 1160 1160 D SystemServerTiming: StartInputMethodManagerLifecycle took to complete: 7ms
08-16 16:52:11.223 1160 1160 I SystemServerTiming: StartAccessibilityManagerService
08-16 16:52:11.223 1160 1160 I SystemServiceManager: Starting com.android.server.accessibility.AccessibilityManagerService$Lifecycle
08-16 16:52:11.228 1160 1160 D SystemServerTiming: StartAccessibilityManagerService took to complete: 4ms
08-16 16:52:11.228 1160 1160 I SystemServerTiming: MakeDisplayReady
08-16 16:52:11.232 1160 1160 I ActivityTaskManager: Config changes=20005df8 {1.0 ?mcc?mnc [en_US] ldltr sw680dp w1586dp h608dp 240dpi lrg long land ?uimode ?night -touch -keyb/v/h -nav/h winConfig={ mBounds=Rect(0, 0 - 2380, 1020) mAppBounds=Rect(0, 0 - 2380, 948) mMaxBounds=Rect(0, 0 - 2380, 1020) mWindowingMode=fullscreen mDisplayWindowingMode=fullscreen mActivityType=undefined mAlwaysOnTop=undefined mRotation=ROTATION_0} s.2 ?fontWeightAdjustment}
08-16 16:52:11.233 1160 1160 I WindowManager: Override config changes=60007dfc {1.0 ?mcc?mnc [en_US] ldltr sw680dp w1586dp h608dp 240dpi lrg long land ?uimode ?night -touch -keyb/v/h -nav/h winConfig={ mBounds=Rect(0, 0 - 2380, 1020) mAppBounds=Rect(0, 0 - 2380, 948) mMaxBounds=Rect(0, 0 - 2380, 1020) mWindowingMode=fullscreen mDisplayWindowingMode=fullscreen mActivityType=undefined mAlwaysOnTop=undefined mRotation=ROTATION_0} s.2 ?fontWeightAdjustment} for displayId=0
08-16 16:52:11.247 1160 1160 I ActivityTaskManager: Config changes=8 {1.0 ?mcc?mnc [en_US] ldltr sw680dp w1586dp h608dp 240dpi lrg long land ?uimode ?night finger -keyb/v/h -nav/h winConfig={ mBounds=Rect(0, 0 - 2380, 1020) mAppBounds=Rect(0, 0 - 2380, 948) mMaxBounds=Rect(0, 0 - 2380, 1020) mWindowingMode=fullscreen mDisplayWindowingMode=fullscreen mActivityType=undefined mAlwaysOnTop=undefined mRotation=ROTATION_0} s.4 ?fontWeightAdjustment}
08-16 16:52:11.248 1160 1160 I WindowManager: Override config changes=8 {1.0 ?mcc?mnc [en_US] ldltr sw680dp w1586dp h608dp 240dpi lrg long land ?uimode ?night finger -keyb/v/h -nav/h winConfig={ mBounds=Rect(0, 0 - 2380, 1020) mAppBounds=Rect(0, 0 - 2380, 948) mMaxBounds=Rect(0, 0 - 2380, 1020) mWindowingMode=fullscreen mDisplayWindowingMode=fullscreen mActivityType=undefined mAlwaysOnTop=undefined mRotation=ROTATION_0} s.4 ?fontWeightAdjustment} for displayId=0
08-16 16:52:11.249 1160 1160 D SystemServerTiming: MakeDisplayReady took to complete: 20ms
08-16 16:52:11.249 1160 1160 I SystemServerTiming: StartStorageManagerService
08-16 16:52:11.249 1160 1160 I SystemServiceManager: Starting com.android.server.StorageManagerService$Lifecycle
01-01 05:46:31.677 0 0 D cnss : Received QMI WLFW pin connect result indication
01-01 05:46:31.677 0 0 D cnss : Pin connect Result: pwr_pin: 0x0 phy_io_pin: 0x0 rf_io_pin: 0x2b
01-01 05:46:31.677 0 0 D cnss : Received QMI WLFW calibration done indication
01-01 05:46:31.677 0 0 D cnss : Posting event: COLD_BOOT_CAL_DONE(6), state: 0xf flags: 0x0
01-01 05:46:31.677 0 0 D cnss : PM stay awake, state: 0xf, count: 1
01-01 05:46:31.677 0 0 D cnss : PM relax, state: 0xf, count: 0
01-01 05:46:31.677 0 0 D cnss : Received QMI WLFW FW ready indication
01-01 05:46:31.677 0 0 D cnss : Posting event: COLD_BOOT_CAL_DONE(6), state: 0xf flags: 0x0
01-01 05:46:31.677 0 0 D cnss : PM stay awake, state: 0xf, count: 1
01-01 05:46:31.677 0 0 D cnss : PM relax, state: 0xf, count: 0
01-01 05:46:31.677 0 0 D cnss : PM stay awake, state: 0xf, count: 1
01-01 05:46:31.677 0 0 D cnss : Processing driver event: COLD_BOOT_CAL_DONE(6), state: 0xf
01-01 05:46:31.677 0 0 D cnss : Calibration completed successfully
01-01 05:46:31.677 0 0 D cnss : Sending mode message, mode: OFF(4), state: 0xf
01-01 05:46:31.682 0 0 D cnss : Skip driver remove
01-01 05:46:31.682 0 0 D cnss : Read register offset 0x1f8031c, val = 0x2
01-01 05:46:31.682 0 0 D cnss : Write val 0x3 to register offset 0x1f8031c
01-01 05:46:31.685 0 0 D cnss : Setting MHI state: POWER_OFF(4)
01-01 05:46:31.687 0 0 D cnss : WLFW server exiting
01-01 05:46:31.687 0 0 D cnss : Posting event: SERVER_EXIT(1), state: 0x2000f flags: 0x0
08-16 16:52:11.298 1160 1738 D StorageManagerService: Thinking about init, mBootCompleted=false, mDaemonConnected=true
08-16 16:52:11.298 1160 1738 D StorageManagerService: Thinking about reset, mBootCompleted=false, mDaemonConnected=true
08-16 16:52:11.299 1160 1160 W SystemServiceManager: Service com.android.server.StorageManagerService$Lifecycle took 51 ms in onStart
08-16 16:52:11.299 1160 1738 D StorageManagerService: Thinking about init, mBootCompleted=false, mDaemonConnected=true
08-16 16:52:11.299 1160 1738 D StorageManagerService: Thinking about reset, mBootCompleted=false, mDaemonConnected=true
08-16 16:52:11.300 1160 1160 D SystemServerTiming: StartStorageManagerService took to complete: 51ms
01-01 05:46:31.728 0 0 D cnss : Suspending PCI link
08-16 16:52:11.300 1160 1160 I SystemServerTiming: StartStorageStatsService
08-16 16:52:11.300 1160 1160 I SystemServiceManager: Starting com.android.server.usage.StorageStatsService$Lifecycle
08-16 16:52:11.310 1160 1160 D SystemServerTiming: StartStorageStatsService took to complete: 9ms
08-16 16:52:11.310 1160 1160 I SystemServerTiming: StartUiModeManager
08-16 16:52:11.310 1160 1160 I SystemServiceManager: Starting com.android.server.UiModeManagerService
01-01 05:46:31.736 0 0 I msm_pcie_disable: PCIe: Assert the reset of endpoint of RC0.
01-01 05:46:31.736 0 0 D cnss : Setting MHI state: DEINIT(1)
01-01 05:46:31.736 0 0 D cnss : De-assert WLAN_EN GPIO successfully
01-01 05:46:31.736 0 0 D cnss : Regulator vdd-wlan-rfa2 is being disabled
01-01 05:46:31.736 0 0 D cnss : Regulator vdd-wlan-rfa1 is being disabled
01-01 05:46:31.736 0 0 D cnss : Regulator vdd-wlan-dig is being disabled
01-01 05:46:31.737 0 0 D cnss : Regulator vdd-wlan-aon is being disabled
01-01 05:46:31.737 0 0 D cnss : Regulator wlan-ant-switch is being disabled
01-01 05:46:31.737 0 0 D cnss : Regulator vdd-wlan-io is being disabled
08-16 16:52:11.313 1160 1740 I SystemServerTimingAsync: InitThreadPoolExec:UiModeManager.onStart
08-16 16:52:11.313 1160 1740 D SystemServerInitThreadPool: Started executing UiModeManager.onStart
08-16 16:52:11.317 1160 1160 D SystemServerTiming: StartUiModeManager took to complete: 7ms
08-16 16:52:11.317 1160 1160 I SystemServerTiming: UpdatePackagesIfNeeded
08-16 16:52:11.317 1160 1160 I Watchdog: Pausing HandlerChecker: main thread for reason: dexopt. Pause count: 1
08-16 16:52:11.317 1160 1160 I Watchdog: Resuming HandlerChecker: main thread for reason: dexopt. Pause count: 0
08-16 16:52:11.317 1160 1160 D SystemServerTiming: UpdatePackagesIfNeeded took to complete: 0ms
08-16 16:52:11.317 1160 1160 I SystemServerTiming: PerformFstrimIfNeeded
08-16 16:52:11.319 1160 1160 D SystemServerTiming: PerformFstrimIfNeeded took to complete: 1ms
08-16 16:52:11.319 1160 1160 I SystemServerTiming: StartLockSettingsService
08-16 16:52:11.319 1160 1160 I SystemServiceManager: Starting com.android.server.locksettings.LockSettingsService$Lifecycle
08-16 16:52:11.322 1160 1351 D PinnerService: pinRangeStream: null
08-16 16:52:11.324 1160 1351 D PinnerService: pinRangeStream: null
08-16 16:52:11.328 1160 1351 D PinnerService: pinRangeStream: null
08-16 16:52:11.340 1160 1740 D SystemServerInitThreadPool: Finished executing UiModeManager.onStart
08-16 16:52:11.340 1160 1740 D SystemServerTimingAsync: InitThreadPoolExec:UiModeManager.onStart took to complete: 26ms
08-16 16:52:11.371 1160 1160 W SystemServiceManager: Service com.android.server.locksettings.LockSettingsService$Lifecycle took 52 ms in onStart
01-01 05:46:31.796 0 0 D cnss : Posting event: REGISTER_DRIVER(7)-sync, state: 0x20009 flags: 0x5
01-01 05:46:31.796 0 0 D cnss : Processing driver event: COLD_BOOT_CAL_DONE(6), state: 0x20001
01-01 05:46:31.796 0 0 D cnss : Processing driver event: SERVER_EXIT(1), state: 0x20001
01-01 05:46:31.796 0 0 I cnss : QMI WLFW service disconnected, state: 0x20000
08-16 16:52:11.372 1160 1160 D SystemServerTiming: StartLockSettingsService took to complete: 53ms
08-16 16:52:11.372 1160 1160 I SystemServerTiming: StartPersistentDataBlock
08-16 16:52:11.372 1160 1160 I SystemServiceManager: Starting com.android.server.PersistentDataBlockService
08-16 16:52:11.372 1160 1160 D SystemServerTiming: StartPersistentDataBlock took to complete: 1ms
08-16 16:52:11.372 1160 1160 I SystemServerTiming: StartTestHarnessMode
08-16 16:52:11.373 1160 1160 I SystemServiceManager: Starting com.android.server.testharness.TestHarnessModeService
08-16 16:52:11.373 1160 1742 I SystemServerTimingAsync: InitThreadPoolExec:PersistentDataBlockService.onStart
08-16 16:52:11.373 1160 1742 D SystemServerInitThreadPool: Started executing PersistentDataBlockService.onStart
08-16 16:52:11.373 1160 1160 D SystemServerTiming: StartTestHarnessMode took to complete: 1ms
08-16 16:52:11.373 1160 1160 I SystemServerTiming: StartOemLockService
08-16 16:52:11.373 1160 1160 I SystemServiceManager: Starting com.android.server.oemlock.OemLockService
01-01 05:46:31.805 0 0 D cnss : Processing driver event: REGISTER_DRIVER-sync(7), state: 0x0
01-01 05:46:31.805 0 0 D cnss : Regulator vdd-wlan-io is being enabled
01-01 05:46:31.805 0 0 D cnss : Regulator wlan-ant-switch is being enabled
01-01 05:46:31.806 0 0 D cnss : Regulator vdd-wlan-aon is being enabled
08-16 16:52:11.377 1160 1160 I OemLock : OemLock HAL not present on device
08-16 16:52:11.377 1228 1228 W iorapd : Reconnect to package manager service: 2 times
08-16 16:52:11.377 1160 1160 I OemLock : Using persistent data block based lock
08-16 16:52:11.378 1160 1742 E PersistentDataBlockService: not able to find package com.google.android.gms
08-16 16:52:11.378 1160 1742 E PersistentDataBlockService: android.content.pm.PackageManager$NameNotFoundException: com.google.android.gms
08-16 16:52:11.378 1160 1742 E PersistentDataBlockService: at android.app.ApplicationPackageManager.getPackageUidAsUser(ApplicationPackageManager.java:364)
08-16 16:52:11.378 1160 1742 E PersistentDataBlockService: at com.android.server.PersistentDataBlockService.getAllowedUid(PersistentDataBlockService.java:162)
08-16 16:52:11.378 1160 1742 E PersistentDataBlockService: at com.android.server.PersistentDataBlockService.lambda$onStart$0$PersistentDataBlockService(PersistentDataBlockService.java:176)
08-16 16:52:11.378 1160 1742 E PersistentDataBlockService: at com.android.server.PersistentDataBlockService$$ExternalSyntheticLambda0.run(Unknown Source:2)
08-16 16:52:11.378 1160 1742 E PersistentDataBlockService: at com.android.server.SystemServerInitThreadPool.lambda$submitTask$0$SystemServerInitThreadPool(SystemServerInitThreadPool.java:105)
08-16 16:52:11.378 1160 1742 E PersistentDataBlockService: at com.android.server.SystemServerInitThreadPool$$ExternalSyntheticLambda0.run(Unknown Source:6)
08-16 16:52:11.378 1160 1742 E PersistentDataBlockService: at java.util.concurrent.Executors$RunnableAdapter.call(Executors.java:462)
08-16 16:52:11.378 1160 1742 E PersistentDataBlockService: at java.util.concurrent.FutureTask.run(FutureTask.java:266)
08-16 16:52:11.378 1160 1742 E PersistentDataBlockService: at java.util.concurrent.ThreadPoolExecutor.runWorker(ThreadPoolExecutor.java:1167)
08-16 16:52:11.378 1160 1742 E PersistentDataBlockService: at java.util.concurrent.ThreadPoolExecutor$Worker.run(ThreadPoolExecutor.java:641)
08-16 16:52:11.378 1160 1742 E PersistentDataBlockService: at com.android.internal.util.ConcurrentUtils$1$1.run(ConcurrentUtils.java:65)
08-16 16:52:11.379 1160 1160 D SystemServerTiming: StartOemLockService took to complete: 5ms
08-16 16:52:11.379 1160 1160 I SystemServerTiming: StartDeviceIdleController
08-16 16:52:11.379 1160 1160 I SystemServiceManager: Starting com.android.server.DeviceIdleController
08-16 16:52:11.380 1160 1351 D PinnerService: pinRangeStream: null
01-01 05:46:31.807 0 0 D cnss : Regulator vdd-wlan-dig is being enabled
08-16 16:52:11.382 1160 1160 D SystemServerTiming: StartDeviceIdleController took to complete: 4ms
08-16 16:52:11.382 1160 1160 I SystemServerTiming: StartDevicePolicyManager
08-16 16:52:11.382 1160 1160 I SystemServiceManager: Starting com.android.server.devicepolicy.DevicePolicyManagerService$Lifecycle
01-01 05:46:31.808 0 0 D cnss : Regulator vdd-wlan-rfa1 is being enabled
01-01 05:46:31.809 0 0 D cnss : Regulator vdd-wlan-rfa2 is being enabled
01-01 05:46:31.810 0 0 D cnss : BT_EN_GPIO State: Off. Delay WLAN_GPIO enable
08-16 16:52:11.392 1160 1160 D SLog : static_init took to complete: 1ms
08-16 16:52:11.392 1160 1160 I DevicePolicyManager: Set ro.organization_owned property to false
08-16 16:52:11.394 1160 1160 D SystemServerTiming: StartDevicePolicyManager took to complete: 12ms
08-16 16:52:11.394 1160 1160 I SystemServerTiming: StartStatusBarManagerService
08-16 16:52:11.395 1160 1160 D SystemServerTiming: StartStatusBarManagerService took to complete: 1ms
08-16 16:52:11.395 1160 1160 D SystemServer: MusicRecognitionManagerService not defined by OEM or disabled by flag
08-16 16:52:11.395 1160 1160 D SystemServer: ContentCaptureService disabled because resource is not overlaid
08-16 16:52:11.396 1160 1160 D SystemServer: AttentionService is not configured on this device
08-16 16:52:11.396 1160 1160 D SystemServer: RotationResolverService is not configured on this device
08-16 16:52:11.396 1160 1160 D SystemServer: SystemCaptionsManagerService disabled because resource is not overlaid
08-16 16:52:11.396 1160 1160 I SystemServerTiming: StartTextToSpeechManagerService
08-16 16:52:11.396 1160 1160 I SystemServiceManager: Starting com.android.server.texttospeech.TextToSpeechManagerService
08-16 16:52:11.397 1160 1160 D SystemServerTiming: StartTextToSpeechManagerService took to complete: 1ms
08-16 16:52:11.397 1160 1160 I SystemServerTiming: StartSpeechRecognitionManagerService
08-16 16:52:11.397 1160 1160 I SystemServiceManager: Starting com.android.server.speech.SpeechRecognitionManagerService
08-16 16:52:11.398 1160 1160 D SystemServerTiming: StartSpeechRecognitionManagerService took to complete: 1ms
08-16 16:52:11.398 1160 1160 D SystemServer: AppPredictionService not defined by OEM
08-16 16:52:11.398 1160 1160 D SystemServer: ContentSuggestionsService not defined by OEM
08-16 16:52:11.398 1160 1160 I SystemServerTiming: StartSearchUiService
08-16 16:52:11.398 1160 1160 I SystemServiceManager: Starting com.android.server.searchui.SearchUiManagerService
08-16 16:52:11.399 1160 1160 D SystemServerTiming: StartSearchUiService took to complete: 1ms
08-16 16:52:11.400 1160 1160 I SystemServerTiming: StartSmartspaceService
08-16 16:52:11.400 1160 1160 I SystemServiceManager: Starting com.android.server.smartspace.SmartspaceManagerService
08-16 16:52:11.401 1160 1160 D SystemServerTiming: StartSmartspaceService took to complete: 1ms
08-16 16:52:11.401 1160 1160 I SystemServerTiming: InitConnectivityModuleConnector
08-16 16:52:11.401 1160 1160 D ConnectivityModuleConnector: Network stack init
08-16 16:52:11.401 1160 1160 D SystemServerTiming: InitConnectivityModuleConnector took to complete: 1ms
08-16 16:52:11.401 1160 1160 I SystemServerTiming: InitNetworkStackClient
08-16 16:52:11.401 1160 1160 D SystemServerTiming: InitNetworkStackClient took to complete: 0ms
08-16 16:52:11.402 1160 1160 I SystemServerTiming: StartNetworkManagementService
08-16 16:52:11.403 1160 1742 D SystemServerInitThreadPool: Finished executing PersistentDataBlockService.onStart
08-16 16:52:11.403 1160 1742 D SystemServerTimingAsync: InitThreadPoolExec:PersistentDataBlockService.onStart took to complete: 30ms
08-16 16:52:11.407 1160 1160 D SystemServerTiming: StartNetworkManagementService took to complete: 5ms
08-16 16:52:11.407 1160 1160 I SystemServerTiming: StartIpSecService
08-16 16:52:11.409 1160 1160 D SystemServerTiming: StartIpSecService took to complete: 1ms
08-16 16:52:11.409 1160 1160 I SystemServerTiming: StartFontManagerService
08-16 16:52:11.412 1160 1351 D PinnerService: pinRangeStream: null
08-16 16:52:11.413 1160 1351 D PinnerService: pinRangeStream: null
08-16 16:52:11.427 1160 1351 D PinnerService: pinRangeStream: null
08-16 16:52:11.429 1160 1351 D PinnerService: pinRangeStream: null
08-16 16:52:11.429 1160 1351 E PinnerService: Could not pin file /system/lib64/libsurfaceflinger.so
08-16 16:52:11.429 1160 1351 E PinnerService: android.system.ErrnoException: open failed: ENOENT (No such file or directory)
08-16 16:52:11.429 1160 1351 E PinnerService: at libcore.io.Linux.open(Native Method)
08-16 16:52:11.429 1160 1351 E PinnerService: at libcore.io.ForwardingOs.open(ForwardingOs.java:567)
08-16 16:52:11.429 1160 1351 E PinnerService: at libcore.io.BlockGuardOs.open(BlockGuardOs.java:273)
08-16 16:52:11.429 1160 1351 E PinnerService: at android.system.Os.open(Os.java:501)
08-16 16:52:11.429 1160 1351 E PinnerService: at com.android.server.PinnerService.pinFileRanges(PinnerService.java:939)
08-16 16:52:11.429 1160 1351 E PinnerService: at com.android.server.PinnerService.pinFile(PinnerService.java:814)
08-16 16:52:11.429 1160 1351 E PinnerService: at com.android.server.PinnerService.handlePinOnStart(PinnerService.java:273)
08-16 16:52:11.429 1160 1351 E PinnerService: at com.android.server.PinnerService.access$1600(PinnerService.java:91)
08-16 16:52:11.429 1160 1351 E PinnerService: at com.android.server.PinnerService$PinnerHandler.handleMessage(PinnerService.java:1183)
08-16 16:52:11.429 1160 1351 E PinnerService: at android.os.Handler.dispatchMessage(Handler.java:106)
08-16 16:52:11.429 1160 1351 E PinnerService: at android.os.Looper.loopOnce(Looper.java:201)
08-16 16:52:11.429 1160 1351 E PinnerService: at android.os.Looper.loop(Looper.java:288)
08-16 16:52:11.429 1160 1351 E PinnerService: at android.os.HandlerThread.run(HandlerThread.java:67)
08-16 16:52:11.429 1160 1351 E PinnerService: Failed to pin file = /system/lib64/libsurfaceflinger.so
08-16 16:52:11.443 1160 1683 D SystemServerTimingAsync: AppDataFixup took to complete: 838ms
01-01 05:46:31.913 0 0 D cnss : Assert WLAN_EN GPIO successfully
01-01 05:46:31.913 0 0 D cnss : Resuming PCI link
01-01 05:46:31.913 0 0 I msm_pcie_enable: PCIe: Assert the reset of endpoint of RC0.
01-01 05:46:31.917 0 0 I msm_pcie_enable: PCIe: RC0: PCIE20_PARF_INT_ALL_MASK: 0x7f80d202
01-01 05:46:31.919 0 0 I pcie_phy_init: PCIe RC0 PHY is ready!
01-01 05:46:31.930 0 0 I msm_pcie_enable: PCIe: Release the reset of endpoint of RC0.
01-01 05:46:31.946 0 0 I msm_pcie_link_train: PCIe RC0 link initialized
01-01 05:46:31.960 0 0 I cnss_pci 0000: 01:00.0: enabling device (0000 -> 0002)
01-01 05:46:31.961 0 0 D cnss : Config PCIe remap window register to 0x4000003f
01-01 05:46:31.961 0 0 D cnss : Read register offset 0x1f8031c, val = 0x6
01-01 05:46:31.961 0 0 D cnss : Write val 0x2 to register offset 0x1f8031c
01-01 05:46:31.961 0 0 D cnss : Setting MHI state: INIT(0)
01-01 05:46:31.962 0 0 D cnss : Setting MHI state: POWER_ON(2)
01-01 05:46:31.965 0 0 W cnss_pci 0000: 01:00.0: Falling back to syfs fallback for: qca6390/amss20.bin
08-16 16:52:11.557 1160 1160 D SystemServerTiming: StartFontManagerService took to complete: 148ms
08-16 16:52:11.557 1160 1160 I SystemServerTiming: StartTextServicesManager
08-16 16:52:11.557 1160 1160 I SystemServiceManager: Starting com.android.server.textservices.TextServicesManagerService$Lifecycle
08-16 16:52:11.558 1160 1160 D SystemServerTiming: StartTextServicesManager took to complete: 0ms
08-16 16:52:11.558 1160 1160 I SystemServerTiming: StartTextClassificationManagerService
08-16 16:52:11.558 1160 1160 I SystemServiceManager: Starting com.android.server.textclassifier.TextClassificationManagerService$Lifecycle
08-16 16:52:11.560 1160 1160 D SystemServerTiming: StartTextClassificationManagerService took to complete: 2ms
08-16 16:52:11.560 1160 1160 I SystemServerTiming: StartNetworkScoreService
08-16 16:52:11.560 1160 1160 I SystemServiceManager: Starting com.android.server.NetworkScoreService$Lifecycle
08-16 16:52:11.561 1160 1160 D SystemServerTiming: StartNetworkScoreService took to complete: 1ms
08-16 16:52:11.561 1160 1160 I SystemServerTiming: StartNetworkStatsService
08-16 16:52:11.570 1160 1160 D SystemServerTiming: StartNetworkStatsService took to complete: 9ms
08-16 16:52:11.570 1160 1160 I SystemServerTiming: StartNetworkPolicyManagerService
08-16 16:52:11.576 1160 1160 D SystemServerTiming: StartNetworkPolicyManagerService took to complete: 5ms
08-16 16:52:11.576 1160 1160 I SystemServerTiming: StartWifi
08-16 16:52:11.604 1160 1160 I SystemServiceManager: Starting com.android.server.wifi.WifiService
08-16 16:52:11.671 1283 1283 I wificond: New wificond event callback registered
08-16 16:52:11.675 1160 1160 V HistoricalRegistry: Interaction before persistence initialized
08-16 16:52:11.678 1160 1160 D SystemServerTiming: StartWifi took to complete: 102ms
08-16 16:52:11.678 1160 1160 I SystemServerTiming: StartWifiScanning
08-16 16:52:11.678 1160 1160 I SystemServiceManager: Starting com.android.server.wifi.scanner.WifiScanningService
08-16 16:52:11.681 1160 1160 D SystemServerTiming: StartWifiScanning took to complete: 3ms
08-16 16:52:11.681 1160 1160 I SystemServerTiming: StartRttService
08-16 16:52:11.681 1160 1160 I SystemServiceManager: Starting com.android.server.wifi.rtt.RttService
08-16 16:52:11.682 1160 1160 D SystemServerTiming: StartRttService took to complete: 1ms
08-16 16:52:11.682 1160 1160 I SystemServerTiming: StartWifiAware
08-16 16:52:11.682 1160 1160 I SystemServiceManager: Starting com.android.server.wifi.aware.WifiAwareService
08-16 16:52:11.683 1160 1160 D SystemServerTiming: StartWifiAware took to complete: 2ms
08-16 16:52:11.683 1160 1160 I SystemServerTiming: StartWifiP2P
08-16 16:52:11.683 1160 1160 I SystemServiceManager: Starting com.android.server.wifi.p2p.WifiP2pService
08-16 16:52:11.686 1160 1160 D SystemServerTiming: StartWifiP2P took to complete: 3ms
08-16 16:52:11.686 1160 1160 I SystemServerTiming: StartEthernet
08-16 16:52:11.687 1160 1160 I SystemServiceManager: Starting com.android.server.ethernet.EthernetService
08-16 16:52:11.688 1160 1160 D SystemServerTiming: StartEthernet took to complete: 2ms
08-16 16:52:11.688 1160 1160 I SystemServerTiming: StartPacProxyService
08-16 16:52:11.691 1160 1160 D SystemServerTiming: StartPacProxyService took to complete: 2ms
08-16 16:52:11.691 1160 1160 I SystemServerTiming: StartConnectivityService
08-16 16:52:11.705 1160 1160 I SystemServiceManager: Starting com.android.server.ConnectivityServiceInitializer
08-16 16:52:11.728 1160 1160 D CompatibilityChangeReporter: Compat change id reported: 182478738; UID 1000; state: ENABLED
08-16 16:52:11.732 1160 1160 D SystemServerTiming: StartConnectivityService took to complete: 41ms
08-16 16:52:11.732 1160 1160 I SystemServerTiming: StartVpnManagerService
08-16 16:52:11.735 1160 1160 D SystemServerTiming: StartVpnManagerService took to complete: 3ms
08-16 16:52:11.735 1160 1160 I SystemServerTiming: StartVcnManagementService
08-16 16:52:11.737 1160 1160 D SystemServerTiming: StartVcnManagementService took to complete: 2ms
08-16 16:52:11.738 1160 1160 I SystemServerTiming: StartNsdService
08-16 16:52:11.739 1160 1160 D NsdService: Network service discovery is enabled
08-16 16:52:11.741 1160 1160 D SystemServerTiming: StartNsdService took to complete: 3ms
08-16 16:52:11.741 1160 1160 I SystemServerTiming: StartSystemUpdateManagerService
08-16 16:52:11.741 1160 1160 I SystemUpdateManagerService: No existing info file /data/system/system-update-info.xml
08-16 16:52:11.742 1160 1160 D SystemServerTiming: StartSystemUpdateManagerService took to complete: 1ms
08-16 16:52:11.742 1160 1160 I SystemServerTiming: StartUpdateLockService
08-16 16:52:11.743 1160 1160 D SystemServerTiming: StartUpdateLockService took to complete: 1ms
08-16 16:52:11.743 1160 1160 I SystemServerTiming: StartNotificationManager
08-16 16:52:11.743 1160 1160 I SystemServiceManager: Starting com.android.server.notification.NotificationManagerService
08-16 16:52:11.748 1160 1160 D ConditionProviders.SCP: new ScheduleConditionProvider()
08-16 16:52:11.754 1160 1160 I NotificationAssistants: Read notification assistant permissions from xml
08-16 16:52:11.754 1160 1160 I ConditionProviders: Read condition provider permissions from xml
08-16 16:52:11.754 1160 1160 I ConditionProviders: Read condition provider permissions from xml
08-16 16:52:11.755 1160 1160 D NotificationAssistants: Approving default notification assistant for user 0
08-16 16:52:11.755 1160 1160 I ConditionProviders: Allowing condition provider android.ext.services/android.ext.services.notification.Assistant (userSet: true)
08-16 16:52:11.757 1160 1160 D CompatibilityChangeReporter: Compat change id reported: 157233955; UID 1000; state: ENABLED
08-16 16:52:11.767 1160 1160 D SystemServerTiming: StartNotificationManager took to complete: 24ms
08-16 16:52:11.767 1160 1160 I SystemServerTiming: StartDeviceMonitor
08-16 16:52:11.767 1160 1160 I SystemServiceManager: Starting com.android.server.storage.DeviceStorageMonitorService
08-16 16:52:11.771 1160 1160 D SystemServerTiming: StartDeviceMonitor took to complete: 3ms
08-16 16:52:11.771 1160 1160 I SystemServerTiming: StartLocationManagerService
08-16 16:52:11.771 1160 1160 I SystemServiceManager: Starting com.android.server.location.LocationManagerService$Lifecycle
08-16 16:52:11.777 1160 1160 D SystemServerTiming: StartLocationManagerService took to complete: 6ms
08-16 16:52:11.777 1160 1160 I SystemServerTiming: StartCountryDetectorService
08-16 16:52:11.778 1160 1160 D SystemServerTiming: StartCountryDetectorService took to complete: 1ms
08-16 16:52:11.778 1160 1160 I SystemServerTiming: StartTimeDetectorService
08-16 16:52:11.778 1160 1160 I SystemServiceManager: Starting com.android.server.timedetector.TimeDetectorService$Lifecycle
08-16 16:52:11.780 1160 1160 D SystemServerTiming: StartTimeDetectorService took to complete: 1ms
08-16 16:52:11.780 1160 1160 I SystemServerTiming: StartTimeZoneDetectorService
08-16 16:52:11.780 1160 1160 I SystemServiceManager: Starting com.android.server.timezonedetector.TimeZoneDetectorService$Lifecycle
08-16 16:52:11.782 1160 1160 D SystemServerTiming: StartTimeZoneDetectorService took to complete: 2ms
08-16 16:52:11.782 1160 1160 I SystemServerTiming: StartLocationTimeZoneManagerService
08-16 16:52:11.782 1160 1160 I SystemServiceManager: Starting com.android.server.timezonedetector.location.LocationTimeZoneManagerService$Lifecycle
08-16 16:52:11.784 1160 1160 D SystemServerTiming: StartLocationTimeZoneManagerService took to complete: 3ms
08-16 16:52:11.785 1160 1160 I SystemServerTiming: StartSearchManagerService
08-16 16:52:11.785 1160 1160 I SystemServiceManager: Starting com.android.server.search.SearchManagerService$Lifecycle
08-16 16:52:11.788 1160 1160 D SystemServerTiming: StartSearchManagerService took to complete: 3ms
08-16 16:52:11.788 1160 1160 I SystemServerTiming: StartWallpaperManagerService
08-16 16:52:11.788 1160 1160 I SystemServiceManager: Starting com.android.server.wallpaper.WallpaperManagerService$Lifecycle
08-16 16:52:11.789 1160 1160 D SystemServerTiming: StartWallpaperManagerService took to complete: 2ms
08-16 16:52:11.789 1160 1160 I SystemServerTiming: StartAudioService
08-16 16:52:11.789 1160 1160 I SystemServiceManager: Starting com.android.server.audio.AudioService$Lifecycle
08-16 16:52:11.843 1160 1160 D SystemServerTiming: StartAudioService took to complete: 54ms
08-16 16:52:11.843 1160 1160 I SystemServerTiming: StartSoundTriggerMiddlewareService
08-16 16:52:11.843 1160 1160 I SystemServiceManager: Starting com.android.server.soundtrigger_middleware.SoundTriggerMiddlewareService$Lifecycle
08-16 16:52:11.857 1160 1160 D SystemServerTiming: StartSoundTriggerMiddlewareService took to complete: 13ms
08-16 16:52:11.857 1160 1160 I SystemServerTiming: StartDockObserver
08-16 16:52:11.857 1160 1160 I SystemServiceManager: Starting com.android.server.DockObserver
08-16 16:52:11.857 1160 1160 W DockObserver: This kernel does not have dock station support
08-16 16:52:11.857 680 680 D ZygoteInitTiming_lazy: PreloadClasses took to complete: 947ms
08-16 16:52:11.858 1160 1160 D SystemServerTiming: StartDockObserver took to complete: 2ms
08-16 16:52:11.858 1160 1160 I SystemServerTiming: StartWiredAccessoryManager
08-16 16:52:11.859 1160 1160 W WiredAccessoryManager: This kernel does not have usb audio support
08-16 16:52:11.859 1160 1160 W WiredAccessoryManager: This kernel does not have HDMI audio support
08-16 16:52:11.859 1160 1160 E WiredAccessoryManager: file /sys/devices/platform/soc/soc:qcom,msm-ext-disp/extcon/extcon3/name not found
08-16 16:52:11.860 1160 1160 W WiredAccessoryManager: Conn soc:qcom,msm-ext-disp/3/0 does not have DP audio support
08-16 16:52:11.860 1160 1160 E WiredAccessoryManager: file /sys/devices/platform/soc/soc:qcom,msm-ext-disp/extcon/extcon2/name not found
08-16 16:52:11.860 1160 1160 W WiredAccessoryManager: Conn soc:qcom,msm-ext-disp/2/0 does not have DP audio support
08-16 16:52:11.861 1160 1160 E WiredAccessoryManager: set dev_index 1
08-16 16:52:11.862 1160 1160 W WiredAccessoryManager: checkCableIndex set cable 0
08-16 16:52:11.863 1160 1160 E WiredAccessoryManager: set dev_index 0
08-16 16:52:11.864 1160 1160 W WiredAccessoryManager: checkCableIndex set cable 0
08-16 16:52:11.865 1160 1160 D SystemServerTiming: StartWiredAccessoryManager took to complete: 7ms
08-16 16:52:11.865 1160 1160 I SystemServerTiming: StartMidiManager
08-16 16:52:11.866 1160 1160 I SystemServiceManager: Starting com.android.server.midi.MidiService$Lifecycle
08-16 16:52:11.867 1160 1160 D SystemServerTiming: StartMidiManager took to complete: 1ms
08-16 16:52:11.867 1160 1160 I SystemServerTiming: StartAdbService
08-16 16:52:11.867 1160 1160 I SystemServiceManager: Starting com.android.server.adb.AdbService$Lifecycle
08-16 16:52:11.868 1160 1160 D SystemServerTiming: StartAdbService took to complete: 2ms
08-16 16:52:11.868 1160 1160 I SystemServerTiming: StartUsbService
08-16 16:52:11.868 1160 1160 I SystemServiceManager: Starting com.android.server.usb.UsbService$Lifecycle
08-16 16:52:11.868 1160 1160 D SystemServerTiming: StartUsbService took to complete: 0ms
08-16 16:52:11.869 1160 1160 I SystemServerTiming: StartSerialService
08-16 16:52:11.869 1160 1160 D SystemServerTiming: StartSerialService took to complete: 1ms
08-16 16:52:11.869 1160 1160 I SystemServerTiming: StartHardwarePropertiesManagerService
08-16 16:52:11.870 1160 1276 I SystemServerTimingAsync: InitThreadPoolExec:UsbService$Lifecycle#onStart
08-16 16:52:11.871 1160 1276 D SystemServerInitThreadPool: Started executing UsbService$Lifecycle#onStart
08-16 16:52:11.872 1160 1276 E UsbDeviceManager: failed to write to /sys/class/android_usb/android0/f_rndis/ethaddr
08-16 16:52:11.873 1160 1276 I UsbDeviceManager: USB GADGET HAL not present in the device
08-16 16:52:11.873 1160 1276 I UsbDeviceManager: java.util.NoSuchElementException
08-16 16:52:11.873 1160 1276 I UsbDeviceManager: at android.os.HwBinder.getService(Native Method)
08-16 16:52:11.873 1160 1276 I UsbDeviceManager: at android.hardware.usb.gadget.V1_0.IUsbGadget.getService(IUsbGadget.java:57)
08-16 16:52:11.873 1160 1276 I UsbDeviceManager: at android.hardware.usb.gadget.V1_0.IUsbGadget.getService(IUsbGadget.java:64)
08-16 16:52:11.873 1160 1276 I UsbDeviceManager: at com.android.server.usb.UsbDeviceManager.(UsbDeviceManager.java:293)
08-16 16:52:11.873 1160 1276 I UsbDeviceManager: at com.android.server.usb.UsbService.(UsbService.java:178)
08-16 16:52:11.873 1160 1276 I UsbDeviceManager: at com.android.server.usb.UsbService$Lifecycle.lambda$onStart$0$UsbService$Lifecycle(UsbService.java:92)
08-16 16:52:11.873 1160 1276 I UsbDeviceManager: at com.android.server.usb.UsbService$Lifecycle$$ExternalSyntheticLambda1.run(Unknown Source:2)
08-16 16:52:11.873 1160 1276 I UsbDeviceManager: at com.android.server.SystemServerInitThreadPool.lambda$submitTask$0$SystemServerInitThreadPool(SystemServerInitThreadPool.java:105)
08-16 16:52:11.873 1160 1276 I UsbDeviceManager: at com.android.server.SystemServerInitThreadPool$$ExternalSyntheticLambda0.run(Unknown Source:6)
08-16 16:52:11.873 1160 1276 I UsbDeviceManager: at java.util.concurrent.Executors$RunnableAdapter.call(Executors.java:462)
08-16 16:52:11.873 1160 1276 I UsbDeviceManager: at java.util.concurrent.FutureTask.run(FutureTask.java:266)
08-16 16:52:11.873 1160 1276 I UsbDeviceManager: at java.util.concurrent.ThreadPoolExecutor.runWorker(ThreadPoolExecutor.java:1167)
08-16 16:52:11.873 1160 1276 I UsbDeviceManager: at java.util.concurrent.ThreadPoolExecutor$Worker.run(ThreadPoolExecutor.java:641)
08-16 16:52:11.873 1160 1276 I UsbDeviceManager: at com.android.internal.util.ConcurrentUtils$1$1.run(ConcurrentUtils.java:65)
08-16 16:52:11.874 1160 1276 E UsbDeviceManager: Failed to open control for mtp
08-16 16:52:11.874 1160 1276 E UsbDeviceManager: Failed to open control for ptp
08-16 16:52:11.876 1160 1160 D SystemServerTiming: StartHardwarePropertiesManagerService took to complete: 7ms
08-16 16:52:11.877 1160 1160 I SystemServerTiming: StartTwilightService
08-16 16:52:11.877 1160 1160 I SystemServiceManager: Starting com.android.server.twilight.TwilightService
08-16 16:52:11.877 1160 1160 D SystemServerTiming: StartTwilightService took to complete: 0ms
08-16 16:52:11.877 1160 1160 I SystemServerTiming: StartColorDisplay
08-16 16:52:11.877 1160 1160 I SystemServiceManager: Starting com.android.server.display.color.ColorDisplayService
08-16 16:52:11.877 1160 1276 W StorageManagerService: No primary storage defined yet; hacking together a stub
08-16 16:52:11.879 1160 1160 D SystemServerTiming: StartColorDisplay took to complete: 1ms
08-16 16:52:11.879 1160 1160 I SystemServerTiming: StartJobScheduler
08-16 16:52:11.879 1160 1160 I SystemServiceManager: Starting com.android.server.job.JobSchedulerService
01-01 05:46:32.305 0 0 I : acc_open
01-01 05:46:32.305 0 0 I : acc_release
08-16 16:52:11.884 680 680 D ZygoteInitTiming_lazy: CacheNonBootClasspathClassLoaders took to complete: 26ms
08-16 16:52:11.884 1160 1726 I UsbPortManager: Usb hal service started android.hardware.usb@1.0::IUsb default
08-16 16:52:11.886 1160 1160 D JobStore: Start tag: job-info
08-16 16:52:11.887 1160 1160 W JobStore: Periodic job for uid='10151' persisted run-time is too big [360:01:37, 720:01:37]. Clamping to [360:00:55,720:00:55]
08-16 16:52:11.888 1160 1160 W JobStore: Periodic job for uid='1000' persisted run-time is too big [24:01:06, 48:01:06]. Clamping to [24:00:55,48:00:55]
08-16 16:52:11.888 1160 1160 W JobStore: Periodic job for uid='1000' persisted run-time is too big [24:01:37, 48:01:37]. Clamping to [24:00:55,48:00:55]
08-16 16:52:11.888 1160 1160 W JobStore: Periodic job for uid='1000' persisted run-time is too big [24:01:37, 48:01:37]. Clamping to [24:00:55,48:00:55]
08-16 16:52:11.889 1160 1160 I JobStore: Read 7 jobs
