08-16 16:53:09.756 805 2905 I btaudio_offload_qti: audio_get_a2dp_sink_latency_qti: Sink Latency = 0
08-16 16:53:09.760 805 2905 I btaudio_offload_qti: audio_get_a2dp_sink_latency_qti: Sink Latency = 0
08-16 16:53:09.765 805 2905 I btaudio_offload_qti: audio_get_a2dp_sink_latency_qti: Sink Latency = 0
08-16 16:53:09.765 805 805 D audio_hw_primary: out_set_parameters: enter: usecase(1: low-latency-playback) kvpairs: suspend_playback=false
08-16 16:53:09.766 805 805 D audio_hw_extn: audio_extn_fm_set_parameters: Enter
08-16 16:53:09.766 805 846 I btaudio_offload_qti: audio_get_a2dp_sink_latency_qti: Sink Latency = 0
08-16 16:53:09.769 805 2905 I btaudio_offload_qti: audio_get_a2dp_sink_latency_qti: Sink Latency = 0
08-16 16:53:09.773 805 2905 I btaudio_offload_qti: audio_get_a2dp_sink_latency_qti: Sink Latency = 0
08-16 16:53:09.773 805 805 I btaudio_offload_qti: audio_get_a2dp_sink_latency_qti: Sink Latency = 0
08-16 16:53:09.774 805 846 D audio_hw_primary: out_set_parameters: enter: usecase(1: low-latency-playback) kvpairs: suspend_playback=true
08-16 16:53:09.774 805 846 D audio_hw_extn: audio_extn_fm_set_parameters: Enter
08-16 16:53:09.776 805 2905 I btaudio_offload_qti: audio_get_a2dp_sink_latency_qti: Sink Latency = 0
08-16 16:53:09.780 805 2905 I btaudio_offload_qti: audio_get_a2dp_sink_latency_qti: Sink Latency = 0
08-16 16:53:09.785 805 2905 I btaudio_offload_qti: audio_get_a2dp_sink_latency_qti: Sink Latency = 0
08-16 16:53:09.787 805 805 D audio_hw_primary: out_set_parameters: enter: usecase(1: low-latency-playback) kvpairs: suspend_playback=false
08-16 16:53:09.787 805 805 D audio_hw_extn: audio_extn_fm_set_parameters: Enter
08-16 16:53:09.788 805 846 I btaudio_offload_qti: audio_get_a2dp_sink_latency_qti: Sink Latency = 0
08-16 16:53:09.788 805 2905 I btaudio_offload_qti: audio_get_a2dp_sink_latency_qti: Sink Latency = 0
08-16 16:53:09.789 805 846 I btaudio_offload_qti: audio_get_a2dp_sink_latency_qti: Sink Latency = 0
08-16 16:53:09.790 805 805 D audio_hw_primary: out_set_parameters: enter: usecase(1: low-latency-playback) kvpairs: suspend_playback=true
08-16 16:53:09.790 805 805 D audio_hw_extn: audio_extn_fm_set_parameters: Enter
08-16 16:53:09.792 805 2905 I btaudio_offload_qti: audio_get_a2dp_sink_latency_qti: Sink Latency = 0
08-16 16:53:09.796 805 2905 I btaudio_offload_qti: audio_get_a2dp_sink_latency_qti: Sink Latency = 0
01-01 05:47:30.225 0 0 D : mv2112_read_status
01-01 05:47:30.225 0 0 D mv2112_update_link: 3.0x901(1G): 0x4
01-01 05:47:30.225 0 0 D mv2112_update_link: 3.0x8109(100M): 0x8
01-01 05:47:30.225 0 0 D mv2112_update_link: link 0x4
01-01 05:47:30.225 0 0 D mv2112_read_status: autoneg is disabled
08-16 16:53:09.800 805 2905 I btaudio_offload_qti: audio_get_a2dp_sink_latency_qti: Sink Latency = 0
08-16 16:53:09.801 805 805 D audio_hw_primary: out_set_parameters: enter: usecase(1: low-latency-playback) kvpairs: suspend_playback=false
08-16 16:53:09.801 805 805 D audio_hw_extn: audio_extn_fm_set_parameters: Enter
08-16 16:53:09.802 805 846 I btaudio_offload_qti: audio_get_a2dp_sink_latency_qti: Sink Latency = 0
08-16 16:53:09.804 805 2905 I btaudio_offload_qti: audio_get_a2dp_sink_latency_qti: Sink Latency = 0
08-16 16:53:09.808 805 2905 I btaudio_offload_qti: audio_get_a2dp_sink_latency_qti: Sink Latency = 0
08-16 16:53:09.809 805 805 I btaudio_offload_qti: audio_get_a2dp_sink_latency_qti: Sink Latency = 0
08-16 16:53:09.810 805 846 D audio_hw_primary: out_set_parameters: enter: usecase(1: low-latency-playback) kvpairs: suspend_playback=true
08-16 16:53:09.810 805 846 D audio_hw_extn: audio_extn_fm_set_parameters: Enter
08-16 16:53:09.812 805 2905 I btaudio_offload_qti: audio_get_a2dp_sink_latency_qti: Sink Latency = 0
08-16 16:53:09.816 805 2905 I btaudio_offload_qti: audio_get_a2dp_sink_latency_qti: Sink Latency = 0
08-16 16:53:09.820 805 2905 I btaudio_offload_qti: audio_get_a2dp_sink_latency_qti: Sink Latency = 0
08-16 16:53:09.821 805 805 D audio_hw_primary: out_set_parameters: enter: usecase(1: low-latency-playback) kvpairs: suspend_playback=false
08-16 16:53:09.821 805 805 D audio_hw_extn: audio_extn_fm_set_parameters: Enter
08-16 16:53:09.822 805 846 I btaudio_offload_qti: audio_get_a2dp_sink_latency_qti: Sink Latency = 0
08-16 16:53:09.824 805 2905 I btaudio_offload_qti: audio_get_a2dp_sink_latency_qti: Sink Latency = 0
08-16 16:53:09.828 805 2905 I btaudio_offload_qti: audio_get_a2dp_sink_latency_qti: Sink Latency = 0
08-16 16:53:09.829 805 805 I btaudio_offload_qti: audio_get_a2dp_sink_latency_qti: Sink Latency = 0
08-16 16:53:09.830 805 846 D audio_hw_primary: out_set_parameters: enter: usecase(1: low-latency-playback) kvpairs: suspend_playback=true
08-16 16:53:09.830 805 846 D audio_hw_extn: audio_extn_fm_set_parameters: Enter
08-16 16:53:09.832 805 2905 I btaudio_offload_qti: audio_get_a2dp_sink_latency_qti: Sink Latency = 0
08-16 16:53:09.836 805 2905 I btaudio_offload_qti: audio_get_a2dp_sink_latency_qti: Sink Latency = 0
08-16 16:53:09.840 805 2905 I btaudio_offload_qti: audio_get_a2dp_sink_latency_qti: Sink Latency = 0
08-16 16:53:09.843 805 805 D audio_hw_primary: out_set_parameters: enter: usecase(1: low-latency-playback) kvpairs: suspend_playback=false
08-16 16:53:09.844 805 805 D audio_hw_extn: audio_extn_fm_set_parameters: Enter
08-16 16:53:09.845 805 2905 I btaudio_offload_qti: audio_get_a2dp_sink_latency_qti: Sink Latency = 0
08-16 16:53:09.845 805 846 I btaudio_offload_qti: audio_get_a2dp_sink_latency_qti: Sink Latency = 0
08-16 16:53:09.848 805 2905 I btaudio_offload_qti: audio_get_a2dp_sink_latency_qti: Sink Latency = 0
08-16 16:53:09.849 805 805 I btaudio_offload_qti: audio_get_a2dp_sink_latency_qti: Sink Latency = 0
08-16 16:53:09.850 805 846 D audio_hw_primary: out_set_parameters: enter: usecase(1: low-latency-playback) kvpairs: suspend_playback=true
08-16 16:53:09.850 805 846 D audio_hw_extn: audio_extn_fm_set_parameters: Enter
08-16 16:53:09.852 805 2905 I btaudio_offload_qti: audio_get_a2dp_sink_latency_qti: Sink Latency = 0
08-16 16:53:09.856 805 2905 I btaudio_offload_qti: audio_get_a2dp_sink_latency_qti: Sink Latency = 0
08-16 16:53:09.860 805 2905 I btaudio_offload_qti: audio_get_a2dp_sink_latency_qti: Sink Latency = 0
08-16 16:53:09.861 805 805 D audio_hw_primary: out_set_parameters: enter: usecase(1: low-latency-playback) kvpairs: suspend_playback=false
08-16 16:53:09.861 805 805 D audio_hw_extn: audio_extn_fm_set_parameters: Enter
08-16 16:53:09.862 805 846 I btaudio_offload_qti: audio_get_a2dp_sink_latency_qti: Sink Latency = 0
08-16 16:53:09.864 805 2905 I btaudio_offload_qti: audio_get_a2dp_sink_latency_qti: Sink Latency = 0
08-16 16:53:09.868 805 2905 I btaudio_offload_qti: audio_get_a2dp_sink_latency_qti: Sink Latency = 0
08-16 16:53:09.869 805 846 I btaudio_offload_qti: audio_get_a2dp_sink_latency_qti: Sink Latency = 0
08-16 16:53:09.870 805 805 D audio_hw_primary: out_set_parameters: enter: usecase(1: low-latency-playback) kvpairs: suspend_playback=true
08-16 16:53:09.870 805 805 D audio_hw_extn: audio_extn_fm_set_parameters: Enter
08-16 16:53:09.872 805 2905 I btaudio_offload_qti: audio_get_a2dp_sink_latency_qti: Sink Latency = 0
08-16 16:53:09.876 805 2905 I btaudio_offload_qti: audio_get_a2dp_sink_latency_qti: Sink Latency = 0
08-16 16:53:09.880 805 2905 I btaudio_offload_qti: audio_get_a2dp_sink_latency_qti: Sink Latency = 0
08-16 16:53:09.881 805 805 D audio_hw_primary: out_set_parameters: enter: usecase(1: low-latency-playback) kvpairs: suspend_playback=false
08-16 16:53:09.882 805 805 D audio_hw_extn: audio_extn_fm_set_parameters: Enter
08-16 16:53:09.883 805 846 I btaudio_offload_qti: audio_get_a2dp_sink_latency_qti: Sink Latency = 0
08-16 16:53:09.884 805 2905 I btaudio_offload_qti: audio_get_a2dp_sink_latency_qti: Sink Latency = 0
08-16 16:53:09.888 805 2905 I btaudio_offload_qti: audio_get_a2dp_sink_latency_qti: Sink Latency = 0
08-16 16:53:09.889 805 846 I btaudio_offload_qti: audio_get_a2dp_sink_latency_qti: Sink Latency = 0
08-16 16:53:09.892 805 2905 I btaudio_offload_qti: audio_get_a2dp_sink_latency_qti: Sink Latency = 0
08-16 16:53:09.892 805 805 D audio_hw_primary: out_set_parameters: enter: usecase(1: low-latency-playback) kvpairs: suspend_playback=true
08-16 16:53:09.892 805 805 D audio_hw_extn: audio_extn_fm_set_parameters: Enter
08-16 16:53:09.896 805 2905 I btaudio_offload_qti: audio_get_a2dp_sink_latency_qti: Sink Latency = 0
08-16 16:53:09.900 805 2905 I btaudio_offload_qti: audio_get_a2dp_sink_latency_qti: Sink Latency = 0
08-16 16:53:09.904 805 2905 I btaudio_offload_qti: audio_get_a2dp_sink_latency_qti: Sink Latency = 0
08-16 16:53:09.905 805 805 D audio_hw_primary: out_set_parameters: enter: usecase(1: low-latency-playback) kvpairs: suspend_playback=false
08-16 16:53:09.905 805 805 D audio_hw_extn: audio_extn_fm_set_parameters: Enter
08-16 16:53:09.907 805 846 I btaudio_offload_qti: audio_get_a2dp_sink_latency_qti: Sink Latency = 0
08-16 16:53:09.908 1160 1194 I MediaFocusControl: abandonAudioFocus() from uid/pid 10124/1859 clientId=android.media.AudioManager@24c9569
08-16 16:53:09.908 805 2905 I btaudio_offload_qti: audio_get_a2dp_sink_latency_qti: Sink Latency = 0
08-16 16:53:09.909 1839 2709 D Avrcp_ext: AudioManager Player: AudioPlaybackConfiguration piid:375 deviceId:0 type:android.media.SoundPool u/pid:1000/1160 state:idle attr:AudioAttributes: usage=USAGE_ASSISTANCE_SONIFICATION content=CONTENT_TYPE_SONIFICATION flags=0x800 tags= bundle=null sessionId:0
08-16 16:53:09.909 1839 2709 D Avrcp_ext: AudioManager Player: AudioPlaybackConfiguration piid:383 deviceId:0 type:android.media.SoundPool u/pid:10124/1859 state:idle attr:AudioAttributes: usage=USAGE_ASSISTANCE_SONIFICATION content=CONTENT_TYPE_SONIFICATION flags=0x800 tags= bundle=null sessionId:0
08-16 16:53:09.909 805 805 I btaudio_offload_qti: audio_get_a2dp_sink_latency_qti: Sink Latency = 0
08-16 16:53:09.909 1839 2709 D Avrcp_ext: AudioManager Player: AudioPlaybackConfiguration piid:399 deviceId:32 type:android.media.MediaPlayer u/pid:10124/1859 state:stopped attr:AudioAttributes: usage=USAGE_NOTIFICATION content=CONTENT_TYPE_SONIFICATION flags=0x800 tags= bundle=null sessionId:0
08-16 16:53:09.910 1839 2709 D Avrcp_ext: AudioManager isPlaying: false, mAudioPlaybackIsActive = true
08-16 16:53:09.910 1859 2064 W MessageQueue: Handler (android.media.MediaPlayer$EventHandler) {1379753} sending message to a Handler on a dead thread
08-16 16:53:09.910 1859 2064 W MessageQueue: java.lang.IllegalStateException: Handler (android.media.MediaPlayer$EventHandler) {1379753} sending message to a Handler on a dead thread
08-16 16:53:09.910 1859 2064 W MessageQueue: at android.os.MessageQueue.enqueueMessage(MessageQueue.java:560)
08-16 16:53:09.910 1859 2064 W MessageQueue: at android.os.Handler.enqueueMessage(Handler.java:778)
08-16 16:53:09.910 1859 2064 W MessageQueue: at android.os.Handler.sendMessageAtTime(Handler.java:727)
08-16 16:53:09.910 1859 2064 W MessageQueue: at android.os.Handler.sendMessageDelayed(Handler.java:697)
08-16 16:53:09.910 1859 2064 W MessageQueue: at android.os.Handler.sendMessage(Handler.java:635)
08-16 16:53:09.910 1859 2064 W MessageQueue: at android.media.MediaPlayer.postEventFromNative(MediaPlayer.java:3809)
08-16 16:53:09.910 1839 2709 D Avrcp_ext: AudioManager Reset Active Player
08-16 16:53:09.910 805 846 D audio_hw_primary: out_set_parameters: enter: usecase(1: low-latency-playback) kvpairs: suspend_playback=true
08-16 16:53:09.910 805 846 D audio_hw_extn: audio_extn_fm_set_parameters: Enter
08-16 16:53:09.911 1859 4615 V MediaPlayer: resetDrmState: mDrmInfo=null mDrmProvisioningThread=null mPrepareDrmInProgress=false mActiveDrmScheme=false
08-16 16:53:09.911 1859 4615 V MediaPlayer: cleanDrmObj: mDrmObj=null mDrmSessionId=null
08-16 16:53:09.912 1279 2202 D NuPlayerDriver: reset(0xe8240dd0) at state 6
08-16 16:53:09.912 805 2905 I btaudio_offload_qti: audio_get_a2dp_sink_latency_qti: Sink Latency = 0
08-16 16:53:09.912 1839 2709 V Avrcp_ext: updateCurrentMediaState: mMediaController: null
08-16 16:53:09.913 1839 2709 W Avrcp_ext: isMusicActive: false getBluetoothPlayState: 2 A2dp State: 10 mAudioPlaybackIsActive: false
08-16 16:53:09.913 1839 2709 W Avrcp_ext: updateCurrentMediaState: isPlaying = false
08-16 16:53:09.913 1839 2709 I Avrcp_ext: device found at index 0
08-16 16:53:09.913 1839 2709 V Avrcp_ext: updateCurrentMediaState: addr: [B@eb949c6
08-16 16:53:09.913 1839 2709 V Avrcp_ext: Media update: id -1âž¡-1? [MediaAttributes: none] : [MediaAttributes: none]
08-16 16:53:09.913 1839 2709 D Avrcp_ext: isPackageNameValid: browsedPackage = isValid = false
08-16 16:53:09.914 1839 2709 V Avrcp_ext: updatePlaybackState, state: PlaybackState {state=2, position=-1, buffered position=0, speed=0.0, updated=113490, actions=0, custom actions=[], active item id=-1, error=null} device: null
08-16 16:53:09.915 805 805 D audio_hw_primary: out_set_parameters: enter: usecase(1: low-latency-playback) kvpairs: suspend_playback=false
08-16 16:53:09.916 805 805 D audio_hw_extn: audio_extn_fm_set_parameters: Enter
08-16 16:53:09.916 805 2905 I btaudio_offload_qti: audio_get_a2dp_sink_latency_qti: Sink Latency = 0
08-16 16:53:09.917 805 846 I btaudio_offload_qti: audio_get_a2dp_sink_latency_qti: Sink Latency = 0
08-16 16:53:09.917 1839 2709 V Avrcp_ext: Device: Mifa_F5 : old state: PlaybackState {state=3, position=-1, buffered position=0, speed=1.0, updated=111461, actions=0, custom actions=[], active item id=-1, error=null}
08-16 16:53:09.917 1839 2709 V Avrcp_ext: Device: no name:
08-16 16:53:09.917 1839 2709 V Avrcp_ext: Device: no name:
08-16 16:53:09.917 1839 2709 V Avrcp_ext: Device: no name:
08-16 16:53:09.917 1839 2709 V Avrcp_ext: Device: no name:
08-16 16:53:09.917 1839 2709 V Avrcp_ext: updatePlayerStateAndPosition, old=PlaybackState {state=2, position=-1, buffered position=0, speed=0.0, updated=111216, actions=0, custom actions=[], active item id=-1, error=null}, state=PlaybackState {state=2, position=-1, buffered position=0, speed=0.0, updated=113490, actions=0, custom actions=[], active item id=-1, error=null}
08-16 16:53:09.918 1839 2709 V Avrcp_ext: old state = PlaybackState {state=2, position=-1, buffered position=0, speed=0.0, updated=111216, actions=0, custom actions=[], active item id=-1, error=null}, new state= PlaybackState {state=2, position=-1, buffered position=0, speed=0.0, updated=113490, actions=0, custom actions=[], active item id=-1, error=null}
08-16 16:53:09.918 1839 2709 D HeadsetService: getHeadsetService(): returning com.android.bluetooth.hfp.HeadsetService@d988ead
08-16 16:53:09.918 1839 2709 E HeadsetStateMachine: returning mCurrentState as Connected
08-16 16:53:09.918 1839 2709 D HeadsetService: isAudioOn: The number of audio connected devices 0
08-16 16:53:09.920 1839 2709 D HeadsetService: isScoOrCallActive(): Call Active:falseCall is Ringing:falseSCO is Active:false
08-16 16:53:09.920 1839 2709 E HeadsetStateMachine: returning mCurrentState as Connected
08-16 16:53:09.920 1839 2709 D HeadsetService: isAudioOn: The number of audio connected devices 0
08-16 16:53:09.920 805 2905 I btaudio_offload_qti: audio_get_a2dp_sink_latency_qti: Sink Latency = 0
08-16 16:53:09.921 1839 2709 I Avrcp_ext: updatePlayStatusForDevice: device: 00:58:76:20:46:3D
08-16 16:53:09.921 1839 2709 V Avrcp_ext: updatePlaybackState (1): old=PlaybackState {state=3, position=-1, buffered position=0, speed=1.0, updated=111461, actions=0, custom actions=[], active item id=-1, error=null}(1), new=PlaybackState {state=2, position=-1, buffered position=0, speed=0.0, updated=113490, actions=0, custom actions=[], active item id=-1, error=null}(2)
08-16 16:53:09.921 1839 2709 I Avrcp_ext: Exit updatePlayStatusForDevice
08-16 16:53:09.921 1839 2709 E HeadsetStateMachine: returning mCurrentState as Connected
08-16 16:53:09.921 1839 2709 D HeadsetService: isAudioOn: The number of audio connected devices 0
08-16 16:53:09.921 1839 2709 D HeadsetService: isScoOrCallActive(): Call Active:falseCall is Ringing:falseSCO is Active:false
08-16 16:53:09.921 1839 2709 E HeadsetStateMachine: returning mCurrentState as Connected
08-16 16:53:09.921 1839 2709 D HeadsetService: isAudioOn: The number of audio connected devices 0
08-16 16:53:09.922 1839 2709 I Avrcp_ext: updatePlayStatusForDevice: device: null
08-16 16:53:09.922 1839 2709 V Avrcp_ext: updatePlaybackState (1): old=PlaybackState {state=2, position=-1, buffered position=0, speed=0.0, updated=111216, actions=0, custom actions=[], active item id=-1, error=null}(2), new=PlaybackState {state=2, position=-1, buffered position=0, speed=0.0, updated=113490, actions=0, custom actions=[], active item id=-1, error=null}(2)
08-16 16:53:09.922 1839 2709 I Avrcp_ext: Exit updatePlayStatusForDevice
08-16 16:53:09.922 1839 2709 E HeadsetStateMachine: returning mCurrentState as Connected
08-16 16:53:09.922 1839 2709 D HeadsetService: isAudioOn: The number of audio connected devices 0
08-16 16:53:09.922 1839 2709 D HeadsetService: isScoOrCallActive(): Call Active:falseCall is Ringing:falseSCO is Active:false
08-16 16:53:09.922 1839 2709 E HeadsetStateMachine: returning mCurrentState as Connected
08-16 16:53:09.922 1839 2709 D HeadsetService: isAudioOn: The number of audio connected devices 0
08-16 16:53:09.922 1839 2709 I Avrcp_ext: updatePlayStatusForDevice: device: null
08-16 16:53:09.923 1839 2709 V Avrcp_ext: updatePlaybackState (1): old=PlaybackState {state=2, position=-1, buffered position=0, speed=0.0, updated=111216, actions=0, custom actions=[], active item id=-1, error=null}(2), new=PlaybackState {state=2, position=-1, buffered position=0, speed=0.0, updated=113490, actions=0, custom actions=[], active item id=-1, error=null}(2)
08-16 16:53:09.923 1839 2709 I Avrcp_ext: Exit updatePlayStatusForDevice
08-16 16:53:09.923 1839 2709 E HeadsetStateMachine: returning mCurrentState as Connected
08-16 16:53:09.923 1839 2709 D HeadsetService: isAudioOn: The number of audio connected devices 0
08-16 16:53:09.923 1839 2709 D HeadsetService: isScoOrCallActive(): Call Active:falseCall is Ringing:falseSCO is Active:false
08-16 16:53:09.923 1839 2709 E HeadsetStateMachine: returning mCurrentState as Connected
08-16 16:53:09.923 1839 2709 D HeadsetService: isAudioOn: The number of audio connected devices 0
08-16 16:53:09.923 1839 2709 I Avrcp_ext: updatePlayStatusForDevice: device: null
08-16 16:53:09.923 1839 2709 V Avrcp_ext: updatePlaybackState (1): old=PlaybackState {state=2, position=-1, buffered position=0, speed=0.0, updated=111216, actions=0, custom actions=[], active item id=-1, error=null}(2), new=PlaybackState {state=2, position=-1, buffered position=0, speed=0.0, updated=113490, actions=0, custom actions=[], active item id=-1, error=null}(2)
08-16 16:53:09.923 1839 2709 I Avrcp_ext: Exit updatePlayStatusForDevice
08-16 16:53:09.923 1839 2709 E HeadsetStateMachine: returning mCurrentState as Connected
08-16 16:53:09.923 1839 2709 D HeadsetService: isAudioOn: The number of audio connected devices 0
08-16 16:53:09.924 1839 2709 D HeadsetService: isScoOrCallActive(): Call Active:falseCall is Ringing:falseSCO is Active:false
08-16 16:53:09.924 1839 2709 E HeadsetStateMachine: returning mCurrentState as Connected
08-16 16:53:09.924 1839 2709 D HeadsetService: isAudioOn: The number of audio connected devices 0
08-16 16:53:09.924 1839 2709 I Avrcp_ext: updatePlayStatusForDevice: device: null
08-16 16:53:09.924 1839 2709 V Avrcp_ext: updatePlaybackState (1): old=PlaybackState {state=2, position=-1, buffered position=0, speed=0.0, updated=111216, actions=0, custom actions=[], active item id=-1, error=null}(2), new=PlaybackState {state=2, position=-1, buffered position=0, speed=0.0, updated=113490, actions=0, custom actions=[], active item id=-1, error=null}(2)
08-16 16:53:09.924 1839 2709 I Avrcp_ext: Exit updatePlayStatusForDevice
08-16 16:53:09.924 1839 2709 D Avrcp_ext: Enter sendPlayPosNotificationRsp
08-16 16:53:09.924 1839 2709 D Avrcp_ext: sendPlayPosNotificationRsp: Not registered or requesting.
08-16 16:53:09.924 805 2905 I btaudio_offload_qti: audio_get_a2dp_sink_latency_qti: Sink Latency = 0
08-16 16:53:09.924 1839 2709 D Avrcp_ext: Enter sendPlayPosNotificationRsp
08-16 16:53:09.924 1839 2709 D Avrcp_ext: sendPlayPosNotificationRsp: Not registered or requesting.
08-16 16:53:09.924 1839 2709 D Avrcp_ext: Enter sendPlayPosNotificationRsp
08-16 16:53:09.924 1839 2709 D Avrcp_ext: sendPlayPosNotificationRsp: Not registered or requesting.
08-16 16:53:09.925 1839 2709 D Avrcp_ext: Enter sendPlayPosNotificationRsp
08-16 16:53:09.925 1839 2709 D Avrcp_ext: sendPlayPosNotificationRsp: Not registered or requesting.
08-16 16:53:09.925 1839 2709 D Avrcp_ext: Enter sendPlayPosNotificationRsp
08-16 16:53:09.925 1839 2709 D Avrcp_ext: sendPlayPosNotificationRsp: Not registered or requesting.
08-16 16:53:09.925 1839 2709 V Avrcp_ext: Exit updatePlayerStateAndPosition
08-16 16:53:09.925 1839 2709 D Avrcp_ext: AudioManager Player: AudioPlaybackConfiguration piid:375 deviceId:0 type:android.media.SoundPool u/pid:1000/1160 state:idle attr:AudioAttributes: usage=USAGE_ASSISTANCE_SONIFICATION content=CONTENT_TYPE_SONIFICATION flags=0x800 tags= bundle=null sessionId:0
08-16 16:53:09.925 1279 4632 I hw-BpHwBinder: onLastStrongRef automatically unlinking death recipients
08-16 16:53:09.925 1839 2709 D Avrcp_ext: AudioManager Player: AudioPlaybackConfiguration piid:383 deviceId:0 type:android.media.SoundPool u/pid:10124/1859 state:idle attr:AudioAttributes: usage=USAGE_ASSISTANCE_SONIFICATION content=CONTENT_TYPE_SONIFICATION flags=0x800 tags= bundle=null sessionId:0
08-16 16:53:09.925 1839 2709 D Avrcp_ext: AudioManager isPlaying: false, mAudioPlaybackIsActive = false
08-16 16:53:09.925 1839 2709 D Avrcp_ext: AudioManager Reset Active Player
08-16 16:53:09.925 1340 2619 I hw-BpHwBinder: onLastStrongRef automatically unlinking death recipients
08-16 16:53:09.928 805 2905 I btaudio_offload_qti: audio_get_a2dp_sink_latency_qti: Sink Latency = 0
08-16 16:53:09.931 1340 2619 V C2Store : in ~ComponentModule
08-16 16:53:09.931 1340 2619 V C2Store : unloading dll
08-16 16:53:09.932 805 2905 I btaudio_offload_qti: audio_get_a2dp_sink_latency_qti: Sink Latency = 0
08-16 16:53:09.934 1279 4617 D NuPlayerDriver: notifyResetComplete(0xe8240dd0)
08-16 16:53:09.936 805 2905 I btaudio_offload_qti: audio_get_a2dp_sink_latency_qti: Sink Latency = 0
08-16 16:53:09.936 1279 2202 W AMessage: failed to post message as target looper for handler 0 is gone.
08-16 16:53:09.940 805 2905 I btaudio_offload_qti: audio_get_a2dp_sink_latency_qti: Sink Latency = 0
08-16 16:53:09.944 805 2905 I btaudio_offload_qti: audio_get_a2dp_sink_latency_qti: Sink Latency = 0
08-16 16:53:09.948 805 2905 I btaudio_offload_qti: audio_get_a2dp_sink_latency_qti: Sink Latency = 0
08-16 16:53:09.968 805 2905 I btaudio_offload_qti: audio_get_a2dp_sink_latency_qti: Sink Latency = 0
08-16 16:53:09.972 805 2905 I btaudio_offload_qti: audio_get_a2dp_sink_latency_qti: Sink Latency = 0
08-16 16:53:09.976 805 2905 I btaudio_offload_qti: audio_get_a2dp_sink_latency_qti: Sink Latency = 0
08-16 16:53:09.980 805 2905 I btaudio_offload_qti: audio_get_a2dp_sink_latency_qti: Sink Latency = 0
08-16 16:53:09.984 805 2905 I btaudio_offload_qti: audio_get_a2dp_sink_latency_qti: Sink Latency = 0
08-16 16:53:09.989 805 805 D audio_hw_primary: out_set_parameters: enter: usecase(1: low-latency-playback) kvpairs: suspend_playback=true
08-16 16:53:09.989 805 805 D audio_hw_extn: audio_extn_fm_set_parameters: Enter
08-16 16:53:10.257 1160 1194 D CompatibilityInfo: mCompatibilityFlags - 4
08-16 16:53:10.257 1160 1194 D CompatibilityInfo: applicationDensity - 240
08-16 16:53:10.257 1160 1194 D CompatibilityInfo: applicationScale - 1.0
08-16 16:53:10.263 2215 2215 I QImsService: QtiImsExtService : QtiImsExtService created!
08-16 16:53:10.263 2215 2215 E QImsService: QtiImsExtService : QtiImsExtService, ImsService is not yet started retry.
08-16 16:53:10.263 2350 2350 D QtiImsExtConnector: Attempt to bind QtiImsExt service returned with: true
08-16 16:53:10.264 2215 2215 E QImsService: QtiImsExtService : QtiImsExtService, ImsService is not yet started retry.
08-16 16:53:10.264 2215 2215 W QImsService: QtiImsExtService : onBind returned null
08-16 16:53:10.266 2350 2350 D QtiImsExtConnector: onNullBinding componentName ComponentInfo{org.codeaurora.ims/org.codeaurora.ims.QtiImsExtService}
08-16 16:53:10.780 1160 1194 D CompatibilityInfo: mCompatibilityFlags - 4
08-16 16:53:10.780 1160 1194 D CompatibilityInfo: applicationDensity - 240
08-16 16:53:10.780 1160 1194 D CompatibilityInfo: applicationScale - 1.0
08-16 16:53:10.784 2215 2215 I QImsService: QtiImsExtService : QtiImsExtService created!
08-16 16:53:10.784 2215 2215 E QImsService: QtiImsExtService : QtiImsExtService, ImsService is not yet started retry.
08-16 16:53:10.786 2215 2215 E QImsService: QtiImsExtService : QtiImsExtService, ImsService is not yet started retry.
08-16 16:53:10.786 2215 2215 W QImsService: QtiImsExtService : onBind returned null
08-16 16:53:10.789 2350 2350 D QtiImsExtConnector: Attempt to bind QtiImsExt service returned with: true
08-16 16:53:10.791 2350 2350 D QtiImsExtConnector: onNullBinding componentName ComponentInfo{org.codeaurora.ims/org.codeaurora.ims.QtiImsExtService}
01-01 05:47:31.249 0 0 D : mv2112_read_status
01-01 05:47:31.249 0 0 D mv2112_update_link: 3.0x901(1G): 0x4
01-01 05:47:31.249 0 0 D mv2112_update_link: 3.0x8109(100M): 0x8
01-01 05:47:31.249 0 0 D mv2112_update_link: link 0x4
01-01 05:47:31.249 0 0 D mv2112_read_status: autoneg is disabled
08-16 16:53:10.992 805 805 D audio_hw_primary: out_set_parameters: enter: usecase(1: low-latency-playback) kvpairs: suspend_playback=false
08-16 16:53:10.992 805 805 D audio_hw_extn: audio_extn_fm_set_parameters: Enter
08-16 16:53:10.993 805 2905 W audio_hw_primary: out_write: underrun(14) frames_by_time(48468) > out->last_fifo_frames_remaining(384)
08-16 16:53:11.010 805 2905 I btaudio_offload_qti: audio_get_a2dp_sink_latency_qti: Sink Latency = 0
08-16 16:53:11.014 805 2905 I btaudio_offload_qti: audio_get_a2dp_sink_latency_qti: Sink Latency = 0
08-16 16:53:11.018 805 2905 I btaudio_offload_qti: audio_get_a2dp_sink_latency_qti: Sink Latency = 0
08-16 16:53:11.022 805 2905 I btaudio_offload_qti: audio_get_a2dp_sink_latency_qti: Sink Latency = 0
08-16 16:53:11.026 805 2905 I btaudio_offload_qti: audio_get_a2dp_sink_latency_qti: Sink Latency = 0
08-16 16:53:11.030 805 2905 I btaudio_offload_qti: audio_get_a2dp_sink_latency_qti: Sink Latency = 0
08-16 16:53:11.034 805 805 D audio_hw_primary: out_set_parameters: enter: usecase(1: low-latency-playback) kvpairs: suspend_playback=true
08-16 16:53:11.034 805 805 D audio_hw_extn: audio_extn_fm_set_parameters: Enter
08-16 16:53:11.303 1160 1826 D CompatibilityInfo: mCompatibilityFlags - 4
08-16 16:53:11.304 1160 1826 D CompatibilityInfo: applicationDensity - 240
08-16 16:53:11.304 1160 1826 D CompatibilityInfo: applicationScale - 1.0
08-16 16:53:11.308 2215 2215 I QImsService: QtiImsExtService : QtiImsExtService created!
08-16 16:53:11.308 2215 2215 E QImsService: QtiImsExtService : QtiImsExtService, ImsService is not yet started retry.
08-16 16:53:11.309 2215 2215 E QImsService: QtiImsExtService : QtiImsExtService, ImsService is not yet started retry.
08-16 16:53:11.309 2215 2215 W QImsService: QtiImsExtService : onBind returned null
08-16 16:53:11.310 2350 2350 D QtiImsExtConnector: Attempt to bind QtiImsExt service returned with: true
08-16 16:53:11.311 2350 2350 D QtiImsExtConnector: onNullBinding componentName ComponentInfo{org.codeaurora.ims/org.codeaurora.ims.QtiImsExtService}
01-01 05:47:32.079 0 0 I init : starting service 'vendor.light-hal-2-0'...
08-16 16:53:11.745 518 518 I hwservicemanager: getTransport: Cannot find entry android.hardware.light@2.0::ILight/default in either framework or device VINTF manifest.
08-16 16:53:11.750 4637 4637 E light : light_open lights keyboard failed: -22
08-16 16:53:11.750 4637 4637 E light : Light passthrough failed to load legacy HAL.
08-16 16:53:11.751 4637 4637 E light : light_open lights buttons failed: -22
08-16 16:53:11.751 4637 4637 E light : Light passthrough failed to load legacy HAL.
08-16 16:53:11.759 4637 4637 E light : light_open lights bluetooth failed: -22
08-16 16:53:11.759 4637 4637 E light : Light passthrough failed to load legacy HAL.
08-16 16:53:11.760 4637 4637 E light : light_open lights wifi failed: -22
08-16 16:53:11.760 4637 4637 E light : Light passthrough failed to load legacy HAL.
08-16 16:53:11.761 518 518 I hwservicemanager: getTransport: Cannot find entry android.hardware.light@2.0::ILight/default in either framework or device VINTF manifest.
08-16 16:53:11.762 4637 4637 E HidlServiceManagement: Service android.hardware.light@2.0::ILight/default must be in VINTF manifest in order to register/get.
08-16 16:53:11.762 4637 4637 E LegacySupport: Could not register service android.hardware.light@2.0::ILight/default (-2147483648).
01-01 05:47:32.192 0 0 I init : Service 'vendor.light-hal-2-0' (pid 4637) exited with status 0
01-01 05:47:32.192 0 0 I init : Sending signal 9 to service 'vendor.light-hal-2-0' (pid 4637) process group...
01-01 05:47:32.193 0 0 I libprocessgroup: Successfully killed process cgroup uid 1000 pid 4637 in 0ms
08-16 16:53:11.824 1160 1826 D CompatibilityInfo: mCompatibilityFlags - 4
08-16 16:53:11.825 1160 1826 D CompatibilityInfo: applicationDensity - 240
08-16 16:53:11.825 1160 1826 D CompatibilityInfo: applicationScale - 1.0
08-16 16:53:11.830 2215 2215 I QImsService: QtiImsExtService : QtiImsExtService created!
08-16 16:53:11.831 2215 2215 E QImsService: QtiImsExtService : QtiImsExtService, ImsService is not yet started retry.
08-16 16:53:11.832 2215 2215 E QImsService: QtiImsExtService : QtiImsExtService, ImsService is not yet started retry.
08-16 16:53:11.832 2215 2215 W QImsService: QtiImsExtService : onBind returned null
08-16 16:53:11.833 2350 2350 D QtiImsExtConnector: Attempt to bind QtiImsExt service returned with: true
08-16 16:53:11.834 2350 2350 D QtiImsExtConnector: onNullBinding componentName ComponentInfo{org.codeaurora.ims/org.codeaurora.ims.QtiImsExtService}
01-01 05:47:32.273 0 0 D : mv2112_read_status
01-01 05:47:32.273 0 0 D mv2112_update_link: 3.0x901(1G): 0x4
01-01 05:47:32.274 0 0 D mv2112_update_link: 3.0x8109(100M): 0x8
01-01 05:47:32.274 0 0 D mv2112_update_link: link 0x4
01-01 05:47:32.274 0 0 D mv2112_read_status: autoneg is disabled
08-16 16:53:12.037 805 805 D audio_hw_primary: out_set_parameters: enter: usecase(1: low-latency-playback) kvpairs: suspend_playback=false
08-16 16:53:12.037 805 805 D audio_hw_extn: audio_extn_fm_set_parameters: Enter
08-16 16:53:12.038 805 2905 W audio_hw_primary: out_write: underrun(15) frames_by_time(48427) > out->last_fifo_frames_remaining(384)
08-16 16:53:12.054 805 2905 I btaudio_offload_qti: audio_get_a2dp_sink_latency_qti: Sink Latency = 0
08-16 16:53:12.058 805 2905 I btaudio_offload_qti: audio_get_a2dp_sink_latency_qti: Sink Latency = 0
08-16 16:53:12.062 805 2905 I btaudio_offload_qti: audio_get_a2dp_sink_latency_qti: Sink Latency = 0
08-16 16:53:12.066 805 2905 I btaudio_offload_qti: audio_get_a2dp_sink_latency_qti: Sink Latency = 0
08-16 16:53:12.070 805 2905 I btaudio_offload_qti: audio_get_a2dp_sink_latency_qti: Sink Latency = 0
08-16 16:53:12.074 805 2905 I btaudio_offload_qti: audio_get_a2dp_sink_latency_qti: Sink Latency = 0
08-16 16:53:12.078 805 805 D audio_hw_primary: out_set_parameters: enter: usecase(1: low-latency-playback) kvpairs: suspend_playback=true
08-16 16:53:12.079 805 805 D audio_hw_extn: audio_extn_fm_set_parameters: Enter
08-16 16:53:12.331 678 4622 I resolv : retrying_poll: 60 retrying_poll timeout
08-16 16:53:12.331 678 4622 D resolv : send_dg: 1
08-16 16:53:12.332 678 4622 I resolv : res_nsend: used send_dg 0 terrno: 110
08-16 16:53:12.332 678 4622 I resolv : res_stats_set_sample: rcode = 255, sec = 0
08-16 16:53:12.332 678 4622 I resolv : res_cache_add_stats_sample_locked: adding sample to stats, next = 39, count = 39
08-16 16:53:12.332 678 4622 D resolv : res_nsend: Querying server (# 1) address = 192.168.1.1:53
08-16 16:53:12.334 678 4622 I resolv : get_timeout: using timeout of 5000 msec
08-16 16:53:12.334 678 4622 I resolv : retrying_poll: 60 retrying_poll
08-16 16:53:12.348 1160 1826 D CompatibilityInfo: mCompatibilityFlags - 4
08-16 16:53:12.348 1160 1826 D CompatibilityInfo: applicationDensity - 240
08-16 16:53:12.348 1160 1826 D CompatibilityInfo: applicationScale - 1.0
08-16 16:53:12.352 2215 2215 I QImsService: QtiImsExtService : QtiImsExtService created!
08-16 16:53:12.352 2215 2215 E QImsService: QtiImsExtService : QtiImsExtService, ImsService is not yet started retry.
08-16 16:53:12.353 2215 2215 E QImsService: QtiImsExtService : QtiImsExtService, ImsService is not yet started retry.
08-16 16:53:12.353 2215 2215 W QImsService: QtiImsExtService : onBind returned null
08-16 16:53:12.355 2350 2350 D QtiImsExtConnector: Attempt to bind QtiImsExt service returned with: true
08-16 16:53:12.356 2350 2350 D QtiImsExtConnector: onNullBinding componentName ComponentInfo{org.codeaurora.ims/org.codeaurora.ims.QtiImsExtService}
08-16 16:53:12.368 678 4625 I resolv : retrying_poll: 62 retrying_poll timeout
08-16 16:53:12.368 678 4625 D resolv : send_dg: 1
08-16 16:53:12.369 678 4625 I resolv : res_nsend: used send_dg 0 terrno: 110
08-16 16:53:12.369 678 4625 I resolv : res_stats_set_sample: rcode = 255, sec = 0
08-16 16:53:12.369 678 4625 I resolv : res_cache_add_stats_sample_locked: adding sample to stats, next = 40, count = 40
08-16 16:53:12.369 678 4625 D resolv : res_nsend: Querying server (# 1) address = 192.168.1.1:53
08-16 16:53:12.370 678 4625 I resolv : get_timeout: using timeout of 5000 msec
08-16 16:53:12.370 678 4625 I resolv : retrying_poll: 62 retrying_poll
08-16 16:53:12.414 1160 1264 D CompatibilityInfo: mCompatibilityFlags - 4
08-16 16:53:12.414 1160 1264 D CompatibilityInfo: applicationDensity - 240
08-16 16:53:12.414 1160 1264 D CompatibilityInfo: applicationScale - 1.0
08-16 16:53:12.429 4148 4161 I PermissionControllerServiceImpl: Updating user sensitive for user 0
01-01 05:47:32.875 0 0 I init : starting service 'qvrd_vndr'...
01-01 05:47:32.878 0 0 I init : Created socket '/dev/socket/qvrservice_vndr', mode 660, user 1000, group 1000
01-01 05:47:32.881 0 0 I init : Created socket '/dev/socket/qvrservice_vndr_camera', mode 660, user 1000, group 1000
01-01 05:47:32.920 0 0 I init : starting service 'sxrd'...
08-16 16:53:12.540 4638 4638 F linker : CANNOT LINK EXECUTABLE "/vendor/bin/hw/qvrservice": library "vendor.qti.hardware.qxr-V1-ndk_platform.so" not found: needed by /vendor/lib64/libqvrservice.so in namespace (default)
01-01 05:47:32.970 0 0 I init : Service 'qvrd_vndr' (pid 4638) exited with status 1
01-01 05:47:32.970 0 0 I init : Sending signal 9 to service 'qvrd_vndr' (pid 4638) process group...
08-16 16:53:12.548 4639 4639 F linker : CANNOT LINK EXECUTABLE "/vendor/bin/hw/sxrservice": library "vendor.qti.hardware.qxr-V1-ndk_platform.so" not found: needed by main executable
08-16 16:53:12.691 1340 2529 D BufferPoolAccessor2.0: evictor expired: 1, evicted: 0
08-16 16:53:12.692 1160 2646 D BufferPoolAccessor2.0: evictor expired: 4, evicted: 0
08-16 16:53:12.692 1859 2642 D BufferPoolAccessor2.0: evictor expired: 3, evicted: 0
08-16 16:53:12.866 1160 2197 D CompatibilityInfo: mCompatibilityFlags - 4
08-16 16:53:12.866 1160 2197 D CompatibilityInfo: applicationDensity - 240
08-16 16:53:12.866 1160 2197 D CompatibilityInfo: applicationScale - 1.0
08-16 16:53:12.868 2215 2215 I QImsService: QtiImsExtService : QtiImsExtService created!
08-16 16:53:12.869 2215 2215 E QImsService: QtiImsExtService : QtiImsExtService, ImsService is not yet started retry.
08-16 16:53:12.869 2215 2215 E QImsService: QtiImsExtService : QtiImsExtService, ImsService is not yet started retry.
08-16 16:53:12.869 2215 2215 W QImsService: QtiImsExtService : onBind returned null
08-16 16:53:12.869 2350 2350 D QtiImsExtConnector: Attempt to bind QtiImsExt service returned with: true
08-16 16:53:12.871 2350 2350 D QtiImsExtConnector: onNullBinding componentName ComponentInfo{org.codeaurora.ims/org.codeaurora.ims.QtiImsExtService}
01-01 05:47:33.297 0 0 D : mv2112_read_status
01-01 05:47:33.297 0 0 D mv2112_update_link: 3.0x901(1G): 0x4
01-01 05:47:33.297 0 0 D mv2112_update_link: 3.0x8109(100M): 0x8
01-01 05:47:33.297 0 0 D mv2112_update_link: link 0x4
01-01 05:47:33.297 0 0 D mv2112_read_status: autoneg is disabled
08-16 16:53:13.081 805 805 D audio_hw_primary: out_set_parameters: enter: usecase(1: low-latency-playback) kvpairs: suspend_playback=false
08-16 16:53:13.081 805 805 D audio_hw_extn: audio_extn_fm_set_parameters: Enter
08-16 16:53:13.084 805 846 D audio_hw_primary: out_standby: enter: stream (0xecb80010) usecase(1: low-latency-playback)
01-01 05:47:33.530 0 0 I afe_close: port_id = 0x400e
01-01 05:47:33.538 0 0 I btfm_slim_disable_ch: port:16, grp: 0, ch->grph:0x0, ch->ch_hdl:0x1d
08-16 16:53:13.123 805 846 D audio_hw_primary: disable_audio_route: reset and update mixer path: low-latency-playback bt-a2dp
08-16 16:53:13.124 805 846 E soundtrigger: audio_extn_sound_trigger_update_stream_status: invalid input device 0x0, for event 2
08-16 16:53:13.124 805 846 D soundtrigger: audio_extn_sound_trigger_update_stream_status: uc_info->id 1 of type 0 for Event 2, with Raise=0
08-16 16:53:13.124 805 846 D msm8974_platform: platform_split_snd_device: snd_device(45) num devices(0) new_snd_devices(0)
08-16 16:53:13.124 805 846 I msm8974_platform: platform_get_custom_mtmx_params: no matching param with id 0 ip_ch 2 op_ch 2 uc_id 1 snd_dev 45
08-16 16:53:13.124 805 846 D hardware_info: hw_info_append_hw_type : device_name = bt-a2dp
08-16 16:53:13.125 805 846 D audio_hw_primary: disable_snd_device: snd_device(45: bt-a2dp)
08-16 16:53:13.125 805 846 D msm8974_platform: platform_split_snd_device: snd_device(45) num devices(0) new_snd_devices(0)
08-16 16:53:13.127 805 846 I btaudio_offload_qti: audio_stream_stop_qti
08-16 16:53:13.127 805 846 W btaudio_offload_qti: handle_hidl_request: suspending audio stream
08-16 16:53:13.128 1839 2257 D bt_btif : btif_dispatch_sm_event: event: 50, len: 4
08-16 16:53:13.128 1839 2257 D bt_btif : btif_dispatch_sm_event: event 50 sent
08-16 16:53:13.129 1839 2045 I bt_btif_vendor: btif_ba_is_active: 0
08-16 16:53:13.129 1839 2045 D bt_btif : btif_dispatch_sm_event: event: 34, len: 0
08-16 16:53:13.129 1839 2045 D bt_btif : btif_dispatch_sm_event: event 34 sent
08-16 16:53:13.129 1839 2045 I bt_stack: [INFO:a2dp_encoding.cc(2688)] ack_stream_suspended: result=PENDING
08-16 16:53:13.129 805 846 W btaudio_offload_qti: wait_for_stack_response: conditional wait: ack_recvd = 0
08-16 16:53:13.130 805 805 I BTAudioProviderStub: streamSuspended - SessionType=A2DP_HARDWARE_OFFLOAD_DATAPATH, status=SINK_NOT_READY
08-16 16:53:13.131 805 805 I BTAudioProviderSession: ReportControlStatus - status=SINK_NOT_READY for SessionType=A2DP_HARDWARE_OFFLOAD_DATAPATH, bluetooth_audio=0x0200 suspended
08-16 16:53:13.131 805 805 I btaudio_offload_qti: stack_resp_cb: status = 3
08-16 16:53:13.131 805 846 I btaudio_offload_qti: wait_for_stack_response:ret = 0(Success)
08-16 16:53:13.131 805 846 W btaudio_offload_qti: wait_for_stack_response: conditional wait done : ack_recvd = 1
08-16 16:53:13.131 805 846 I btaudio_offload_qti: handle_hidl_request: ack status = A2DP_CTRL_ACK_PENDING
08-16 16:53:13.131 805 846 W btaudio_offload_qti: wait_for_stack_response: conditional wait: ack_recvd = 0
08-16 16:53:13.133 1839 2045 D bt_btif : btif_av_state_started_handler: event: UNKNOWN_EVENT flags: 0 index = 0, reconfig_event: 0, codec_cfg_change: 0
08-16 16:53:13.133 1839 2045 W bt_btif : btif_av_state_started_handler: unhandled event=UNKNOWN_EVENT
08-16 16:53:13.133 1839 2045 E bt_btif : Latest playing device index is 0
08-16 16:53:13.133 1839 2045 D bt_btif : btif_av_state_started_handler: event: BTIF_AV_SUSPEND_STREAM_REQ_EVT flags: 0 index = 0, reconfig_event: 0, codec_cfg_change: 0
08-16 16:53:13.134 1839 2045 W bt_btif : btif_av_state_started_handler: Stop the AV Data channel
08-16 16:53:13.134 1839 2556 D bt_btif : bta_av_ssm_execute(): AV Sevent(0x41)=0x120c(AP_STOP) state=3(OPEN)
08-16 16:53:13.134 1839 2556 E bt_btif : bta_av_str_stopped: audio_open_cnt=1, p_data 0xb400007089d603b8
08-16 16:53:13.134 1839 2556 W bt_btif : bta_dm_rm_cback:2, status:6
08-16 16:53:13.137 818 818 D vendor.qti.bluetooth@1.0-ibs_handler: SerialClockVote: vote for UART CLK ON
08-16 16:53:13.142 818 818 D vendor.qti.bluetooth@1.0-wake_lock: Acquire wakelock is acquired
08-16 16:53:13.143 818 818 I vendor.qti.bluetooth@1.0-ibs_handler: DeviceWakeUp: Writing IBS_WAKE_IND
08-16 16:53:13.143 818 2542 I vendor.qti.bluetooth@1.0-ibs_handler: ProcessIbsCmd: Received IBS_WAKE_ACK: 0xFC
08-16 16:53:13.143 818 2542 I vendor.qti.bluetooth@1.0-ibs_handler: ProcessIbsCmd: Signal wack_cond_
08-16 16:53:13.144 818 818 D vendor.qti.bluetooth@1.0-ibs_handler: DeviceWakeUp: Unblocked from waiting for FC, pthread_cond_timedwait ret = 0
08-16 16:53:13.145 818 2542 I vendor.qti.bluetooth@1.0-ibs_handler: ProcessIbsCmd: Received IBS_WAKE_IND: 0xFD
08-16 16:53:13.145 818 2542 I vendor.qti.bluetooth@1.0-ibs_handler: ProcessIbsCmd: Writing IBS_WAKE_ACK
08-16 16:53:13.164 1839 2045 E bt_btif : btif_media_send_reset_vendor_state:
08-16 16:53:13.164 1839 2045 D bt_btif : btif_av_state_started_handler: event: BTA_AV_OFFLOAD_STOP_RSP_EVT flags: 1 index = 0, reconfig_event: 0, codec_cfg_change: 0
08-16 16:53:13.165 1839 2726 D bt_btif_a2dp_source: btif_a2dp_source_command_ready: event: 7 BTIF_MEDIA_RESET_VS_STATE
08-16 16:53:13.165 1839 2045 W bt_btif : btif_av_state_started_handler: unhandled event=BTA_AV_OFFLOAD_STOP_RSP_EVT
08-16 16:53:13.233 1839 2556 E bt_avp : avdt_ad_tc_data_ind: type: x0, tcid: 0, ccb_idx: 0
08-16 16:53:13.236 1839 2556 D bt_btif : bta_av_ssm_execute(): AV Sevent(0x41)=0x1223(STR_SUSPEND_CFM) state=3(OPEN)
08-16 16:53:13.236 1839 2556 W bt_btif : bta_dm_rm_cback:2, status:6
08-16 16:53:13.239 1839 2045 D bt_btif : btif_av_state_started_handler: event: BTA_AV_SUSPEND_EVT flags: 1 index = 0, reconfig_event: 0, codec_cfg_change: 0
08-16 16:53:13.240 1839 2045 I btif_av : isBATEnabled: 0
08-16 16:53:13.241 1839 2045 E bt_btif : bta_av_co_get_active_peer: active peer index: 0
08-16 16:53:13.241 1839 2045 E bt_btif : bta_av_co_get_active_peer: active peer index: 0
08-16 16:53:13.241 1839 2045 I bt_stack: [INFO:a2dp_encoding.cc(2688)] ack_stream_suspended: result=SUCCESS_FINISHED
08-16 16:53:13.242 805 805 I BTAudioProviderStub: streamSuspended - SessionType=A2DP_HARDWARE_OFFLOAD_DATAPATH, status=SUCCESS
08-16 16:53:13.243 805 805 I BTAudioProviderSession: ReportControlStatus - status=SUCCESS for SessionType=A2DP_HARDWARE_OFFLOAD_DATAPATH, bluetooth_audio=0x0200 suspended
08-16 16:53:13.243 805 805 I btaudio_offload_qti: stack_resp_cb: status = 0
08-16 16:53:13.244 805 846 I btaudio_offload_qti: wait_for_stack_response:ret = 0(Success)
08-16 16:53:13.244 805 846 W btaudio_offload_qti: wait_for_stack_response: conditional wait done : ack_recvd = 1
08-16 16:53:13.244 805 846 D btaudio_offload_qti: audio_stream_stop_qti: success
08-16 16:53:13.244 1839 2045 W bt_stack: [WARNING:a2dp_encoding.cc(189)] ResetPendingCmd 5
08-16 16:53:13.244 1839 2045 I BluetoothA2dpServiceJni: bta2dp_audio_state_callback
08-16 16:53:13.246 805 846 D a2dp_offload: a2dp_set_bit_format: set AFE input bit format = 16
08-16 16:53:13.246 1839 2045 D A2dpNativeInterface: onAudioStateChanged: A2dpStackEvent {type:EVENT_TYPE_AUDIO_STATE_CHANGED, device:00:58:76:20:46:3D, value1:STOPPED}
08-16 16:53:13.246 1839 2045 D A2dpService: messageFromNative: Going to acquire mVariableLock.
08-16 16:53:13.246 1839 2045 D A2dpService: messageFromNative: Acquired mVariableLock
08-16 16:53:13.246 1839 2045 D A2dpService: messageFromNative: Released mVariableLock
08-16 16:53:13.247 1839 2045 D A2dpService: messageFromNative: Sending STACK_EVENT: A2dpStackEvent {type:EVENT_TYPE_AUDIO_STATE_CHANGED, device:00:58:76:20:46:3D, value1:STOPPED} to sm.
08-16 16:53:13.247 1839 2045 D bt_btif : btif_av_state_started_handler: event: BTIF_SM_EXIT_EVT flags: 1 index = 0, reconfig_event: 0, codec_cfg_change: 0
08-16 16:53:13.247 1839 2725 D A2dpStateMachine: handleMessage: E msg.what=101
08-16 16:53:13.248 1839 2725 D A2dpStateMachine: processMsg: Connected
08-16 16:53:13.248 1839 2045 D bt_btif : btif_av_state_opened_handler: event: BTIF_SM_ENTER_EVT, flags: 1, peer_sep: 1, index: 0 reconfig_event: 0, codec_cfg_change: 0, reconfig_pending: 0, reconfig_a2dp: 0, is_retry_reconfig: 0
08-16 16:53:13.248 1839 2725 D A2dpStateMachine: Connected process message(00:58:76:20:46:3D): STACK_EVENT
08-16 16:53:13.248 1839 2725 D A2dpStateMachine: Connected: stack event: A2dpStackEvent {type:EVENT_TYPE_AUDIO_STATE_CHANGED, device:00:58:76:20:46:3D, value1:STOPPED}
08-16 16:53:13.248 805 846 D a2dp_offload: a2dp_reset_backend_cfg: reset source backend sample rate =KHZ_8
08-16 16:53:13.249 1839 2725 I A2dpStateMachine: Connected: processAudioStateEvent: state: 1mIsPlaying: true
08-16 16:53:13.249 1839 2725 I A2dpStateMachine: Connected: stopped playing: 00:58:76:20:46:3D
08-16 16:53:13.249 1839 2725 D A2dpService: Enable BLE scanning
08-16 16:53:13.249 1839 2709 V Avrcp_ext: AvrcpMessageHandler: received message=18
08-16 16:53:13.249 1839 2709 V Avrcp_ext: MSG_SET_A2DP_AUDIO_STATE:11
08-16 16:53:13.250 1839 2709 V Avrcp_ext: event for device address 00:58:76:20:46:3D
08-16 16:53:13.250 805 846 D a2dp_offload: a2dp_reset_backend_cfg: reset afe source channels =Zero
08-16 16:53:13.250 1839 2709 I Avrcp_ext: device found at index 0
08-16 16:53:13.250 1839 2709 D BATService: getBATService(): service is NULL
08-16 16:53:13.250 1839 2725 D BtGatt.ScanManager: setAptXLowLatencyMode: mIsAptXLowLatencyModeEnabled: falseenabled: false
08-16 16:53:13.250 805 846 D a2dp_offload: Stop A2DP playback, total active sessions :0
08-16 16:53:13.250 805 846 I soundtrigger: audio_extn_sound_trigger_update_device_status: device 0x2d of type 0 for Event 0, with Raise=0
08-16 16:53:13.251 805 846 D audio_hw_primary: out_standby: exit
08-16 16:53:13.251 1839 2725 D A2dpStateMachine: A2DP Playing state : device: 00:58:76:20:46:3D State:PLAYING->NOT_PLAYING
08-16 16:53:13.251 1839 2217 I BtGatt.ScanManager: msg.what = 5
08-16 16:53:13.254 1839 2709 V Avrcp_ext: updateCurrentMediaState: mMediaController: null
08-16 16:53:13.254 1839 2709 W Avrcp_ext: isMusicActive: false getBluetoothPlayState: 2 A2dp State: 11 mAudioPlaybackIsActive: false
08-16 16:53:13.254 1839 2709 W Avrcp_ext: updateCurrentMediaState: isPlaying = false
08-16 16:53:13.254 1839 2709 I Avrcp_ext: device found at index 0
08-16 16:53:13.255 1839 2725 D A2dpStateMachine: handleMessage: X
08-16 16:53:13.255 1839 2709 V Avrcp_ext: Media update: id -1âž¡-1? [MediaAttributes: none] : [MediaAttributes: none]
08-16 16:53:13.255 1839 2709 D Avrcp_ext: isPackageNameValid: browsedPackage = isValid = false
08-16 16:53:13.256 1839 1839 D HeadsetService: Received BluetoothA2dp Play State changed
08-16 16:53:13.256 1839 1839 D HeadsetA2dpSync: updateA2DPPlayingState device: 00:58:76:20:46:3D transition 10->11
08-16 16:53:13.257 1839 1839 D HeadsetA2dpSync: isA2dpPlaying returns = 2
08-16 16:53:13.257 1839 1839 D HeadsetService: sendA2dpStateChange newState = 2
08-16 16:53:13.257 1839 1839 E HeadsetStateMachine: returning mCurrentState as Connected
08-16 16:53:13.257 2149 2149 I aptxalsBTEventHandler: action: android.bluetooth.a2dp.profile.action.PLAYING_STATE_CHANGED
08-16 16:53:13.257 2149 2149 I aptxalsBTEventHandler: received action: android.bluetooth.a2dp.profile.action.PLAYING_STATE_CHANGED for device: 00:58:76:20:46:3D state: STATE_NOT_PLAYING
08-16 16:53:13.257 1839 1839 D HeadsetA2dpSync: device: 00:58:76:20:46:3D state = 2
08-16 16:53:13.257 1839 2599 D HeadsetStateMachine: handleMessage: E msg.what=24
08-16 16:53:13.257 1839 2599 D HeadsetStateMachine: processMsg: Connected
08-16 16:53:13.257 1839 2599 D HeadsetStateMachine: Connected: currentDevice=00:58:76:20:46:3D, msg=A2DP_STATE_CHANGED event
08-16 16:53:13.257 1839 2599 D HeadsetStateMachine: Enter processIntentA2dpPlayStateChanged(): a2dp state 2
08-16 16:53:13.257 1839 2599 D HeadsetStateMachine: A2DP suspended when there is no CS/VOIP calls or VR, resuming A2DP
08-16 16:53:13.257 1839 2599 D HeadsetA2dpSync: releaseA2DP mA2dpSuspendTriggered 0 by device 00:58:76:20:46:3D
08-16 16:53:13.258 1839 2599 D HeadsetStateMachine: Exit processIntentA2dpPlayStateChanged()
08-16 16:53:13.258 1839 2599 D HeadsetStateMachine: handleMessage: X
08-16 16:53:13.258 1839 1839 D BtOppService: action : android.bluetooth.a2dp.profile.action.PLAYING_STATE_CHANGED
08-16 16:53:13.258 1839 1839 D BtOppUtils: device: 00:58:76:20:46:3D newState: 11
08-16 16:53:13.258 1839 1839 D BtOppUtils: isA2DPPlaying :false
08-16 16:53:13.258 1839 2709 V Avrcp_ext: Exit handleMessage
08-16 16:53:13.322 818 2542 I vendor.qti.bluetooth@1.0-ibs_handler: ProcessIbsCmd: Received IBS_SLEEP_IND: 0xFE
08-16 16:53:13.383 1160 1194 D CompatibilityInfo: mCompatibilityFlags - 4
08-16 16:53:13.384 1160 1194 D CompatibilityInfo: applicationDensity - 240
08-16 16:53:13.384 1160 1194 D CompatibilityInfo: applicationScale - 1.0
08-16 16:53:13.387 2215 2215 I QImsService: QtiImsExtService : QtiImsExtService created!
08-16 16:53:13.387 2215 2215 E QImsService: QtiImsExtService : QtiImsExtService, ImsService is not yet started retry.
08-16 16:53:13.388 2215 2215 E QImsService: QtiImsExtService : QtiImsExtService, ImsService is not yet started retry.
08-16 16:53:13.388 2215 2215 W QImsService: QtiImsExtService : onBind returned null
08-16 16:53:13.391 2350 2350 D QtiImsExtConnector: Attempt to bind QtiImsExt service returned with: true
08-16 16:53:13.391 2350 2350 D QtiImsExtConnector: onNullBinding componentName ComponentInfo{org.codeaurora.ims/org.codeaurora.ims.QtiImsExtService}
