08-16 16:52:19.093 1160 1362 I SystemServerTimingAsync: ssm.onUnlockedUser-0_com.android.server.slice.SliceManagerService$Lifecycle
08-16 16:52:19.093 1160 1362 D SystemServerTimingAsync: ssm.onUnlockedUser-0_com.android.server.slice.SliceManagerService$Lifecycle took to complete: 0ms
08-16 16:52:19.093 1160 1362 I SystemServerTimingAsync: ssm.onUnlockedUser-0_com.android.server.stats.StatsCompanion$Lifecycle
08-16 16:52:19.093 1160 1362 D SystemServerTimingAsync: ssm.onUnlockedUser-0_com.android.server.stats.StatsCompanion$Lifecycle took to complete: 0ms
08-16 16:52:19.094 1160 1362 I SystemServerTimingAsync: ssm.onUnlockedUser-0_com.android.server.scheduling.RebootReadinessManagerService$Lifecycle
08-16 16:52:19.094 1160 1362 D SystemServerTimingAsync: ssm.onUnlockedUser-0_com.android.server.scheduling.RebootReadinessManagerService$Lifecycle took to complete: 0ms
08-16 16:52:19.094 1160 1362 I SystemServerTimingAsync: ssm.onUnlockedUser-0_com.android.server.stats.pull.StatsPullAtomService
08-16 16:52:19.094 1160 1362 D SystemServerTimingAsync: ssm.onUnlockedUser-0_com.android.server.stats.pull.StatsPullAtomService took to complete: 0ms
08-16 16:52:19.094 1160 1362 I SystemServerTimingAsync: ssm.onUnlockedUser-0_com.android.server.incident.IncidentCompanionService
08-16 16:52:19.094 1160 1362 D SystemServerTimingAsync: ssm.onUnlockedUser-0_com.android.server.incident.IncidentCompanionService took to complete: 0ms
08-16 16:52:19.094 1160 1362 I SystemServerTimingAsync: ssm.onUnlockedUser-0_com.android.server.MmsServiceBroker
08-16 16:52:19.094 1160 1362 D SystemServerTimingAsync: ssm.onUnlockedUser-0_com.android.server.MmsServiceBroker took to complete: 0ms
08-16 16:52:19.094 1160 1362 I SystemServerTimingAsync: ssm.onUnlockedUser-0_com.android.server.autofill.AutofillManagerService
08-16 16:52:19.094 1160 1362 D SystemServerTimingAsync: ssm.onUnlockedUser-0_com.android.server.autofill.AutofillManagerService took to complete: 0ms
08-16 16:52:19.094 1160 1362 I SystemServerTimingAsync: ssm.onUnlockedUser-0_com.android.server.clipboard.ClipboardService
08-16 16:52:19.094 1160 1362 D SystemServerTimingAsync: ssm.onUnlockedUser-0_com.android.server.clipboard.ClipboardService took to complete: 0ms
08-16 16:52:19.094 1160 1362 I SystemServerTimingAsync: ssm.onUnlockedUser-0_com.android.server.appbinding.AppBindingService$Lifecycle
08-16 16:52:19.095 1160 1362 D SystemServerTimingAsync: ssm.onUnlockedUser-0_com.android.server.appbinding.AppBindingService$Lifecycle took to complete: 0ms
08-16 16:52:19.095 1160 1362 I SystemServerTimingAsync: ssm.onUnlockedUser-0_com.android.server.tracing.TracingServiceProxy
08-16 16:52:19.095 1160 1362 D SystemServerTimingAsync: ssm.onUnlockedUser-0_com.android.server.tracing.TracingServiceProxy took to complete: 0ms
08-16 16:52:19.095 1160 1362 I SystemServerTimingAsync: ssm.onUnlockedUser-0_com.android.server.policy.PermissionPolicyService
08-16 16:52:19.095 1160 1362 D SystemServerTimingAsync: ssm.onUnlockedUser-0_com.android.server.policy.PermissionPolicyService took to complete: 0ms
08-16 16:52:19.095 1160 1362 I SystemServerTimingAsync: ssm.onUnlockedUser-0_com.android.server.pm.StagingManager$Lifecycle
08-16 16:52:19.095 1160 1362 D SystemServerTimingAsync: ssm.onUnlockedUser-0_com.android.server.pm.StagingManager$Lifecycle took to complete: 0ms
08-16 16:52:19.095 1160 1362 I SystemServerTimingAsync: ssm.onUnlockedUser-0_com.android.server.app.GameManagerService$Lifecycle
08-16 16:52:19.095 1160 1362 D SystemServerTimingAsync: ssm.onUnlockedUser-0_com.android.server.app.GameManagerService$Lifecycle took to complete: 0ms
01-01 05:46:39.709 0 0 I binder : 2886:2886 ioctl 40046210 7fdf50bae4 returned -22
08-16 16:52:19.168 1160 1267 D CompatibilityChangeReporter: Compat change id reported: 168419799; UID 10118; state: DISABLED
08-16 16:52:19.169 1160 1365 W ActivityManager: Slow operation: 268ms so far, now at startProcess: returned from zygote!
08-16 16:52:19.173 1160 1160 W Looper : Slow dispatch took 108ms main h=android.app.ActivityThread$H c=android.app.LoadedApk$ReceiverDispatcher$Args$$ExternalSyntheticLambda0@88b05f3 m=0
08-16 16:52:19.196 1160 1193 I ActivityTaskManager: The Process com.android.launcher3 Already Exists in BG. So sending its PID: 2438
08-16 16:52:19.237 947 947 D android.hardware.wifi@1.0-service: Successfully SetMacAddress.
08-16 16:52:19.299 1160 2197 D CompatibilityChangeReporter: Compat change id reported: 168419799; UID 10125; state: DISABLED
08-16 16:52:19.300 1160 2197 W ActivityManager: Slow operation: 64ms so far, now at attachApplicationLocked: immediately before bindApplication
08-16 16:52:19.315 1160 2197 W ActivityManager: Slow operation: 79ms so far, now at attachApplicationLocked: immediately after bindApplication
08-16 16:52:19.315 1160 2197 W ActivityManager: Slow operation: 79ms so far, now at attachApplicationLocked: after updateLruProcessLocked
08-16 16:52:19.316 1160 2197 W ActivityManager: Slow operation: 80ms so far, now at attachApplicationLocked: after mServices.attachApplicationLocked
08-16 16:52:19.330 1160 2839 V BackupManagerConstants: getKeyValueBackupIntervalMilliseconds(...) returns 14400000
08-16 16:52:19.330 1160 2839 V BackupManagerConstants: getKeyValueBackupFuzzMilliseconds(...) returns 600000
08-16 16:52:19.331 1160 2839 V BackupManagerConstants: getKeyValueBackupRequiredNetworkType(...) returns 1
08-16 16:52:19.331 1160 2839 V BackupManagerConstants: getKeyValueBackupRequireCharging(...) returns true
08-16 16:52:19.331 1160 2839 V KeyValueBackupJob: Scheduling k/v pass in 240 minutes
08-16 16:52:19.337 1283 1283 W wificond: Scan is not started. Ignore abort request
01-01 05:46:39.779 0 0 E [wifi@1][0x566996a3][16:52:19.353598] wlan: [2338:E:wifipos] wifi_pos_process_app_reg_req: 608: Received App Req Req pid(-738196557), len(16)
08-16 16:52:19.414 1160 2197 W ActivityManager: Slow operation: 177ms so far, now at attachApplicationLocked: after sendPendingBroadcastsLocked
01-01 05:46:39.806 0 0 I [wifi@1][0x567146f1][16:52:19.379842] wlan: [2338:I:wifipos] wifi_pos_get_ch_info: 461: num channels: 26
01-01 05:46:39.807 0 0 I [wifi@1][0x5671dfd4][16:52:19.381881] wlan: [2338:I:wifipos] wifi_pos_get_ch_info: 461: num channels: 26
01-01 05:46:39.833 0 0 E set_cps_config: get_wsa_dev_num is NULL
01-01 05:46:39.887 0 0 I __afe_port_start: port id: 0xb000
01-01 05:46:39.888 0 0 I afe_find_cal_topo_id_by_port: port id: 0xb000, dev_acdb_id: 15
01-01 05:46:39.888 0 0 I afe_find_cal_topo_id_by_port: top_id:112fc acdb_id:15 afe_port_id:0xb000
01-01 05:46:39.888 0 0 I afe_get_cal_topology_id: port_id = 0xb000 acdb_id = 15 topology_id = 0x112fc cal_type_index=8 ret=0
01-01 05:46:39.891 0 0 I afe_send_port_topology_id: AFE set topology id 0x112fc enable for port 0xb000 ret 0
01-01 05:46:39.891 0 0 I send_afe_cal_type: cal_index is 0
01-01 05:46:39.891 0 0 I send_afe_cal_type: dev_acdb_id[162] is 15
01-01 05:46:39.891 0 0 I afe_find_cal: cal_index 0 port_id 0xb000 port_index 162
01-01 05:46:39.891 0 0 I afe_find_cal: acdb_id 15 dev_acdb_id 15 sample_rate 48000 afe_sample_rates 48000
01-01 05:46:39.891 0 0 I afe_find_cal: cal block is a match, size is 0
01-01 05:46:39.891 0 0 I send_afe_cal_type: Sending cal_index cal 0
01-01 05:46:39.891 0 0 E send_afe_cal_type: No cal sent for cal_index 0, port_id = 0xb000! ret -22
01-01 05:46:39.905 0 0 I afe_send_hw_delay: port_id 0xb000 rate 48000 delay_usec 474 status 0
08-16 16:52:19.506 1160 1264 W Looper : Slow dispatch took 403ms android.fg h=android.os.Handler c=com.android.server.servicewatcher.ServiceWatcherImpl$$ExternalSyntheticLambda1@438331f m=0
01-01 05:46:39.958 0 0 I [wpa_su][0x569e2bdd][16:52:19.533083] wlan: [2385:I:SME] vdev-0: Connecting to TP-LINK_5G_9319 b6:2a:7d:83:93:1c rssi: -31 freq: 5180 akm 9 cipher: uc 6 mc 6, CC:
01-01 05:46:39.959 0 0 E [wpa_su][0x569e4895][16:52:19.533466] wlan: [2385:E:QDF] qdf_mem_malloc_debug: 1206: Cannot malloc 0 bytes @ csr_get_cfg_max_tx_power:14199
01-01 05:46:39.984 0 0 D : mv2112_read_status
01-01 05:46:39.984 0 0 D mv2112_update_link: 3.0x901(1G): 0x4
01-01 05:46:39.984 0 0 D mv2112_update_link: 3.0x8109(100M): 0x8
01-01 05:46:39.984 0 0 D mv2112_update_link: link 0x4
01-01 05:46:39.984 0 0 D mv2112_read_status: autoneg is disabled
08-16 16:52:19.518 1160 1264 W Looper : Slow delivery took 403ms android.fg h=android.os.Handler c=com.android.server.servicewatcher.ServiceWatcherImpl$$ExternalSyntheticLambda1@6c46f96 m=0
08-16 16:52:19.519 1160 1365 W ActivityManager: Slow operation: 619ms so far, now at startProcess: done updating battery stats
08-16 16:52:19.519 1160 1264 W Looper : Drained
08-16 16:52:19.520 1160 1365 W ActivityManager: Slow operation: 619ms so far, now at startProcess: building log message
08-16 16:52:19.520 1160 1365 I ActivityManager: Start proc 2886:com.android.nfc/1027 for added application com.android.nfc
08-16 16:52:19.520 1160 1365 W ActivityManager: Slow operation: 620ms so far, now at startProcess: starting to update pids map
08-16 16:52:19.521 1160 1365 W ActivityManager: Slow operation: 621ms so far, now at startProcess: done updating pids map
08-16 16:52:19.521 1160 1365 W ActivityManager: Slow operation: 615ms so far, now at startProcess: asking zygote to start proc
08-16 16:52:19.525 1160 1365 D CompatibilityChangeReporter: Compat change id reported: 143937733; UID 10065; state: ENABLED
01-01 05:46:40.002 0 0 I [schedu][0x56ab137a][16:52:19.577129] wlan: [1943:I:WMI] send_vdev_start_cmd_tlv: 1062: send_vdev_start_cmd_tlv: vdev_id 0 freq 5180 chanmode 18 ch_info: 0x12 is_dfs 0 beacon interval 100 dtim 0 center_chan 5210 center_freq2 0 reg_info_1: 0x170000 reg_info_2: 0x1700, req->max_txpow: 0x17 Tx SS 1, Rx SS 1, ldpc_rx: 0, cac 0, regd 4, HE ops: 0req->dis_hw_ack: 0
08-16 16:52:19.532 1160 1841 D CompatibilityChangeReporter: Compat change id reported: 168419799; UID 1027; state: DISABLED
01-01 05:46:40.014 0 0 I [soft_i][0x56ae6dec][16:52:19.588575] wlan: [0:I:TXRX] HTT_T2H_MSG_TYPE_PEER_MAP msg for peer id 8 vdev id 0 n
01-01 05:46:40.014 0 0 E [soft_i][0x56ae6f83][16:52:19.588596] wlan: [0:E:DP] dp_peer_find_add_id: peer ffffffdf879f0000 ID 8 vid 0 mac b6:2a:7d:83:93:1c
01-01 05:46:40.027 0 0 I [soft_i][0x56b246dd][16:52:19.601708] wlan: [0:I:DP] dp_peer_find_add_id: ref_cnt: 2
01-01 05:46:40.027 0 0 E [soft_i][0x56b247bb][16:52:19.601719] wlan: [0:E:DP] dp_peer_map_ast: peer ffffffdf879f0000 ID 85 vid 0 mac b6:2a:7d:83:93:1c
08-16 16:52:19.632 1160 1351 I UsageStatsService: User[0] Rollover scheduled @ 2022-08-17 16:52:17(1660755137736)
08-16 16:52:19.651 1160 1365 W ActivityManager: Slow operation: 745ms so far, now at startProcess: returned from zygote!
01-01 05:46:40.153 0 0 I binder : 2916:2916 ioctl 40046210 7fdf50bae4 returned -22
01-01 05:46:40.172 0 0 I [schedu][0x56dcd6a1][16:52:19.746985] wlan: [1943:I:PE] Auth TX: seq 1 seq num 2049 status 0 WEP 0 to b6:2a:7d:83:93:1c
08-16 16:52:19.754 1283 1283 I wificond: Regulatory domain changed to country: CN on wiphy_index: 0
01-01 05:46:40.175 0 0 I [schedu][0x56dd8a90][16:52:19.749384] wlan: [1943:I:PE] Auth TX: success
01-01 05:46:40.178 0 0 I [schedu][0x56de7218][16:52:19.752471] wlan: [1943:I:PE] Auth RX: vdev 0 sys role 3 lim_state 5 from b6:2a:7d:83:93:1c rssi -30 auth_alg 0 seq 931
01-01 05:46:40.178 0 0 I [schedu][0x56de935f][16:52:19.752914] wlan: [1943:I:PE] Assoc req TX: vdev 0 to b6:2a:7d:83:93:1c seq num 2050
01-01 05:46:40.187 0 0 I [schedu][0x56e116bc][16:52:19.761493] wlan: [1943:I:PE] Assoc req TX: success
08-16 16:52:19.761 1283 1283 I wificond: 2.4Ghz frequencies: 2412 2417 2422 2427 2432 2437 2442 2447 2452 2457 2462 2467 2472
08-16 16:52:19.761 1283 1283 I wificond: 5Ghz non-DFS frequencies: 5180 5200 5220 5240 5745 5765 5785 5805 5825
08-16 16:52:19.761 1283 1283 I wificond: 5Ghz DFS frequencies: 5260 5280 5300 5320
08-16 16:52:19.761 1283 1283 I wificond: 6Ghz frequencies:
08-16 16:52:19.761 1283 1283 I wificond: 60Ghz frequencies:
01-01 05:46:40.190 0 0 I [schedu][0x56e1ff3d][16:52:19.764593] wlan: [1943:I:PE] Assoc rsp RX: subtype 0 vdev 0 sys role 3 lim state 10 rssi -29 from b6:2a:7d:83:93:1c
01-01 05:46:40.216 0 0 I [soft_i][0x56e9a87d][16:52:19.790744] wlan: [0:I:DP] dp_addba_requestprocess_wifi3 restore BA win 64 based on addba req
01-01 05:46:40.223 0 0 E [schedu][0x56ebc8cc][16:52:19.798002] wlan: [1943:E:PE] lim_process_addba_req: 1716: Failed to process addba request
01-01 05:46:40.257 0 0 E [schedu][0x56f5bd9c][16:52:19.831985] wlan: [1943:E:QDF] qdf_mem_malloc_debug: 1206: Cannot malloc 0 bytes @ csr_get_cfg_max_tx_power:14199
01-01 05:46:40.273 0 0 E [schedu][0x56fa47e9][16:52:19.847483] wlan: [1943:E:QDF] qdf_mem_malloc_debug: 1206: Cannot malloc 0 bytes @ csr_get_cfg_max_tx_power:14199
01-01 05:46:40.295 0 0 E [soft_i][0x5700f594][16:52:19.870277] wlan: [0:E:DP] dp_tx_initialize_threshold: tx flow control threshold is set, pool size is 4096
01-01 05:46:40.312 0 0 I [schedu][0x5705e4ce][16:52:19.887120] wlan: [1943:I:HDD] wlan0(vdevid-0): 02:fd:91:f2:ce:32 connected to b6:2a:7d:83:93:1c
01-01 05:46:40.342 0 0 I [dp_rx_][0x570eb8eb][16:52:19.917255] wlan: [2100:I:QDF] EAPOL-1 RX: SA:b6:2a:7d:83:93:1c DA:02:fd:91:f2:ce:32
08-16 16:52:19.967 1160 1351 I UsageStatsService: Time changed in by 1660647939 seconds
08-16 16:52:19.979 1160 1160 W Looper : Slow dispatch took 431ms main h=android.app.ActivityThread$H c=null m=116
08-16 16:52:19.979 1160 1160 W Looper : Slow delivery took 464ms main h=com.android.server.job.controllers.QuotaController$QcHandler c=null m=3
08-16 16:52:19.979 1160 1264 W Looper : Slow dispatch took 389ms android.fg h=com.android.server.DropBoxManagerService$DropBoxManagerBroadcastHandler c=null m=2
08-16 16:52:19.981 1160 1160 V NotificationAssistants: 0 notification assistant service connected: ComponentInfo{android.ext.services/android.ext.services.notification.Assistant}
08-16 16:52:19.982 1160 1362 D CompatibilityChangeReporter: Compat change id reported: 135634846; UID 10043; state: DISABLED
08-16 16:52:19.982 1160 1266 I DropBoxManagerService: add tag=system_app_strictmode isTagEnabled=true flags=0x2
08-16 16:52:19.983 1160 1362 D CompatibilityChangeReporter: Compat change id reported: 177438394; UID 10043; state: DISABLED
08-16 16:52:19.983 1160 1362 D CompatibilityChangeReporter: Compat change id reported: 135772972; UID 10043; state: DISABLED
08-16 16:52:19.983 1160 1160 W Looper : Drained
08-16 16:52:19.983 1160 1362 D CompatibilityChangeReporter: Compat change id reported: 135754954; UID 10043; state: DISABLED
08-16 16:52:19.984 1160 1365 W ActivityManager: Slow operation: 1077ms so far, now at startProcess: done updating battery stats
08-16 16:52:19.984 1160 1365 W ActivityManager: Slow operation: 1077ms so far, now at startProcess: building log message
08-16 16:52:19.984 1160 1365 I ActivityManager: Start proc 2916:.pasr/u0a65 for added application .pasr
08-16 16:52:19.984 1160 1365 W ActivityManager: Slow operation: 1078ms so far, now at startProcess: starting to update pids map
08-16 16:52:19.984 1160 1365 W ActivityManager: Slow operation: 1078ms so far, now at startProcess: done updating pids map
08-16 16:52:19.985 1160 1365 W ActivityManager: Slow operation: 1076ms so far, now at startProcess: asking zygote to start proc
08-16 16:52:19.985 1160 1365 D CompatibilityChangeReporter: Compat change id reported: 143937733; UID 10123; state: DISABLED
01-01 05:46:40.414 0 0 I [soft_i][0x5723bc28][16:52:19.988979] wlan: [0:I:QDF] EAPOL-2 TX: SA:02:fd:91:f2:ce:32 DA:b6:2a:7d:83:93:1c msdu_id:0 status: succ
08-16 16:52:19.992 1160 1194 I Telecom : PhoneAccountRegistrar: Modify account: [ComponentInfo{com.android.phone/com.android.services.telephony.TelephonyConnectionService}, ***, UserHandle{0}]: TSI.rPA@ABE
08-16 16:52:19.996 1160 1782 I BackupManagerService: isBackupEnabled() => false due to absent settings file
08-16 16:52:19.996 1160 1782 D BackupManagerService: user:0 readBackupEnableState enabled:false
08-16 16:52:19.996 1160 1782 I BackupManagerService: [UserID:0] Backup enabled => false
08-16 16:52:19.997 1160 1194 I Telecom : CallsManager: handlePhoneAccountChanged: phoneAccount=[[X] PhoneAccount: ComponentInfo{com.android.phone/com.android.services.telephony.TelephonyConnectionService}, ***, UserHandle{0} Capabilities: CallProvider EmergOnly MultiUser PlaceEmerg SimSub Audio Routes: BESW Schemes: tel voicemail Extras: Bundle[{android.telecom.extra.SUPPORTS_VIDEO_CALLING_FALLBACK=true}] GroupId: ***]: TSI.rPA@ABE
08-16 16:52:19.999 1160 1351 I UsageStatsService: User[0] Flushing usage stats to disk
08-16 16:52:20.037 1160 1266 I DropBoxManagerService: add tag=system_app_strictmode isTagEnabled=true flags=0x2
08-16 16:52:20.044 1160 1266 I DropBoxManagerService: add tag=system_app_strictmode isTagEnabled=true flags=0x2
08-16 16:52:20.047 1160 1266 I DropBoxManagerService: add tag=system_app_strictmode isTagEnabled=true flags=0x2
08-16 16:52:20.052 1160 1841 D CompatibilityChangeReporter: Compat change id reported: 168419799; UID 10065; state: DISABLED
08-16 16:52:20.053 1160 1841 W ActivityManager: Slow operation: 65ms so far, now at attachApplicationLocked: immediately before bindApplication
08-16 16:52:20.056 1160 1841 W ActivityManager: Slow operation: 68ms so far, now at attachApplicationLocked: immediately after bindApplication
08-16 16:52:20.056 1160 1841 W ActivityManager: Slow operation: 68ms so far, now at attachApplicationLocked: after updateLruProcessLocked
08-16 16:52:20.069 1160 1365 W ActivityManager: Slow operation: 1160ms so far, now at startProcess: returned from zygote!
08-16 16:52:20.071 1160 1841 W ActivityManager: Slow operation: 84ms so far, now at attachApplicationLocked: after mServices.attachApplicationLocked
08-16 16:52:20.076 1160 1841 W ActivityManager: Slow operation: 88ms so far, now at attachApplicationLocked: after updateOomAdjLocked
01-01 05:46:40.521 0 0 I [dp_rx_][0x57432210][16:52:20.096151] wlan: [2100:I:QDF] EAPOL-3 RX: SA:b6:2a:7d:83:93:1c DA:02:fd:91:f2:ce:32
08-16 16:52:20.082 1160 1365 W ActivityManager: Slow operation: 1173ms so far, now at startProcess: done updating battery stats
08-16 16:52:20.082 1160 1365 W ActivityManager: Slow operation: 1173ms so far, now at startProcess: building log message
08-16 16:52:20.082 1160 1365 I ActivityManager: Start proc 2986:com.qualcomm.qti.services.systemhelper:systemhelper_service/u0a123 for added application com.qualcomm.qti.services.systemhelper:systemhelper_service
08-16 16:52:20.082 1160 1365 W ActivityManager: Slow operation: 1173ms so far, now at startProcess: starting to update pids map
08-16 16:52:20.083 1160 1365 W ActivityManager: Slow operation: 1175ms so far, now at startProcess: done updating pids map
08-16 16:52:20.083 1160 1365 W ActivityManager: Slow operation: 1174ms so far, now at startProcess: asking zygote to start proc
01-01 05:46:40.529 0 0 I [soft_i][0x574579ea][16:52:20.104149] wlan: [0:I:QDF] EAPOL-4 TX: SA:02:fd:91:f2:ce:32 DA:b6:2a:7d:83:93:1c msdu_id:0 status: succ
08-16 16:52:20.084 1160 1365 D CompatibilityChangeReporter: Compat change id reported: 143937733; UID 10134; state: ENABLED
08-16 16:52:20.087 1160 1160 D CompanionDeviceManagerService: onDeviceConnected(address = 00:58:76:20:46:3D)
08-16 16:52:20.088 1160 1160 I CompanionDeviceManagerService: onDeviceNearby(justAppeared, address = 00:58:76:20:46:3D)
08-16 16:52:20.151 1160 1841 D CompatibilityChangeReporter: Compat change id reported: 168419799; UID 10125; state: DISABLED
08-16 16:52:20.159 1160 1841 W StorageManagerService: Reporting emulated;0 unmounted due to system locked
01-01 05:46:40.597 0 0 E [schedu][0x57593432][16:52:20.171485] wlan: [1943:E:QDF] qdf_mem_malloc_debug: 1206: Cannot malloc 0 bytes @ csr_get_cfg_max_tx_power:14199
01-01 05:46:40.604 0 0 I binder : 2986:2986 ioctl 40046210 7fdf50bae4 returned -22
08-16 16:52:20.198 1160 2197 D CompatibilityChangeReporter: Compat change id reported: 135634846; UID 10068; state: DISABLED
08-16 16:52:20.198 1160 2197 D CompatibilityChangeReporter: Compat change id reported: 177438394; UID 10068; state: DISABLED
08-16 16:52:20.198 1160 2197 D CompatibilityChangeReporter: Compat change id reported: 135772972; UID 10068; state: DISABLED
08-16 16:52:20.199 1160 2197 D CompatibilityChangeReporter: Compat change id reported: 135754954; UID 10068; state: ENABLED
08-16 16:52:20.207 1160 2693 I Telecom : PhoneAccountRegistrar: Modify account: [ComponentInfo{com.android.phone/com.android.services.telephony.TelephonyConnectionService}, ***, UserHandle{0}]: TSI.rPA@ABQ
01-01 05:46:40.630 0 0 I [schedu][0x5763184a][16:52:20.205247] wlan: [1943:I:WMI] LFR3:OKC enabled
01-01 05:46:40.630 0 0 I [schedu][0x57631932][16:52:20.205259] wlan: [1943:I:WMI] LFR3:PMKSA caching enabled
08-16 16:52:20.226 1160 2693 I Telecom : CallsManager: handlePhoneAccountChanged: phoneAccount=[[X] PhoneAccount: ComponentInfo{com.android.phone/com.android.services.telephony.TelephonyConnectionService}, ***, UserHandle{0} Capabilities: CallProvider EmergOnly MultiUser PlaceEmerg SimSub Audio Routes: BESW Schemes: tel voicemail Extras: Bundle[{android.telecom.extra.SUPPORTS_VIDEO_CALLING_FALLBACK=true}] GroupId: ***]: TSI.rPA@ABQ
01-01 05:46:40.701 0 0 I binder : 2842:3015 ioctl 40046210 6ff3ed6934 returned -22
08-16 16:52:20.283 1160 2977 D CompatibilityChangeReporter: Compat change id reported: 168419799; UID 10123; state: DISABLED
01-01 05:46:40.813 0 0 I binder : 2438:3011 ioctl 40046210 6fea957254 returned -22
08-16 16:52:20.314 1160 1365 W ActivityManager: Slow operation: 1404ms so far, now at startProcess: returned from zygote!
08-16 16:52:20.314 1160 1365 W ActivityManager: Slow operation: 1405ms so far, now at startProcess: done updating battery stats
08-16 16:52:20.314 1160 1365 W ActivityManager: Slow operation: 1405ms so far, now at startProcess: building log message
08-16 16:52:20.314 1160 1365 I ActivityManager: Start proc 3024:com.qualcomm.qti.qccnetstat/u0a134 for added application com.qualcomm.qti.qccnetstat
08-16 16:52:20.314 1160 1365 W ActivityManager: Slow operation: 1405ms so far, now at startProcess: starting to update pids map
08-16 16:52:20.314 1160 1365 W ActivityManager: Slow operation: 1405ms so far, now at startProcess: done updating pids map
08-16 16:52:20.315 1160 1365 W ActivityManager: Slow operation: 1403ms so far, now at startProcess: asking zygote to start proc
08-16 16:52:20.315 1160 1365 D CompatibilityChangeReporter: Compat change id reported: 143937733; UID 10137; state: ENABLED
01-01 05:46:40.886 0 0 E swr-wcd wsa_swr_ctrl: swrm_runtime_suspend: clk stop mode not supported or SSR entry
01-01 05:46:40.886 0 0 I binder : 3024:3024 ioctl 40046210 7fdf50bae4 returned -22
01-01 05:46:40.887 0 0 E [wifi@1][0x57ae61a1][16:52:20.462225] wlan: [947:E:HDD] hdd_enable_ns_offload: 484: Failed to cache ns request; status:4
01-01 05:46:40.975 0 0 I binder : 3039:3039 ioctl 40046210 7fdf50bae4 returned -22
01-01 05:46:41.008 0 0 D : mv2112_read_status
01-01 05:46:41.009 0 0 D mv2112_update_link: 3.0x901(1G): 0x4
01-01 05:46:41.009 0 0 D mv2112_update_link: 3.0x8109(100M): 0x8
01-01 05:46:41.009 0 0 D mv2112_update_link: link 0x4
01-01 05:46:41.009 0 0 D mv2112_read_status: autoneg is disabled
01-01 05:46:41.059 0 0 I [soft_i][0x57e0a448][16:52:20.633781] wlan: [0:I:QDF] DHCP-R TX: SA:02:fd:91:f2:ce:32 DA:ff:ff:ff:ff:ff:ff msdu_id:1 status: succ
01-01 05:46:41.062 0 0 I [dp_rx_][0x57e16e6b][16:52:20.636476] wlan: [2100:I:QDF] DHCP-R RX: SA:02:fd:91:f2:ce:32 DA:ff:ff:ff:ff:ff:ff
01-01 05:46:41.067 0 0 I [dp_rx_][0x57e301d3][16:52:20.641855] wlan: [2100:I:QDF] DHCP-A RX: SA:f4:2a:7d:83:93:19 DA:ff:ff:ff:ff:ff:ff
01-01 05:46:41.088 0 0 I zram0 : detected capacity change from 0 to 4294967296
08-16 16:52:20.451 1160 1365 W ActivityManager: Slow operation: 1540ms so far, now at startProcess: returned from zygote!
08-16 16:52:20.451 1160 1365 W ActivityManager: Slow operation: 1540ms so far, now at startProcess: done updating battery stats
08-16 16:52:20.451 1160 1365 W ActivityManager: Slow operation: 1540ms so far, now at startProcess: building log message
08-16 16:52:20.451 1160 1365 I ActivityManager: Start proc 3039:com.qualcomm.qti.workloadclassifier/u0a137 for added application com.qualcomm.qti.workloadclassifier
08-16 16:52:20.452 1160 1365 W ActivityManager: Slow operation: 1540ms so far, now at startProcess: starting to update pids map
08-16 16:52:20.453 1160 1365 W ActivityManager: Slow operation: 1542ms so far, now at startProcess: done updating pids map
08-16 16:52:20.453 1160 1365 W ActivityManager: Slow operation: 1541ms so far, now at startProcess: asking zygote to start proc
01-01 05:46:41.218 0 0 I binder : 3080:3080 ioctl 40046210 7fdf50bae4 returned -22
08-16 16:52:20.523 1160 2693 D CompatibilityChangeReporter: Compat change id reported: 168419799; UID 10134; state: DISABLED
08-16 16:52:20.592 1160 1820 W BluetoothManagerService: psc is not null in bindBluetoothProfileService
08-16 16:52:20.619 1160 1351 D CompatibilityChangeReporter: Compat change id reported: 135634846; UID 10051; state: DISABLED
08-16 16:52:20.623 1160 1351 D CompatibilityChangeReporter: Compat change id reported: 177438394; UID 10051; state: DISABLED
08-16 16:52:20.623 1160 1351 D CompatibilityChangeReporter: Compat change id reported: 135772972; UID 10051; state: DISABLED
08-16 16:52:20.625 1160 1351 D CompatibilityChangeReporter: Compat change id reported: 135754954; UID 10051; state: ENABLED
08-16 16:52:20.625 1160 1365 W ActivityManager: Slow operation: 1713ms so far, now at startProcess: returned from zygote!
08-16 16:52:20.626 1160 1365 W ActivityManager: Slow operation: 1713ms so far, now at startProcess: done updating battery stats
08-16 16:52:20.626 1160 1365 W ActivityManager: Slow operation: 1713ms so far, now at startProcess: building log message
08-16 16:52:20.626 1160 1365 I ActivityManager: Start proc 3080:com.qualcomm.qti.services.secureui:sui_service/1000 for added application com.qualcomm.qti.services.secureui:sui_service
08-16 16:52:20.626 1160 1365 W ActivityManager: Slow operation: 1713ms so far, now at startProcess: starting to update pids map
08-16 16:52:20.626 1160 1365 W ActivityManager: Slow operation: 1714ms so far, now at startProcess: done updating pids map
08-16 16:52:20.627 1160 1365 W ActivityManager: Slow operation: 1416ms so far, now at startProcess: asking zygote to start proc
08-16 16:52:20.627 1160 1365 D CompatibilityChangeReporter: Compat change id reported: 143937733; UID 10152; state: ENABLED
08-16 16:52:20.635 1160 1841 D CompatibilityChangeReporter: Compat change id reported: 168419799; UID 10137; state: DISABLED
08-16 16:52:20.641 1160 1267 D ColorDisplayService: NightDisplayTintController Animation cancelled: false to matrix:
08-16 16:52:20.641 1160 1267 D ColorDisplayService: 1.000000 0.000000 0.000000 0.000000 0.000000 1.000000 0.000000 0.000000 0.000000 0.000000 1.000000 0.000000 0.000000 0.000000 0.000000 1.000000 min matrix coefficients:
08-16 16:52:20.641 1160 1267 D ColorDisplayService: 1.000000 0.000000 0.000000 0.000000 0.000000 1.000000 0.000000 0.000000 0.000000 0.000000 1.000000 0.000000 0.000000 0.000000 0.000000 1.000000 max matrix coefficients:
08-16 16:52:20.641 1160 1267 D ColorDisplayService: 1.000000 0.000000 0.000000 0.000000 0.000000 1.000000 0.000000 0.000000 0.000000 0.000000 1.000000 0.000000 0.000000 0.000000 0.000000 1.000000
08-16 16:52:20.673 1160 1841 D CompatibilityChangeReporter: Compat change id reported: 135634846; UID 10108; state: DISABLED
08-16 16:52:20.673 1160 1841 D CompatibilityChangeReporter: Compat change id reported: 177438394; UID 10108; state: DISABLED
08-16 16:52:20.673 1160 1841 D CompatibilityChangeReporter: Compat change id reported: 135772972; UID 10108; state: DISABLED
08-16 16:52:20.673 1160 1841 D CompatibilityChangeReporter: Compat change id reported: 135754954; UID 10108; state: ENABLED
01-01 05:46:41.338 0 0 I binder : 3094:3094 ioctl 40046210 7fdf50bae4 returned -22
01-01 05:46:41.382 0 0 I [soft_i][0x583f6a65][16:52:20.957275] wlan: [0:I:DP] dp_addba_requestprocess_wifi3 restore BA win 64 based on addba req
01-01 05:46:41.437 0 0 I binder : 3126:3126 ioctl 40046210 7fdf50bae4 returned -22
01-01 05:46:41.536 0 0 I : Adding 4194300k swap on /dev/block/zram0. Priority:32758 extents:1 across:4194300k SS
08-16 16:52:20.780 1160 1365 W ActivityManager: Slow operation: 1570ms so far, now at startProcess: returned from zygote!
08-16 16:52:20.781 1160 1365 W ActivityManager: Slow operation: 1570ms so far, now at startProcess: done updating battery stats
08-16 16:52:20.781 1160 1365 I Watchdog: Interesting Java process com.android.providers.media.module started. Pid 3094
08-16 16:52:20.781 1160 1365 W ActivityManager: Slow operation: 1570ms so far, now at startProcess: building log message
08-16 16:52:20.781 1160 1365 I ActivityManager: Start proc 3094:com.android.providers.media.module/u0a152 for service {com.android.providers.media.module/com.android.providers.media.fuse.ExternalStorageServiceImpl}
08-16 16:52:20.788 1160 1365 W ActivityManager: Slow operation: 1578ms so far, now at startProcess: starting to update pids map
08-16 16:52:20.788 1160 1365 W ActivityManager: Slow operation: 1578ms so far, now at startProcess: done updating pids map
08-16 16:52:20.789 1160 1365 W ActivityManager: Slow operation: 807ms so far, now at startProcess: asking zygote to start proc
08-16 16:52:20.790 1160 1365 D CompatibilityChangeReporter: Compat change id reported: 143937733; UID 10043; state: DISABLED
01-01 05:46:41.595 0 0 I binder : 3153:3153 ioctl 40046210 7fdf50bae4 returned -22
08-16 16:52:20.861 1160 2971 W OverlayManager: service 'idmap' died
08-16 16:52:20.892 1160 2971 D CompatibilityChangeReporter: Compat change id reported: 168419799; UID 1000; state: DISABLED
08-16 16:52:20.908 1160 1365 W ActivityManager: Slow operation: 927ms so far, now at startProcess: returned from zygote!
08-16 16:52:20.909 1160 1365 W ActivityManager: Slow operation: 928ms so far, now at startProcess: done updating battery stats
08-16 16:52:20.910 1160 1365 W ActivityManager: Slow operation: 928ms so far, now at startProcess: building log message
08-16 16:52:20.910 1160 1365 I ActivityManager: Start proc 3126:com.android.statementservice/u0a43 for broadcast {com.android.statementservice/com.android.statementservice.domain.DomainVerificationReceiverV1}
08-16 16:52:20.910 1160 1365 W ActivityManager: Slow operation: 928ms so far, now at startProcess: starting to update pids map
08-16 16:52:20.911 1160 1365 W ActivityManager: Slow operation: 929ms so far, now at startProcess: done updating pids map
08-16 16:52:20.911 1160 1365 W ActivityManager: Slow operation: 714ms so far, now at startProcess: asking zygote to start proc
08-16 16:52:20.911 1160 1365 D CompatibilityChangeReporter: Compat change id reported: 143937733; UID 10068; state: ENABLED
08-16 16:52:20.945 1160 2693 D CompatibilityChangeReporter: Compat change id reported: 157233955; UID 10125; state: DISABLED
08-16 16:52:20.957 1160 1194 D CompatibilityChangeReporter: Compat change id reported: 168419799; UID 10152; state: DISABLED
01-01 05:46:41.779 0 0 I afe_close: port_id = 0xb000
08-16 16:52:21.016 678 734 E NetlinkEvent: NetlinkEvent::FindParam(): Parameter 'INTERFACE' not found
08-16 16:52:21.016 678 734 E NetlinkEvent: NetlinkEvent::FindParam(): Parameter 'STATE' not found
08-16 16:52:21.016 678 734 E NetlinkEvent: NetlinkEvent::FindParam(): Parameter 'TIME_NS' not found
08-16 16:52:21.016 678 734 E NetlinkEvent: NetlinkEvent::FindParam(): Parameter 'UID' not found
08-16 16:52:21.047 1160 2693 D CompatibilityChangeReporter: Compat change id reported: 168419799; UID 10043; state: DISABLED
08-16 16:52:21.049 1160 1365 W ActivityManager: Slow operation: 851ms so far, now at startProcess: returned from zygote!
08-16 16:52:21.055 1160 1365 W ActivityManager: Slow operation: 858ms so far, now at startProcess: done updating battery stats
08-16 16:52:21.055 1160 1365 W ActivityManager: Slow operation: 858ms so far, now at startProcess: building log message
08-16 16:52:21.055 1160 1365 I ActivityManager: Start proc 3153:com.qualcomm.qti.biometrics.fingerprint.service/u0a68 for broadcast {com.qualcomm.qti.biometrics.fingerprint.service/com.qualcomm.qti.biometrics.fingerprint.service.ShutdownReceiver}
08-16 16:52:21.055 1160 1365 W ActivityManager: Slow operation: 858ms so far, now at startProcess: starting to update pids map
08-16 16:52:21.059 1160 1365 W ActivityManager: Slow operation: 861ms so far, now at startProcess: done updating pids map
08-16 16:52:21.059 1160 1365 W ActivityManager: Slow operation: 445ms so far, now at startProcess: asking zygote to start proc
08-16 16:52:21.060 1160 1365 D CompatibilityChangeReporter: Compat change id reported: 143937733; UID 10051; state: ENABLED
01-01 05:46:41.806 0 0 I binder : 3163:3163 ioctl 40046210 7fdf50bae4 returned -22
08-16 16:52:21.114 1160 1758 W ContextImpl: Calling a method in the system process without a qualified user: android.app.ContextImpl.sendStickyBroadcast:1559 com.android.server.ConnectivityService.sendStickyBroadcast:2811 com.android.server.ConnectivityService.sendGeneralBroadcast:2786 com.android.server.ConnectivityService.sendConnectedBroadcast:2759 com.android.server.ConnectivityService.sendLegacyNetworkBroadcast:8704
08-16 16:52:21.156 1160 1365 W ActivityManager: Slow operation: 541ms so far, now at startProcess: returned from zygote!
08-16 16:52:21.156 1160 1365 W ActivityManager: Slow operation: 542ms so far, now at startProcess: done updating battery stats
08-16 16:52:21.156 1160 1365 W ActivityManager: Slow operation: 542ms so far, now at startProcess: building log message
08-16 16:52:21.156 1160 1365 I ActivityManager: Start proc 3163:com.android.printspooler/u0a51 for service {com.android.printspooler/com.android.printspooler.model.PrintSpoolerService}
08-16 16:52:21.156 1160 1365 W ActivityManager: Slow operation: 542ms so far, now at startProcess: starting to update pids map
08-16 16:52:21.157 1160 1365 W ActivityManager: Slow operation: 542ms so far, now at startProcess: done updating pids map
08-16 16:52:21.157 1160 1365 W ActivityManager: Slow operation: 484ms so far, now at startProcess: asking zygote to start proc
08-16 16:52:21.157 1160 1365 D CompatibilityChangeReporter: Compat change id reported: 143937733; UID 10108; state: ENABLED
08-16 16:52:21.214 1160 2693 D CompatibilityChangeReporter: Compat change id reported: 168419799; UID 10068; state: DISABLED
08-16 16:52:21.220 1160 1543 W ProcessCpuTracker: Failed to stat(/proc/3130): android.system.ErrnoException: stat failed: ENOENT (No such file or directory)
08-16 16:52:21.221 1160 1543 W ProcessCpuTracker: Skipping unknown process pid 3130
08-16 16:52:21.295 1160 1365 W ActivityManager: Slow operation: 623ms so far, now at startProcess: returned from zygote!
08-16 16:52:21.296 1160 1365 W ActivityManager: Slow operation: 623ms so far, now at startProcess: done updating battery stats
08-16 16:52:21.296 1160 1365 W ActivityManager: Slow operation: 623ms so far, now at startProcess: building log message
08-16 16:52:21.296 1160 1365 I ActivityManager: Start proc 3187:com.qualcomm.location.XT/u0a108 for service {com.qualcomm.location.XT/com.qualcomm.location.XT.XTSrv}
08-16 16:52:21.296 1160 1365 W ActivityManager: Slow operation: 623ms so far, now at startProcess: starting to update pids map
08-16 16:52:21.296 1160 1365 W ActivityManager: Slow operation: 624ms so far, now at startProcess: done updating pids map
01-01 05:46:41.839 0 0 I binder : 3187:3187 ioctl 40046210 7fdf50bae4 returned -22
08-16 16:52:21.446 1160 1841 D CompatibilityChangeReporter: Compat change id reported: 168419799; UID 10051; state: DISABLED
08-16 16:52:21.454 1160 2971 D CompatibilityChangeReporter: Compat change id reported: 168419799; UID 10108; state: DISABLED
08-16 16:52:21.553 1160 2693 D CompatibilityChangeReporter: Compat change id reported: 171306433; UID 10043; state: DISABLED
08-16 16:52:21.579 1160 2872 I StorageUserConnection: Service: [ComponentInfo{com.android.providers.media.module/com.android.providers.media.fuse.ExternalStorageServiceImpl}] connected. User [0]
01-01 05:46:42.036 0 0 D : mv2112_read_status
01-01 05:46:42.036 0 0 D mv2112_update_link: 3.0x901(1G): 0x4
01-01 05:46:42.036 0 0 I binder : 3187:3242 ioctl 40046210 6ff2fe0944 returned -22
01-01 05:46:42.036 0 0 D mv2112_update_link: 3.0x8109(100M): 0x8
01-01 05:46:42.036 0 0 D mv2112_update_link: link 0x4
01-01 05:46:42.036 0 0 D mv2112_read_status: autoneg is disabled
08-16 16:52:21.616 1160 1194 D CompatibilityChangeReporter: Compat change id reported: 135634846; UID 1000; state: DISABLED
08-16 16:52:21.616 1160 1194 D CompatibilityChangeReporter: Compat change id reported: 177438394; UID 1000; state: DISABLED
08-16 16:52:21.616 1160 1194 D CompatibilityChangeReporter: Compat change id reported: 135772972; UID 1000; state: DISABLED
08-16 16:52:21.616 1160 1194 D CompatibilityChangeReporter: Compat change id reported: 135754954; UID 1000; state: ENABLED
01-01 05:46:42.047 0 0 I binder : 3153:3153 ioctl 40046210 7fdf50a904 returned -22
08-16 16:52:21.676 1160 1194 D CompatibilityChangeReporter: Compat change id reported: 135634846; UID 10144; state: DISABLED
08-16 16:52:21.677 1160 1194 D CompatibilityChangeReporter: Compat change id reported: 177438394; UID 10144; state: DISABLED
08-16 16:52:21.677 1160 1194 D CompatibilityChangeReporter: Compat change id reported: 135772972; UID 10144; state: DISABLED
08-16 16:52:21.677 1160 1194 D CompatibilityChangeReporter: Compat change id reported: 135754954; UID 10144; state: ENABLED
08-16 16:52:21.684 1160 1365 W ActivityManager: Slow operation: 68ms so far, now at startProcess: returned from zygote!
08-16 16:52:21.685 1160 1365 W ActivityManager: Slow operation: 69ms so far, now at startProcess: done updating battery stats
08-16 16:52:21.685 1160 1365 W ActivityManager: Slow operation: 69ms so far, now at startProcess: building log message
08-16 16:52:21.685 1160 1365 I ActivityManager: Start proc 3259:com.android.keychain/1000 for service {com.android.keychain/com.android.keychain.KeyChainService}
08-16 16:52:21.685 1160 1365 W ActivityManager: Slow operation: 69ms so far, now at startProcess: starting to update pids map
08-16 16:52:21.689 1160 1365 W ActivityManager: Slow operation: 73ms so far, now at startProcess: done updating pids map
08-16 16:52:21.689 1160 1365 D CompatibilityChangeReporter: Compat change id reported: 143937733; UID 10144; state: ENABLED
01-01 05:46:42.122 0 0 I binder : 2886:2886 ioctl 40046210 7fdf50a4d4 returned -22
08-16 16:52:21.710 1160 2693 D CompatibilityChangeReporter: Compat change id reported: 135634846; UID 10068; state: DISABLED
08-16 16:52:21.710 1160 2693 D CompatibilityChangeReporter: Compat change id reported: 177438394; UID 10068; state: DISABLED
08-16 16:52:21.711 1160 2693 D CompatibilityChangeReporter: Compat change id reported: 135772972; UID 10068; state: DISABLED
08-16 16:52:21.712 1160 2693 D CompatibilityChangeReporter: Compat change id reported: 135754954; UID 10068; state: ENABLED
08-16 16:52:21.770 1160 1365 W ActivityManager: Slow operation: 93ms so far, now at startProcess: returned from zygote!
08-16 16:52:21.770 1160 1365 W ActivityManager: Slow operation: 94ms so far, now at startProcess: done updating battery stats
08-16 16:52:21.770 1160 1365 W ActivityManager: Slow operation: 94ms so far, now at startProcess: building log message
08-16 16:52:21.770 1160 1365 I ActivityManager: Start proc 3272:com.qualcomm.qti.performancemode/u0a144 for broadcast {com.qualcomm.qti.performancemode/com.qualcomm.qti.performancemode.SystemEventReceiver}
08-16 16:52:21.771 1160 1365 W ActivityManager: Slow operation: 94ms so far, now at startProcess: starting to update pids map
08-16 16:52:21.772 1160 1365 W ActivityManager: Slow operation: 95ms so far, now at startProcess: done updating pids map
08-16 16:52:21.772 1160 1365 W ActivityManager: Slow operation: 64ms so far, now at startProcess: asking zygote to start proc
08-16 16:52:21.772 1160 1365 D CompatibilityChangeReporter: Compat change id reported: 143937733; UID 10068; state: ENABLED
01-01 05:46:42.211 0 0 I binder : 3259:3259 ioctl 40046210 7fdf50bae4 returned -22
08-16 16:52:21.807 1160 1194 D CompatibilityChangeReporter: Compat change id reported: 168419799; UID 1000; state: DISABLED
08-16 16:52:21.870 1160 1365 W ActivityManager: Slow operation: 161ms so far, now at startProcess: returned from zygote!
08-16 16:52:21.871 1160 1365 W ActivityManager: Slow operation: 162ms so far, now at startProcess: done updating battery stats
08-16 16:52:21.871 1160 1365 W ActivityManager: Slow operation: 162ms so far, now at startProcess: building log message
08-16 16:52:21.871 1160 1365 I ActivityManager: Start proc 3284:com.qualcomm.qti.biometrics.fingerprint.service:remote/u0a68 for service {com.qualcomm.qti.biometrics.fingerprint.service/com.qualcomm.qti.biometrics.fingerprint.service.FingerprintService}
08-16 16:52:21.871 1160 1365 W ActivityManager: Slow operation: 162ms so far, now at startProcess: starting to update pids map
08-16 16:52:21.871 1160 1365 W ActivityManager: Slow operation: 163ms so far, now at startProcess: done updating pids map
01-01 05:46:42.352 0 0 I binder : 3272:3272 ioctl 40046210 7fdf50bae4 returned -22
08-16 16:52:21.959 1160 2977 D CompatibilityChangeReporter: Compat change id reported: 168419799; UID 10144; state: DISABLED
01-01 05:46:42.408 0 0 I binder : 3284:3284 ioctl 40046210 7fdf50bae4 returned -22
08-16 16:52:22.072 1160 1841 D CompatibilityChangeReporter: Compat change id reported: 135634846; UID 10032; state: DISABLED
08-16 16:52:22.072 1160 1841 D CompatibilityChangeReporter: Compat change id reported: 177438394; UID 10032; state: DISABLED
08-16 16:52:22.072 1160 1841 D CompatibilityChangeReporter: Compat change id reported: 135772972; UID 10032; state: DISABLED
08-16 16:52:22.072 1160 1841 D CompatibilityChangeReporter: Compat change id reported: 135754954; UID 10032; state: ENABLED
08-16 16:52:22.073 1160 1365 D CompatibilityChangeReporter: Compat change id reported: 143937733; UID 10032; state: ENABLED
08-16 16:52:22.105 1160 2977 D CompatibilityChangeReporter: Compat change id reported: 135634846; UID 10157; state: DISABLED
08-16 16:52:22.119 1160 2839 D CompatibilityChangeReporter: Compat change id reported: 135634846; UID 1000; state: DISABLED
08-16 16:52:22.120 1160 2839 D CompatibilityChangeReporter: Compat change id reported: 177438394; UID 1000; state: DISABLED
08-16 16:52:22.120 1160 2839 D CompatibilityChangeReporter: Compat change id reported: 135772972; UID 1000; state: DISABLED
08-16 16:52:22.120 1160 2839 D CompatibilityChangeReporter: Compat change id reported: 135754954; UID 1000; state: ENABLED
08-16 16:52:22.133 1160 1365 W ActivityManager: Slow operation: 62ms so far, now at startProcess: returned from zygote!
08-16 16:52:22.133 1160 1365 W ActivityManager: Slow operation: 62ms so far, now at startProcess: done updating battery stats
08-16 16:52:22.134 1160 1365 W ActivityManager: Slow operation: 62ms so far, now at startProcess: building log message
08-16 16:52:22.134 1160 1365 I ActivityManager: Start proc 3335:android.process.acore/u0a32 for content provider {com.android.providers.contacts/com.android.providers.contacts.ContactsProvider2}
08-16 16:52:22.134 1160 1365 W ActivityManager: Slow operation: 62ms so far, now at startProcess: starting to update pids map
08-16 16:52:22.134 1160 1365 W ActivityManager: Slow operation: 63ms so far, now at startProcess: done updating pids map
08-16 16:52:22.134 1160 1365 D CompatibilityChangeReporter: Compat change id reported: 143937733; UID 10157; state: DISABLED
08-16 16:52:22.156 3324 3324 F linker : CANNOT LINK EXECUTABLE "/vendor/bin/hw/qvrservice": library "vendor.qti.hardware.qxr-V1-ndk_platform.so" not found: needed by /vendor/lib64/libqvrservice.so in namespace (default)
08-16 16:52:22.167 3333 3333 F linker : CANNOT LINK EXECUTABLE "/vendor/bin/hw/sxrservice": library "vendor.qti.hardware.qxr-V1-ndk_platform.so" not found: needed by main executable
01-01 05:46:42.600 0 0 I binder : 3272:3272 ioctl 40046210 7fdf50aa84 returned -22
01-01 05:46:42.633 0 0 I btfm_slim_hw_init: PGD Enum Addr: 00:01:20:02:17: 02
01-01 05:46:42.633 0 0 I btfm_slim_hw_init: IFD Enum Addr: 00:00:20:02:17: 02
01-01 05:46:42.633 0 0 I btfm_slim_hw_init: chipset soc version:400a0200
01-01 05:46:42.633 0 0 I btfm_slim_hw_init: chipset is hastings 2.0, overwriting EA
01-01 05:46:42.633 0 0 I btfm_slim_hw_init: PGD Enum Addr: 00:01:20:02:17: 02
01-01 05:46:42.633 0 0 I btfm_slim_hw_init: IFD Enum Addr: 00:00:20:02:17: 02
01-01 05:46:42.646 0 0 I slimbus : 1 laddr:0xcf, EAPC:0x1:0x20
01-01 05:46:42.647 0 0 I binder : 3335:3335 ioctl 40046210 7fdf50bae4 returned -22
01-01 05:46:42.647 0 0 I slimbus : 1 laddr:0xce, EAPC:0x0:0x20
01-01 05:46:42.648 0 0 I btfm_slim_alloc_port: chipset soc version:400a0200
01-01 05:46:42.661 0 0 I btfm_slim_enable_ch: chipset soc version:400a0200
01-01 05:46:42.661 0 0 I btfm_slim_enable_ch: channel define - prot:2, dataf:0, auxf:0
01-01 05:46:42.661 0 0 I btfm_slim_enable_ch: channel define - rates:44100, baser:2, ratem:4
01-01 05:46:42.663 0 0 I btfm_slim_enable_ch: slim_connect_sink(port: 16, ch: 157)
01-01 05:46:42.664 0 0 I btfm_slim_enable_ch: port: 16, ch: 157, grp: 0, ch->grph: 0x0, ch_hdl: 0x1d
01-01 05:46:42.667 0 0 I __afe_port_start: port id: 0x400e
01-01 05:46:42.667 0 0 I afe_find_cal_topo_id_by_port: port id: 0x400e, dev_acdb_id: 20
01-01 05:46:42.667 0 0 I afe_find_cal_topo_id_by_port: top_id:112fc acdb_id:20 afe_port_id:0x400e
01-01 05:46:42.667 0 0 I afe_get_cal_topology_id: port_id = 0x400e acdb_id = 20 topology_id = 0x112fc cal_type_index=8 ret=0
01-01 05:46:42.669 0 0 I afe_send_port_topology_id: AFE set topology id 0x112fc enable for port 0x400e ret 0
01-01 05:46:42.669 0 0 I send_afe_cal_type: cal_index is 0
01-01 05:46:42.669 0 0 I send_afe_cal_type: dev_acdb_id[119] is 20
01-01 05:46:42.669 0 0 I afe_find_cal: cal_index 0 port_id 0x400e port_index 119
01-01 05:46:42.669 0 0 I afe_find_cal: acdb_id 20 dev_acdb_id 20 sample_rate 48000 afe_sample_rates 44100
01-01 05:46:42.669 0 0 I afe_find_cal: no matching cal_block found
01-01 05:46:42.669 0 0 E : send_afe_cal_type cal_block not found!!
01-01 05:46:42.675 0 0 I afe_send_hw_delay: port_id 0x400e rate 44100 delay_usec 0 status 0
08-16 16:52:22.227 1160 1365 W ActivityManager: Slow operation: 121ms so far, now at startProcess: returned from zygote!
08-16 16:52:22.227 1160 1365 W ActivityManager: Slow operation: 123ms so far, now at startProcess: done updating battery stats
08-16 16:52:22.228 1160 1365 W ActivityManager: Slow operation: 123ms so far, now at startProcess: building log message
08-16 16:52:22.228 1160 1365 I ActivityManager: Start proc 3357:com.tencent.mtt/u0a157 for service {com.tencent.mtt/com.tencent.mm.plugin.appbrand.jsapi.nfc.hce.HCEService}
08-16 16:52:22.228 1160 1365 W ActivityManager: Slow operation: 123ms so far, now at startProcess: starting to update pids map
08-16 16:52:22.228 1160 1365 W ActivityManager: Slow operation: 123ms so far, now at startProcess: done updating pids map
08-16 16:52:22.228 1160 1365 W ActivityManager: Slow operation: 110ms so far, now at startProcess: asking zygote to start proc
08-16 16:52:22.257 1160 2977 D CompatibilityChangeReporter: Compat change id reported: 168419799; UID 10136; state: DISABLED
08-16 16:52:22.265 1160 1820 D CompatibilityChangeReporter: Compat change id reported: 168419799; UID 10032; state: DISABLED
08-16 16:52:22.293 1160 2977 D CompatibilityChangeReporter: Compat change id reported: 168419799; UID 1000; state: DISABLED
01-01 05:46:42.738 0 0 I binder : 3357:3357 ioctl 40046210 fff7cc08 returned -22
01-01 05:46:42.739 0 0 I binder : 3284:3284 ioctl 40046210 7fdf50ab64 returned -22
08-16 16:52:22.309 1160 1365 W ActivityManager: Slow operation: 191ms so far, now at startProcess: returned from zygote!
08-16 16:52:22.310 1160 1365 W ActivityManager: Slow operation: 191ms so far, now at startProcess: done updating battery stats
08-16 16:52:22.310 1160 1365 W ActivityManager: Slow operation: 191ms so far, now at startProcess: building log message
08-16 16:52:22.310 1160 1365 I ActivityManager: Start proc 3374:com.android.localtransport/1000 for service {com.android.localtransport/com.android.localtransport.LocalTransportService}
08-16 16:52:22.310 1160 1365 W ActivityManager: Slow operation: 191ms so far, now at startProcess: starting to update pids map
08-16 16:52:22.310 1160 1365 W ActivityManager: Slow operation: 192ms so far, now at startProcess: done updating pids map
08-16 16:52:22.339 1160 1841 D CompatibilityChangeReporter: Compat change id reported: 168419799; UID 10157; state: DISABLED
08-16 16:52:22.371 2374 2374 W ContextImpl: Calling a method in the system process without a qualified user: android.app.ContextImpl.startService:1816 android.content.ContextWrapper.startService:774 android.content.ContextWrapper.startService:774 com.qualcomm.qti.qdma.app.BootReceiver.onBootReceived:115 com.qualcomm.qti.innodme.InnoBootReceiver.onReceive:22
08-16 16:52:22.384 1160 1820 D CompatibilityChangeReporter: Compat change id reported: 135634846; UID 10067; state: DISABLED
01-01 05:46:42.834 0 0 D qbt : qbt_open: entry minor_no=0 fd_available=1
01-01 05:46:42.834 0 0 D qbt : qbt_open: exit : 0 fd_available=0
01-01 05:46:42.834 0 0 D qbt : qbt_open: entry minor_no=1 fd_available=0
01-01 05:46:42.834 0 0 D qbt : qbt_open: exit : 0 fd_available=0
01-01 05:46:42.835 0 0 D qbt : qbt_ioctl: cmd received 107
01-01 05:46:42.835 0 0 D qbt : qbt_ioctl: Acquiring wakelock
08-16 16:52:22.390 1160 1820 D CompatibilityChangeReporter: Compat change id reported: 177438394; UID 10067; state: DISABLED
08-16 16:52:22.390 1160 1820 D CompatibilityChangeReporter: Compat change id reported: 135772972; UID 10067; state: DISABLED
