08-18 16:54:37.455 W/ActivityManager( 1152): Slow operation: 975ms so far, now at startProcess: starting to update pids map
08-18 16:54:37.455 W/ActivityManager( 1152): Slow operation: 976ms so far, now at startProcess: done updating pids map
08-18 16:54:37.456 W/ActivityManager( 1152): Slow operation: 976ms so far, now at startProcess: asking zygote to start proc
01-01 00:15:37.225 E/ ( 0): INFO: trying to register non-static key.
08-18 16:54:37.461 D/BluetoothManagerService( 1152): Bluetooth Adapter name changed to QCOM-BTD by android
08-18 16:54:37.461 D/BluetoothManagerService( 1152): Stored Bluetooth name: QCOM-BTD
08-18 16:54:37.461 D/CompatibilityChangeReporter( 1152): Compat change id reported: 168419799; UID 10118; state: DISABLED
08-18 16:54:37.474 I/ActivityManager( 1152): Process WebViewLoader-arm64-v8a (pid 1913) has died: psvc PER
08-18 16:54:37.497 D/CompatibilityChangeReporter( 1152): Compat change id reported: 168419799; UID 10106; state: DISABLED
08-18 16:54:37.529 W/ActivityManager( 1152): Slow operation: 1050ms so far, now at startProcess: returned from zygote!
01-01 00:15:37.230 E/ ( 0): the code is fine but needs lockdep annotation.
01-01 00:15:37.236 I/ ( 0): CPU: 6 PID: 331 Comm: kworker/u16:9 Tainted: G S W O 4.19.157+ #1
08-18 16:54:37.547 W/ActivityManager( 1152): Slow operation: 1068ms so far, now at startProcess: done updating battery stats
01-01 00:15:37.236 I/Hardware name( 0): Qualcomm Technologies, Inc. kona MTP-RmPM8150b (DT)
01-01 00:15:37.236 I/Workqueue( 0): events_unbound ion_system_secure_heap_prefetch_work
01-01 00:15:37.236 I/Call trace( 0):
01-01 00:15:37.236 I/ ( 0): dump_backtrace+0x0/0x258
01-01 00:15:37.236 I/ ( 0): show_stack+0x20/0x30
08-18 16:54:37.547 W/ActivityManager( 1152): Slow operation: 1068ms so far, now at startProcess: building log message
01-01 00:15:37.236 I/ ( 0): dump_stack+0xd8/0x12c
01-01 00:15:37.236 I/ ( 0): register_lock_class+0x4d0/0x5c8
01-01 00:15:37.236 I/ ( 0): __lock_acquire+0xbc/0x1e58
01-01 00:15:37.236 I/ ( 0): lock_acquire+0x1cc/0x218
01-01 00:15:37.236 I/ ( 0): _raw_spin_lock_irqsave+0x54/0x98
08-18 16:54:37.547 I/ActivityManager( 1152): Start proc 2231:com.thundercomm.remotecontrolservice/1000 for added application com.thundercomm.remotecontrolservice
01-01 00:15:37.236 I/ ( 0): ion_system_secure_heap_prefetch_work+0x94/0x2c0
01-01 00:15:37.236 I/ ( 0): process_one_work+0x38c/0x660
08-18 16:54:37.547 W/ActivityManager( 1152): Slow operation: 1068ms so far, now at startProcess: starting to update pids map
08-18 16:54:37.549 W/ActivityManager( 1152): Slow operation: 1070ms so far, now at startProcess: done updating pids map
08-18 16:54:37.549 W/ActivityManager( 1152): Slow operation: 1069ms so far, now at startProcess: asking zygote to start proc
08-18 16:54:37.549 D/CompatibilityChangeReporter( 1152): Compat change id reported: 143937733; UID 10076; state: ENABLED
08-18 16:54:37.551 W/ActivityThread( 1152): Failed to find provider info for com.android.calendar (user not unlocked)
08-18 16:54:37.553 W/BluetoothManagerService( 1152): bindBluetoothProfileService:Trying to bind to profile: 1, while Bluetooth is disabled
08-18 16:54:37.567 W/ActivityThread( 1152): Failed to find provider info for com.android.calendar (user not unlocked)
08-18 16:54:37.575 I/Telecom ( 1152): BluetoothRouteManager: getBluetoothAudioConnectedDevice: no service available.
01-01 00:15:37.236 I/ ( 0): worker_thread+0x268/0x4b8
08-18 16:54:37.585 I/Telecom ( 1152): SystemStateHelper: Registering broadcast receiver: android.content.IntentFilter@5b7c8f1: TS.init@AAA
08-18 16:54:37.586 I/Telecom ( 1152): SystemStateHelper: Registering broadcast receiver: android.content.IntentFilter@9e02cd6: TS.init@AAA
08-18 16:54:37.629 I/Telecom ( 1152): Logging.Events: Non-call EVENT: AUDIO_ROUTE, Entering state QuiescentEarpieceRoute
08-18 16:54:37.629 I/Telecom ( 1152): BluetoothRouteManager: getBluetoothAudioConnectedDevice: no service available.
01-01 00:15:37.236 I/ ( 0): kthread+0x140/0x150
01-01 00:15:37.236 I/ ( 0): ret_from_fork+0x10/0x1c
01-01 00:15:37.238 I/msm_pcie_link_train( 0): PCIe RC0 link initialized
01-01 00:15:37.242 E/ ( 0): INFO: trying to register non-static key.
01-01 00:15:37.247 E/ ( 0): the code is fine but needs lockdep annotation.
01-01 00:15:37.252 I/ ( 0): CPU: 6 PID: 331 Comm: kworker/u16:9 Tainted: G S W O 4.19.157+ #1
01-01 00:15:37.252 I/Hardware name( 0): Qualcomm Technologies, Inc. kona MTP-RmPM8150b (DT)
01-01 00:15:37.252 I/Workqueue( 0): events_unbound ion_system_secure_heap_prefetch_work
01-01 00:15:37.252 I/Call trace( 0):
01-01 00:15:37.252 I/ ( 0): dump_backtrace+0x0/0x258
01-01 00:15:37.252 I/ ( 0): show_stack+0x20/0x30
01-01 00:15:37.252 I/ ( 0): dump_stack+0xd8/0x12c
01-01 00:15:37.252 I/ ( 0): register_lock_class+0x4d0/0x5c8
01-01 00:15:37.252 I/ ( 0): __lock_acquire+0xbc/0x1e58
01-01 00:15:37.252 I/ ( 0): lock_acquire+0x1cc/0x218
01-01 00:15:37.252 I/ ( 0): _raw_spin_lock_irqsave+0x54/0x98
01-01 00:15:37.252 I/ ( 0): ion_system_secure_heap_prefetch_work+0x94/0x2c0
01-01 00:15:37.252 I/ ( 0): process_one_work+0x38c/0x660
01-01 00:15:37.252 I/ ( 0): worker_thread+0x268/0x4b8
01-01 00:15:37.252 I/ ( 0): kthread+0x140/0x150
01-01 00:15:37.252 I/ ( 0): ret_from_fork+0x10/0x1c
01-01 00:15:37.253 E/init ( 0): Control message: Could not find 'vendor.qti.hardware.iop@2.0::IIop/default' for ctl.interface_start from pid: 520 (/system/bin/hwservicemanager)
01-01 00:15:37.254 I/cnss_pci 0000( 0): 01:00.0: enabling device (0000 -> 0002)
01-01 00:15:37.257 E/ ( 0): INFO: trying to register non-static key.
01-01 00:15:37.257 E/ ( 0): the code is fine but needs lockdep annotation.
01-01 00:15:37.257 I/ ( 0): CPU: 6 PID: 331 Comm: kworker/u16:9 Tainted: G S W O 4.19.157+ #1
01-01 00:15:37.257 I/Hardware name( 0): Qualcomm Technologies, Inc. kona MTP-RmPM8150b (DT)
01-01 00:15:37.257 I/Workqueue( 0): events_unbound ion_system_secure_heap_prefetch_work
01-01 00:15:37.257 I/Call trace( 0):
01-01 00:15:37.257 I/ ( 0): dump_backtrace+0x0/0x258
01-01 00:15:37.257 I/ ( 0): show_stack+0x20/0x30
01-01 00:15:37.257 I/ ( 0): dump_stack+0xd8/0x12c
01-01 00:15:37.257 I/ ( 0): register_lock_class+0x4d0/0x5c8
01-01 00:15:37.257 I/ ( 0): __lock_acquire+0xbc/0x1e58
01-01 00:15:37.257 I/ ( 0): lock_acquire+0x1cc/0x218
01-01 00:15:37.257 I/ ( 0): _raw_spin_lock_irqsave+0x54/0x98
01-01 00:15:37.257 I/ ( 0): ion_system_secure_heap_prefetch_work+0x94/0x2c0
01-01 00:15:37.257 I/ ( 0): process_one_work+0x38c/0x660
01-01 00:15:37.257 I/ ( 0): worker_thread+0x268/0x4b8
01-01 00:15:37.257 I/ ( 0): kthread+0x140/0x150
01-01 00:15:37.257 I/ ( 0): ret_from_fork+0x10/0x1c
01-01 00:15:37.260 E/ ( 0): INFO: trying to register non-static key.
01-01 00:15:37.260 E/ ( 0): the code is fine but needs lockdep annotation.
01-01 00:15:37.260 I/ ( 0): CPU: 6 PID: 331 Comm: kworker/u16:9 Tainted: G S W O 4.19.157+ #1
01-01 00:15:37.260 I/Hardware name( 0): Qualcomm Technologies, Inc. kona MTP-RmPM8150b (DT)
01-01 00:15:37.260 I/Workqueue( 0): events_unbound ion_system_secure_heap_prefetch_work
01-01 00:15:37.260 I/Call trace( 0):
01-01 00:15:37.260 I/ ( 0): dump_backtrace+0x0/0x258
01-01 00:15:37.260 I/ ( 0): show_stack+0x20/0x30
01-01 00:15:37.260 I/ ( 0): dump_stack+0xd8/0x12c
01-01 00:15:37.260 I/ ( 0): register_lock_class+0x4d0/0x5c8
01-01 00:15:37.260 I/ ( 0): __lock_acquire+0xbc/0x1e58
01-01 00:15:37.260 I/ ( 0): lock_acquire+0x1cc/0x218
08-18 16:54:37.639 D/CompatibilityChangeReporter( 1152): Compat change id reported: 168419799; UID 1068; state: DISABLED
08-18 16:54:37.661 I/Telecom ( 1152): CallAudioModeStateMachine: Message received: null.: TS.init->CAMSM.pM_1@AAA
08-18 16:54:37.669 I/Telecom ( 1152): MissedCallNotifierImpl: reloadFromDatabase: Boot not yet complete -- call log db may not be available. Deferring loading until boot complete for user 0: TS.init@AAA
01-01 00:15:37.260 I/ ( 0): _raw_spin_lock_irqsave+0x54/0x98
01-01 00:15:37.260 I/ ( 0): ion_system_secure_heap_prefetch_work+0x94/0x2c0
01-01 00:15:37.260 I/ ( 0): process_one_work+0x38c/0x660
01-01 00:15:37.260 I/ ( 0): worker_thread+0x268/0x4b8
01-01 00:15:37.260 I/ ( 0): kthread+0x140/0x150
01-01 00:15:37.260 I/ ( 0): ret_from_fork+0x10/0x1c
01-01 00:15:37.262 E/ ( 0): INFO: trying to register non-static key.
01-01 00:15:37.262 E/ ( 0): the code is fine but needs lockdep annotation.
01-01 00:15:37.262 I/ ( 0): CPU: 6 PID: 331 Comm: kworker/u16:9 Tainted: G S W O 4.19.157+ #1
01-01 00:15:37.262 I/Hardware name( 0): Qualcomm Technologies, Inc. kona MTP-RmPM8150b (DT)
01-01 00:15:37.262 I/Workqueue( 0): events_unbound ion_system_secure_heap_prefetch_work
01-01 00:15:37.262 I/Call trace( 0):
01-01 00:15:37.262 I/ ( 0): dump_backtrace+0x0/0x258
01-01 00:15:37.262 I/ ( 0): show_stack+0x20/0x30
01-01 00:15:37.262 I/ ( 0): dump_stack+0xd8/0x12c
01-01 00:15:37.262 I/ ( 0): register_lock_class+0x4d0/0x5c8
01-01 00:15:37.262 I/ ( 0): __lock_acquire+0xbc/0x1e58
01-01 00:15:37.262 I/ ( 0): lock_acquire+0x1cc/0x218
01-01 00:15:37.262 I/ ( 0): _raw_spin_lock_irqsave+0x54/0x98
01-01 00:15:37.262 I/ ( 0): ion_system_secure_heap_prefetch_work+0x94/0x2c0
01-01 00:15:37.262 I/ ( 0): process_one_work+0x38c/0x660
01-01 00:15:37.262 I/ ( 0): worker_thread+0x268/0x4b8
01-01 00:15:37.262 I/ ( 0): kthread+0x140/0x150
01-01 00:15:37.262 I/ ( 0): ret_from_fork+0x10/0x1c
01-01 00:15:37.264 E/ ( 0): INFO: trying to register non-static key.
01-01 00:15:37.264 E/ ( 0): the code is fine but needs lockdep annotation.
01-01 00:15:37.264 I/ ( 0): CPU: 6 PID: 331 Comm: kworker/u16:9 Tainted: G S W O 4.19.157+ #1
01-01 00:15:37.264 I/Hardware name( 0): Qualcomm Technologies, Inc. kona MTP-RmPM8150b (DT)
01-01 00:15:37.264 I/Workqueue( 0): events_unbound ion_system_secure_heap_prefetch_work
01-01 00:15:37.264 I/Call trace( 0):
01-01 00:15:37.264 I/ ( 0): dump_backtrace+0x0/0x258
01-01 00:15:37.264 I/ ( 0): show_stack+0x20/0x30
01-01 00:15:37.264 I/ ( 0): dump_stack+0xd8/0x12c
01-01 00:15:37.264 I/ ( 0): register_lock_class+0x4d0/0x5c8
01-01 00:15:37.264 I/ ( 0): __lock_acquire+0xbc/0x1e58
01-01 00:15:37.264 I/ ( 0): lock_acquire+0x1cc/0x218
01-01 00:15:37.264 I/ ( 0): _raw_spin_lock_irqsave+0x54/0x98
01-01 00:15:37.264 I/ ( 0): ion_system_secure_heap_prefetch_work+0x94/0x2c0
01-01 00:15:37.264 I/ ( 0): process_one_work+0x38c/0x660
01-01 00:15:37.264 I/ ( 0): worker_thread+0x268/0x4b8
01-01 00:15:37.264 I/ ( 0): kthread+0x140/0x150
01-01 00:15:37.264 I/ ( 0): ret_from_fork+0x10/0x1c
01-01 00:15:37.266 E/ ( 0): INFO: trying to register non-static key.
01-01 00:15:37.266 E/ ( 0): the code is fine but needs lockdep annotation.
01-01 00:15:37.266 I/ ( 0): CPU: 6 PID: 331 Comm: kworker/u16:9 Tainted: G S W O 4.19.157+ #1
01-01 00:15:37.266 I/Hardware name( 0): Qualcomm Technologies, Inc. kona MTP-RmPM8150b (DT)
01-01 00:15:37.267 I/Workqueue( 0): events_unbound ion_system_secure_heap_prefetch_work
08-18 16:54:37.681 D/SystemUIBootTiming( 1849): StartServicescom.android.systemui.keyguard.KeyguardViewMediator took to complete: 285ms
01-01 00:15:37.267 I/Call trace( 0):
01-01 00:15:37.267 I/ ( 0): dump_backtrace+0x0/0x258
01-01 00:15:37.267 I/ ( 0): show_stack+0x20/0x30
01-01 00:15:37.267 I/ ( 0): dump_stack+0xd8/0x12c
01-01 00:15:37.267 I/ ( 0): register_lock_class+0x4d0/0x5c8
01-01 00:15:37.267 I/ ( 0): __lock_acquire+0xbc/0x1e58
01-01 00:15:37.267 I/ ( 0): lock_acquire+0x1cc/0x218
01-01 00:15:37.267 I/ ( 0): _raw_spin_lock_irqsave+0x54/0x98
01-01 00:15:37.267 I/ ( 0): ion_system_secure_heap_prefetch_work+0x94/0x2c0
01-01 00:15:37.267 I/ ( 0): process_one_work+0x38c/0x660
01-01 00:15:37.267 I/ ( 0): worker_thread+0x268/0x4b8
01-01 00:15:37.267 I/ ( 0): kthread+0x140/0x150
01-01 00:15:37.267 I/ ( 0): ret_from_fork+0x10/0x1c
01-01 00:15:37.269 E/ ( 0): INFO: trying to register non-static key.
01-01 00:15:37.276 E/init ( 0): Control message: Could not find 'vendor.qti.hardware.iop@2.0::IIop/default' for ctl.interface_start from pid: 520 (/system/bin/hwservicemanager)
01-01 00:15:37.279 E/ ( 0): the code is fine but needs lockdep annotation.
01-01 00:15:37.279 I/ ( 0): CPU: 6 PID: 331 Comm: kworker/u16:9 Tainted: G S W O 4.19.157+ #1
01-01 00:15:37.279 I/Hardware name( 0): Qualcomm Technologies, Inc. kona MTP-RmPM8150b (DT)
01-01 00:15:37.279 I/Workqueue( 0): events_unbound ion_system_secure_heap_prefetch_work
01-01 00:15:37.279 I/Call trace( 0):
01-01 00:15:37.279 I/ ( 0): dump_backtrace+0x0/0x258
01-01 00:15:37.279 I/ ( 0): show_stack+0x20/0x30
01-01 00:15:37.279 I/ ( 0): dump_stack+0xd8/0x12c
01-01 00:15:37.279 I/ ( 0): register_lock_class+0x4d0/0x5c8
01-01 00:15:37.279 I/ ( 0): __lock_acquire+0xbc/0x1e58
01-01 00:15:37.279 I/ ( 0): lock_acquire+0x1cc/0x218
01-01 00:15:37.279 I/ ( 0): _raw_spin_lock_irqsave+0x54/0x98
08-18 16:54:37.682 W/ActivityManager( 1152): Slow operation: 1202ms so far, now at startProcess: returned from zygote!
08-18 16:54:37.683 W/ActivityManager( 1152): Slow operation: 1202ms so far, now at startProcess: done updating battery stats
01-01 00:15:37.279 I/ ( 0): ion_system_secure_heap_prefetch_work+0x94/0x2c0
08-18 16:54:37.683 W/ActivityManager( 1152): Slow operation: 1202ms so far, now at startProcess: building log message
01-01 00:15:37.279 I/ ( 0): process_one_work+0x38c/0x660
01-01 00:15:37.279 I/ ( 0): worker_thread+0x268/0x4b8
01-01 00:15:37.279 I/ ( 0): kthread+0x140/0x150
01-01 00:15:37.279 I/ ( 0): ret_from_fork+0x10/0x1c
01-01 00:15:37.282 E/ ( 0): INFO: trying to register non-static key.
01-01 00:15:37.302 D/cnss ( 0): Config PCIe remap window register to 0x4000003f
01-01 00:15:37.303 I/msm_vidc( 0): high: 00000001: ....d: Opening video instance: fffffff10ec2c000, 1
01-01 00:15:37.306 E/ ( 0): the code is fine but needs lockdep annotation.
01-01 00:15:37.306 I/ ( 0): CPU: 6 PID: 331 Comm: kworker/u16:9 Tainted: G S W O 4.19.157+ #1
01-01 00:15:37.306 I/Hardware name( 0): Qualcomm Technologies, Inc. kona MTP-RmPM8150b (DT)
01-01 00:15:37.306 I/Workqueue( 0): events_unbound ion_system_secure_heap_prefetch_work
01-01 00:15:37.306 I/Call trace( 0):
08-18 16:54:37.683 I/ActivityManager( 1152): Start proc 2265:com.qualcomm.qti.devicestatisticsservice/u0a76 for added application com.qualcomm.qti.devicestatisticsservice
01-01 00:15:37.306 I/ ( 0): dump_backtrace+0x0/0x258
01-01 00:15:37.306 I/ ( 0): show_stack+0x20/0x30
01-01 00:15:37.306 I/ ( 0): dump_stack+0xd8/0x12c
01-01 00:15:37.306 I/ ( 0): register_lock_class+0x4d0/0x5c8
01-01 00:15:37.306 I/ ( 0): __lock_acquire+0xbc/0x1e58
01-01 00:15:37.306 I/ ( 0): lock_acquire+0x1cc/0x218
01-01 00:15:37.306 I/ ( 0): _raw_spin_lock_irqsave+0x54/0x98
01-01 00:15:37.306 I/ ( 0): ion_system_secure_heap_prefetch_work+0x94/0x2c0
01-01 00:15:37.306 I/ ( 0): process_one_work+0x38c/0x660
01-01 00:15:37.306 I/ ( 0): worker_thread+0x268/0x4b8
01-01 00:15:37.306 I/ ( 0): kthread+0x140/0x150
01-01 00:15:37.306 I/ ( 0): ret_from_fork+0x10/0x1c
01-01 00:15:37.312 E/ ( 0): INFO: trying to register non-static key.
01-01 00:15:37.315 I/binder ( 0): 2217:2217 ioctl 40046210 7fc78c36c4 returned -22
08-18 16:54:37.683 W/ActivityManager( 1152): Slow operation: 1202ms so far, now at startProcess: starting to update pids map
01-01 00:15:37.317 D/cnss ( 0): Read register offset 0x1f8031c, val = 0x6
01-01 00:15:37.317 D/cnss ( 0): Write val 0x2 to register offset 0x1f8031c
01-01 00:15:37.317 D/cnss ( 0): Setting MHI state: INIT(0)
01-01 00:15:37.318 E/ ( 0): the code is fine but needs lockdep annotation.
01-01 00:15:37.318 I/ ( 0): CPU: 6 PID: 331 Comm: kworker/u16:9 Tainted: G S W O 4.19.157+ #1
01-01 00:15:37.318 I/Hardware name( 0): Qualcomm Technologies, Inc. kona MTP-RmPM8150b (DT)
01-01 00:15:37.318 I/Workqueue( 0): events_unbound ion_system_secure_heap_prefetch_work
01-01 00:15:37.318 I/Call trace( 0):
01-01 00:15:37.318 I/ ( 0): dump_backtrace+0x0/0x258
01-01 00:15:37.318 I/ ( 0): show_stack+0x20/0x30
01-01 00:15:37.318 I/ ( 0): dump_stack+0xd8/0x12c
08-18 16:54:37.683 W/ActivityManager( 1152): Slow operation: 1203ms so far, now at startProcess: done updating pids map
01-01 00:15:37.318 I/ ( 0): register_lock_class+0x4d0/0x5c8
01-01 00:15:37.318 I/ ( 0): __lock_acquire+0xbc/0x1e58
01-01 00:15:37.318 I/ ( 0): lock_acquire+0x1cc/0x218
01-01 00:15:37.318 I/ ( 0): _raw_spin_lock_irqsave+0x54/0x98
01-01 00:15:37.318 I/ ( 0): ion_system_secure_heap_prefetch_work+0x94/0x2c0
01-01 00:15:37.318 I/ ( 0): process_one_work+0x38c/0x660
01-01 00:15:37.318 I/ ( 0): worker_thread+0x268/0x4b8
01-01 00:15:37.318 I/ ( 0): kthread+0x140/0x150
01-01 00:15:37.318 I/ ( 0): ret_from_fork+0x10/0x1c
01-01 00:15:37.318 D/cnss ( 0): Setting MHI state: POWER_ON(2)
01-01 00:15:37.320 E/ ( 0): INFO: trying to register non-static key.
01-01 00:15:37.320 E/ ( 0): the code is fine but needs lockdep annotation.
01-01 00:15:37.320 I/ ( 0): CPU: 6 PID: 331 Comm: kworker/u16:9 Tainted: G S W O 4.19.157+ #1
08-18 16:54:37.684 W/ActivityManager( 1152): Slow operation: 1201ms so far, now at startProcess: asking zygote to start proc
01-01 00:15:37.320 I/Hardware name( 0): Qualcomm Technologies, Inc. kona MTP-RmPM8150b (DT)
01-01 00:15:37.320 I/Workqueue( 0): events_unbound ion_system_secure_heap_prefetch_work
01-01 00:15:37.320 I/Call trace( 0):
01-01 00:15:37.320 I/ ( 0): dump_backtrace+0x0/0x258
01-01 00:15:37.320 I/ ( 0): show_stack+0x20/0x30
01-01 00:15:37.320 I/ ( 0): dump_stack+0xd8/0x12c
01-01 00:15:37.320 I/ ( 0): register_lock_class+0x4d0/0x5c8
01-01 00:15:37.320 I/ ( 0): __lock_acquire+0xbc/0x1e58
01-01 00:15:37.320 I/ ( 0): lock_acquire+0x1cc/0x218
01-01 00:15:37.320 I/ ( 0): _raw_spin_lock_irqsave+0x54/0x98
01-01 00:15:37.320 I/ ( 0): ion_system_secure_heap_prefetch_work+0x94/0x2c0
01-01 00:15:37.320 I/ ( 0): process_one_work+0x38c/0x660
01-01 00:15:37.320 I/ ( 0): worker_thread+0x268/0x4b8
01-01 00:15:37.320 I/ ( 0): kthread+0x140/0x150
08-18 16:54:37.704 D/CompatibilityChangeReporter( 1152): Compat change id reported: 168419799; UID 1000; state: DISABLED
08-18 16:54:37.735 D/CompatibilityChangeReporter( 1152): Compat change id reported: 135634846; UID 10104; state: DISABLED
08-18 16:54:37.735 D/CompatibilityChangeReporter( 1152): Compat change id reported: 177438394; UID 10104; state: DISABLED
08-18 16:54:37.735 D/CompatibilityChangeReporter( 1152): Compat change id reported: 135772972; UID 10104; state: DISABLED
08-18 16:54:37.735 D/CompatibilityChangeReporter( 1152): Compat change id reported: 135754954; UID 10104; state: ENABLED
01-01 00:15:37.320 I/ ( 0): ret_from_fork+0x10/0x1c
01-01 00:15:37.323 E/ ( 0): INFO: trying to register non-static key.
01-01 00:15:37.323 E/ ( 0): the code is fine but needs lockdep annotation.
01-01 00:15:37.323 I/ ( 0): CPU: 6 PID: 331 Comm: kworker/u16:9 Tainted: G S W O 4.19.157+ #1
01-01 00:15:37.323 I/Hardware name( 0): Qualcomm Technologies, Inc. kona MTP-RmPM8150b (DT)
01-01 00:15:37.323 I/Workqueue( 0): events_unbound ion_system_secure_heap_prefetch_work
01-01 00:15:37.323 I/Call trace( 0):
01-01 00:15:37.323 I/ ( 0): dump_backtrace+0x0/0x258
01-01 00:15:37.323 I/ ( 0): show_stack+0x20/0x30
01-01 00:15:37.323 I/ ( 0): dump_stack+0xd8/0x12c
01-01 00:15:37.323 I/ ( 0): register_lock_class+0x4d0/0x5c8
01-01 00:15:37.323 I/ ( 0): __lock_acquire+0xbc/0x1e58
01-01 00:15:37.323 I/ ( 0): lock_acquire+0x1cc/0x218
01-01 00:15:37.323 I/ ( 0): _raw_spin_lock_irqsave+0x54/0x98
01-01 00:15:37.323 I/ ( 0): ion_system_secure_heap_prefetch_work+0x94/0x2c0
01-01 00:15:37.323 I/ ( 0): process_one_work+0x38c/0x660
01-01 00:15:37.323 I/ ( 0): worker_thread+0x268/0x4b8
01-01 00:15:37.323 I/ ( 0): kthread+0x140/0x150
01-01 00:15:37.323 I/ ( 0): ret_from_fork+0x10/0x1c
01-01 00:15:37.374 I/msm_vidc( 0): high: 00000001: mpg2d: Closed video instance: fffffff10ec2c000
01-01 00:15:37.387 I/binder ( 0): 2231:2231 ioctl 40046210 7fc78c36c4 returned -22
01-01 00:15:37.406 W/cnss_pci 0000( 0): 01:00.0: Falling back to syfs fallback for: qca6390/amss20.bin
01-01 00:15:37.422 E/ ( 0): INFO: trying to register non-static key.
01-01 00:15:37.427 E/ ( 0): the code is fine but needs lockdep annotation.
01-01 00:15:37.433 I/ ( 0): CPU: 6 PID: 331 Comm: kworker/u16:9 Tainted: G S W O 4.19.157+ #1
01-01 00:15:37.433 I/Hardware name( 0): Qualcomm Technologies, Inc. kona MTP-RmPM8150b (DT)
01-01 00:15:37.433 I/Workqueue( 0): events_unbound ion_system_secure_heap_prefetch_work
01-01 00:15:37.433 I/Call trace( 0):
01-01 00:15:37.433 I/ ( 0): dump_backtrace+0x0/0x258
01-01 00:15:37.433 I/ ( 0): show_stack+0x20/0x30
01-01 00:15:37.433 I/ ( 0): dump_stack+0xd8/0x12c
01-01 00:15:37.433 I/ ( 0): register_lock_class+0x4d0/0x5c8
01-01 00:15:37.433 I/ ( 0): __lock_acquire+0xbc/0x1e58
01-01 00:15:37.433 I/ ( 0): lock_acquire+0x1cc/0x218
01-01 00:15:37.433 I/ ( 0): _raw_spin_lock_irqsave+0x54/0x98
01-01 00:15:37.433 I/ ( 0): ion_system_secure_heap_prefetch_work+0x94/0x2c0
01-01 00:15:37.433 I/ ( 0): process_one_work+0x38c/0x660
01-01 00:15:37.433 I/ ( 0): worker_thread+0x268/0x4b8
01-01 00:15:37.433 I/ ( 0): kthread+0x140/0x150
01-01 00:15:37.433 I/ ( 0): ret_from_fork+0x10/0x1c
01-01 00:15:37.437 E/init ( 0): Control message: Could not find 'vendor.qti.hardware.iop@2.0::IIop/default' for ctl.interface_start from pid: 520 (/system/bin/hwservicemanager)
01-01 00:15:37.442 E/ ( 0): INFO: trying to register non-static key.
01-01 00:15:37.457 E/ ( 0): the code is fine but needs lockdep annotation.
01-01 00:15:37.463 I/ ( 0): CPU: 6 PID: 331 Comm: kworker/u16:9 Tainted: G S W O 4.19.157+ #1
01-01 00:15:37.463 I/Hardware name( 0): Qualcomm Technologies, Inc. kona MTP-RmPM8150b (DT)
01-01 00:15:37.463 I/Workqueue( 0): events_unbound ion_system_secure_heap_prefetch_work
01-01 00:15:37.463 I/Call trace( 0):
01-01 00:15:37.463 I/ ( 0): dump_backtrace+0x0/0x258
01-01 00:15:37.463 I/ ( 0): show_stack+0x20/0x30
01-01 00:15:37.463 I/ ( 0): dump_stack+0xd8/0x12c
01-01 00:15:37.463 I/ ( 0): register_lock_class+0x4d0/0x5c8
01-01 00:15:37.463 I/ ( 0): __lock_acquire+0xbc/0x1e58
01-01 00:15:37.463 I/ ( 0): lock_acquire+0x1cc/0x218
01-01 00:15:37.463 I/ ( 0): _raw_spin_lock_irqsave+0x54/0x98
08-18 16:54:37.737 D/SystemUIBootTiming( 1849): StartServicescom.android.systemui.recents.Recents took to complete: 56ms
01-01 00:15:37.463 I/ ( 0): ion_system_secure_heap_prefetch_work+0x94/0x2c0
01-01 00:15:37.463 I/ ( 0): process_one_work+0x38c/0x660
01-01 00:15:37.463 I/ ( 0): worker_thread+0x268/0x4b8
01-01 00:15:37.463 I/ ( 0): kthread+0x140/0x150
01-01 00:15:37.463 I/ ( 0): ret_from_fork+0x10/0x1c
08-18 16:54:37.775 I/DropBoxManagerService( 1152): add tag=system_app_strictmode isTagEnabled=true flags=0x2
08-18 16:54:37.777 D/CompatibilityChangeReporter( 1152): Compat change id reported: 168419799; UID 10076; state: DISABLED
08-18 16:54:37.781 I/DropBoxManagerService( 1152): add tag=system_app_strictmode isTagEnabled=true flags=0x2
01-01 00:15:37.472 E/ ( 0): INFO: trying to register non-static key.
01-01 00:15:37.477 E/ ( 0): the code is fine but needs lockdep annotation.
01-01 00:15:37.483 I/ ( 0): CPU: 6 PID: 331 Comm: kworker/u16:9 Tainted: G S W O 4.19.157+ #1
01-01 00:15:37.483 I/Hardware name( 0): Qualcomm Technologies, Inc. kona MTP-RmPM8150b (DT)
01-01 00:15:37.483 I/Workqueue( 0): events_unbound ion_system_secure_heap_prefetch_work
01-01 00:15:37.483 I/Call trace( 0):
01-01 00:15:37.483 I/ ( 0): dump_backtrace+0x0/0x258
01-01 00:15:37.483 I/ ( 0): show_stack+0x20/0x30
01-01 00:15:37.483 I/ ( 0): dump_stack+0xd8/0x12c
01-01 00:15:37.483 I/ ( 0): register_lock_class+0x4d0/0x5c8
01-01 00:15:37.483 I/ ( 0): __lock_acquire+0xbc/0x1e58
01-01 00:15:37.483 I/ ( 0): lock_acquire+0x1cc/0x218
01-01 00:15:37.483 I/ ( 0): _raw_spin_lock_irqsave+0x54/0x98
01-01 00:15:37.483 I/ ( 0): ion_system_secure_heap_prefetch_work+0x94/0x2c0
01-01 00:15:37.483 I/ ( 0): process_one_work+0x38c/0x660
01-01 00:15:37.483 I/ ( 0): worker_thread+0x268/0x4b8
01-01 00:15:37.483 I/ ( 0): kthread+0x140/0x150
01-01 00:15:37.483 I/ ( 0): ret_from_fork+0x10/0x1c
01-01 00:15:37.492 E/ ( 0): INFO: trying to register non-static key.
01-01 00:15:37.493 I/binder ( 0): 2265:2265 ioctl 40046210 7fc78c36c4 returned -22
08-18 16:54:37.782 W/ActivityManager( 1152): Slow operation: 1300ms so far, now at startProcess: returned from zygote!
08-18 16:54:37.788 I/DropBoxManagerService( 1152): add tag=system_app_strictmode isTagEnabled=true flags=0x2
08-18 16:54:37.792 W/ActivityManager( 1152): Slow operation: 1310ms so far, now at startProcess: done updating battery stats
08-18 16:54:37.792 I/Watchdog( 1152): Interesting Java process com.android.phone started. Pid 2300
08-18 16:54:37.792 W/ActivityManager( 1152): Slow operation: 1310ms so far, now at startProcess: building log message
08-18 16:54:37.793 I/ActivityManager( 1152): Start proc 2300:com.android.phone/1001 for added application com.android.phone
08-18 16:54:37.793 W/ActivityManager( 1152): Slow operation: 1310ms so far, now at startProcess: starting to update pids map
08-18 16:54:37.798 I/DropBoxManagerService( 1152): add tag=system_app_strictmode isTagEnabled=true flags=0x2
01-01 00:15:37.497 E/ ( 0): the code is fine but needs lockdep annotation.
01-01 00:15:37.497 I/ ( 0): CPU: 6 PID: 331 Comm: kworker/u16:9 Tainted: G S W O 4.19.157+ #1
01-01 00:15:37.497 I/Hardware name( 0): Qualcomm Technologies, Inc. kona MTP-RmPM8150b (DT)
01-01 00:15:37.497 I/Workqueue( 0): events_unbound ion_system_secure_heap_prefetch_work
01-01 00:15:37.497 I/Call trace( 0):
01-01 00:15:37.497 I/ ( 0): dump_backtrace+0x0/0x258
01-01 00:15:37.497 I/ ( 0): show_stack+0x20/0x30
01-01 00:15:37.497 I/ ( 0): dump_stack+0xd8/0x12c
01-01 00:15:37.497 I/ ( 0): register_lock_class+0x4d0/0x5c8
01-01 00:15:37.497 I/ ( 0): __lock_acquire+0xbc/0x1e58
01-01 00:15:37.497 I/ ( 0): lock_acquire+0x1cc/0x218
01-01 00:15:37.497 I/ ( 0): _raw_spin_lock_irqsave+0x54/0x98
01-01 00:15:37.497 I/ ( 0): ion_system_secure_heap_prefetch_work+0x94/0x2c0
01-01 00:15:37.497 I/ ( 0): process_one_work+0x38c/0x660
01-01 00:15:37.497 I/ ( 0): worker_thread+0x268/0x4b8
01-01 00:15:37.497 I/ ( 0): kthread+0x140/0x150
01-01 00:15:37.497 I/ ( 0): ret_from_fork+0x10/0x1c
01-01 00:15:37.500 I/msm_vidc( 0): high: 00000001: ....d: Opening video instance: fffffff199aa8000, 1
01-01 00:15:37.506 E/ ( 0): INFO: trying to register non-static key.
01-01 00:15:37.511 E/ ( 0): the code is fine but needs lockdep annotation.
01-01 00:15:37.517 I/ ( 0): CPU: 6 PID: 331 Comm: kworker/u16:9 Tainted: G S W O 4.19.157+ #1
01-01 00:15:37.517 I/Hardware name( 0): Qualcomm Technologies, Inc. kona MTP-RmPM8150b (DT)
01-01 00:15:37.517 I/Workqueue( 0): events_unbound ion_system_secure_heap_prefetch_work
01-01 00:15:37.517 I/Call trace( 0):
01-01 00:15:37.517 I/ ( 0): dump_backtrace+0x0/0x258
01-01 00:15:37.517 I/ ( 0): show_stack+0x20/0x30
01-01 00:15:37.517 I/ ( 0): dump_stack+0xd8/0x12c
01-01 00:15:37.517 I/ ( 0): register_lock_class+0x4d0/0x5c8
01-01 00:15:37.517 I/ ( 0): __lock_acquire+0xbc/0x1e58
01-01 00:15:37.517 I/ ( 0): lock_acquire+0x1cc/0x218
01-01 00:15:37.517 I/ ( 0): _raw_spin_lock_irqsave+0x54/0x98
01-01 00:15:37.517 I/ ( 0): ion_system_secure_heap_prefetch_work+0x94/0x2c0
01-01 00:15:37.517 I/ ( 0): process_one_work+0x38c/0x660
01-01 00:15:37.517 I/ ( 0): worker_thread+0x268/0x4b8
01-01 00:15:37.517 I/ ( 0): kthread+0x140/0x150
01-01 00:15:37.517 I/ ( 0): ret_from_fork+0x10/0x1c
01-01 00:15:37.528 E/ ( 0): INFO: trying to register non-static key.
01-01 00:15:37.529 E/ ( 0): INFO: trying to register non-static key.
01-01 00:15:37.533 E/ ( 0): the code is fine but needs lockdep annotation.
01-01 00:15:37.533 I/ ( 0): CPU: 6 PID: 331 Comm: kworker/u16:9 Tainted: G S W O 4.19.157+ #1
01-01 00:15:37.539 E/ ( 0): the code is fine but needs lockdep annotation.
01-01 00:15:37.544 I/Hardware name( 0): Qualcomm Technologies, Inc. kona MTP-RmPM8150b (DT)
01-01 00:15:37.544 I/Workqueue( 0): events_unbound ion_system_secure_heap_prefetch_work
01-01 00:15:37.550 I/Call trace( 0):
01-01 00:15:37.550 I/ ( 0): dump_backtrace+0x0/0x258
01-01 00:15:37.550 I/ ( 0): show_stack+0x20/0x30
01-01 00:15:37.550 I/ ( 0): dump_stack+0xd8/0x12c
01-01 00:15:37.550 I/ ( 0): register_lock_class+0x4d0/0x5c8
01-01 00:15:37.550 I/ ( 0): __lock_acquire+0xbc/0x1e58
01-01 00:15:37.550 I/ ( 0): lock_acquire+0x1cc/0x218
01-01 00:15:37.550 I/ ( 0): _raw_spin_lock_irqsave+0x54/0x98
01-01 00:15:37.550 I/ ( 0): ion_system_secure_heap_prefetch_work+0x94/0x2c0
01-01 00:15:37.550 I/ ( 0): process_one_work+0x38c/0x660
01-01 00:15:37.550 I/ ( 0): worker_thread+0x268/0x4b8
01-01 00:15:37.550 I/ ( 0): kthread+0x140/0x150
01-01 00:15:37.550 I/ ( 0): ret_from_fork+0x10/0x1c
01-01 00:15:37.550 I/ ( 0): CPU: 0 PID: 2293 Comm: VideoDecMsgThre Tainted: G S W O 4.19.157+ #1
01-01 00:15:37.550 I/Hardware name( 0): Qualcomm Technologies, Inc. kona MTP-RmPM8150b (DT)
01-01 00:15:37.550 I/Call trace( 0):
01-01 00:15:37.550 I/ ( 0): dump_backtrace+0x0/0x258
01-01 00:15:37.550 I/ ( 0): show_stack+0x20/0x30
01-01 00:15:37.550 I/ ( 0): dump_stack+0xd8/0x12c
01-01 00:15:37.550 I/ ( 0): register_lock_class+0x4d0/0x5c8
01-01 00:15:37.550 I/ ( 0): __lock_acquire+0xbc/0x1e58
01-01 00:15:37.550 I/ ( 0): lock_acquire+0x1cc/0x218
01-01 00:15:37.550 I/ ( 0): _raw_spin_lock_irqsave+0x54/0x98
01-01 00:15:37.550 I/ ( 0): __ion_system_secure_heap_resize+0x768/0x8c0
01-01 00:15:37.550 I/ ( 0): ion_system_secure_heap_prefetch+0x28/0x38
01-01 00:15:37.550 I/ ( 0): ion_walk_heaps+0x88/0xb8
01-01 00:15:37.550 I/ ( 0): ion_ioctl+0x1b0/0x2a8
01-01 00:15:37.550 I/ ( 0): __arm64_compat_sys_ioctl+0xf4/0x240
01-01 00:15:37.550 I/ ( 0): el0_svc_common+0xa4/0x190
01-01 00:15:37.550 I/ ( 0): el0_svc_compat_handler+0x28/0x38
01-01 00:15:37.550 I/ ( 0): el0_svc_compat+0x8/0x34
01-01 00:15:37.558 E/ ( 0): INFO: trying to register non-static key.
01-01 00:15:37.560 E/ ( 0): INFO: trying to register non-static key.
01-01 00:15:37.563 E/ ( 0): the code is fine but needs lockdep annotation.
01-01 00:15:37.568 E/ ( 0): the code is fine but needs lockdep annotation.
01-01 00:15:37.568 I/ ( 0): CPU: 6 PID: 331 Comm: kworker/u16:9 Tainted: G S W O 4.19.157+ #1
01-01 00:15:37.579 I/Hardware name( 0): Qualcomm Technologies, Inc. kona MTP-RmPM8150b (DT)
01-01 00:15:37.579 I/Workqueue( 0): events_unbound ion_system_secure_heap_prefetch_work
01-01 00:15:37.579 I/Call trace( 0):
01-01 00:15:37.579 I/ ( 0): dump_backtrace+0x0/0x258
01-01 00:15:37.579 I/ ( 0): show_stack+0x20/0x30
01-01 00:15:37.579 I/ ( 0): dump_stack+0xd8/0x12c
01-01 00:15:37.579 I/ ( 0): register_lock_class+0x4d0/0x5c8
01-01 00:15:37.579 I/ ( 0): __lock_acquire+0xbc/0x1e58
01-01 00:15:37.579 I/ ( 0): lock_acquire+0x1cc/0x218
01-01 00:15:37.579 I/ ( 0): _raw_spin_lock_irqsave+0x54/0x98
01-01 00:15:37.579 I/ ( 0): ion_system_secure_heap_prefetch_work+0x94/0x2c0
01-01 00:15:37.579 I/ ( 0): process_one_work+0x38c/0x660
01-01 00:15:37.579 I/ ( 0): worker_thread+0x268/0x4b8
01-01 00:15:37.579 I/ ( 0): kthread+0x140/0x150
01-01 00:15:37.579 I/ ( 0): ret_from_fork+0x10/0x1c
01-01 00:15:37.579 I/ ( 0): CPU: 0 PID: 1925 Comm: HwBinder:1312_3 Tainted: G S W O 4.19.157+ #1
01-01 00:15:37.579 I/Hardware name( 0): Qualcomm Technologies, Inc. kona MTP-RmPM8150b (DT)
01-01 00:15:37.579 I/Call trace( 0):
01-01 00:15:37.579 I/ ( 0): dump_backtrace+0x0/0x258
01-01 00:15:37.579 I/ ( 0): show_stack+0x20/0x30
01-01 00:15:37.579 I/ ( 0): dump_stack+0xd8/0x12c
01-01 00:15:37.579 I/ ( 0): register_lock_class+0x4d0/0x5c8
08-18 16:54:37.817 W/ActivityManager( 1152): Slow operation: 1334ms so far, now at startProcess: done updating pids map
01-01 00:15:37.579 I/ ( 0): __lock_acquire+0xbc/0x1e58
01-01 00:15:37.579 I/ ( 0): lock_acquire+0x1cc/0x218
01-01 00:15:37.579 I/ ( 0): _raw_spin_lock_irqsave+0x54/0x98
01-01 00:15:37.579 I/ ( 0): __ion_system_secure_heap_resize+0x768/0x8c0
01-01 00:15:37.579 I/ ( 0): ion_system_secure_heap_drain+0x28/0x38
01-01 00:15:37.579 I/ ( 0): ion_walk_heaps+0x88/0xb8
01-01 00:15:37.579 I/ ( 0): ion_ioctl+0x1b0/0x2a8
01-01 00:15:37.579 I/ ( 0): __arm64_compat_sys_ioctl+0xf4/0x240
01-01 00:15:37.579 I/ ( 0): el0_svc_common+0xa4/0x190
01-01 00:15:37.579 I/ ( 0): el0_svc_compat_handler+0x28/0x38
08-18 16:54:37.817 W/ActivityManager( 1152): Slow operation: 1333ms so far, now at startProcess: asking zygote to start proc
01-01 00:15:37.579 I/ ( 0): el0_svc_compat+0x8/0x34
01-01 00:15:37.585 I/msm_vidc( 0): high: 00000001: mpg2d: Closed video instance: fffffff199aa8000
08-18 16:54:37.825 I/Telecom ( 1152): MissedCallNotifierImpl: reloadFromDatabase: Boot not yet complete -- call log db may not be available. Deferring loading until boot complete for user 0: TS.init@AAA
01-01 00:15:37.589 E/ ( 0): INFO: trying to register non-static key.
01-01 00:15:37.592 I/binder ( 0): 2217:2217 ioctl 40046210 7fc78c2674 returned -22
01-01 00:15:37.594 E/ ( 0): the code is fine but needs lockdep annotation.
01-01 00:15:37.594 I/ ( 0): CPU: 6 PID: 331 Comm: kworker/u16:9 Tainted: G S W O 4.19.157+ #1
01-01 00:15:37.594 I/Hardware name( 0): Qualcomm Technologies, Inc. kona MTP-RmPM8150b (DT)
01-01 00:15:37.595 I/Workqueue( 0): events_unbound ion_system_secure_heap_prefetch_work
01-01 00:15:37.595 I/Call trace( 0):
01-01 00:15:37.595 I/ ( 0): dump_backtrace+0x0/0x258
01-01 00:15:37.595 I/ ( 0): show_stack+0x20/0x30
01-01 00:15:37.595 I/ ( 0): dump_stack+0xd8/0x12c
01-01 00:15:37.595 I/ ( 0): register_lock_class+0x4d0/0x5c8
01-01 00:15:37.595 I/ ( 0): __lock_acquire+0xbc/0x1e58
01-01 00:15:37.595 I/ ( 0): lock_acquire+0x1cc/0x218
01-01 00:15:37.595 I/ ( 0): _raw_spin_lock_irqsave+0x54/0x98
01-01 00:15:37.595 I/ ( 0): ion_system_secure_heap_prefetch_work+0x94/0x2c0
01-01 00:15:37.595 I/ ( 0): process_one_work+0x38c/0x660
01-01 00:15:37.595 I/ ( 0): worker_thread+0x268/0x4b8
01-01 00:15:37.595 I/ ( 0): kthread+0x140/0x150
01-01 00:15:37.595 I/ ( 0): ret_from_fork+0x10/0x1c
08-18 16:54:37.830 I/Telecom ( 1152): Class: TelecomSystem.INSTANCE being set
08-18 16:54:37.838 W/Looper ( 1152): Slow dispatch took 375ms main h=android.app.ActivityThread$H c=android.app.LoadedApk$ServiceDispatcher$RunConnection@21ece20 m=0
08-18 16:54:37.839 I/DropBoxManagerService( 1152): add tag=system_server_strictmode isTagEnabled=true flags=0x2
01-01 00:15:37.603 E/ ( 0): INFO: trying to register non-static key.
08-18 16:54:37.844 I/DropBoxManagerService( 1152): add tag=system_server_strictmode isTagEnabled=true flags=0x2
08-18 16:54:37.847 I/DropBoxManagerService( 1152): add tag=system_server_strictmode isTagEnabled=true flags=0x2
08-18 16:54:37.853 D/AutofillManagerService( 1152): Restriction did not change for user 0
01-01 00:15:37.608 E/ ( 0): the code is fine but needs lockdep annotation.
01-01 00:15:37.614 I/ ( 0): CPU: 6 PID: 331 Comm: kworker/u16:9 Tainted: G S W O 4.19.157+ #1
01-01 00:15:37.614 I/Hardware name( 0): Qualcomm Technologies, Inc. kona MTP-RmPM8150b (DT)
01-01 00:15:37.614 I/Workqueue( 0): events_unbound ion_system_secure_heap_prefetch_work
01-01 00:15:37.614 I/Call trace( 0):
01-01 00:15:37.614 I/ ( 0): dump_backtrace+0x0/0x258
01-01 00:15:37.614 I/ ( 0): show_stack+0x20/0x30
01-01 00:15:37.614 I/ ( 0): dump_stack+0xd8/0x12c
01-01 00:15:37.614 I/ ( 0): register_lock_class+0x4d0/0x5c8
01-01 00:15:37.614 I/ ( 0): __lock_acquire+0xbc/0x1e58
01-01 00:15:37.614 I/ ( 0): lock_acquire+0x1cc/0x218
01-01 00:15:37.614 I/ ( 0): _raw_spin_lock_irqsave+0x54/0x98
01-01 00:15:37.614 I/ ( 0): ion_system_secure_heap_prefetch_work+0x94/0x2c0
01-01 00:15:37.614 I/ ( 0): process_one_work+0x38c/0x660
01-01 00:15:37.614 I/ ( 0): worker_thread+0x268/0x4b8
01-01 00:15:37.614 I/ ( 0): kthread+0x140/0x150
01-01 00:15:37.614 I/ ( 0): ret_from_fork+0x10/0x1c
01-01 00:15:37.619 I/binder ( 0): 2300:2300 ioctl 40046210 7fc78c36c4 returned -22
01-01 00:15:37.624 E/ ( 0): INFO: trying to register non-static key.
08-18 16:54:37.862 D/BluetoothManagerService( 1152): BluetoothServiceConnection: com.android.bluetooth.btservice.AdapterService
01-01 00:15:37.629 E/ ( 0): the code is fine but needs lockdep annotation.
01-01 00:15:37.634 I/ ( 0): CPU: 6 PID: 331 Comm: kworker/u16:9 Tainted: G S W O 4.19.157+ #1
01-01 00:15:37.634 I/Hardware name( 0): Qualcomm Technologies, Inc. kona MTP-RmPM8150b (DT)
01-01 00:15:37.634 I/Workqueue( 0): events_unbound ion_system_secure_heap_prefetch_work
01-01 00:15:37.634 I/Call trace( 0):
01-01 00:15:37.634 I/ ( 0): dump_backtrace+0x0/0x258
01-01 00:15:37.634 I/ ( 0): show_stack+0x20/0x30
01-01 00:15:37.634 I/ ( 0): dump_stack+0xd8/0x12c
01-01 00:15:37.634 I/ ( 0): register_lock_class+0x4d0/0x5c8
01-01 00:15:37.634 I/ ( 0): __lock_acquire+0xbc/0x1e58
01-01 00:15:37.634 I/ ( 0): lock_acquire+0x1cc/0x218
01-01 00:15:37.634 I/ ( 0): _raw_spin_lock_irqsave+0x54/0x98
01-01 00:15:37.634 I/ ( 0): ion_system_secure_heap_prefetch_work+0x94/0x2c0
01-01 00:15:37.634 I/ ( 0): process_one_work+0x38c/0x660
01-01 00:15:37.634 I/ ( 0): worker_thread+0x268/0x4b8
01-01 00:15:37.634 I/ ( 0): kthread+0x140/0x150
01-01 00:15:37.634 I/ ( 0): ret_from_fork+0x10/0x1c
08-18 16:54:37.871 D/BluetoothManagerService( 1152): MESSAGE_BLUETOOTH_SERVICE_CONNECTED: 1
08-18 16:54:37.872 I/ConnectivityModuleConnector( 1152): Networking module service connected
01-01 00:15:37.643 E/ ( 0): INFO: trying to register non-static key.
01-01 00:15:37.648 E/ ( 0): the code is fine but needs lockdep annotation.
01-01 00:15:37.654 I/ ( 0): CPU: 6 PID: 331 Comm: kworker/u16:9 Tainted: G S W O 4.19.157+ #1
01-01 00:15:37.654 I/Hardware name( 0): Qualcomm Technologies, Inc. kona MTP-RmPM8150b (DT)
01-01 00:15:37.654 I/Workqueue( 0): events_unbound ion_system_secure_heap_prefetch_work
01-01 00:15:37.654 I/Call trace( 0):
01-01 00:15:37.654 I/ ( 0): dump_backtrace+0x0/0x258
01-01 00:15:37.654 I/ ( 0): show_stack+0x20/0x30
01-01 00:15:37.654 I/ ( 0): dump_stack+0xd8/0x12c
01-01 00:15:37.654 I/ ( 0): register_lock_class+0x4d0/0x5c8
01-01 00:15:37.654 I/ ( 0): __lock_acquire+0xbc/0x1e58
01-01 00:15:37.654 I/ ( 0): lock_acquire+0x1cc/0x218
01-01 00:15:37.654 I/ ( 0): _raw_spin_lock_irqsave+0x54/0x98
01-01 00:15:37.654 I/ ( 0): ion_system_secure_heap_prefetch_work+0x94/0x2c0
01-01 00:15:37.654 I/ ( 0): process_one_work+0x38c/0x660
01-01 00:15:37.654 I/ ( 0): worker_thread+0x268/0x4b8
01-01 00:15:37.654 I/ ( 0): kthread+0x140/0x150
01-01 00:15:37.654 I/ ( 0): ret_from_fork+0x10/0x1c
01-01 00:15:37.663 E/ ( 0): INFO: trying to register non-static key.
01-01 00:15:37.668 E/ ( 0): the code is fine but needs lockdep annotation.
08-18 16:54:37.892 D/SystemUIBootTiming( 1849): StartServicescom.android.systemui.volume.VolumeUI took to complete: 155ms
08-18 16:54:37.895 D/BluetoothManagerService( 1152): MESSAGE_INFORM_ADAPTER_SERVICE_UP
08-18 16:54:37.895 D/BluetoothManagerService( 1152): Broadcasting onBluetoothServiceUp() to 3 receivers.
01-01 00:15:37.674 I/ ( 0): CPU: 6 PID: 331 Comm: kworker/u16:9 Tainted: G S W O 4.19.157+ #1
01-01 00:15:37.674 I/Hardware name( 0): Qualcomm Technologies, Inc. kona MTP-RmPM8150b (DT)
01-01 00:15:37.674 I/Workqueue( 0): events_unbound ion_system_secure_heap_prefetch_work
01-01 00:15:37.674 I/Call trace( 0):
01-01 00:15:37.674 I/ ( 0): dump_backtrace+0x0/0x258
01-01 00:15:37.674 I/ ( 0): show_stack+0x20/0x30
01-01 00:15:37.674 I/ ( 0): dump_stack+0xd8/0x12c
01-01 00:15:37.674 I/ ( 0): register_lock_class+0x4d0/0x5c8
01-01 00:15:37.674 I/ ( 0): __lock_acquire+0xbc/0x1e58
01-01 00:15:37.674 I/ ( 0): lock_acquire+0x1cc/0x218
01-01 00:15:37.674 I/ ( 0): _raw_spin_lock_irqsave+0x54/0x98
01-01 00:15:37.674 I/ ( 0): ion_system_secure_heap_prefetch_work+0x94/0x2c0
01-01 00:15:37.674 I/ ( 0): process_one_work+0x38c/0x660
01-01 00:15:37.674 I/ ( 0): worker_thread+0x268/0x4b8
01-01 00:15:37.674 I/ ( 0): kthread+0x140/0x150
01-01 00:15:37.674 I/ ( 0): ret_from_fork+0x10/0x1c
08-18 16:54:37.911 D/BluetoothManagerService( 1152): MESSAGE_BLUETOOTH_STATE_CHANGE: OFF > BLE_TURNING_ON
08-18 16:54:37.911 D/BluetoothManagerService( 1152): Sending BLE State Change: OFF > BLE_TURNING_ON
08-18 16:54:37.923 I/Telecom ( 1152): WiredHeadsetManager: ACTION_HEADSET_PLUG event, plugged in: false, : WHC.oADA@AAE
08-18 16:54:37.923 I/ConnectivityModuleConnector( 1152): Networking module service connected
01-01 00:15:37.683 E/ ( 0): INFO: trying to register non-static key.
01-01 00:15:37.688 E/ ( 0): the code is fine but needs lockdep annotation.
01-01 00:15:37.694 I/ ( 0): CPU: 6 PID: 331 Comm: kworker/u16:9 Tainted: G S W O 4.19.157+ #1
01-01 00:15:37.694 I/Hardware name( 0): Qualcomm Technologies, Inc. kona MTP-RmPM8150b (DT)
01-01 00:15:37.694 I/Workqueue( 0): events_unbound ion_system_secure_heap_prefetch_work
01-01 00:15:37.694 I/Call trace( 0):
01-01 00:15:37.694 I/ ( 0): dump_backtrace+0x0/0x258
01-01 00:15:37.694 I/ ( 0): show_stack+0x20/0x30
01-01 00:15:37.694 I/ ( 0): dump_stack+0xd8/0x12c
01-01 00:15:37.694 I/ ( 0): register_lock_class+0x4d0/0x5c8
01-01 00:15:37.694 I/ ( 0): __lock_acquire+0xbc/0x1e58
01-01 00:15:37.694 I/ ( 0): lock_acquire+0x1cc/0x218
01-01 00:15:37.694 I/ ( 0): _raw_spin_lock_irqsave+0x54/0x98
01-01 00:15:37.694 I/ ( 0): ion_system_secure_heap_prefetch_work+0x94/0x2c0
01-01 00:15:37.694 I/ ( 0): process_one_work+0x38c/0x660
01-01 00:15:37.694 I/ ( 0): worker_thread+0x268/0x4b8
01-01 00:15:37.694 I/ ( 0): kthread+0x140/0x150
01-01 00:15:37.694 I/ ( 0): ret_from_fork+0x10/0x1c
08-18 16:54:37.936 D/CompanionDeviceManagerService( 1152): Received BT state transition broadcast: OFF -> BLE_TURNING_ON
08-18 16:54:37.942 W/NotificationHistory( 1152): Attempted to add notif for locked/gone/disabled user 0
08-18 16:54:37.944 W/Looper ( 1152): Drained
01-01 00:15:37.703 E/ ( 0): INFO: trying to register non-static key.
01-01 00:15:37.708 E/ ( 0): the code is fine but needs lockdep annotation.
01-01 00:15:37.713 I/ ( 0): CPU: 6 PID: 331 Comm: kworker/u16:9 Tainted: G S W O 4.19.157+ #1
01-01 00:15:37.713 I/Hardware name( 0): Qualcomm Technologies, Inc. kona MTP-RmPM8150b (DT)
01-01 00:15:37.713 I/Workqueue( 0): events_unbound ion_system_secure_heap_prefetch_work
01-01 00:15:37.713 I/Call trace( 0):
01-01 00:15:37.713 I/ ( 0): dump_backtrace+0x0/0x258
01-01 00:15:37.713 I/ ( 0): show_stack+0x20/0x30
01-01 00:15:37.713 I/ ( 0): dump_stack+0xd8/0x12c
01-01 00:15:37.713 I/ ( 0): register_lock_class+0x4d0/0x5c8
01-01 00:15:37.713 I/ ( 0): __lock_acquire+0xbc/0x1e58
01-01 00:15:37.713 I/ ( 0): lock_acquire+0x1cc/0x218
01-01 00:15:37.713 I/ ( 0): _raw_spin_lock_irqsave+0x54/0x98
01-01 00:15:37.713 I/ ( 0): ion_system_secure_heap_prefetch_work+0x94/0x2c0
01-01 00:15:37.713 I/ ( 0): process_one_work+0x38c/0x660
01-01 00:15:37.713 I/ ( 0): worker_thread+0x268/0x4b8
01-01 00:15:37.713 I/ ( 0): kthread+0x140/0x150
01-01 00:15:37.713 I/ ( 0): ret_from_fork+0x10/0x1c
08-18 16:54:37.947 D/CompatibilityChangeReporter( 1152): Compat change id reported: 168419799; UID 1002; state: DISABLED
01-01 00:15:37.717 I/msm_vidc( 0): high: 00000001: ....d: Opening video instance: fffffff198bd0000, 1
08-18 16:54:37.951 W/ActivityManager( 1152): Slow operation: 1467ms so far, now at startProcess: returned from zygote!
08-18 16:54:37.952 W/ActivityManager( 1152): Slow operation: 1467ms so far, now at startProcess: done updating battery stats
08-18 16:54:37.952 W/ActivityManager( 1152): Slow operation: 1467ms so far, now at startProcess: building log message
08-18 16:54:37.952 I/ActivityManager( 1152): Start proc 2339:com.qualcomm.qti.qdma/1000 for added application com.qualcomm.qti.qdma
08-18 16:54:37.952 W/ActivityManager( 1152): Slow operation: 1467ms so far, now at startProcess: starting to update pids map
08-18 16:54:37.952 W/ActivityManager( 1152): Slow operation: 1468ms so far, now at startProcess: done updating pids map
08-18 16:54:37.952 W/ActivityManager( 1152): Slow operation: 1352ms so far, now at startProcess: asking zygote to start proc
01-01 00:15:37.723 E/ ( 0): INFO: trying to register non-static key.
01-01 00:15:37.728 E/ ( 0): the code is fine but needs lockdep annotation.
01-01 00:15:37.729 I/msm_vidc( 0): high: 00000001: vp8d: Closed video instance: fffffff198bd0000
01-01 00:15:37.733 I/ ( 0): CPU: 6 PID: 331 Comm: kworker/u16:9 Tainted: G S W O 4.19.157+ #1
01-01 00:15:37.733 I/Hardware name( 0): Qualcomm Technologies, Inc. kona MTP-RmPM8150b (DT)
01-01 00:15:37.733 I/Workqueue( 0): events_unbound ion_system_secure_heap_prefetch_work
01-01 00:15:37.733 I/Call trace( 0):
01-01 00:15:37.733 I/ ( 0): dump_backtrace+0x0/0x258
01-01 00:15:37.733 I/ ( 0): show_stack+0x20/0x30
01-01 00:15:37.733 I/ ( 0): dump_stack+0xd8/0x12c
01-01 00:15:37.733 I/ ( 0): register_lock_class+0x4d0/0x5c8
01-01 00:15:37.733 I/ ( 0): __lock_acquire+0xbc/0x1e58
01-01 00:15:37.733 I/ ( 0): lock_acquire+0x1cc/0x218
01-01 00:15:37.733 I/ ( 0): _raw_spin_lock_irqsave+0x54/0x98
01-01 00:15:37.733 I/ ( 0): ion_system_secure_heap_prefetch_work+0x94/0x2c0
01-01 00:15:37.733 I/ ( 0): process_one_work+0x38c/0x660
01-01 00:15:37.733 I/ ( 0): worker_thread+0x268/0x4b8
01-01 00:15:37.733 I/ ( 0): kthread+0x140/0x150
01-01 00:15:37.733 I/ ( 0): ret_from_fork+0x10/0x1c
01-01 00:15:37.742 E/ ( 0): INFO: trying to register non-static key.
01-01 00:15:37.747 E/ ( 0): the code is fine but needs lockdep annotation.
01-01 00:15:37.753 I/ ( 0): CPU: 6 PID: 331 Comm: kworker/u16:9 Tainted: G S W O 4.19.157+ #1
01-01 00:15:37.753 I/Hardware name( 0): Qualcomm Technologies, Inc. kona MTP-RmPM8150b (DT)
01-01 00:15:37.753 I/Workqueue( 0): events_unbound ion_system_secure_heap_prefetch_work
01-01 00:15:37.753 I/Call trace( 0):
01-01 00:15:37.753 I/ ( 0): dump_backtrace+0x0/0x258
01-01 00:15:37.753 I/ ( 0): show_stack+0x20/0x30
01-01 00:15:37.753 I/ ( 0): dump_stack+0xd8/0x12c
01-01 00:15:37.753 I/ ( 0): register_lock_class+0x4d0/0x5c8
01-01 00:15:37.753 I/ ( 0): __lock_acquire+0xbc/0x1e58
01-01 00:15:37.753 I/ ( 0): lock_acquire+0x1cc/0x218
01-01 00:15:37.753 I/ ( 0): _raw_spin_lock_irqsave+0x54/0x98
01-01 00:15:37.753 I/ ( 0): ion_system_secure_heap_prefetch_work+0x94/0x2c0
01-01 00:15:37.753 I/ ( 0): process_one_work+0x38c/0x660
01-01 00:15:37.753 I/ ( 0): worker_thread+0x268/0x4b8
01-01 00:15:37.753 I/ ( 0): kthread+0x140/0x150
01-01 00:15:37.753 I/ ( 0): ret_from_fork+0x10/0x1c
01-01 00:15:37.761 E/ ( 0): INFO: trying to register non-static key.
01-01 00:15:37.766 E/ ( 0): the code is fine but needs lockdep annotation.
01-01 00:15:37.772 I/ ( 0): CPU: 6 PID: 331 Comm: kworker/u16:9 Tainted: G S W O 4.19.157+ #1
01-01 00:15:37.772 I/Hardware name( 0): Qualcomm Technologies, Inc. kona MTP-RmPM8150b (DT)
01-01 00:15:37.772 I/Workqueue( 0): events_unbound ion_system_secure_heap_prefetch_work
01-01 00:15:37.772 I/Call trace( 0):
01-01 00:15:37.772 I/ ( 0): dump_backtrace+0x0/0x258
01-01 00:15:37.772 I/ ( 0): show_stack+0x20/0x30
01-01 00:15:37.772 I/ ( 0): dump_stack+0xd8/0x12c
01-01 00:15:37.772 I/ ( 0): register_lock_class+0x4d0/0x5c8
01-01 00:15:37.772 I/ ( 0): __lock_acquire+0xbc/0x1e58
01-01 00:15:37.772 I/ ( 0): lock_acquire+0x1cc/0x218
01-01 00:15:37.772 I/ ( 0): _raw_spin_lock_irqsave+0x54/0x98
01-01 00:15:37.772 I/ ( 0): ion_system_secure_heap_prefetch_work+0x94/0x2c0
01-01 00:15:37.772 I/ ( 0): process_one_work+0x38c/0x660
01-01 00:15:37.772 I/ ( 0): worker_thread+0x268/0x4b8
01-01 00:15:37.772 I/ ( 0): kthread+0x140/0x150
01-01 00:15:37.772 I/ ( 0): ret_from_fork+0x10/0x1c
01-01 00:15:37.800 I/binder ( 0): 2339:2339 ioctl 40046210 7fc78c36c4 returned -22
08-18 16:54:38.022 W/ActivityManager( 1152): Slow operation: 1421ms so far, now at startProcess: returned from zygote!
08-18 16:54:38.022 W/ActivityManager( 1152): Slow operation: 1422ms so far, now at startProcess: done updating battery stats
08-18 16:54:38.022 W/ActivityManager( 1152): Slow operation: 1422ms so far, now at startProcess: building log message
08-18 16:54:38.022 I/ActivityManager( 1152): Start proc 2359:com.android.settings/1000 for top-activity {com.android.settings/com.android.settings.FallbackHome}
08-18 16:54:38.022 W/ActivityManager( 1152): Slow operation: 1422ms so far, now at startProcess: starting to update pids map
08-18 16:54:38.023 W/ActivityManager( 1152): Slow operation: 1422ms so far, now at startProcess: done updating pids map
08-18 16:54:38.023 W/ActivityManager( 1152): Slow operation: 1353ms so far, now at startProcess: asking zygote to start proc
08-18 16:54:38.023 D/CompatibilityChangeReporter( 1152): Compat change id reported: 143937733; UID 10140; state: ENABLED
01-01 00:15:37.819 E/bt_ioctl( 0): BT_CMD_PWR_CTRL pwr_cntrl:0
08-18 16:54:38.057 D/CompatibilityChangeReporter( 1152): Compat change id reported: 168419799; UID 1000; state: DISABLED
08-18 16:54:38.059 W/ActivityManager( 1152): Slow operation: 1390ms so far, now at startProcess: returned from zygote!
08-18 16:54:38.064 W/ActivityManager( 1152): Slow operation: 1394ms so far, now at startProcess: done updating battery stats
08-18 16:54:38.064 W/ActivityManager( 1152): Slow operation: 1394ms so far, now at startProcess: building log message
08-18 16:54:38.064 I/ActivityManager( 1152): Start proc 2376:android.ext.services/u0a140 for service {android.ext.services/android.ext.services.autofill.InlineSuggestionRenderServiceImpl}
08-18 16:54:38.064 W/ActivityManager( 1152): Slow operation: 1395ms so far, now at startProcess: starting to update pids map
08-18 16:54:38.065 W/ActivityManager( 1152): Slow operation: 1395ms so far, now at startProcess: done updating pids map
08-18 16:54:38.065 W/ActivityManager( 1152): Slow operation: 330ms so far, now at startProcess: asking zygote to start proc
08-18 16:54:38.065 D/CompatibilityChangeReporter( 1152): Compat change id reported: 143937733; UID 10104; state: ENABLED
01-01 00:15:37.824 E/bt_ioctl( 0): BT state already:0 no change done
01-01 00:15:37.833 E/bt_ioctl( 0): BT_CMD_PWR_CTRL pwr_cntrl:1
01-01 00:15:37.842 I/msm_vidc( 0): high: 00000001: ....d: Opening video instance: fffffff1140c0000, 1
01-01 00:15:37.843 I/bt_power vendor( 0): bt_qca6390: Linked as a consumer to regulator.9
01-01 00:15:37.843 E/bt_vreg_enable( 0): vreg_en successful for : qca,bt-vdd-aon
01-01 00:15:37.850 I/binder ( 0): 2359:2359 ioctl 40046210 7fc78c36c4 returned -22
01-01 00:15:37.852 I/bt_power vendor( 0): bt_qca6390: Linked as a consumer to regulator.51
01-01 00:15:37.852 E/bt_vreg_enable( 0): vreg_en successful for : qca,bt-vdd-dig
