08-18 16:57:51.976 W/ContextImpl( 1152): Calling a method in the system process without a qualified user: android.app.ContextImpl.sendStickyBroadcast:1559 com.android.server.ConnectivityService.sendStickyBroadcast:2811 com.android.server.ConnectivityService.sendGeneralBroadcast:2786 com.android.server.ConnectivityService.sendConnectedBroadcast:2759 com.android.server.ConnectivityService.sendLegacyNetworkBroadcast:8704
08-18 16:57:52.054 D/CompanionDeviceManagerService( 1152): onPackageModified(packageName = com.android.settings)
08-18 16:57:52.060 I/Telecom ( 1152): DefaultDialerCache: Refreshing default dialer for user 0: now null: DDC.oR@ADo
08-18 16:57:52.088 W/VoiceInteractionManager( 1152): no available voice recognition services found for user 0
01-01 00:18:52.522 D/ ( 0): mv2112_read_status
01-01 00:18:52.525 D/mv2112_update_link( 0): 3.0x901(1G): 0x4
01-01 00:18:52.530 D/mv2112_update_link( 0): 3.0x8109(100M): 0x8
01-01 00:18:52.535 D/mv2112_update_link( 0): link 0x4
01-01 00:18:52.539 D/mv2112_read_status( 0): autoneg is disabled
01-01 00:18:52.567 I/init ( 0): starting service 'qvrd_vndr'...
01-01 00:18:52.579 I/init ( 0): Created socket '/dev/socket/qvrservice_vndr', mode 660, user 1000, group 1000
01-01 00:18:52.594 I/init ( 0): Created socket '/dev/socket/qvrservice_vndr_camera', mode 660, user 1000, group 1000
01-01 00:18:52.616 I/init ( 0): starting service 'sxrd'...
01-01 00:18:52.633 I/init ( 0): starting service 'vendor.light-hal-2-0'...
08-18 16:57:52.878 F/linker ( 5522): CANNOT LINK EXECUTABLE "/vendor/bin/hw/sxrservice": library "vendor.qti.hardware.qxr-V1-ndk_platform.so" not found: needed by main executable
08-18 16:57:52.889 F/linker ( 5521): CANNOT LINK EXECUTABLE "/vendor/bin/hw/qvrservice": library "vendor.qti.hardware.qxr-V1-ndk_platform.so" not found: needed by /vendor/lib64/libqvrservice.so in namespace (default)
01-01 00:18:52.649 I/init ( 0): Service 'sxrd' (pid 5522) exited with status 1
01-01 00:18:52.655 I/init ( 0): Sending signal 9 to service 'sxrd' (pid 5522) process group...
01-01 00:18:52.663 I/libprocessgroup( 0): Successfully killed process cgroup uid 1000 pid 5522 in 0ms
01-01 00:18:52.672 I/init ( 0): Service 'qvrd_vndr' (pid 5521) exited with status 1
01-01 00:18:52.679 I/init ( 0): Sending signal 9 to service 'qvrd_vndr' (pid 5521) process group...
01-01 00:18:53.253 I/[schedu][0x12f537664][16:57:53.490130] wlan( 0): [2797:I:OSIF] vdev 0, scan id 40981 type COMPLETED(1) reason COMPLETED(1) scan found 53 bss
01-01 00:18:53.546 D/ ( 0): mv2112_read_status
01-01 00:18:53.549 D/mv2112_update_link( 0): 3.0x901(1G): 0x4
01-01 00:18:53.554 D/mv2112_update_link( 0): 3.0x8109(100M): 0x8
01-01 00:18:53.560 D/mv2112_update_link( 0): link 0x4
01-01 00:18:53.564 D/mv2112_read_status( 0): autoneg is disabled
08-18 16:57:53.907 E/TaskPersister( 1152): File error accessing recents directory (directory doesn't exist?).
01-01 00:18:54.485 I/afe_close( 0): port_id = 0x400e
01-01 00:18:54.496 I/btfm_slim_disable_ch( 0): port:16, grp: 0, ch->grph:0x0, ch->ch_hdl:0x1d
01-01 00:18:54.570 D/ ( 0): mv2112_read_status
01-01 00:18:54.573 D/mv2112_update_link( 0): 3.0x901(1G): 0x4
01-01 00:18:54.578 D/mv2112_update_link( 0): 3.0x8109(100M): 0x8
01-01 00:18:54.583 D/mv2112_update_link( 0): link 0x4
01-01 00:18:54.588 D/mv2112_read_status( 0): autoneg is disabled
01-01 00:18:55.594 D/ ( 0): mv2112_read_status
01-01 00:18:55.597 D/mv2112_update_link( 0): 3.0x901(1G): 0x4
01-01 00:18:55.602 D/mv2112_update_link( 0): 3.0x8109(100M): 0x8
01-01 00:18:55.607 D/mv2112_update_link( 0): link 0x4
01-01 00:18:55.612 D/mv2112_read_status( 0): autoneg is disabled
08-18 16:57:56.412 I/ActivityTaskManager( 1152): START u0 {act=android.intent.action.MAIN cmp=com.android.settings/.SubSettings (has extras)} from uid 1000
08-18 16:57:56.440 I/ActivityTaskManager( 1152): The Process com.android.settings Already Exists in BG. So sending its PID: 5347
08-18 16:57:56.445 W/ActivityTaskManager( 1152): Tried to set launchTime (0) < mLastActivityLaunchTime (249901)
01-01 00:18:56.291 I/btfm_slim_hw_init( 0): PGD Enum Addr: 00:01:20:02:17: 02
01-01 00:18:56.297 I/btfm_slim_hw_init( 0): IFD Enum Addr: 00:00:20:02:17: 02
01-01 00:18:56.303 I/btfm_slim_hw_init( 0): chipset soc version:400a0200
01-01 00:18:56.309 I/btfm_slim_hw_init( 0): chipset is hastings 2.0, overwriting EA
01-01 00:18:56.316 I/btfm_slim_hw_init( 0): PGD Enum Addr: 00:01:20:02:17: 02
01-01 00:18:56.322 I/btfm_slim_hw_init( 0): IFD Enum Addr: 00:00:20:02:17: 02
01-01 00:18:56.329 I/btfm_slim_alloc_port( 0): chipset soc version:400a0200
08-18 16:57:56.590 D/PackageManager( 1152): Instant App installer not found with android.intent.action.INSTALL_INSTANT_APP_PACKAGE
08-18 16:57:56.591 D/PackageManager( 1152): Clear ephemeral installer activity
01-01 00:18:56.351 I/btfm_slim_enable_ch( 0): chipset soc version:400a0200
01-01 00:18:56.357 I/btfm_slim_enable_ch( 0): channel define - prot:2, dataf:0, auxf:0
01-01 00:18:56.364 I/btfm_slim_enable_ch( 0): channel define - rates:44100, baser:2, ratem:4
01-01 00:18:56.372 I/btfm_slim_enable_ch( 0): slim_connect_sink(port: 16, ch: 157)
01-01 00:18:56.379 I/btfm_slim_enable_ch( 0): port: 16, ch: 157, grp: 0, ch->grph: 0x0, ch_hdl: 0x1d
01-01 00:18:56.389 I/__afe_port_start( 0): port id: 0x400e
01-01 00:18:56.393 I/afe_find_cal_topo_id_by_port( 0): port id: 0x400e, dev_acdb_id: 20
01-01 00:18:56.400 I/afe_find_cal_topo_id_by_port( 0): top_id:112fc acdb_id:20 afe_port_id:0x400e
01-01 00:18:56.409 I/afe_get_cal_topology_id( 0): port_id = 0x400e acdb_id = 20 topology_id = 0x112fc cal_type_index=8 ret=0
01-01 00:18:56.419 I/afe_send_port_topology_id( 0): AFE set topology id 0x112fc enable for port 0x400e ret 0
01-01 00:18:56.429 I/send_afe_cal_type( 0): cal_index is 0
01-01 00:18:56.433 I/send_afe_cal_type( 0): dev_acdb_id[119] is 20
01-01 00:18:56.439 I/afe_find_cal( 0): cal_index 0 port_id 0x400e port_index 119
01-01 00:18:56.445 I/afe_find_cal( 0): acdb_id 20 dev_acdb_id 20 sample_rate 48000 afe_sample_rates 44100
08-18 16:57:56.684 D/PackageManager( 1152): Instant App installer not found with android.intent.action.INSTALL_INSTANT_APP_PACKAGE
08-18 16:57:56.684 D/PackageManager( 1152): Clear ephemeral installer activity
01-01 00:18:56.454 I/afe_find_cal( 0): no matching cal_block found
01-01 00:18:56.460 E/ ( 0): send_afe_cal_type cal_block not found!!
01-01 00:18:56.460 I/[schedu][0x132ff1b1e][16:57:56.697446] wlan( 0): [2797:I:OSIF] scan start scan id 40982
01-01 00:18:56.465 I/afe_send_hw_delay( 0): port_id 0x400e rate 44100 delay_usec 0 status 0
01-01 00:18:56.618 D/ ( 0): mv2112_read_status
01-01 00:18:56.621 D/mv2112_update_link( 0): 3.0x901(1G): 0x4
01-01 00:18:56.626 D/mv2112_update_link( 0): 3.0x8109(100M): 0x8
01-01 00:18:56.631 D/mv2112_update_link( 0): link 0x4
01-01 00:18:56.635 D/mv2112_read_status( 0): autoneg is disabled
08-18 16:57:57.605 D/CompanionDeviceManagerService( 1152): onPackageModified(packageName = com.android.settings)
08-18 16:57:57.628 I/Telecom ( 1152): DefaultDialerCache: Refreshing default dialer for user 0: now null: DDC.oR@ADs
08-18 16:57:57.661 W/VoiceInteractionManager( 1152): no available voice recognition services found for user 0
01-01 00:18:57.613 I/init ( 0): starting service 'qvrd_vndr'...
01-01 00:18:57.624 I/init ( 0): Created socket '/dev/socket/qvrservice_vndr', mode 660, user 1000, group 1000
01-01 00:18:57.637 I/init ( 0): Created socket '/dev/socket/qvrservice_vndr_camera', mode 660, user 1000, group 1000
01-01 00:18:57.642 D/ ( 0): mv2112_read_status
01-01 00:18:57.650 D/mv2112_update_link( 0): 3.0x901(1G): 0x4
01-01 00:18:57.655 D/mv2112_update_link( 0): 3.0x8109(100M): 0x8
01-01 00:18:57.661 D/mv2112_update_link( 0): link 0x4
01-01 00:18:57.665 D/mv2112_read_status( 0): autoneg is disabled
01-01 00:18:57.682 I/init ( 0): starting service 'sxrd'...
08-18 16:57:57.942 F/linker ( 5552): CANNOT LINK EXECUTABLE "/vendor/bin/hw/qvrservice": library "vendor.qti.hardware.qxr-V1-ndk_platform.so" not found: needed by /vendor/lib64/libqvrservice.so in namespace (default)
01-01 00:18:57.706 I/init ( 0): starting service 'vendor.light-hal-2-0'...
01-01 00:18:57.721 I/init ( 0): Service 'qvrd_vndr' (pid 5552) exited with status 1
01-01 00:18:57.728 I/init ( 0): Sending signal 9 to service 'qvrd_vndr' (pid 5552) process group...
08-18 16:57:57.977 F/linker ( 5553): CANNOT LINK EXECUTABLE "/vendor/bin/hw/sxrservice": library "vendor.qti.hardware.qxr-V1-ndk_platform.so" not found: needed by main executable
01-01 00:18:57.736 I/libprocessgroup( 0): Successfully killed process cgroup uid 1000 pid 5552 in 0ms
01-01 00:18:57.746 I/init ( 0): Service 'sxrd' (pid 5553) exited with status 1
01-01 00:18:57.752 I/init ( 0): Sending signal 9 to service 'sxrd' (pid 5553) process group...
01-01 00:18:58.163 I/[schedu][0x134f1fd08][16:57:58.400298] wlan( 0): [2797:I:OSIF] vdev 0, scan id 40982 type COMPLETED(1) reason COMPLETED(1) scan found 46 bss
01-01 00:18:58.698 D/ ( 0): mv2112_read_status
01-01 00:18:58.701 D/mv2112_update_link( 0): 3.0x901(1G): 0x4
01-01 00:18:58.706 D/mv2112_update_link( 0): 3.0x8109(100M): 0x8
01-01 00:18:58.712 D/mv2112_update_link( 0): link 0x4
01-01 00:18:58.716 D/mv2112_read_status( 0): autoneg is disabled
08-18 16:57:59.444 E/TaskPersister( 1152): File error accessing recents directory (directory doesn't exist?).
01-01 00:18:59.722 D/ ( 0): mv2112_read_status
01-01 00:18:59.726 D/mv2112_update_link( 0): 3.0x901(1G): 0x4
01-01 00:18:59.731 D/mv2112_update_link( 0): 3.0x8109(100M): 0x8
01-01 00:18:59.736 D/mv2112_update_link( 0): link 0x4
01-01 00:18:59.740 D/mv2112_read_status( 0): autoneg is disabled
01-01 00:18:59.955 I/afe_close( 0): port_id = 0x400e
01-01 00:18:59.967 I/btfm_slim_disable_ch( 0): port:16, grp: 0, ch->grph:0x0, ch->ch_hdl:0x1d
01-01 00:19:00.746 D/ ( 0): mv2112_read_status
01-01 00:19:00.750 D/mv2112_update_link( 0): 3.0x901(1G): 0x4
01-01 00:19:00.755 D/mv2112_update_link( 0): 3.0x8109(100M): 0x8
01-01 00:19:00.760 D/mv2112_update_link( 0): link 0x4
01-01 00:19:00.764 D/mv2112_read_status( 0): autoneg is disabled
01-01 00:19:01.770 D/ ( 0): mv2112_read_status
01-01 00:19:01.773 D/mv2112_update_link( 0): 3.0x901(1G): 0x4
01-01 00:19:01.778 D/mv2112_update_link( 0): 3.0x8109(100M): 0x8
01-01 00:19:01.783 D/mv2112_update_link( 0): link 0x4
01-01 00:19:01.788 D/mv2112_read_status( 0): autoneg is disabled
08-18 16:58:02.225 W/ContextImpl( 2339): Calling a method in the system process without a qualified user: android.app.ContextImpl.stopService:1828 android.content.ContextWrapper.stopService:784 com.qualcomm.qti.qdma.app.ApplicationManager$1.run:2494 java.util.TimerThread.mainLoop:562 java.util.TimerThread.run:512
01-01 00:19:02.676 I/init ( 0): starting service 'qvrd_vndr'...
01-01 00:19:02.684 I/init ( 0): Created socket '/dev/socket/qvrservice_vndr', mode 660, user 1000, group 1000
01-01 00:19:02.695 I/init ( 0): Created socket '/dev/socket/qvrservice_vndr_camera', mode 660, user 1000, group 1000
01-01 00:19:02.719 I/init ( 0): starting service 'sxrd'...
01-01 00:19:02.733 I/init ( 0): starting service 'vendor.light-hal-2-0'...
08-18 16:58:02.998 F/linker ( 5573): CANNOT LINK EXECUTABLE "/vendor/bin/hw/sxrservice": library "vendor.qti.hardware.qxr-V1-ndk_platform.so" not found: needed by main executable
08-18 16:58:03.001 F/linker ( 5572): CANNOT LINK EXECUTABLE "/vendor/bin/hw/qvrservice": library "vendor.qti.hardware.qxr-V1-ndk_platform.so" not found: needed by /vendor/lib64/libqvrservice.so in namespace (default)
01-01 00:19:02.762 I/init ( 0): Service 'sxrd' (pid 5573) exited with status 1
01-01 00:19:02.768 I/init ( 0): Sending signal 9 to service 'sxrd' (pid 5573) process group...
01-01 00:19:02.776 I/libprocessgroup( 0): Successfully killed process cgroup uid 1000 pid 5573 in 0ms
01-01 00:19:02.787 I/init ( 0): Service 'qvrd_vndr' (pid 5572) exited with status 1
01-01 00:19:02.793 D/ ( 0): mv2112_read_status
01-01 00:19:02.797 D/mv2112_update_link( 0): 3.0x901(1G): 0x4
01-01 00:19:02.802 I/init ( 0): Sending signal 9 to service 'qvrd_vndr' (pid 5572) process group...
01-01 00:19:02.810 D/mv2112_update_link( 0): 3.0x8109(100M): 0x8
01-01 00:19:02.816 D/mv2112_update_link( 0): link 0x4
01-01 00:19:02.820 D/mv2112_read_status( 0): autoneg is disabled
01-01 00:19:03.850 D/ ( 0): mv2112_read_status
01-01 00:19:03.854 D/mv2112_update_link( 0): 3.0x901(1G): 0x4
01-01 00:19:03.859 D/mv2112_update_link( 0): 3.0x8109(100M): 0x8
01-01 00:19:03.864 D/mv2112_update_link( 0): link 0x4
01-01 00:19:03.868 D/mv2112_read_status( 0): autoneg is disabled
01-01 00:19:04.874 D/ ( 0): mv2112_read_status
01-01 00:19:04.878 D/mv2112_update_link( 0): 3.0x901(1G): 0x4
01-01 00:19:04.883 D/mv2112_update_link( 0): 3.0x8109(100M): 0x8
01-01 00:19:04.888 D/mv2112_update_link( 0): link 0x4
01-01 00:19:04.892 D/mv2112_read_status( 0): autoneg is disabled
01-01 00:19:05.898 D/ ( 0): mv2112_read_status
01-01 00:19:05.901 D/mv2112_update_link( 0): 3.0x901(1G): 0x4
01-01 00:19:05.906 D/mv2112_update_link( 0): 3.0x8109(100M): 0x8
01-01 00:19:05.912 D/mv2112_update_link( 0): link 0x4
01-01 00:19:05.916 D/mv2112_read_status( 0): autoneg is disabled
01-01 00:19:06.506 I/[schedu][0x13e7e2230][16:58:06.742982] wlan( 0): [2797:I:OSIF] scan start scan id 40983
01-01 00:19:06.922 D/ ( 0): mv2112_read_status
01-01 00:19:06.926 D/mv2112_update_link( 0): 3.0x901(1G): 0x4
01-01 00:19:06.931 D/mv2112_update_link( 0): 3.0x8109(100M): 0x8
01-01 00:19:06.936 D/mv2112_update_link( 0): link 0x4
01-01 00:19:06.940 D/mv2112_read_status( 0): autoneg is disabled
08-18 16:58:07.657 W/OverlayManager( 1152): service 'idmap' died
01-01 00:19:07.714 I/init ( 0): starting service 'qvrd_vndr'...
01-01 00:19:07.724 I/init ( 0): Created socket '/dev/socket/qvrservice_vndr', mode 660, user 1000, group 1000
01-01 00:19:07.738 I/init ( 0): Created socket '/dev/socket/qvrservice_vndr_camera', mode 660, user 1000, group 1000
01-01 00:19:07.783 I/init ( 0): starting service 'sxrd'...
08-18 16:58:08.042 F/linker ( 5579): CANNOT LINK EXECUTABLE "/vendor/bin/hw/qvrservice": library "vendor.qti.hardware.qxr-V1-ndk_platform.so" not found: needed by /vendor/lib64/libqvrservice.so in namespace (default)
01-01 00:19:07.806 I/init ( 0): starting service 'vendor.light-hal-2-0'...
01-01 00:19:07.823 I/init ( 0): Service 'qvrd_vndr' (pid 5579) exited with status 1
01-01 00:19:07.829 I/init ( 0): Sending signal 9 to service 'qvrd_vndr' (pid 5579) process group...
01-01 00:19:07.837 I/libprocessgroup( 0): Successfully killed process cgroup uid 1000 pid 5579 in 0ms
08-18 16:58:08.085 F/linker ( 5580): CANNOT LINK EXECUTABLE "/vendor/bin/hw/sxrservice": library "vendor.qti.hardware.qxr-V1-ndk_platform.so" not found: needed by main executable
01-01 00:19:07.852 I/init ( 0): Service 'sxrd' (pid 5580) exited with status 1
01-01 00:19:07.858 I/init ( 0): Sending signal 9 to service 'sxrd' (pid 5580) process group...
01-01 00:19:07.946 D/ ( 0): mv2112_read_status
01-01 00:19:07.950 D/mv2112_update_link( 0): 3.0x901(1G): 0x4
01-01 00:19:07.955 D/mv2112_update_link( 0): 3.0x8109(100M): 0x8
01-01 00:19:07.960 D/mv2112_update_link( 0): link 0x4
01-01 00:19:07.964 D/mv2112_read_status( 0): autoneg is disabled
01-01 00:19:08.368 I/[schedu][0x1409fdc96][16:58:08.605733] wlan( 0): [2797:I:OSIF] vdev 0, scan id 40983 type COMPLETED(1) reason COMPLETED(1) scan found 60 bss
01-01 00:19:08.970 D/ ( 0): mv2112_read_status
01-01 00:19:08.974 D/mv2112_update_link( 0): 3.0x901(1G): 0x4
01-01 00:19:08.979 D/mv2112_update_link( 0): 3.0x8109(100M): 0x8
01-01 00:19:08.984 D/mv2112_update_link( 0): link 0x4
01-01 00:19:08.988 D/mv2112_read_status( 0): autoneg is disabled
01-01 00:19:09.994 D/ ( 0): mv2112_read_status
01-01 00:19:09.998 D/mv2112_update_link( 0): 3.0x901(1G): 0x4
01-01 00:19:10.003 D/mv2112_update_link( 0): 3.0x8109(100M): 0x8
01-01 00:19:10.008 D/mv2112_update_link( 0): link 0x4
01-01 00:19:10.012 D/mv2112_read_status( 0): autoneg is disabled
01-01 00:19:11.018 D/ ( 0): mv2112_read_status
01-01 00:19:11.022 D/mv2112_update_link( 0): 3.0x901(1G): 0x4
01-01 00:19:11.027 D/mv2112_update_link( 0): 3.0x8109(100M): 0x8
01-01 00:19:11.032 D/mv2112_update_link( 0): link 0x4
01-01 00:19:11.036 D/mv2112_read_status( 0): autoneg is disabled
01-01 00:19:12.042 D/ ( 0): mv2112_read_status
01-01 00:19:12.046 D/mv2112_update_link( 0): 3.0x901(1G): 0x4
01-01 00:19:12.051 D/mv2112_update_link( 0): 3.0x8109(100M): 0x8
01-01 00:19:12.056 D/mv2112_update_link( 0): link 0x4
01-01 00:19:12.060 D/mv2112_read_status( 0): autoneg is disabled
01-01 00:19:12.778 I/init ( 0): starting service 'qvrd_vndr'...
01-01 00:19:12.785 I/init ( 0): Created socket '/dev/socket/qvrservice_vndr', mode 660, user 1000, group 1000
01-01 00:19:12.796 I/init ( 0): Created socket '/dev/socket/qvrservice_vndr_camera', mode 660, user 1000, group 1000
01-01 00:19:12.820 I/init ( 0): starting service 'sxrd'...
01-01 00:19:12.835 I/init ( 0): starting service 'vendor.light-hal-2-0'...
08-18 16:58:13.101 F/linker ( 5597): CANNOT LINK EXECUTABLE "/vendor/bin/hw/qvrservice": library "vendor.qti.hardware.qxr-V1-ndk_platform.so" not found: needed by /vendor/lib64/libqvrservice.so in namespace (default)
08-18 16:58:13.102 F/linker ( 5600): CANNOT LINK EXECUTABLE "/vendor/bin/hw/sxrservice": library "vendor.qti.hardware.qxr-V1-ndk_platform.so" not found: needed by main executable
01-01 00:19:12.865 I/init ( 0): Service 'qvrd_vndr' (pid 5597) exited with status 1
01-01 00:19:12.872 I/init ( 0): Sending signal 9 to service 'qvrd_vndr' (pid 5597) process group...
01-01 00:19:12.880 I/libprocessgroup( 0): Successfully killed process cgroup uid 1000 pid 5597 in 0ms
01-01 00:19:12.892 I/init ( 0): Service 'sxrd' (pid 5600) exited with status 1
01-01 00:19:12.898 I/init ( 0): Sending signal 9 to service 'sxrd' (pid 5600) process group...
01-01 00:19:13.066 D/ ( 0): mv2112_read_status
01-01 00:19:13.070 D/mv2112_update_link( 0): 3.0x901(1G): 0x4
01-01 00:19:13.075 D/mv2112_update_link( 0): 3.0x8109(100M): 0x8
01-01 00:19:13.080 D/mv2112_update_link( 0): link 0x4
01-01 00:19:13.084 D/mv2112_read_status( 0): autoneg is disabled
01-01 00:19:14.090 D/ ( 0): mv2112_read_status
01-01 00:19:14.094 D/mv2112_update_link( 0): 3.0x901(1G): 0x4
01-01 00:19:14.099 D/mv2112_update_link( 0): 3.0x8109(100M): 0x8
01-01 00:19:14.104 D/mv2112_update_link( 0): link 0x4
01-01 00:19:14.108 D/mv2112_read_status( 0): autoneg is disabled
01-01 00:19:15.114 D/ ( 0): mv2112_read_status
01-01 00:19:15.117 D/mv2112_update_link( 0): 3.0x901(1G): 0x4
01-01 00:19:15.123 D/mv2112_update_link( 0): 3.0x8109(100M): 0x8
01-01 00:19:15.128 D/mv2112_update_link( 0): link 0x4
01-01 00:19:15.132 D/mv2112_read_status( 0): autoneg is disabled
01-01 00:19:16.138 D/ ( 0): mv2112_read_status
01-01 00:19:16.141 D/mv2112_update_link( 0): 3.0x901(1G): 0x4
01-01 00:19:16.147 D/mv2112_update_link( 0): 3.0x8109(100M): 0x8
01-01 00:19:16.152 D/mv2112_update_link( 0): link 0x4
01-01 00:19:16.156 D/mv2112_read_status( 0): autoneg is disabled
01-01 00:19:16.527 I/[schedu][0x149f601a3][16:58:16.764095] wlan( 0): [2797:I:OSIF] scan start scan id 40984
01-01 00:19:17.162 D/ ( 0): mv2112_read_status
01-01 00:19:17.166 D/mv2112_update_link( 0): 3.0x901(1G): 0x4
01-01 00:19:17.171 D/mv2112_update_link( 0): 3.0x8109(100M): 0x8
01-01 00:19:17.176 D/mv2112_update_link( 0): link 0x4
01-01 00:19:17.180 D/mv2112_read_status( 0): autoneg is disabled
01-01 00:19:17.819 I/init ( 0): starting service 'qvrd_vndr'...
01-01 00:19:17.824 I/init ( 0): Created socket '/dev/socket/qvrservice_vndr', mode 660, user 1000, group 1000
01-01 00:19:17.834 I/init ( 0): Created socket '/dev/socket/qvrservice_vndr_camera', mode 660, user 1000, group 1000
01-01 00:19:17.855 I/init ( 0): starting service 'sxrd'...
01-01 00:19:17.870 I/init ( 0): starting service 'vendor.light-hal-2-0'...
08-18 16:58:18.140 F/linker ( 5609): CANNOT LINK EXECUTABLE "/vendor/bin/hw/sxrservice": library "vendor.qti.hardware.qxr-V1-ndk_platform.so" not found: needed by main executable
08-18 16:58:18.142 F/linker ( 5608): CANNOT LINK EXECUTABLE "/vendor/bin/hw/qvrservice": library "vendor.qti.hardware.qxr-V1-ndk_platform.so" not found: needed by /vendor/lib64/libqvrservice.so in namespace (default)
01-01 00:19:17.904 I/init ( 0): Service 'sxrd' (pid 5609) exited with status 1
01-01 00:19:17.910 I/init ( 0): Sending signal 9 to service 'sxrd' (pid 5609) process group...
01-01 00:19:17.918 I/libprocessgroup( 0): Successfully killed process cgroup uid 1000 pid 5609 in 0ms
01-01 00:19:17.929 I/init ( 0): Service 'qvrd_vndr' (pid 5608) exited with status 1
01-01 00:19:17.936 I/init ( 0): Sending signal 9 to service 'qvrd_vndr' (pid 5608) process group...
01-01 00:19:18.186 D/ ( 0): mv2112_read_status
01-01 00:19:18.190 D/mv2112_update_link( 0): 3.0x901(1G): 0x4
01-01 00:19:18.195 D/mv2112_update_link( 0): 3.0x8109(100M): 0x8
01-01 00:19:18.200 D/mv2112_update_link( 0): link 0x4
01-01 00:19:18.204 D/mv2112_read_status( 0): autoneg is disabled
01-01 00:19:18.233 I/[schedu][0x14be9d65a][16:58:18.470184] wlan( 0): [2797:I:OSIF] vdev 0, scan id 40984 type COMPLETED(1) reason COMPLETED(1) scan found 53 bss
01-01 00:19:19.210 D/ ( 0): mv2112_read_status
01-01 00:19:19.214 D/mv2112_update_link( 0): 3.0x901(1G): 0x4
01-01 00:19:19.219 D/mv2112_update_link( 0): 3.0x8109(100M): 0x8
01-01 00:19:19.224 D/mv2112_update_link( 0): link 0x4
01-01 00:19:19.228 D/mv2112_read_status( 0): autoneg is disabled
01-01 00:19:20.234 D/ ( 0): mv2112_read_status
01-01 00:19:20.237 D/mv2112_update_link( 0): 3.0x901(1G): 0x4
01-01 00:19:20.242 D/mv2112_update_link( 0): 3.0x8109(100M): 0x8
01-01 00:19:20.247 D/mv2112_update_link( 0): link 0x4
01-01 00:19:20.252 D/mv2112_read_status( 0): autoneg is disabled
01-01 00:19:21.258 D/ ( 0): mv2112_read_status
01-01 00:19:21.261 D/mv2112_update_link( 0): 3.0x901(1G): 0x4
01-01 00:19:21.266 D/mv2112_update_link( 0): 3.0x8109(100M): 0x8
01-01 00:19:21.271 D/mv2112_update_link( 0): link 0x4
01-01 00:19:21.276 D/mv2112_read_status( 0): autoneg is disabled
01-01 00:19:22.282 D/ ( 0): mv2112_read_status
01-01 00:19:22.286 D/mv2112_update_link( 0): 3.0x901(1G): 0x4
01-01 00:19:22.291 D/mv2112_update_link( 0): 3.0x8109(100M): 0x8
01-01 00:19:22.296 D/mv2112_update_link( 0): link 0x4
01-01 00:19:22.300 D/mv2112_read_status( 0): autoneg is disabled
01-01 00:19:22.855 I/init ( 0): starting service 'qvrd_vndr'...
01-01 00:19:22.862 I/init ( 0): Created socket '/dev/socket/qvrservice_vndr', mode 660, user 1000, group 1000
01-01 00:19:22.872 I/init ( 0): Created socket '/dev/socket/qvrservice_vndr_camera', mode 660, user 1000, group 1000
01-01 00:19:22.899 I/init ( 0): starting service 'sxrd'...
01-01 00:19:22.915 I/init ( 0): starting service 'vendor.light-hal-2-0'...
08-18 16:58:23.178 F/linker ( 5637): CANNOT LINK EXECUTABLE "/vendor/bin/hw/sxrservice": library "vendor.qti.hardware.qxr-V1-ndk_platform.so" not found: needed by main executable
08-18 16:58:23.180 F/linker ( 5636): CANNOT LINK EXECUTABLE "/vendor/bin/hw/qvrservice": library "vendor.qti.hardware.qxr-V1-ndk_platform.so" not found: needed by /vendor/lib64/libqvrservice.so in namespace (default)
01-01 00:19:22.942 I/init ( 0): Service 'sxrd' (pid 5637) exited with status 1
01-01 00:19:22.948 I/init ( 0): Sending signal 9 to service 'sxrd' (pid 5637) process group...
01-01 00:19:22.956 I/libprocessgroup( 0): Successfully killed process cgroup uid 1000 pid 5637 in 0ms
01-01 00:19:22.967 I/init ( 0): Service 'qvrd_vndr' (pid 5636) exited with status 1
01-01 00:19:22.974 I/init ( 0): Sending signal 9 to service 'qvrd_vndr' (pid 5636) process group...
01-01 00:19:23.306 D/ ( 0): mv2112_read_status
01-01 00:19:23.310 D/mv2112_update_link( 0): 3.0x901(1G): 0x4
01-01 00:19:23.315 D/mv2112_update_link( 0): 3.0x8109(100M): 0x8
01-01 00:19:23.320 D/mv2112_update_link( 0): link 0x4
01-01 00:19:23.324 D/mv2112_read_status( 0): autoneg is disabled
01-01 00:19:24.330 D/ ( 0): mv2112_read_status
01-01 00:19:24.333 D/mv2112_update_link( 0): 3.0x901(1G): 0x4
01-01 00:19:24.338 D/mv2112_update_link( 0): 3.0x8109(100M): 0x8
01-01 00:19:24.343 D/mv2112_update_link( 0): link 0x4
01-01 00:19:24.348 D/mv2112_read_status( 0): autoneg is disabled
01-01 00:19:25.354 D/ ( 0): mv2112_read_status
01-01 00:19:25.357 D/mv2112_update_link( 0): 3.0x901(1G): 0x4
01-01 00:19:25.362 D/mv2112_update_link( 0): 3.0x8109(100M): 0x8
01-01 00:19:25.367 D/mv2112_update_link( 0): link 0x4
01-01 00:19:25.372 D/mv2112_read_status( 0): autoneg is disabled
01-01 00:19:26.378 D/ ( 0): mv2112_read_status
01-01 00:19:26.382 D/mv2112_update_link( 0): 3.0x901(1G): 0x4
01-01 00:19:26.387 D/mv2112_update_link( 0): 3.0x8109(100M): 0x8
01-01 00:19:26.392 D/mv2112_update_link( 0): link 0x4
01-01 00:19:26.396 D/mv2112_read_status( 0): autoneg is disabled
01-01 00:19:26.570 I/[schedu][0x155747dd9][16:58:26.807776] wlan( 0): [2797:I:OSIF] scan start scan id 40985
01-01 00:19:27.402 D/ ( 0): mv2112_read_status
01-01 00:19:27.405 D/mv2112_update_link( 0): 3.0x901(1G): 0x4
01-01 00:19:27.410 D/mv2112_update_link( 0): 3.0x8109(100M): 0x8
01-01 00:19:27.415 D/mv2112_update_link( 0): link 0x4
01-01 00:19:27.420 D/mv2112_read_status( 0): autoneg is disabled
01-01 00:19:27.897 I/init ( 0): starting service 'qvrd_vndr'...
01-01 00:19:27.903 I/init ( 0): Created socket '/dev/socket/qvrservice_vndr', mode 660, user 1000, group 1000
01-01 00:19:27.913 I/init ( 0): Created socket '/dev/socket/qvrservice_vndr_camera', mode 660, user 1000, group 1000
01-01 00:19:27.938 I/init ( 0): starting service 'sxrd'...
01-01 00:19:27.956 I/init ( 0): starting service 'vendor.light-hal-2-0'...
08-18 16:58:28.222 F/linker ( 5649): CANNOT LINK EXECUTABLE "/vendor/bin/hw/sxrservice": library "vendor.qti.hardware.qxr-V1-ndk_platform.so" not found: needed by main executable
08-18 16:58:28.224 F/linker ( 5648): CANNOT LINK EXECUTABLE "/vendor/bin/hw/qvrservice": library "vendor.qti.hardware.qxr-V1-ndk_platform.so" not found: needed by /vendor/lib64/libqvrservice.so in namespace (default)
01-01 00:19:27.987 I/init ( 0): Service 'sxrd' (pid 5649) exited with status 1
01-01 00:19:27.993 I/init ( 0): Sending signal 9 to service 'sxrd' (pid 5649) process group...
01-01 00:19:28.001 I/libprocessgroup( 0): Successfully killed process cgroup uid 1000 pid 5649 in 0ms
01-01 00:19:28.011 I/init ( 0): Service 'qvrd_vndr' (pid 5648) exited with status 1
01-01 00:19:28.018 I/init ( 0): Sending signal 9 to service 'qvrd_vndr' (pid 5648) process group...
01-01 00:19:28.279 I/[schedu][0x1576904d6][16:58:28.516242] wlan( 0): [2797:I:OSIF] vdev 0, scan id 40985 type COMPLETED(1) reason COMPLETED(1) scan found 51 bss
01-01 00:19:28.426 D/ ( 0): mv2112_read_status
01-01 00:19:28.430 D/mv2112_update_link( 0): 3.0x901(1G): 0x4
01-01 00:19:28.435 D/mv2112_update_link( 0): 3.0x8109(100M): 0x8
01-01 00:19:28.440 D/mv2112_update_link( 0): link 0x4
01-01 00:19:28.444 D/mv2112_read_status( 0): autoneg is disabled
01-01 00:19:29.450 D/ ( 0): mv2112_read_status
01-01 00:19:29.454 D/mv2112_update_link( 0): 3.0x901(1G): 0x4
01-01 00:19:29.459 D/mv2112_update_link( 0): 3.0x8109(100M): 0x8
01-01 00:19:29.464 D/mv2112_update_link( 0): link 0x4
01-01 00:19:29.468 D/mv2112_read_status( 0): autoneg is disabled
01-01 00:19:30.474 D/ ( 0): mv2112_read_status
01-01 00:19:30.478 D/mv2112_update_link( 0): 3.0x901(1G): 0x4
01-01 00:19:30.483 D/mv2112_update_link( 0): 3.0x8109(100M): 0x8
01-01 00:19:30.488 D/mv2112_update_link( 0): link 0x4
01-01 00:19:30.492 D/mv2112_read_status( 0): autoneg is disabled
01-01 00:19:31.498 D/ ( 0): mv2112_read_status
01-01 00:19:31.502 D/mv2112_update_link( 0): 3.0x901(1G): 0x4
01-01 00:19:31.507 D/mv2112_update_link( 0): 3.0x8109(100M): 0x8
01-01 00:19:31.512 D/mv2112_update_link( 0): link 0x4
01-01 00:19:31.516 D/mv2112_read_status( 0): autoneg is disabled
01-01 00:19:32.522 D/ ( 0): mv2112_read_status
01-01 00:19:32.525 D/mv2112_update_link( 0): 3.0x901(1G): 0x4
01-01 00:19:32.530 D/mv2112_update_link( 0): 3.0x8109(100M): 0x8
01-01 00:19:32.536 D/mv2112_update_link( 0): link 0x4
01-01 00:19:32.540 D/mv2112_read_status( 0): autoneg is disabled
01-01 00:19:32.937 I/init ( 0): starting service 'qvrd_vndr'...
01-01 00:19:32.944 I/init ( 0): Created socket '/dev/socket/qvrservice_vndr', mode 660, user 1000, group 1000
01-01 00:19:32.954 I/init ( 0): Created socket '/dev/socket/qvrservice_vndr_camera', mode 660, user 1000, group 1000
01-01 00:19:32.978 I/init ( 0): starting service 'sxrd'...
01-01 00:19:32.997 I/init ( 0): starting service 'vendor.light-hal-2-0'...
08-18 16:58:33.275 F/linker ( 5664): CANNOT LINK EXECUTABLE "/vendor/bin/hw/sxrservice": library "vendor.qti.hardware.qxr-V1-ndk_platform.so" not found: needed by main executable
08-18 16:58:33.279 F/linker ( 5663): CANNOT LINK EXECUTABLE "/vendor/bin/hw/qvrservice": library "vendor.qti.hardware.qxr-V1-ndk_platform.so" not found: needed by /vendor/lib64/libqvrservice.so in namespace (default)
01-01 00:19:33.039 I/init ( 0): Service 'sxrd' (pid 5664) exited with status 1
01-01 00:19:33.046 I/init ( 0): Sending signal 9 to service 'sxrd' (pid 5664) process group...
01-01 00:19:33.054 I/libprocessgroup( 0): Successfully killed process cgroup uid 1000 pid 5664 in 0ms
01-01 00:19:33.064 I/init ( 0): Service 'qvrd_vndr' (pid 5663) exited with status 1
01-01 00:19:33.070 I/init ( 0): Sending signal 9 to service 'qvrd_vndr' (pid 5663) process group...
01-01 00:19:33.546 D/ ( 0): mv2112_read_status
01-01 00:19:33.550 D/mv2112_update_link( 0): 3.0x901(1G): 0x4
01-01 00:19:33.555 D/mv2112_update_link( 0): 3.0x8109(100M): 0x8
01-01 00:19:33.560 D/mv2112_update_link( 0): link 0x4
01-01 00:19:33.564 D/mv2112_read_status( 0): autoneg is disabled
01-01 00:19:34.570 D/ ( 0): mv2112_read_status
01-01 00:19:34.574 D/mv2112_update_link( 0): 3.0x901(1G): 0x4
01-01 00:19:34.579 D/mv2112_update_link( 0): 3.0x8109(100M): 0x8
01-01 00:19:34.584 D/mv2112_update_link( 0): link 0x4
01-01 00:19:34.588 D/mv2112_read_status( 0): autoneg is disabled
01-01 00:19:35.594 D/ ( 0): mv2112_read_status
01-01 00:19:35.598 D/mv2112_update_link( 0): 3.0x901(1G): 0x4
01-01 00:19:35.603 D/mv2112_update_link( 0): 3.0x8109(100M): 0x8
01-01 00:19:35.608 D/mv2112_update_link( 0): link 0x4
01-01 00:19:35.612 D/mv2112_read_status( 0): autoneg is disabled
01-01 00:19:36.591 I/[schedu][0x160ec1aab][16:58:36.828002] wlan( 0): [2797:I:OSIF] scan start scan id 40986
01-01 00:19:36.618 D/ ( 0): mv2112_read_status
01-01 00:19:36.621 D/mv2112_update_link( 0): 3.0x901(1G): 0x4
01-01 00:19:36.626 D/mv2112_update_link( 0): 3.0x8109(100M): 0x8
01-01 00:19:36.632 D/mv2112_update_link( 0): link 0x4
01-01 00:19:36.636 D/mv2112_read_status( 0): autoneg is disabled
01-01 00:19:37.642 D/ ( 0): mv2112_read_status
01-01 00:19:37.645 D/mv2112_update_link( 0): 3.0x901(1G): 0x4
01-01 00:19:37.650 D/mv2112_update_link( 0): 3.0x8109(100M): 0x8
01-01 00:19:37.656 D/mv2112_update_link( 0): link 0x4
01-01 00:19:37.660 D/mv2112_read_status( 0): autoneg is disabled
01-01 00:19:37.979 I/init ( 0): starting service 'qvrd_vndr'...
01-01 00:19:37.987 I/init ( 0): Created socket '/dev/socket/qvrservice_vndr', mode 660, user 1000, group 1000
01-01 00:19:37.997 I/init ( 0): Created socket '/dev/socket/qvrservice_vndr_camera', mode 660, user 1000, group 1000
01-01 00:19:38.021 I/init ( 0): starting service 'sxrd'...
01-01 00:19:38.036 I/init ( 0): starting service 'vendor.light-hal-2-0'...
08-18 16:58:38.301 F/linker ( 5678): CANNOT LINK EXECUTABLE "/vendor/bin/hw/sxrservice": library "vendor.qti.hardware.qxr-V1-ndk_platform.so" not found: needed by main executable
08-18 16:58:38.301 F/linker ( 5677): CANNOT LINK EXECUTABLE "/vendor/bin/hw/qvrservice": library "vendor.qti.hardware.qxr-V1-ndk_platform.so" not found: needed by /vendor/lib64/libqvrservice.so in namespace (default)
01-01 00:19:38.065 I/init ( 0): Service 'sxrd' (pid 5678) exited with status 1
01-01 00:19:38.071 I/init ( 0): Sending signal 9 to service 'sxrd' (pid 5678) process group...
01-01 00:19:38.079 I/libprocessgroup( 0): Successfully killed process cgroup uid 1000 pid 5678 in 0ms
01-01 00:19:38.090 I/init ( 0): Service 'qvrd_vndr' (pid 5677) exited with status 1
01-01 00:19:38.096 I/init ( 0): Sending signal 9 to service 'qvrd_vndr' (pid 5677) process group...
01-01 00:19:38.391 I/[schedu][0x162fb6cfd][16:58:38.627924] wlan( 0): [2797:I:OSIF] vdev 0, scan id 40986 type COMPLETED(1) reason COMPLETED(1) scan found 56 bss
01-01 00:19:38.666 D/ ( 0): mv2112_read_status
01-01 00:19:38.670 D/mv2112_update_link( 0): 3.0x901(1G): 0x4
01-01 00:19:38.675 D/mv2112_update_link( 0): 3.0x8109(100M): 0x8
01-01 00:19:38.680 D/mv2112_update_link( 0): link 0x4
01-01 00:19:38.684 D/mv2112_read_status( 0): autoneg is disabled
01-01 00:19:39.690 D/ ( 0): mv2112_read_status
01-01 00:19:39.693 D/mv2112_update_link( 0): 3.0x901(1G): 0x4
01-01 00:19:39.698 D/mv2112_update_link( 0): 3.0x8109(100M): 0x8
01-01 00:19:39.703 D/mv2112_update_link( 0): link 0x4
01-01 00:19:39.708 D/mv2112_read_status( 0): autoneg is disabled
01-01 00:19:40.714 D/ ( 0): mv2112_read_status
01-01 00:19:40.718 D/mv2112_update_link( 0): 3.0x901(1G): 0x4
01-01 00:19:40.723 D/mv2112_update_link( 0): 3.0x8109(100M): 0x8
01-01 00:19:40.728 D/mv2112_update_link( 0): link 0x4
01-01 00:19:40.732 D/mv2112_read_status( 0): autoneg is disabled
01-01 00:19:41.738 D/ ( 0): mv2112_read_status
01-01 00:19:41.742 D/mv2112_update_link( 0): 3.0x901(1G): 0x4
01-01 00:19:41.747 D/mv2112_update_link( 0): 3.0x8109(100M): 0x8
01-01 00:19:41.752 D/mv2112_update_link( 0): link 0x4
01-01 00:19:41.756 D/mv2112_read_status( 0): autoneg is disabled
01-01 00:19:42.762 D/ ( 0): mv2112_read_status
01-01 00:19:42.765 D/mv2112_update_link( 0): 3.0x901(1G): 0x4
01-01 00:19:42.770 D/mv2112_update_link( 0): 3.0x8109(100M): 0x8
01-01 00:19:42.775 D/mv2112_update_link( 0): link 0x4
01-01 00:19:42.780 D/mv2112_read_status( 0): autoneg is disabled
01-01 00:19:43.020 I/init ( 0): starting service 'qvrd_vndr'...
01-01 00:19:43.026 I/init ( 0): Created socket '/dev/socket/qvrservice_vndr', mode 660, user 1000, group 1000
01-01 00:19:43.035 I/init ( 0): Created socket '/dev/socket/qvrservice_vndr_camera', mode 660, user 1000, group 1000
01-01 00:19:43.058 I/init ( 0): starting service 'sxrd'...
01-01 00:19:43.073 I/init ( 0): starting service 'vendor.light-hal-2-0'...
08-18 16:58:43.341 F/linker ( 5694): CANNOT LINK EXECUTABLE "/vendor/bin/hw/sxrservice": library "vendor.qti.hardware.qxr-V1-ndk_platform.so" not found: needed by main executable
08-18 16:58:43.342 F/linker ( 5693): CANNOT LINK EXECUTABLE "/vendor/bin/hw/qvrservice": library "vendor.qti.hardware.qxr-V1-ndk_platform.so" not found: needed by /vendor/lib64/libqvrservice.so in namespace (default)
01-01 00:19:43.105 I/init ( 0): Service 'sxrd' (pid 5694) exited with status 1
01-01 00:19:43.111 I/init ( 0): Sending signal 9 to service 'sxrd' (pid 5694) process group...
01-01 00:19:43.119 I/libprocessgroup( 0): Successfully killed process cgroup uid 1000 pid 5694 in 0ms
01-01 00:19:43.129 I/init ( 0): Service 'qvrd_vndr' (pid 5693) exited with status 1
01-01 00:19:43.136 I/init ( 0): Sending signal 9 to service 'qvrd_vndr' (pid 5693) process group...
01-01 00:19:43.786 D/ ( 0): mv2112_read_status
01-01 00:19:43.790 D/mv2112_update_link( 0): 3.0x901(1G): 0x4
01-01 00:19:43.795 D/mv2112_update_link( 0): 3.0x8109(100M): 0x8
01-01 00:19:43.800 D/mv2112_update_link( 0): link 0x4
01-01 00:19:43.804 D/mv2112_read_status( 0): autoneg is disabled
01-01 00:19:44.810 D/ ( 0): mv2112_read_status
01-01 00:19:44.813 D/mv2112_update_link( 0): 3.0x901(1G): 0x4
01-01 00:19:44.818 D/mv2112_update_link( 0): 3.0x8109(100M): 0x8
01-01 00:19:44.823 D/mv2112_update_link( 0): link 0x4
01-01 00:19:44.828 D/mv2112_read_status( 0): autoneg is disabled
01-01 00:19:45.834 D/ ( 0): mv2112_read_status
01-01 00:19:45.837 D/mv2112_update_link( 0): 3.0x901(1G): 0x4
01-01 00:19:45.843 D/mv2112_update_link( 0): 3.0x8109(100M): 0x8
01-01 00:19:45.848 D/mv2112_update_link( 0): link 0x4
01-01 00:19:45.852 D/mv2112_read_status( 0): autoneg is disabled
01-01 00:19:46.621 I/[schedu][0x16c669bbd][16:58:46.858096] wlan( 0): [2797:I:OSIF] scan start scan id 40987
01-01 00:19:46.858 D/ ( 0): mv2112_read_status
01-01 00:19:46.861 D/mv2112_update_link( 0): 3.0x901(1G): 0x4
01-01 00:19:46.866 D/mv2112_update_link( 0): 3.0x8109(100M): 0x8
01-01 00:19:46.872 D/mv2112_update_link( 0): link 0x4
01-01 00:19:46.876 D/mv2112_read_status( 0): autoneg is disabled
01-01 00:19:47.882 D/ ( 0): mv2112_read_status
01-01 00:19:47.885 D/mv2112_update_link( 0): 3.0x901(1G): 0x4
01-01 00:19:47.890 D/mv2112_update_link( 0): 3.0x8109(100M): 0x8
01-01 00:19:47.896 D/mv2112_update_link( 0): link 0x4
01-01 00:19:47.900 D/mv2112_read_status( 0): autoneg is disabled
01-01 00:19:48.058 I/init ( 0): starting service 'qvrd_vndr'...
01-01 00:19:48.065 I/init ( 0): Created socket '/dev/socket/qvrservice_vndr', mode 660, user 1000, group 1000
01-01 00:19:48.076 I/init ( 0): Created socket '/dev/socket/qvrservice_vndr_camera', mode 660, user 1000, group 1000
01-01 00:19:48.101 I/init ( 0): starting service 'sxrd'...
01-01 00:19:48.118 I/init ( 0): starting service 'vendor.light-hal-2-0'...
08-18 16:58:48.381 F/linker ( 5703): CANNOT LINK EXECUTABLE "/vendor/bin/hw/qvrservice": library "vendor.qti.hardware.qxr-V1-ndk_platform.so" not found: needed by /vendor/lib64/libqvrservice.so in namespace (default)
08-18 16:58:48.381 F/linker ( 5704): CANNOT LINK EXECUTABLE "/vendor/bin/hw/sxrservice": library "vendor.qti.hardware.qxr-V1-ndk_platform.so" not found: needed by main executable
01-01 00:19:48.146 I/init ( 0): Service 'qvrd_vndr' (pid 5703) exited with status 1
01-01 00:19:48.152 I/init ( 0): Sending signal 9 to service 'qvrd_vndr' (pid 5703) process group...
01-01 00:19:48.161 I/libprocessgroup( 0): Successfully killed process cgroup uid 1000 pid 5703 in 0ms
01-01 00:19:48.171 I/init ( 0): Service 'sxrd' (pid 5704) exited with status 1
01-01 00:19:48.177 I/init ( 0): Sending signal 9 to service 'sxrd' (pid 5704) process group...
01-01 00:19:48.466 I/[schedu][0x16e8324e5][16:58:48.703125] wlan( 0): [2797:I:OSIF] vdev 0, scan id 40987 type COMPLETED(1) reason COMPLETED(1) scan found 50 bss
01-01 00:19:48.906 D/ ( 0): mv2112_read_status
01-01 00:19:48.910 D/mv2112_update_link( 0): 3.0x901(1G): 0x4
01-01 00:19:48.915 D/mv2112_update_link( 0): 3.0x8109(100M): 0x8
01-01 00:19:48.920 D/mv2112_update_link( 0): link 0x4
01-01 00:19:48.924 D/mv2112_read_status( 0): autoneg is disabled
08-18 16:58:49.389 V/DisplayPowerController[0]( 1152): Brightness [0.05] reason changing to: 'manual [ dim ]', previous reason: 'manual'.
08-18 16:58:49.406 E/DisplayDeviceConfig( 1152): requesting nits when no mapping exists.
08-18 16:58:49.407 E/DisplayDeviceConfig( 1152): requesting nits when no mapping exists.
08-18 16:58:49.412 I/DropBoxManagerService( 1152): add tag=system_server_wtf isTagEnabled=true flags=0x2
08-18 16:58:49.421 E/DisplayDeviceConfig( 1152): requesting nits when no mapping exists.
08-18 16:58:49.421 E/DisplayDeviceConfig( 1152): requesting nits when no mapping exists.
08-18 16:58:49.423 I/DropBoxManagerService( 1152): add tag=system_server_wtf isTagEnabled=true flags=0x2
08-18 16:58:49.429 I/DropBoxManagerService( 1152): add tag=system_server_wtf isTagEnabled=true flags=0x2
08-18 16:58:49.436 I/DropBoxManagerService( 1152): add tag=system_server_wtf isTagEnabled=true flags=0x2
08-18 16:58:49.438 E/DisplayDeviceConfig( 1152): requesting nits when no mapping exists.
08-18 16:58:49.438 E/DisplayDeviceConfig( 1152): requesting nits when no mapping exists.
08-18 16:58:49.440 I/DropBoxManagerService( 1152): add tag=system_server_wtf isTagEnabled=true flags=0x2
08-18 16:58:49.454 E/DisplayDeviceConfig( 1152): requesting nits when no mapping exists.
08-18 16:58:49.454 E/DisplayDeviceConfig( 1152): requesting nits when no mapping exists.
08-18 16:58:49.471 E/DisplayDeviceConfig( 1152): requesting nits when no mapping exists.
08-18 16:58:49.471 E/DisplayDeviceConfig( 1152): requesting nits when no mapping exists.
08-18 16:58:49.488 E/DisplayDeviceConfig( 1152): requesting nits when no mapping exists.
08-18 16:58:49.488 E/DisplayDeviceConfig( 1152): requesting nits when no mapping exists.
08-18 16:58:49.504 E/DisplayDeviceConfig( 1152): requesting nits when no mapping exists.
08-18 16:58:49.505 E/DisplayDeviceConfig( 1152): requesting nits when no mapping exists.
08-18 16:58:49.522 E/DisplayDeviceConfig( 1152): requesting nits when no mapping exists.
08-18 16:58:49.523 E/DisplayDeviceConfig( 1152): requesting nits when no mapping exists.
08-18 16:58:49.537 E/DisplayDeviceConfig( 1152): requesting nits when no mapping exists.
08-18 16:58:49.538 E/DisplayDeviceConfig( 1152): requesting nits when no mapping exists.
08-18 16:58:49.555 E/DisplayDeviceConfig( 1152): requesting nits when no mapping exists.
08-18 16:58:49.557 E/DisplayDeviceConfig( 1152): requesting nits when no mapping exists.
08-18 16:58:49.571 E/DisplayDeviceConfig( 1152): requesting nits when no mapping exists.
08-18 16:58:49.571 E/DisplayDeviceConfig( 1152): requesting nits when no mapping exists.
08-18 16:58:49.587 E/DisplayDeviceConfig( 1152): requesting nits when no mapping exists.
08-18 16:58:49.588 E/DisplayDeviceConfig( 1152): requesting nits when no mapping exists.
08-18 16:58:49.604 E/DisplayDeviceConfig( 1152): requesting nits when no mapping exists.
08-18 16:58:49.605 E/DisplayDeviceConfig( 1152): requesting nits when no mapping exists.
08-18 16:58:49.621 E/DisplayDeviceConfig( 1152): requesting nits when no mapping exists.
08-18 16:58:49.622 E/DisplayDeviceConfig( 1152): requesting nits when no mapping exists.
08-18 16:58:49.638 E/DisplayDeviceConfig( 1152): requesting nits when no mapping exists.
08-18 16:58:49.639 E/DisplayDeviceConfig( 1152): requesting nits when no mapping exists.
08-18 16:58:49.654 E/DisplayDeviceConfig( 1152): requesting nits when no mapping exists.
08-18 16:58:49.655 E/DisplayDeviceConfig( 1152): requesting nits when no mapping exists.
08-18 16:58:49.671 E/DisplayDeviceConfig( 1152): requesting nits when no mapping exists.
08-18 16:58:49.671 E/DisplayDeviceConfig( 1152): requesting nits when no mapping exists.
08-18 16:58:49.688 E/DisplayDeviceConfig( 1152): requesting nits when no mapping exists.
08-18 16:58:49.688 E/DisplayDeviceConfig( 1152): requesting nits when no mapping exists.
08-18 16:58:49.704 E/DisplayDeviceConfig( 1152): requesting nits when no mapping exists.
08-18 16:58:49.706 E/DisplayDeviceConfig( 1152): requesting nits when no mapping exists.
08-18 16:58:49.721 E/DisplayDeviceConfig( 1152): requesting nits when no mapping exists.
08-18 16:58:49.722 E/DisplayDeviceConfig( 1152): requesting nits when no mapping exists.
08-18 16:58:49.738 E/DisplayDeviceConfig( 1152): requesting nits when no mapping exists.
08-18 16:58:49.738 E/DisplayDeviceConfig( 1152): requesting nits when no mapping exists.
08-18 16:58:49.755 E/DisplayDeviceConfig( 1152): requesting nits when no mapping exists.
08-18 16:58:49.756 E/DisplayDeviceConfig( 1152): requesting nits when no mapping exists.
08-18 16:58:49.771 E/DisplayDeviceConfig( 1152): requesting nits when no mapping exists.
08-18 16:58:49.772 E/DisplayDeviceConfig( 1152): requesting nits when no mapping exists.
08-18 16:58:49.788 E/DisplayDeviceConfig( 1152): requesting nits when no mapping exists.
08-18 16:58:49.789 E/DisplayDeviceConfig( 1152): requesting nits when no mapping exists.
08-18 16:58:49.805 E/DisplayDeviceConfig( 1152): requesting nits when no mapping exists.
08-18 16:58:49.805 E/DisplayDeviceConfig( 1152): requesting nits when no mapping exists.
08-18 16:58:49.821 E/DisplayDeviceConfig( 1152): requesting nits when no mapping exists.
08-18 16:58:49.822 E/DisplayDeviceConfig( 1152): requesting nits when no mapping exists.
08-18 16:58:49.839 E/DisplayDeviceConfig( 1152): requesting nits when no mapping exists.
08-18 16:58:49.839 E/DisplayDeviceConfig( 1152): requesting nits when no mapping exists.
08-18 16:58:49.855 E/DisplayDeviceConfig( 1152): requesting nits when no mapping exists.
08-18 16:58:49.856 E/DisplayDeviceConfig( 1152): requesting nits when no mapping exists.
08-18 16:58:49.872 E/DisplayDeviceConfig( 1152): requesting nits when no mapping exists.
08-18 16:58:49.872 E/DisplayDeviceConfig( 1152): requesting nits when no mapping exists.
08-18 16:58:49.888 E/DisplayDeviceConfig( 1152): requesting nits when no mapping exists.
08-18 16:58:49.890 E/DisplayDeviceConfig( 1152): requesting nits when no mapping exists.
01-01 00:19:49.930 D/ ( 0): mv2112_read_status
01-01 00:19:49.933 D/mv2112_update_link( 0): 3.0x901(1G): 0x4
01-01 00:19:49.938 D/mv2112_update_link( 0): 3.0x8109(100M): 0x8
01-01 00:19:49.944 D/mv2112_update_link( 0): link 0x4
01-01 00:19:49.948 D/mv2112_read_status( 0): autoneg is disabled
01-01 00:19:50.954 D/ ( 0): mv2112_read_status
01-01 00:19:50.958 D/mv2112_update_link( 0): 3.0x901(1G): 0x4
01-01 00:19:50.963 D/mv2112_update_link( 0): 3.0x8109(100M): 0x8
01-01 00:19:50.968 D/mv2112_update_link( 0): link 0x4
01-01 00:19:50.972 D/mv2112_read_status( 0): autoneg is disabled
01-01 00:19:51.978 D/ ( 0): mv2112_read_status
01-01 00:19:51.982 D/mv2112_update_link( 0): 3.0x901(1G): 0x4
01-01 00:19:51.987 D/mv2112_update_link( 0): 3.0x8109(100M): 0x8
01-01 00:19:51.992 D/mv2112_update_link( 0): link 0x4
01-01 00:19:51.996 D/mv2112_read_status( 0): autoneg is disabled
01-01 00:19:53.002 D/ ( 0): mv2112_read_status
01-01 00:19:53.005 D/mv2112_update_link( 0): 3.0x901(1G): 0x4
01-01 00:19:53.010 D/mv2112_update_link( 0): 3.0x8109(100M): 0x8
01-01 00:19:53.015 D/mv2112_update_link( 0): link 0x4
01-01 00:19:53.020 D/mv2112_read_status( 0): autoneg is disabled
01-01 00:19:53.101 I/init ( 0): starting service 'qvrd_vndr'...
01-01 00:19:53.111 I/init ( 0): Created socket '/dev/socket/qvrservice_vndr', mode 660, user 1000, group 1000
01-01 00:19:53.122 I/init ( 0): Created socket '/dev/socket/qvrservice_vndr_camera', mode 660, user 1000, group 1000
01-01 00:19:53.167 I/init ( 0): starting service 'sxrd'...
08-18 16:58:53.424 F/linker ( 5719): CANNOT LINK EXECUTABLE "/vendor/bin/hw/qvrservice": library "vendor.qti.hardware.qxr-V1-ndk_platform.so" not found: needed by /vendor/lib64/libqvrservice.so in namespace (default)
01-01 00:19:53.187 I/init ( 0): starting service 'vendor.light-hal-2-0'...
01-01 00:19:53.204 I/init ( 0): Service 'qvrd_vndr' (pid 5719) exited with status 1
01-01 00:19:53.210 I/init ( 0): Sending signal 9 to service 'qvrd_vndr' (pid 5719) process group...
01-01 00:19:53.219 I/libprocessgroup( 0): Successfully killed process cgroup uid 1000 pid 5719 in 0ms
08-18 16:58:53.476 F/linker ( 5720): CANNOT LINK EXECUTABLE "/vendor/bin/hw/sxrservice": library "vendor.qti.hardware.qxr-V1-ndk_platform.so" not found: needed by main executable
01-01 00:19:53.241 I/init ( 0): Service 'sxrd' (pid 5720) exited with status 1
01-01 00:19:53.247 I/init ( 0): Sending signal 9 to service 'sxrd' (pid 5720) process group...
01-01 00:19:54.026 D/ ( 0): mv2112_read_status
01-01 00:19:54.029 D/mv2112_update_link( 0): 3.0x901(1G): 0x4
01-01 00:19:54.034 D/mv2112_update_link( 0): 3.0x8109(100M): 0x8
01-01 00:19:54.040 D/mv2112_update_link( 0): link 0x4
01-01 00:19:54.044 D/mv2112_read_status( 0): autoneg is disabled
01-01 00:19:55.050 D/ ( 0): mv2112_read_status
01-01 00:19:55.053 D/mv2112_update_link( 0): 3.0x901(1G): 0x4
01-01 00:19:55.058 D/mv2112_update_link( 0): 3.0x8109(100M): 0x8
01-01 00:19:55.063 D/mv2112_update_link( 0): link 0x4
01-01 00:19:55.068 D/mv2112_read_status( 0): autoneg is disabled
01-01 00:19:56.074 D/ ( 0): mv2112_read_status
01-01 00:19:56.077 D/mv2112_update_link( 0): 3.0x901(1G): 0x4
01-01 00:19:56.082 D/mv2112_update_link( 0): 3.0x8109(100M): 0x8
01-01 00:19:56.088 D/mv2112_update_link( 0): link 0x4
01-01 00:19:56.092 D/mv2112_read_status( 0): autoneg is disabled
08-18 16:58:56.379 I/PowerManagerService( 1152): Napping display group (groupId=0, uid=1000)...
08-18 16:58:56.379 I/PowerManagerService( 1152): Nap time (uid 1000)...
08-18 16:58:56.385 I/DreamManagerService( 1152): Entering dreamland.
08-18 16:58:56.391 I/PowerManagerService( 1152): Dreaming...
08-18 16:58:56.407 I/DreamController( 1152): Starting dream: name=ComponentInfo{com.android.deskclock/com.android.deskclock.Screensaver}, isTest=false, canDoze=false, userId=0
08-18 16:58:56.422 D/AutofillManagerService( 1152): Close system dialogs
08-18 16:58:56.435 I/ActivityTaskManager( 1152): START u0 {flg=0x10000000 pkg=com.android.deskclock cmp=com.android.deskclock/android.service.dreams.DreamActivity (has extras)} from uid 10096
08-18 16:58:56.442 D/CompatibilityChangeReporter( 1152): Compat change id reported: 184838306; UID 10096; state: DISABLED
08-18 16:58:56.444 D/CompatibilityChangeReporter( 1152): Compat change id reported: 185004937; UID 10096; state: DISABLED
08-18 16:58:56.445 D/CompatibilityChangeReporter( 1152): Compat change id reported: 181136395; UID 10096; state: DISABLED
08-18 16:58:56.446 D/CompatibilityChangeReporter( 1152): Compat change id reported: 174042936; UID 10096; state: DISABLED
08-18 16:58:56.447 D/CompatibilityChangeReporter( 1152): Compat change id reported: 174042980; UID 10096; state: DISABLED
08-18 16:58:56.449 W/ActivityTaskManager( 1152): Can't find TaskDisplayArea to determine support for multi window. Task id=20 attached=false
08-18 16:58:56.457 V/SplashScreenExceptionList( 1152): SplashScreen checking exception for package com.android.deskclock (target sdk:29) -> false
08-18 16:58:56.468 I/ActivityTaskManager( 1152): The Process com.android.deskclock Already Exists in BG. So sending its PID: 2743
08-18 16:58:56.511 W/WindowManager( 1152): Failed looking up window session=Session{59bb89a 2743:u0a10096} callers=com.android.server.wm.WindowManagerService.windowForClientLocked:5626 com.android.server.wm.Session.insetsModified:629 android.view.IWindowSession$Stub.onTransact:1151
01-01 00:19:56.363 I/binder ( 0): 2743:5726 ioctl 40046210 7adc5841f4 returned -22
08-18 16:58:56.669 V/DisplayPowerController[0]( 1152): Brightness [0.39763778] reason changing to: 'manual', previous reason: 'manual [ dim ]'.
