01-01 00:26:17.054 I/binder ( 0): 1152:1660 ioctl 400c620e 7a343825d8 returned -22
01-01 00:26:17.068 I/binder ( 0): 1152:1660 ioctl c00c620f 7a343825b8 returned -22
08-18 17:05:17.305 D/ActivityManager( 1152): froze 4270 com.qualcomm.qti.qms.service.trustzoneaccess
08-18 17:05:17.312 E/ActivityManager( 1152): Unable to freeze binder for 4270 com.qualcomm.qti.qms.service.trustzoneaccess
08-18 17:05:17.316 I/ActivityManager( 1152): Killing 4270:com.qualcomm.qti.qms.service.trustzoneaccess/u0a65 (adj 945): Unable to freeze binder interface
01-01 00:26:17.706 D/ ( 0): mv2112_read_status
01-01 00:26:17.710 D/mv2112_update_link( 0): 3.0x901(1G): 0x80
01-01 00:26:17.715 D/mv2112_update_link( 0): 3.0x8109(100M): 0x0
01-01 00:26:17.720 D/mv2112_update_link( 0): link 0x0
01-01 00:26:17.724 D/mv2112_read_status( 0): autoneg is disabled
01-01 00:26:18.730 D/ ( 0): mv2112_read_status
01-01 00:26:18.734 D/mv2112_update_link( 0): 3.0x901(1G): 0x80
01-01 00:26:18.739 D/mv2112_update_link( 0): 3.0x8109(100M): 0x0
01-01 00:26:18.744 D/mv2112_update_link( 0): link 0x0
01-01 00:26:18.748 D/mv2112_read_status( 0): autoneg is disabled
01-01 00:26:19.754 D/ ( 0): mv2112_read_status
01-01 00:26:19.757 D/mv2112_update_link( 0): 3.0x901(1G): 0x80
01-01 00:26:19.763 D/mv2112_update_link( 0): 3.0x8109(100M): 0x0
01-01 00:26:19.768 D/mv2112_update_link( 0): link 0x0
01-01 00:26:19.772 D/mv2112_read_status( 0): autoneg is disabled
01-01 00:26:19.786 I/[schedu][0x32e57d38c][17:05:20.023640] wlan( 0): [2797:I:OSIF] scan start scan id 41009
01-01 00:26:20.778 D/ ( 0): mv2112_read_status
01-01 00:26:20.781 D/mv2112_update_link( 0): 3.0x901(1G): 0x80
01-01 00:26:20.787 D/mv2112_update_link( 0): 3.0x8109(100M): 0x0
01-01 00:26:20.792 D/mv2112_update_link( 0): link 0x0
01-01 00:26:20.796 D/mv2112_read_status( 0): autoneg is disabled
01-01 00:26:21.537 I/[schedu][0x3305898ef][17:05:21.773897] wlan( 0): [2797:I:OSIF] vdev 0, scan id 41009 type COMPLETED(1) reason COMPLETED(1) scan found 58 bss
01-01 00:26:21.713 I/init ( 0): starting service 'qvrd_vndr'...
01-01 00:26:21.719 I/init ( 0): Created socket '/dev/socket/qvrservice_vndr', mode 660, user 1000, group 1000
01-01 00:26:21.730 I/init ( 0): Created socket '/dev/socket/qvrservice_vndr_camera', mode 660, user 1000, group 1000
01-01 00:26:21.753 I/init ( 0): starting service 'sxrd'...
01-01 00:26:21.771 I/init ( 0): starting service 'vendor.light-hal-2-0'...
08-18 17:05:22.039 F/linker ( 7214): CANNOT LINK EXECUTABLE "/vendor/bin/hw/sxrservice": library "vendor.qti.hardware.qxr-V1-ndk_platform.so" not found: needed by main executable
08-18 17:05:22.040 F/linker ( 7213): CANNOT LINK EXECUTABLE "/vendor/bin/hw/qvrservice": library "vendor.qti.hardware.qxr-V1-ndk_platform.so" not found: needed by /vendor/lib64/libqvrservice.so in namespace (default)
01-01 00:26:21.801 D/ ( 0): mv2112_read_status
01-01 00:26:21.803 I/init ( 0): Service 'sxrd' (pid 7214) exited with status 1
01-01 00:26:21.805 D/mv2112_update_link( 0): 3.0x901(1G): 0x80
01-01 00:26:21.811 I/init ( 0): Sending signal 9 to service 'sxrd' (pid 7214) process group...
01-01 00:26:21.816 D/mv2112_update_link( 0): 3.0x8109(100M): 0x0
01-01 00:26:21.824 I/libprocessgroup( 0): Successfully killed process cgroup uid 1000 pid 7214 in 0ms
01-01 00:26:21.828 D/mv2112_update_link( 0): link 0x0
01-01 00:26:21.840 I/init ( 0): Service 'qvrd_vndr' (pid 7213) exited with status 1
01-01 00:26:21.841 D/mv2112_read_status( 0): autoneg is disabled
01-01 00:26:21.848 I/init ( 0): Sending signal 9 to service 'qvrd_vndr' (pid 7213) process group...
01-01 00:26:22.858 D/ ( 0): mv2112_read_status
01-01 00:26:22.861 D/mv2112_update_link( 0): 3.0x901(1G): 0x80
01-01 00:26:22.866 D/mv2112_update_link( 0): 3.0x8109(100M): 0x0
01-01 00:26:22.872 D/mv2112_update_link( 0): link 0x0
01-01 00:26:22.876 D/mv2112_read_status( 0): autoneg is disabled
01-01 00:26:23.882 D/ ( 0): mv2112_read_status
01-01 00:26:23.886 D/mv2112_update_link( 0): 3.0x901(1G): 0x80
01-01 00:26:23.891 D/mv2112_update_link( 0): 3.0x8109(100M): 0x0
01-01 00:26:23.896 D/mv2112_update_link( 0): link 0x0
01-01 00:26:23.900 D/mv2112_read_status( 0): autoneg is disabled
01-01 00:26:24.906 D/ ( 0): mv2112_read_status
01-01 00:26:24.909 D/mv2112_update_link( 0): 3.0x901(1G): 0x80
01-01 00:26:24.915 D/mv2112_update_link( 0): 3.0x8109(100M): 0x0
01-01 00:26:24.920 D/mv2112_update_link( 0): link 0x0
01-01 00:26:24.924 D/mv2112_read_status( 0): autoneg is disabled
01-01 00:26:25.930 D/ ( 0): mv2112_read_status
01-01 00:26:25.933 D/mv2112_update_link( 0): 3.0x901(1G): 0x80
01-01 00:26:25.939 D/mv2112_update_link( 0): 3.0x8109(100M): 0x0
01-01 00:26:25.944 D/mv2112_update_link( 0): link 0x0
01-01 00:26:25.948 D/mv2112_read_status( 0): autoneg is disabled
01-01 00:26:26.755 I/init ( 0): starting service 'qvrd_vndr'...
01-01 00:26:26.762 I/init ( 0): Created socket '/dev/socket/qvrservice_vndr', mode 660, user 1000, group 1000
01-01 00:26:26.772 I/init ( 0): Created socket '/dev/socket/qvrservice_vndr_camera', mode 660, user 1000, group 1000
01-01 00:26:26.800 I/init ( 0): starting service 'sxrd'...
01-01 00:26:26.820 I/init ( 0): starting service 'vendor.light-hal-2-0'...
08-18 17:05:27.081 F/linker ( 7217): CANNOT LINK EXECUTABLE "/vendor/bin/hw/qvrservice": library "vendor.qti.hardware.qxr-V1-ndk_platform.so" not found: needed by /vendor/lib64/libqvrservice.so in namespace (default)
08-18 17:05:27.082 F/linker ( 7218): CANNOT LINK EXECUTABLE "/vendor/bin/hw/sxrservice": library "vendor.qti.hardware.qxr-V1-ndk_platform.so" not found: needed by main executable
01-01 00:26:26.845 I/init ( 0): Service 'qvrd_vndr' (pid 7217) exited with status 1
01-01 00:26:26.852 I/init ( 0): Sending signal 9 to service 'qvrd_vndr' (pid 7217) process group...
01-01 00:26:26.860 I/libprocessgroup( 0): Successfully killed process cgroup uid 1000 pid 7217 in 0ms
01-01 00:26:26.872 I/init ( 0): Service 'sxrd' (pid 7218) exited with status 1
01-01 00:26:26.878 I/init ( 0): Sending signal 9 to service 'sxrd' (pid 7218) process group...
01-01 00:26:26.954 D/ ( 0): mv2112_read_status
01-01 00:26:26.957 D/mv2112_update_link( 0): 3.0x901(1G): 0x80
01-01 00:26:26.963 D/mv2112_update_link( 0): 3.0x8109(100M): 0x0
01-01 00:26:26.968 D/mv2112_update_link( 0): link 0x0
01-01 00:26:26.972 D/mv2112_read_status( 0): autoneg is disabled
01-01 00:26:27.978 D/ ( 0): mv2112_read_status
01-01 00:26:27.981 D/mv2112_update_link( 0): 3.0x901(1G): 0x80
01-01 00:26:27.987 D/mv2112_update_link( 0): 3.0x8109(100M): 0x0
01-01 00:26:27.992 D/mv2112_update_link( 0): link 0x0
01-01 00:26:27.996 D/mv2112_read_status( 0): autoneg is disabled
01-01 00:26:29.002 D/ ( 0): mv2112_read_status
01-01 00:26:29.005 D/mv2112_update_link( 0): 3.0x901(1G): 0x80
01-01 00:26:29.011 D/mv2112_update_link( 0): 3.0x8109(100M): 0x0
01-01 00:26:29.016 D/mv2112_update_link( 0): link 0x0
01-01 00:26:29.020 D/mv2112_read_status( 0): autoneg is disabled
01-01 00:26:29.818 I/[schedu][0x339d2ca73][17:05:30.055306] wlan( 0): [2797:I:OSIF] scan start scan id 41010
01-01 00:26:30.026 D/ ( 0): mv2112_read_status
01-01 00:26:30.029 D/mv2112_update_link( 0): 3.0x901(1G): 0x80
01-01 00:26:30.035 D/mv2112_update_link( 0): 3.0x8109(100M): 0x0
01-01 00:26:30.040 D/mv2112_update_link( 0): link 0x0
01-01 00:26:30.044 D/mv2112_read_status( 0): autoneg is disabled
01-01 00:26:31.050 D/ ( 0): mv2112_read_status
01-01 00:26:31.053 D/mv2112_update_link( 0): 3.0x901(1G): 0x80
01-01 00:26:31.058 D/mv2112_update_link( 0): 3.0x8109(100M): 0x0
01-01 00:26:31.063 D/mv2112_update_link( 0): link 0x0
01-01 00:26:31.067 D/mv2112_read_status( 0): autoneg is disabled
01-01 00:26:31.579 I/[schedu][0x33bd6c5bd][17:05:31.816521] wlan( 0): [2797:I:OSIF] vdev 0, scan id 41010 type COMPLETED(1) reason COMPLETED(1) scan found 54 bss
01-01 00:26:31.797 I/init ( 0): starting service 'qvrd_vndr'...
01-01 00:26:31.804 I/init ( 0): Created socket '/dev/socket/qvrservice_vndr', mode 660, user 1000, group 1000
01-01 00:26:31.814 I/init ( 0): Created socket '/dev/socket/qvrservice_vndr_camera', mode 660, user 1000, group 1000
01-01 00:26:31.839 I/init ( 0): starting service 'sxrd'...
01-01 00:26:31.858 I/init ( 0): starting service 'vendor.light-hal-2-0'...
08-18 17:05:32.120 F/linker ( 7220): CANNOT LINK EXECUTABLE "/vendor/bin/hw/qvrservice": library "vendor.qti.hardware.qxr-V1-ndk_platform.so" not found: needed by /vendor/lib64/libqvrservice.so in namespace (default)
08-18 17:05:32.120 F/linker ( 7221): CANNOT LINK EXECUTABLE "/vendor/bin/hw/sxrservice": library "vendor.qti.hardware.qxr-V1-ndk_platform.so" not found: needed by main executable
01-01 00:26:31.884 I/init ( 0): Service 'qvrd_vndr' (pid 7220) exited with status 1
01-01 00:26:31.891 I/init ( 0): Sending signal 9 to service 'qvrd_vndr' (pid 7220) process group...
01-01 00:26:31.899 I/libprocessgroup( 0): Successfully killed process cgroup uid 1000 pid 7220 in 0ms
01-01 00:26:31.909 I/init ( 0): Service 'sxrd' (pid 7221) exited with status 1
01-01 00:26:31.915 I/init ( 0): Sending signal 9 to service 'sxrd' (pid 7221) process group...
01-01 00:26:32.074 D/ ( 0): mv2112_read_status
01-01 00:26:32.078 D/mv2112_update_link( 0): 3.0x901(1G): 0x80
01-01 00:26:32.083 D/mv2112_update_link( 0): 3.0x8109(100M): 0x0
01-01 00:26:32.088 D/mv2112_update_link( 0): link 0x0
01-01 00:26:32.092 D/mv2112_read_status( 0): autoneg is disabled
01-01 00:26:33.098 D/ ( 0): mv2112_read_status
01-01 00:26:33.101 D/mv2112_update_link( 0): 3.0x901(1G): 0x80
01-01 00:26:33.106 D/mv2112_update_link( 0): 3.0x8109(100M): 0x0
01-01 00:26:33.112 D/mv2112_update_link( 0): link 0x0
01-01 00:26:33.116 D/mv2112_read_status( 0): autoneg is disabled
01-01 00:26:34.122 D/ ( 0): mv2112_read_status
01-01 00:26:34.125 D/mv2112_update_link( 0): 3.0x901(1G): 0x80
01-01 00:26:34.131 D/mv2112_update_link( 0): 3.0x8109(100M): 0x0
01-01 00:26:34.136 D/mv2112_update_link( 0): link 0x0
01-01 00:26:34.140 D/mv2112_read_status( 0): autoneg is disabled
01-01 00:26:35.146 D/ ( 0): mv2112_read_status
01-01 00:26:35.149 D/mv2112_update_link( 0): 3.0x901(1G): 0x80
01-01 00:26:35.155 D/mv2112_update_link( 0): 3.0x8109(100M): 0x0
01-01 00:26:35.160 D/mv2112_update_link( 0): link 0x0
01-01 00:26:35.164 D/mv2112_read_status( 0): autoneg is disabled
01-01 00:26:36.170 D/ ( 0): mv2112_read_status
01-01 00:26:36.174 D/mv2112_update_link( 0): 3.0x901(1G): 0x80
01-01 00:26:36.179 D/mv2112_update_link( 0): 3.0x8109(100M): 0x0
01-01 00:26:36.184 D/mv2112_update_link( 0): link 0x0
01-01 00:26:36.188 D/mv2112_read_status( 0): autoneg is disabled
01-01 00:26:36.840 I/init ( 0): starting service 'qvrd_vndr'...
01-01 00:26:36.847 I/init ( 0): Created socket '/dev/socket/qvrservice_vndr', mode 660, user 1000, group 1000
01-01 00:26:36.858 I/init ( 0): Created socket '/dev/socket/qvrservice_vndr_camera', mode 660, user 1000, group 1000
01-01 00:26:36.887 I/init ( 0): starting service 'sxrd'...
08-18 17:05:37.127 I/DropBoxManagerService( 1152): add tag=system_app_strictmode isTagEnabled=true flags=0x2
01-01 00:26:36.906 I/init ( 0): starting service 'vendor.light-hal-2-0'...
08-18 17:05:37.170 F/linker ( 7223): CANNOT LINK EXECUTABLE "/vendor/bin/hw/qvrservice": library "vendor.qti.hardware.qxr-V1-ndk_platform.so" not found: needed by /vendor/lib64/libqvrservice.so in namespace (default)
08-18 17:05:37.176 D/AutofillManagerService( 1152): Close system dialogs
08-18 17:05:37.180 F/linker ( 7224): CANNOT LINK EXECUTABLE "/vendor/bin/hw/sxrservice": library "vendor.qti.hardware.qxr-V1-ndk_platform.so" not found: needed by main executable
01-01 00:26:36.934 I/init ( 0): Service 'qvrd_vndr' (pid 7223) exited with status 1
01-01 00:26:36.941 I/init ( 0): Sending signal 9 to service 'qvrd_vndr' (pid 7223) process group...
01-01 00:26:36.950 I/libprocessgroup( 0): Successfully killed process cgroup uid 1000 pid 7223 in 0ms
01-01 00:26:36.960 I/init ( 0): Service 'sxrd' (pid 7224) exited with status 1
01-01 00:26:36.966 I/init ( 0): Sending signal 9 to service 'sxrd' (pid 7224) process group...
01-01 00:26:37.194 D/ ( 0): mv2112_read_status
01-01 00:26:37.197 D/mv2112_update_link( 0): 3.0x901(1G): 0x80
01-01 00:26:37.202 D/mv2112_update_link( 0): 3.0x8109(100M): 0x0
01-01 00:26:37.207 D/mv2112_update_link( 0): link 0x0
01-01 00:26:37.211 D/mv2112_read_status( 0): autoneg is disabled
08-18 17:05:37.848 W/UsageStatsService( 1152): Unexpected activity event reported! (com.android.launcher3/com.android.launcher3.uioverrides.QuickstepLauncher event : 23 instanceId : 247322192)
08-18 17:05:38.416 V/DeadZone( 1849): consuming errant click: (1466.0,8.0)
08-18 17:05:38.419 V/DeadZone( 1849): consuming errant click: (1466.0,8.0)
01-01 00:26:38.218 D/ ( 0): mv2112_read_status
01-01 00:26:38.221 D/mv2112_update_link( 0): 3.0x901(1G): 0x80
01-01 00:26:38.226 D/mv2112_update_link( 0): 3.0x8109(100M): 0x0
01-01 00:26:38.232 D/mv2112_update_link( 0): link 0x0
01-01 00:26:38.236 D/mv2112_read_status( 0): autoneg is disabled
01-01 00:26:39.242 D/ ( 0): mv2112_read_status
01-01 00:26:39.245 D/mv2112_update_link( 0): 3.0x901(1G): 0x80
01-01 00:26:39.251 D/mv2112_update_link( 0): 3.0x8109(100M): 0x0
01-01 00:26:39.256 D/mv2112_update_link( 0): link 0x0
01-01 00:26:39.260 D/mv2112_read_status( 0): autoneg is disabled
08-18 17:05:39.644 I/DropBoxManagerService( 1152): add tag=system_app_strictmode isTagEnabled=true flags=0x2
08-18 17:05:39.684 D/AutofillManagerService( 1152): Close system dialogs
01-01 00:26:39.822 I/[schedu][0x345458732][17:05:40.058887] wlan( 0): [2797:I:OSIF] scan start scan id 41011
01-01 00:26:40.265 D/ ( 0): mv2112_read_status
01-01 00:26:40.269 D/mv2112_update_link( 0): 3.0x901(1G): 0x80
01-01 00:26:40.274 D/mv2112_update_link( 0): 3.0x8109(100M): 0x0
01-01 00:26:40.279 D/mv2112_update_link( 0): link 0x0
01-01 00:26:40.283 D/mv2112_read_status( 0): autoneg is disabled
01-01 00:26:41.290 D/ ( 0): mv2112_read_status
01-01 00:26:41.294 D/mv2112_update_link( 0): 3.0x901(1G): 0x80
01-01 00:26:41.299 D/mv2112_update_link( 0): 3.0x8109(100M): 0x0
01-01 00:26:41.304 D/mv2112_update_link( 0): link 0x0
01-01 00:26:41.308 D/mv2112_read_status( 0): autoneg is disabled
01-01 00:26:41.543 I/[schedu][0x3473df5e5][17:05:41.780683] wlan( 0): [2797:I:OSIF] vdev 0, scan id 41011 type COMPLETED(1) reason COMPLETED(1) scan found 52 bss
01-01 00:26:41.886 I/init ( 0): starting service 'qvrd_vndr'...
01-01 00:26:41.892 I/init ( 0): Created socket '/dev/socket/qvrservice_vndr', mode 660, user 1000, group 1000
01-01 00:26:41.901 I/init ( 0): Created socket '/dev/socket/qvrservice_vndr_camera', mode 660, user 1000, group 1000
01-01 00:26:41.924 I/init ( 0): starting service 'sxrd'...
01-01 00:26:41.938 I/init ( 0): starting service 'vendor.light-hal-2-0'...
08-18 17:05:42.184 F/linker ( 7235): CANNOT LINK EXECUTABLE "/vendor/bin/hw/qvrservice": library "vendor.qti.hardware.qxr-V1-ndk_platform.so" not found: needed by /vendor/lib64/libqvrservice.so in namespace (default)
01-01 00:26:41.953 I/init ( 0): Service 'qvrd_vndr' (pid 7235) exited with status 1
01-01 00:26:41.960 I/init ( 0): Sending signal 9 to service 'qvrd_vndr' (pid 7235) process group...
01-01 00:26:41.968 I/libprocessgroup( 0): Successfully killed process cgroup uid 1000 pid 7235 in 0ms
08-18 17:05:42.216 F/linker ( 7236): CANNOT LINK EXECUTABLE "/vendor/bin/hw/sxrservice": library "vendor.qti.hardware.qxr-V1-ndk_platform.so" not found: needed by main executable
01-01 00:26:41.980 I/init ( 0): Service 'sxrd' (pid 7236) exited with status 1
01-01 00:26:41.986 I/init ( 0): Sending signal 9 to service 'sxrd' (pid 7236) process group...
01-01 00:26:42.314 D/ ( 0): mv2112_read_status
01-01 00:26:42.317 D/mv2112_update_link( 0): 3.0x901(1G): 0x80
01-01 00:26:42.323 D/mv2112_update_link( 0): 3.0x8109(100M): 0x0
01-01 00:26:42.328 D/mv2112_update_link( 0): link 0x0
01-01 00:26:42.332 D/mv2112_read_status( 0): autoneg is disabled
01-01 00:26:43.337 D/ ( 0): mv2112_read_status
01-01 00:26:43.341 D/mv2112_update_link( 0): 3.0x901(1G): 0x80
01-01 00:26:43.346 D/mv2112_update_link( 0): 3.0x8109(100M): 0x0
01-01 00:26:43.351 D/mv2112_update_link( 0): link 0x0
01-01 00:26:43.355 D/mv2112_read_status( 0): autoneg is disabled
01-01 00:26:44.362 D/ ( 0): mv2112_read_status
01-01 00:26:44.365 D/mv2112_update_link( 0): 3.0x901(1G): 0x80
01-01 00:26:44.371 D/mv2112_update_link( 0): 3.0x8109(100M): 0x0
01-01 00:26:44.376 D/mv2112_update_link( 0): link 0x0
01-01 00:26:44.380 D/mv2112_read_status( 0): autoneg is disabled
01-01 00:26:45.386 D/ ( 0): mv2112_read_status
01-01 00:26:45.389 D/mv2112_update_link( 0): 3.0x901(1G): 0x80
01-01 00:26:45.394 D/mv2112_update_link( 0): 3.0x8109(100M): 0x0
01-01 00:26:45.399 D/mv2112_update_link( 0): link 0x0
01-01 00:26:45.404 D/mv2112_read_status( 0): autoneg is disabled
01-01 00:26:46.410 D/ ( 0): mv2112_read_status
01-01 00:26:46.413 D/mv2112_update_link( 0): 3.0x901(1G): 0x80
01-01 00:26:46.419 D/mv2112_update_link( 0): 3.0x8109(100M): 0x0
01-01 00:26:46.424 D/mv2112_update_link( 0): link 0x0
01-01 00:26:46.428 D/mv2112_read_status( 0): autoneg is disabled
08-18 17:05:46.999 I/ActivityTaskManager( 1152): START u0 {act=android.intent.action.MAIN cat=[android.intent.category.LAUNCHER] flg=0x10200000 cmp=com.tencent.mtt/.SplashActivity bnds=[36,301][335,614]} from uid 10104
08-18 17:05:47.011 D/PhoneStartingWindowTypeAlgorithm( 1849): preferredStartingWindowType newTask:false taskSwitch:true processRunning:true allowTaskSnapshot:true activityCreated:true useEmptySplashScreen:false legacySplashScreen:false topIsHome:false
08-18 17:05:47.011 D/PhoneStartingWindowTypeAlgorithm( 1849): isSnapshotCompatible rotation 0 snapshot 0
01-01 00:26:46.858 I/btfm_slim_hw_init( 0): PGD Enum Addr: 00:01:20:02:17: 02
01-01 00:26:46.864 I/btfm_slim_hw_init( 0): IFD Enum Addr: 00:00:20:02:17: 02
01-01 00:26:46.870 I/btfm_slim_hw_init( 0): chipset soc version:400a0200
01-01 00:26:46.876 I/btfm_slim_hw_init( 0): chipset is hastings 2.0, overwriting EA
01-01 00:26:46.883 I/btfm_slim_hw_init( 0): PGD Enum Addr: 00:01:20:02:17: 02
01-01 00:26:46.889 I/btfm_slim_hw_init( 0): IFD Enum Addr: 00:00:20:02:17: 02
01-01 00:26:46.896 I/btfm_slim_alloc_port( 0): chipset soc version:400a0200
01-01 00:26:46.914 I/btfm_slim_enable_ch( 0): chipset soc version:400a0200
01-01 00:26:46.920 I/btfm_slim_enable_ch( 0): channel define - prot:2, dataf:0, auxf:0
01-01 00:26:46.922 I/init ( 0): starting service 'qvrd_vndr'...
01-01 00:26:46.927 I/btfm_slim_enable_ch( 0): channel define - rates:44100, baser:2, ratem:4
01-01 00:26:46.933 I/init ( 0): Created socket '/dev/socket/qvrservice_vndr', mode 660, user 1000, group 1000
01-01 00:26:46.940 I/btfm_slim_enable_ch( 0): slim_connect_sink(port: 16, ch: 157)
01-01 00:26:46.966 I/init ( 0): Created socket '/dev/socket/qvrservice_vndr_camera', mode 660, user 1000, group 1000
08-18 17:05:47.229 D/StartingSurfaceDrawer( 1849): Task start finish, remove starting surface for task 18
01-01 00:26:46.993 I/btfm_slim_enable_ch( 0): port: 16, ch: 157, grp: 0, ch->grph: 0x0, ch_hdl: 0x1d
01-01 00:26:47.010 I/init ( 0): starting service 'sxrd'...
01-01 00:26:47.018 I/__afe_port_start( 0): port id: 0x400e
08-18 17:05:47.271 I/ActivityTaskManager( 1152): START u0 {flg=0x10000000 cmp=com.tencent.mtt/.backstageopen.BackstageTaskActivity} from uid 10144
08-18 17:05:47.272 W/ActivityTaskManager( 1152): Can't find TaskDisplayArea to determine support for multi window. Task id=24 attached=false
08-18 17:05:47.284 V/SplashScreenExceptionList( 1152): SplashScreen checking exception for package com.tencent.mtt (target sdk:29) -> false
08-18 17:05:47.286 F/linker ( 7244): CANNOT LINK EXECUTABLE "/vendor/bin/hw/qvrservice": library "vendor.qti.hardware.qxr-V1-ndk_platform.so" not found: needed by /vendor/lib64/libqvrservice.so in namespace (default)
08-18 17:05:47.289 F/linker ( 7248): CANNOT LINK EXECUTABLE "/vendor/bin/hw/sxrservice": library "vendor.qti.hardware.qxr-V1-ndk_platform.so" not found: needed by main executable
08-18 17:05:47.297 I/ActivityTaskManager( 1152): The Process com.tencent.mtt:service Already Exists in BG. So sending its PID: 4759
08-18 17:05:47.298 W/ActivityTaskManager( 1152): Tried to set launchTime (0) < mLastActivityLaunchTime (415744)
01-01 00:26:47.039 I/init ( 0): starting service 'vendor.light-hal-2-0'...
01-01 00:26:47.052 I/afe_find_cal_topo_id_by_port( 0): port id: 0x400e, dev_acdb_id: 20
01-01 00:26:47.090 I/init ( 0): Service 'qvrd_vndr' (pid 7244) exited with status 1
01-01 00:26:47.100 I/afe_find_cal_topo_id_by_port( 0): top_id:112fc acdb_id:20 afe_port_id:0x400e
01-01 00:26:47.105 I/init ( 0): Sending signal 9 to service 'qvrd_vndr' (pid 7244) process group...
01-01 00:26:47.105 I/libprocessgroup( 0): Successfully killed process cgroup uid 1000 pid 7244 in 0ms
01-01 00:26:47.109 I/afe_get_cal_topology_id( 0): port_id = 0x400e acdb_id = 20 topology_id = 0x112fc cal_type_index=8 ret=0
08-18 17:05:47.350 I/ActivityTaskManager( 1152): moveTaskToBack: Task{360c41c #24 type=standard A=10144:backstageopen.BackstageTaskActivity U=0 visible=true mode=fullscreen translucent=true sz=1}
01-01 00:26:47.117 I/init ( 0): Service 'sxrd' (pid 7248) exited with status 1
01-01 00:26:47.123 I/afe_send_port_topology_id( 0): AFE set topology id 0x112fc enable for port 0x400e ret 0
01-01 00:26:47.150 I/init ( 0): Sending signal 9 to service 'sxrd' (pid 7248) process group...
01-01 00:26:47.174 I/send_afe_cal_type( 0): cal_index is 0
01-01 00:26:47.213 W/audit ( 0): audit_lost=385 audit_rate_limit=5 audit_backlog_limit=64
01-01 00:26:47.213 E/audit ( 0): rate limit exceeded
01-01 00:26:47.216 I/send_afe_cal_type( 0): dev_acdb_id[119] is 20
01-01 00:26:47.287 I/afe_find_cal( 0): cal_index 0 port_id 0x400e port_index 119
01-01 00:26:47.293 I/afe_find_cal( 0): acdb_id 20 dev_acdb_id 20 sample_rate 48000 afe_sample_rates 44100
01-01 00:26:47.302 I/afe_find_cal( 0): no matching cal_block found
01-01 00:26:47.307 E/ ( 0): send_afe_cal_type cal_block not found!!
01-01 00:26:47.313 I/afe_send_hw_delay( 0): port_id 0x400e rate 44100 delay_usec 0 status 0
01-01 00:26:47.433 D/ ( 0): mv2112_read_status
01-01 00:26:47.437 D/mv2112_update_link( 0): 3.0x901(1G): 0x80
01-01 00:26:47.442 D/mv2112_update_link( 0): 3.0x8109(100M): 0x0
01-01 00:26:47.447 D/mv2112_update_link( 0): link 0x0
01-01 00:26:47.451 D/mv2112_read_status( 0): autoneg is disabled
01-01 00:26:48.458 D/ ( 0): mv2112_read_status
01-01 00:26:48.461 D/mv2112_update_link( 0): 3.0x901(1G): 0x80
01-01 00:26:48.467 D/mv2112_update_link( 0): 3.0x8109(100M): 0x0
01-01 00:26:48.472 D/mv2112_update_link( 0): link 0x0
01-01 00:26:48.476 D/mv2112_read_status( 0): autoneg is disabled
08-18 17:05:49.226 I/ActivityTaskManager( 1152): Config changes=20000480 {1.0 ?mcc?mnc [zh_CN] ldltr sw680dp w680dp h1546dp 240dpi lrg long hdr port finger -keyb/v/h -nav/h winConfig={ mBounds=Rect(0, 0 - 1020, 2380) mAppBounds=Rect(0, 0 - 1020, 2356) mMaxBounds=Rect(0, 0 - 1020, 2380) mWindowingMode=fullscreen mDisplayWindowingMode=fullscreen mActivityType=undefined mAlwaysOnTop=undefined mRotation=ROTATION_270} s.349 fontWeightAdjustment=0}
08-18 17:05:49.241 W/ActivityTaskManager( 1152): Current config: {1.0 ?mcc?mnc [zh_CN] ldltr sw680dp w1586dp h640dp 240dpi lrg long hdr land finger -keyb/v/h -nav/h winConfig={ mBounds=Rect(0, 0 - 2380, 1020) mAppBounds=Rect(0, 0 - 2380, 996) mMaxBounds=Rect(0, 0 - 2380, 1020) mWindowingMode=fullscreen mDisplayWindowingMode=fullscreen mActivityType=undefined mAlwaysOnTop=undefined mRotation=ROTATION_0} s.349 fontWeightAdjustment=0} unchanged for IME proc com.android.inputmethod.latin
08-18 17:05:49.248 I/WindowManager( 1152): Override config changes=20000480 {1.0 ?mcc?mnc [zh_CN] ldltr sw680dp w680dp h1546dp 240dpi lrg long hdr port finger -keyb/v/h -nav/h winConfig={ mBounds=Rect(0, 0 - 1020, 2380) mAppBounds=Rect(0, 0 - 1020, 2356) mMaxBounds=Rect(0, 0 - 1020, 2380) mWindowingMode=fullscreen mDisplayWindowingMode=fullscreen mActivityType=undefined mAlwaysOnTop=undefined mRotation=ROTATION_270} s.349 fontWeightAdjustment=0} for displayId=0
08-18 17:05:49.249 V/ActivityTaskManager( 1152): Sending to IME proc com.android.inputmethod.latin new config {1.0 ?mcc?mnc [zh_CN] ldltr sw680dp w680dp h1546dp 240dpi lrg long hdr port finger -keyb/v/h -nav/h winConfig={ mBounds=Rect(0, 0 - 1020, 2380) mAppBounds=Rect(0, 0 - 1020, 2356) mMaxBounds=Rect(0, 0 - 1020, 2380) mWindowingMode=fullscreen mDisplayWindowingMode=fullscreen mActivityType=undefined mAlwaysOnTop=undefined mRotation=ROTATION_270} s.349 fontWeightAdjustment=0}
08-18 17:05:49.262 D/CompatibilityChangeReporter( 1152): Compat change id reported: 174042980; UID 1000; state: DISABLED
08-18 17:05:49.268 I/DropBoxManagerService( 1152): add tag=system_app_strictmode isTagEnabled=true flags=0x2
08-18 17:05:49.273 I/DropBoxManagerService( 1152): add tag=system_app_strictmode isTagEnabled=true flags=0x2
08-18 17:05:49.292 I/DropBoxManagerService( 1152): add tag=system_app_strictmode isTagEnabled=true flags=0x2
08-18 17:05:49.297 I/DropBoxManagerService( 1152): add tag=system_app_strictmode isTagEnabled=true flags=0x2
08-18 17:05:49.305 I/DropBoxManagerService( 1152): add tag=system_app_strictmode isTagEnabled=true flags=0x2
08-18 17:05:49.318 I/DropBoxManagerService( 1152): add tag=system_app_strictmode isTagEnabled=true flags=0x2
08-18 17:05:49.330 I/DropBoxManagerService( 1152): add tag=system_app_strictmode isTagEnabled=true flags=0x2
08-18 17:05:49.344 I/DropBoxManagerService( 1152): add tag=system_app_strictmode isTagEnabled=true flags=0x2
08-18 17:05:49.351 I/DropBoxManagerService( 1152): add tag=system_app_strictmode isTagEnabled=true flags=0x2
08-18 17:05:49.361 I/DropBoxManagerService( 1152): add tag=system_app_strictmode isTagEnabled=true flags=0x2
08-18 17:05:49.368 I/DropBoxManagerService( 1152): add tag=system_app_strictmode isTagEnabled=true flags=0x2
08-18 17:05:49.371 I/WindowManager( 1152): finishDrawing of orientation change: Window{b81a4e8 u0 StatusBar} 103ms
08-18 17:05:49.373 I/WindowManager( 1152): finishDrawing of orientation change: Window{62d56ae u0 NavigationBar0} 104ms
08-18 17:05:49.411 I/WindowManager( 1152): finishDrawing of orientation change: Window{671fafd u0 com.tencent.mtt/com.tencent.mtt.MainActivity} 143ms
08-18 17:05:49.417 I/WindowManager( 1152): Screen frozen for +266ms due to Window{671fafd u0 com.tencent.mtt/com.tencent.mtt.MainActivity}
08-18 17:05:49.460 I/DropBoxManagerService( 1152): add tag=system_app_strictmode isTagEnabled=true flags=0x2
08-18 17:05:49.474 I/DropBoxManagerService( 1152): add tag=system_app_strictmode isTagEnabled=true flags=0x2
08-18 17:05:49.480 I/DropBoxManagerService( 1152): add tag=system_app_strictmode isTagEnabled=true flags=0x2
08-18 17:05:49.487 I/DropBoxManagerService( 1152): add tag=system_app_strictmode isTagEnabled=true flags=0x2
08-18 17:05:49.490 I/DropBoxManagerService( 1152): add tag=system_app_strictmode isTagEnabled=true flags=0x2
08-18 17:05:49.500 I/DropBoxManagerService( 1152): add tag=system_app_strictmode isTagEnabled=true flags=0x2
08-18 17:05:49.508 I/DropBoxManagerService( 1152): add tag=system_app_strictmode isTagEnabled=true flags=0x2
08-18 17:05:49.519 I/DropBoxManagerService( 1152): add tag=system_app_strictmode isTagEnabled=true flags=0x2
08-18 17:05:49.538 I/DropBoxManagerService( 1152): add tag=system_app_strictmode isTagEnabled=true flags=0x2
08-18 17:05:49.545 I/DropBoxManagerService( 1152): add tag=system_app_strictmode isTagEnabled=true flags=0x2
08-18 17:05:49.554 I/DropBoxManagerService( 1152): add tag=system_app_strictmode isTagEnabled=true flags=0x2
08-18 17:05:49.591 I/DropBoxManagerService( 1152): add tag=system_app_strictmode isTagEnabled=true flags=0x2
08-18 17:05:49.600 I/DropBoxManagerService( 1152): add tag=system_app_strictmode isTagEnabled=true flags=0x2
08-18 17:05:49.613 I/DropBoxManagerService( 1152): add tag=system_app_strictmode isTagEnabled=true flags=0x2
08-18 17:05:49.619 I/DropBoxManagerService( 1152): add tag=system_app_strictmode isTagEnabled=true flags=0x2
08-18 17:05:49.640 I/DropBoxManagerService( 1152): add tag=system_app_strictmode isTagEnabled=true flags=0x2
08-18 17:05:49.649 I/DropBoxManagerService( 1152): add tag=system_app_strictmode isTagEnabled=true flags=0x2
08-18 17:05:49.655 I/DropBoxManagerService( 1152): add tag=system_app_strictmode isTagEnabled=true flags=0x2
08-18 17:05:49.665 I/DropBoxManagerService( 1152): add tag=system_app_strictmode isTagEnabled=true flags=0x2
08-18 17:05:49.702 I/DropBoxManagerService( 1152): add tag=system_app_strictmode isTagEnabled=true flags=0x2
01-01 00:26:49.481 D/ ( 0): mv2112_read_status
01-01 00:26:49.484 D/mv2112_update_link( 0): 3.0x901(1G): 0x80
08-18 17:05:49.715 I/DropBoxManagerService( 1152): add tag=system_app_strictmode isTagEnabled=true flags=0x2
08-18 17:05:49.736 I/DropBoxManagerService( 1152): add tag=system_app_strictmode isTagEnabled=true flags=0x2
08-18 17:05:49.740 I/DropBoxManagerService( 1152): add tag=system_app_strictmode isTagEnabled=true flags=0x2
01-01 00:26:49.493 D/mv2112_update_link( 0): 3.0x8109(100M): 0x0
01-01 00:26:49.498 D/mv2112_update_link( 0): link 0x0
01-01 00:26:49.502 D/mv2112_read_status( 0): autoneg is disabled
08-18 17:05:49.770 I/DropBoxManagerService( 1152): add tag=system_app_strictmode isTagEnabled=true flags=0x2
08-18 17:05:49.778 I/DropBoxManagerService( 1152): add tag=system_app_strictmode isTagEnabled=true flags=0x2
01-01 00:26:49.536 W/audit ( 0): audit_lost=386 audit_rate_limit=5 audit_backlog_limit=64
01-01 00:26:49.543 E/audit ( 0): rate limit exceeded
08-18 17:05:50.589 E/TaskPersister( 1152): File error accessing recents directory (directory doesn't exist?).
01-01 00:26:50.506 D/ ( 0): mv2112_read_status
01-01 00:26:50.510 D/mv2112_update_link( 0): 3.0x901(1G): 0x80
01-01 00:26:50.515 D/mv2112_update_link( 0): 3.0x8109(100M): 0x0
01-01 00:26:50.520 D/mv2112_update_link( 0): link 0x0
01-01 00:26:50.524 D/mv2112_read_status( 0): autoneg is disabled
01-01 00:26:51.530 D/ ( 0): mv2112_read_status
01-01 00:26:51.533 D/mv2112_update_link( 0): 3.0x901(1G): 0x80
01-01 00:26:51.538 D/mv2112_update_link( 0): 3.0x8109(100M): 0x0
01-01 00:26:51.543 D/mv2112_update_link( 0): link 0x0
01-01 00:26:51.547 D/mv2112_read_status( 0): autoneg is disabled
01-01 00:26:52.011 I/init ( 0): starting service 'qvrd_vndr'...
01-01 00:26:52.018 I/init ( 0): Created socket '/dev/socket/qvrservice_vndr', mode 660, user 1000, group 1000
01-01 00:26:52.028 I/init ( 0): Created socket '/dev/socket/qvrservice_vndr_camera', mode 660, user 1000, group 1000
01-01 00:26:52.055 I/init ( 0): starting service 'sxrd'...
01-01 00:26:52.083 I/init ( 0): starting service 'vendor.light-hal-2-0'...
08-18 17:05:52.329 F/linker ( 7278): CANNOT LINK EXECUTABLE "/vendor/bin/hw/qvrservice": library "vendor.qti.hardware.qxr-V1-ndk_platform.so" not found: needed by /vendor/lib64/libqvrservice.so in namespace (default)
08-18 17:05:52.338 F/linker ( 7279): CANNOT LINK EXECUTABLE "/vendor/bin/hw/sxrservice": library "vendor.qti.hardware.qxr-V1-ndk_platform.so" not found: needed by main executable
01-01 00:26:52.104 I/init ( 0): Service 'qvrd_vndr' (pid 7278) exited with status 1
01-01 00:26:52.110 I/init ( 0): Sending signal 9 to service 'qvrd_vndr' (pid 7278) process group...
01-01 00:26:52.119 I/libprocessgroup( 0): Successfully killed process cgroup uid 1000 pid 7278 in 0ms
01-01 00:26:52.133 I/init ( 0): Service 'sxrd' (pid 7279) exited with status 1
01-01 00:26:52.140 I/init ( 0): Sending signal 9 to service 'sxrd' (pid 7279) process group...
01-01 00:26:52.554 D/ ( 0): mv2112_read_status
01-01 00:26:52.557 D/mv2112_update_link( 0): 3.0x901(1G): 0x80
01-01 00:26:52.562 D/mv2112_update_link( 0): 3.0x8109(100M): 0x0
01-01 00:26:52.567 D/mv2112_update_link( 0): link 0x0
01-01 00:26:52.571 D/mv2112_read_status( 0): autoneg is disabled
01-01 00:26:53.017 I/afe_close( 0): port_id = 0x400e
01-01 00:26:53.028 I/btfm_slim_disable_ch( 0): port:16, grp: 0, ch->grph:0x0, ch->ch_hdl:0x1d
01-01 00:26:53.578 D/ ( 0): mv2112_read_status
01-01 00:26:53.581 D/mv2112_update_link( 0): 3.0x901(1G): 0x80
01-01 00:26:53.586 D/mv2112_update_link( 0): 3.0x8109(100M): 0x0
01-01 00:26:53.591 D/mv2112_update_link( 0): link 0x0
01-01 00:26:53.595 D/mv2112_read_status( 0): autoneg is disabled
01-01 00:26:54.601 D/ ( 0): mv2112_read_status
01-01 00:26:54.605 D/mv2112_update_link( 0): 3.0x901(1G): 0x80
01-01 00:26:54.610 D/mv2112_update_link( 0): 3.0x8109(100M): 0x0
01-01 00:26:54.615 D/mv2112_update_link( 0): link 0x0
01-01 00:26:54.619 D/mv2112_read_status( 0): autoneg is disabled
01-01 00:26:55.626 D/ ( 0): mv2112_read_status
01-01 00:26:55.629 D/mv2112_update_link( 0): 3.0x901(1G): 0x80
01-01 00:26:55.635 D/mv2112_update_link( 0): 3.0x8109(100M): 0x0
01-01 00:26:55.640 D/mv2112_update_link( 0): link 0x0
01-01 00:26:55.644 D/mv2112_read_status( 0): autoneg is disabled
01-01 00:26:56.650 D/ ( 0): mv2112_read_status
01-01 00:26:56.654 D/mv2112_update_link( 0): 3.0x901(1G): 0x80
01-01 00:26:56.659 D/mv2112_update_link( 0): 3.0x8109(100M): 0x0
01-01 00:26:56.664 D/mv2112_update_link( 0): link 0x0
01-01 00:26:56.668 D/mv2112_read_status( 0): autoneg is disabled
01-01 00:26:57.055 I/init ( 0): starting service 'qvrd_vndr'...
01-01 00:26:57.062 I/init ( 0): Created socket '/dev/socket/qvrservice_vndr', mode 660, user 1000, group 1000
01-01 00:26:57.072 I/init ( 0): Created socket '/dev/socket/qvrservice_vndr_camera', mode 660, user 1000, group 1000
01-01 00:26:57.096 I/init ( 0): starting service 'sxrd'...
01-01 00:26:57.113 I/init ( 0): starting service 'vendor.light-hal-2-0'...
08-18 17:05:57.379 F/linker ( 7295): CANNOT LINK EXECUTABLE "/vendor/bin/hw/sxrservice": library "vendor.qti.hardware.qxr-V1-ndk_platform.so" not found: needed by main executable
08-18 17:05:57.380 F/linker ( 7294): CANNOT LINK EXECUTABLE "/vendor/bin/hw/qvrservice": library "vendor.qti.hardware.qxr-V1-ndk_platform.so" not found: needed by /vendor/lib64/libqvrservice.so in namespace (default)
01-01 00:26:57.143 I/init ( 0): Service 'sxrd' (pid 7295) exited with status 1
01-01 00:26:57.149 I/init ( 0): Sending signal 9 to service 'sxrd' (pid 7295) process group...
01-01 00:26:57.157 I/libprocessgroup( 0): Successfully killed process cgroup uid 1000 pid 7295 in 0ms
01-01 00:26:57.166 I/init ( 0): Service 'qvrd_vndr' (pid 7294) exited with status 1
01-01 00:26:57.173 I/init ( 0): Sending signal 9 to service 'qvrd_vndr' (pid 7294) process group...
01-01 00:26:57.671 I/btfm_slim_hw_init( 0): PGD Enum Addr: 00:01:20:02:17: 02
01-01 00:26:57.673 D/ ( 0): mv2112_read_status
01-01 00:26:57.677 I/btfm_slim_hw_init( 0): IFD Enum Addr: 00:00:20:02:17: 02
01-01 00:26:57.680 D/mv2112_update_link( 0): 3.0x901(1G): 0x80
01-01 00:26:57.686 I/btfm_slim_hw_init( 0): chipset soc version:400a0200
01-01 00:26:57.691 D/mv2112_update_link( 0): 3.0x8109(100M): 0x0
01-01 00:26:57.697 I/btfm_slim_hw_init( 0): chipset is hastings 2.0, overwriting EA
01-01 00:26:57.697 I/btfm_slim_hw_init( 0): PGD Enum Addr: 00:01:20:02:17: 02
01-01 00:26:57.702 D/mv2112_update_link( 0): link 0x0
01-01 00:26:57.702 D/mv2112_read_status( 0): autoneg is disabled
01-01 00:26:57.724 I/btfm_slim_hw_init( 0): IFD Enum Addr: 00:00:20:02:17: 02
01-01 00:26:57.731 I/btfm_slim_alloc_port( 0): chipset soc version:400a0200
01-01 00:26:57.747 I/btfm_slim_enable_ch( 0): chipset soc version:400a0200
01-01 00:26:57.753 I/btfm_slim_enable_ch( 0): channel define - prot:2, dataf:0, auxf:0
01-01 00:26:57.760 I/btfm_slim_enable_ch( 0): channel define - rates:44100, baser:2, ratem:4
01-01 00:26:57.768 I/btfm_slim_enable_ch( 0): slim_connect_sink(port: 16, ch: 157)
01-01 00:26:57.775 I/btfm_slim_enable_ch( 0): port: 16, ch: 157, grp: 0, ch->grph: 0x0, ch_hdl: 0x1d
01-01 00:26:57.785 I/__afe_port_start( 0): port id: 0x400e
01-01 00:26:57.790 I/afe_find_cal_topo_id_by_port( 0): port id: 0x400e, dev_acdb_id: 20
01-01 00:26:57.797 I/afe_find_cal_topo_id_by_port( 0): top_id:112fc acdb_id:20 afe_port_id:0x400e
01-01 00:26:57.805 I/afe_get_cal_topology_id( 0): port_id = 0x400e acdb_id = 20 topology_id = 0x112fc cal_type_index=8 ret=0
01-01 00:26:57.816 I/afe_send_port_topology_id( 0): AFE set topology id 0x112fc enable for port 0x400e ret 0
01-01 00:26:57.851 I/send_afe_cal_type( 0): cal_index is 0
01-01 00:26:57.851 I/send_afe_cal_type( 0): dev_acdb_id[119] is 20
01-01 00:26:57.851 I/afe_find_cal( 0): cal_index 0 port_id 0x400e port_index 119
01-01 00:26:57.851 I/afe_find_cal( 0): acdb_id 20 dev_acdb_id 20 sample_rate 48000 afe_sample_rates 44100
01-01 00:26:57.851 I/afe_find_cal( 0): no matching cal_block found
01-01 00:26:57.851 E/ ( 0): send_afe_cal_type cal_block not found!!
01-01 00:26:57.851 I/afe_send_hw_delay( 0): port_id 0x400e rate 44100 delay_usec 0 status 0
08-18 17:05:58.111 I/ActivityTaskManager( 1152): Config changes=20000480 {1.0 ?mcc?mnc [zh_CN] ldltr sw680dp w1586dp h640dp 240dpi lrg long hdr land finger -keyb/v/h -nav/h winConfig={ mBounds=Rect(0, 0 - 2380, 1020) mAppBounds=Rect(0, 0 - 2380, 996) mMaxBounds=Rect(0, 0 - 2380, 1020) mWindowingMode=fullscreen mDisplayWindowingMode=fullscreen mActivityType=undefined mAlwaysOnTop=undefined mRotation=ROTATION_0} s.398 fontWeightAdjustment=0}
08-18 17:05:58.122 W/ActivityTaskManager( 1152): Current config: {1.0 ?mcc?mnc [zh_CN] ldltr sw680dp w680dp h1546dp 240dpi lrg long hdr port finger -keyb/v/h -nav/h winConfig={ mBounds=Rect(0, 0 - 1020, 2380) mAppBounds=Rect(0, 0 - 1020, 2356) mMaxBounds=Rect(0, 0 - 1020, 2380) mWindowingMode=fullscreen mDisplayWindowingMode=fullscreen mActivityType=undefined mAlwaysOnTop=undefined mRotation=ROTATION_270} s.398 fontWeightAdjustment=0} unchanged for IME proc com.android.inputmethod.latin
08-18 17:05:58.130 I/WindowManager( 1152): Override config changes=20000480 {1.0 ?mcc?mnc [zh_CN] ldltr sw680dp w1586dp h640dp 240dpi lrg long hdr land finger -keyb/v/h -nav/h winConfig={ mBounds=Rect(0, 0 - 2380, 1020) mAppBounds=Rect(0, 0 - 2380, 996) mMaxBounds=Rect(0, 0 - 2380, 1020) mWindowingMode=fullscreen mDisplayWindowingMode=fullscreen mActivityType=undefined mAlwaysOnTop=undefined mRotation=ROTATION_0} s.398 fontWeightAdjustment=0} for displayId=0
08-18 17:05:58.130 V/ActivityTaskManager( 1152): Sending to IME proc com.android.inputmethod.latin new config {1.0 ?mcc?mnc [zh_CN] ldltr sw680dp w1586dp h640dp 240dpi lrg long hdr land finger -keyb/v/h -nav/h winConfig={ mBounds=Rect(0, 0 - 2380, 1020) mAppBounds=Rect(0, 0 - 2380, 996) mMaxBounds=Rect(0, 0 - 2380, 1020) mWindowingMode=fullscreen mDisplayWindowingMode=fullscreen mActivityType=undefined mAlwaysOnTop=undefined mRotation=ROTATION_0} s.398 fontWeightAdjustment=0}
08-18 17:05:58.151 I/DropBoxManagerService( 1152): add tag=system_app_strictmode isTagEnabled=true flags=0x2
08-18 17:05:58.160 I/DropBoxManagerService( 1152): add tag=system_app_strictmode isTagEnabled=true flags=0x2
08-18 17:05:58.166 I/DropBoxManagerService( 1152): add tag=system_app_strictmode isTagEnabled=true flags=0x2
08-18 17:05:58.174 I/DropBoxManagerService( 1152): add tag=system_app_strictmode isTagEnabled=true flags=0x2
08-18 17:05:58.181 I/DropBoxManagerService( 1152): add tag=system_app_strictmode isTagEnabled=true flags=0x2
08-18 17:05:58.188 I/DropBoxManagerService( 1152): add tag=system_app_strictmode isTagEnabled=true flags=0x2
08-18 17:05:58.196 I/DropBoxManagerService( 1152): add tag=system_app_strictmode isTagEnabled=true flags=0x2
08-18 17:05:58.213 I/DropBoxManagerService( 1152): add tag=system_app_strictmode isTagEnabled=true flags=0x2
08-18 17:05:58.221 I/DropBoxManagerService( 1152): add tag=system_app_strictmode isTagEnabled=true flags=0x2
08-18 17:05:58.237 I/DropBoxManagerService( 1152): add tag=system_app_strictmode isTagEnabled=true flags=0x2
08-18 17:05:58.243 I/WindowManager( 1152): finishDrawing of orientation change: Window{b81a4e8 u0 StatusBar} 107ms
08-18 17:05:58.244 I/DropBoxManagerService( 1152): add tag=system_app_strictmode isTagEnabled=true flags=0x2
08-18 17:05:58.244 I/WindowManager( 1152): finishDrawing of orientation change: Window{62d56ae u0 NavigationBar0} 108ms
01-01 00:26:58.015 W/audit ( 0): audit_lost=387 audit_rate_limit=5 audit_backlog_limit=64
01-01 00:26:58.043 E/audit ( 0): rate limit exceeded
08-18 17:05:58.290 I/WindowManager( 1152): finishDrawing of orientation change: Window{671fafd u0 com.tencent.mtt/com.tencent.mtt.MainActivity} 153ms
08-18 17:05:58.312 I/WindowManager( 1152): Screen frozen for +256ms due to Window{671fafd u0 com.tencent.mtt/com.tencent.mtt.MainActivity}
08-18 17:05:58.377 I/DropBoxManagerService( 1152): add tag=system_app_strictmode isTagEnabled=true flags=0x2
08-18 17:05:58.386 I/DropBoxManagerService( 1152): add tag=system_app_strictmode isTagEnabled=true flags=0x2
08-18 17:05:58.393 I/DropBoxManagerService( 1152): add tag=system_app_strictmode isTagEnabled=true flags=0x2
08-18 17:05:58.398 I/DropBoxManagerService( 1152): add tag=system_app_strictmode isTagEnabled=true flags=0x2
08-18 17:05:58.403 I/DropBoxManagerService( 1152): add tag=system_app_strictmode isTagEnabled=true flags=0x2
08-18 17:05:58.433 I/DropBoxManagerService( 1152): add tag=system_app_strictmode isTagEnabled=true flags=0x2
08-18 17:05:58.450 I/DropBoxManagerService( 1152): add tag=system_app_strictmode isTagEnabled=true flags=0x2
08-18 17:05:58.465 I/DropBoxManagerService( 1152): add tag=system_app_strictmode isTagEnabled=true flags=0x2
08-18 17:05:58.473 I/DropBoxManagerService( 1152): add tag=system_app_strictmode isTagEnabled=true flags=0x2
08-18 17:05:58.482 I/DropBoxManagerService( 1152): add tag=system_app_strictmode isTagEnabled=true flags=0x2
08-18 17:05:58.494 I/DropBoxManagerService( 1152): add tag=system_app_strictmode isTagEnabled=true flags=0x2
08-18 17:05:58.592 I/DropBoxManagerService( 1152): add tag=system_app_strictmode isTagEnabled=true flags=0x2
08-18 17:05:58.623 I/DropBoxManagerService( 1152): add tag=system_app_strictmode isTagEnabled=true flags=0x2
08-18 17:05:58.660 I/DropBoxManagerService( 1152): add tag=system_app_strictmode isTagEnabled=true flags=0x2
08-18 17:05:58.673 I/DropBoxManagerService( 1152): add tag=system_app_strictmode isTagEnabled=true flags=0x2
08-18 17:05:58.678 I/ActivityTaskManager( 1152): Config changes=20000480 {1.0 ?mcc?mnc [zh_CN] ldltr sw680dp w680dp h1546dp 240dpi lrg long hdr port finger -keyb/v/h -nav/h winConfig={ mBounds=Rect(0, 0 - 1020, 2380) mAppBounds=Rect(0, 0 - 1020, 2356) mMaxBounds=Rect(0, 0 - 1020, 2380) mWindowingMode=fullscreen mDisplayWindowingMode=fullscreen mActivityType=undefined mAlwaysOnTop=undefined mRotation=ROTATION_270} s.447 fontWeightAdjustment=0}
08-18 17:05:58.682 W/ActivityTaskManager( 1152): Current config: {1.0 ?mcc?mnc [zh_CN] ldltr sw680dp w1586dp h640dp 240dpi lrg long hdr land finger -keyb/v/h -nav/h winConfig={ mBounds=Rect(0, 0 - 2380, 1020) mAppBounds=Rect(0, 0 - 2380, 996) mMaxBounds=Rect(0, 0 - 2380, 1020) mWindowingMode=fullscreen mDisplayWindowingMode=fullscreen mActivityType=undefined mAlwaysOnTop=undefined mRotation=ROTATION_0} s.447 fontWeightAdjustment=0} unchanged for IME proc com.android.inputmethod.latin
08-18 17:05:58.688 I/WindowManager( 1152): Override config changes=20000480 {1.0 ?mcc?mnc [zh_CN] ldltr sw680dp w680dp h1546dp 240dpi lrg long hdr port finger -keyb/v/h -nav/h winConfig={ mBounds=Rect(0, 0 - 1020, 2380) mAppBounds=Rect(0, 0 - 1020, 2356) mMaxBounds=Rect(0, 0 - 1020, 2380) mWindowingMode=fullscreen mDisplayWindowingMode=fullscreen mActivityType=undefined mAlwaysOnTop=undefined mRotation=ROTATION_270} s.447 fontWeightAdjustment=0} for displayId=0
08-18 17:05:58.691 I/DropBoxManagerService( 1152): add tag=system_app_strictmode isTagEnabled=true flags=0x2
08-18 17:05:58.693 V/ActivityTaskManager( 1152): Sending to IME proc com.android.inputmethod.latin new config {1.0 ?mcc?mnc [zh_CN] ldltr sw680dp w680dp h1546dp 240dpi lrg long hdr port finger -keyb/v/h -nav/h winConfig={ mBounds=Rect(0, 0 - 1020, 2380) mAppBounds=Rect(0, 0 - 1020, 2356) mMaxBounds=Rect(0, 0 - 1020, 2380) mWindowingMode=fullscreen mDisplayWindowingMode=fullscreen mActivityType=undefined mAlwaysOnTop=undefined mRotation=ROTATION_270} s.447 fontWeightAdjustment=0}
08-18 17:05:58.705 I/DropBoxManagerService( 1152): add tag=system_app_strictmode isTagEnabled=true flags=0x2
08-18 17:05:58.711 I/DropBoxManagerService( 1152): add tag=system_app_strictmode isTagEnabled=true flags=0x2
08-18 17:05:58.719 I/DropBoxManagerService( 1152): add tag=system_app_strictmode isTagEnabled=true flags=0x2
08-18 17:05:58.725 I/DropBoxManagerService( 1152): add tag=system_app_strictmode isTagEnabled=true flags=0x2
08-18 17:05:58.731 I/DropBoxManagerService( 1152): add tag=system_app_strictmode isTagEnabled=true flags=0x2
08-18 17:05:58.742 I/DropBoxManagerService( 1152): add tag=system_app_strictmode isTagEnabled=true flags=0x2
08-18 17:05:58.754 I/DropBoxManagerService( 1152): add tag=system_app_strictmode isTagEnabled=true flags=0x2
08-18 17:05:58.762 I/DropBoxManagerService( 1152): add tag=system_app_strictmode isTagEnabled=true flags=0x2
08-18 17:05:58.771 I/DropBoxManagerService( 1152): add tag=system_app_strictmode isTagEnabled=true flags=0x2
08-18 17:05:58.780 I/DropBoxManagerService( 1152): add tag=system_app_strictmode isTagEnabled=true flags=0x2
08-18 17:05:58.785 I/DropBoxManagerService( 1152): add tag=system_app_strictmode isTagEnabled=true flags=0x2
08-18 17:05:58.800 I/WindowManager( 1152): finishDrawing of orientation change: Window{b81a4e8 u0 StatusBar} 100ms
08-18 17:05:58.803 I/DropBoxManagerService( 1152): add tag=system_app_strictmode isTagEnabled=true flags=0x2
08-18 17:05:58.810 I/WindowManager( 1152): finishDrawing of orientation change: Window{62d56ae u0 NavigationBar0} 109ms
08-18 17:05:58.819 I/DropBoxManagerService( 1152): add tag=system_app_strictmode isTagEnabled=true flags=0x2
08-18 17:05:58.825 I/DropBoxManagerService( 1152): add tag=system_app_strictmode isTagEnabled=true flags=0x2
08-18 17:05:58.831 I/DropBoxManagerService( 1152): add tag=system_app_strictmode isTagEnabled=true flags=0x2
08-18 17:05:58.840 I/DropBoxManagerService( 1152): add tag=system_app_strictmode isTagEnabled=true flags=0x2
08-18 17:05:58.850 I/DropBoxManagerService( 1152): add tag=system_app_strictmode isTagEnabled=true flags=0x2
08-18 17:05:58.856 I/DropBoxManagerService( 1152): add tag=system_app_strictmode isTagEnabled=true flags=0x2
08-18 17:05:58.890 I/DropBoxManagerService( 1152): add tag=system_app_strictmode isTagEnabled=true flags=0x2
08-18 17:05:58.902 I/DropBoxManagerService( 1152): add tag=system_app_strictmode isTagEnabled=true flags=0x2
08-18 17:05:58.905 I/WindowManager( 1152): finishDrawing of orientation change: Window{671fafd u0 com.tencent.mtt/com.tencent.mtt.MainActivity} 205ms
08-18 17:05:58.917 I/DropBoxManagerService( 1152): add tag=system_app_strictmode isTagEnabled=true flags=0x2
08-18 17:05:58.929 I/DropBoxManagerService( 1152): add tag=system_app_strictmode isTagEnabled=true flags=0x2
08-18 17:05:58.950 I/WindowManager( 1152): Screen frozen for +325ms due to Window{671fafd u0 com.tencent.mtt/com.tencent.mtt.MainActivity}
08-18 17:05:58.952 I/DropBoxManagerService( 1152): add tag=system_app_strictmode isTagEnabled=true flags=0x2
01-01 00:26:58.729 D/ ( 0): mv2112_read_status
01-01 00:26:58.732 D/mv2112_update_link( 0): 3.0x901(1G): 0x80
01-01 00:26:58.744 D/mv2112_update_link( 0): 3.0x8109(100M): 0x0
01-01 00:26:58.753 D/mv2112_update_link( 0): link 0x0
01-01 00:26:58.758 D/mv2112_read_status( 0): autoneg is disabled
08-18 17:05:58.981 I/DropBoxManagerService( 1152): add tag=system_app_strictmode isTagEnabled=true flags=0x2
08-18 17:05:58.995 I/DropBoxManagerService( 1152): add tag=system_app_strictmode isTagEnabled=true flags=0x2
08-18 17:05:59.010 I/DropBoxManagerService( 1152): add tag=system_app_strictmode isTagEnabled=true flags=0x2
08-18 17:05:59.018 I/DropBoxManagerService( 1152): add tag=system_app_strictmode isTagEnabled=true flags=0x2
08-18 17:05:59.022 I/DropBoxManagerService( 1152): add tag=system_app_strictmode isTagEnabled=true flags=0x2
08-18 17:05:59.031 I/DropBoxManagerService( 1152): add tag=system_app_strictmode isTagEnabled=true flags=0x2
08-18 17:05:59.047 I/DropBoxManagerService( 1152): add tag=system_app_strictmode isTagEnabled=true flags=0x2
08-18 17:05:59.084 I/DropBoxManagerService( 1152): add tag=system_app_strictmode isTagEnabled=true flags=0x2
08-18 17:05:59.172 I/DropBoxManagerService( 1152): add tag=system_app_strictmode isTagEnabled=true flags=0x2
08-18 17:05:59.182 I/DropBoxManagerService( 1152): add tag=system_app_strictmode isTagEnabled=true flags=0x2
08-18 17:05:59.190 I/DropBoxManagerService( 1152): add tag=system_app_strictmode isTagEnabled=true flags=0x2
08-18 17:05:59.197 I/DropBoxManagerService( 1152): add tag=system_app_strictmode isTagEnabled=true flags=0x2
08-18 17:05:59.208 I/DropBoxManagerService( 1152): add tag=system_app_strictmode isTagEnabled=true flags=0x2
08-18 17:05:59.218 I/DropBoxManagerService( 1152): add tag=system_app_strictmode isTagEnabled=true flags=0x2
08-18 17:05:59.221 I/DropBoxManagerService( 1152): add tag=system_app_strictmode isTagEnabled=true flags=0x2
08-18 17:05:59.227 I/DropBoxManagerService( 1152): add tag=system_app_strictmode isTagEnabled=true flags=0x2
08-18 17:05:59.233 I/DropBoxManagerService( 1152): add tag=system_app_strictmode isTagEnabled=true flags=0x2
08-18 17:05:59.239 I/DropBoxManagerService( 1152): add tag=system_app_strictmode isTagEnabled=true flags=0x2
08-18 17:05:59.247 I/DropBoxManagerService( 1152): add tag=system_app_strictmode isTagEnabled=true flags=0x2
08-18 17:05:59.254 I/DropBoxManagerService( 1152): add tag=system_app_strictmode isTagEnabled=true flags=0x2
08-18 17:05:59.266 I/DropBoxManagerService( 1152): add tag=system_app_strictmode isTagEnabled=true flags=0x2
08-18 17:05:59.270 I/DropBoxManagerService( 1152): add tag=system_app_strictmode isTagEnabled=true flags=0x2
01-01 00:26:59.785 D/ ( 0): mv2112_read_status
01-01 00:26:59.788 D/mv2112_update_link( 0): 3.0x901(1G): 0x80
01-01 00:26:59.795 D/mv2112_update_link( 0): 3.0x8109(100M): 0x0
01-01 00:26:59.801 D/mv2112_update_link( 0): link 0x0
