01-01 00:15:30.004 I/qcom,camera ac4f000.qcom,cci( 0): qcom,cam-sensor1: Linked as a consumer to regulator.56
01-01 00:15:30.008 I/qcom,camera ac4f000.qcom,cci( 0): qcom,cam-sensor1: Linked as a consumer to regulator.53
01-01 00:15:30.012 I/qcom,camera ac4f000.qcom,cci( 0): qcom,cam-sensor1: Linked as a consumer to regulator.57
01-01 00:15:30.014 I/qcom,camera ac4f000.qcom,cci( 0): qcom,cam-sensor1: Linked as a consumer to regulator.77
01-01 00:15:30.017 I/binder ( 0): 1232:1232 ioctl 40046210 ffecd038 returned -22
01-01 00:15:30.044 I/CAM_ERR ( 0): CAM-CCI: cam_cci_irq: 264 Base:ffffff801a09d000, M1_Q1 NACK ERROR: 0x40000000
01-01 00:15:30.044 I/CAM_ERR ( 0): CAM-CCI: cam_cci_read: 1306 ERROR with Slave 0xc0:
01-01 00:15:30.044 I/CAM_ERR ( 0): CAM-CCI: cam_cci_read_bytes: 1561 failed to read rc:-22
01-01 00:15:30.044 I/CAM_ERR ( 0): CAM-SENSOR: cam_cci_i2c_read: 35 rc = -22
01-01 00:15:30.044 I/CAM_WARN( 0): CAM-SENSOR: cam_sensor_match_id: 769 read id: 0x0 expected id 0x9281:
01-01 00:15:30.045 I/qcom,camera ac4f000.qcom,cci( 0): qcom,cam-sensor1: Dropping the link to regulator.77
01-01 00:15:30.049 I/qcom,camera ac4f000.qcom,cci( 0): qcom,cam-sensor1: Dropping the link to regulator.57
01-01 00:15:30.050 I/qcom,camera ac4f000.qcom,cci( 0): qcom,cam-sensor1: Dropping the link to regulator.53
01-01 00:15:30.050 I/qcom,camera ac4f000.qcom,cci( 0): qcom,cam-sensor1: Dropping the link to regulator.56
01-01 00:15:29.206 D/SystemServerTiming( 1152): InitBeforeStartServices took to complete: 817ms
01-01 00:15:29.206 I/SystemServerTiming( 1152): StartServices
01-01 00:15:29.206 I/SystemServerTiming( 1152): startBootstrapServices
01-01 00:15:29.206 I/SystemServerTiming( 1152): StartWatchdog
01-01 00:15:29.221 I/iorapd ( 1236): iorapd (the prefetchening) firing up
01-01 00:15:29.230 I/iorapd ( 1236): Opened existing database at '/data/misc/iorapd/sqlite.db'
01-01 00:15:29.231 W/iorapd ( 1236): Reconnect to package manager service: 1 times
01-01 00:15:30.081 I/binder ( 0): 1236:1236 ioctl 40046210 7ff3f1a0d4 returned -22
01-01 00:15:29.238 D/SystemServerTiming( 1152): StartWatchdog took to complete: 32ms
01-01 00:15:29.238 I/SystemServer( 1152): Reading configuration...
01-01 00:15:29.238 I/SystemServerTiming( 1152): ReadingSystemConfig
01-01 00:15:29.238 D/SystemServerTiming( 1152): ReadingSystemConfig took to complete: 0ms
01-01 00:15:29.238 I/SystemServerTiming( 1152): PlatformCompat
01-01 00:15:29.240 I/SystemServerTimingAsync( 1152): InitThreadPoolExec:ReadingSystemConfig
01-01 00:15:29.240 D/SystemServerInitThreadPool( 1152): Started executing ReadingSystemConfig
01-01 00:15:30.090 I/qcom,camera ac50000.qcom,cci( 0): qcom,cam-sensor3: Linked as a consumer to regulator.57
01-01 00:15:30.092 I/qcom,camera ac50000.qcom,cci( 0): qcom,cam-sensor3: Linked as a consumer to regulator.86
01-01 00:15:29.244 D/CompatConfig( 1152): Found a config file: /system/etc/compatconfig/documents-ui-compat-config.xml
01-01 00:15:29.246 D/CompatConfig( 1152): Adding: com.android.server.compat.config.Change@288e112
01-01 00:15:29.246 I/SystemConfig( 1152): Reading permissions from /system/etc/sysconfig/preinstalled-packages-platform.xml
01-01 00:15:29.248 D/CompatConfig( 1152): Found a config file: /system/etc/compatconfig/icu4j-platform-compat-config.xml
01-01 00:15:29.249 D/CompatConfig( 1152): Adding: com.android.server.compat.config.Change@cde8199
01-01 00:15:29.249 D/CompatConfig( 1152): Found a config file: /system/etc/compatconfig/services-platform-compat-config.xml
01-01 00:15:29.251 I/SystemConfig( 1152): Reading permissions from /system/etc/sysconfig/preinstalled-packages-platform-full-base.xml
01-01 00:15:29.251 D/CompatConfig( 1152): Adding: com.android.server.compat.config.Change@f37250c
01-01 00:15:29.252 I/SystemConfig( 1152): Reading permissions from /system/etc/sysconfig/qti_whitelist.xml
01-01 00:15:29.253 I/SystemConfig( 1152): Reading permissions from /system/etc/sysconfig/preinstalled-packages-com.android.providers.media.module.xml
01-01 00:15:29.255 I/SystemConfig( 1152): Reading permissions from /system/etc/sysconfig/framework-sysconfig.xml
01-01 00:15:29.256 I/SystemConfig( 1152): Reading permissions from /system/etc/sysconfig/hiddenapi-package-whitelist.xml
01-01 00:15:29.261 D/CompatConfig( 1152): Adding: com.android.server.compat.config.Change@c5cad1
01-01 00:15:29.262 I/SystemConfig( 1152): Reading permissions from /system/etc/permissions/org.apache.http.legacy.xml
01-01 00:15:29.262 D/CompatConfig( 1152): Adding: com.android.server.compat.config.Change@b400037
01-01 00:15:29.263 I/SystemConfig( 1152): Reading permissions from /system/etc/permissions/com.android.location.provider.xml
01-01 00:15:29.263 D/CompatConfig( 1152): Adding: com.android.server.compat.config.Change@20b430d
01-01 00:15:29.263 D/CompatConfig( 1152): Adding: com.android.server.compat.config.Change@647b2c2
01-01 00:15:29.264 I/SystemConfig( 1152): Reading permissions from /system/etc/permissions/android.software.live_wallpaper.xml
01-01 00:15:29.264 D/CompatConfig( 1152): Adding: com.android.server.compat.config.Change@b911c10
01-01 00:15:29.265 D/CompatConfig( 1152): Adding: com.android.server.compat.config.Change@7b60309
01-01 00:15:29.266 I/SystemConfig( 1152): Reading permissions from /system/etc/permissions/privapp-permissions-qti.xml
01-01 00:15:29.266 D/CompatConfig( 1152): Adding: com.android.server.compat.config.Change@908bf2f
01-01 00:15:29.267 D/CompatConfig( 1152): Adding: com.android.server.compat.config.Change@53e93c
01-01 00:15:29.268 I/SystemConfig( 1152): Reading permissions from /system/etc/permissions/com.android.networkstack.tethering.xml
01-01 00:15:30.120 I/qcom,camera ac50000.qcom,cci( 0): qcom,cam-sensor3: Linked as a consumer to regulator.77
01-01 00:15:29.270 I/SystemConfig( 1152): Reading permissions from /system/etc/permissions/com.android.future.usb.accessory.xml
01-01 00:15:29.272 I/SystemConfig( 1152): Reading permissions from /system/etc/permissions/com.android.documentsui.xml
01-01 00:15:29.273 I/SystemConfig( 1152): Reading permissions from /system/etc/permissions/com.android.nfc_extras.xml
01-01 00:15:29.274 I/SystemConfig( 1152): Reading permissions from /system/etc/permissions/com.android.networkstack.xml
01-01 00:15:29.275 I/SystemConfig( 1152): Reading permissions from /system/etc/permissions/com.android.media.remotedisplay.xml
01-01 00:15:29.276 I/SystemConfig( 1152): Reading permissions from /system/etc/permissions/android.test.runner.xml
01-01 00:15:29.278 I/SystemConfig( 1152): Reading permissions from /system/etc/permissions/android.test.mock.xml
01-01 00:15:29.279 I/SystemConfig( 1152): Reading permissions from /system/etc/permissions/android.test.base.xml
01-01 00:15:29.280 I/SystemConfig( 1152): Reading permissions from /system/etc/permissions/uimremoteserver.xml
01-01 00:15:29.281 I/SystemConfig( 1152): Reading permissions from /system/etc/permissions/privapp-permissions-platform.xml
01-01 00:15:29.285 D/CompatConfig( 1152): Adding: com.android.server.compat.config.Change@c6ba940
01-01 00:15:29.285 I/SystemConfig( 1152): Reading permissions from /system/etc/permissions/com.android.mediadrm.signer.xml
01-01 00:15:29.287 D/CompatConfig( 1152): Adding: com.android.server.compat.config.Change@a5501be
01-01 00:15:29.287 I/SystemConfig( 1152): Reading permissions from /system/etc/permissions/uimremoteclient.xml
01-01 00:15:29.289 D/CompatConfig( 1152): Adding: com.android.server.compat.config.Change@a02196c
01-01 00:15:30.138 I/CAM_ERR ( 0): CAM-CCI: cam_cci_irq: 264 Base:ffffff801a0a5000, M1_Q1 NACK ERROR: 0x40000000
01-01 00:15:30.140 I/CAM_ERR ( 0): CAM-CCI: cam_cci_read: 1306 ERROR with Slave 0x20:
01-01 00:15:30.140 I/CAM_ERR ( 0): CAM-CCI: cam_cci_read_bytes: 1561 failed to read rc:-22
01-01 00:15:30.140 I/CAM_ERR ( 0): CAM-SENSOR: cam_cci_i2c_read: 35 rc = -22
01-01 00:15:30.140 I/CAM_WARN( 0): CAM-SENSOR: cam_sensor_match_id: 769 read id: 0x0 expected id 0x885a:
01-01 00:15:29.290 D/CompatConfig( 1152): Adding: com.android.server.compat.config.Change@c2beb35
01-01 00:15:29.290 I/SystemConfig( 1152): Reading permissions from /system/etc/permissions/javax.obex.xml
01-01 00:15:29.290 D/CompatConfig( 1152): Adding: com.android.server.compat.config.Change@ee7713b
01-01 00:15:29.291 D/CompatConfig( 1152): Adding: com.android.server.compat.config.Change@bad6058
01-01 00:15:29.292 D/CompatConfig( 1152): Adding: com.android.server.compat.config.Change@83d05b1
01-01 00:15:29.293 D/CompatConfig( 1152): Adding: com.android.server.compat.config.Change@19d8a96
01-01 00:15:30.140 I/qcom,camera ac50000.qcom,cci( 0): qcom,cam-sensor3: Dropping the link to regulator.77
01-01 00:15:29.293 D/CompatConfig( 1152): Adding: com.android.server.compat.config.Change@651e617
01-01 00:15:29.294 D/CompatConfig( 1152): Adding: com.android.server.compat.config.Change@1c42a04
01-01 00:15:29.295 D/CompatConfig( 1152): Adding: com.android.server.compat.config.Change@86b4bed
01-01 00:15:29.296 D/CompatConfig( 1152): Adding: com.android.server.compat.config.Change@d1fba22
01-01 00:15:29.296 I/SystemConfig( 1152): Reading permissions from /system/etc/permissions/android.software.freeform_window_management.xml
01-01 00:15:29.296 D/CompatConfig( 1152): Adding: com.android.server.compat.config.Change@95be270
01-01 00:15:29.297 I/SystemConfig( 1152): Reading permissions from /system/etc/permissions/android.software.webview.xml
01-01 00:15:29.299 D/CompatConfig( 1152): Adding: com.android.server.compat.config.Change@ba3566e
01-01 00:15:29.299 D/CompatConfig( 1152): Adding: com.android.server.compat.config.Change@ff5810f
01-01 00:15:29.300 D/CompatConfig( 1152): Adding: com.android.server.compat.config.Change@974b59c
01-01 00:15:29.301 I/SystemConfig( 1152): Reading permissions from /system/etc/permissions/platform.xml
01-01 00:15:29.301 D/CompatConfig( 1152): Adding: com.android.server.compat.config.Change@eb26b7a
01-01 00:15:30.149 I/qcom,camera ac50000.qcom,cci( 0): qcom,cam-sensor3: Dropping the link to regulator.86
01-01 00:15:30.150 I/qcom,camera ac50000.qcom,cci( 0): qcom,cam-sensor3: Dropping the link to regulator.57
01-01 00:15:29.302 D/CompatConfig( 1152): Adding: com.android.server.compat.config.Change@9131f2b
01-01 00:15:29.303 D/CompatConfig( 1152): Adding: com.android.server.compat.config.Change@6e58f88
01-01 00:15:29.304 D/CompatConfig( 1152): Adding: com.android.server.compat.config.Change@ca9bd21
01-01 00:15:29.306 D/CompatConfig( 1152): Adding: com.android.server.compat.config.Change@46bc546
01-01 00:15:29.307 D/CompatConfig( 1152): Adding: com.android.server.compat.config.Change@2228307
01-01 00:15:29.307 D/CompatConfig( 1152): Adding: com.android.server.compat.config.Change@b081c34
01-01 00:15:29.308 D/CompatConfig( 1152): Adding: com.android.server.compat.config.Change@f440a5d
01-01 00:15:29.308 D/CompatConfig( 1152): Adding: com.android.server.compat.config.Change@c0eefd2
01-01 00:15:29.310 I/SystemConfig( 1152): Reading permissions from /vendor/etc/permissions/android.hardware.wifi.passpoint.xml
01-01 00:15:29.315 I/SystemConfig( 1152): Reading permissions from /vendor/etc/permissions/android.hardware.nfc.ese.xml
01-01 00:15:29.317 I/SystemConfig( 1152): Reading permissions from /vendor/etc/permissions/android.hardware.wifi.xml
01-01 00:15:29.318 D/CompatConfig( 1152): Adding: com.android.server.compat.config.Change@748371e
01-01 00:15:29.318 I/SystemConfig( 1152): Reading permissions from /vendor/etc/permissions/android.hardware.telephony.cdma.xml
01-01 00:15:29.319 D/CompatConfig( 1152): Adding: com.android.server.compat.config.Change@e9ebdcc
01-01 00:15:29.320 I/SystemConfig( 1152): Reading permissions from /vendor/etc/permissions/android.hardware.camera.full.xml
01-01 00:15:29.320 D/CompatConfig( 1152): Adding: com.android.server.compat.config.Change@43ca72a
01-01 00:15:29.320 D/CompatConfig( 1152): Adding: com.android.server.compat.config.Change@d3e291b
01-01 00:15:30.171 I/binder ( 0): 1258:1258 ioctl 40046210 7fcd76aee4 returned -22
01-01 00:15:29.321 D/CompatConfig( 1152): Adding: com.android.server.compat.config.Change@9dfeab8
01-01 00:15:29.321 I/SystemConfig( 1152): Reading permissions from /vendor/etc/permissions/android.hardware.sensor.light.xml
01-01 00:15:29.322 D/CompatConfig( 1152): Adding: com.android.server.compat.config.Change@c560bf6
01-01 00:15:29.323 I/SystemConfig( 1152): Reading permissions from /vendor/etc/permissions/com.android.nfc_extras.xml
01-01 00:15:29.325 D/CompatConfig( 1152): Adding: com.android.server.compat.config.Change@404fa64
01-01 00:15:29.325 I/SystemConfig( 1152): Reading permissions from /vendor/etc/permissions/android.hardware.camera.front.xml
01-01 00:15:29.327 I/SystemConfig( 1152): Reading permissions from /vendor/etc/permissions/android.hardware.location.gps.xml
01-01 00:15:29.327 D/CompatConfig( 1152): Adding: com.android.server.compat.config.Change@93ea093
01-01 00:15:29.329 I/SystemConfig( 1152): Reading permissions from /vendor/etc/permissions/android.hardware.sensor.proximity.xml
01-01 00:15:29.331 I/SystemConfig( 1152): Reading permissions from /vendor/etc/permissions/android.hardware.wifi.direct.xml
01-01 00:15:29.333 I/SystemConfig( 1152): Reading permissions from /vendor/etc/permissions/android.hardware.telephony.ims.xml
01-01 00:15:29.334 I/SystemConfig( 1152): Reading permissions from /vendor/etc/permissions/android.hardware.sensor.stepdetector.xml
01-01 00:15:29.335 I/SystemConfig( 1152): Reading permissions from /vendor/etc/permissions/android.software.verified_boot.xml
01-01 00:15:29.336 I/SystemConfig( 1152): Reading permissions from /vendor/etc/permissions/android.hardware.sensor.ambient_temperature.xml
01-01 00:15:29.337 D/CompatConfig( 1152): Adding: com.android.server.compat.config.Change@a652eda
01-01 00:15:29.338 D/CompatConfig( 1152): Adding: com.android.server.compat.config.Change@7f78f0b
01-01 00:15:29.338 D/CompatConfig( 1152): Adding: com.android.server.compat.config.Change@f7f71e8
01-01 00:15:29.339 D/CompatConfig( 1152): Adding: com.android.server.compat.config.Change@f686001
01-01 00:15:29.340 D/CompatConfig( 1152): Adding: com.android.server.compat.config.Change@e775ea6
01-01 00:15:29.341 D/CompatConfig( 1152): Adding: com.android.server.compat.config.Change@20e10e7
01-01 00:15:29.341 I/SystemConfig( 1152): Reading permissions from /vendor/etc/permissions/android.hardware.audio.pro.xml
01-01 00:15:29.341 D/CompatConfig( 1152): Adding: com.android.server.compat.config.Change@1f9fb3d
01-01 00:15:29.342 D/CompatConfig( 1152): Adding: com.android.server.compat.config.Change@2abf32
01-01 00:15:29.343 D/CompatConfig( 1152): Adding: com.android.server.compat.config.Change@b20d483
01-01 00:15:29.343 I/SystemConfig( 1152): Reading permissions from /vendor/etc/permissions/android.hardware.se.omapi.ese.xml
01-01 00:15:29.345 I/SystemConfig( 1152): Reading permissions from /vendor/etc/permissions/android.hardware.camera.raw.xml
01-01 00:15:29.346 I/SystemConfig( 1152): Reading permissions from /vendor/etc/permissions/android.hardware.telephony.gsm.xml
01-01 00:15:29.347 I/SystemConfig( 1152): Reading permissions from /vendor/etc/permissions/android.hardware.sensor.relative_humidity.xml
01-01 00:15:29.348 I/SystemConfig( 1152): Reading permissions from /vendor/etc/permissions/android.hardware.usb.host.xml
01-01 00:15:29.349 I/SystemConfig( 1152): Reading permissions from /vendor/etc/permissions/android.software.device_id_attestation.xml
01-01 00:15:29.350 D/CompatConfig( 1152): Adding: com.android.server.compat.config.Change@b57028a
01-01 00:15:29.351 I/SystemConfig( 1152): Reading permissions from /vendor/etc/permissions/android.hardware.sensor.barometer.xml
01-01 00:15:30.199 I/qcom,camera ac4f000.qcom,cci( 0): qcom,cam-sensor0: Linked as a consumer to regulator.55
01-01 00:15:29.353 D/CompatConfig( 1152): Found a config file: /system/etc/compatconfig/framework-platform-compat-config.xml
01-01 00:15:29.354 I/SystemConfig( 1152): Reading permissions from /vendor/etc/permissions/android.hardware.bluetooth.xml
01-01 00:15:29.355 I/SystemConfig( 1152): Reading permissions from /vendor/etc/permissions/handheld_core_hardware.xml
01-01 00:15:30.205 I/qcom,camera ac4f000.qcom,cci( 0): qcom,cam-sensor0: Linked as a consumer to regulator.52
01-01 00:15:29.356 I/SystemConfig( 1152): Reading permissions from /vendor/etc/permissions/android.hardware.sensor.hifi_sensors.xml
01-01 00:15:30.207 I/qcom,camera ac4f000.qcom,cci( 0): qcom,cam-sensor0: Linked as a consumer to regulator.57
01-01 00:15:29.359 D/CompatConfig( 1152): Adding: com.android.server.compat.config.Change@8357ac4
01-01 00:15:29.359 D/CompatConfig( 1152): Adding: com.android.server.compat.config.Change@1c52dad
01-01 00:15:29.360 I/SystemConfig( 1152): Reading permissions from /vendor/etc/permissions/android.hardware.sensor.gyroscope.xml
01-01 00:15:29.360 D/CompatConfig( 1152): Adding: com.android.server.compat.config.Change@cafe473
01-01 00:15:29.361 D/CompatConfig( 1152): Adding: com.android.server.compat.config.Change@2717f30
01-01 00:15:29.361 D/CompatConfig( 1152): Adding: com.android.server.compat.config.Change@e33f7a9
01-01 00:15:29.362 I/SystemConfig( 1152): Reading permissions from /vendor/etc/permissions/android.hardware.vulkan.compute-0.xml
01-01 00:15:29.363 I/SystemConfig( 1152): Reading permissions from /vendor/etc/permissions/android.hardware.wifi.rtt.xml
01-01 00:15:29.364 D/CompatConfig( 1152): Adding: com.android.server.compat.config.Change@9275e5c
01-01 00:15:30.213 I/qcom,camera ac4f000.qcom,cci( 0): qcom,cam-sensor0: Linked as a consumer to regulator.77
01-01 00:15:29.366 I/SystemConfig( 1152): Reading permissions from /vendor/etc/permissions/android.software.midi.xml
01-01 00:15:29.368 I/SystemConfig( 1152): Reading permissions from /vendor/etc/permissions/android.hardware.camera.flash-autofocus.xml
01-01 00:15:29.370 I/SystemConfig( 1152): Reading permissions from /vendor/etc/permissions/android.software.sip.voip.xml
01-01 00:15:29.371 D/CompatConfig( 1152): Adding: com.android.server.compat.config.Change@7fa0448
01-01 00:15:29.372 D/CompatConfig( 1152): Adding: com.android.server.compat.config.Change@a71f2e1
01-01 00:15:29.372 I/SystemConfig( 1152): Reading permissions from /vendor/etc/permissions/android.hardware.fingerprint.xml
01-01 00:15:29.372 D/CompatConfig( 1152): Adding: com.android.server.compat.config.Change@d160ec7
01-01 00:15:29.373 D/CompatConfig( 1152): Adding: com.android.server.compat.config.Change@fcf1cf4
01-01 00:15:29.373 D/CompatConfig( 1152): Adding: com.android.server.compat.config.Change@eb9dc1d
01-01 00:15:29.374 I/SystemConfig( 1152): Reading permissions from /vendor/etc/permissions/android.hardware.sensor.stepcounter.xml
01-01 00:15:29.374 D/CompatConfig( 1152): Adding: com.android.server.compat.config.Change@dad063
01-01 00:15:29.375 D/CompatConfig( 1152): Adding: com.android.server.compat.config.Change@83b1460
01-01 00:15:29.376 I/SystemConfig( 1152): Reading permissions from /vendor/etc/permissions/com.nxp.mifare.xml
01-01 00:15:29.376 D/CompatConfig( 1152): Adding: com.android.server.compat.config.Change@31931de
01-01 00:15:29.381 D/CompatConfig( 1152): Adding: com.android.server.compat.config.Change@ea00fbf
01-01 00:15:29.382 I/SystemConfig( 1152): Reading permissions from /vendor/etc/permissions/android.hardware.wifi.aware.xml
01-01 00:15:29.384 I/SystemConfig( 1152): Reading permissions from /vendor/etc/permissions/android.hardware.usb.accessory.xml
01-01 00:15:29.385 I/SystemConfig( 1152): Reading permissions from /vendor/etc/permissions/android.hardware.se.omapi.uicc.xml
01-01 00:15:29.385 D/CompatConfig( 1152): Adding: com.android.server.compat.config.Change@74fe8db
01-01 00:15:29.386 I/SystemConfig( 1152): Reading permissions from /vendor/etc/permissions/vendor.qti.hardware.factory.xml
01-01 00:15:29.387 D/CompatConfig( 1152): Adding: com.android.server.compat.config.Change@64c5651
01-01 00:15:29.387 D/CompatConfig( 1152): Adding: com.android.server.compat.config.Change@4739eb6
01-01 00:15:29.388 I/SystemConfig( 1152): Reading permissions from /vendor/etc/permissions/android.hardware.audio.low_latency.xml
01-01 00:15:29.389 I/SystemConfig( 1152): Reading permissions from /vendor/etc/permissions/android.hardware.nfc.hce.xml
01-01 00:15:29.389 D/CompatConfig( 1152): Adding: com.android.server.compat.config.Change@42f068d
01-01 00:15:29.390 D/CompatConfig( 1152): Adding: com.android.server.compat.config.Change@a12f042
01-01 00:15:29.390 I/SystemConfig( 1152): Reading permissions from /vendor/etc/permissions/android.software.vulkan.deqp.level.xml
01-01 00:15:30.239 I/CAM_ERR ( 0): CAM-CCI: cam_cci_irq: 238 Base:ffffff801a09d000, M0_Q1 NACK ERROR: 0x10000000
01-01 00:15:30.240 I/CAM_ERR ( 0): CAM-CCI: cam_cci_read: 1306 ERROR with Slave 0x20:
01-01 00:15:30.240 I/CAM_ERR ( 0): CAM-CCI: cam_cci_read_bytes: 1561 failed to read rc:-22
01-01 00:15:30.240 I/CAM_ERR ( 0): CAM-SENSOR: cam_cci_i2c_read: 35 rc = -22
01-01 00:15:30.240 I/CAM_WARN( 0): CAM-SENSOR: cam_sensor_match_id: 769 read id: 0x0 expected id 0x362:
01-01 00:15:30.240 I/qcom,camera ac4f000.qcom,cci( 0): qcom,cam-sensor0: Dropping the link to regulator.77
01-01 00:15:29.391 D/CompatConfig( 1152): Adding: com.android.server.compat.config.Change@7ec5590
01-01 00:15:29.392 I/SystemConfig( 1152): Reading permissions from /vendor/etc/permissions/android.hardware.nfc.uicc.xml
01-01 00:15:29.392 D/CompatConfig( 1152): Adding: com.android.server.compat.config.Change@463ce8e
01-01 00:15:29.392 D/CompatConfig( 1152): Adding: com.android.server.compat.config.Change@74266af
01-01 00:15:29.393 D/CompatConfig( 1152): Adding: com.android.server.compat.config.Change@ce93abc
01-01 00:15:29.394 I/SystemConfig( 1152): Reading permissions from /vendor/etc/permissions/android.hardware.vulkan.version-1_1.xml
01-01 00:15:29.394 D/CompatConfig( 1152): Adding: com.android.server.compat.config.Change@fd2459a
01-01 00:15:29.395 D/CompatConfig( 1152): Adding: com.android.server.compat.config.Change@cd8becb
01-01 00:15:29.395 I/SystemConfig( 1152): Reading permissions from /vendor/etc/permissions/android.hardware.sensor.accelerometer.xml
01-01 00:15:30.245 I/qcom,camera ac4f000.qcom,cci( 0): qcom,cam-sensor0: Dropping the link to regulator.57
01-01 00:15:30.246 I/qcom,camera ac4f000.qcom,cci( 0): qcom,cam-sensor0: Dropping the link to regulator.52
01-01 00:15:30.246 I/qcom,camera ac4f000.qcom,cci( 0): qcom,cam-sensor0: Dropping the link to regulator.55
01-01 00:15:29.396 I/SystemConfig( 1152): Reading permissions from /vendor/etc/permissions/android.software.ipsec_tunnels.xml
01-01 00:15:29.398 I/SystemConfig( 1152): Reading permissions from /vendor/etc/permissions/android.hardware.sensor.compass.xml
01-01 00:15:29.399 I/SystemConfig( 1152): Reading permissions from /vendor/etc/permissions/android.hardware.light.xml
01-01 00:15:29.401 I/SystemConfig( 1152): Reading permissions from /vendor/etc/permissions/qti_fingerprint_interface.xml
01-01 00:15:29.402 D/CompatConfig( 1152): Adding: com.android.server.compat.config.Change@13bacfd
01-01 00:15:29.403 D/CompatConfig( 1152): Adding: com.android.server.compat.config.Change@dcbedf2
01-01 00:15:29.404 D/CompatConfig( 1152): Adding: com.android.server.compat.config.Change@c842c0
01-01 00:15:29.404 I/SystemConfig( 1152): Reading permissions from /vendor/etc/permissions/android.hardware.vulkan.level-1.xml
01-01 00:15:29.405 D/CompatConfig( 1152): Adding: com.android.server.compat.config.Change@a1b1bf9
01-01 00:15:29.406 I/SystemConfig( 1152): Reading permissions from /vendor/etc/permissions/android.hardware.nfc.xml
01-01 00:15:29.406 D/CompatConfig( 1152): Adding: com.android.server.compat.config.Change@d60599f
01-01 00:15:29.407 D/CompatConfig( 1152): Adding: com.android.server.compat.config.Change@d4ecaec
01-01 00:15:29.407 D/CompatConfig( 1152): Adding: com.android.server.compat.config.Change@ae87eb5
01-01 00:15:29.407 I/SystemConfig( 1152): Reading permissions from /vendor/etc/permissions/android.hardware.touchscreen.multitouch.jazzhand.xml
01-01 00:15:29.408 D/CompatConfig( 1152): Adding: com.android.server.compat.config.Change@1faf0bb
01-01 00:15:29.409 D/CompatConfig( 1152): Adding: com.android.server.compat.config.Change@8d3a9d8
01-01 00:15:29.409 D/CompatConfig( 1152): Adding: com.android.server.compat.config.Change@188b016
01-01 00:15:29.410 I/SystemConfig( 1152): Reading permissions from /vendor/etc/permissions/android.hardware.bluetooth_le.xml
01-01 00:15:29.412 I/SystemConfig( 1152): Reading permissions from /vendor/etc/permissions/android.hardware.nfc.hcef.xml
01-01 00:15:29.413 I/SystemConfig( 1152): Reading permissions from /vendor/etc/permissions/vendor-qti-hardware-sensorscalibrate.xml
01-01 00:15:29.413 D/CompatConfig( 1152): Adding: com.android.server.compat.config.Change@8b6cf6d
01-01 00:15:29.414 D/CompatConfig( 1152): Adding: com.android.server.compat.config.Change@457b7a2
01-01 00:15:29.414 I/SystemConfig( 1152): Reading permissions from /vendor/etc/permissions/android.hardware.opengles.aep.xml
01-01 00:15:29.414 D/CompatConfig( 1152): Adding: com.android.server.compat.config.Change@8d1dbf0
01-01 00:15:29.415 D/CompatConfig( 1152): Adding: com.android.server.compat.config.Change@dfdf569
01-01 00:15:29.417 D/CompatConfig( 1152): Adding: com.android.server.compat.config.Change@e1dabee
01-01 00:15:29.418 D/CompatConfig( 1152): Adding: com.android.server.compat.config.Change@10c71c
01-01 00:15:29.419 I/SystemConfig( 1152): Reading permissions from /product/etc/sysconfig/preinstalled-packages-platform-handheld-product.xml
01-01 00:15:29.419 D/CompatConfig( 1152): Adding: com.android.server.compat.config.Change@f777f25
01-01 00:15:29.421 I/SystemConfig( 1152): Reading permissions from /product/etc/sysconfig/preinstalled-packages-platform-overlays.xml
01-01 00:15:29.421 D/CompatConfig( 1152): Adding: com.android.server.compat.config.Change@dc57eab
01-01 00:15:29.423 D/CompatConfig( 1152): Adding: com.android.server.compat.config.Change@cf13908
01-01 00:15:29.423 I/SystemConfig( 1152): Reading permissions from /product/etc/permissions/qti_telephony_hidl_wrapper_prd.xml
01-01 00:15:29.425 D/CompatConfig( 1152): Adding: com.android.server.compat.config.Change@62b4ac6
01-01 00:15:29.425 I/SystemConfig( 1152): Reading permissions from /product/etc/permissions/com.android.dialer.xml
01-01 00:15:29.427 I/SystemConfig( 1152): Reading permissions from /product/etc/permissions/qti_telephony_utils_prd.xml
01-01 00:15:29.429 I/SystemConfig( 1152): Reading permissions from /product/etc/permissions/UimService.xml
01-01 00:15:29.430 I/SystemConfig( 1152): Reading permissions from /product/etc/permissions/com.android.contacts.xml
01-01 00:15:29.431 I/SystemConfig( 1152): Reading permissions from /product/etc/permissions/ims_ext_common.xml
01-01 00:15:29.433 I/SystemConfig( 1152): Reading permissions from /product/etc/permissions/UimGba.xml
01-01 00:15:29.434 I/SystemConfig( 1152): Reading permissions from /product/etc/permissions/extphonelib_product.xml
01-01 00:15:29.435 I/SystemConfig( 1152): Reading permissions from /product/etc/permissions/com.qti.snapdragon.sdk.display.xml
01-01 00:15:29.436 I/SystemConfig( 1152): Reading permissions from /product/etc/permissions/UimGbaManager.xml
01-01 00:15:29.436 I/SystemConfig( 1152): Reading permissions from /product/etc/permissions/vendor.qti.hardware.data.connection-V1.1-java.xml
01-01 00:15:29.437 I/SystemConfig( 1152): Reading permissions from /product/etc/permissions/vendor.qti.hardware.data.connection-V1.0-java.xml
01-01 00:15:29.438 I/SystemConfig( 1152): Reading permissions from /product/etc/permissions/com.android.settings.intelligence.xml
01-01 00:15:29.439 I/SystemConfig( 1152): Reading permissions from /product/etc/permissions/privapp-permissions-soundrecorder.xml
01-01 00:15:30.270 E/msm-dai-fe soc( 0): qcom,msm-dai-fe: ASoC: no sink widget found for AUXPCM_DL_HL
01-01 00:15:30.279 E/msm-dai-fe soc( 0): qcom,msm-dai-fe: ASoC: Failed to add route AUXPCM_HOSTLESS Playback -> direct -> AUXPCM_DL_HL
01-01 00:15:30.279 I/binder ( 0): 1273:1273 ioctl 40046210 7fdef1fce4 returned -22
01-01 00:15:29.440 I/SystemConfig( 1152): Reading permissions from /product/etc/permissions/RemoteSimlock.xml
01-01 00:15:29.443 I/SystemConfig( 1152): Reading permissions from /product/etc/permissions/lpa.xml
01-01 00:15:29.444 I/SystemConfig( 1152): Reading permissions from /product/etc/permissions/RemoteSimlockManager.xml
01-01 00:15:29.445 I/SystemConfig( 1152): Reading permissions from /product/etc/permissions/com.android.imsserviceentitlement.xml
01-01 00:15:29.447 I/SystemConfig( 1152): Reading permissions from /product/etc/permissions/telephony_product_privapp-permissions-qti.xml
01-01 00:15:29.451 I/SystemConfig( 1152): Reading permissions from /system_ext/etc/sysconfig/qti_telephony_system_packages_config.xml
01-01 00:15:30.291 E/msm-dai-fe soc( 0): qcom,msm-dai-fe: ASoC: no source widget found for AUXPCM_UL_HL
01-01 00:15:30.294 I/qcom,camera ac50000.qcom,cci( 0): qcom,cam-sensor3: Linked as a consumer to regulator.86
01-01 00:15:30.299 E/msm-dai-fe soc( 0): qcom,msm-dai-fe: ASoC: Failed to add route AUXPCM_UL_HL -> direct -> AUXPCM_HOSTLESS Capture
01-01 00:15:30.301 I/binder ( 0): 1276:1276 ioctl 40046210 7fd90268c4 returned -22
01-01 00:15:29.453 I/SystemConfig( 1152): Reading permissions from /system_ext/etc/sysconfig/qti_whitelist_system_ext.xml
01-01 00:15:29.455 D/CompatConfig( 1152): Adding: com.android.server.compat.config.Change@e005013
01-01 00:15:29.456 D/CompatConfig( 1152): Adding: com.android.server.compat.config.Change@3a1250
01-01 00:15:29.457 D/CompatConfig( 1152): Adding: com.android.server.compat.config.Change@42e5c49
01-01 00:15:29.457 D/CompatConfig( 1152): Adding: com.android.server.compat.config.Change@151b94e
01-01 00:15:29.458 D/CompatConfig( 1152): Adding: com.android.server.compat.config.Change@695da6f
01-01 00:15:29.459 D/CompatConfig( 1152): Adding: com.android.server.compat.config.Change@736037c
01-01 00:15:29.459 D/CompatConfig( 1152): Adding: com.android.server.compat.config.Change@4f77405
01-01 00:15:29.460 D/CompatConfig( 1152): Adding: com.android.server.compat.config.Change@3941c5a
01-01 00:15:29.460 D/CompatConfig( 1152): Adding: com.android.server.compat.config.Change@e4fae8b
01-01 00:15:29.461 D/CompatConfig( 1152): Adding: com.android.server.compat.config.Change@99ddb68
01-01 00:15:29.461 I/SystemConfig( 1152): Reading permissions from /system_ext/etc/permissions/privapp-permissions-mms.xml
01-01 00:15:29.462 D/CompatConfig( 1152): Adding: com.android.server.compat.config.Change@367a426
01-01 00:15:29.463 D/CompatConfig( 1152): Adding: com.android.server.compat.config.Change@288a867
01-01 00:15:29.463 I/SystemConfig( 1152): Reading permissions from /system_ext/etc/permissions/com.android.storagemanager.xml
01-01 00:15:29.464 D/CompatConfig( 1152): Found a config file: /system/etc/compatconfig/calendar-provider-compat-config.xml
01-01 00:15:29.465 D/CompatConfig( 1152): Adding: com.android.server.compat.config.Change@799dcb2
01-01 00:15:29.465 I/SystemConfig( 1152): Reading permissions from /system_ext/etc/permissions/com.qti.media.secureprocessor.xml
01-01 00:15:29.467 D/CompatConfig( 1152): Found a config file: /system/system_ext/etc/compatconfig/settings-platform-compat-config.xml
01-01 00:15:29.468 I/SystemConfig( 1152): Reading permissions from /system_ext/etc/permissions/com.qualcomm.location.xml
01-01 00:15:29.469 I/SystemConfig( 1152): Reading permissions from /system_ext/etc/permissions/com.android.settings.xml
01-01 00:15:29.470 D/CompatConfig( 1152): Adding: com.android.server.compat.config.Change@5583d5f
01-01 00:15:29.471 I/SystemConfig( 1152): Reading permissions from /system_ext/etc/permissions/audiosphere.xml
01-01 00:15:29.472 I/SystemConfig( 1152): Reading permissions from /system_ext/etc/permissions/dpmapi.xml
01-01 00:15:29.473 I/SystemConfig( 1152): Reading permissions from /system_ext/etc/permissions/qti_supplicant_interface.xml
01-01 00:15:29.475 D/CompatConfig( 1152): No directory /apex/com.android.vndk.v30/etc/compatconfig, skipping
01-01 00:15:29.475 D/CompatConfig( 1152): No directory /apex/com.android.wifi/etc/compatconfig, skipping
01-01 00:15:29.475 D/CompatConfig( 1152): No directory /apex/com.android.vndk.v31/etc/compatconfig, skipping
01-01 00:15:29.476 D/CompatConfig( 1152): No directory /apex/com.android.tzdata/etc/compatconfig, skipping
01-01 00:15:29.476 D/CompatConfig( 1152): No directory /apex/com.android.tethering/etc/compatconfig, skipping
01-01 00:15:29.477 D/CompatConfig( 1152): No directory /apex/com.android.sdkext/etc/compatconfig, skipping
01-01 00:15:29.477 D/CompatConfig( 1152): No directory /apex/com.android.scheduling/etc/compatconfig, skipping
01-01 00:15:29.478 D/CompatConfig( 1152): No directory /apex/com.android.runtime/etc/compatconfig, skipping
01-01 00:15:29.478 D/CompatConfig( 1152): No directory /apex/com.android.resolv/etc/compatconfig, skipping
01-01 00:15:29.479 D/CompatConfig( 1152): No directory /apex/com.android.permission/etc/compatconfig, skipping
01-01 00:15:29.479 D/CompatConfig( 1152): No directory /apex/com.android.os.statsd/etc/compatconfig, skipping
01-01 00:15:29.479 D/CompatConfig( 1152): No directory /apex/com.android.neuralnetworks/etc/compatconfig, skipping
01-01 00:15:29.481 I/SystemConfig( 1152): Reading permissions from /system_ext/etc/permissions/android.software.verified_boot.xml
01-01 00:15:29.482 I/SystemConfig( 1152): Reading permissions from /system_ext/etc/permissions/com.qualcomm.qti.imscmservice-V2.0-java.xml
01-01 00:15:29.483 D/CompatConfig( 1152): Found a config file: /apex/com.android.mediaprovider/etc/compatconfig/media-provider-platform-compat-config.xml
01-01 00:15:29.484 I/SystemConfig( 1152): Reading permissions from /system_ext/etc/permissions/qti_telephony_hidl_wrapper.xml
01-01 00:15:29.484 D/CompatConfig( 1152): Adding: com.android.server.compat.config.Change@6f67957
01-01 00:15:29.485 D/CompatConfig( 1152): Adding: com.android.server.compat.config.Change@345c44
01-01 00:15:29.485 I/SystemConfig( 1152): Reading permissions from /system_ext/etc/permissions/extphonelib.xml
01-01 00:15:29.486 D/CompatConfig( 1152): Adding: com.android.server.compat.config.Change@3ded662
01-01 00:15:30.315 E/msm-auxpcm-dev soc( 0): qcom,msm-pri-auxpcm: ASoC: no source widget found for AUX_PCM_RX
01-01 00:15:30.320 I/qcom,camera ac50000.qcom,cci( 0): qcom,cam-sensor3: Linked as a consumer to regulator.57
01-01 00:15:30.325 E/msm-auxpcm-dev soc( 0): qcom,msm-pri-auxpcm: ASoC: Failed to add route AUX_PCM_RX -> direct -> AUX PCM Playback
01-01 00:15:29.487 I/SystemConfig( 1152): Reading permissions from /system_ext/etc/permissions/com.android.systemui.xml
01-01 00:15:29.488 I/SystemConfig( 1152): Reading permissions from /system_ext/etc/permissions/com.qualcomm.qti.imscmservice.xml
01-01 00:15:30.336 E/msm-auxpcm-dev soc( 0): qcom,msm-pri-auxpcm: ASoC: no sink widget found for AUX_PCM_TX
01-01 00:15:30.338 I/qcom,camera ac50000.qcom,cci( 0): qcom,cam-sensor3: Linked as a consumer to regulator.77
01-01 00:15:29.489 I/SystemConfig( 1152): Reading permissions from /system_ext/etc/permissions/com.android.emergency.xml
01-01 00:15:29.490 I/SystemConfig( 1152): Reading permissions from /system_ext/etc/permissions/com.android.carrierconfig.xml
01-01 00:15:29.492 D/CompatConfig( 1152): Adding: com.android.server.compat.config.Change@fb13c4f
01-01 00:15:29.492 I/SystemConfig( 1152): Reading permissions from /system_ext/etc/permissions/com.nxp.nfc.nq.xml
01-01 00:15:29.493 D/CompatConfig( 1152): Adding: com.android.server.compat.config.Change@9d358e5
01-01 00:15:29.494 I/SystemConfig( 1152): Reading permissions from /system_ext/etc/permissions/com.qti.dpmframework.xml
01-01 00:15:29.494 D/CompatConfig( 1152): Adding: com.android.server.compat.config.Change@9ef4e6b
01-01 00:15:29.496 D/CompatConfig( 1152): Adding: com.android.server.compat.config.Change@68b2dc8
01-01 00:15:29.496 I/SystemConfig( 1152): Reading permissions from /system_ext/etc/permissions/com.android.launcher3.xml
01-01 00:15:30.345 E/msm-auxpcm-dev soc( 0): qcom,msm-pri-auxpcm: ASoC: Failed to add route AUX PCM Capture -> direct -> AUX_PCM_TX
01-01 00:15:29.498 I/SystemConfig( 1152): Reading permissions from /system_ext/etc/permissions/com.qti.location.sdk.xml
01-01 00:15:29.499 D/CompatConfig( 1152): No directory /apex/com.android.media.swcodec/etc/compatconfig, skipping
01-01 00:15:29.499 D/CompatConfig( 1152): No directory /apex/com.android.media/etc/compatconfig, skipping
01-01 00:15:29.499 D/CompatConfig( 1152): No directory /apex/com.android.ipsec/etc/compatconfig, skipping
01-01 00:15:29.499 D/CompatConfig( 1152): No directory /apex/com.android.i18n/etc/compatconfig, skipping
01-01 00:15:29.500 D/CompatConfig( 1152): No directory /apex/com.android.extservices/etc/compatconfig, skipping
01-01 00:15:29.500 D/CompatConfig( 1152): No directory /apex/com.android.conscrypt/etc/compatconfig, skipping
01-01 00:15:29.500 D/CompatConfig( 1152): No directory /apex/com.android.cellbroadcast/etc/compatconfig, skipping
01-01 00:15:29.500 I/SystemConfig( 1152): Reading permissions from /system_ext/etc/permissions/izat.xt.srv.xml
01-01 00:15:29.501 D/CompatConfig( 1152): Found a config file: /apex/com.android.art/etc/compatconfig/libcore-platform-compat-config.xml
01-01 00:15:29.501 I/SystemConfig( 1152): Reading permissions from /system_ext/etc/permissions/qti_telephony_utils.xml
01-01 00:15:29.503 D/CompatConfig( 1152): Adding: com.android.server.compat.config.Change@bed9c12
01-01 00:15:29.507 I/SystemConfig( 1152): Reading permissions from /system_ext/etc/permissions/com.qualcomm.qti.imscmservice-V2.1-java.xml
01-01 00:15:29.508 I/SystemConfig( 1152): Reading permissions from /system_ext/etc/permissions/qti_permissions.xml
01-01 00:15:29.510 I/installd( 1283): installd firing up
01-01 00:15:29.510 I/SystemConfig( 1152): Reading permissions from /system_ext/etc/permissions/privapp-permissions-aptxals.xml
01-01 00:15:29.512 I/SystemConfig( 1152): Reading permissions from /system_ext/etc/permissions/wfd-system-ext-privapp-permissions-qti.xml
01-01 00:15:29.513 I/SystemConfig( 1152): Reading permissions from /system_ext/etc/permissions/embms.xml
01-01 00:15:29.515 I/SystemConfig( 1152): Reading permissions from /system_ext/etc/permissions/telephony_system-ext_privapp-permissions-qti.xml
01-01 00:15:30.357 E/msm-auxpcm-dev soc( 0): qcom,msm-sec-auxpcm: ASoC: no source widget found for SEC_AUX_PCM_RX
01-01 00:15:30.364 I/binder ( 0): 1283:1283 ioctl 40046210 7fd15ba624 returned -22
01-01 00:15:30.366 E/msm-auxpcm-dev soc( 0): qcom,msm-sec-auxpcm: ASoC: Failed to add route SEC_AUX_PCM_RX -> direct -> Sec AUX PCM Playback
01-01 00:15:29.518 D/CompatConfig( 1152): Adding: com.android.server.compat.config.Change@9a54555
01-01 00:15:29.518 I/SystemConfig( 1152): Reading permissions from /system_ext/etc/permissions/privapp-permissions-com.qualcomm.location.xml
01-01 00:15:29.519 D/CompatConfig( 1152): Adding: com.android.server.compat.config.Change@e24a85b
01-01 00:15:29.519 D/CompatConfig( 1152): Adding: com.android.server.compat.config.Change@24998f8
01-01 00:15:30.378 I/CAM_ERR ( 0): CAM-CCI: cam_cci_irq: 264 Base:ffffff801a0a5000, M1_Q1 NACK ERROR: 0x40000000
01-01 00:15:30.378 I/CAM_ERR ( 0): CAM-CCI: cam_cci_read: 1306 ERROR with Slave 0xc0:
01-01 00:15:30.378 I/CAM_ERR ( 0): CAM-CCI: cam_cci_read_bytes: 1561 failed to read rc:-22
01-01 00:15:30.378 I/CAM_ERR ( 0): CAM-SENSOR: cam_cci_i2c_read: 35 rc = -22
01-01 00:15:29.520 D/CompatConfig( 1152): Adding: com.android.server.compat.config.Change@dc1e1d1
01-01 00:15:30.378 I/CAM_WARN( 0): CAM-SENSOR: cam_sensor_match_id: 769 read id: 0x0 expected id 0x9281:
01-01 00:15:30.379 I/qcom,camera ac50000.qcom,cci( 0): qcom,cam-sensor3: Dropping the link to regulator.77
01-01 00:15:30.379 E/msm-auxpcm-dev soc( 0): qcom,msm-sec-auxpcm: ASoC: no sink widget found for SEC_AUX_PCM_TX
01-01 00:15:29.521 I/SystemConfig( 1152): Reading permissions from /system_ext/etc/permissions/embms-noship_product_privapp_permissions_qti.xml
01-01 00:15:29.521 D/CompatConfig( 1152): No directory /apex/com.android.appsearch/etc/compatconfig, skipping
01-01 00:15:29.521 D/CompatConfig( 1152): No directory /apex/com.android.adbd/etc/compatconfig, skipping
01-01 00:15:29.523 I/SystemConfig( 1152): Reading permissions from /system_ext/etc/permissions/qcrilhook.xml
01-01 00:15:29.524 I/SystemConfig( 1152): Reading permissions from /system_ext/etc/permissions/com.qualcomm.qti.izattools.xml
01-01 00:15:29.525 I/SystemConfig( 1152): Reading permissions from /system_ext/etc/permissions/qti_libpermissions.xml
01-01 00:15:29.526 I/SystemConfig( 1152): Reading permissions from /system_ext/etc/permissions/com.qualcomm.qmapbridge.xml
01-01 00:15:29.526 I/SystemConfig( 1152): Reading permissions from /system_ext/etc/permissions/vendor.qti.ims.rcsservice.xml
01-01 00:15:29.527 I/SystemConfig( 1152): Reading permissions from /system_ext/etc/permissions/com.qualcomm.qti.imscmservice-V2.2-java.xml
01-01 00:15:29.528 I/SystemConfig( 1152): Reading permissions from /system_ext/etc/permissions/privapp-permissions-qti-system-ext.xml
01-01 00:15:29.533 D/SystemServerTiming( 1152): PlatformCompat took to complete: 294ms
01-01 00:15:29.533 I/SystemServerTiming( 1152): StartFileIntegrityService
01-01 00:15:29.533 I/SystemServiceManager( 1152): Starting com.android.server.security.FileIntegrityService
01-01 00:15:29.540 I/SystemConfig( 1152): Reading permissions from /apex/com.android.ipsec/etc/permissions/android.net.ipsec.ike.xml
01-01 00:15:30.387 I/qcom,camera ac50000.qcom,cci( 0): qcom,cam-sensor3: Dropping the link to regulator.57
01-01 00:15:30.389 E/msm-auxpcm-dev soc( 0): qcom,msm-sec-auxpcm: ASoC: Failed to add route Sec AUX PCM Capture -> direct -> SEC_AUX_PCM_TX
01-01 00:15:29.543 D/SystemServerTiming( 1152): StartFileIntegrityService took to complete: 11ms
01-01 00:15:29.544 I/SystemServerTiming( 1152): StartInstaller
01-01 00:15:29.544 I/SystemServiceManager( 1152): Starting com.android.server.pm.Installer
01-01 00:15:29.544 D/SystemConfig( 1152): readAllPermissions took to complete: 304ms
01-01 00:15:29.544 D/SystemServerInitThreadPool( 1152): Finished executing ReadingSystemConfig
01-01 00:15:29.544 D/SystemServerTimingAsync( 1152): InitThreadPoolExec:ReadingSystemConfig took to complete: 304ms
01-01 00:15:30.393 I/qcom,camera ac50000.qcom,cci( 0): qcom,cam-sensor3: Dropping the link to regulator.86
01-01 00:15:30.401 E/msm-auxpcm-dev soc( 0): qcom,msm-tert-auxpcm: ASoC: no source widget found for TERT_AUX_PCM_RX
01-01 00:15:29.553 D/SystemServerTiming( 1152): StartInstaller took to complete: 9ms
01-01 00:15:29.553 I/SystemServerTiming( 1152): DeviceIdentifiersPolicyService
01-01 00:15:29.553 I/SystemServiceManager( 1152): Starting com.android.server.os.DeviceIdentifiersPolicyService
01-01 00:15:29.554 D/SystemServerTiming( 1152): DeviceIdentifiersPolicyService took to complete: 1ms
01-01 00:15:29.554 I/SystemServerTiming( 1152): UriGrantsManagerService
01-01 00:15:29.554 I/SystemServiceManager( 1152): Starting com.android.server.uri.UriGrantsManagerService$Lifecycle
01-01 00:15:29.561 D/SystemServerTiming( 1152): UriGrantsManagerService took to complete: 7ms
01-01 00:15:29.561 I/SystemServerTiming( 1152): StartPowerStatsService
01-01 00:15:29.561 I/SystemServiceManager( 1152): Starting com.android.server.powerstats.PowerStatsService
01-01 00:15:30.411 E/msm-auxpcm-dev soc( 0): qcom,msm-tert-auxpcm: ASoC: Failed to add route TERT_AUX_PCM_RX -> direct -> Tert AUX PCM Playback
01-01 00:15:30.417 I/binder ( 0): 1152:1152 ioctl 40046210 7fc78c3104 returned -22
01-01 00:15:30.424 E/msm-auxpcm-dev soc( 0): qcom,msm-tert-auxpcm: ASoC: no sink widget found for TERT_AUX_PCM_TX
01-01 00:15:29.582 D/SystemServerTiming( 1152): StartPowerStatsService took to complete: 21ms
01-01 00:15:29.582 I/SystemServerTiming( 1152): StartIStatsService
01-01 00:15:29.588 D/SystemServerTiming( 1152): StartIStatsService took to complete: 6ms
01-01 00:15:29.588 I/SystemServerTiming( 1152): MemtrackProxyService
01-01 00:15:30.433 E/msm-auxpcm-dev soc( 0): qcom,msm-tert-auxpcm: ASoC: Failed to add route Tert AUX PCM Capture -> direct -> TERT_AUX_PCM_TX
01-01 00:15:29.594 D/SystemServerTiming( 1152): MemtrackProxyService took to complete: 6ms
01-01 00:15:29.594 I/SystemServerTiming( 1152): StartActivityManager
01-01 00:15:29.594 I/SystemServiceManager( 1152): Starting com.android.server.wm.ActivityTaskManagerService$Lifecycle
01-01 00:15:29.611 I/SystemServiceManager( 1152): Starting com.android.server.am.ActivityManagerService$Lifecycle
01-01 00:15:30.446 E/msm-auxpcm-dev soc( 0): qcom,msm-quat-auxpcm: ASoC: no source widget found for QUAT_AUX_PCM_RX
01-01 00:15:30.456 E/msm-auxpcm-dev soc( 0): qcom,msm-quat-auxpcm: ASoC: Failed to add route QUAT_AUX_PCM_RX -> direct -> Quat AUX PCM Playback
01-01 00:15:30.460 I/qcom,camera ac4f000.qcom,cci( 0): qcom,cam-sensor4: Linked as a consumer to regulator.55
01-01 00:15:30.469 E/msm-auxpcm-dev soc( 0): qcom,msm-quat-auxpcm: ASoC: no sink widget found for QUAT_AUX_PCM_TX
01-01 00:15:30.474 I/qcom,camera ac4f000.qcom,cci( 0): qcom,cam-sensor4: Linked as a consumer to regulator.52
01-01 00:15:30.478 I/binder ( 0): 1290:1290 ioctl 40046210 7fd55a2694 returned -22
01-01 00:15:30.478 E/msm-auxpcm-dev soc( 0): qcom,msm-quat-auxpcm: ASoC: Failed to add route Quat AUX PCM Capture -> direct -> QUAT_AUX_PCM_TX
01-01 00:15:29.630 I/ActivityManager( 1152): Memory class: 512
01-01 00:15:30.483 I/qcom,camera ac4f000.qcom,cci( 0): qcom,cam-sensor4: Linked as a consumer to regulator.57
01-01 00:15:29.635 I/Binder ( 1152): Setting heavy hitter watcher config: false, 0, 0.0
01-01 00:15:30.491 E/msm-auxpcm-dev soc( 0): qcom,msm-quin-auxpcm: ASoC: no source widget found for QUIN_AUX_PCM_RX
01-01 00:15:30.494 I/qcom,camera ac4f000.qcom,cci( 0): qcom,cam-sensor4: Linked as a consumer to regulator.77
01-01 00:15:30.500 E/msm-auxpcm-dev soc( 0): qcom,msm-quin-auxpcm: ASoC: Failed to add route QUIN_AUX_PCM_RX -> direct -> Quin AUX PCM Playback
01-01 00:15:30.513 E/msm-auxpcm-dev soc( 0): qcom,msm-quin-auxpcm: ASoC: no sink widget found for QUIN_AUX_PCM_TX
01-01 00:15:30.521 I/CAM_ERR ( 0): CAM-CCI: cam_cci_irq: 238 Base:ffffff801a09d000, M0_Q1 NACK ERROR: 0x10000000
01-01 00:15:30.523 E/msm-auxpcm-dev soc( 0): qcom,msm-quin-auxpcm: ASoC: Failed to add route Quin AUX PCM Capture -> direct -> QUIN_AUX_PCM_TX
01-01 00:15:30.525 I/CAM_ERR ( 0): CAM-CCI: cam_cci_read: 1306 ERROR with Slave 0x34:
01-01 00:15:30.535 E/msm-auxpcm-dev soc( 0): qcom,msm-sen-auxpcm: ASoC: no source widget found for SEN_AUX_PCM_RX
01-01 00:15:30.540 I/CAM_ERR ( 0): CAM-CCI: cam_cci_read_bytes: 1561 failed to read rc:-22
01-01 00:15:30.545 E/msm-auxpcm-dev soc( 0): qcom,msm-sen-auxpcm: ASoC: Failed to add route SEN_AUX_PCM_RX -> direct -> Sen AUX PCM Playback
01-01 00:15:30.545 E/msm-auxpcm-dev soc( 0): qcom,msm-sen-auxpcm: ASoC: no sink widget found for SEN_AUX_PCM_TX
01-01 00:15:30.555 I/binder ( 0): 1298:1298 ioctl 40046210 7fe65392d4 returned -22
01-01 00:15:29.702 I/wificond( 1298): wificond is starting up...
01-01 00:15:30.559 I/CAM_ERR ( 0): CAM-SENSOR: cam_cci_i2c_read: 35 rc = -22
01-01 00:15:30.566 I/CAM_WARN( 0): CAM-SENSOR: cam_sensor_match_id: 769 read id: 0x0 expected id 0x586:
01-01 00:15:30.566 E/msm-auxpcm-dev soc( 0): qcom,msm-sen-auxpcm: ASoC: Failed to add route Sen AUX PCM Capture -> direct -> SEN_AUX_PCM_TX
01-01 00:15:30.568 I/binder ( 0): 1298:1298 ioctl 40046210 7fe6539254 returned -22
01-01 00:15:29.718 D/BatteryStatsImpl( 1152): Reading daily items from /data/system/batterystats-daily.xml
01-01 00:15:29.725 I/HidlServiceManagement( 1298): Registered android.system.wifi.keystore@1.0::IKeystore/default
01-01 00:15:30.577 I/binder ( 0): 1301:1301 ioctl 40046210 7fd24836e4 returned -22
01-01 00:15:30.579 W/msm-dai-q6-hdmi soc( 0): qcom,msm-dai-q6-dp: DAI driver id is not set
01-01 00:15:30.582 I/qcom,camera ac4f000.qcom,cci( 0): qcom,cam-sensor4: Dropping the link to regulator.77
01-01 00:15:30.583 I/binder ( 0): 1286:1286 ioctl 40046210 7fe1cfc114 returned -22
01-01 00:15:30.584 I/qcom,camera ac4f000.qcom,cci( 0): qcom,cam-sensor4: Dropping the link to regulator.57
01-01 00:15:30.584 I/qcom,camera ac4f000.qcom,cci( 0): qcom,cam-sensor4: Dropping the link to regulator.52
01-01 00:15:30.585 I/qcom,camera ac4f000.qcom,cci( 0): qcom,cam-sensor4: Dropping the link to regulator.55
01-01 00:15:29.756 I/KernelCpuUidFreqTimeReader( 1152): mPerClusterTimesAvailable=false
01-01 00:15:30.623 I/qcom,camera ac50000.qcom,cci( 0): qcom,cam-sensor3: Linked as a consumer to regulator.86
01-01 00:15:30.628 I/qcom,camera ac50000.qcom,cci( 0): qcom,cam-sensor3: Linked as a consumer to regulator.57
01-01 00:15:30.629 I/qcom,camera ac50000.qcom,cci( 0): qcom,cam-sensor3: Linked as a consumer to regulator.77
01-01 00:15:30.632 I/binder ( 0): 1294:1294 ioctl 40046210 7fd96604a4 returned -22
01-01 00:15:30.656 I/CAM_ERR ( 0): CAM-CCI: cam_cci_irq: 264 Base:ffffff801a0a5000, M1_Q1 NACK ERROR: 0x40000000
01-01 00:15:30.657 I/CAM_ERR ( 0): CAM-CCI: cam_cci_read: 1306 ERROR with Slave 0x20:
01-01 00:15:30.657 I/CAM_ERR ( 0): CAM-CCI: cam_cci_read_bytes: 1561 failed to read rc:-22
01-01 00:15:30.657 I/CAM_ERR ( 0): CAM-SENSOR: cam_cci_i2c_read: 35 rc = -22
01-01 00:15:30.657 I/CAM_WARN( 0): CAM-SENSOR: cam_sensor_match_id: 769 read id: 0x0 expected id 0x9281:
01-01 00:15:30.658 I/qcom,camera ac50000.qcom,cci( 0): qcom,cam-sensor3: Dropping the link to regulator.77
01-01 00:15:30.666 I/qcom,camera ac50000.qcom,cci( 0): qcom,cam-sensor3: Dropping the link to regulator.57
01-01 00:15:30.667 I/qcom,camera ac50000.qcom,cci( 0): qcom,cam-sensor3: Dropping the link to regulator.86
01-01 00:15:29.808 E/KernelCpuSpeedReader( 1152): Failed to read cpu-freq: /sys/devices/system/cpu/cpu4/cpufreq/stats/time_in_state: open failed: ENOENT (No such file or directory)
