08-18 17:04:16.461 F/linker ( 7162): CANNOT LINK EXECUTABLE "/vendor/bin/hw/qvrservice": library "vendor.qti.hardware.qxr-V1-ndk_platform.so" not found: needed by /vendor/lib64/libqvrservice.so in namespace (default)
08-18 17:04:16.473 F/linker ( 7163): CANNOT LINK EXECUTABLE "/vendor/bin/hw/sxrservice": library "vendor.qti.hardware.qxr-V1-ndk_platform.so" not found: needed by main executable
01-01 00:25:16.226 I/init ( 0): Service 'qvrd_vndr' (pid 7162) exited with status 1
01-01 00:25:16.232 I/init ( 0): Sending signal 9 to service 'qvrd_vndr' (pid 7162) process group...
01-01 00:25:16.241 I/libprocessgroup( 0): Successfully killed process cgroup uid 1000 pid 7162 in 0ms
01-01 00:25:16.250 I/init ( 0): Service 'sxrd' (pid 7163) exited with status 1
01-01 00:25:16.257 I/init ( 0): Sending signal 9 to service 'sxrd' (pid 7163) process group...
01-01 00:25:17.194 D/ ( 0): mv2112_read_status
01-01 00:25:17.198 D/mv2112_update_link( 0): 3.0x901(1G): 0x80
01-01 00:25:17.203 D/mv2112_update_link( 0): 3.0x8109(100M): 0x0
01-01 00:25:17.208 D/mv2112_update_link( 0): link 0x0
01-01 00:25:17.212 D/mv2112_read_status( 0): autoneg is disabled
01-01 00:25:18.218 D/ ( 0): mv2112_read_status
01-01 00:25:18.222 D/mv2112_update_link( 0): 3.0x901(1G): 0x80
01-01 00:25:18.227 D/mv2112_update_link( 0): 3.0x8109(100M): 0x0
01-01 00:25:18.232 D/mv2112_update_link( 0): link 0x0
01-01 00:25:18.236 D/mv2112_read_status( 0): autoneg is disabled
01-01 00:25:19.242 D/ ( 0): mv2112_read_status
01-01 00:25:19.246 D/mv2112_update_link( 0): 3.0x901(1G): 0x80
01-01 00:25:19.251 D/mv2112_update_link( 0): 3.0x8109(100M): 0x0
01-01 00:25:19.256 D/mv2112_update_link( 0): link 0x0
01-01 00:25:19.260 D/mv2112_read_status( 0): autoneg is disabled
01-01 00:25:20.266 D/ ( 0): mv2112_read_status
01-01 00:25:20.270 D/mv2112_update_link( 0): 3.0x901(1G): 0x80
01-01 00:25:20.275 D/mv2112_update_link( 0): 3.0x8109(100M): 0x0
01-01 00:25:20.280 D/mv2112_update_link( 0): link 0x0
01-01 00:25:20.284 D/mv2112_read_status( 0): autoneg is disabled
01-01 00:25:21.182 I/init ( 0): starting service 'qvrd_vndr'...
01-01 00:25:21.188 I/init ( 0): Created socket '/dev/socket/qvrservice_vndr', mode 660, user 1000, group 1000
01-01 00:25:21.198 I/init ( 0): Created socket '/dev/socket/qvrservice_vndr_camera', mode 660, user 1000, group 1000
01-01 00:25:21.224 I/init ( 0): starting service 'sxrd'...
01-01 00:25:21.242 I/init ( 0): starting service 'vendor.light-hal-2-0'...
08-18 17:04:21.499 F/linker ( 7166): CANNOT LINK EXECUTABLE "/vendor/bin/hw/sxrservice": library "vendor.qti.hardware.qxr-V1-ndk_platform.so" not found: needed by main executable
08-18 17:04:21.502 F/linker ( 7165): CANNOT LINK EXECUTABLE "/vendor/bin/hw/qvrservice": library "vendor.qti.hardware.qxr-V1-ndk_platform.so" not found: needed by /vendor/lib64/libqvrservice.so in namespace (default)
01-01 00:25:21.263 I/init ( 0): Service 'sxrd' (pid 7166) exited with status 1
01-01 00:25:21.270 I/init ( 0): Sending signal 9 to service 'sxrd' (pid 7166) process group...
01-01 00:25:21.277 I/libprocessgroup( 0): Successfully killed process cgroup uid 1000 pid 7166 in 0ms
01-01 00:25:21.287 I/init ( 0): Service 'qvrd_vndr' (pid 7165) exited with status 1
01-01 00:25:21.289 D/ ( 0): mv2112_read_status
01-01 00:25:21.293 I/init ( 0): Sending signal 9 to service 'qvrd_vndr' (pid 7165) process group...
01-01 00:25:21.305 D/mv2112_update_link( 0): 3.0x901(1G): 0x80
01-01 00:25:21.310 D/mv2112_update_link( 0): 3.0x8109(100M): 0x0
01-01 00:25:21.315 D/mv2112_update_link( 0): link 0x0
01-01 00:25:21.319 D/mv2112_read_status( 0): autoneg is disabled
01-01 00:25:22.346 D/ ( 0): mv2112_read_status
01-01 00:25:22.350 D/mv2112_update_link( 0): 3.0x901(1G): 0x80
01-01 00:25:22.355 D/mv2112_update_link( 0): 3.0x8109(100M): 0x0
01-01 00:25:22.360 D/mv2112_update_link( 0): link 0x0
01-01 00:25:22.364 D/mv2112_read_status( 0): autoneg is disabled
01-01 00:25:23.370 D/ ( 0): mv2112_read_status
01-01 00:25:23.374 D/mv2112_update_link( 0): 3.0x901(1G): 0x80
01-01 00:25:23.379 D/mv2112_update_link( 0): 3.0x8109(100M): 0x0
01-01 00:25:23.384 D/mv2112_update_link( 0): link 0x0
01-01 00:25:23.388 D/mv2112_read_status( 0): autoneg is disabled
01-01 00:25:24.394 D/ ( 0): mv2112_read_status
01-01 00:25:24.397 D/mv2112_update_link( 0): 3.0x901(1G): 0x80
01-01 00:25:24.403 D/mv2112_update_link( 0): 3.0x8109(100M): 0x0
01-01 00:25:24.408 D/mv2112_update_link( 0): link 0x0
01-01 00:25:24.412 D/mv2112_read_status( 0): autoneg is disabled
01-01 00:25:25.418 D/ ( 0): mv2112_read_status
01-01 00:25:25.421 D/mv2112_update_link( 0): 3.0x901(1G): 0x80
01-01 00:25:25.427 D/mv2112_update_link( 0): 3.0x8109(100M): 0x0
01-01 00:25:25.432 D/mv2112_update_link( 0): link 0x0
01-01 00:25:25.436 D/mv2112_read_status( 0): autoneg is disabled
01-01 00:25:26.222 I/init ( 0): starting service 'qvrd_vndr'...
01-01 00:25:26.229 I/init ( 0): Created socket '/dev/socket/qvrservice_vndr', mode 660, user 1000, group 1000
01-01 00:25:26.239 I/init ( 0): Created socket '/dev/socket/qvrservice_vndr_camera', mode 660, user 1000, group 1000
01-01 00:25:26.269 I/init ( 0): starting service 'sxrd'...
01-01 00:25:26.290 I/init ( 0): starting service 'vendor.light-hal-2-0'...
08-18 17:04:26.560 F/linker ( 7169): CANNOT LINK EXECUTABLE "/vendor/bin/hw/sxrservice": library "vendor.qti.hardware.qxr-V1-ndk_platform.so" not found: needed by main executable
08-18 17:04:26.563 F/linker ( 7168): CANNOT LINK EXECUTABLE "/vendor/bin/hw/qvrservice": library "vendor.qti.hardware.qxr-V1-ndk_platform.so" not found: needed by /vendor/lib64/libqvrservice.so in namespace (default)
01-01 00:25:26.324 I/init ( 0): Service 'sxrd' (pid 7169) exited with status 1
01-01 00:25:26.331 I/init ( 0): Sending signal 9 to service 'sxrd' (pid 7169) process group...
01-01 00:25:26.339 I/libprocessgroup( 0): Successfully killed process cgroup uid 1000 pid 7169 in 0ms
01-01 00:25:26.349 I/init ( 0): Service 'qvrd_vndr' (pid 7168) exited with status 1
01-01 00:25:26.356 I/init ( 0): Sending signal 9 to service 'qvrd_vndr' (pid 7168) process group...
01-01 00:25:26.442 D/ ( 0): mv2112_read_status
01-01 00:25:26.446 D/mv2112_update_link( 0): 3.0x901(1G): 0x80
01-01 00:25:26.451 D/mv2112_update_link( 0): 3.0x8109(100M): 0x0
01-01 00:25:26.456 D/mv2112_update_link( 0): link 0x0
01-01 00:25:26.460 D/mv2112_read_status( 0): autoneg is disabled
01-01 00:25:27.466 D/ ( 0): mv2112_read_status
01-01 00:25:27.470 D/mv2112_update_link( 0): 3.0x901(1G): 0x80
01-01 00:25:27.475 D/mv2112_update_link( 0): 3.0x8109(100M): 0x0
01-01 00:25:27.480 D/mv2112_update_link( 0): link 0x0
01-01 00:25:27.484 D/mv2112_read_status( 0): autoneg is disabled
01-01 00:25:28.490 D/ ( 0): mv2112_read_status
01-01 00:25:28.493 D/mv2112_update_link( 0): 3.0x901(1G): 0x80
01-01 00:25:28.499 D/mv2112_update_link( 0): 3.0x8109(100M): 0x0
01-01 00:25:28.504 D/mv2112_update_link( 0): link 0x0
01-01 00:25:28.508 D/mv2112_read_status( 0): autoneg is disabled
01-01 00:25:29.514 D/ ( 0): mv2112_read_status
01-01 00:25:29.517 D/mv2112_update_link( 0): 3.0x901(1G): 0x80
01-01 00:25:29.523 D/mv2112_update_link( 0): 3.0x8109(100M): 0x0
01-01 00:25:29.528 D/mv2112_update_link( 0): link 0x0
01-01 00:25:29.532 D/mv2112_read_status( 0): autoneg is disabled
01-01 00:25:30.538 D/ ( 0): mv2112_read_status
01-01 00:25:30.541 D/mv2112_update_link( 0): 3.0x901(1G): 0x80
01-01 00:25:30.547 D/mv2112_update_link( 0): 3.0x8109(100M): 0x0
01-01 00:25:30.552 D/mv2112_update_link( 0): link 0x0
01-01 00:25:30.556 D/mv2112_read_status( 0): autoneg is disabled
01-01 00:25:31.267 I/init ( 0): starting service 'qvrd_vndr'...
01-01 00:25:31.273 I/init ( 0): Created socket '/dev/socket/qvrservice_vndr', mode 660, user 1000, group 1000
01-01 00:25:31.283 I/init ( 0): Created socket '/dev/socket/qvrservice_vndr_camera', mode 660, user 1000, group 1000
01-01 00:25:31.311 I/init ( 0): starting service 'sxrd'...
01-01 00:25:31.332 I/init ( 0): starting service 'vendor.light-hal-2-0'...
08-18 17:04:31.598 F/linker ( 7172): CANNOT LINK EXECUTABLE "/vendor/bin/hw/sxrservice": library "vendor.qti.hardware.qxr-V1-ndk_platform.so" not found: needed by main executable
08-18 17:04:31.601 F/linker ( 7171): CANNOT LINK EXECUTABLE "/vendor/bin/hw/qvrservice": library "vendor.qti.hardware.qxr-V1-ndk_platform.so" not found: needed by /vendor/lib64/libqvrservice.so in namespace (default)
01-01 00:25:31.362 I/init ( 0): Service 'sxrd' (pid 7172) exited with status 1
01-01 00:25:31.369 I/init ( 0): Sending signal 9 to service 'sxrd' (pid 7172) process group...
01-01 00:25:31.377 I/libprocessgroup( 0): Successfully killed process cgroup uid 1000 pid 7172 in 0ms
01-01 00:25:31.387 I/init ( 0): Service 'qvrd_vndr' (pid 7171) exited with status 1
01-01 00:25:31.393 I/init ( 0): Sending signal 9 to service 'qvrd_vndr' (pid 7171) process group...
01-01 00:25:31.562 D/ ( 0): mv2112_read_status
01-01 00:25:31.565 D/mv2112_update_link( 0): 3.0x901(1G): 0x80
01-01 00:25:31.571 D/mv2112_update_link( 0): 3.0x8109(100M): 0x0
01-01 00:25:31.576 D/mv2112_update_link( 0): link 0x0
01-01 00:25:31.580 D/mv2112_read_status( 0): autoneg is disabled
01-01 00:25:32.586 D/ ( 0): mv2112_read_status
01-01 00:25:32.590 D/mv2112_update_link( 0): 3.0x901(1G): 0x80
01-01 00:25:32.595 D/mv2112_update_link( 0): 3.0x8109(100M): 0x0
01-01 00:25:32.600 D/mv2112_update_link( 0): link 0x0
01-01 00:25:32.604 D/mv2112_read_status( 0): autoneg is disabled
01-01 00:25:33.610 D/ ( 0): mv2112_read_status
01-01 00:25:33.614 D/mv2112_update_link( 0): 3.0x901(1G): 0x80
01-01 00:25:33.619 D/mv2112_update_link( 0): 3.0x8109(100M): 0x0
01-01 00:25:33.624 D/mv2112_update_link( 0): link 0x0
01-01 00:25:33.628 D/mv2112_read_status( 0): autoneg is disabled
01-01 00:25:34.634 D/ ( 0): mv2112_read_status
01-01 00:25:34.637 D/mv2112_update_link( 0): 3.0x901(1G): 0x80
01-01 00:25:34.643 D/mv2112_update_link( 0): 3.0x8109(100M): 0x0
01-01 00:25:34.648 D/mv2112_update_link( 0): link 0x0
01-01 00:25:34.652 D/mv2112_read_status( 0): autoneg is disabled
01-01 00:25:35.658 D/ ( 0): mv2112_read_status
01-01 00:25:35.662 D/mv2112_update_link( 0): 3.0x901(1G): 0x80
01-01 00:25:35.667 D/mv2112_update_link( 0): 3.0x8109(100M): 0x0
01-01 00:25:35.672 D/mv2112_update_link( 0): link 0x0
01-01 00:25:35.676 D/mv2112_read_status( 0): autoneg is disabled
01-01 00:25:36.309 I/init ( 0): starting service 'qvrd_vndr'...
01-01 00:25:36.315 I/init ( 0): Created socket '/dev/socket/qvrservice_vndr', mode 660, user 1000, group 1000
01-01 00:25:36.326 I/init ( 0): Created socket '/dev/socket/qvrservice_vndr_camera', mode 660, user 1000, group 1000
01-01 00:25:36.353 I/init ( 0): starting service 'sxrd'...
01-01 00:25:36.374 I/init ( 0): starting service 'vendor.light-hal-2-0'...
08-18 17:04:36.643 F/linker ( 7176): CANNOT LINK EXECUTABLE "/vendor/bin/hw/sxrservice": library "vendor.qti.hardware.qxr-V1-ndk_platform.so" not found: needed by main executable
08-18 17:04:36.645 F/linker ( 7175): CANNOT LINK EXECUTABLE "/vendor/bin/hw/qvrservice": library "vendor.qti.hardware.qxr-V1-ndk_platform.so" not found: needed by /vendor/lib64/libqvrservice.so in namespace (default)
01-01 00:25:36.407 I/init ( 0): Service 'sxrd' (pid 7176) exited with status 1
01-01 00:25:36.414 I/init ( 0): Sending signal 9 to service 'sxrd' (pid 7176) process group...
01-01 00:25:36.421 I/libprocessgroup( 0): Successfully killed process cgroup uid 1000 pid 7176 in 0ms
01-01 00:25:36.435 I/init ( 0): Service 'qvrd_vndr' (pid 7175) exited with status 1
01-01 00:25:36.441 I/init ( 0): Sending signal 9 to service 'qvrd_vndr' (pid 7175) process group...
01-01 00:25:36.682 D/ ( 0): mv2112_read_status
01-01 00:25:36.686 D/mv2112_update_link( 0): 3.0x901(1G): 0x80
01-01 00:25:36.691 D/mv2112_update_link( 0): 3.0x8109(100M): 0x0
01-01 00:25:36.696 D/mv2112_update_link( 0): link 0x0
01-01 00:25:36.700 D/mv2112_read_status( 0): autoneg is disabled
01-01 00:25:37.706 D/ ( 0): mv2112_read_status
01-01 00:25:37.710 D/mv2112_update_link( 0): 3.0x901(1G): 0x80
01-01 00:25:37.715 D/mv2112_update_link( 0): 3.0x8109(100M): 0x0
01-01 00:25:37.720 D/mv2112_update_link( 0): link 0x0
01-01 00:25:37.724 D/mv2112_read_status( 0): autoneg is disabled
01-01 00:25:38.730 D/ ( 0): mv2112_read_status
01-01 00:25:38.733 D/mv2112_update_link( 0): 3.0x901(1G): 0x80
01-01 00:25:38.739 D/mv2112_update_link( 0): 3.0x8109(100M): 0x0
01-01 00:25:38.744 D/mv2112_update_link( 0): link 0x0
01-01 00:25:38.748 D/mv2112_read_status( 0): autoneg is disabled
08-18 17:04:39.634 I/DreamManagerService( 1152): Gently waking up from dream.
08-18 17:04:39.636 I/DreamManagerService( 1152): Performing gentle wake from dream.
08-18 17:04:39.654 D/CompatibilityChangeReporter( 1152): Compat change id reported: 181136395; UID 1000; state: DISABLED
08-18 17:04:39.655 D/CompatibilityChangeReporter( 1152): Compat change id reported: 174042936; UID 1000; state: DISABLED
08-18 17:04:39.719 I/PowerManagerService( 1152): Powering on display group fromDreaming (groupId=0, uid=1000, reason=WAKE_REASON_UNKNOWN, details=android.server.power:DREAM_FINISHED)...
08-18 17:04:39.719 I/PowerManagerService( 1152): Waking up from Dreaming (uid=1000, reason=WAKE_REASON_UNKNOWN, details=android.server.power:DREAM_FINISHED)...
01-01 00:25:39.625 I/[schedu][0x30061e480][17:04:39.862584] wlan( 0): [2797:I:OSIF] scan start scan id 41005
01-01 00:25:39.753 D/ ( 0): mv2112_read_status
01-01 00:25:39.757 D/mv2112_update_link( 0): 3.0x901(1G): 0x80
01-01 00:25:39.762 D/mv2112_update_link( 0): 3.0x8109(100M): 0x0
01-01 00:25:39.767 D/mv2112_update_link( 0): link 0x0
01-01 00:25:39.771 D/mv2112_read_status( 0): autoneg is disabled
08-18 17:04:40.289 I/DreamManagerService( 1152): Leaving dreamland.
08-18 17:04:40.290 I/DreamManagerService( 1152): Performing gentle wake from dream.
08-18 17:04:40.290 I/DreamController( 1152): Stopping dream: name=ComponentInfo{com.android.deskclock/com.android.deskclock.Screensaver}, isTest=false, canDoze=false, userId=0, reason='finished self'(from 'finished self')
08-18 17:04:40.310 W/ActivityTaskManager( 1152): Can't find TaskDisplayArea to determine support for multi window. Task id=23 attached=false
01-01 00:25:40.778 D/ ( 0): mv2112_read_status
01-01 00:25:40.781 D/mv2112_update_link( 0): 3.0x901(1G): 0x80
01-01 00:25:40.786 D/mv2112_update_link( 0): 3.0x8109(100M): 0x0
01-01 00:25:40.791 D/mv2112_update_link( 0): link 0x0
01-01 00:25:40.796 D/mv2112_read_status( 0): autoneg is disabled
01-01 00:25:41.348 I/init ( 0): starting service 'qvrd_vndr'...
01-01 00:25:41.355 I/init ( 0): Created socket '/dev/socket/qvrservice_vndr', mode 660, user 1000, group 1000
01-01 00:25:41.365 I/init ( 0): Created socket '/dev/socket/qvrservice_vndr_camera', mode 660, user 1000, group 1000
01-01 00:25:41.390 I/init ( 0): starting service 'sxrd'...
01-01 00:25:41.407 I/init ( 0): starting service 'vendor.light-hal-2-0'...
08-18 17:04:41.663 F/linker ( 7182): CANNOT LINK EXECUTABLE "/vendor/bin/hw/qvrservice": library "vendor.qti.hardware.qxr-V1-ndk_platform.so" not found: needed by /vendor/lib64/libqvrservice.so in namespace (default)
01-01 00:25:41.427 I/init ( 0): Service 'qvrd_vndr' (pid 7182) exited with status 1
01-01 00:25:41.434 I/init ( 0): Sending signal 9 to service 'qvrd_vndr' (pid 7182) process group...
08-18 17:04:41.678 F/linker ( 7183): CANNOT LINK EXECUTABLE "/vendor/bin/hw/sxrservice": library "vendor.qti.hardware.qxr-V1-ndk_platform.so" not found: needed by main executable
01-01 00:25:41.442 I/libprocessgroup( 0): Successfully killed process cgroup uid 1000 pid 7182 in 0ms
01-01 00:25:41.452 I/init ( 0): Service 'sxrd' (pid 7183) exited with status 1
01-01 00:25:41.459 I/init ( 0): Sending signal 9 to service 'sxrd' (pid 7183) process group...
01-01 00:25:41.659 I/[schedu][0x302b5b8a6][17:04:41.896347] wlan( 0): [2797:I:OSIF] vdev 0, scan id 41005 type COMPLETED(1) reason COMPLETED(1) scan found 58 bss
01-01 00:25:41.802 D/ ( 0): mv2112_read_status
01-01 00:25:41.805 D/mv2112_update_link( 0): 3.0x901(1G): 0x80
01-01 00:25:41.811 D/mv2112_update_link( 0): 3.0x8109(100M): 0x0
01-01 00:25:41.816 D/mv2112_update_link( 0): link 0x0
01-01 00:25:41.820 D/mv2112_read_status( 0): autoneg is disabled
01-01 00:25:42.825 D/ ( 0): mv2112_read_status
01-01 00:25:42.829 D/mv2112_update_link( 0): 3.0x901(1G): 0x80
01-01 00:25:42.834 D/mv2112_update_link( 0): 3.0x8109(100M): 0x0
01-01 00:25:42.839 D/mv2112_update_link( 0): link 0x0
01-01 00:25:42.843 D/mv2112_read_status( 0): autoneg is disabled
01-01 00:25:43.850 D/ ( 0): mv2112_read_status
01-01 00:25:43.853 D/mv2112_update_link( 0): 3.0x901(1G): 0x80
01-01 00:25:43.859 D/mv2112_update_link( 0): 3.0x8109(100M): 0x0
01-01 00:25:43.864 D/mv2112_update_link( 0): link 0x0
01-01 00:25:43.868 D/mv2112_read_status( 0): autoneg is disabled
01-01 00:25:44.874 D/ ( 0): mv2112_read_status
01-01 00:25:44.878 D/mv2112_update_link( 0): 3.0x901(1G): 0x80
01-01 00:25:44.883 D/mv2112_update_link( 0): 3.0x8109(100M): 0x0
01-01 00:25:44.888 D/mv2112_update_link( 0): link 0x0
01-01 00:25:44.892 D/mv2112_read_status( 0): autoneg is disabled
01-01 00:25:45.898 D/ ( 0): mv2112_read_status
01-01 00:25:45.902 D/mv2112_update_link( 0): 3.0x901(1G): 0x80
01-01 00:25:45.907 D/mv2112_update_link( 0): 3.0x8109(100M): 0x0
01-01 00:25:45.912 D/mv2112_update_link( 0): link 0x0
01-01 00:25:45.916 D/mv2112_read_status( 0): autoneg is disabled
01-01 00:25:46.390 I/init ( 0): starting service 'qvrd_vndr'...
01-01 00:25:46.397 I/init ( 0): Created socket '/dev/socket/qvrservice_vndr', mode 660, user 1000, group 1000
01-01 00:25:46.407 I/init ( 0): Created socket '/dev/socket/qvrservice_vndr_camera', mode 660, user 1000, group 1000
01-01 00:25:46.433 I/init ( 0): starting service 'sxrd'...
01-01 00:25:46.454 I/init ( 0): starting service 'vendor.light-hal-2-0'...
08-18 17:04:46.718 F/linker ( 7191): CANNOT LINK EXECUTABLE "/vendor/bin/hw/sxrservice": library "vendor.qti.hardware.qxr-V1-ndk_platform.so" not found: needed by main executable
08-18 17:04:46.720 F/linker ( 7190): CANNOT LINK EXECUTABLE "/vendor/bin/hw/qvrservice": library "vendor.qti.hardware.qxr-V1-ndk_platform.so" not found: needed by /vendor/lib64/libqvrservice.so in namespace (default)
01-01 00:25:46.482 I/init ( 0): Service 'sxrd' (pid 7191) exited with status 1
01-01 00:25:46.488 I/init ( 0): Sending signal 9 to service 'sxrd' (pid 7191) process group...
01-01 00:25:46.496 I/libprocessgroup( 0): Successfully killed process cgroup uid 1000 pid 7191 in 0ms
01-01 00:25:46.507 I/init ( 0): Service 'qvrd_vndr' (pid 7190) exited with status 1
01-01 00:25:46.514 I/init ( 0): Sending signal 9 to service 'qvrd_vndr' (pid 7190) process group...
01-01 00:25:46.922 D/ ( 0): mv2112_read_status
01-01 00:25:46.926 D/mv2112_update_link( 0): 3.0x901(1G): 0x80
01-01 00:25:46.931 D/mv2112_update_link( 0): 3.0x8109(100M): 0x0
01-01 00:25:46.936 D/mv2112_update_link( 0): link 0x0
01-01 00:25:46.940 D/mv2112_read_status( 0): autoneg is disabled
08-18 17:04:47.280 D/ActivityManager( 1152): freezing 2612 com.android.cellbroadcastreceiver.module
08-18 17:04:47.288 E/ActivityManager( 1152): Unable to freeze binder for 2612 com.android.cellbroadcastreceiver.module
01-01 00:25:47.044 I/binder ( 0): 1152:1660 ioctl 400c620e 7a343825d8 returned -22
08-18 17:04:47.293 D/ActivityManager( 1152): froze 2612 com.android.cellbroadcastreceiver.module
01-01 00:25:47.056 I/binder ( 0): 1152:1660 ioctl c00c620f 7a343825b8 returned -22
08-18 17:04:47.300 E/ActivityManager( 1152): Unable to freeze binder for 2612 com.android.cellbroadcastreceiver.module
08-18 17:04:47.302 I/ActivityManager( 1152): Killing 2612:com.android.cellbroadcastreceiver.module/u0a141 (adj 995): Unable to freeze binder interface
08-18 17:04:47.631 D/ActivityManager( 1152): freezing 3745 com.android.contacts
01-01 00:25:47.395 I/binder ( 0): 1152:1660 ioctl 400c620e 7a343825d8 returned -22
08-18 17:04:47.639 E/ActivityManager( 1152): Unable to freeze binder for 3745 com.android.contacts
08-18 17:04:47.642 D/ActivityManager( 1152): froze 3745 com.android.contacts
01-01 00:25:47.405 I/binder ( 0): 1152:1660 ioctl c00c620f 7a343825b8 returned -22
08-18 17:04:47.649 E/ActivityManager( 1152): Unable to freeze binder for 3745 com.android.contacts
08-18 17:04:47.652 I/ActivityManager( 1152): Killing 3745:com.android.contacts/u0a73 (adj 995): Unable to freeze binder interface
08-18 17:04:47.714 D/ActivityManager( 1152): freezing 3604 com.android.dialer
01-01 00:25:47.477 I/binder ( 0): 1152:1660 ioctl 400c620e 7a343825d8 returned -22
08-18 17:04:47.721 E/ActivityManager( 1152): Unable to freeze binder for 3604 com.android.dialer
01-01 00:25:47.485 I/binder ( 0): 1152:1660 ioctl c00c620f 7a343825b8 returned -22
08-18 17:04:47.722 D/ActivityManager( 1152): froze 3604 com.android.dialer
08-18 17:04:47.729 E/ActivityManager( 1152): Unable to freeze binder for 3604 com.android.dialer
08-18 17:04:47.736 I/ActivityManager( 1152): Killing 3604:com.android.dialer/u0a74 (adj 995): Unable to freeze binder interface
08-18 17:04:47.981 D/ActivityManager( 1152): freezing 3768 com.android.dynsystem
01-01 00:25:47.745 I/binder ( 0): 1152:1660 ioctl 400c620e 7a343825d8 returned -22
08-18 17:04:47.989 E/ActivityManager( 1152): Unable to freeze binder for 3768 com.android.dynsystem
08-18 17:04:47.992 D/ActivityManager( 1152): froze 3768 com.android.dynsystem
01-01 00:25:47.756 I/binder ( 0): 1152:1660 ioctl c00c620f 7a343825b8 returned -22
08-18 17:04:47.999 E/ActivityManager( 1152): Unable to freeze binder for 3768 com.android.dynsystem
08-18 17:04:48.002 I/ActivityManager( 1152): Killing 3768:com.android.dynsystem/1000 (adj 995): Unable to freeze binder interface
08-18 17:04:48.185 D/ActivityManager( 1152): freezing 3795 com.android.dynsystem:dynsystem
01-01 00:25:47.946 D/ ( 0): mv2112_read_status
01-01 00:25:47.949 I/binder ( 0): 1152:1660 ioctl 400c620e 7a343825d8 returned -22
01-01 00:25:47.949 D/mv2112_update_link( 0): 3.0x901(1G): 0x80
08-18 17:04:48.193 E/ActivityManager( 1152): Unable to freeze binder for 3795 com.android.dynsystem:dynsystem
01-01 00:25:47.960 I/binder ( 0): 1152:1660 ioctl c00c620f 7a343825b8 returned -22
01-01 00:25:47.961 D/mv2112_update_link( 0): 3.0x8109(100M): 0x0
08-18 17:04:48.196 D/ActivityManager( 1152): froze 3795 com.android.dynsystem:dynsystem
08-18 17:04:48.204 E/ActivityManager( 1152): Unable to freeze binder for 3795 com.android.dynsystem:dynsystem
08-18 17:04:48.208 I/ActivityManager( 1152): Killing 3795:com.android.dynsystem:dynsystem/1000 (adj 985): Unable to freeze binder interface
01-01 00:25:47.972 D/mv2112_update_link( 0): link 0x0
01-01 00:25:47.976 D/mv2112_read_status( 0): autoneg is disabled
08-18 17:04:48.315 D/ActivityManager( 1152): freezing 3804 com.android.imsserviceentitlement
01-01 00:25:48.078 I/binder ( 0): 1152:1660 ioctl 400c620e 7a343825d8 returned -22
08-18 17:04:48.322 E/ActivityManager( 1152): Unable to freeze binder for 3804 com.android.imsserviceentitlement
01-01 00:25:48.087 I/binder ( 0): 1152:1660 ioctl c00c620f 7a343825b8 returned -22
08-18 17:04:48.323 D/ActivityManager( 1152): froze 3804 com.android.imsserviceentitlement
08-18 17:04:48.330 E/ActivityManager( 1152): Unable to freeze binder for 3804 com.android.imsserviceentitlement
08-18 17:04:48.332 I/ActivityManager( 1152): Killing 3804:com.android.imsserviceentitlement/u0a71 (adj 985): Unable to freeze binder interface
01-01 00:25:49.002 D/ ( 0): mv2112_read_status
01-01 00:25:49.006 D/mv2112_update_link( 0): 3.0x901(1G): 0x80
01-01 00:25:49.011 D/mv2112_update_link( 0): 3.0x8109(100M): 0x0
01-01 00:25:49.016 D/mv2112_update_link( 0): link 0x0
01-01 00:25:49.020 D/mv2112_read_status( 0): autoneg is disabled
08-18 17:04:49.598 D/ActivityManager( 1152): freezing 3883 com.android.onetimeinitializer
01-01 00:25:49.362 I/binder ( 0): 1152:1660 ioctl 400c620e 7a343825d8 returned -22
08-18 17:04:49.606 E/ActivityManager( 1152): Unable to freeze binder for 3883 com.android.onetimeinitializer
08-18 17:04:49.610 D/ActivityManager( 1152): froze 3883 com.android.onetimeinitializer
01-01 00:25:49.373 I/binder ( 0): 1152:1660 ioctl c00c620f 7a343825b8 returned -22
08-18 17:04:49.617 E/ActivityManager( 1152): Unable to freeze binder for 3883 com.android.onetimeinitializer
08-18 17:04:49.619 I/ActivityManager( 1152): Killing 3883:com.android.onetimeinitializer/u0a69 (adj 975): Unable to freeze binder interface
01-01 00:25:49.663 I/[schedu][0x30bde9d5e][17:04:49.900252] wlan( 0): [2797:I:OSIF] scan start scan id 41006
01-01 00:25:50.026 D/ ( 0): mv2112_read_status
01-01 00:25:50.030 D/mv2112_update_link( 0): 3.0x901(1G): 0x80
01-01 00:25:50.035 D/mv2112_update_link( 0): 3.0x8109(100M): 0x0
01-01 00:25:50.040 D/mv2112_update_link( 0): link 0x0
01-01 00:25:50.044 D/mv2112_read_status( 0): autoneg is disabled
01-01 00:25:51.050 D/ ( 0): mv2112_read_status
01-01 00:25:51.054 D/mv2112_update_link( 0): 3.0x901(1G): 0x80
01-01 00:25:51.059 D/mv2112_update_link( 0): 3.0x8109(100M): 0x0
01-01 00:25:51.064 D/mv2112_update_link( 0): link 0x0
01-01 00:25:51.068 D/mv2112_read_status( 0): autoneg is disabled
01-01 00:25:51.431 I/init ( 0): starting service 'qvrd_vndr'...
01-01 00:25:51.437 I/[schedu][0x30de64dbc][17:04:51.674121] wlan( 0): [2797:I:OSIF] vdev 0, scan id 41006 type COMPLETED(1) reason COMPLETED(1) scan found 68 bss
01-01 00:25:51.438 I/init ( 0): Created socket '/dev/socket/qvrservice_vndr', mode 660, user 1000, group 1000
01-01 00:25:51.460 I/init ( 0): Created socket '/dev/socket/qvrservice_vndr_camera', mode 660, user 1000, group 1000
01-01 00:25:51.484 I/init ( 0): starting service 'sxrd'...
01-01 00:25:51.500 I/init ( 0): starting service 'vendor.light-hal-2-0'...
08-18 17:04:51.746 F/linker ( 7193): CANNOT LINK EXECUTABLE "/vendor/bin/hw/qvrservice": library "vendor.qti.hardware.qxr-V1-ndk_platform.so" not found: needed by /vendor/lib64/libqvrservice.so in namespace (default)
08-18 17:04:51.761 F/linker ( 7194): CANNOT LINK EXECUTABLE "/vendor/bin/hw/sxrservice": library "vendor.qti.hardware.qxr-V1-ndk_platform.so" not found: needed by main executable
01-01 00:25:51.517 I/init ( 0): Service 'qvrd_vndr' (pid 7193) exited with status 1
01-01 00:25:51.523 I/init ( 0): Sending signal 9 to service 'qvrd_vndr' (pid 7193) process group...
01-01 00:25:51.532 I/libprocessgroup( 0): Successfully killed process cgroup uid 1000 pid 7193 in 0ms
01-01 00:25:51.542 I/init ( 0): Service 'sxrd' (pid 7194) exited with status 1
01-01 00:25:51.548 I/init ( 0): Sending signal 9 to service 'sxrd' (pid 7194) process group...
01-01 00:25:52.074 D/ ( 0): mv2112_read_status
01-01 00:25:52.077 D/mv2112_update_link( 0): 3.0x901(1G): 0x80
01-01 00:25:52.083 D/mv2112_update_link( 0): 3.0x8109(100M): 0x0
01-01 00:25:52.088 D/mv2112_update_link( 0): link 0x0
01-01 00:25:52.092 D/mv2112_read_status( 0): autoneg is disabled
01-01 00:25:53.098 D/ ( 0): mv2112_read_status
01-01 00:25:53.101 D/mv2112_update_link( 0): 3.0x901(1G): 0x80
01-01 00:25:53.107 D/mv2112_update_link( 0): 3.0x8109(100M): 0x0
01-01 00:25:53.112 D/mv2112_update_link( 0): link 0x0
01-01 00:25:53.116 D/mv2112_read_status( 0): autoneg is disabled
01-01 00:25:54.122 D/ ( 0): mv2112_read_status
01-01 00:25:54.126 D/mv2112_update_link( 0): 3.0x901(1G): 0x80
01-01 00:25:54.131 D/mv2112_update_link( 0): 3.0x8109(100M): 0x0
01-01 00:25:54.136 D/mv2112_update_link( 0): link 0x0
01-01 00:25:54.140 D/mv2112_read_status( 0): autoneg is disabled
08-18 17:04:54.400 W/DeviceIdleController( 1152): motion timeout went off and device isn't stationary
08-18 17:04:54.416 D/CompatibilityChangeReporter( 1152): Compat change id reported: 168419799; UID 1000; state: DISABLED
01-01 00:25:55.145 D/ ( 0): mv2112_read_status
01-01 00:25:55.148 D/mv2112_update_link( 0): 3.0x901(1G): 0x80
01-01 00:25:55.154 D/mv2112_update_link( 0): 3.0x8109(100M): 0x0
01-01 00:25:55.159 D/mv2112_update_link( 0): link 0x0
01-01 00:25:55.163 D/mv2112_read_status( 0): autoneg is disabled
01-01 00:25:56.169 D/ ( 0): mv2112_read_status
01-01 00:25:56.173 D/mv2112_update_link( 0): 3.0x901(1G): 0x80
01-01 00:25:56.178 D/mv2112_update_link( 0): 3.0x8109(100M): 0x0
01-01 00:25:56.183 D/mv2112_update_link( 0): link 0x0
01-01 00:25:56.187 D/mv2112_read_status( 0): autoneg is disabled
01-01 00:25:56.481 I/init ( 0): starting service 'qvrd_vndr'...
01-01 00:25:56.487 I/init ( 0): Created socket '/dev/socket/qvrservice_vndr', mode 660, user 1000, group 1000
01-01 00:25:56.496 I/init ( 0): Created socket '/dev/socket/qvrservice_vndr_camera', mode 660, user 1000, group 1000
01-01 00:25:56.517 I/init ( 0): starting service 'sxrd'...
01-01 00:25:56.532 I/init ( 0): starting service 'vendor.light-hal-2-0'...
08-18 17:04:56.797 F/linker ( 7198): CANNOT LINK EXECUTABLE "/vendor/bin/hw/sxrservice": library "vendor.qti.hardware.qxr-V1-ndk_platform.so" not found: needed by main executable
08-18 17:04:56.800 F/linker ( 7197): CANNOT LINK EXECUTABLE "/vendor/bin/hw/qvrservice": library "vendor.qti.hardware.qxr-V1-ndk_platform.so" not found: needed by /vendor/lib64/libqvrservice.so in namespace (default)
01-01 00:25:56.561 I/init ( 0): Service 'sxrd' (pid 7198) exited with status 1
01-01 00:25:56.567 I/init ( 0): Sending signal 9 to service 'sxrd' (pid 7198) process group...
01-01 00:25:56.575 I/libprocessgroup( 0): Successfully killed process cgroup uid 1000 pid 7198 in 0ms
01-01 00:25:56.584 I/init ( 0): Service 'qvrd_vndr' (pid 7197) exited with status 1
01-01 00:25:56.591 I/init ( 0): Sending signal 9 to service 'qvrd_vndr' (pid 7197) process group...
01-01 00:25:57.194 D/ ( 0): mv2112_read_status
01-01 00:25:57.197 D/mv2112_update_link( 0): 3.0x901(1G): 0x80
01-01 00:25:57.202 D/mv2112_update_link( 0): 3.0x8109(100M): 0x0
01-01 00:25:57.208 D/mv2112_update_link( 0): link 0x0
01-01 00:25:57.212 D/mv2112_read_status( 0): autoneg is disabled
08-18 17:04:57.941 I/BackgroundDexOptService( 1152): Pinning optimized code {}
08-18 17:04:58.211 D/ActivityManager( 1152): freezing 4075 com.qualcomm.qct.dlt
08-18 17:04:58.219 E/ActivityManager( 1152): Unable to freeze binder for 4075 com.qualcomm.qct.dlt
01-01 00:25:57.975 I/binder ( 0): 1152:1660 ioctl 400c620e 7a343825d8 returned -22
08-18 17:04:58.222 D/ActivityManager( 1152): froze 4075 com.qualcomm.qct.dlt
08-18 17:04:58.229 E/ActivityManager( 1152): Unable to freeze binder for 4075 com.qualcomm.qct.dlt
01-01 00:25:57.986 I/binder ( 0): 1152:1660 ioctl c00c620f 7a343825b8 returned -22
08-18 17:04:58.233 D/ActivityManager( 1152): freezing 3091 com.qualcomm.qti.biometrics.fingerprint.service
01-01 00:25:57.996 I/binder ( 0): 1152:1660 ioctl 400c620e 7a343825d8 returned -22
08-18 17:04:58.240 E/ActivityManager( 1152): Unable to freeze binder for 3091 com.qualcomm.qti.biometrics.fingerprint.service
08-18 17:04:58.241 D/ActivityManager( 1152): froze 3091 com.qualcomm.qti.biometrics.fingerprint.service
08-18 17:04:58.248 E/ActivityManager( 1152): Unable to freeze binder for 3091 com.qualcomm.qti.biometrics.fingerprint.service
01-01 00:25:58.005 I/binder ( 0): 1152:1660 ioctl c00c620f 7a343825b8 returned -22
08-18 17:04:58.251 D/ActivityManager( 1152): freezing 3213 com.qualcomm.qti.biometrics.fingerprint.service:remote
08-18 17:04:58.258 E/ActivityManager( 1152): Unable to freeze binder for 3213 com.qualcomm.qti.biometrics.fingerprint.service:remote
01-01 00:25:58.015 I/binder ( 0): 1152:1660 ioctl 400c620e 7a343825d8 returned -22
08-18 17:04:58.259 D/ActivityManager( 1152): froze 3213 com.qualcomm.qti.biometrics.fingerprint.service:remote
08-18 17:04:58.266 E/ActivityManager( 1152): Unable to freeze binder for 3213 com.qualcomm.qti.biometrics.fingerprint.service:remote
01-01 00:25:58.023 I/binder ( 0): 1152:1660 ioctl c00c620f 7a343825b8 returned -22
08-18 17:04:58.268 I/ActivityManager( 1152): Killing 4075:com.qualcomm.qct.dlt/u0a134 (adj 965): Unable to freeze binder interface
08-18 17:04:58.270 I/ActivityManager( 1152): Killing 3091:com.qualcomm.qti.biometrics.fingerprint.service/u0a68 (adj 965): Unable to freeze binder interface
08-18 17:04:58.272 I/ActivityManager( 1152): Killing 3213:com.qualcomm.qti.biometrics.fingerprint.service:remote/u0a68 (adj 965): Unable to freeze binder interface
08-18 17:04:58.365 W/ActivityManager( 1152): Scheduling restart of crashed service com.qualcomm.qti.biometrics.fingerprint.service/.FingerprintService in 1000ms for connection
01-01 00:25:58.218 D/ ( 0): mv2112_read_status
01-01 00:25:58.222 D/mv2112_update_link( 0): 3.0x901(1G): 0x80
01-01 00:25:58.227 D/mv2112_update_link( 0): 3.0x8109(100M): 0x0
01-01 00:25:58.232 D/mv2112_update_link( 0): link 0x0
01-01 00:25:58.236 D/mv2112_read_status( 0): autoneg is disabled
08-18 17:04:58.553 D/ActivityManager( 1152): freezing 4096 com.qualcomm.qti.lpa
01-01 00:25:58.316 I/binder ( 0): 1152:1660 ioctl 400c620e 7a343825d8 returned -22
08-18 17:04:58.560 E/ActivityManager( 1152): Unable to freeze binder for 4096 com.qualcomm.qti.lpa
08-18 17:04:58.564 D/ActivityManager( 1152): froze 4096 com.qualcomm.qti.lpa
08-18 17:04:58.571 E/ActivityManager( 1152): Unable to freeze binder for 4096 com.qualcomm.qti.lpa
01-01 00:25:58.327 I/binder ( 0): 1152:1660 ioctl c00c620f 7a343825b8 returned -22
08-18 17:04:58.581 I/ActivityManager( 1152): Killing 4096:com.qualcomm.qti.lpa/u0a89 (adj 985): Unable to freeze binder interface
08-18 17:04:58.938 D/ActivityManager( 1152): freezing 3204 com.qualcomm.qti.performancemode
01-01 00:25:58.701 I/binder ( 0): 1152:1660 ioctl 400c620e 7a343825d8 returned -22
08-18 17:04:58.945 E/ActivityManager( 1152): Unable to freeze binder for 3204 com.qualcomm.qti.performancemode
08-18 17:04:58.948 D/ActivityManager( 1152): froze 3204 com.qualcomm.qti.performancemode
08-18 17:04:58.956 E/ActivityManager( 1152): Unable to freeze binder for 3204 com.qualcomm.qti.performancemode
01-01 00:25:58.711 I/binder ( 0): 1152:1660 ioctl c00c620f 7a343825b8 returned -22
08-18 17:04:58.958 I/ActivityManager( 1152): Killing 3204:com.qualcomm.qti.performancemode/u0a124 (adj 985): Unable to freeze binder interface
08-18 17:04:59.237 D/ActivityManager( 1152): freezing 4134 com.qualcomm.qti.qms.service.connectionsecurity
08-18 17:04:59.245 E/ActivityManager( 1152): Unable to freeze binder for 4134 com.qualcomm.qti.qms.service.connectionsecurity
01-01 00:25:59.001 I/binder ( 0): 1152:1660 ioctl 400c620e 7a343825d8 returned -22
08-18 17:04:59.249 D/ActivityManager( 1152): froze 4134 com.qualcomm.qti.qms.service.connectionsecurity
08-18 17:04:59.256 E/ActivityManager( 1152): Unable to freeze binder for 4134 com.qualcomm.qti.qms.service.connectionsecurity
01-01 00:25:59.012 I/binder ( 0): 1152:1660 ioctl c00c620f 7a343825b8 returned -22
08-18 17:04:59.258 I/ActivityManager( 1152): Killing 4134:com.qualcomm.qti.qms.service.connectionsecurity/u0a63 (adj 975): Unable to freeze binder interface
01-01 00:25:59.099 I/binder ( 0): 1152:1660 ioctl 400c620e 7a343825d8 returned -22
08-18 17:04:59.335 D/ActivityManager( 1152): freezing 3356 com.qualcomm.qtil.aptxui
08-18 17:04:59.342 E/ActivityManager( 1152): Unable to freeze binder for 3356 com.qualcomm.qtil.aptxui
08-18 17:04:59.344 D/ActivityManager( 1152): froze 3356 com.qualcomm.qtil.aptxui
08-18 17:04:59.351 E/ActivityManager( 1152): Unable to freeze binder for 3356 com.qualcomm.qtil.aptxui
01-01 00:25:59.107 I/binder ( 0): 1152:1660 ioctl c00c620f 7a343825b8 returned -22
08-18 17:04:59.354 D/ActivityManager( 1152): freezing 3658 org.codeaurora.dialer
01-01 00:25:59.118 I/binder ( 0): 1152:1660 ioctl 400c620e 7a343825d8 returned -22
08-18 17:04:59.361 E/ActivityManager( 1152): Unable to freeze binder for 3658 org.codeaurora.dialer
08-18 17:04:59.362 D/ActivityManager( 1152): froze 3658 org.codeaurora.dialer
01-01 00:25:59.126 I/binder ( 0): 1152:1660 ioctl c00c620f 7a343825b8 returned -22
08-18 17:04:59.369 E/ActivityManager( 1152): Unable to freeze binder for 3658 org.codeaurora.dialer
08-18 17:04:59.375 I/ActivityManager( 1152): Killing 3356:com.qualcomm.qtil.aptxui/u0a133 (adj 975): Unable to freeze binder interface
08-18 17:04:59.377 I/ActivityManager( 1152): Killing 3658:org.codeaurora.dialer/u0a112 (adj 965): Unable to freeze binder interface
01-01 00:25:59.242 D/ ( 0): mv2112_read_status
01-01 00:25:59.245 D/mv2112_update_link( 0): 3.0x901(1G): 0x80
01-01 00:25:59.250 D/mv2112_update_link( 0): 3.0x8109(100M): 0x0
01-01 00:25:59.256 D/mv2112_update_link( 0): link 0x0
01-01 00:25:59.260 D/mv2112_read_status( 0): autoneg is disabled
08-18 17:04:59.756 D/ActivityManager( 1152): freezing 4154 com.android.externalstorage
08-18 17:04:59.763 E/ActivityManager( 1152): Unable to freeze binder for 4154 com.android.externalstorage
01-01 00:25:59.519 I/binder ( 0): 1152:1660 ioctl 400c620e 7a343825d8 returned -22
08-18 17:04:59.767 D/ActivityManager( 1152): froze 4154 com.android.externalstorage
08-18 17:04:59.774 E/ActivityManager( 1152): Unable to freeze binder for 4154 com.android.externalstorage
01-01 00:25:59.530 I/binder ( 0): 1152:1660 ioctl c00c620f 7a343825b8 returned -22
08-18 17:04:59.776 I/ActivityManager( 1152): Killing 4154:com.android.externalstorage/u0a29 (adj 965): Unable to freeze binder interface
08-18 17:04:59.876 D/ActivityManager( 1152): freezing 3852 com.android.mms
01-01 00:25:59.639 I/binder ( 0): 1152:1660 ioctl 400c620e 7a343825d8 returned -22
08-18 17:04:59.883 E/ActivityManager( 1152): Unable to freeze binder for 3852 com.android.mms
01-01 00:25:59.648 I/binder ( 0): 1152:1660 ioctl c00c620f 7a343825b8 returned -22
08-18 17:04:59.885 D/ActivityManager( 1152): froze 3852 com.android.mms
08-18 17:04:59.892 E/ActivityManager( 1152): Unable to freeze binder for 3852 com.android.mms
08-18 17:04:59.897 I/ActivityManager( 1152): Killing 3852:com.android.mms/u0a102 (adj 955): Unable to freeze binder interface
08-18 17:04:59.910 D/ActivityManager( 1152): freezing 3942 com.android.providers.calendar
01-01 00:25:59.673 I/binder ( 0): 1152:1660 ioctl 400c620e 7a343825d8 returned -22
08-18 17:04:59.917 E/ActivityManager( 1152): Unable to freeze binder for 3942 com.android.providers.calendar
01-01 00:25:59.682 I/binder ( 0): 1152:1660 ioctl c00c620f 7a343825b8 returned -22
08-18 17:04:59.918 D/ActivityManager( 1152): froze 3942 com.android.providers.calendar
08-18 17:04:59.925 E/ActivityManager( 1152): Unable to freeze binder for 3942 com.android.providers.calendar
08-18 17:04:59.927 I/ActivityManager( 1152): Killing 3942:com.android.providers.calendar/u0a36 (adj 945): Unable to freeze binder interface
01-01 00:25:59.704 I/[schedu][0x3175c50a7][17:04:59.941253] wlan( 0): [2797:I:OSIF] scan start scan id 41007
08-18 17:05:00.013 D/CountryDetector( 1152): No listener is left
01-01 00:26:00.266 D/ ( 0): mv2112_read_status
01-01 00:26:00.270 D/mv2112_update_link( 0): 3.0x901(1G): 0x80
01-01 00:26:00.275 D/mv2112_update_link( 0): 3.0x8109(100M): 0x0
01-01 00:26:00.280 D/mv2112_update_link( 0): link 0x0
01-01 00:26:00.284 D/mv2112_read_status( 0): autoneg is disabled
01-01 00:26:01.290 D/ ( 0): mv2112_read_status
01-01 00:26:01.293 D/mv2112_update_link( 0): 3.0x901(1G): 0x80
01-01 00:26:01.299 D/mv2112_update_link( 0): 3.0x8109(100M): 0x0
01-01 00:26:01.304 D/mv2112_update_link( 0): link 0x0
01-01 00:26:01.308 D/mv2112_read_status( 0): autoneg is disabled
01-01 00:26:01.497 I/[schedu][0x319698e7a][17:05:01.734078] wlan( 0): [2797:I:OSIF] vdev 0, scan id 41007 type COMPLETED(1) reason COMPLETED(1) scan found 55 bss
01-01 00:26:01.516 I/init ( 0): starting service 'qvrd_vndr'...
01-01 00:26:01.531 I/init ( 0): Created socket '/dev/socket/qvrservice_vndr', mode 660, user 1000, group 1000
01-01 00:26:01.544 I/init ( 0): Created socket '/dev/socket/qvrservice_vndr_camera', mode 660, user 1000, group 1000
01-01 00:26:01.565 I/init ( 0): starting service 'sxrd'...
01-01 00:26:01.581 I/init ( 0): starting service 'vendor.light-hal-2-0'...
08-18 17:05:01.841 F/linker ( 7200): CANNOT LINK EXECUTABLE "/vendor/bin/hw/qvrservice": library "vendor.qti.hardware.qxr-V1-ndk_platform.so" not found: needed by /vendor/lib64/libqvrservice.so in namespace (default)
08-18 17:05:01.842 F/linker ( 7201): CANNOT LINK EXECUTABLE "/vendor/bin/hw/sxrservice": library "vendor.qti.hardware.qxr-V1-ndk_platform.so" not found: needed by main executable
01-01 00:26:01.606 I/init ( 0): Service 'qvrd_vndr' (pid 7200) exited with status 1
01-01 00:26:01.612 I/init ( 0): Sending signal 9 to service 'qvrd_vndr' (pid 7200) process group...
01-01 00:26:01.621 I/libprocessgroup( 0): Successfully killed process cgroup uid 1000 pid 7200 in 0ms
01-01 00:26:01.631 I/init ( 0): Service 'sxrd' (pid 7201) exited with status 1
01-01 00:26:01.637 I/init ( 0): Sending signal 9 to service 'sxrd' (pid 7201) process group...
01-01 00:26:02.314 D/ ( 0): mv2112_read_status
01-01 00:26:02.318 D/mv2112_update_link( 0): 3.0x901(1G): 0x80
01-01 00:26:02.323 D/mv2112_update_link( 0): 3.0x8109(100M): 0x0
01-01 00:26:02.328 D/mv2112_update_link( 0): link 0x0
01-01 00:26:02.332 D/mv2112_read_status( 0): autoneg is disabled
01-01 00:26:03.338 D/ ( 0): mv2112_read_status
01-01 00:26:03.341 D/mv2112_update_link( 0): 3.0x901(1G): 0x80
01-01 00:26:03.346 D/mv2112_update_link( 0): 3.0x8109(100M): 0x0
01-01 00:26:03.351 D/mv2112_update_link( 0): link 0x0
01-01 00:26:03.356 D/mv2112_read_status( 0): autoneg is disabled
01-01 00:26:04.362 D/ ( 0): mv2112_read_status
01-01 00:26:04.366 D/mv2112_update_link( 0): 3.0x901(1G): 0x80
01-01 00:26:04.371 D/mv2112_update_link( 0): 3.0x8109(100M): 0x0
01-01 00:26:04.376 D/mv2112_update_link( 0): link 0x0
01-01 00:26:04.380 D/mv2112_read_status( 0): autoneg is disabled
01-01 00:26:05.386 D/ ( 0): mv2112_read_status
01-01 00:26:05.390 D/mv2112_update_link( 0): 3.0x901(1G): 0x80
01-01 00:26:05.395 D/mv2112_update_link( 0): 3.0x8109(100M): 0x0
01-01 00:26:05.400 D/mv2112_update_link( 0): link 0x0
01-01 00:26:05.404 D/mv2112_read_status( 0): autoneg is disabled
01-01 00:26:06.410 D/ ( 0): mv2112_read_status
01-01 00:26:06.413 D/mv2112_update_link( 0): 3.0x901(1G): 0x80
01-01 00:26:06.419 D/mv2112_update_link( 0): 3.0x8109(100M): 0x0
01-01 00:26:06.424 D/mv2112_update_link( 0): link 0x0
01-01 00:26:06.428 D/mv2112_read_status( 0): autoneg is disabled
01-01 00:26:06.566 I/init ( 0): starting service 'qvrd_vndr'...
01-01 00:26:06.573 I/init ( 0): Created socket '/dev/socket/qvrservice_vndr', mode 660, user 1000, group 1000
01-01 00:26:06.583 I/init ( 0): Created socket '/dev/socket/qvrservice_vndr_camera', mode 660, user 1000, group 1000
01-01 00:26:06.611 I/init ( 0): starting service 'sxrd'...
01-01 00:26:06.631 I/init ( 0): starting service 'vendor.light-hal-2-0'...
08-18 17:05:06.884 F/linker ( 7203): CANNOT LINK EXECUTABLE "/vendor/bin/hw/qvrservice": library "vendor.qti.hardware.qxr-V1-ndk_platform.so" not found: needed by /vendor/lib64/libqvrservice.so in namespace (default)
01-01 00:26:06.649 I/init ( 0): Service 'qvrd_vndr' (pid 7203) exited with status 1
01-01 00:26:06.656 I/init ( 0): Sending signal 9 to service 'qvrd_vndr' (pid 7203) process group...
08-18 17:05:06.904 F/linker ( 7204): CANNOT LINK EXECUTABLE "/vendor/bin/hw/sxrservice": library "vendor.qti.hardware.qxr-V1-ndk_platform.so" not found: needed by main executable
01-01 00:26:06.664 I/libprocessgroup( 0): Successfully killed process cgroup uid 1000 pid 7203 in 0ms
01-01 00:26:06.676 I/init ( 0): Service 'sxrd' (pid 7204) exited with status 1
01-01 00:26:06.682 I/init ( 0): Sending signal 9 to service 'sxrd' (pid 7204) process group...
01-01 00:26:07.434 D/ ( 0): mv2112_read_status
01-01 00:26:07.437 D/mv2112_update_link( 0): 3.0x901(1G): 0x80
01-01 00:26:07.443 D/mv2112_update_link( 0): 3.0x8109(100M): 0x0
01-01 00:26:07.448 D/mv2112_update_link( 0): link 0x0
01-01 00:26:07.452 D/mv2112_read_status( 0): autoneg is disabled
01-01 00:26:08.458 D/ ( 0): mv2112_read_status
01-01 00:26:08.461 D/mv2112_update_link( 0): 3.0x901(1G): 0x80
01-01 00:26:08.467 D/mv2112_update_link( 0): 3.0x8109(100M): 0x0
01-01 00:26:08.472 D/mv2112_update_link( 0): link 0x0
01-01 00:26:08.476 D/mv2112_read_status( 0): autoneg is disabled
01-01 00:26:09.482 D/ ( 0): mv2112_read_status
01-01 00:26:09.485 D/mv2112_update_link( 0): 3.0x901(1G): 0x80
01-01 00:26:09.491 D/mv2112_update_link( 0): 3.0x8109(100M): 0x0
01-01 00:26:09.496 D/mv2112_update_link( 0): link 0x0
01-01 00:26:09.500 D/mv2112_read_status( 0): autoneg is disabled
01-01 00:26:09.765 I/[schedu][0x322dfc3bf][17:05:10.001883] wlan( 0): [2797:I:OSIF] scan start scan id 41008
01-01 00:26:10.506 D/ ( 0): mv2112_read_status
01-01 00:26:10.510 D/mv2112_update_link( 0): 3.0x901(1G): 0x80
01-01 00:26:10.515 D/mv2112_update_link( 0): 3.0x8109(100M): 0x0
01-01 00:26:10.520 D/mv2112_update_link( 0): link 0x0
01-01 00:26:10.524 D/mv2112_read_status( 0): autoneg is disabled
01-01 00:26:11.530 D/ ( 0): mv2112_read_status
01-01 00:26:11.533 D/mv2112_update_link( 0): 3.0x901(1G): 0x80
01-01 00:26:11.538 D/mv2112_update_link( 0): 3.0x8109(100M): 0x0
01-01 00:26:11.544 D/mv2112_update_link( 0): link 0x0
01-01 00:26:11.548 D/mv2112_read_status( 0): autoneg is disabled
01-01 00:26:11.612 I/init ( 0): starting service 'qvrd_vndr'...
01-01 00:26:11.618 I/init ( 0): Created socket '/dev/socket/qvrservice_vndr', mode 660, user 1000, group 1000
01-01 00:26:11.626 I/[schedu][0x325013943][17:05:11.863714] wlan( 0): [2797:I:OSIF] vdev 0, scan id 41008 type COMPLETED(1) reason COMPLETED(1) scan found 60 bss
01-01 00:26:11.629 I/init ( 0): Created socket '/dev/socket/qvrservice_vndr_camera', mode 660, user 1000, group 1000
01-01 00:26:11.664 I/init ( 0): starting service 'sxrd'...
01-01 00:26:11.680 I/init ( 0): starting service 'vendor.light-hal-2-0'...
08-18 17:05:11.938 F/linker ( 7207): CANNOT LINK EXECUTABLE "/vendor/bin/hw/sxrservice": library "vendor.qti.hardware.qxr-V1-ndk_platform.so" not found: needed by main executable
08-18 17:05:11.940 F/linker ( 7206): CANNOT LINK EXECUTABLE "/vendor/bin/hw/qvrservice": library "vendor.qti.hardware.qxr-V1-ndk_platform.so" not found: needed by /vendor/lib64/libqvrservice.so in namespace (default)
01-01 00:26:11.703 I/init ( 0): Service 'sxrd' (pid 7207) exited with status 1
01-01 00:26:11.709 I/init ( 0): Sending signal 9 to service 'sxrd' (pid 7207) process group...
01-01 00:26:11.717 I/libprocessgroup( 0): Successfully killed process cgroup uid 1000 pid 7207 in 0ms
01-01 00:26:11.726 I/init ( 0): Service 'qvrd_vndr' (pid 7206) exited with status 1
01-01 00:26:11.733 I/init ( 0): Sending signal 9 to service 'qvrd_vndr' (pid 7206) process group...
01-01 00:26:12.554 D/ ( 0): mv2112_read_status
01-01 00:26:12.557 D/mv2112_update_link( 0): 3.0x901(1G): 0x80
01-01 00:26:12.562 D/mv2112_update_link( 0): 3.0x8109(100M): 0x0
01-01 00:26:12.567 D/mv2112_update_link( 0): link 0x0
01-01 00:26:12.572 D/mv2112_read_status( 0): autoneg is disabled
01-01 00:26:13.578 D/ ( 0): mv2112_read_status
01-01 00:26:13.581 D/mv2112_update_link( 0): 3.0x901(1G): 0x80
01-01 00:26:13.587 D/mv2112_update_link( 0): 3.0x8109(100M): 0x0
01-01 00:26:13.592 D/mv2112_update_link( 0): link 0x0
01-01 00:26:13.596 D/mv2112_read_status( 0): autoneg is disabled
01-01 00:26:14.602 D/ ( 0): mv2112_read_status
01-01 00:26:14.605 D/mv2112_update_link( 0): 3.0x901(1G): 0x80
01-01 00:26:14.611 D/mv2112_update_link( 0): 3.0x8109(100M): 0x0
01-01 00:26:14.616 D/mv2112_update_link( 0): link 0x0
01-01 00:26:14.620 D/mv2112_read_status( 0): autoneg is disabled
01-01 00:26:15.626 D/ ( 0): mv2112_read_status
01-01 00:26:15.630 D/mv2112_update_link( 0): 3.0x901(1G): 0x80
01-01 00:26:15.635 D/mv2112_update_link( 0): 3.0x8109(100M): 0x0
01-01 00:26:15.640 D/mv2112_update_link( 0): link 0x0
01-01 00:26:15.644 D/mv2112_read_status( 0): autoneg is disabled
08-18 17:05:16.704 D/ActivityManager( 1152): freezing 3581 android.process.media
01-01 00:26:16.467 I/binder ( 0): 1152:1660 ioctl 400c620e 7a343825d8 returned -22
08-18 17:05:16.711 E/ActivityManager( 1152): Unable to freeze binder for 3581 android.process.media
08-18 17:05:16.713 D/ActivityManager( 1152): froze 3581 android.process.media
01-01 00:26:16.476 I/binder ( 0): 1152:1660 ioctl c00c620f 7a343825b8 returned -22
08-18 17:05:16.720 E/ActivityManager( 1152): Unable to freeze binder for 3581 android.process.media
08-18 17:05:16.722 I/ActivityManager( 1152): Killing 3581:android.process.media/u0a30 (adj 945): Unable to freeze binder interface
01-01 00:26:16.650 D/ ( 0): mv2112_read_status
01-01 00:26:16.653 D/mv2112_update_link( 0): 3.0x901(1G): 0x80
01-01 00:26:16.659 D/mv2112_update_link( 0): 3.0x8109(100M): 0x0
01-01 00:26:16.664 D/mv2112_update_link( 0): link 0x0
01-01 00:26:16.666 I/init ( 0): starting service 'qvrd_vndr'...
01-01 00:26:16.668 D/mv2112_read_status( 0): autoneg is disabled
01-01 00:26:16.674 I/init ( 0): Created socket '/dev/socket/qvrservice_vndr', mode 660, user 1000, group 1000
01-01 00:26:16.688 I/init ( 0): Created socket '/dev/socket/qvrservice_vndr_camera', mode 660, user 1000, group 1000
01-01 00:26:16.713 I/init ( 0): starting service 'sxrd'...
01-01 00:26:16.731 I/init ( 0): starting service 'vendor.light-hal-2-0'...
08-18 17:05:16.981 F/linker ( 7210): CANNOT LINK EXECUTABLE "/vendor/bin/hw/qvrservice": library "vendor.qti.hardware.qxr-V1-ndk_platform.so" not found: needed by /vendor/lib64/libqvrservice.so in namespace (default)
08-18 17:05:16.996 F/linker ( 7211): CANNOT LINK EXECUTABLE "/vendor/bin/hw/sxrservice": library "vendor.qti.hardware.qxr-V1-ndk_platform.so" not found: needed by main executable
01-01 00:26:16.750 I/init ( 0): Service 'qvrd_vndr' (pid 7210) exited with status 1
01-01 00:26:16.757 I/init ( 0): Sending signal 9 to service 'qvrd_vndr' (pid 7210) process group...
01-01 00:26:16.765 I/libprocessgroup( 0): Successfully killed process cgroup uid 1000 pid 7210 in 0ms
01-01 00:26:16.775 I/init ( 0): Service 'sxrd' (pid 7211) exited with status 1
01-01 00:26:16.781 I/init ( 0): Sending signal 9 to service 'sxrd' (pid 7211) process group...
08-18 17:05:17.291 D/ActivityManager( 1152): freezing 4270 com.qualcomm.qti.qms.service.trustzoneaccess
08-18 17:05:17.300 E/ActivityManager( 1152): Unable to freeze binder for 4270 com.qualcomm.qti.qms.service.trustzoneaccess
