01-01 00:22:38.364 D/mv2112_read_status( 0): autoneg is disabled
01-01 00:22:38.400 I/[schedu][0x230fc87a8][17:01:38.637240] wlan( 0): [2797:I:OSIF] vdev 0, scan id 41001 type COMPLETED(1) reason COMPLETED(1) scan found 57 bss
01-01 00:22:39.370 D/ ( 0): mv2112_read_status
01-01 00:22:39.373 D/mv2112_update_link( 0): 3.0x901(1G): 0x80
01-01 00:22:39.379 D/mv2112_update_link( 0): 3.0x8109(100M): 0x0
01-01 00:22:39.384 D/mv2112_update_link( 0): link 0x0
01-01 00:22:39.388 D/mv2112_read_status( 0): autoneg is disabled
01-01 00:22:39.627 I/init ( 0): starting service 'qvrd_vndr'...
01-01 00:22:39.634 I/init ( 0): Created socket '/dev/socket/qvrservice_vndr', mode 660, user 1000, group 1000
01-01 00:22:39.644 I/init ( 0): Created socket '/dev/socket/qvrservice_vndr_camera', mode 660, user 1000, group 1000
01-01 00:22:39.671 I/init ( 0): starting service 'sxrd'...
01-01 00:22:39.686 I/init ( 0): starting service 'vendor.light-hal-2-0'...
08-18 17:01:39.958 F/linker ( 7046): CANNOT LINK EXECUTABLE "/vendor/bin/hw/sxrservice": library "vendor.qti.hardware.qxr-V1-ndk_platform.so" not found: needed by main executable
08-18 17:01:39.959 F/linker ( 7045): CANNOT LINK EXECUTABLE "/vendor/bin/hw/qvrservice": library "vendor.qti.hardware.qxr-V1-ndk_platform.so" not found: needed by /vendor/lib64/libqvrservice.so in namespace (default)
01-01 00:22:39.722 I/init ( 0): Service 'sxrd' (pid 7046) exited with status 1
01-01 00:22:39.729 I/init ( 0): Sending signal 9 to service 'sxrd' (pid 7046) process group...
01-01 00:22:39.737 I/libprocessgroup( 0): Successfully killed process cgroup uid 1000 pid 7046 in 0ms
01-01 00:22:39.748 I/init ( 0): Service 'qvrd_vndr' (pid 7045) exited with status 1
01-01 00:22:39.755 I/init ( 0): Sending signal 9 to service 'qvrd_vndr' (pid 7045) process group...
01-01 00:22:40.394 D/ ( 0): mv2112_read_status
01-01 00:22:40.398 D/mv2112_update_link( 0): 3.0x901(1G): 0x80
01-01 00:22:40.403 D/mv2112_update_link( 0): 3.0x8109(100M): 0x0
01-01 00:22:40.408 D/mv2112_update_link( 0): link 0x0
01-01 00:22:40.412 D/mv2112_read_status( 0): autoneg is disabled
01-01 00:22:41.418 D/ ( 0): mv2112_read_status
01-01 00:22:41.422 D/mv2112_update_link( 0): 3.0x901(1G): 0x80
01-01 00:22:41.427 D/mv2112_update_link( 0): 3.0x8109(100M): 0x0
01-01 00:22:41.432 D/mv2112_update_link( 0): link 0x0
01-01 00:22:41.436 D/mv2112_read_status( 0): autoneg is disabled
01-01 00:22:42.442 D/ ( 0): mv2112_read_status
01-01 00:22:42.445 D/mv2112_update_link( 0): 3.0x901(1G): 0x80
01-01 00:22:42.451 D/mv2112_update_link( 0): 3.0x8109(100M): 0x0
01-01 00:22:42.456 D/mv2112_update_link( 0): link 0x0
01-01 00:22:42.460 D/mv2112_read_status( 0): autoneg is disabled
01-01 00:22:43.466 D/ ( 0): mv2112_read_status
01-01 00:22:43.470 D/mv2112_update_link( 0): 3.0x901(1G): 0x80
01-01 00:22:43.475 D/mv2112_update_link( 0): 3.0x8109(100M): 0x0
01-01 00:22:43.480 D/mv2112_update_link( 0): link 0x0
01-01 00:22:43.484 D/mv2112_read_status( 0): autoneg is disabled
01-01 00:22:44.490 D/ ( 0): mv2112_read_status
01-01 00:22:44.494 D/mv2112_update_link( 0): 3.0x901(1G): 0x80
01-01 00:22:44.499 D/mv2112_update_link( 0): 3.0x8109(100M): 0x0
01-01 00:22:44.504 D/mv2112_update_link( 0): link 0x0
01-01 00:22:44.508 D/mv2112_read_status( 0): autoneg is disabled
01-01 00:22:44.671 I/init ( 0): starting service 'qvrd_vndr'...
01-01 00:22:44.677 I/init ( 0): Created socket '/dev/socket/qvrservice_vndr', mode 660, user 1000, group 1000
01-01 00:22:44.687 I/init ( 0): Created socket '/dev/socket/qvrservice_vndr_camera', mode 660, user 1000, group 1000
01-01 00:22:44.714 I/init ( 0): starting service 'sxrd'...
01-01 00:22:44.733 I/init ( 0): starting service 'vendor.light-hal-2-0'...
08-18 17:01:44.999 F/linker ( 7049): CANNOT LINK EXECUTABLE "/vendor/bin/hw/sxrservice": library "vendor.qti.hardware.qxr-V1-ndk_platform.so" not found: needed by main executable
08-18 17:01:45.001 F/linker ( 7048): CANNOT LINK EXECUTABLE "/vendor/bin/hw/qvrservice": library "vendor.qti.hardware.qxr-V1-ndk_platform.so" not found: needed by /vendor/lib64/libqvrservice.so in namespace (default)
01-01 00:22:44.763 I/init ( 0): Service 'sxrd' (pid 7049) exited with status 1
01-01 00:22:44.769 I/init ( 0): Sending signal 9 to service 'sxrd' (pid 7049) process group...
01-01 00:22:44.777 I/libprocessgroup( 0): Successfully killed process cgroup uid 1000 pid 7049 in 0ms
01-01 00:22:44.787 I/init ( 0): Service 'qvrd_vndr' (pid 7048) exited with status 1
01-01 00:22:44.794 I/init ( 0): Sending signal 9 to service 'qvrd_vndr' (pid 7048) process group...
01-01 00:22:45.514 D/ ( 0): mv2112_read_status
01-01 00:22:45.517 D/mv2112_update_link( 0): 3.0x901(1G): 0x80
01-01 00:22:45.523 D/mv2112_update_link( 0): 3.0x8109(100M): 0x0
01-01 00:22:45.528 D/mv2112_update_link( 0): link 0x0
01-01 00:22:45.532 D/mv2112_read_status( 0): autoneg is disabled
01-01 00:22:46.538 D/ ( 0): mv2112_read_status
01-01 00:22:46.541 D/mv2112_update_link( 0): 3.0x901(1G): 0x80
01-01 00:22:46.547 D/mv2112_update_link( 0): 3.0x8109(100M): 0x0
01-01 00:22:46.552 D/mv2112_update_link( 0): link 0x0
01-01 00:22:46.556 D/mv2112_read_status( 0): autoneg is disabled
01-01 00:22:46.666 I/[schedu][0x23a7255b7][17:01:46.903668] wlan( 0): [2797:I:OSIF] scan start scan id 41002
01-01 00:22:47.562 D/ ( 0): mv2112_read_status
01-01 00:22:47.565 D/mv2112_update_link( 0): 3.0x901(1G): 0x80
01-01 00:22:47.570 D/mv2112_update_link( 0): 3.0x8109(100M): 0x0
01-01 00:22:47.576 D/mv2112_update_link( 0): link 0x0
01-01 00:22:47.580 D/mv2112_read_status( 0): autoneg is disabled
01-01 00:22:48.562 I/[schedu][0x23c9db2c4][17:01:48.799308] wlan( 0): [2797:I:OSIF] vdev 0, scan id 41002 type COMPLETED(1) reason COMPLETED(1) scan found 62 bss
01-01 00:22:48.585 D/ ( 0): mv2112_read_status
01-01 00:22:48.589 D/mv2112_update_link( 0): 3.0x901(1G): 0x80
01-01 00:22:48.594 D/mv2112_update_link( 0): 3.0x8109(100M): 0x0
01-01 00:22:48.599 D/mv2112_update_link( 0): link 0x0
01-01 00:22:48.603 D/mv2112_read_status( 0): autoneg is disabled
01-01 00:22:49.610 D/ ( 0): mv2112_read_status
01-01 00:22:49.614 D/mv2112_update_link( 0): 3.0x901(1G): 0x80
01-01 00:22:49.619 D/mv2112_update_link( 0): 3.0x8109(100M): 0x0
01-01 00:22:49.624 D/mv2112_update_link( 0): link 0x0
01-01 00:22:49.628 D/mv2112_read_status( 0): autoneg is disabled
01-01 00:22:49.713 I/init ( 0): starting service 'qvrd_vndr'...
01-01 00:22:49.721 I/init ( 0): Created socket '/dev/socket/qvrservice_vndr', mode 660, user 1000, group 1000
01-01 00:22:49.733 I/init ( 0): Created socket '/dev/socket/qvrservice_vndr_camera', mode 660, user 1000, group 1000
01-01 00:22:49.776 I/init ( 0): starting service 'sxrd'...
08-18 17:01:50.041 F/linker ( 7051): CANNOT LINK EXECUTABLE "/vendor/bin/hw/qvrservice": library "vendor.qti.hardware.qxr-V1-ndk_platform.so" not found: needed by /vendor/lib64/libqvrservice.so in namespace (default)
01-01 00:22:49.801 I/init ( 0): starting service 'vendor.light-hal-2-0'...
01-01 00:22:49.817 I/init ( 0): Service 'qvrd_vndr' (pid 7051) exited with status 1
01-01 00:22:49.824 I/init ( 0): Sending signal 9 to service 'qvrd_vndr' (pid 7051) process group...
08-18 17:01:50.064 F/linker ( 7052): CANNOT LINK EXECUTABLE "/vendor/bin/hw/sxrservice": library "vendor.qti.hardware.qxr-V1-ndk_platform.so" not found: needed by main executable
01-01 00:22:49.832 I/libprocessgroup( 0): Successfully killed process cgroup uid 1000 pid 7051 in 0ms
01-01 00:22:49.843 I/init ( 0): Service 'sxrd' (pid 7052) exited with status 1
01-01 00:22:49.849 I/init ( 0): Sending signal 9 to service 'sxrd' (pid 7052) process group...
01-01 00:22:50.634 D/ ( 0): mv2112_read_status
01-01 00:22:50.637 D/mv2112_update_link( 0): 3.0x901(1G): 0x80
01-01 00:22:50.642 D/mv2112_update_link( 0): 3.0x8109(100M): 0x0
01-01 00:22:50.648 D/mv2112_update_link( 0): link 0x0
01-01 00:22:50.652 D/mv2112_read_status( 0): autoneg is disabled
01-01 00:22:51.658 D/ ( 0): mv2112_read_status
01-01 00:22:51.661 D/mv2112_update_link( 0): 3.0x901(1G): 0x80
01-01 00:22:51.666 D/mv2112_update_link( 0): 3.0x8109(100M): 0x0
01-01 00:22:51.672 D/mv2112_update_link( 0): link 0x0
01-01 00:22:51.676 D/mv2112_read_status( 0): autoneg is disabled
01-01 00:22:52.682 D/ ( 0): mv2112_read_status
01-01 00:22:52.685 D/mv2112_update_link( 0): 3.0x901(1G): 0x80
01-01 00:22:52.691 D/mv2112_update_link( 0): 3.0x8109(100M): 0x0
01-01 00:22:52.696 D/mv2112_update_link( 0): link 0x0
01-01 00:22:52.700 D/mv2112_read_status( 0): autoneg is disabled
01-01 00:22:53.706 D/ ( 0): mv2112_read_status
01-01 00:22:53.709 D/mv2112_update_link( 0): 3.0x901(1G): 0x80
01-01 00:22:53.715 D/mv2112_update_link( 0): 3.0x8109(100M): 0x0
01-01 00:22:53.720 D/mv2112_update_link( 0): link 0x0
01-01 00:22:53.724 D/mv2112_read_status( 0): autoneg is disabled
01-01 00:22:54.729 D/ ( 0): mv2112_read_status
01-01 00:22:54.733 D/mv2112_update_link( 0): 3.0x901(1G): 0x80
01-01 00:22:54.738 D/mv2112_update_link( 0): 3.0x8109(100M): 0x0
01-01 00:22:54.743 D/mv2112_update_link( 0): link 0x0
01-01 00:22:54.747 D/mv2112_read_status( 0): autoneg is disabled
01-01 00:22:54.769 I/init ( 0): starting service 'qvrd_vndr'...
01-01 00:22:54.776 I/init ( 0): Created socket '/dev/socket/qvrservice_vndr', mode 660, user 1000, group 1000
01-01 00:22:54.786 I/init ( 0): Created socket '/dev/socket/qvrservice_vndr_camera', mode 660, user 1000, group 1000
01-01 00:22:54.813 I/init ( 0): starting service 'sxrd'...
01-01 00:22:54.833 I/init ( 0): starting service 'vendor.light-hal-2-0'...
08-18 17:01:55.099 F/linker ( 7055): CANNOT LINK EXECUTABLE "/vendor/bin/hw/sxrservice": library "vendor.qti.hardware.qxr-V1-ndk_platform.so" not found: needed by main executable
08-18 17:01:55.101 F/linker ( 7054): CANNOT LINK EXECUTABLE "/vendor/bin/hw/qvrservice": library "vendor.qti.hardware.qxr-V1-ndk_platform.so" not found: needed by /vendor/lib64/libqvrservice.so in namespace (default)
01-01 00:22:54.863 I/init ( 0): Service 'sxrd' (pid 7055) exited with status 1
01-01 00:22:54.869 I/init ( 0): Sending signal 9 to service 'sxrd' (pid 7055) process group...
01-01 00:22:54.877 I/libprocessgroup( 0): Successfully killed process cgroup uid 1000 pid 7055 in 0ms
01-01 00:22:54.887 I/init ( 0): Service 'qvrd_vndr' (pid 7054) exited with status 1
01-01 00:22:54.894 I/init ( 0): Sending signal 9 to service 'qvrd_vndr' (pid 7054) process group...
01-01 00:22:55.754 D/ ( 0): mv2112_read_status
01-01 00:22:55.757 D/mv2112_update_link( 0): 3.0x901(1G): 0x80
01-01 00:22:55.763 D/mv2112_update_link( 0): 3.0x8109(100M): 0x0
01-01 00:22:55.768 D/mv2112_update_link( 0): link 0x0
01-01 00:22:55.772 D/mv2112_read_status( 0): autoneg is disabled
01-01 00:22:56.687 I/[schedu][0x245e9f991][17:01:56.923988] wlan( 0): [2797:I:OSIF] scan start scan id 41003
01-01 00:22:56.777 D/ ( 0): mv2112_read_status
01-01 00:22:56.781 D/mv2112_update_link( 0): 3.0x901(1G): 0x80
01-01 00:22:56.786 D/mv2112_update_link( 0): 3.0x8109(100M): 0x0
01-01 00:22:56.791 D/mv2112_update_link( 0): link 0x0
01-01 00:22:56.795 D/mv2112_read_status( 0): autoneg is disabled
01-01 00:22:57.801 D/ ( 0): mv2112_read_status
01-01 00:22:57.805 D/mv2112_update_link( 0): 3.0x901(1G): 0x80
01-01 00:22:57.810 D/mv2112_update_link( 0): 3.0x8109(100M): 0x0
01-01 00:22:57.815 D/mv2112_update_link( 0): link 0x0
01-01 00:22:57.819 D/mv2112_read_status( 0): autoneg is disabled
01-01 00:22:58.478 I/[schedu][0x247f6ed4f][17:01:58.715822] wlan( 0): [2797:I:OSIF] vdev 0, scan id 41003 type COMPLETED(1) reason COMPLETED(1) scan found 48 bss
01-01 00:22:58.826 D/ ( 0): mv2112_read_status
01-01 00:22:58.829 D/mv2112_update_link( 0): 3.0x901(1G): 0x80
01-01 00:22:58.834 D/mv2112_update_link( 0): 3.0x8109(100M): 0x0
01-01 00:22:58.840 D/mv2112_update_link( 0): link 0x0
01-01 00:22:58.844 D/mv2112_read_status( 0): autoneg is disabled
08-18 17:01:59.258 V/DisplayPowerController[0]( 1152): Brightness [0.05] reason changing to: 'manual [ dim ]', previous reason: 'manual'.
08-18 17:01:59.258 W/PowerManagerService( 1152): Screen on took 154109 ms
08-18 17:01:59.260 E/DisplayDeviceConfig( 1152): requesting nits when no mapping exists.
08-18 17:01:59.261 E/DisplayDeviceConfig( 1152): requesting nits when no mapping exists.
08-18 17:01:59.271 I/DropBoxManagerService( 1152): add tag=system_server_wtf isTagEnabled=true flags=0x2
08-18 17:01:59.277 E/DisplayDeviceConfig( 1152): requesting nits when no mapping exists.
08-18 17:01:59.277 E/DisplayDeviceConfig( 1152): requesting nits when no mapping exists.
08-18 17:01:59.284 I/DropBoxManagerService( 1152): add tag=system_server_wtf isTagEnabled=true flags=0x2
08-18 17:01:59.287 I/DropBoxManagerService( 1152): add tag=system_server_wtf isTagEnabled=true flags=0x2
08-18 17:01:59.290 I/DropBoxManagerService( 1152): add tag=system_server_wtf isTagEnabled=true flags=0x2
08-18 17:01:59.293 E/DisplayDeviceConfig( 1152): requesting nits when no mapping exists.
08-18 17:01:59.294 E/DisplayDeviceConfig( 1152): requesting nits when no mapping exists.
08-18 17:01:59.295 I/DropBoxManagerService( 1152): add tag=system_server_wtf isTagEnabled=true flags=0x2
08-18 17:01:59.310 E/DisplayDeviceConfig( 1152): requesting nits when no mapping exists.
08-18 17:01:59.311 E/DisplayDeviceConfig( 1152): requesting nits when no mapping exists.
08-18 17:01:59.333 E/DisplayDeviceConfig( 1152): requesting nits when no mapping exists.
08-18 17:01:59.333 E/DisplayDeviceConfig( 1152): requesting nits when no mapping exists.
08-18 17:01:59.343 E/DisplayDeviceConfig( 1152): requesting nits when no mapping exists.
08-18 17:01:59.343 E/DisplayDeviceConfig( 1152): requesting nits when no mapping exists.
08-18 17:01:59.367 E/DisplayDeviceConfig( 1152): requesting nits when no mapping exists.
08-18 17:01:59.367 E/DisplayDeviceConfig( 1152): requesting nits when no mapping exists.
08-18 17:01:59.376 E/DisplayDeviceConfig( 1152): requesting nits when no mapping exists.
08-18 17:01:59.377 E/DisplayDeviceConfig( 1152): requesting nits when no mapping exists.
08-18 17:01:59.393 E/DisplayDeviceConfig( 1152): requesting nits when no mapping exists.
08-18 17:01:59.394 E/DisplayDeviceConfig( 1152): requesting nits when no mapping exists.
08-18 17:01:59.411 E/DisplayDeviceConfig( 1152): requesting nits when no mapping exists.
08-18 17:01:59.411 E/DisplayDeviceConfig( 1152): requesting nits when no mapping exists.
08-18 17:01:59.427 E/DisplayDeviceConfig( 1152): requesting nits when no mapping exists.
08-18 17:01:59.427 E/DisplayDeviceConfig( 1152): requesting nits when no mapping exists.
08-18 17:01:59.443 E/DisplayDeviceConfig( 1152): requesting nits when no mapping exists.
08-18 17:01:59.444 E/DisplayDeviceConfig( 1152): requesting nits when no mapping exists.
08-18 17:01:59.461 E/DisplayDeviceConfig( 1152): requesting nits when no mapping exists.
08-18 17:01:59.461 E/DisplayDeviceConfig( 1152): requesting nits when no mapping exists.
08-18 17:01:59.477 E/DisplayDeviceConfig( 1152): requesting nits when no mapping exists.
08-18 17:01:59.477 E/DisplayDeviceConfig( 1152): requesting nits when no mapping exists.
08-18 17:01:59.493 E/DisplayDeviceConfig( 1152): requesting nits when no mapping exists.
08-18 17:01:59.494 E/DisplayDeviceConfig( 1152): requesting nits when no mapping exists.
08-18 17:01:59.510 E/DisplayDeviceConfig( 1152): requesting nits when no mapping exists.
08-18 17:01:59.511 E/DisplayDeviceConfig( 1152): requesting nits when no mapping exists.
08-18 17:01:59.534 E/DisplayDeviceConfig( 1152): requesting nits when no mapping exists.
08-18 17:01:59.534 E/DisplayDeviceConfig( 1152): requesting nits when no mapping exists.
08-18 17:01:59.544 E/DisplayDeviceConfig( 1152): requesting nits when no mapping exists.
08-18 17:01:59.544 E/DisplayDeviceConfig( 1152): requesting nits when no mapping exists.
08-18 17:01:59.561 E/DisplayDeviceConfig( 1152): requesting nits when no mapping exists.
08-18 17:01:59.561 E/DisplayDeviceConfig( 1152): requesting nits when no mapping exists.
08-18 17:01:59.577 E/DisplayDeviceConfig( 1152): requesting nits when no mapping exists.
08-18 17:01:59.577 E/DisplayDeviceConfig( 1152): requesting nits when no mapping exists.
08-18 17:01:59.595 E/DisplayDeviceConfig( 1152): requesting nits when no mapping exists.
08-18 17:01:59.595 E/DisplayDeviceConfig( 1152): requesting nits when no mapping exists.
08-18 17:01:59.611 E/DisplayDeviceConfig( 1152): requesting nits when no mapping exists.
08-18 17:01:59.611 E/DisplayDeviceConfig( 1152): requesting nits when no mapping exists.
08-18 17:01:59.628 E/DisplayDeviceConfig( 1152): requesting nits when no mapping exists.
08-18 17:01:59.628 E/DisplayDeviceConfig( 1152): requesting nits when no mapping exists.
08-18 17:01:59.644 E/DisplayDeviceConfig( 1152): requesting nits when no mapping exists.
08-18 17:01:59.645 E/DisplayDeviceConfig( 1152): requesting nits when no mapping exists.
08-18 17:01:59.660 E/DisplayDeviceConfig( 1152): requesting nits when no mapping exists.
08-18 17:01:59.661 E/DisplayDeviceConfig( 1152): requesting nits when no mapping exists.
08-18 17:01:59.681 E/DisplayDeviceConfig( 1152): requesting nits when no mapping exists.
08-18 17:01:59.682 E/DisplayDeviceConfig( 1152): requesting nits when no mapping exists.
08-18 17:01:59.695 E/DisplayDeviceConfig( 1152): requesting nits when no mapping exists.
08-18 17:01:59.696 E/DisplayDeviceConfig( 1152): requesting nits when no mapping exists.
08-18 17:01:59.711 E/DisplayDeviceConfig( 1152): requesting nits when no mapping exists.
08-18 17:01:59.712 E/DisplayDeviceConfig( 1152): requesting nits when no mapping exists.
08-18 17:01:59.728 E/DisplayDeviceConfig( 1152): requesting nits when no mapping exists.
08-18 17:01:59.729 E/DisplayDeviceConfig( 1152): requesting nits when no mapping exists.
08-18 17:01:59.751 E/DisplayDeviceConfig( 1152): requesting nits when no mapping exists.
08-18 17:01:59.752 E/DisplayDeviceConfig( 1152): requesting nits when no mapping exists.
08-18 17:01:59.760 E/DisplayDeviceConfig( 1152): requesting nits when no mapping exists.
08-18 17:01:59.761 E/DisplayDeviceConfig( 1152): requesting nits when no mapping exists.
01-01 00:22:59.808 I/init ( 0): starting service 'qvrd_vndr'...
01-01 00:22:59.817 I/init ( 0): Created socket '/dev/socket/qvrservice_vndr', mode 660, user 1000, group 1000
01-01 00:22:59.828 I/init ( 0): Created socket '/dev/socket/qvrservice_vndr_camera', mode 660, user 1000, group 1000
01-01 00:22:59.849 D/ ( 0): mv2112_read_status
01-01 00:22:59.853 D/mv2112_update_link( 0): 3.0x901(1G): 0x80
01-01 00:22:59.855 I/init ( 0): starting service 'sxrd'...
01-01 00:22:59.858 D/mv2112_update_link( 0): 3.0x8109(100M): 0x0
01-01 00:22:59.867 D/mv2112_update_link( 0): link 0x0
01-01 00:22:59.871 D/mv2112_read_status( 0): autoneg is disabled
01-01 00:22:59.877 I/init ( 0): starting service 'vendor.light-hal-2-0'...
08-18 17:02:00.139 F/linker ( 7057): CANNOT LINK EXECUTABLE "/vendor/bin/hw/qvrservice": library "vendor.qti.hardware.qxr-V1-ndk_platform.so" not found: needed by /vendor/lib64/libqvrservice.so in namespace (default)
08-18 17:02:00.139 F/linker ( 7058): CANNOT LINK EXECUTABLE "/vendor/bin/hw/sxrservice": library "vendor.qti.hardware.qxr-V1-ndk_platform.so" not found: needed by main executable
01-01 00:22:59.903 I/init ( 0): Service 'qvrd_vndr' (pid 7057) exited with status 1
01-01 00:22:59.910 I/init ( 0): Sending signal 9 to service 'qvrd_vndr' (pid 7057) process group...
01-01 00:22:59.918 I/libprocessgroup( 0): Successfully killed process cgroup uid 1000 pid 7057 in 0ms
01-01 00:22:59.928 I/init ( 0): Service 'sxrd' (pid 7058) exited with status 1
01-01 00:22:59.934 I/init ( 0): Sending signal 9 to service 'sxrd' (pid 7058) process group...
01-01 00:23:00.874 D/ ( 0): mv2112_read_status
01-01 00:23:00.877 D/mv2112_update_link( 0): 3.0x901(1G): 0x80
01-01 00:23:00.883 D/mv2112_update_link( 0): 3.0x8109(100M): 0x0
01-01 00:23:00.888 D/mv2112_update_link( 0): link 0x0
01-01 00:23:00.892 D/mv2112_read_status( 0): autoneg is disabled
01-01 00:23:01.898 D/ ( 0): mv2112_read_status
01-01 00:23:01.901 D/mv2112_update_link( 0): 3.0x901(1G): 0x80
01-01 00:23:01.907 D/mv2112_update_link( 0): 3.0x8109(100M): 0x0
01-01 00:23:01.912 D/mv2112_update_link( 0): link 0x0
01-01 00:23:01.916 D/mv2112_read_status( 0): autoneg is disabled
01-01 00:23:02.922 D/ ( 0): mv2112_read_status
01-01 00:23:02.926 D/mv2112_update_link( 0): 3.0x901(1G): 0x80
01-01 00:23:02.931 D/mv2112_update_link( 0): 3.0x8109(100M): 0x0
01-01 00:23:02.936 D/mv2112_update_link( 0): link 0x0
01-01 00:23:02.940 D/mv2112_read_status( 0): autoneg is disabled
01-01 00:23:03.946 D/ ( 0): mv2112_read_status
01-01 00:23:03.950 D/mv2112_update_link( 0): 3.0x901(1G): 0x80
01-01 00:23:03.955 D/mv2112_update_link( 0): 3.0x8109(100M): 0x0
01-01 00:23:03.960 D/mv2112_update_link( 0): link 0x0
01-01 00:23:03.964 D/mv2112_read_status( 0): autoneg is disabled
01-01 00:23:04.856 I/init ( 0): starting service 'qvrd_vndr'...
01-01 00:23:04.863 I/init ( 0): Created socket '/dev/socket/qvrservice_vndr', mode 660, user 1000, group 1000
01-01 00:23:04.874 I/init ( 0): Created socket '/dev/socket/qvrservice_vndr_camera', mode 660, user 1000, group 1000
01-01 00:23:04.899 I/init ( 0): starting service 'sxrd'...
01-01 00:23:04.916 I/init ( 0): starting service 'vendor.light-hal-2-0'...
08-18 17:02:05.179 F/linker ( 7061): CANNOT LINK EXECUTABLE "/vendor/bin/hw/sxrservice": library "vendor.qti.hardware.qxr-V1-ndk_platform.so" not found: needed by main executable
08-18 17:02:05.181 F/linker ( 7060): CANNOT LINK EXECUTABLE "/vendor/bin/hw/qvrservice": library "vendor.qti.hardware.qxr-V1-ndk_platform.so" not found: needed by /vendor/lib64/libqvrservice.so in namespace (default)
01-01 00:23:04.943 I/init ( 0): Service 'sxrd' (pid 7061) exited with status 1
01-01 00:23:04.950 I/init ( 0): Sending signal 9 to service 'sxrd' (pid 7061) process group...
01-01 00:23:04.958 I/libprocessgroup( 0): Successfully killed process cgroup uid 1000 pid 7061 in 0ms
01-01 00:23:04.967 I/init ( 0): Service 'qvrd_vndr' (pid 7060) exited with status 1
01-01 00:23:04.974 D/ ( 0): mv2112_read_status
01-01 00:23:04.977 D/mv2112_update_link( 0): 3.0x901(1G): 0x80
01-01 00:23:04.982 I/init ( 0): Sending signal 9 to service 'qvrd_vndr' (pid 7060) process group...
01-01 00:23:04.990 D/mv2112_update_link( 0): 3.0x8109(100M): 0x0
01-01 00:23:04.996 D/mv2112_update_link( 0): link 0x0
01-01 00:23:05.000 D/mv2112_read_status( 0): autoneg is disabled
08-18 17:02:06.249 I/PowerManagerService( 1152): Napping display group (groupId=0, uid=1000)...
08-18 17:02:06.249 I/PowerManagerService( 1152): Nap time (uid 1000)...
08-18 17:02:06.256 I/DreamManagerService( 1152): Entering dreamland.
08-18 17:02:06.259 I/PowerManagerService( 1152): Dreaming...
01-01 00:23:06.026 D/ ( 0): mv2112_read_status
01-01 00:23:06.029 D/mv2112_update_link( 0): 3.0x901(1G): 0x80
01-01 00:23:06.034 D/mv2112_update_link( 0): 3.0x8109(100M): 0x0
08-18 17:02:06.266 I/DreamController( 1152): Starting dream: name=ComponentInfo{com.android.deskclock/com.android.deskclock.Screensaver}, isTest=false, canDoze=false, userId=0
08-18 17:02:06.278 D/AutofillManagerService( 1152): Close system dialogs
01-01 00:23:06.039 D/mv2112_update_link( 0): link 0x0
01-01 00:23:06.043 D/mv2112_read_status( 0): autoneg is disabled
08-18 17:02:06.285 I/ActivityTaskManager( 1152): START u0 {flg=0x10000000 pkg=com.android.deskclock cmp=com.android.deskclock/android.service.dreams.DreamActivity (has extras)} from uid 10096
08-18 17:02:06.296 W/ActivityTaskManager( 1152): Can't find TaskDisplayArea to determine support for multi window. Task id=23 attached=false
08-18 17:02:06.304 V/SplashScreenExceptionList( 1152): SplashScreen checking exception for package com.android.deskclock (target sdk:29) -> false
08-18 17:02:06.323 I/ActivityTaskManager( 1152): The Process com.android.deskclock Already Exists in BG. So sending its PID: 2743
08-18 17:02:06.325 W/ActivityTaskManager( 1152): Tried to set launchTime (0) < mLastActivityLaunchTime (315456)
08-18 17:02:06.421 V/DisplayPowerController[0]( 1152): Brightness [0.39763778] reason changing to: 'manual', previous reason: 'manual [ dim ]'.
08-18 17:02:06.427 E/DisplayDeviceConfig( 1152): requesting nits when no mapping exists.
08-18 17:02:06.428 E/DisplayDeviceConfig( 1152): requesting nits when no mapping exists.
08-18 17:02:06.444 E/DisplayDeviceConfig( 1152): requesting nits when no mapping exists.
08-18 17:02:06.444 E/DisplayDeviceConfig( 1152): requesting nits when no mapping exists.
08-18 17:02:06.464 E/DisplayDeviceConfig( 1152): requesting nits when no mapping exists.
08-18 17:02:06.465 E/DisplayDeviceConfig( 1152): requesting nits when no mapping exists.
08-18 17:02:06.480 E/DisplayDeviceConfig( 1152): requesting nits when no mapping exists.
08-18 17:02:06.483 E/DisplayDeviceConfig( 1152): requesting nits when no mapping exists.
08-18 17:02:06.496 E/DisplayDeviceConfig( 1152): requesting nits when no mapping exists.
08-18 17:02:06.497 E/DisplayDeviceConfig( 1152): requesting nits when no mapping exists.
08-18 17:02:06.511 E/DisplayDeviceConfig( 1152): requesting nits when no mapping exists.
08-18 17:02:06.512 E/DisplayDeviceConfig( 1152): requesting nits when no mapping exists.
08-18 17:02:06.527 E/DisplayDeviceConfig( 1152): requesting nits when no mapping exists.
08-18 17:02:06.528 E/DisplayDeviceConfig( 1152): requesting nits when no mapping exists.
08-18 17:02:06.544 E/DisplayDeviceConfig( 1152): requesting nits when no mapping exists.
08-18 17:02:06.544 E/DisplayDeviceConfig( 1152): requesting nits when no mapping exists.
08-18 17:02:06.561 E/DisplayDeviceConfig( 1152): requesting nits when no mapping exists.
08-18 17:02:06.561 E/DisplayDeviceConfig( 1152): requesting nits when no mapping exists.
08-18 17:02:06.577 E/DisplayDeviceConfig( 1152): requesting nits when no mapping exists.
08-18 17:02:06.577 E/DisplayDeviceConfig( 1152): requesting nits when no mapping exists.
08-18 17:02:06.595 E/DisplayDeviceConfig( 1152): requesting nits when no mapping exists.
08-18 17:02:06.596 E/DisplayDeviceConfig( 1152): requesting nits when no mapping exists.
08-18 17:02:06.616 E/DisplayDeviceConfig( 1152): requesting nits when no mapping exists.
08-18 17:02:06.617 E/DisplayDeviceConfig( 1152): requesting nits when no mapping exists.
08-18 17:02:06.628 E/DisplayDeviceConfig( 1152): requesting nits when no mapping exists.
08-18 17:02:06.629 E/DisplayDeviceConfig( 1152): requesting nits when no mapping exists.
08-18 17:02:06.644 E/DisplayDeviceConfig( 1152): requesting nits when no mapping exists.
08-18 17:02:06.645 E/DisplayDeviceConfig( 1152): requesting nits when no mapping exists.
08-18 17:02:06.661 E/DisplayDeviceConfig( 1152): requesting nits when no mapping exists.
08-18 17:02:06.661 E/DisplayDeviceConfig( 1152): requesting nits when no mapping exists.
08-18 17:02:06.677 E/DisplayDeviceConfig( 1152): requesting nits when no mapping exists.
08-18 17:02:06.678 E/DisplayDeviceConfig( 1152): requesting nits when no mapping exists.
08-18 17:02:06.696 E/DisplayDeviceConfig( 1152): requesting nits when no mapping exists.
08-18 17:02:06.697 E/DisplayDeviceConfig( 1152): requesting nits when no mapping exists.
08-18 17:02:06.715 E/DisplayDeviceConfig( 1152): requesting nits when no mapping exists.
08-18 17:02:06.715 E/DisplayDeviceConfig( 1152): requesting nits when no mapping exists.
08-18 17:02:06.728 E/DisplayDeviceConfig( 1152): requesting nits when no mapping exists.
08-18 17:02:06.729 E/DisplayDeviceConfig( 1152): requesting nits when no mapping exists.
08-18 17:02:06.746 E/DisplayDeviceConfig( 1152): requesting nits when no mapping exists.
08-18 17:02:06.747 E/DisplayDeviceConfig( 1152): requesting nits when no mapping exists.
08-18 17:02:06.761 E/DisplayDeviceConfig( 1152): requesting nits when no mapping exists.
08-18 17:02:06.762 E/DisplayDeviceConfig( 1152): requesting nits when no mapping exists.
08-18 17:02:06.778 E/DisplayDeviceConfig( 1152): requesting nits when no mapping exists.
08-18 17:02:06.782 E/DisplayDeviceConfig( 1152): requesting nits when no mapping exists.
08-18 17:02:06.794 E/DisplayDeviceConfig( 1152): requesting nits when no mapping exists.
08-18 17:02:06.795 E/DisplayDeviceConfig( 1152): requesting nits when no mapping exists.
08-18 17:02:06.811 E/DisplayDeviceConfig( 1152): requesting nits when no mapping exists.
08-18 17:02:06.812 E/DisplayDeviceConfig( 1152): requesting nits when no mapping exists.
08-18 17:02:06.829 E/DisplayDeviceConfig( 1152): requesting nits when no mapping exists.
08-18 17:02:06.830 E/DisplayDeviceConfig( 1152): requesting nits when no mapping exists.
08-18 17:02:06.845 E/DisplayDeviceConfig( 1152): requesting nits when no mapping exists.
08-18 17:02:06.845 E/DisplayDeviceConfig( 1152): requesting nits when no mapping exists.
08-18 17:02:06.861 E/DisplayDeviceConfig( 1152): requesting nits when no mapping exists.
08-18 17:02:06.861 E/DisplayDeviceConfig( 1152): requesting nits when no mapping exists.
08-18 17:02:06.886 E/DisplayDeviceConfig( 1152): requesting nits when no mapping exists.
08-18 17:02:06.887 E/DisplayDeviceConfig( 1152): requesting nits when no mapping exists.
08-18 17:02:06.896 E/DisplayDeviceConfig( 1152): requesting nits when no mapping exists.
08-18 17:02:06.896 E/DisplayDeviceConfig( 1152): requesting nits when no mapping exists.
08-18 17:02:06.911 E/DisplayDeviceConfig( 1152): requesting nits when no mapping exists.
08-18 17:02:06.912 E/DisplayDeviceConfig( 1152): requesting nits when no mapping exists.
01-01 00:23:06.720 I/[schedu][0x251656e9b][17:02:06.957332] wlan( 0): [2797:I:OSIF] scan start scan id 41004
01-01 00:23:07.050 D/ ( 0): mv2112_read_status
01-01 00:23:07.053 D/mv2112_update_link( 0): 3.0x901(1G): 0x80
01-01 00:23:07.059 D/mv2112_update_link( 0): 3.0x8109(100M): 0x0
01-01 00:23:07.064 D/mv2112_update_link( 0): link 0x0
01-01 00:23:07.068 D/mv2112_read_status( 0): autoneg is disabled
01-01 00:23:08.074 D/ ( 0): mv2112_read_status
01-01 00:23:08.077 D/mv2112_update_link( 0): 3.0x901(1G): 0x80
01-01 00:23:08.083 D/mv2112_update_link( 0): 3.0x8109(100M): 0x0
01-01 00:23:08.088 D/mv2112_update_link( 0): link 0x0
01-01 00:23:08.092 D/mv2112_read_status( 0): autoneg is disabled
01-01 00:23:08.409 I/[schedu][0x2535468fa][17:02:08.646857] wlan( 0): [2797:I:OSIF] vdev 0, scan id 41004 type COMPLETED(1) reason COMPLETED(1) scan found 51 bss
01-01 00:23:09.098 D/ ( 0): mv2112_read_status
01-01 00:23:09.101 D/mv2112_update_link( 0): 3.0x901(1G): 0x80
01-01 00:23:09.106 D/mv2112_update_link( 0): 3.0x8109(100M): 0x0
01-01 00:23:09.111 D/mv2112_update_link( 0): link 0x0
01-01 00:23:09.116 D/mv2112_read_status( 0): autoneg is disabled
01-01 00:23:09.900 I/init ( 0): starting service 'qvrd_vndr'...
01-01 00:23:09.912 I/init ( 0): Created socket '/dev/socket/qvrservice_vndr', mode 660, user 1000, group 1000
01-01 00:23:09.925 I/init ( 0): Created socket '/dev/socket/qvrservice_vndr_camera', mode 660, user 1000, group 1000
01-01 00:23:09.974 I/init ( 0): starting service 'sxrd'...
01-01 00:23:09.994 I/init ( 0): starting service 'vendor.light-hal-2-0'...
08-18 17:02:10.245 F/linker ( 7066): CANNOT LINK EXECUTABLE "/vendor/bin/hw/qvrservice": library "vendor.qti.hardware.qxr-V1-ndk_platform.so" not found: needed by /vendor/lib64/libqvrservice.so in namespace (default)
01-01 00:23:10.014 I/init ( 0): Service 'qvrd_vndr' (pid 7066) exited with status 1
01-01 00:23:10.020 I/init ( 0): Sending signal 9 to service 'qvrd_vndr' (pid 7066) process group...
01-01 00:23:10.029 I/libprocessgroup( 0): Successfully killed process cgroup uid 1000 pid 7066 in 0ms
08-18 17:02:10.272 F/linker ( 7067): CANNOT LINK EXECUTABLE "/vendor/bin/hw/sxrservice": library "vendor.qti.hardware.qxr-V1-ndk_platform.so" not found: needed by main executable
01-01 00:23:10.039 I/init ( 0): Service 'sxrd' (pid 7067) exited with status 1
01-01 00:23:10.045 I/init ( 0): Sending signal 9 to service 'sxrd' (pid 7067) process group...
01-01 00:23:10.122 D/ ( 0): mv2112_read_status
01-01 00:23:10.125 D/mv2112_update_link( 0): 3.0x901(1G): 0x80
01-01 00:23:10.131 D/mv2112_update_link( 0): 3.0x8109(100M): 0x0
01-01 00:23:10.136 D/mv2112_update_link( 0): link 0x0
01-01 00:23:10.140 D/mv2112_read_status( 0): autoneg is disabled
01-01 00:23:11.146 D/ ( 0): mv2112_read_status
01-01 00:23:11.150 D/mv2112_update_link( 0): 3.0x901(1G): 0x80
01-01 00:23:11.155 D/mv2112_update_link( 0): 3.0x8109(100M): 0x0
01-01 00:23:11.160 D/mv2112_update_link( 0): link 0x0
01-01 00:23:11.164 D/mv2112_read_status( 0): autoneg is disabled
01-01 00:23:12.170 D/ ( 0): mv2112_read_status
01-01 00:23:12.174 D/mv2112_update_link( 0): 3.0x901(1G): 0x80
01-01 00:23:12.179 D/mv2112_update_link( 0): 3.0x8109(100M): 0x0
01-01 00:23:12.184 D/mv2112_update_link( 0): link 0x0
01-01 00:23:12.188 D/mv2112_read_status( 0): autoneg is disabled
01-01 00:23:13.194 D/ ( 0): mv2112_read_status
01-01 00:23:13.197 D/mv2112_update_link( 0): 3.0x901(1G): 0x80
01-01 00:23:13.203 D/mv2112_update_link( 0): 3.0x8109(100M): 0x0
01-01 00:23:13.208 D/mv2112_update_link( 0): link 0x0
01-01 00:23:13.212 D/mv2112_read_status( 0): autoneg is disabled
01-01 00:23:14.218 D/ ( 0): mv2112_read_status
01-01 00:23:14.221 D/mv2112_update_link( 0): 3.0x901(1G): 0x80
01-01 00:23:14.226 D/mv2112_update_link( 0): 3.0x8109(100M): 0x0
01-01 00:23:14.231 D/mv2112_update_link( 0): link 0x0
01-01 00:23:14.235 D/mv2112_read_status( 0): autoneg is disabled
01-01 00:23:14.969 I/init ( 0): starting service 'qvrd_vndr'...
01-01 00:23:14.976 I/init ( 0): Created socket '/dev/socket/qvrservice_vndr', mode 660, user 1000, group 1000
01-01 00:23:14.986 I/init ( 0): Created socket '/dev/socket/qvrservice_vndr_camera', mode 660, user 1000, group 1000
01-01 00:23:15.013 I/init ( 0): starting service 'sxrd'...
01-01 00:23:15.035 I/init ( 0): starting service 'vendor.light-hal-2-0'...
08-18 17:02:15.298 F/linker ( 7070): CANNOT LINK EXECUTABLE "/vendor/bin/hw/sxrservice": library "vendor.qti.hardware.qxr-V1-ndk_platform.so" not found: needed by main executable
08-18 17:02:15.301 F/linker ( 7069): CANNOT LINK EXECUTABLE "/vendor/bin/hw/qvrservice": library "vendor.qti.hardware.qxr-V1-ndk_platform.so" not found: needed by /vendor/lib64/libqvrservice.so in namespace (default)
01-01 00:23:15.062 I/init ( 0): Service 'sxrd' (pid 7070) exited with status 1
01-01 00:23:15.068 I/init ( 0): Sending signal 9 to service 'sxrd' (pid 7070) process group...
01-01 00:23:15.076 I/libprocessgroup( 0): Successfully killed process cgroup uid 1000 pid 7070 in 0ms
01-01 00:23:15.087 I/init ( 0): Service 'qvrd_vndr' (pid 7069) exited with status 1
01-01 00:23:15.094 I/init ( 0): Sending signal 9 to service 'qvrd_vndr' (pid 7069) process group...
01-01 00:23:15.242 D/ ( 0): mv2112_read_status
01-01 00:23:15.245 D/mv2112_update_link( 0): 3.0x901(1G): 0x80
01-01 00:23:15.251 D/mv2112_update_link( 0): 3.0x8109(100M): 0x0
01-01 00:23:15.256 D/mv2112_update_link( 0): link 0x0
01-01 00:23:15.260 D/mv2112_read_status( 0): autoneg is disabled
01-01 00:23:16.266 D/ ( 0): mv2112_read_status
01-01 00:23:16.270 D/mv2112_update_link( 0): 3.0x901(1G): 0x80
01-01 00:23:16.275 D/mv2112_update_link( 0): 3.0x8109(100M): 0x0
01-01 00:23:16.280 D/mv2112_update_link( 0): link 0x0
01-01 00:23:16.284 D/mv2112_read_status( 0): autoneg is disabled
01-01 00:23:17.290 D/ ( 0): mv2112_read_status
01-01 00:23:17.293 D/mv2112_update_link( 0): 3.0x901(1G): 0x80
01-01 00:23:17.299 D/mv2112_update_link( 0): 3.0x8109(100M): 0x0
01-01 00:23:17.304 D/mv2112_update_link( 0): link 0x0
01-01 00:23:17.308 D/mv2112_read_status( 0): autoneg is disabled
01-01 00:23:18.314 D/ ( 0): mv2112_read_status
01-01 00:23:18.318 D/mv2112_update_link( 0): 3.0x901(1G): 0x80
01-01 00:23:18.323 D/mv2112_update_link( 0): 3.0x8109(100M): 0x0
01-01 00:23:18.328 D/mv2112_update_link( 0): link 0x0
01-01 00:23:18.332 D/mv2112_read_status( 0): autoneg is disabled
01-01 00:23:19.338 D/ ( 0): mv2112_read_status
01-01 00:23:19.342 D/mv2112_update_link( 0): 3.0x901(1G): 0x80
01-01 00:23:19.347 D/mv2112_update_link( 0): 3.0x8109(100M): 0x0
01-01 00:23:19.352 D/mv2112_update_link( 0): link 0x0
01-01 00:23:19.356 D/mv2112_read_status( 0): autoneg is disabled
01-01 00:23:20.012 I/init ( 0): starting service 'qvrd_vndr'...
01-01 00:23:20.018 I/init ( 0): Created socket '/dev/socket/qvrservice_vndr', mode 660, user 1000, group 1000
01-01 00:23:20.028 I/init ( 0): Created socket '/dev/socket/qvrservice_vndr_camera', mode 660, user 1000, group 1000
01-01 00:23:20.053 I/init ( 0): starting service 'sxrd'...
01-01 00:23:20.072 I/init ( 0): starting service 'vendor.light-hal-2-0'...
08-18 17:02:20.340 F/linker ( 7073): CANNOT LINK EXECUTABLE "/vendor/bin/hw/sxrservice": library "vendor.qti.hardware.qxr-V1-ndk_platform.so" not found: needed by main executable
08-18 17:02:20.341 F/linker ( 7072): CANNOT LINK EXECUTABLE "/vendor/bin/hw/qvrservice": library "vendor.qti.hardware.qxr-V1-ndk_platform.so" not found: needed by /vendor/lib64/libqvrservice.so in namespace (default)
01-01 00:23:20.105 I/init ( 0): Service 'sxrd' (pid 7073) exited with status 1
01-01 00:23:20.111 I/init ( 0): Sending signal 9 to service 'sxrd' (pid 7073) process group...
01-01 00:23:20.119 I/libprocessgroup( 0): Successfully killed process cgroup uid 1000 pid 7073 in 0ms
01-01 00:23:20.130 I/init ( 0): Service 'qvrd_vndr' (pid 7072) exited with status 1
01-01 00:23:20.137 I/init ( 0): Sending signal 9 to service 'qvrd_vndr' (pid 7072) process group...
01-01 00:23:20.362 D/ ( 0): mv2112_read_status
01-01 00:23:20.365 D/mv2112_update_link( 0): 3.0x901(1G): 0x80
01-01 00:23:20.371 D/mv2112_update_link( 0): 3.0x8109(100M): 0x0
01-01 00:23:20.376 D/mv2112_update_link( 0): link 0x0
01-01 00:23:20.380 D/mv2112_read_status( 0): autoneg is disabled
01-01 00:23:21.386 D/ ( 0): mv2112_read_status
01-01 00:23:21.390 D/mv2112_update_link( 0): 3.0x901(1G): 0x80
01-01 00:23:21.395 D/mv2112_update_link( 0): 3.0x8109(100M): 0x0
01-01 00:23:21.400 D/mv2112_update_link( 0): link 0x0
01-01 00:23:21.404 D/mv2112_read_status( 0): autoneg is disabled
01-01 00:23:22.410 D/ ( 0): mv2112_read_status
01-01 00:23:22.414 D/mv2112_update_link( 0): 3.0x901(1G): 0x80
01-01 00:23:22.419 D/mv2112_update_link( 0): 3.0x8109(100M): 0x0
01-01 00:23:22.424 D/mv2112_update_link( 0): link 0x0
01-01 00:23:22.428 D/mv2112_read_status( 0): autoneg is disabled
01-01 00:23:23.434 D/ ( 0): mv2112_read_status
01-01 00:23:23.438 D/mv2112_update_link( 0): 3.0x901(1G): 0x80
01-01 00:23:23.443 D/mv2112_update_link( 0): 3.0x8109(100M): 0x0
01-01 00:23:23.448 D/mv2112_update_link( 0): link 0x0
01-01 00:23:23.452 D/mv2112_read_status( 0): autoneg is disabled
01-01 00:23:24.458 D/ ( 0): mv2112_read_status
01-01 00:23:24.461 D/mv2112_update_link( 0): 3.0x901(1G): 0x80
01-01 00:23:24.466 D/mv2112_update_link( 0): 3.0x8109(100M): 0x0
01-01 00:23:24.472 D/mv2112_update_link( 0): link 0x0
01-01 00:23:24.476 D/mv2112_read_status( 0): autoneg is disabled
01-01 00:23:25.055 I/init ( 0): starting service 'qvrd_vndr'...
01-01 00:23:25.065 I/init ( 0): Created socket '/dev/socket/qvrservice_vndr', mode 660, user 1000, group 1000
01-01 00:23:25.078 I/init ( 0): Created socket '/dev/socket/qvrservice_vndr_camera', mode 660, user 1000, group 1000
01-01 00:23:25.129 I/init ( 0): starting service 'sxrd'...
08-18 17:02:25.384 F/linker ( 7075): CANNOT LINK EXECUTABLE "/vendor/bin/hw/qvrservice": library "vendor.qti.hardware.qxr-V1-ndk_platform.so" not found: needed by /vendor/lib64/libqvrservice.so in namespace (default)
01-01 00:23:25.148 I/init ( 0): starting service 'vendor.light-hal-2-0'...
01-01 00:23:25.166 I/init ( 0): Service 'qvrd_vndr' (pid 7075) exited with status 1
01-01 00:23:25.173 I/init ( 0): Sending signal 9 to service 'qvrd_vndr' (pid 7075) process group...
01-01 00:23:25.181 I/libprocessgroup( 0): Successfully killed process cgroup uid 1000 pid 7075 in 0ms
08-18 17:02:25.436 F/linker ( 7076): CANNOT LINK EXECUTABLE "/vendor/bin/hw/sxrservice": library "vendor.qti.hardware.qxr-V1-ndk_platform.so" not found: needed by main executable
01-01 00:23:25.200 I/init ( 0): Service 'sxrd' (pid 7076) exited with status 1
01-01 00:23:25.206 I/init ( 0): Sending signal 9 to service 'sxrd' (pid 7076) process group...
01-01 00:23:25.482 D/ ( 0): mv2112_read_status
01-01 00:23:25.486 D/mv2112_update_link( 0): 3.0x901(1G): 0x80
01-01 00:23:25.491 D/mv2112_update_link( 0): 3.0x8109(100M): 0x0
01-01 00:23:25.496 D/mv2112_update_link( 0): link 0x0
01-01 00:23:25.500 D/mv2112_read_status( 0): autoneg is disabled
01-01 00:23:26.506 D/ ( 0): mv2112_read_status
01-01 00:23:26.510 D/mv2112_update_link( 0): 3.0x901(1G): 0x80
01-01 00:23:26.515 D/mv2112_update_link( 0): 3.0x8109(100M): 0x0
01-01 00:23:26.520 D/mv2112_update_link( 0): link 0x0
01-01 00:23:26.524 D/mv2112_read_status( 0): autoneg is disabled
01-01 00:23:27.530 D/ ( 0): mv2112_read_status
01-01 00:23:27.534 D/mv2112_update_link( 0): 3.0x901(1G): 0x80
01-01 00:23:27.539 D/mv2112_update_link( 0): 3.0x8109(100M): 0x0
01-01 00:23:27.544 D/mv2112_update_link( 0): link 0x0
01-01 00:23:27.548 D/mv2112_read_status( 0): autoneg is disabled
01-01 00:23:28.554 D/ ( 0): mv2112_read_status
01-01 00:23:28.557 D/mv2112_update_link( 0): 3.0x901(1G): 0x80
01-01 00:23:28.563 D/mv2112_update_link( 0): 3.0x8109(100M): 0x0
01-01 00:23:28.568 D/mv2112_update_link( 0): link 0x0
01-01 00:23:28.572 D/mv2112_read_status( 0): autoneg is disabled
01-01 00:23:29.578 D/ ( 0): mv2112_read_status
01-01 00:23:29.582 D/mv2112_update_link( 0): 3.0x901(1G): 0x80
01-01 00:23:29.587 D/mv2112_update_link( 0): 3.0x8109(100M): 0x0
01-01 00:23:29.592 D/mv2112_update_link( 0): link 0x0
01-01 00:23:29.596 D/mv2112_read_status( 0): autoneg is disabled
01-01 00:23:30.123 I/init ( 0): starting service 'qvrd_vndr'...
01-01 00:23:30.130 I/init ( 0): Created socket '/dev/socket/qvrservice_vndr', mode 660, user 1000, group 1000
01-01 00:23:30.140 I/init ( 0): Created socket '/dev/socket/qvrservice_vndr_camera', mode 660, user 1000, group 1000
01-01 00:23:30.170 I/init ( 0): starting service 'sxrd'...
01-01 00:23:30.189 I/init ( 0): starting service 'vendor.light-hal-2-0'...
08-18 17:02:30.459 F/linker ( 7079): CANNOT LINK EXECUTABLE "/vendor/bin/hw/sxrservice": library "vendor.qti.hardware.qxr-V1-ndk_platform.so" not found: needed by main executable
08-18 17:02:30.461 F/linker ( 7078): CANNOT LINK EXECUTABLE "/vendor/bin/hw/qvrservice": library "vendor.qti.hardware.qxr-V1-ndk_platform.so" not found: needed by /vendor/lib64/libqvrservice.so in namespace (default)
01-01 00:23:30.223 I/init ( 0): Service 'sxrd' (pid 7079) exited with status 1
01-01 00:23:30.229 I/init ( 0): Sending signal 9 to service 'sxrd' (pid 7079) process group...
01-01 00:23:30.237 I/libprocessgroup( 0): Successfully killed process cgroup uid 1000 pid 7079 in 0ms
01-01 00:23:30.247 I/init ( 0): Service 'qvrd_vndr' (pid 7078) exited with status 1
01-01 00:23:30.254 I/init ( 0): Sending signal 9 to service 'qvrd_vndr' (pid 7078) process group...
01-01 00:23:30.602 D/ ( 0): mv2112_read_status
01-01 00:23:30.606 D/mv2112_update_link( 0): 3.0x901(1G): 0x80
01-01 00:23:30.611 D/mv2112_update_link( 0): 3.0x8109(100M): 0x0
01-01 00:23:30.616 D/mv2112_update_link( 0): link 0x0
01-01 00:23:30.620 D/mv2112_read_status( 0): autoneg is disabled
01-01 00:23:31.626 D/ ( 0): mv2112_read_status
01-01 00:23:31.629 D/mv2112_update_link( 0): 3.0x901(1G): 0x80
01-01 00:23:31.635 D/mv2112_update_link( 0): 3.0x8109(100M): 0x0
01-01 00:23:31.640 D/mv2112_update_link( 0): link 0x0
01-01 00:23:31.644 D/mv2112_read_status( 0): autoneg is disabled
01-01 00:23:32.650 D/ ( 0): mv2112_read_status
01-01 00:23:32.654 D/mv2112_update_link( 0): 3.0x901(1G): 0x80
01-01 00:23:32.659 D/mv2112_update_link( 0): 3.0x8109(100M): 0x0
01-01 00:23:32.664 D/mv2112_update_link( 0): link 0x0
01-01 00:23:32.668 D/mv2112_read_status( 0): autoneg is disabled
01-01 00:23:33.674 D/ ( 0): mv2112_read_status
01-01 00:23:33.678 D/mv2112_update_link( 0): 3.0x901(1G): 0x80
01-01 00:23:33.683 D/mv2112_update_link( 0): 3.0x8109(100M): 0x0
01-01 00:23:33.688 D/mv2112_update_link( 0): link 0x0
01-01 00:23:33.692 D/mv2112_read_status( 0): autoneg is disabled
01-01 00:23:34.698 D/ ( 0): mv2112_read_status
01-01 00:23:34.702 D/mv2112_update_link( 0): 3.0x901(1G): 0x80
01-01 00:23:34.707 D/mv2112_update_link( 0): 3.0x8109(100M): 0x0
01-01 00:23:34.712 D/mv2112_update_link( 0): link 0x0
01-01 00:23:34.716 D/mv2112_read_status( 0): autoneg is disabled
01-01 00:23:35.168 I/init ( 0): starting service 'qvrd_vndr'...
01-01 00:23:35.174 I/init ( 0): Created socket '/dev/socket/qvrservice_vndr', mode 660, user 1000, group 1000
01-01 00:23:35.185 I/init ( 0): Created socket '/dev/socket/qvrservice_vndr_camera', mode 660, user 1000, group 1000
01-01 00:23:35.213 I/init ( 0): starting service 'sxrd'...
01-01 00:23:35.234 I/init ( 0): starting service 'vendor.light-hal-2-0'...
08-18 17:02:35.499 F/linker ( 7083): CANNOT LINK EXECUTABLE "/vendor/bin/hw/sxrservice": library "vendor.qti.hardware.qxr-V1-ndk_platform.so" not found: needed by main executable
08-18 17:02:35.501 F/linker ( 7082): CANNOT LINK EXECUTABLE "/vendor/bin/hw/qvrservice": library "vendor.qti.hardware.qxr-V1-ndk_platform.so" not found: needed by /vendor/lib64/libqvrservice.so in namespace (default)
01-01 00:23:35.262 I/init ( 0): Service 'sxrd' (pid 7083) exited with status 1
01-01 00:23:35.269 I/init ( 0): Sending signal 9 to service 'sxrd' (pid 7083) process group...
01-01 00:23:35.276 I/libprocessgroup( 0): Successfully killed process cgroup uid 1000 pid 7083 in 0ms
01-01 00:23:35.288 I/init ( 0): Service 'qvrd_vndr' (pid 7082) exited with status 1
01-01 00:23:35.294 I/init ( 0): Sending signal 9 to service 'qvrd_vndr' (pid 7082) process group...
01-01 00:23:35.722 D/ ( 0): mv2112_read_status
01-01 00:23:35.726 D/mv2112_update_link( 0): 3.0x901(1G): 0x80
01-01 00:23:35.731 D/mv2112_update_link( 0): 3.0x8109(100M): 0x0
01-01 00:23:35.736 D/mv2112_update_link( 0): link 0x0
01-01 00:23:35.740 D/mv2112_read_status( 0): autoneg is disabled
01-01 00:23:36.746 D/ ( 0): mv2112_read_status
01-01 00:23:36.750 D/mv2112_update_link( 0): 3.0x901(1G): 0x80
01-01 00:23:36.755 D/mv2112_update_link( 0): 3.0x8109(100M): 0x0
01-01 00:23:36.760 D/mv2112_update_link( 0): link 0x0
01-01 00:23:36.764 D/mv2112_read_status( 0): autoneg is disabled
01-01 00:23:37.770 D/ ( 0): mv2112_read_status
01-01 00:23:37.774 D/mv2112_update_link( 0): 3.0x901(1G): 0x80
01-01 00:23:37.779 D/mv2112_update_link( 0): 3.0x8109(100M): 0x0
01-01 00:23:37.784 D/mv2112_update_link( 0): link 0x0
01-01 00:23:37.788 D/mv2112_read_status( 0): autoneg is disabled
01-01 00:23:38.794 D/ ( 0): mv2112_read_status
01-01 00:23:38.797 D/mv2112_update_link( 0): 3.0x901(1G): 0x80
01-01 00:23:38.803 D/mv2112_update_link( 0): 3.0x8109(100M): 0x0
01-01 00:23:38.808 D/mv2112_update_link( 0): link 0x0
01-01 00:23:38.812 D/mv2112_read_status( 0): autoneg is disabled
01-01 00:23:39.818 D/ ( 0): mv2112_read_status
01-01 00:23:39.822 D/mv2112_update_link( 0): 3.0x901(1G): 0x80
01-01 00:23:39.827 D/mv2112_update_link( 0): 3.0x8109(100M): 0x0
01-01 00:23:39.832 D/mv2112_update_link( 0): link 0x0
01-01 00:23:39.836 D/mv2112_read_status( 0): autoneg is disabled
01-01 00:23:40.211 I/init ( 0): starting service 'qvrd_vndr'...
01-01 00:23:40.218 I/init ( 0): Created socket '/dev/socket/qvrservice_vndr', mode 660, user 1000, group 1000
01-01 00:23:40.228 I/init ( 0): Created socket '/dev/socket/qvrservice_vndr_camera', mode 660, user 1000, group 1000
01-01 00:23:40.256 I/init ( 0): starting service 'sxrd'...
01-01 00:23:40.275 I/init ( 0): starting service 'vendor.light-hal-2-0'...
08-18 17:02:40.537 F/linker ( 7086): CANNOT LINK EXECUTABLE "/vendor/bin/hw/sxrservice": library "vendor.qti.hardware.qxr-V1-ndk_platform.so" not found: needed by main executable
08-18 17:02:40.538 F/linker ( 7085): CANNOT LINK EXECUTABLE "/vendor/bin/hw/qvrservice": library "vendor.qti.hardware.qxr-V1-ndk_platform.so" not found: needed by /vendor/lib64/libqvrservice.so in namespace (default)
01-01 00:23:40.301 I/init ( 0): Service 'sxrd' (pid 7086) exited with status 1
01-01 00:23:40.307 I/init ( 0): Sending signal 9 to service 'sxrd' (pid 7086) process group...
01-01 00:23:40.315 I/libprocessgroup( 0): Successfully killed process cgroup uid 1000 pid 7086 in 0ms
01-01 00:23:40.325 I/init ( 0): Service 'qvrd_vndr' (pid 7085) exited with status 1
01-01 00:23:40.332 I/init ( 0): Sending signal 9 to service 'qvrd_vndr' (pid 7085) process group...
01-01 00:23:40.842 D/ ( 0): mv2112_read_status
01-01 00:23:40.845 D/mv2112_update_link( 0): 3.0x901(1G): 0x80
01-01 00:23:40.851 D/mv2112_update_link( 0): 3.0x8109(100M): 0x0
01-01 00:23:40.856 D/mv2112_update_link( 0): link 0x0
01-01 00:23:40.860 D/mv2112_read_status( 0): autoneg is disabled
01-01 00:23:41.866 D/ ( 0): mv2112_read_status
01-01 00:23:41.870 D/mv2112_update_link( 0): 3.0x901(1G): 0x80
01-01 00:23:41.875 D/mv2112_update_link( 0): 3.0x8109(100M): 0x0
01-01 00:23:41.880 D/mv2112_update_link( 0): link 0x0
01-01 00:23:41.884 D/mv2112_read_status( 0): autoneg is disabled
01-01 00:23:42.890 D/ ( 0): mv2112_read_status
01-01 00:23:42.894 D/mv2112_update_link( 0): 3.0x901(1G): 0x80
01-01 00:23:42.899 D/mv2112_update_link( 0): 3.0x8109(100M): 0x0
01-01 00:23:42.904 D/mv2112_update_link( 0): link 0x0
01-01 00:23:42.908 D/mv2112_read_status( 0): autoneg is disabled
01-01 00:23:43.914 D/ ( 0): mv2112_read_status
01-01 00:23:43.918 D/mv2112_update_link( 0): 3.0x901(1G): 0x80
01-01 00:23:43.923 D/mv2112_update_link( 0): 3.0x8109(100M): 0x0
01-01 00:23:43.928 D/mv2112_update_link( 0): link 0x0
01-01 00:23:43.932 D/mv2112_read_status( 0): autoneg is disabled
01-01 00:23:44.938 D/ ( 0): mv2112_read_status
01-01 00:23:44.941 D/mv2112_update_link( 0): 3.0x901(1G): 0x80
01-01 00:23:44.946 D/mv2112_update_link( 0): 3.0x8109(100M): 0x0
01-01 00:23:44.952 D/mv2112_update_link( 0): link 0x0
01-01 00:23:44.956 D/mv2112_read_status( 0): autoneg is disabled
01-01 00:23:45.252 I/init ( 0): starting service 'qvrd_vndr'...
01-01 00:23:45.259 I/init ( 0): Created socket '/dev/socket/qvrservice_vndr', mode 660, user 1000, group 1000
