01-01 00:15:24.422 I/ueventd ( 0): firmware: loading 'adsp.mdt' for '/devices/platform/soc/17300000.qcom,lpass/firmware/adsp.mdt'
01-01 00:15:24.432 I/ueventd ( 0): firmware: loading 'cdsp.mdt' for '/devices/platform/soc/8300000.qcom,turing/firmware/cdsp.mdt'
01-01 00:15:24.438 I/ueventd ( 0): loading /devices/platform/soc/17300000.qcom,lpass/firmware/adsp.mdt took 16ms
01-01 00:15:24.439 I/subsys-pil-tz 17300000.qcom,lpass( 0): adsp: loading from 0x000000008a100000 to 0x000000008be00000
01-01 00:15:24.447 I/ueventd ( 0): loading /devices/platform/soc/8300000.qcom,turing/firmware/cdsp.mdt took 15ms
01-01 00:15:24.449 I/subsys-pil-tz 8300000.qcom,turing( 0): cdsp: loading from 0x0000000087800000 to 0x0000000088c00000
01-01 00:15:24.450 D/cnss ( 0): MHI status cb is called with reason MISSION_MODE(6)
01-01 00:15:24.454 D/cnss ( 0): Notify MHI to use already allocated images
01-01 00:15:24.461 W/subsys-pil-tz 17300000.qcom,lpass( 0): Falling back to syfs fallback for: adsp.b02
01-01 00:15:24.462 W/subsys-pil-tz 17300000.qcom,lpass( 0): Falling back to syfs fallback for: adsp.b03
01-01 00:15:24.467 W/subsys-pil-tz 17300000.qcom,lpass( 0): Falling back to syfs fallback for: adsp.b04
01-01 00:15:24.468 W/subsys-pil-tz 17300000.qcom,lpass( 0): Falling back to syfs fallback for: adsp.b05
01-01 00:15:24.470 W/subsys-pil-tz 17300000.qcom,lpass( 0): Falling back to syfs fallback for: adsp.b06
01-01 00:15:24.470 W/subsys-pil-tz 17300000.qcom,lpass( 0): Falling back to syfs fallback for: adsp.b07
01-01 00:15:24.471 W/subsys-pil-tz 17300000.qcom,lpass( 0): Falling back to syfs fallback for: adsp.b08
01-01 00:15:24.472 W/subsys-pil-tz 17300000.qcom,lpass( 0): Falling back to syfs fallback for: adsp.b09
01-01 00:15:24.472 I/ueventd ( 0): firmware: loading 'adsp.b02' for '/devices/platform/soc/17300000.qcom,lpass/firmware/adsp.b02'
01-01 00:15:24.473 D/cnss ( 0): PM relax, state: 0x8, count: 0
01-01 00:15:24.473 W/subsys-pil-tz 17300000.qcom,lpass( 0): Falling back to syfs fallback for: adsp.b10
01-01 00:15:24.474 W/subsys-pil-tz 17300000.qcom,lpass( 0): Falling back to syfs fallback for: adsp.b11
01-01 00:15:24.478 W/subsys-pil-tz 17300000.qcom,lpass( 0): Falling back to syfs fallback for: adsp.b12
01-01 00:15:24.480 W/subsys-pil-tz 17300000.qcom,lpass( 0): Falling back to syfs fallback for: adsp.b13
01-01 00:15:24.481 W/subsys-pil-tz 17300000.qcom,lpass( 0): Falling back to syfs fallback for: adsp.b14
01-01 00:15:24.481 W/subsys-pil-tz 17300000.qcom,lpass( 0): Falling back to syfs fallback for: adsp.b15
01-01 00:15:24.482 W/subsys-pil-tz 17300000.qcom,lpass( 0): Falling back to syfs fallback for: adsp.b16
01-01 00:15:24.482 W/subsys-pil-tz 17300000.qcom,lpass( 0): Falling back to syfs fallback for: adsp.b17
01-01 00:15:24.486 W/subsys-pil-tz 17300000.qcom,lpass( 0): Falling back to syfs fallback for: adsp.b18
01-01 00:15:24.491 I/ueventd ( 0): firmware: loading 'adsp.b03' for '/devices/platform/soc/17300000.qcom,lpass/firmware/adsp.b03'
01-01 00:15:24.493 E/ueventd ( 0): firmware: could not find firmware for dsi_prop
01-01 00:15:24.498 W/subsys-pil-tz 8300000.qcom,turing( 0): Falling back to syfs fallback for: cdsp.b02
01-01 00:15:24.501 E/ ( 0): [drm:dp_display_init_aux_switch][msm-dp-err][459 ]failed to register notifier (-22)
01-01 00:15:24.501 I/ueventd ( 0): firmware: loading 'adsp.b05' for '/devices/platform/soc/17300000.qcom,lpass/firmware/adsp.b05'
01-01 00:15:24.504 W/subsys-pil-tz 8300000.qcom,turing( 0): Falling back to syfs fallback for: cdsp.b03
01-01 00:15:24.505 W/subsys-pil-tz 8300000.qcom,turing( 0): Falling back to syfs fallback for: cdsp.b04
01-01 00:15:24.510 W/subsys-pil-tz 8300000.qcom,turing( 0): Falling back to syfs fallback for: cdsp.b05
01-01 00:15:24.510 W/subsys-pil-tz 8300000.qcom,turing( 0): Falling back to syfs fallback for: cdsp.b06
01-01 00:15:24.510 W/subsys-pil-tz 8300000.qcom,turing( 0): Falling back to syfs fallback for: cdsp.b08
01-01 00:15:24.512 W/subsys-pil-tz 8300000.qcom,turing( 0): Falling back to syfs fallback for: cdsp.b09
01-01 00:15:24.513 W/subsys-pil-tz 8300000.qcom,turing( 0): Falling back to syfs fallback for: cdsp.b11
01-01 00:15:24.514 E/OF ( 0): graph: no port node found in /soc/qcom,dsi-display-primary
01-01 00:15:24.514 W/[drm] [msm-dsi-warn]( 0): [hx82101+hx8692 video mode dsi truly panel] fallback to default te-pin-select
01-01 00:15:24.518 I/msm_drm ae00000.qcom,mdss_mdp( 0): Linked as a consumer to regulator.31
01-01 00:15:24.770 E/register_client_adhoc( 0): find path.src 1 dest 590
01-01 00:15:24.772 E/register_client_adhoc( 0): Client handle 16 mdss_reg
01-01 00:15:24.782 E/register_client_adhoc( 0): find path.src 22 dest 512
01-01 00:15:24.789 E/register_client_adhoc( 0): find path.src 23 dest 512
01-01 00:15:24.796 E/register_client_adhoc( 0): Client handle 66 mdss_sde
01-01 00:15:24.802 I/[drm:sde_dbg_init:4676] evtlog_status( 0): enable:11, panic:1, dump:2
01-01 00:15:24.816 E/ ( 0): [drm:dp_display_init_aux_switch][msm-dp-err][459 ]failed to register notifier (-22)
01-01 00:15:24.816 I/msm_drm ae00000.qcom,mdss_mdp( 0): bound soc:qcom,wb-display@0 (ops sde_wb_comp_ops)
01-01 00:15:24.837 I/msm-dsi-display soc( 0): qcom,dsi-display-primary: Linked as a consumer to regulator.25
01-01 00:15:24.847 I/[drm:dsi_display_bind] [msm-dsi-info]( 0): Successfully bind display panel 'qcom,mdss_dsi_panel_hx82101_hx8692_truly_v2_video'
01-01 00:15:24.861 I/msm_drm ae00000.qcom,mdss_mdp( 0): bound soc:qcom,dsi-display-primary (ops dsi_display_comp_ops)
01-01 00:15:24.871 I/msm_drm ae00000.qcom,mdss_mdp( 0): bound af20000.qcom,sde_rscc (ops sde_rsc_comp_ops)
01-01 00:15:24.878 I/subsys-pil-tz 17300000.qcom,lpass( 0): adsp: Brought out of reset
01-01 00:15:24.880 I/ ( 0): [drm] mapped mdp address space @ffffff8014100000
01-01 00:15:24.896 I/qcom_rpmh DRV( 0): apps_rsc TCS Busy, retrying RPMH message send: addr=0x30080
01-01 00:15:24.901 I/subsys-pil-tz 17300000.qcom,lpass( 0): Subsystem error monitoring/handling services are up
01-01 00:15:24.905 I/subsys-pil-tz 8300000.qcom,turing( 0): cdsp: Brought out of reset
01-01 00:15:24.906 I/ ( 0): [drm:_sde_kms_hw_init_blocks:3613] sde hardware revision:0x60000000
01-01 00:15:24.913 I/msmdrm_smmu ae00000.qcom,mdss_mdp( 0): qcom,smmu_sde_unsec_cb: Linked as a consumer to 15000000.apps-smmu
01-01 00:15:24.914 I/subsys-pil-tz 17300000.qcom,lpass( 0): adsp: Power/Clock ready interrupt received
01-01 00:15:24.915 I/subsys-pil-tz 8300000.qcom,turing( 0): cdsp: Power/Clock ready interrupt received
01-01 00:15:24.917 I/iommu ( 0): Adding device ae00000.qcom,mdss_mdp:qcom,smmu_sde_unsec_cb to group 57
01-01 00:15:24.918 I/ ( 0): [drm] probing device qcom,smmu_sde_unsec
01-01 00:15:24.918 I/ ( 0): [drm] Created domain mdp_ns, secure=0
01-01 00:15:24.925 E/ ( 0): [drm:dp_display_init_aux_switch][msm-dp-err][421 ]failed to register notifier (-22)
01-01 00:15:24.926 I/subsys-pil-tz 8300000.qcom,turing( 0): Subsystem error monitoring/handling services are up
01-01 00:15:24.929 I/qcom_rpmh DRV( 0): apps_rsc TCS Busy, retrying RPMH message send: addr=0x30030
01-01 00:15:24.943 I/msmdrm_smmu ae00000.qcom,mdss_mdp( 0): qcom,smmu_sde_sec_cb: Linked as a consumer to 15000000.apps-smmu
01-01 00:15:24.945 I/binder ( 0): 680:680 ioctl 40046210 7fcdf99c64 returned -22
01-01 00:15:24.945 D/cnss ( 0): DRV subsystem is connected
01-01 00:15:24.948 I/qcom_rpmh DRV( 0): apps_rsc TCS Busy, retrying RPMH message send: addr=0x30040
01-01 00:15:24.948 I/qcom_rpmh DRV( 0): apps_rsc TCS Busy, retrying RPMH message send: addr=0x30040
01-01 00:15:24.949 I/qcom_rpmh DRV( 0): apps_rsc TCS Busy, retrying RPMH message send: addr=0x30040
01-01 00:15:24.949 I/qcom_rpmh DRV( 0): apps_rsc TCS Busy, retrying RPMH message send: addr=0x30040
01-01 00:15:24.949 I/qcom_rpmh DRV( 0): apps_rsc TCS Busy, retrying RPMH message send: addr=0x30040
01-01 00:15:24.954 I/binder ( 0): 680:680 ioctl 40046210 7fcdf99e74 returned -22
01-01 00:15:24.962 I/adsprpc ( 0): fastrpc_restart_notifier_cb: adsp subsystem is up
01-01 00:15:24.963 I/qcom_smd_qrtr_probe( 0): Entered
01-01 00:15:24.964 I/adsprpc ( 0): fastrpc_restart_notifier_cb: cdsp subsystem is up
01-01 00:15:24.965 E/ ( 0): [drm:dp_display_init_aux_switch][msm-dp-err][421 ]failed to register notifier (-22)
01-01 00:15:24.966 I/iommu ( 0): Adding device ae00000.qcom,mdss_mdp:qcom,smmu_sde_sec_cb to group 58
01-01 00:15:24.968 I/qcom_smd_qrtr_probe( 0): SMD QRTR driver probed
01-01 00:15:24.972 I/msm_cvp ( 0): info: Opening cvp instance: fffffff16a108080
01-01 00:15:24.976 I/adsprpc ( 0): fastrpc_rpmsg_probe: opened rpmsg channel for adsp
01-01 00:15:24.977 I/ ( 0): [drm] probing device qcom,smmu_sde_sec
01-01 00:15:24.987 W/subsys-pil-tz 9800000.qcom,npu( 0): Falling back to syfs fallback for: npu.mdt
01-01 00:15:24.993 I/msm_cvp_v4l2 ab00000.qcom,cvp( 0): Linked as a consumer to regulator.83
01-01 00:15:24.994 I/msm_cvp_v4l2 ab00000.qcom,cvp( 0): Linked as a consumer to regulator.82
01-01 00:15:24.995 I/qcom_smd_qrtr_probe( 0): Entered
01-01 00:15:24.995 I/ ( 0): [drm] Created domain mdp_s, secure=1
01-01 00:15:25.021 I/[drm:dsi_panel_get_mode] [msm-dsi-info]( 0): default topology: lm: 1 comp_enc:0 intf: 1
01-01 00:15:25.032 I/subsys-pil-tz 9800000.qcom,npu( 0): npu: loading from 0x0000000086900000 to 0x0000000086e00000
01-01 00:15:25.042 I/subsys-restart( 0): __subsystem_get(): Changing subsys fw_name to cvpss
01-01 00:15:25.049 W/subsys-pil-tz 9800000.qcom,npu( 0): Falling back to syfs fallback for: npu.b02
01-01 00:15:25.050 W/subsys-pil-tz 9800000.qcom,npu( 0): Falling back to syfs fallback for: npu.b03
01-01 00:15:25.050 W/subsys-pil-tz 9800000.qcom,npu( 0): Falling back to syfs fallback for: npu.b04
01-01 00:15:25.050 W/subsys-pil-tz 9800000.qcom,npu( 0): Falling back to syfs fallback for: npu.b05
01-01 00:15:25.050 W/subsys-pil-tz 9800000.qcom,npu( 0): Falling back to syfs fallback for: npu.b06
01-01 00:15:25.059 W/subsys-pil-tz abb0000.qcom,cvpss( 0): Falling back to syfs fallback for: cvpss.mdt
01-01 00:15:25.063 I/ ( 0): [drm] Supports vblank timestamp caching Rev 2 (21.10.2013).
01-01 00:15:25.065 I/adsprpc ( 0): fastrpc_rpmsg_probe: opened rpmsg channel for cdsp
01-01 00:15:25.076 I/qcom_smd_qrtr_probe( 0): SMD QRTR driver probed
01-01 00:15:25.079 I/ ( 0): [drm] No driver support for vblank timestamp query.
01-01 00:15:25.112 I/subsys-pil-tz abb0000.qcom,cvpss( 0): cvpss: loading from 0x0000000087300000 to 0x0000000087800000
01-01 00:15:25.116 I/subsys-pil-tz 9800000.qcom,npu( 0): npu: Brought out of reset
01-01 00:15:25.134 I/ ( 0): [drm] Initialized msm_drm 1.3.0 20130625 for ae00000.qcom,mdss_mdp on minor 0
01-01 00:15:25.140 W/subsys-pil-tz abb0000.qcom,cvpss( 0): Falling back to syfs fallback for: cvpss.b02
01-01 00:15:25.143 E/ ( 0): [drm:dp_display_init_aux_switch][msm-dp-err][354 ]failed to register notifier (-22)
01-01 00:15:25.145 I/ ( 0): [drm] cont_splash feature not enabled
01-01 00:15:25.146 I/apr_tal_rpmsg qcom,glink( 0): adsp.apr_audio_svc.-1.-1: apr_tal_rpmsg_probe: Channel[apr_audio_svc] state[Up]
01-01 00:15:25.150 W/subsys-pil-tz abb0000.qcom,cvpss( 0): Falling back to syfs fallback for: cvpss.b03
01-01 00:15:25.150 W/subsys-pil-tz abb0000.qcom,cvpss( 0): Falling back to syfs fallback for: cvpss.b04
01-01 00:15:25.152 W/subsys-pil-tz abb0000.qcom,cvpss( 0): Falling back to syfs fallback for: cvpss.b05
01-01 00:15:25.152 W/subsys-pil-tz abb0000.qcom,cvpss( 0): Falling back to syfs fallback for: cvpss.b06
01-01 00:15:25.153 W/subsys-pil-tz abb0000.qcom,cvpss( 0): Falling back to syfs fallback for: cvpss.b07
01-01 00:15:25.156 W/subsys-pil-tz abb0000.qcom,cvpss( 0): Falling back to syfs fallback for: cvpss.b08
01-01 00:15:25.156 W/subsys-pil-tz abb0000.qcom,cvpss( 0): Falling back to syfs fallback for: cvpss.b09
01-01 00:15:25.156 W/subsys-pil-tz abb0000.qcom,cvpss( 0): Falling back to syfs fallback for: cvpss.b10
01-01 00:15:25.157 W/subsys-pil-tz abb0000.qcom,cvpss( 0): Falling back to syfs fallback for: cvpss.b19
01-01 00:15:25.162 E/ ( 0): [drm:dp_display_init_aux_switch][msm-dp-err][354 ]failed to register notifier (-22)
01-01 00:15:25.178 I/qcom_rpmh DRV( 0): apps_rsc TCS Busy, retrying RPMH message send: addr=0x30000
01-01 00:15:25.226 I/subsys-pil-tz abb0000.qcom,cvpss( 0): cvpss: Brought out of reset
01-01 00:15:25.231 I/NPU_INFO( 0): npu_get_fw_caps: 236 fw caps 0:2007
01-01 00:15:25.427 I/NPU_INFO( 0): npu_get_fw_caps: 236 fw caps 1:80000005
01-01 00:15:25.433 I/NPU_INFO( 0): npu_get_fw_caps: 236 fw caps 2:0
01-01 00:15:25.438 I/NPU_INFO( 0): npu_get_fw_caps: 236 fw caps 3:0
01-01 00:15:25.443 I/NPU_INFO( 0): npu_get_fw_caps: 236 fw caps 4:0
01-01 00:15:25.449 I/NPU_INFO( 0): npu_get_fw_caps: 236 fw caps 5:0
01-01 00:15:25.454 I/NPU_INFO( 0): npu_get_fw_caps: 236 fw caps 6:0
01-01 00:15:25.460 I/NPU_INFO( 0): npu_get_fw_caps: 236 fw caps 7:0
01-01 00:15:25.477 I/qcom_smd_qrtr_probe( 0): Entered
01-01 00:15:25.482 I/qcom_smd_qrtr_probe( 0): SMD QRTR driver probed
01-01 00:15:25.497 I/msm_cvp ( 0): info: Closed cvp instance: fffffff16a108080 session_id = 0
01-01 00:15:25.510 E/ ( 0): [drm:dp_display_init_aux_switch][msm-dp-err][354 ]failed to register notifier (-22)
01-01 00:15:26.144 I/subsys-restart( 0): __subsystem_get(): Changing subsys fw_name to slpi
01-01 00:15:26.154 W/subsys-pil-tz 5c00000.qcom,ssc( 0): Falling back to syfs fallback for: slpi.mdt
01-01 00:15:26.182 I/subsys-pil-tz 5c00000.qcom,ssc( 0): slpi: loading from 0x0000000088c00000 to 0x000000008a100000
01-01 00:15:26.199 W/subsys-pil-tz 5c00000.qcom,ssc( 0): Falling back to syfs fallback for: slpi.b02
01-01 00:15:26.208 W/subsys-pil-tz 5c00000.qcom,ssc( 0): Falling back to syfs fallback for: slpi.b03
01-01 00:15:26.208 W/subsys-pil-tz 5c00000.qcom,ssc( 0): Falling back to syfs fallback for: slpi.b04
01-01 00:15:26.223 W/subsys-pil-tz 5c00000.qcom,ssc( 0): Falling back to syfs fallback for: slpi.b05
01-01 00:15:26.223 W/subsys-pil-tz 5c00000.qcom,ssc( 0): Falling back to syfs fallback for: slpi.b08
01-01 00:15:26.224 W/subsys-pil-tz 5c00000.qcom,ssc( 0): Falling back to syfs fallback for: slpi.b07
01-01 00:15:26.224 W/subsys-pil-tz 5c00000.qcom,ssc( 0): Falling back to syfs fallback for: slpi.b06
01-01 00:15:26.224 W/subsys-pil-tz 5c00000.qcom,ssc( 0): Falling back to syfs fallback for: slpi.b09
01-01 00:15:26.224 W/subsys-pil-tz 5c00000.qcom,ssc( 0): Falling back to syfs fallback for: slpi.b10
01-01 00:15:26.227 W/subsys-pil-tz 5c00000.qcom,ssc( 0): Falling back to syfs fallback for: slpi.b11
01-01 00:15:26.227 W/subsys-pil-tz 5c00000.qcom,ssc( 0): Falling back to syfs fallback for: slpi.b12
01-01 00:15:26.229 W/subsys-pil-tz 5c00000.qcom,ssc( 0): Falling back to syfs fallback for: slpi.b13
01-01 00:15:26.229 W/subsys-pil-tz 5c00000.qcom,ssc( 0): Falling back to syfs fallback for: slpi.b16
01-01 00:15:26.229 W/subsys-pil-tz 5c00000.qcom,ssc( 0): Falling back to syfs fallback for: slpi.b15
01-01 00:15:26.230 W/subsys-pil-tz 5c00000.qcom,ssc( 0): Falling back to syfs fallback for: slpi.b14
01-01 00:15:26.230 W/subsys-pil-tz 5c00000.qcom,ssc( 0): Falling back to syfs fallback for: slpi.b17
01-01 00:15:26.231 W/subsys-pil-tz 5c00000.qcom,ssc( 0): Falling back to syfs fallback for: slpi.b19
01-01 00:15:26.231 W/subsys-pil-tz 5c00000.qcom,ssc( 0): Falling back to syfs fallback for: slpi.b18
01-01 00:15:26.231 W/subsys-pil-tz 5c00000.qcom,ssc( 0): Falling back to syfs fallback for: slpi.b20
01-01 00:15:25.408 D/Zygote32Timing( 684): PostZygoteInitGC took to complete: 61ms
01-01 00:15:25.408 D/Zygote32Timing( 684): ZygoteInit took to complete: 71ms
01-01 00:15:25.464 D/Zygote64Timing( 681): BeginPreload took to complete: 120ms
01-01 00:15:26.318 I/binder ( 0): 823:823 ioctl 40046210 7feb2f08e4 returned -22
01-01 00:15:26.363 I/binder ( 0): 825:825 ioctl 40046210 7fe560dc44 returned -22
01-01 00:15:26.372 I/binder ( 0): 825:825 ioctl 40046210 7fe560dc24 returned -22
01-01 00:15:26.589 I/binder ( 0): 870:870 ioctl 40046210 7fd552c474 returned -22
01-01 00:15:26.670 I/subsys-pil-tz 5c00000.qcom,ssc( 0): slpi: Brought out of reset
01-01 00:15:26.727 I/subsys-pil-tz 5c00000.qcom,ssc( 0): Subsystem error monitoring/handling services are up
01-01 00:15:26.737 I/subsys-pil-tz 5c00000.qcom,ssc( 0): slpi: Power/Clock ready interrupt received
01-01 00:15:26.754 I/adsprpc ( 0): fastrpc_restart_notifier_cb: slpi subsystem is up
01-01 00:15:26.765 I/adsprpc ( 0): fastrpc_rpmsg_probe: opened rpmsg channel for slpi
01-01 00:15:26.778 E/ ( 0): [drm:dp_display_init_aux_switch][msm-dp-err][7 ]failed to register notifier (-22)
01-01 00:15:26.792 I/binder ( 0): 927:927 ioctl 40046210 7fd7353de4 returned -22
01-01 00:15:26.816 E/ ( 0): [drm:dp_display_init_aux_switch][msm-dp-err][7 ]failed to register notifier (-22)
01-01 00:15:26.852 I/qcom_smd_qrtr_probe( 0): Entered
01-01 00:15:26.861 I/qcom_smd_qrtr_probe( 0): SMD QRTR driver probed
01-01 00:15:26.888 E/ ( 0): [drm:dp_display_init_aux_switch][msm-dp-err][354 ]failed to register notifier (-22)
01-01 00:15:26.057 I/android.hardware.wifi@1.0-service( 951): Wifi Hal is booting up...
01-01 00:15:26.064 I/HidlServiceManagement( 951): Registered android.hardware.wifi@1.4::IWifi/default (start delay of 185ms)
01-01 00:15:27.223 I/binder ( 0): 989:989 ioctl 40046210 7fd899c424 returned -22
01-01 00:15:27.259 W/cam-a5 ac00000.qcom,a5( 0): Falling back to syfs fallback for: CAMERA_ICP.elf
01-01 00:15:27.274 W/QSEECOM ( 0): qseecom_load_app: App (soter64) does'nt exist, loading apps for first time
01-01 00:15:27.296 W/QSEECOM ( 0): qseecom_load_app: App with id 4 (soter64) now loaded
01-01 00:15:27.351 I/CAM_INFO( 0): CAM-HFI: cam_hfi_init: 883 Init IO1 : [0x10c00000 0xcf300000] IO2 [0xe0200000 0x1ed00000]
01-01 00:15:27.375 I/CAM_INFO( 0): CAM-ICP: cam_icp_mgr_hw_open: 3892 FW download done successfully
01-01 00:15:27.376 I/CAM_INFO( 0): CAM-ICP: cam_icp_mgr_process_dbg_buf: 2585 FW_DBG:CICP_FW_E : HFI :QC_IMAGE_VERSION_STRING=CICP.FW.3.0-00012,OEM_IMAGE_VERSION_STRING=CRM,BUILD_TIME: Dec 1 2020 11:05:55,CACHE_ENABLED at icphostinterface.c:636 QC_IMAGE_VERSION_STRING=CICP.FW.3.0-00012 OEM_IMAGE_VERSION_STRING=CRM
01-01 00:15:27.411 I/CAM_INFO( 0): CAM-ICP: cam_icp_mgr_process_dbg_buf: 2585 FW_DBG:CICP_FW_E : HFI :ELF variant: CACHE-ENABLED:T480:API_V2:USE_CDM_1_1: , API version: 0x2000058 at icphostinterface.c:637 QC_IMAGE_VERSION_STRING=CICP.FW.3.0-00012 OEM_IMAGE_VERSION_STRING=CRM
01-01 00:15:27.431 E/init ( 0): Could not start service 'esepmdaemon' as part of class 'core': Cannot find '/system/vendor/bin/esepmdaemon': No such file or directory
01-01 00:15:27.450 I/init ( 0): starting service 'cs-early-boot'...
01-01 00:15:26.616 I/irsc_util( 1017): Starting irsc tool
01-01 00:15:26.633 I/irsc_util( 1017): Num of entries:298
01-01 00:15:26.633 I/irsc_util( 1017): Ending irsc tool
01-01 00:15:27.482 I/init ( 0): starting service 'vendor.lowi'...
01-01 00:15:27.518 I/init ( 0): starting service 'vendor.pd_mapper'...
01-01 00:15:27.523 I/sysmon-qmi( 0): ssctl_new_server: Connection established between QMI handle and slpi's SSCTL service
01-01 00:15:27.537 E/diag ( 0): In diag_send_feature_mask_update, control channel is not open, p: 5, ffffffa832b8e318
01-01 00:15:27.543 I/init ( 0): starting service 'vendor.per_mgr'...
01-01 00:15:27.557 E/diag ( 0): In diag_send_peripheral_buffering_mode, buffering flag not set for 5
01-01 00:15:27.568 I/init ( 0): starting service 'vendor.mdm_launcher'...
01-01 00:15:27.586 I/coresight-remote-etm soc( 0): ssc_etm0: Connection established between QMI handle and 8 service
01-01 00:15:27.588 I/init ( 0): starting service 'audioserver'...
01-01 00:15:27.617 E/diag ( 0): In diag_send_feature_mask_update, control channel is not open, p: 6, ffffffa832b8e568
01-01 00:15:27.644 E/diag ( 0): In diag_send_peripheral_buffering_mode, buffering flag not set for 1
01-01 00:15:27.653 E/diag ( 0): In diag_send_peripheral_buffering_mode, buffering flag not set for 6
01-01 00:15:27.659 I/init ( 0): starting service 'credstore'...
01-01 00:15:27.671 E/diag ( 0): In diag_send_peripheral_buffering_mode, buffering flag not set for 3
01-01 00:15:27.686 I/sysmon-qmi( 0): ssctl_new_server: Connection established between QMI handle and slpi's SSCTL service
01-01 00:15:27.687 I/coresight-remote-etm soc( 0): npu_etm0: Connection established between QMI handle and 14 service
01-01 00:15:27.687 I/sysmon-qmi( 0): ssctl_new_server: Connection established between QMI handle and adsp's SSCTL service
01-01 00:15:27.687 I/coresight-remote-etm soc( 0): audio_etm0: Connection established between QMI handle and 5 service
01-01 00:15:27.687 I/sysmon-qmi( 0): ssctl_new_server: Connection established between QMI handle and cdsp's SSCTL service
01-01 00:15:27.687 I/coresight-remote-etm soc( 0): turing_etm0: Connection established between QMI handle and 13 service
01-01 00:15:27.687 D/cnss ( 0): WLFW server arriving: node 7 port 1
01-01 00:15:27.687 D/cnss ( 0): Posting event: SERVER_ARRIVE(0), state: 0x8 flags: 0x0
01-01 00:15:27.687 D/cnss ( 0): PM stay awake, state: 0x8, count: 1
01-01 00:15:27.688 D/cnss ( 0): PM relax, state: 0x8, count: 0
01-01 00:15:27.689 D/cnss ( 0): PM stay awake, state: 0x8, count: 1
01-01 00:15:27.689 D/cnss ( 0): Processing driver event: SERVER_ARRIVE(0), state: 0x8
01-01 00:15:27.689 I/cnss ( 0): QMI WLFW service connected, state: 0x9
01-01 00:15:27.689 D/cnss ( 0): Sending indication register message, state: 0x9
01-01 00:15:27.700 D/cnss ( 0): Sending host capability message, state: 0x9
01-01 00:15:27.701 I/servloc ( 0): service_locator_new_server: Connection established with the Service locator
01-01 00:15:27.708 I/init ( 0): starting service 'gpu'...
01-01 00:15:27.717 I/servloc ( 0): init_service_locator: Service locator initialized
01-01 00:15:27.725 D/cnss ( 0): Number of clients is 2
01-01 00:15:27.725 D/cnss ( 0): Assign MSI to user: WAKE, num_vectors: 1, user_base_data: 813, base_vector: 13
01-01 00:15:27.725 D/cnss ( 0): WAKE MSI base data is 813
01-01 00:15:27.725 D/cnss ( 0): Calibration done is 0
01-01 00:15:27.725 D/cnss ( 0): Sending iova starting 0xa0000000 with size 0x10010000
01-01 00:15:27.735 D/cnss ( 0): PM relax, state: 0x9, count: 0
01-01 00:15:27.748 I/audio_notifer_reg_service( 0): service PDR_ADSP is in use
01-01 00:15:27.748 I/service-notifier( 0): service_notifier_new_server: Connection established between QMI handle and 74 service
01-01 00:15:27.756 I/init ( 0): starting service 'surfaceflinger'...
01-01 00:15:27.765 I/apr_adsp_up( 0): Q6 is Up
01-01 00:15:27.809 I/adsprpc ( 0): fastrpc_get_service_location_notify: PDR notifier for adsp registered for msm/adsp/audio_pd (audio_pdr_adsprpc)
01-01 00:15:27.818 I/binder ( 0): 1047:1047 ioctl 40046210 7fd10c83c4 returned -22
01-01 00:15:27.822 I/msm-audio-ion soc( 0): qcom,msm-audio-apr:qcom,msm-audio-ion: Linked as a consumer to 15000000.apps-smmu
01-01 00:15:27.827 I/adsprpc ( 0): fastrpc_get_service_location_notify: audio_pdr_adsprpc (msm/adsp/audio_pd) PDR service for adsp is up
01-01 00:15:27.829 I/msm_vidc( 0): high: 00000001: ....d: Opening video instance: fffffff14ea14000, 1
01-01 00:15:27.837 I/sps ( 0): BAM 0x0000000003a84000 (va:0xffffff801c380000) enabled: ver:0x19, number of pipes:25
01-01 00:15:27.837 I/sps ( 0): BAM 0x0000000003a84000 is registered.
01-01 00:15:27.853 I/iommu ( 0): Adding device soc:qcom,msm-audio-apr:qcom,msm-audio-ion to group 59
01-01 00:15:27.861 E/ ( 0): [drm:dp_display_init_aux_switch][msm-dp-err][507 ]failed to register notifier (-22)
01-01 00:15:27.888 I/msm_vidc_v4l2 aa00000.qcom,vidc( 0): Linked as a consumer to regulator.81
01-01 00:15:27.923 I/msm_vidc_v4l2 aa00000.qcom,vidc( 0): Linked as a consumer to regulator.80
01-01 00:15:27.928 E/rmt_storage( 0): ERR:main: Mmap Failed for rmts (-1)...pausing execution!
01-01 00:15:27.940 E/ ( 0): [drm:dp_display_init_aux_switch][msm-dp-err][507 ]failed to register notifier (-22)
01-01 00:15:27.975 I/subsys-restart( 0): __subsystem_get(): Changing subsys fw_name to venus
01-01 00:15:27.986 W/subsys-pil-tz aab0000.qcom,venus( 0): Falling back to syfs fallback for: venus.mdt
01-01 00:15:27.987 I/binder ( 0): 1041:1041 ioctl 40046210 7fdefe2134 returned -22
01-01 00:15:27.987 I/binder ( 0): 1041:1041 ioctl 40046210 7fdefe2154 returned -22
01-01 00:15:27.988 I/binder ( 0): 1056:1056 ioctl 40046210 7fffa4b3f4 returned -22
01-01 00:15:27.994 I/ ( 0): Mass Storage Function, version: 2009/09/11
01-01 00:15:27.994 I/LUN ( 0): removable file: (no medium)
01-01 00:15:28.007 I/subsys-pil-tz aab0000.qcom,venus( 0): venus: loading from 0x0000000086e00000 to 0x0000000087300000
01-01 00:15:28.016 W/subsys-pil-tz aab0000.qcom,venus( 0): Falling back to syfs fallback for: venus.b02
01-01 00:15:28.017 W/subsys-pil-tz aab0000.qcom,venus( 0): Falling back to syfs fallback for: venus.b03
01-01 00:15:28.017 W/subsys-pil-tz aab0000.qcom,venus( 0): Falling back to syfs fallback for: venus.b04
01-01 00:15:28.017 W/subsys-pil-tz aab0000.qcom,venus( 0): Falling back to syfs fallback for: venus.b05
01-01 00:15:28.018 W/subsys-pil-tz aab0000.qcom,venus( 0): Falling back to syfs fallback for: venus.b06
01-01 00:15:28.020 W/subsys-pil-tz aab0000.qcom,venus( 0): Falling back to syfs fallback for: venus.b07
01-01 00:15:28.021 W/subsys-pil-tz aab0000.qcom,venus( 0): Falling back to syfs fallback for: venus.b08
01-01 00:15:28.021 W/subsys-pil-tz aab0000.qcom,venus( 0): Falling back to syfs fallback for: venus.b09
01-01 00:15:28.021 W/subsys-pil-tz aab0000.qcom,venus( 0): Falling back to syfs fallback for: venus.b10
01-01 00:15:28.022 I/ ( 0): file system registered
01-01 00:15:28.022 W/subsys-pil-tz aab0000.qcom,venus( 0): Falling back to syfs fallback for: venus.b19
01-01 00:15:28.035 I/f_cdev_alloc( 0): port_name:at_usb0 (fffffff14dcdda80) portno:(0)
01-01 00:15:28.044 I/f_cdev_alloc( 0): port_name:at_usb1 (fffffff14dcd9280) portno:(1)
01-01 00:15:28.047 I/f_cdev_alloc( 0): port_name:at_usb2 (fffffff14dcdb680) portno:(2)
01-01 00:15:28.074 W/kona-asoc-snd soc( 0): qcom,msm-audio-apr:qcom,q6core-audio:sound: msm_init_aux_dev: Max WSA devices is 0 for this target?
01-01 00:15:28.082 E/kona-asoc-snd soc( 0): qcom,msm-audio-apr:qcom,q6core-audio:sound: ASoC: CODEC DAI wsa_macro_vifeedback not registered
01-01 00:15:28.109 E/qcom-lpi-pinctrl soc( 0): qcom,msm-audio-apr:qcom,q6core-audio:lpi_pinctrl@33c0000: snd_event_notify: No snd dev entry found
01-01 00:15:28.136 I/subsys-pil-tz aab0000.qcom,venus( 0): venus: Brought out of reset
01-01 00:15:28.173 I/binder ( 0): 1062:1062 ioctl 40046210 7fe6b86b24 returned -22
01-01 00:15:28.190 I/msm_vidc( 0): high: 00000001: h264d: Closed video instance: fffffff14ea14000
01-01 00:15:28.191 I/msm_vidc( 0): high: 00000001: ....d: Opening video instance: fffffff14ea14000, 1
01-01 00:15:28.198 I/msm_vidc( 0): high: 00000001: h264d: Closed video instance: fffffff14ea14000
01-01 00:15:28.199 I/msm_vidc( 0): high: 00000001: ....d: Opening video instance: fffffff14ea14000, 1
01-01 00:15:28.201 I/binder ( 0): 1062:1062 ioctl 40046210 7fe6b88554 returned -22
01-01 00:15:28.206 I/platform soc( 0): qcom,msm-audio-apr:qcom,voice-mhi-audio: assigned reserved memory node mailbox_region
01-01 00:15:28.212 I/msm_vidc( 0): high: 00000001: h265d: Closed video instance: fffffff14ea14000
01-01 00:15:28.213 I/msm_vidc( 0): high: 00000001: ....d: Opening video instance: fffffff14ea14000, 1
01-01 00:15:28.218 E/ ( 0): [drm:dp_display_init_aux_switch][msm-dp-err][419 ]failed to register notifier (-22)
01-01 00:15:28.223 I/msm_vidc( 0): high: 00000001: h265d: Closed video instance: fffffff14ea14000
01-01 00:15:28.232 I/msm_vidc( 0): high: 00000001: ....d: Opening video instance: fffffff14cb08000, 1
01-01 00:15:28.242 W/ ( 0): bolero-clk-rsc-mngr bolero-clk-rsc-mngr: DMA mask not set
01-01 00:15:28.247 I/msm_vidc( 0): high: 00000001: vp8d: Closed video instance: fffffff14cb08000
01-01 00:15:28.251 I/msm_vidc( 0): high: 00000001: ....d: Opening video instance: fffffff14cb08000, 1
01-01 00:15:28.261 I/msm_vidc( 0): high: 00000001: vp9d: Closed video instance: fffffff14cb08000
01-01 00:15:28.263 I/msm_vidc( 0): high: 00000001: ....d: Opening video instance: fffffff14faf4000, 1
01-01 00:15:28.264 W/tx_macro tx-macro( 0): DMA mask not set
01-01 00:15:28.264 E/tx_macro tx-macro( 0): tx_macro_probe: va-macro not registered yet, defer
01-01 00:15:28.273 I/msm_vidc( 0): high: 00000001: vp9d: Closed video instance: fffffff14faf4000
01-01 00:15:27.429 D/Zygote64Timing( 681): PreloadClasses took to complete: 1964ms
01-01 00:15:28.278 I/msm_vidc( 0): high: 00000001: ....d: Opening video instance: fffffff1536b8000, 1
01-01 00:15:28.283 W/kona-asoc-snd soc( 0): qcom,msm-audio-apr:qcom,q6core-audio:sound: msm_init_aux_dev: Max WSA devices is 0 for this target?
01-01 00:15:28.293 I/msm_vidc( 0): high: 00000002: ....d: Opening video instance: fffffff14ea9c000, 1
01-01 00:15:28.294 W/rx_macro rx-macro( 0): DMA mask not set
01-01 00:15:28.294 E/rx_macro rx-macro( 0): rx_macro_probe: va-macro not registered yet, defer
01-01 00:15:28.296 I/msm_vidc( 0): high: 00000001: mpg2d: Closed video instance: fffffff1536b8000
01-01 00:15:28.307 E/kona-asoc-snd soc( 0): qcom,msm-audio-apr:qcom,q6core-audio:sound: ASoC: CODEC DAI wsa_macro_vifeedback not registered
01-01 00:15:28.310 I/msm_vidc( 0): high: 00000001: ....e: Opening video instance: fffffff14c8cc000, 0
01-01 00:15:28.315 I/msm_vidc( 0): high: 00000002: mpg2d: Closed video instance: fffffff14ea9c000
01-01 00:15:28.324 W/wsa_macro wsa-macro( 0): DMA mask not set
01-01 00:15:28.324 E/wsa_macro wsa-macro( 0): wsa_macro_probe: va-macro not registered yet, defer
01-01 00:15:27.478 D/Zygote64Timing( 681): CacheNonBootClasspathClassLoaders took to complete: 49ms
01-01 00:15:28.330 I/msm_vidc( 0): high: 00000001: h264e: Closed video instance: fffffff14c8cc000
01-01 00:15:28.331 I/msm_vidc( 0): high: 00000002: ....e: Opening video instance: fffffff14ead0000, 0
01-01 00:15:28.338 I/msm_vidc( 0): high: 00000002: h265e: Closed video instance: fffffff14ead0000
01-01 00:15:28.340 I/msm_vidc( 0): high: 00000001: ....e: Opening video instance: fffffff14ea14000, 0
01-01 00:15:28.343 W/va_macro va-macro( 0): DMA mask not set
01-01 00:15:28.343 E/msm_cdc_pinctrl_get_gpiodata( 0): device node is null
01-01 00:15:28.351 E/ ( 0): [drm:dp_display_init_aux_switch][msm-dp-err][419 ]failed to register notifier (-22)
01-01 00:15:28.361 I/msm_vidc( 0): high: 00000001: h265e: Closed video instance: fffffff14ea14000
01-01 00:15:28.364 I/msm_vidc( 0): high: 00000001: ....e: Opening video instance: fffffff14ea14000, 0
01-01 00:15:28.365 I/va_macro va-macro( 0): Linked as a consumer to regulator.7
01-01 00:15:27.516 D/Zygote64Timing( 681): PreloadResources took to complete: 39ms
01-01 00:15:28.365 I/va_macro va-macro( 0): bolero_register_macro: register macro successful:3
01-01 00:15:28.370 W/wcd938x_codec wcd938x-codec( 0): DMA mask not set
01-01 00:15:28.371 I/wcd938x_codec wcd938x-codec( 0): msm_cdc_dt_parse_vreg_info: cdc-vdd-rxtx: vol=[1800000 1800000]uV, curr=[30000]uA, ond 0 lpm 0
01-01 00:15:28.371 I/wcd938x_codec wcd938x-codec( 0): msm_cdc_dt_parse_vreg_info: cdc-vddio: vol=[1800000 1800000]uV, curr=[30000]uA, ond 0 lpm 0
01-01 00:15:28.371 I/wcd938x_codec wcd938x-codec( 0): msm_cdc_dt_parse_vreg_info: cdc-vdd-buck: vol=[1800000 1800000]uV, curr=[650000]uA, ond 0 lpm 0
01-01 00:15:28.371 I/wcd938x_codec wcd938x-codec( 0): msm_cdc_dt_parse_vreg_info: cdc-vdd-mic-bias: vol=[3296000 3296000]uV, curr=[30000]uA, ond 0 lpm 0
01-01 00:15:28.372 I/wcd938x_codec wcd938x-codec( 0): Linked as a consumer to regulator.7
01-01 00:15:28.375 I/msm_vidc( 0): high: 00000001: h265e: Closed video instance: fffffff14ea14000
01-01 00:15:28.375 I/wcd938x_codec wcd938x-codec( 0): Linked as a consumer to regulator.48
01-01 00:15:28.378 I/msm_vidc( 0): high: 00000001: ....e: Opening video instance: fffffff14ea14000, 0
01-01 00:15:28.380 I/msm_vidc( 0): err : 00000001: ....e: msm_vidc_comm_update_ctrl: failed: control name Ltr Count, min 0, max 0, step 0, default_value 0
01-01 00:15:28.388 I/msm_vidc( 0): high: 00000001: vp8e: Closed video instance: fffffff14ea14000
01-01 00:15:28.396 I/tx_macro tx-macro( 0): bolero_register_macro: register macro successful:0
01-01 00:15:28.402 I/rx_macro rx-macro( 0): bolero_register_macro: register macro successful:1
01-01 00:15:28.420 W/kona-asoc-snd soc( 0): qcom,msm-audio-apr:qcom,q6core-audio:sound: msm_init_aux_dev: Max WSA devices is 0 for this target?
01-01 00:15:28.427 E/kona-asoc-snd soc( 0): qcom,msm-audio-apr:qcom,q6core-audio:sound: ASoC: CODEC DAI wsa_macro_vifeedback not registered
01-01 00:15:28.449 I/wsa_macro wsa-macro( 0): bolero_register_macro: register macro successful:2
01-01 00:15:28.457 E/ ( 0): [drm:dp_display_init_aux_switch][msm-dp-err][38 ]failed to register notifier (-22)
01-01 00:15:28.486 W/kona-asoc-snd soc( 0): qcom,msm-audio-apr:qcom,q6core-audio:sound: msm_init_aux_dev: Max WSA devices is 0 for this target?
01-01 00:15:28.493 W/kgsl-3d0( 0): Falling back to syfs fallback for: a650_sqe.fw
01-01 00:15:27.668 D/Zygote64Timing( 681): ZygotePreload took to complete: 2323ms
01-01 00:15:28.560 W/kgsl-3d0( 0): Falling back to syfs fallback for: a650_gmu.bin
01-01 00:15:28.563 W/swr-wcd tx_swr_ctrl( 0): DMA mask not set
01-01 00:15:28.681 I/binder ( 0): 1136:1136 ioctl 40046210 7fdb744354 returned -22
01-01 00:15:27.890 D/Zygote64Timing( 681): PostZygoteInitGC took to complete: 223ms
01-01 00:15:27.890 D/Zygote64Timing( 681): ZygoteInit took to complete: 2554ms
01-01 00:15:28.825 E/msm-pcm-routing soc( 0): qcom,msm-pcm-routing: ASoC: no source widget found for AUDIO_REF_EC_UL30 MUX
01-01 00:15:28.836 E/msm-pcm-routing soc( 0): qcom,msm-pcm-routing: ASoC: Failed to add route AUDIO_REF_EC_UL30 MUX -> direct -> MM_UL30
01-01 00:15:28.859 E/msm-pcm-routing soc( 0): qcom,msm-pcm-routing: ASoC: no source widget found for AUX_PCM_TX
01-01 00:15:28.868 E/msm-pcm-routing soc( 0): qcom,msm-pcm-routing: ASoC: Failed to add route AUX_PCM_TX -> AUX_PCM_UL_TX -> VoLTE Stub Tx Mixer
01-01 00:15:28.887 E/msm-pcm-routing soc( 0): qcom,msm-pcm-routing: ASoC: no source widget found for AUX_PCM_RX
01-01 00:15:28.897 E/msm-pcm-routing soc( 0): qcom,msm-pcm-routing: ASoC: Failed to add route AUX_PCM_RX -> direct -> BE_OUT
01-01 00:15:28.924 W/msm-pcm-routing soc( 0): qcom,msm-pcm-routing: ASoC: no dapm match for MM_DL23 --> MultiMedia23 --> QUIN_TDM_RX_1 Audio Mixer
01-01 00:15:28.924 E/msm-pcm-routing soc( 0): qcom,msm-pcm-routing: ASoC: Failed to add route MM_DL23 -> MultiMedia23 -> QUIN_TDM_RX_1 Audio Mixer
01-01 00:15:28.936 W/msm-pcm-routing soc( 0): qcom,msm-pcm-routing: ASoC: no dapm match for MM_DL24 --> MultiMedia24 --> QUIN_TDM_RX_1 Audio Mixer
01-01 00:15:28.936 E/msm-pcm-routing soc( 0): qcom,msm-pcm-routing: ASoC: Failed to add route MM_DL24 -> MultiMedia24 -> QUIN_TDM_RX_1 Audio Mixer
01-01 00:15:28.949 W/msm-pcm-routing soc( 0): qcom,msm-pcm-routing: ASoC: no dapm match for MM_DL25 --> MultiMedia25 --> QUIN_TDM_RX_1 Audio Mixer
01-01 00:15:28.949 E/msm-pcm-routing soc( 0): qcom,msm-pcm-routing: ASoC: Failed to add route MM_DL25 -> MultiMedia25 -> QUIN_TDM_RX_1 Audio Mixer
01-01 00:15:29.029 E/msm-pcm-routing soc( 0): qcom,msm-pcm-routing: ASoC: no source widget found for AUX_PCM_TX
01-01 00:15:29.038 E/msm-pcm-routing soc( 0): qcom,msm-pcm-routing: ASoC: Failed to add route AUX_PCM_TX -> AUX_PCM_UL_TX -> SLIMBUS_0_RX Port Mixer
01-01 00:15:29.051 E/msm-pcm-routing soc( 0): qcom,msm-pcm-routing: ASoC: no source widget found for SEC_AUX_PCM_TX
01-01 00:15:29.061 E/msm-pcm-routing soc( 0): qcom,msm-pcm-routing: ASoC: Failed to add route SEC_AUX_PCM_TX -> SEC_AUX_PCM_UL_TX -> SLIMBUS_0_RX Port Mixer
01-01 00:15:29.075 E/msm-pcm-routing soc( 0): qcom,msm-pcm-routing: ASoC: no source widget found for TERT_AUX_PCM_TX
01-01 00:15:29.084 E/msm-pcm-routing soc( 0): qcom,msm-pcm-routing: ASoC: Failed to add route TERT_AUX_PCM_TX -> TERT_AUXPCM_UL_TX -> SLIMBUS_0_RX Port Mixer
01-01 00:15:29.098 E/msm-pcm-routing soc( 0): qcom,msm-pcm-routing: ASoC: no source widget found for QUAT_AUX_PCM_TX
01-01 00:15:29.108 E/msm-pcm-routing soc( 0): qcom,msm-pcm-routing: ASoC: Failed to add route QUAT_AUX_PCM_TX -> QUAT_AUXPCM_UL_TX -> SLIMBUS_0_RX Port Mixer
01-01 00:15:29.122 E/msm-pcm-routing soc( 0): qcom,msm-pcm-routing: ASoC: no source widget found for QUIN_AUX_PCM_TX
01-01 00:15:29.132 E/msm-pcm-routing soc( 0): qcom,msm-pcm-routing: ASoC: Failed to add route QUIN_AUX_PCM_TX -> QUIN_AUXPCM_UL_TX -> SLIMBUS_0_RX Port Mixer
01-01 00:15:29.146 E/msm-pcm-routing soc( 0): qcom,msm-pcm-routing: ASoC: no source widget found for SEN_AUX_PCM_TX
01-01 00:15:29.149 I/binder ( 0): 1152:1152 ioctl 40046210 7fc78c3a04 returned -22
01-01 00:15:29.155 E/msm-pcm-routing soc( 0): qcom,msm-pcm-routing: ASoC: Failed to add route SEN_AUX_PCM_TX -> SEN_AUXPCM_UL_TX -> SLIMBUS_0_RX Port Mixer
01-01 00:15:28.389 I/SystemServerTiming( 1152): InitBeforeStartServices
01-01 00:15:28.392 I/SystemServer( 1152): Entered the Android system server!
01-01 00:15:29.307 I/qcom,camera ac50000.qcom,cci( 0): qcom,cam-sensor2: Linked as a consumer to regulator.56
01-01 00:15:29.310 I/qcom,camera ac50000.qcom,cci( 0): qcom,cam-sensor2: Linked as a consumer to regulator.54
01-01 00:15:29.315 I/qcom,camera ac50000.qcom,cci( 0): qcom,cam-sensor2: Linked as a consumer to regulator.57
01-01 00:15:29.316 I/qcom,camera ac50000.qcom,cci( 0): qcom,cam-sensor2: Linked as a consumer to regulator.77
01-01 00:15:29.347 I/CAM_ERR ( 0): CAM-CCI: cam_cci_irq: 238 Base:ffffff801a0a5000, M0_Q1 NACK ERROR: 0x10000000
01-01 00:15:29.348 I/CAM_ERR ( 0): CAM-CCI: cam_cci_read: 1306 ERROR with Slave 0x20:
01-01 00:15:29.348 I/CAM_ERR ( 0): CAM-CCI: cam_cci_read_bytes: 1561 failed to read rc:-22
01-01 00:15:29.348 I/CAM_ERR ( 0): CAM-SENSOR: cam_cci_i2c_read: 35 rc = -22
01-01 00:15:29.348 I/CAM_WARN( 0): CAM-SENSOR: cam_sensor_match_id: 769 read id: 0x0 expected id 0x9281:
01-01 00:15:29.349 I/qcom,camera ac50000.qcom,cci( 0): qcom,cam-sensor2: Dropping the link to regulator.77
01-01 00:15:29.353 I/qcom,camera ac50000.qcom,cci( 0): qcom,cam-sensor2: Dropping the link to regulator.57
01-01 00:15:29.354 I/qcom,camera ac50000.qcom,cci( 0): qcom,cam-sensor2: Dropping the link to regulator.54
01-01 00:15:29.354 I/qcom,camera ac50000.qcom,cci( 0): qcom,cam-sensor2: Dropping the link to regulator.56
01-01 00:15:29.388 I/qcom,camera ac4f000.qcom,cci( 0): qcom,cam-sensor5: Linked as a consumer to regulator.56
01-01 00:15:29.391 I/qcom,camera ac4f000.qcom,cci( 0): qcom,cam-sensor5: Linked as a consumer to regulator.53
01-01 00:15:29.394 I/qcom,camera ac4f000.qcom,cci( 0): qcom,cam-sensor5: Linked as a consumer to regulator.57
01-01 00:15:29.395 I/qcom,camera ac4f000.qcom,cci( 0): qcom,cam-sensor5: Linked as a consumer to regulator.77
01-01 00:15:29.407 E/msm-dcc 1023000.dcc_v2( 0): DCC is not ready Disabling DCC...
01-01 00:15:29.418 I/CAM_ERR ( 0): CAM-CCI: cam_cci_irq: 264 Base:ffffff801a09d000, M1_Q1 NACK ERROR: 0x40000000
01-01 00:15:29.418 I/CAM_ERR ( 0): CAM-CCI: cam_cci_read: 1306 ERROR with Slave 0xc0:
01-01 00:15:29.418 I/CAM_ERR ( 0): CAM-CCI: cam_cci_read_bytes: 1561 failed to read rc:-22
01-01 00:15:29.418 I/CAM_ERR ( 0): CAM-SENSOR: cam_cci_i2c_read: 35 rc = -22
01-01 00:15:29.418 I/CAM_WARN( 0): CAM-SENSOR: cam_sensor_match_id: 769 read id: 0x0 expected id 0x9281:
01-01 00:15:29.419 I/qcom,camera ac4f000.qcom,cci( 0): qcom,cam-sensor5: Dropping the link to regulator.77
01-01 00:15:29.423 I/qcom,camera ac4f000.qcom,cci( 0): qcom,cam-sensor5: Dropping the link to regulator.57
01-01 00:15:29.423 I/qcom,camera ac4f000.qcom,cci( 0): qcom,cam-sensor5: Dropping the link to regulator.53
01-01 00:15:29.423 I/qcom,camera ac4f000.qcom,cci( 0): qcom,cam-sensor5: Dropping the link to regulator.56
01-01 00:15:29.449 I/qcom,camera ac4f000.qcom,cci( 0): qcom,cam-sensor0: Linked as a consumer to regulator.55
01-01 00:15:29.451 I/qcom,camera ac4f000.qcom,cci( 0): qcom,cam-sensor0: Linked as a consumer to regulator.52
01-01 00:15:29.454 I/qcom,camera ac4f000.qcom,cci( 0): qcom,cam-sensor0: Linked as a consumer to regulator.57
01-01 00:15:29.457 I/qcom,camera ac4f000.qcom,cci( 0): qcom,cam-sensor0: Linked as a consumer to regulator.77
01-01 00:15:29.463 I/CAM_ERR ( 0): CAM-CCI: cam_cci_irq: 238 Base:ffffff801a09d000, M0_Q1 NACK ERROR: 0x10000000
01-01 00:15:29.463 I/CAM_ERR ( 0): CAM-CCI: cam_cci_read: 1306 ERROR with Slave 0x34:
01-01 00:15:29.463 I/CAM_ERR ( 0): CAM-CCI: cam_cci_read_bytes: 1561 failed to read rc:-22
01-01 00:15:29.463 I/CAM_ERR ( 0): CAM-SENSOR: cam_cci_i2c_read: 35 rc = -22
01-01 00:15:29.463 I/CAM_WARN( 0): CAM-SENSOR: cam_sensor_match_id: 769 read id: 0x0 expected id 0x563:
01-01 00:15:29.466 I/qcom,camera ac4f000.qcom,cci( 0): qcom,cam-sensor0: Dropping the link to regulator.77
01-01 00:15:29.469 I/qcom,camera ac4f000.qcom,cci( 0): qcom,cam-sensor0: Dropping the link to regulator.57
01-01 00:15:29.469 I/qcom,camera ac4f000.qcom,cci( 0): qcom,cam-sensor0: Dropping the link to regulator.52
01-01 00:15:29.469 I/qcom,camera ac4f000.qcom,cci( 0): qcom,cam-sensor0: Dropping the link to regulator.55
01-01 00:15:28.642 I/SystemServerInitThreadPool( 1152): Creating instance with 8 threads
01-01 00:15:29.499 I/qcom,camera ac4f000.qcom,cci( 0): qcom,cam-sensor4: Linked as a consumer to regulator.55
01-01 00:15:29.503 I/qcom,camera ac4f000.qcom,cci( 0): qcom,cam-sensor4: Linked as a consumer to regulator.52
01-01 00:15:29.506 I/qcom,camera ac4f000.qcom,cci( 0): qcom,cam-sensor4: Linked as a consumer to regulator.57
01-01 00:15:29.507 I/qcom,camera ac4f000.qcom,cci( 0): qcom,cam-sensor4: Linked as a consumer to regulator.77
01-01 00:15:29.530 I/CAM_ERR ( 0): CAM-CCI: cam_cci_irq: 238 Base:ffffff801a09d000, M0_Q1 NACK ERROR: 0x10000000
01-01 00:15:29.532 I/CAM_ERR ( 0): CAM-CCI: cam_cci_read: 1306 ERROR with Slave 0xc0:
01-01 00:15:29.532 I/CAM_ERR ( 0): CAM-CCI: cam_cci_read_bytes: 1561 failed to read rc:-22
01-01 00:15:29.532 I/CAM_ERR ( 0): CAM-SENSOR: cam_cci_i2c_read: 35 rc = -22
01-01 00:15:29.532 I/CAM_WARN( 0): CAM-SENSOR: cam_sensor_match_id: 769 read id: 0x0 expected id 0x9281:
01-01 00:15:29.532 I/qcom,camera ac4f000.qcom,cci( 0): qcom,cam-sensor4: Dropping the link to regulator.77
01-01 00:15:29.537 I/qcom,camera ac4f000.qcom,cci( 0): qcom,cam-sensor4: Dropping the link to regulator.57
01-01 00:15:29.537 I/qcom,camera ac4f000.qcom,cci( 0): qcom,cam-sensor4: Dropping the link to regulator.52
01-01 00:15:29.537 I/qcom,camera ac4f000.qcom,cci( 0): qcom,cam-sensor4: Dropping the link to regulator.55
01-01 00:15:29.571 I/qcom,camera ac50000.qcom,cci( 0): qcom,cam-sensor2: Linked as a consumer to regulator.57
01-01 00:15:29.572 I/qcom,camera ac50000.qcom,cci( 0): qcom,cam-sensor2: Linked as a consumer to regulator.56
01-01 00:15:29.574 I/qcom,camera ac50000.qcom,cci( 0): qcom,cam-sensor2: Linked as a consumer to regulator.54
01-01 00:15:29.602 I/qcom,camera ac50000.qcom,cci( 0): qcom,cam-sensor2: Linked as a consumer to regulator.77
01-01 00:15:28.769 I/gsid ( 1209): no DSU: No such file or directory
01-01 00:15:29.618 E/msm-dcc 1023000.dcc_v2( 0): DCC list passed 3
01-01 00:15:29.622 I/CAM_ERR ( 0): CAM-CCI: cam_cci_irq: 238 Base:ffffff801a0a5000, M0_Q1 NACK ERROR: 0x10000000
01-01 00:15:29.623 I/msm-dcc 1023000.dcc_v2( 0): All values written to enable.
01-01 00:15:29.623 I/CAM_ERR ( 0): CAM-CCI: cam_cci_read: 1306 ERROR with Slave 0x20:
01-01 00:15:29.623 I/CAM_ERR ( 0): CAM-CCI: cam_cci_read_bytes: 1561 failed to read rc:-22
01-01 00:15:29.623 I/CAM_ERR ( 0): CAM-SENSOR: cam_cci_i2c_read: 35 rc = -22
01-01 00:15:29.623 I/CAM_WARN( 0): CAM-SENSOR: cam_sensor_match_id: 769 read id: 0x0 expected id 0x885a:
01-01 00:15:29.623 E/msm-dcc 1023000.dcc_v2( 0): DCC list passed 4
01-01 00:15:29.624 I/qcom,camera ac50000.qcom,cci( 0): qcom,cam-sensor2: Dropping the link to regulator.77
01-01 00:15:29.629 I/msm-dcc 1023000.dcc_v2( 0): All values written to enable.
01-01 00:15:29.629 E/msm-dcc 1023000.dcc_v2( 0): DCC list passed 6
01-01 00:15:29.635 I/msm-dcc 1023000.dcc_v2( 0): All values written to enable.
01-01 00:15:29.636 I/qcom,camera ac50000.qcom,cci( 0): qcom,cam-sensor2: Dropping the link to regulator.54
01-01 00:15:29.636 I/qcom,camera ac50000.qcom,cci( 0): qcom,cam-sensor2: Dropping the link to regulator.56
01-01 00:15:29.637 I/qcom,camera ac50000.qcom,cci( 0): qcom,cam-sensor2: Dropping the link to regulator.57
01-01 00:15:29.671 I/qcom,camera ac50000.qcom,cci( 0): qcom,cam-sensor2: Linked as a consumer to regulator.57
01-01 00:15:29.672 I/qcom,camera ac50000.qcom,cci( 0): qcom,cam-sensor2: Linked as a consumer to regulator.56
01-01 00:15:29.674 I/qcom,camera ac50000.qcom,cci( 0): qcom,cam-sensor2: Linked as a consumer to regulator.54
01-01 00:15:29.701 I/qcom,camera ac50000.qcom,cci( 0): qcom,cam-sensor2: Linked as a consumer to regulator.77
01-01 00:15:29.718 I/CAM_ERR ( 0): CAM-CCI: cam_cci_irq: 238 Base:ffffff801a0a5000, M0_Q1 NACK ERROR: 0x10000000
01-01 00:15:29.718 I/CAM_ERR ( 0): CAM-CCI: cam_cci_read: 1306 ERROR with Slave 0x6c:
01-01 00:15:29.718 I/CAM_ERR ( 0): CAM-CCI: cam_cci_read_bytes: 1561 failed to read rc:-22
01-01 00:15:29.718 I/CAM_ERR ( 0): CAM-SENSOR: cam_cci_i2c_read: 35 rc = -22
01-01 00:15:29.718 I/CAM_WARN( 0): CAM-SENSOR: cam_sensor_match_id: 769 read id: 0x0 expected id 0x885a:
01-01 00:15:29.721 I/qcom,camera ac50000.qcom,cci( 0): qcom,cam-sensor2: Dropping the link to regulator.77
01-01 00:15:29.728 I/qcom,camera ac50000.qcom,cci( 0): qcom,cam-sensor2: Dropping the link to regulator.54
01-01 00:15:29.728 I/qcom,camera ac50000.qcom,cci( 0): qcom,cam-sensor2: Dropping the link to regulator.56
01-01 00:15:29.729 I/qcom,camera ac50000.qcom,cci( 0): qcom,cam-sensor2: Dropping the link to regulator.57
01-01 00:15:29.765 I/qcom,camera ac4f000.qcom,cci( 0): qcom,cam-sensor0: Linked as a consumer to regulator.55
01-01 00:15:29.771 I/qcom,camera ac4f000.qcom,cci( 0): qcom,cam-sensor0: Linked as a consumer to regulator.52
01-01 00:15:29.774 I/qcom,camera ac4f000.qcom,cci( 0): qcom,cam-sensor0: Linked as a consumer to regulator.57
01-01 00:15:29.776 I/qcom,camera ac4f000.qcom,cci( 0): qcom,cam-sensor0: Linked as a consumer to regulator.77
01-01 00:15:29.805 I/CAM_ERR ( 0): CAM-CCI: cam_cci_irq: 238 Base:ffffff801a09d000, M0_Q1 NACK ERROR: 0x10000000
01-01 00:15:29.806 I/CAM_ERR ( 0): CAM-CCI: cam_cci_read: 1306 ERROR with Slave 0xc0:
01-01 00:15:29.806 I/CAM_ERR ( 0): CAM-CCI: cam_cci_read_bytes: 1561 failed to read rc:-22
01-01 00:15:29.806 I/CAM_ERR ( 0): CAM-SENSOR: cam_cci_i2c_read: 35 rc = -22
01-01 00:15:29.806 I/CAM_WARN( 0): CAM-SENSOR: cam_sensor_match_id: 769 read id: 0x0 expected id 0x9281:
01-01 00:15:29.806 I/qcom,camera ac4f000.qcom,cci( 0): qcom,cam-sensor0: Dropping the link to regulator.77
01-01 00:15:29.811 I/qcom,camera ac4f000.qcom,cci( 0): qcom,cam-sensor0: Dropping the link to regulator.57
01-01 00:15:29.812 I/qcom,camera ac4f000.qcom,cci( 0): qcom,cam-sensor0: Dropping the link to regulator.52
01-01 00:15:29.812 I/qcom,camera ac4f000.qcom,cci( 0): qcom,cam-sensor0: Dropping the link to regulator.55
01-01 00:15:29.847 I/qcom,camera ac4f000.qcom,cci( 0): qcom,cam-sensor0: Linked as a consumer to regulator.55
01-01 00:15:29.851 I/qcom,camera ac4f000.qcom,cci( 0): qcom,cam-sensor0: Linked as a consumer to regulator.52
01-01 00:15:29.855 I/qcom,camera ac4f000.qcom,cci( 0): qcom,cam-sensor0: Linked as a consumer to regulator.57
01-01 00:15:29.859 I/qcom,camera ac4f000.qcom,cci( 0): qcom,cam-sensor0: Linked as a consumer to regulator.77
01-01 00:15:29.869 I/CAM_ERR ( 0): CAM-CCI: cam_cci_irq: 238 Base:ffffff801a09d000, M0_Q1 NACK ERROR: 0x10000000
01-01 00:15:29.869 I/CAM_ERR ( 0): CAM-CCI: cam_cci_read: 1306 ERROR with Slave 0x34:
01-01 00:15:29.869 I/CAM_ERR ( 0): CAM-CCI: cam_cci_read_bytes: 1561 failed to read rc:-22
01-01 00:15:29.869 I/CAM_ERR ( 0): CAM-SENSOR: cam_cci_i2c_read: 35 rc = -22
01-01 00:15:29.869 I/CAM_WARN( 0): CAM-SENSOR: cam_sensor_match_id: 769 read id: 0x0 expected id 0x519:
01-01 00:15:29.872 I/qcom,camera ac4f000.qcom,cci( 0): qcom,cam-sensor0: Dropping the link to regulator.77
01-01 00:15:29.875 I/qcom,camera ac4f000.qcom,cci( 0): qcom,cam-sensor0: Dropping the link to regulator.57
01-01 00:15:29.876 I/qcom,camera ac4f000.qcom,cci( 0): qcom,cam-sensor0: Dropping the link to regulator.52
01-01 00:15:29.876 I/qcom,camera ac4f000.qcom,cci( 0): qcom,cam-sensor0: Dropping the link to regulator.55
01-01 00:15:29.914 I/qcom,camera ac50000.qcom,cci( 0): qcom,cam-sensor6: Linked as a consumer to regulator.56
01-01 00:15:29.920 I/qcom,camera ac50000.qcom,cci( 0): qcom,cam-sensor6: Linked as a consumer to regulator.54
01-01 00:15:29.924 I/qcom,camera ac50000.qcom,cci( 0): qcom,cam-sensor6: Linked as a consumer to regulator.57
01-01 00:15:29.926 I/qcom,camera ac50000.qcom,cci( 0): qcom,cam-sensor6: Linked as a consumer to regulator.77
01-01 00:15:29.945 E/wlan ( 0): Loading driver v5.2.022.10G +TIMER_MANAGER +MEMORY_DEBUG +PANIC_ON_BUG; 2022-08-19T02:10:05Z; cld:; cmn:;
01-01 00:15:29.952 I/CAM_ERR ( 0): CAM-CCI: cam_cci_irq: 238 Base:ffffff801a0a5000, M0_Q1 NACK ERROR: 0x10000000
01-01 00:15:29.957 I/CAM_ERR ( 0): CAM-CCI: cam_cci_read: 1306 ERROR with Slave 0xc0:
01-01 00:15:29.957 I/CAM_ERR ( 0): CAM-CCI: cam_cci_read_bytes: 1561 failed to read rc:-22
01-01 00:15:29.957 I/CAM_ERR ( 0): CAM-SENSOR: cam_cci_i2c_read: 35 rc = -22
01-01 00:15:29.957 I/CAM_WARN( 0): CAM-SENSOR: cam_sensor_match_id: 769 read id: 0x0 expected id 0x9281:
01-01 00:15:29.957 I/qcom,camera ac50000.qcom,cci( 0): qcom,cam-sensor6: Dropping the link to regulator.77
01-01 00:15:29.962 I/qcom,camera ac50000.qcom,cci( 0): qcom,cam-sensor6: Dropping the link to regulator.57
01-01 00:15:29.962 I/qcom,camera ac50000.qcom,cci( 0): qcom,cam-sensor6: Dropping the link to regulator.54
01-01 00:15:29.963 I/qcom,camera ac50000.qcom,cci( 0): qcom,cam-sensor6: Dropping the link to regulator.56
01-01 00:15:29.980 E/ipa3_uc_reg_rdyCB( 0): 2973 bad parm. inout=0000000000000000
01-01 00:15:29.987 I/ ( 0): wlan_hdd_state wlan major(475) initialized
01-01 00:15:29.995 D/cnss ( 0): Start to wait for calibration to complete
