01-01 00:15:29.809 E/KernelCpuSpeedReader( 1152): Failed to read cpu-freq: /sys/devices/system/cpu/cpu0/cpufreq/stats/time_in_state: open failed: ENOENT (No such file or directory)
01-01 00:15:30.729 I/qcom,camera ac4f000.qcom,cci( 0): qcom,cam-sensor0: Linked as a consumer to regulator.55
01-01 00:15:29.880 I/imsrcsd ( 1329): Uce Service HAL is starting up...
01-01 00:15:30.746 I/qcom,camera ac4f000.qcom,cci( 0): qcom,cam-sensor0: Linked as a consumer to regulator.52
01-01 00:15:30.750 I/qcom,camera ac4f000.qcom,cci( 0): qcom,cam-sensor0: Linked as a consumer to regulator.57
01-01 00:15:29.892 I/imsrcsd ( 1329): Uce Service HAL loading imsrcsbaseimpl
01-01 00:15:30.753 I/qcom,camera ac4f000.qcom,cci( 0): qcom,cam-sensor0: Linked as a consumer to regulator.77
01-01 00:15:29.950 W/KernelMemoryBandwidthStats( 1152): No kernel memory bandwidth stats available
01-01 00:15:30.806 I/CAM_ERR ( 0): CAM-CCI: cam_cci_irq: 238 Base:ffffff801a09d000, M0_Q1 NACK ERROR: 0x10000000
01-01 00:15:30.808 I/CAM_ERR ( 0): CAM-CCI: cam_cci_read: 1306 ERROR with Slave 0xc0:
01-01 00:15:30.808 I/CAM_ERR ( 0): CAM-CCI: cam_cci_read_bytes: 1561 failed to read rc:-22
01-01 00:15:30.808 I/CAM_ERR ( 0): CAM-SENSOR: cam_cci_i2c_read: 35 rc = -22
01-01 00:15:30.808 I/CAM_WARN( 0): CAM-SENSOR: cam_sensor_match_id: 769 read id: 0x0 expected id 0x6710:
01-01 00:15:30.808 I/qcom,camera ac4f000.qcom,cci( 0): qcom,cam-sensor0: Dropping the link to regulator.77
01-01 00:15:30.817 I/qcom,camera ac4f000.qcom,cci( 0): qcom,cam-sensor0: Dropping the link to regulator.57
01-01 00:15:30.818 I/qcom,camera ac4f000.qcom,cci( 0): qcom,cam-sensor0: Dropping the link to regulator.52
01-01 00:15:30.818 I/qcom,camera ac4f000.qcom,cci( 0): qcom,cam-sensor0: Dropping the link to regulator.55
01-01 00:15:30.867 I/binder ( 0): 1291:1291 ioctl 40046210 ffac5d08 returned -22
01-01 00:15:30.894 I/qcom,camera ac4f000.qcom,cci( 0): qcom,cam-sensor5: Linked as a consumer to regulator.56
01-01 00:15:30.906 I/qcom,camera ac4f000.qcom,cci( 0): qcom,cam-sensor5: Linked as a consumer to regulator.53
01-01 00:15:30.908 I/binder ( 0): 1291:1291 ioctl 40046210 ffac5cf0 returned -22
01-01 00:15:30.912 I/qcom,camera ac4f000.qcom,cci( 0): qcom,cam-sensor5: Linked as a consumer to regulator.57
01-01 00:15:30.913 I/qcom,camera ac4f000.qcom,cci( 0): qcom,cam-sensor5: Linked as a consumer to regulator.77
01-01 00:15:30.958 I/CAM_ERR ( 0): CAM-CCI: cam_cci_irq: 264 Base:ffffff801a09d000, M1_Q1 NACK ERROR: 0x40000000
01-01 00:15:30.958 I/CAM_ERR ( 0): CAM-CCI: cam_cci_read: 1306 ERROR with Slave 0xc0:
01-01 00:15:30.958 I/CAM_ERR ( 0): CAM-CCI: cam_cci_read_bytes: 1561 failed to read rc:-22
01-01 00:15:30.958 I/CAM_ERR ( 0): CAM-SENSOR: cam_cci_i2c_read: 35 rc = -22
01-01 00:15:30.958 I/CAM_WARN( 0): CAM-SENSOR: cam_sensor_match_id: 769 read id: 0x0 expected id 0x6710:
01-01 00:15:30.958 I/qcom,camera ac4f000.qcom,cci( 0): qcom,cam-sensor5: Dropping the link to regulator.77
01-01 00:15:30.963 I/qcom,camera ac4f000.qcom,cci( 0): qcom,cam-sensor5: Dropping the link to regulator.57
01-01 00:15:30.964 I/qcom,camera ac4f000.qcom,cci( 0): qcom,cam-sensor5: Dropping the link to regulator.53
01-01 00:15:30.964 I/qcom,camera ac4f000.qcom,cci( 0): qcom,cam-sensor5: Dropping the link to regulator.56
01-01 00:15:31.025 I/qcom,camera ac50000.qcom,cci( 0): qcom,cam-sensor3: Linked as a consumer to regulator.57
01-01 00:15:31.036 I/qcom,camera ac50000.qcom,cci( 0): qcom,cam-sensor3: Linked as a consumer to regulator.86
01-01 00:15:31.058 I/qcom,camera ac50000.qcom,cci( 0): qcom,cam-sensor3: Linked as a consumer to regulator.77
01-01 00:15:31.076 I/CAM_ERR ( 0): CAM-CCI: cam_cci_irq: 264 Base:ffffff801a0a5000, M1_Q1 NACK ERROR: 0x40000000
01-01 00:15:31.076 I/CAM_ERR ( 0): CAM-CCI: cam_cci_read: 1306 ERROR with Slave 0x20:
01-01 00:15:31.076 I/CAM_ERR ( 0): CAM-CCI: cam_cci_read_bytes: 1561 failed to read rc:-22
01-01 00:15:31.076 I/CAM_ERR ( 0): CAM-SENSOR: cam_cci_i2c_read: 35 rc = -22
01-01 00:15:31.076 I/CAM_WARN( 0): CAM-SENSOR: cam_sensor_match_id: 769 read id: 0x0 expected id 0x3841:
01-01 00:15:31.077 I/qcom,camera ac50000.qcom,cci( 0): qcom,cam-sensor3: Dropping the link to regulator.77
01-01 00:15:31.110 I/qcom,camera ac50000.qcom,cci( 0): qcom,cam-sensor3: Dropping the link to regulator.86
01-01 00:15:31.110 I/qcom,camera ac50000.qcom,cci( 0): qcom,cam-sensor3: Dropping the link to regulator.57
01-01 00:15:30.229 I/imsrcsd ( 1329): Starting Service for First Time imsbaseimpl
01-01 00:15:30.264 I/imsrcsd ( 1329): Interface com.qualcomm.qti.uceservice@2.3::IUceService com.qualcomm.qti.uceservice is found in manifest
01-01 00:15:30.267 I/HidlServiceManagement( 1329): Registered com.qualcomm.qti.uceservice@2.3::IUceService/com.qualcomm.qti.uceservice (start delay of 478ms)
01-01 00:15:30.270 I/imsrcsd ( 1329): Interface com.qualcomm.qti.imscmservice@2.2::IImsCmService qti.ims.connectionmanagerservice is found in manifest
01-01 00:15:30.272 I/HidlServiceManagement( 1329): Registered com.qualcomm.qti.imscmservice@2.2::IImsCmService/qti.ims.connectionmanagerservice (start delay of 482ms)
01-01 00:15:31.145 E/bolero-codec soc( 0): qcom,msm-audio-apr:qcom,q6core-audio:bolero-cdc: ASoC: unknown pin WSA AIF VI
01-01 00:15:31.163 I/qcom,camera ac50000.qcom,cci( 0): qcom,cam-sensor3: Linked as a consumer to regulator.57
01-01 00:15:30.280 I/IntentFirewall( 1152): Read new rules (A:0 B:0 S:0)
01-01 00:15:30.291 I/imsrcsd ( 1329): Interface vendor.qti.ims.factory@1.1::IImsFactory default is not found in manifest
01-01 00:15:30.293 I/imsrcsd ( 1329): Interface vendor.qti.ims.factory@1.0::IImsFactory default is found in manifest
01-01 00:15:30.295 I/HidlServiceManagement( 1329): Registered vendor.qti.ims.factory@1.0::IImsFactory/default (start delay of 506ms)
01-01 00:15:30.298 I/imsrcsd ( 1329): Interface vendor.qti.ims.callinfo@1.0::IService default is found in manifest
01-01 00:15:30.318 I/HidlServiceManagement( 1329): Registered vendor.qti.ims.callinfo@1.0::IService/default (start delay of 528ms)
01-01 00:15:30.318 I/imsrcsd ( 1329): ImsRcsBaseImpl ImsCallInfo After Registering Service
01-01 00:15:31.188 W/swr-wcd rx_swr_ctrl( 0): DMA mask not set
01-01 00:15:31.189 I/qcom,camera ac50000.qcom,cci( 0): qcom,cam-sensor3: Linked as a consumer to regulator.86
01-01 00:15:30.337 D/AppOps ( 1152): AppOpsService published
01-01 00:15:30.338 D/SystemServerTiming( 1152): StartActivityManager took to complete: 744ms
01-01 00:15:30.338 I/SystemServerTiming( 1152): StartDataLoaderManagerService
01-01 00:15:30.338 I/SystemServiceManager( 1152): Starting com.android.server.pm.DataLoaderManagerService
01-01 00:15:31.209 I/qcom,camera ac50000.qcom,cci( 0): qcom,cam-sensor3: Linked as a consumer to regulator.77
01-01 00:15:30.377 D/SystemServerTiming( 1152): StartDataLoaderManagerService took to complete: 39ms
01-01 00:15:30.377 I/SystemServerTiming( 1152): StartIncrementalService
01-01 00:15:30.404 D/SystemServerTiming( 1152): StartIncrementalService took to complete: 26ms
01-01 00:15:30.404 I/SystemServerTiming( 1152): StartPowerManager
01-01 00:15:30.404 I/SystemServiceManager( 1152): Starting com.android.server.power.PowerManagerService
01-01 00:15:31.263 E/swr-wcd rx_swr_ctrl( 0): swrm_get_logical_dev_num: device 0xd01170224 is not ready
01-01 00:15:31.279 E/swr_get_logical_dev_num( 0): Error -22 to get logical addr for device d01170224
01-01 00:15:31.296 E/kona-asoc-snd soc( 0): qcom,msm-audio-apr:qcom,q6core-audio:sound: ASoC: no source widget found for MIC BIAS1
01-01 00:15:31.309 E/swr-wcd rx_swr_ctrl( 0): swrm_get_logical_dev_num: device 0xd01170224 is not ready
01-01 00:15:31.318 E/swr_get_logical_dev_num( 0): Error -22 to get logical addr for device d01170224
01-01 00:15:31.326 E/kona-asoc-snd soc( 0): qcom,msm-audio-apr:qcom,q6core-audio:sound: ASoC: Failed to add route MIC BIAS1 -> direct -> AMIC1
01-01 00:15:31.331 I/CAM_ERR ( 0): CAM-CCI: cam_cci_irq: 264 Base:ffffff801a0a5000, M1_Q1 NACK ERROR: 0x40000000
01-01 00:15:31.339 E/swr-wcd rx_swr_ctrl( 0): swrm_get_logical_dev_num: device 0xd01170224 is not ready
01-01 00:15:31.339 I/CAM_ERR ( 0): CAM-CCI: cam_cci_read: 1306 ERROR with Slave 0x7a:
01-01 00:15:31.348 E/kona-asoc-snd soc( 0): qcom,msm-audio-apr:qcom,q6core-audio:sound: ASoC: no sink widget found for MIC BIAS1
01-01 00:15:31.359 E/swr_get_logical_dev_num( 0): Error -22 to get logical addr for device d01170224
01-01 00:15:31.367 E/kona-asoc-snd soc( 0): qcom,msm-audio-apr:qcom,q6core-audio:sound: ASoC: Failed to add route Analog Mic1 -> direct -> MIC BIAS1
01-01 00:15:31.368 I/CAM_ERR ( 0): CAM-CCI: cam_cci_read_bytes: 1561 failed to read rc:-22
01-01 00:15:31.380 I/binder ( 0): 1271:1271 ioctl 40046210 7ff01b5c54 returned -22
01-01 00:15:31.380 E/swr-wcd rx_swr_ctrl( 0): swrm_get_logical_dev_num: device 0xd01170224 is not ready
01-01 00:15:31.382 I/binder ( 0): 1271:1271 ioctl 40046210 7ff01b5c74 returned -22
01-01 00:15:31.389 E/kona-asoc-snd soc( 0): qcom,msm-audio-apr:qcom,q6core-audio:sound: ASoC: no source widget found for MIC BIAS2
01-01 00:15:31.394 I/CAM_ERR ( 0): CAM-SENSOR: cam_cci_i2c_read: 35 rc = -22
01-01 00:15:31.400 E/swr_get_logical_dev_num( 0): Error -22 to get logical addr for device d01170224
01-01 00:15:31.408 I/CAM_WARN( 0): CAM-SENSOR: cam_sensor_match_id: 769 read id: 0x0 expected id 0x30:
01-01 00:15:31.409 E/kona-asoc-snd soc( 0): qcom,msm-audio-apr:qcom,q6core-audio:sound: ASoC: Failed to add route MIC BIAS2 -> direct -> AMIC2
01-01 00:15:31.412 I/qcom,camera ac50000.qcom,cci( 0): qcom,cam-sensor3: Dropping the link to regulator.77
01-01 00:15:30.488 D/SystemServerTiming( 1152): StartPowerManager took to complete: 83ms
01-01 00:15:30.488 I/SystemServerTiming( 1152): StartThermalManager
01-01 00:15:30.488 I/SystemServiceManager( 1152): Starting com.android.server.power.ThermalManagerService
01-01 00:15:30.505 D/SystemServerTiming( 1152): StartThermalManager took to complete: 18ms
01-01 00:15:30.506 I/SystemServerTiming( 1152): StartHintManager
01-01 00:15:30.506 I/SystemServiceManager( 1152): Starting com.android.server.power.hint.HintManagerService
01-01 00:15:30.511 D/SystemServerTiming( 1152): StartHintManager took to complete: 6ms
01-01 00:15:30.511 I/SystemServerTiming( 1152): InitPowerManagement
01-01 00:15:30.514 D/SystemServerTiming( 1152): InitPowerManagement took to complete: 3ms
01-01 00:15:30.514 I/SystemServerTiming( 1152): StartRecoverySystemService
01-01 00:15:30.514 I/SystemServiceManager( 1152): Starting com.android.server.recoverysystem.RecoverySystemService$Lifecycle
01-01 00:15:30.517 D/SystemServerTiming( 1152): StartRecoverySystemService took to complete: 2ms
01-01 00:15:30.517 I/PackageWatchdog( 1152): Syncing state, reason: added new observer
01-01 00:15:30.517 I/PackageWatchdog( 1152): Not pruning observers, elapsed time: 0ms
01-01 00:15:30.517 I/PackageWatchdog( 1152): Cancelling state sync, nothing to sync
01-01 00:15:30.521 I/PackageWatchdog( 1152): Saving observer state to file
01-01 00:15:30.531 I/SystemServerTiming( 1152): StartLightsService
01-01 00:15:30.531 I/SystemServiceManager( 1152): Starting com.android.server.lights.LightsService
01-01 00:15:30.545 W/android.permission.PermissionManager( 1152): Missing ActivityManager; assuming 1047 does not hold android.permission.UPDATE_DEVICE_STATS
01-01 00:15:30.550 D/SystemServerTiming( 1152): StartLightsService took to complete: 19ms
01-01 00:15:30.550 I/SystemServerTiming( 1152): StartSidekickService
01-01 00:15:30.550 D/SystemServerTiming( 1152): StartSidekickService took to complete: 0ms
01-01 00:15:30.550 I/SystemServerTiming( 1152): StartDisplayManager
01-01 00:15:30.550 I/SystemServiceManager( 1152): Starting com.android.server.display.DisplayManagerService
01-01 00:15:31.421 E/swr-wcd rx_swr_ctrl( 0): swrm_get_logical_dev_num: device 0xd01170224 is not ready
01-01 00:15:30.576 W/android.permission.PermissionManager( 1152): Missing ActivityManager; assuming 1047 does not hold android.permission.UPDATE_DEVICE_STATS
01-01 00:15:30.587 I/DisplayDeviceRepository( 1152): Display device added: DisplayDeviceInfo{"内置屏幕": uniqueId="local:4630946370410392961", 2380 x 1020, modeId 1, defaultModeId 1, supportedModes [{id=1, width=2380, height=1020, fps=60.000004, alternativeRefreshRates=[]}], colorMode 0, supportedColorModes [0], hdrCapabilities HdrCapabilities{mSupportedHdrTypes=[2, 3, 4], mMaxLuminance=500.0, mMaxAverageLuminance=500.0, mMinLuminance=0.0}, allmSupported false, gameContentTypeSupported false, density 240, 319.851 x 319.851 dpi, appVsyncOff 1000000, presDeadline 16666666, touch INTERNAL, rotation 0, type INTERNAL, address {port=129, model=0x40446d3026322d}, deviceProductInfo DeviceProductInfo{name=, manufacturerPnpId=QCM, productId=1, modelYear=null, manufactureDate=ManufactureDate{week=27, year=2006}, connectionToSinkType=0}, state UNKNOWN, frameRateOverride , brightnessMinimum 0.0, brightnessMaximum 1.0, brightnessDefault 0.39763778, FLAG_DEFAULT_DISPLAY, FLAG_ROTATES_WITH_CONTENT, FLAG_SECURE, FLAG_SUPPORTS_PROTECTED_BUFFERS}
01-01 00:15:30.589 D/SystemServerTiming( 1152): StartDisplayManager took to complete: 39ms
01-01 00:15:30.589 I/SystemServerTiming( 1152): WaitForDisplay
01-01 00:15:30.589 I/SystemServiceManager( 1152): Starting phase 100
01-01 00:15:30.589 I/SystemServerTiming( 1152): OnBootPhase_100
01-01 00:15:30.590 I/SystemServerTiming( 1152): OnBootPhase_100_com.android.server.security.FileIntegrityService
01-01 00:15:30.590 D/SystemServerTiming( 1152): OnBootPhase_100_com.android.server.security.FileIntegrityService took to complete: 0ms
01-01 00:15:30.590 I/SystemServerTiming( 1152): OnBootPhase_100_com.android.server.pm.Installer
01-01 00:15:30.590 D/SystemServerTiming( 1152): OnBootPhase_100_com.android.server.pm.Installer took to complete: 0ms
01-01 00:15:30.590 I/SystemServerTiming( 1152): OnBootPhase_100_com.android.server.os.DeviceIdentifiersPolicyService
01-01 00:15:30.590 D/SystemServerTiming( 1152): OnBootPhase_100_com.android.server.os.DeviceIdentifiersPolicyService took to complete: 0ms
01-01 00:15:30.590 I/SystemServerTiming( 1152): OnBootPhase_100_com.android.server.uri.UriGrantsManagerService$Lifecycle
01-01 00:15:30.590 D/SystemServerTiming( 1152): OnBootPhase_100_com.android.server.uri.UriGrantsManagerService$Lifecycle took to complete: 0ms
01-01 00:15:30.590 I/SystemServerTiming( 1152): OnBootPhase_100_com.android.server.powerstats.PowerStatsService
01-01 00:15:30.590 D/SystemServerTiming( 1152): OnBootPhase_100_com.android.server.powerstats.PowerStatsService took to complete: 0ms
01-01 00:15:30.590 I/SystemServerTiming( 1152): OnBootPhase_100_com.android.server.wm.ActivityTaskManagerService$Lifecycle
01-01 00:15:30.590 D/SystemServerTiming( 1152): OnBootPhase_100_com.android.server.wm.ActivityTaskManagerService$Lifecycle took to complete: 0ms
01-01 00:15:30.590 I/SystemServerTiming( 1152): OnBootPhase_100_com.android.server.am.ActivityManagerService$Lifecycle
01-01 00:15:30.590 D/SystemServerTiming( 1152): OnBootPhase_100_com.android.server.am.ActivityManagerService$Lifecycle took to complete: 0ms
01-01 00:15:30.590 I/SystemServerTiming( 1152): OnBootPhase_100_com.android.server.pm.DataLoaderManagerService
01-01 00:15:30.591 D/SystemServerTiming( 1152): OnBootPhase_100_com.android.server.pm.DataLoaderManagerService took to complete: 0ms
01-01 00:15:30.591 I/SystemServerTiming( 1152): OnBootPhase_100_com.android.server.power.PowerManagerService
01-01 00:15:30.591 D/SystemServerTiming( 1152): OnBootPhase_100_com.android.server.power.PowerManagerService took to complete: 0ms
01-01 00:15:30.591 I/SystemServerTiming( 1152): OnBootPhase_100_com.android.server.power.ThermalManagerService
01-01 00:15:30.591 D/SystemServerTiming( 1152): OnBootPhase_100_com.android.server.power.ThermalManagerService took to complete: 0ms
01-01 00:15:30.591 I/SystemServerTiming( 1152): OnBootPhase_100_com.android.server.power.hint.HintManagerService
01-01 00:15:30.591 D/SystemServerTiming( 1152): OnBootPhase_100_com.android.server.power.hint.HintManagerService took to complete: 0ms
01-01 00:15:30.591 I/SystemServerTiming( 1152): OnBootPhase_100_com.android.server.recoverysystem.RecoverySystemService$Lifecycle
01-01 00:15:31.430 I/cnss-daemon( 0): NL group_id 10, cnss_nl.family_id 28
01-01 00:15:31.430 I/cnss-daemon( 0): wlfw_start: Starting
01-01 00:15:31.431 E/kona-asoc-snd soc( 0): qcom,msm-audio-apr:qcom,q6core-audio:sound: ASoC: no sink widget found for MIC BIAS2
01-01 00:15:31.442 E/swr_get_logical_dev_num( 0): Error -22 to get logical addr for device d01170224
01-01 00:15:31.450 E/kona-asoc-snd soc( 0): qcom,msm-audio-apr:qcom,q6core-audio:sound: ASoC: Failed to add route Analog Mic2 -> direct -> MIC BIAS2
01-01 00:15:31.451 I/cnss-daemon( 0): no interop issues ap currently
01-01 00:15:31.463 E/wcd938x_codec wcd938x-codec( 0): wcd938x_bind: Slave bind failed, ret = -517
01-01 00:15:31.466 I/cnss-daemon( 0): ro.baseband : [apq]
01-01 00:15:31.466 I/cnss-daemon( 0): Hardware supports external modem
01-01 00:15:31.472 I/cnss-daemon( 0): wlfw_service_request: Start the pthread: 0x0K
01-01 00:15:31.480 E/kona-asoc-snd soc( 0): qcom,msm-audio-apr:qcom,q6core-audio:sound: ASoC: no source widget found for MIC BIAS3
01-01 00:15:31.488 I/cnss-daemon( 0): pm_release_vote: pm_handle is NULL
01-01 00:15:31.488 I/cnss-daemon( 0): pm_release_vote: pm_handle is NULL
01-01 00:15:31.491 I/cnss-daemon( 0): wlfw_build_cal_table: not read /data/vendor/wifi/wlfw_cal_00.bin
01-01 00:15:31.493 E/kona-asoc-snd soc( 0): qcom,msm-audio-apr:qcom,q6core-audio:sound: ASoC: Failed to add route MIC BIAS3 -> direct -> AMIC3
01-01 00:15:31.498 I/qcom,camera ac50000.qcom,cci( 0): qcom,cam-sensor3: Dropping the link to regulator.86
01-01 00:15:31.505 E/kona-asoc-snd soc( 0): qcom,msm-audio-apr:qcom,q6core-audio:sound: ASoC: no sink widget found for MIC BIAS3
01-01 00:15:31.515 I/cnss-daemon( 0): wlfw_build_cal_table: not read /data/vendor/wifi/wlfw_cal_02.bin
01-01 00:15:31.520 E/kona-asoc-snd soc( 0): qcom,msm-audio-apr:qcom,q6core-audio:sound: ASoC: Failed to add route Analog Mic3 -> direct -> MIC BIAS3
01-01 00:15:31.528 I/qcom,camera ac50000.qcom,cci( 0): qcom,cam-sensor3: Dropping the link to regulator.57
01-01 00:15:31.529 I/binder ( 0): 1422:1422 ioctl 40046210 7fd0b28fd4 returned -22
01-01 00:15:31.532 I/binder ( 0): 1422:1422 ioctl 40046210 7fd0b28e04 returned -22
01-01 00:15:30.591 D/SystemServerTiming( 1152): OnBootPhase_100_com.android.server.recoverysystem.RecoverySystemService$Lifecycle took to complete: 0ms
01-01 00:15:30.591 I/SystemServerTiming( 1152): OnBootPhase_100_com.android.server.lights.LightsService
01-01 00:15:30.591 D/SystemServerTiming( 1152): OnBootPhase_100_com.android.server.lights.LightsService took to complete: 0ms
01-01 00:15:30.591 I/SystemServerTiming( 1152): OnBootPhase_100_com.android.server.display.DisplayManagerService
01-01 00:15:30.595 I/LogicalDisplayMapper( 1152): Applying layout: [{addr: {port=129, model=0x40446d3026322d}, dispId: 0(ON)}], Previous layout: null
01-01 00:15:30.606 I/LogicalDisplayMapper( 1152): Adding new display: 0: DisplayInfo{"内置屏幕", displayId 0", displayGroupId -1, FLAG_SECURE, FLAG_SUPPORTS_PROTECTED_BUFFERS, FLAG_TRUSTED, real 2380 x 1020, largest app 2380 x 1020, smallest app 2380 x 1020, appVsyncOff 1000000, presDeadline 16666666, mode 1, defaultMode 1, modes [{id=1, width=2380, height=1020, fps=60.000004, alternativeRefreshRates=[]}], hdrCapabilities HdrCapabilities{mSupportedHdrTypes=[2, 3, 4], mMaxLuminance=500.0, mMaxAverageLuminance=500.0, mMinLuminance=0.0}, userDisabledHdrTypes [], minimalPostProcessingSupported false, rotation 0, state UNKNOWN, type INTERNAL, uniqueId "local:4630946370410392961", app 2380 x 1020, density 240 (319.851 x 319.851) dpi, layerStack 0, colorMode 0, supportedColorModes [0], address {port=129, model=0x40446d3026322d}, deviceProductInfo DeviceProductInfo{name=, manufacturerPnpId=QCM, productId=1, modelYear=null, manufactureDate=ManufactureDate{week=27, year=2006}, connectionToSinkType=0}, removeMode 0, refreshRateOverride 0.0, brightnessMinimum 0.0, brightnessMaximum 1.0, brightnessDefault 0.39763778}
01-01 00:15:30.607 I/LogicalDisplayMapper( 1152): Setting new display group 0 for display 0, from previous group: null
01-01 00:15:30.620 E/DisplayDeviceConfig( 1152): requesting nits when no mapping exists.
01-01 00:15:30.628 E/DisplayDeviceConfig( 1152): requesting nits when no mapping exists.
01-01 00:15:30.631 D/SystemServerTiming( 1152): OnBootPhase_100_com.android.server.display.DisplayManagerService took to complete: 40ms
01-01 00:15:30.631 D/SystemServerTiming( 1152): OnBootPhase_100 took to complete: 42ms
01-01 00:15:30.631 D/SystemServerTiming( 1152): WaitForDisplay took to complete: 42ms
01-01 00:15:30.631 I/SystemServerTiming( 1152): StartDomainVerificationService
01-01 00:15:30.656 D/SystemServerTiming( 1152): StartDomainVerificationService took to complete: 25ms
01-01 00:15:30.657 I/SystemServerTiming( 1152): StartPackageManagerService
01-01 00:15:30.657 I/Watchdog( 1152): Pausing HandlerChecker: main thread for reason: packagemanagermain. Pause count: 1
01-01 00:15:30.658 I/PackageManagerTiming( 1152): create package manager
01-01 00:15:30.659 I/DisplayDeviceRepository( 1152): Display device changed state: "内置屏幕", ON
01-01 00:15:30.668 I/PackageManagerTiming( 1152): readListOfPackagesToBeDisabled
01-01 00:15:30.668 D/PackageManagerTiming( 1152): readListOfPackagesToBeDisabled took to complete: 0ms
01-01 00:15:30.668 I/PackageManagerTiming( 1152): createSubComponents
01-01 00:15:31.534 D/cnss ( 0): Received QMI WLFW request memory indication
01-01 00:15:31.534 D/cnss ( 0): FW requests for memory, size: 0x5e0000, type: 1
01-01 00:15:31.534 D/cnss ( 0): FW requests for memory, size: 0xd8000, type: 4
01-01 00:15:31.534 D/cnss ( 0): Posting event: REQUEST_MEM(2), state: 0x9 flags: 0x0
01-01 00:15:31.534 D/cnss ( 0): PM stay awake, state: 0x9, count: 1
01-01 00:15:31.534 D/cnss ( 0): PM relax, state: 0x9, count: 0
01-01 00:15:31.534 D/cnss ( 0): PM stay awake, state: 0x9, count: 1
01-01 00:15:31.534 D/cnss ( 0): Processing driver event: REQUEST_MEM(2), state: 0x9
01-01 00:15:31.535 E/kona-asoc-snd soc( 0): qcom,msm-audio-apr:qcom,q6core-audio:sound: ASoC: no source widget found for MIC BIAS3
01-01 00:15:31.546 E/kona-asoc-snd soc( 0): qcom,msm-audio-apr:qcom,q6core-audio:sound: ASoC: Failed to add route MIC BIAS3 -> direct -> AMIC4
01-01 00:15:31.546 I/binder ( 0): 1361:1361 ioctl 40046210 7fd99623a4 returned -22
01-01 00:15:31.558 E/kona-asoc-snd soc( 0): qcom,msm-audio-apr:qcom,q6core-audio:sound: ASoC: no sink widget found for MIC BIAS3
01-01 00:15:30.730 D/PackageManagerTiming( 1152): createSubComponents took to complete: 62ms
01-01 00:15:30.731 I/PackageManagerTiming( 1152): addSharedUsers
01-01 00:15:30.731 D/PackageManagerTiming( 1152): addSharedUsers took to complete: 1ms
01-01 00:15:31.569 E/kona-asoc-snd soc( 0): qcom,msm-audio-apr:qcom,q6core-audio:sound: ASoC: Failed to add route Analog Mic4 -> direct -> MIC BIAS3
01-01 00:15:30.733 I/PackageManagerTiming( 1152): get system config
01-01 00:15:30.733 D/PackageManagerTiming( 1152): get system config took to complete: 0ms
01-01 00:15:31.585 E/kona-asoc-snd soc( 0): qcom,msm-audio-apr:qcom,q6core-audio:sound: ASoC: no source widget found for MIC BIAS4
01-01 00:15:31.585 I/qcom,camera ac50000.qcom,cci( 0): qcom,cam-sensor2: Linked as a consumer to regulator.56
01-01 00:15:31.596 E/kona-asoc-snd soc( 0): qcom,msm-audio-apr:qcom,q6core-audio:sound: ASoC: Failed to add route MIC BIAS4 -> direct -> AMIC5
01-01 00:15:31.597 E/kona-asoc-snd soc( 0): qcom,msm-audio-apr:qcom,q6core-audio:sound: ASoC: no sink widget found for MIC BIAS4
01-01 00:15:31.616 I/qcom,camera ac50000.qcom,cci( 0): qcom,cam-sensor2: Linked as a consumer to regulator.54
01-01 00:15:31.620 E/kona-asoc-snd soc( 0): qcom,msm-audio-apr:qcom,q6core-audio:sound: ASoC: Failed to add route Analog Mic5 -> direct -> MIC BIAS4
01-01 00:15:31.620 E/kona-asoc-snd soc( 0): qcom,msm-audio-apr:qcom,q6core-audio:sound: ASoC: no source widget found for MIC BIAS3
01-01 00:15:30.778 D/PackageManager( 1152): Directories scanned as system partitions: [/system:0, /vendor:524288, /odm:4194304, /oem:262144, /product:1048576, /system_ext:2097152, /apex/com.android.vndk.v30:8388608, /apex/com.android.wifi:8388608, /apex/com.android.vndk.v31:8388608, /apex/com.android.tzdata:8388608, /apex/com.android.tethering:8388608, /apex/com.android.sdkext:8388608, /apex/com.android.scheduling:8388608, /apex/com.android.runtime:8388608, /apex/com.android.resolv:8388608, /apex/com.android.permission:8388608, /apex/com.android.os.statsd:8388608, /apex/com.android.neuralnetworks:8388608, /apex/com.android.mediaprovider:8388608, /apex/com.android.media.swcodec:8388608, /apex/com.android.media:8388608, /apex/com.android.ipsec:8388608, /apex/com.android.i18n:8388608, /apex/com.android.extservices:8388608, /apex/com.android.conscrypt:8388608, /apex/com.android.cellbroadcast:8388608, /apex/com.android.art:8388608, /apex/com.android.appsearch:8388608, /apex/com.android.adbd:8388608]
01-01 00:15:30.791 W/ProcessCpuTracker( 1152): Failed to stat(/proc/1362): android.system.ErrnoException: stat failed: ENOENT (No such file or directory)
01-01 00:15:30.791 W/ProcessCpuTracker( 1152): Skipping unknown process pid 1362
01-01 00:15:30.792 W/ProcessCpuTracker( 1152): Failed to stat(/proc/1376): android.system.ErrnoException: stat failed: ENOENT (No such file or directory)
01-01 00:15:30.792 W/ProcessCpuTracker( 1152): Skipping unknown process pid 1376
01-01 00:15:30.793 W/ProcessCpuTracker( 1152): Failed to stat(/proc/1380): android.system.ErrnoException: stat failed: ENOENT (No such file or directory)
01-01 00:15:30.794 W/ProcessCpuTracker( 1152): Skipping unknown process pid 1380
01-01 00:15:30.795 D/SELinuxMMAC( 1152): Using policy file /system/etc/selinux/plat_mac_permissions.xml
01-01 00:15:31.640 I/qcom,camera ac50000.qcom,cci( 0): qcom,cam-sensor2: Linked as a consumer to regulator.57
01-01 00:15:31.641 I/binder ( 0): 1457:1457 ioctl 40046210 7fd5ff6b24 returned -22
01-01 00:15:31.644 E/kona-asoc-snd soc( 0): qcom,msm-audio-apr:qcom,q6core-audio:sound: ASoC: Failed to add route MIC BIAS3 -> direct -> TX DMIC0
01-01 00:15:30.797 D/SELinuxMMAC( 1152): Using policy file /system_ext/etc/selinux/system_ext_mac_permissions.xml
01-01 00:15:30.799 D/SELinuxMMAC( 1152): Using policy file /product/etc/selinux/product_mac_permissions.xml
01-01 00:15:30.800 D/SELinuxMMAC( 1152): Using policy file /vendor/etc/selinux/vendor_mac_permissions.xml
01-01 00:15:30.806 W/HidlServiceManagement( 1294): Waited one second for android.hardware.health@2.0::IHealth/default
01-01 00:15:30.809 D/SELinuxMMAC( 1152): Using policy file /odm/etc/selinux/odm_mac_permissions.xml
01-01 00:15:31.656 E/kona-asoc-snd soc( 0): qcom,msm-audio-apr:qcom,q6core-audio:sound: ASoC: no sink widget found for MIC BIAS3
01-01 00:15:31.658 I/qcom,camera ac50000.qcom,cci( 0): qcom,cam-sensor2: Linked as a consumer to regulator.77
01-01 00:15:31.667 E/kona-asoc-snd soc( 0): qcom,msm-audio-apr:qcom,q6core-audio:sound: ASoC: Failed to add route Digital Mic0 -> direct -> MIC BIAS3
01-01 00:15:31.668 E/kona-asoc-snd soc( 0): qcom,msm-audio-apr:qcom,q6core-audio:sound: ASoC: no source widget found for MIC BIAS3
01-01 00:15:30.810 I/PackageManagerTiming( 1152): loadFallbacks
01-01 00:15:30.811 D/PackageManagerTiming( 1152): loadFallbacks took to complete: 1ms
01-01 00:15:30.811 I/PackageManagerTiming( 1152): read user settings --------- beginning of crash
01-01 00:15:30.824 F/linker ( 1483): CANNOT LINK EXECUTABLE "/vendor/bin/hw/qvrservice": library "vendor.qti.hardware.qxr-V1-ndk_platform.so" not found: needed by /vendor/lib64/libqvrservice.so in namespace (default)
01-01 00:15:31.691 E/kona-asoc-snd soc( 0): qcom,msm-audio-apr:qcom,q6core-audio:sound: ASoC: Failed to add route MIC BIAS3 -> direct -> TX DMIC1
01-01 00:15:31.704 E/kona-asoc-snd soc( 0): qcom,msm-audio-apr:qcom,q6core-audio:sound: ASoC: no sink widget found for MIC BIAS3
01-01 00:15:31.715 E/kona-asoc-snd soc( 0): qcom,msm-audio-apr:qcom,q6core-audio:sound: ASoC: Failed to add route Digital Mic1 -> direct -> MIC BIAS3
01-01 00:15:31.719 I/CAM_ERR ( 0): CAM-CCI: cam_cci_irq: 238 Base:ffffff801a0a5000, M0_Q1 NACK ERROR: 0x10000000
01-01 00:15:31.719 D/qbt ( 0): qbt_open: entry minor_no=0 fd_available=1
01-01 00:15:31.719 D/qbt ( 0): qbt_open: exit : 0 fd_available=0
01-01 00:15:31.719 D/qbt ( 0): qbt_open: entry minor_no=1 fd_available=0
01-01 00:15:31.719 D/qbt ( 0): qbt_open: exit : 0 fd_available=0
01-01 00:15:31.719 D/qbt ( 0): qbt_ioctl: cmd received 102
01-01 00:15:31.719 D/qbt ( 0): qbt_ioctl: qbt_ioctl: QBT_ENABLE_IPC
01-01 00:15:31.720 D/qbt ( 0): qbt_ioctl: cmd received 107
01-01 00:15:31.720 D/qbt ( 0): qbt_ioctl: Acquiring wakelock
01-01 00:15:31.729 E/kona-asoc-snd soc( 0): qcom,msm-audio-apr:qcom,q6core-audio:sound: ASoC: no source widget found for MIC BIAS1
01-01 00:15:31.729 I/CAM_ERR ( 0): CAM-CCI: cam_cci_read: 1306 ERROR with Slave 0x34:
01-01 00:15:31.739 I/binder ( 0): 1435:1435 ioctl 40046210 7ff236edb4 returned -22
01-01 00:15:31.740 E/kona-asoc-snd soc( 0): qcom,msm-audio-apr:qcom,q6core-audio:sound: ASoC: Failed to add route MIC BIAS1 -> direct -> TX DMIC2
01-01 00:15:31.740 E/kona-asoc-snd soc( 0): qcom,msm-audio-apr:qcom,q6core-audio:sound: ASoC: no sink widget found for MIC BIAS1
01-01 00:15:30.877 F/linker ( 1489): CANNOT LINK EXECUTABLE "/vendor/bin/hw/sxrservice": library "vendor.qti.hardware.qxr-V1-ndk_platform.so" not found: needed by main executable
01-01 00:15:30.913 I/TLOC ( 1493): [main ]"TLOC DAEMON main thread"
01-01 00:15:30.913 D/TLOC ( 1493): [TLOCDaemon ]"---------- TLOC Daemon Starts ----------"
01-01 00:15:31.753 I/binder ( 0): 1435:1435 ioctl 40046210 7ff236e9b4 returned -22
01-01 00:15:31.759 I/CAM_ERR ( 0): CAM-CCI: cam_cci_read_bytes: 1561 failed to read rc:-22
01-01 00:15:31.759 I/CAM_ERR ( 0): CAM-SENSOR: cam_cci_i2c_read: 35 rc = -22
01-01 00:15:31.759 I/CAM_WARN( 0): CAM-SENSOR: cam_sensor_match_id: 769 read id: 0x0 expected id 0x476:
01-01 00:15:31.760 I/qcom,camera ac50000.qcom,cci( 0): qcom,cam-sensor2: Dropping the link to regulator.77
01-01 00:15:31.764 I/qcom,camera ac50000.qcom,cci( 0): qcom,cam-sensor2: Dropping the link to regulator.57
01-01 00:15:31.764 E/kona-asoc-snd soc( 0): qcom,msm-audio-apr:qcom,q6core-audio:sound: ASoC: Failed to add route Digital Mic2 -> direct -> MIC BIAS1
01-01 00:15:31.764 I/qcom,camera ac50000.qcom,cci( 0): qcom,cam-sensor2: Dropping the link to regulator.54
01-01 00:15:31.777 E/kona-asoc-snd soc( 0): qcom,msm-audio-apr:qcom,q6core-audio:sound: ASoC: no source widget found for MIC BIAS1
01-01 00:15:31.778 I/qcom,camera ac50000.qcom,cci( 0): qcom,cam-sensor2: Dropping the link to regulator.56
01-01 00:15:31.788 E/kona-asoc-snd soc( 0): qcom,msm-audio-apr:qcom,q6core-audio:sound: ASoC: Failed to add route MIC BIAS1 -> direct -> TX DMIC3
01-01 00:15:31.789 E/kona-asoc-snd soc( 0): qcom,msm-audio-apr:qcom,q6core-audio:sound: ASoC: no sink widget found for MIC BIAS1
01-01 00:15:31.789 E/kona-asoc-snd soc( 0): qcom,msm-audio-apr:qcom,q6core-audio:sound: ASoC: Failed to add route Digital Mic3 -> direct -> MIC BIAS1
01-01 00:15:31.789 E/kona-asoc-snd soc( 0): qcom,msm-audio-apr:qcom,q6core-audio:sound: ASoC: no source widget found for MIC BIAS4
01-01 00:15:30.915 D/TLOC ( 1493): [TLOCChannel]"The channel was initialized successfully for TLOCD"
01-01 00:15:30.916 D/TLOC ( 1493): [TLOCChannel]"The channel was initialized successfully for TLOCL"
01-01 00:15:30.916 D/TLOC ( 1493): [TLOCChannel]"The channel was initialized successfully for MODEM"
01-01 00:15:30.916 D/TLOC ( 1493): [TLOCChannel]"TLOCChannel was initialized successfully"
01-01 00:15:30.916 D/TLOC ( 1493): [TLOCChannel] "TLOCChannel is already initialized"
01-01 00:15:30.929 W/android.permission.PermissionManager( 1152): Missing ActivityManager; assuming 1000 holds android.permission.SET_PREFERRED_APPLICATIONS
01-01 00:15:30.930 W/android.permission.PermissionManager( 1152): Missing ActivityManager; assuming 1000 holds android.permission.SET_PREFERRED_APPLICATIONS
01-01 00:15:30.942 W/android.permission.PermissionManager( 1152): Missing ActivityManager; assuming 1000 holds android.permission.SET_PREFERRED_APPLICATIONS
01-01 00:15:30.954 W/android.permission.PermissionManager( 1152): Missing ActivityManager; assuming 1000 holds android.permission.SET_PREFERRED_APPLICATIONS
01-01 00:15:30.956 W/android.permission.PermissionManager( 1152): Missing ActivityManager; assuming 1000 holds android.permission.SET_PREFERRED_APPLICATIONS
01-01 00:15:30.958 W/android.permission.PermissionManager( 1152): Missing ActivityManager; assuming 1000 holds android.permission.SET_PREFERRED_APPLICATIONS
01-01 00:15:30.961 W/android.permission.PermissionManager( 1152): Missing ActivityManager; assuming 1000 holds android.permission.SET_PREFERRED_APPLICATIONS
01-01 00:15:30.965 W/android.permission.PermissionManager( 1152): Missing ActivityManager; assuming 1000 holds android.permission.SET_PREFERRED_APPLICATIONS
01-01 00:15:30.973 W/android.permission.PermissionManager( 1152): Missing ActivityManager; assuming 1000 holds android.permission.SET_PREFERRED_APPLICATIONS
01-01 00:15:30.974 W/android.permission.PermissionManager( 1152): Missing ActivityManager; assuming 1000 holds android.permission.SET_PREFERRED_APPLICATIONS
01-01 00:15:30.975 W/android.permission.PermissionManager( 1152): Missing ActivityManager; assuming 1000 holds android.permission.SET_PREFERRED_APPLICATIONS
01-01 00:15:30.975 W/android.permission.PermissionManager( 1152): Missing ActivityManager; assuming 1000 holds android.permission.SET_PREFERRED_APPLICATIONS
01-01 00:15:30.976 W/android.permission.PermissionManager( 1152): Missing ActivityManager; assuming 1000 holds android.permission.SET_PREFERRED_APPLICATIONS
01-01 00:15:30.976 W/android.permission.PermissionManager( 1152): Missing ActivityManager; assuming 1000 holds android.permission.SET_PREFERRED_APPLICATIONS
01-01 00:15:30.977 W/android.permission.PermissionManager( 1152): Missing ActivityManager; assuming 1000 holds android.permission.SET_PREFERRED_APPLICATIONS
01-01 00:15:30.977 W/android.permission.PermissionManager( 1152): Missing ActivityManager; assuming 1000 holds android.permission.SET_PREFERRED_APPLICATIONS
01-01 00:15:30.978 W/android.permission.PermissionManager( 1152): Missing ActivityManager; assuming 1000 holds android.permission.SET_PREFERRED_APPLICATIONS
01-01 00:15:30.978 W/android.permission.PermissionManager( 1152): Missing ActivityManager; assuming 1000 holds android.permission.SET_PREFERRED_APPLICATIONS
01-01 00:15:30.979 W/android.permission.PermissionManager( 1152): Missing ActivityManager; assuming 1000 holds android.permission.SET_PREFERRED_APPLICATIONS
01-01 00:15:30.979 W/android.permission.PermissionManager( 1152): Missing ActivityManager; assuming 1000 holds android.permission.SET_PREFERRED_APPLICATIONS
01-01 00:15:30.980 W/android.permission.PermissionManager( 1152): Missing ActivityManager; assuming 1000 holds android.permission.SET_PREFERRED_APPLICATIONS
01-01 00:15:30.981 W/android.permission.PermissionManager( 1152): Missing ActivityManager; assuming 1000 holds android.permission.SET_PREFERRED_APPLICATIONS
01-01 00:15:30.997 W/android.permission.PermissionManager( 1152): Missing ActivityManager; assuming 1000 holds android.permission.SET_PREFERRED_APPLICATIONS
01-01 00:15:31.006 W/android.permission.PermissionManager( 1152): Missing ActivityManager; assuming 1000 holds android.permission.SET_PREFERRED_APPLICATIONS
01-01 00:15:31.006 W/android.permission.PermissionManager( 1152): Missing ActivityManager; assuming 1000 holds android.permission.SET_PREFERRED_APPLICATIONS
01-01 00:15:31.836 E/kona-asoc-snd soc( 0): qcom,msm-audio-apr:qcom,q6core-audio:sound: ASoC: Failed to add route MIC BIAS4 -> direct -> TX DMIC4
01-01 00:15:31.846 I/qcom,camera ac50000.qcom,cci( 0): qcom,cam-sensor2: Linked as a consumer to regulator.56
01-01 00:15:31.849 E/kona-asoc-snd soc( 0): qcom,msm-audio-apr:qcom,q6core-audio:sound: ASoC: no sink widget found for MIC BIAS4
01-01 00:15:31.851 I/qcom,camera ac50000.qcom,cci( 0): qcom,cam-sensor2: Linked as a consumer to regulator.57
01-01 00:15:31.006 W/android.permission.PermissionManager( 1152): Missing ActivityManager; assuming 1000 holds android.permission.SET_PREFERRED_APPLICATIONS
01-01 00:15:31.007 W/android.permission.PermissionManager( 1152): Missing ActivityManager; assuming 1000 holds android.permission.SET_PREFERRED_APPLICATIONS
01-01 00:15:31.007 W/android.permission.PermissionManager( 1152): Missing ActivityManager; assuming 1000 holds android.permission.SET_PREFERRED_APPLICATIONS
01-01 00:15:31.007 W/android.permission.PermissionManager( 1152): Missing ActivityManager; assuming 1000 holds android.permission.SET_PREFERRED_APPLICATIONS
01-01 00:15:31.008 W/android.permission.PermissionManager( 1152): Missing ActivityManager; assuming 1000 holds android.permission.SET_PREFERRED_APPLICATIONS
01-01 00:15:31.008 W/android.permission.PermissionManager( 1152): Missing ActivityManager; assuming 1000 holds android.permission.SET_PREFERRED_APPLICATIONS
01-01 00:15:31.008 W/android.permission.PermissionManager( 1152): Missing ActivityManager; assuming 1000 holds android.permission.SET_PREFERRED_APPLICATIONS
01-01 00:15:31.009 W/android.permission.PermissionManager( 1152): Missing ActivityManager; assuming 1000 holds android.permission.SET_PREFERRED_APPLICATIONS
01-01 00:15:31.009 W/android.permission.PermissionManager( 1152): Missing ActivityManager; assuming 1000 holds android.permission.SET_PREFERRED_APPLICATIONS
01-01 00:15:31.009 W/android.permission.PermissionManager( 1152): Missing ActivityManager; assuming 1000 holds android.permission.SET_PREFERRED_APPLICATIONS
01-01 00:15:31.009 W/android.permission.PermissionManager( 1152): Missing ActivityManager; assuming 1000 holds android.permission.SET_PREFERRED_APPLICATIONS
01-01 00:15:31.010 W/android.permission.PermissionManager( 1152): Missing ActivityManager; assuming 1000 holds android.permission.SET_PREFERRED_APPLICATIONS
01-01 00:15:31.010 W/android.permission.PermissionManager( 1152): Missing ActivityManager; assuming 1000 holds android.permission.SET_PREFERRED_APPLICATIONS
01-01 00:15:31.010 W/android.permission.PermissionManager( 1152): Missing ActivityManager; assuming 1000 holds android.permission.SET_PREFERRED_APPLICATIONS
01-01 00:15:31.011 W/android.permission.PermissionManager( 1152): Missing ActivityManager; assuming 1000 holds android.permission.SET_PREFERRED_APPLICATIONS
01-01 00:15:31.011 W/android.permission.PermissionManager( 1152): Missing ActivityManager; assuming 1000 holds android.permission.SET_PREFERRED_APPLICATIONS
01-01 00:15:31.011 W/android.permission.PermissionManager( 1152): Missing ActivityManager; assuming 1000 holds android.permission.SET_PREFERRED_APPLICATIONS
01-01 00:15:31.012 W/android.permission.PermissionManager( 1152): Missing ActivityManager; assuming 1000 holds android.permission.SET_PREFERRED_APPLICATIONS
01-01 00:15:31.012 W/android.permission.PermissionManager( 1152): Missing ActivityManager; assuming 1000 holds android.permission.SET_PREFERRED_APPLICATIONS
01-01 00:15:31.012 W/android.permission.PermissionManager( 1152): Missing ActivityManager; assuming 1000 holds android.permission.SET_PREFERRED_APPLICATIONS
01-01 00:15:31.012 W/android.permission.PermissionManager( 1152): Missing ActivityManager; assuming 1000 holds android.permission.SET_PREFERRED_APPLICATIONS
01-01 00:15:31.013 W/android.permission.PermissionManager( 1152): Missing ActivityManager; assuming 1000 holds android.permission.SET_PREFERRED_APPLICATIONS
01-01 00:15:31.013 W/android.permission.PermissionManager( 1152): Missing ActivityManager; assuming 1000 holds android.permission.SET_PREFERRED_APPLICATIONS
01-01 00:15:31.013 W/android.permission.PermissionManager( 1152): Missing ActivityManager; assuming 1000 holds android.permission.SET_PREFERRED_APPLICATIONS
01-01 00:15:31.014 W/android.permission.PermissionManager( 1152): Missing ActivityManager; assuming 1000 holds android.permission.SET_PREFERRED_APPLICATIONS
01-01 00:15:31.014 W/android.permission.PermissionManager( 1152): Missing ActivityManager; assuming 1000 holds android.permission.SET_PREFERRED_APPLICATIONS
01-01 00:15:31.014 W/android.permission.PermissionManager( 1152): Missing ActivityManager; assuming 1000 holds android.permission.SET_PREFERRED_APPLICATIONS
01-01 00:15:31.015 W/android.permission.PermissionManager( 1152): Missing ActivityManager; assuming 1000 holds android.permission.SET_PREFERRED_APPLICATIONS
01-01 00:15:31.015 W/android.permission.PermissionManager( 1152): Missing ActivityManager; assuming 1000 holds android.permission.SET_PREFERRED_APPLICATIONS
01-01 00:15:31.015 W/android.permission.PermissionManager( 1152): Missing ActivityManager; assuming 1000 holds android.permission.SET_PREFERRED_APPLICATIONS
01-01 00:15:31.015 W/android.permission.PermissionManager( 1152): Missing ActivityManager; assuming 1000 holds android.permission.SET_PREFERRED_APPLICATIONS
01-01 00:15:31.016 W/android.permission.PermissionManager( 1152): Missing ActivityManager; assuming 1000 holds android.permission.SET_PREFERRED_APPLICATIONS
01-01 00:15:31.016 W/android.permission.PermissionManager( 1152): Missing ActivityManager; assuming 1000 holds android.permission.SET_PREFERRED_APPLICATIONS
01-01 00:15:31.016 W/android.permission.PermissionManager( 1152): Missing ActivityManager; assuming 1000 holds android.permission.SET_PREFERRED_APPLICATIONS
01-01 00:15:31.017 W/android.permission.PermissionManager( 1152): Missing ActivityManager; assuming 1000 holds android.permission.SET_PREFERRED_APPLICATIONS
01-01 00:15:31.017 W/android.permission.PermissionManager( 1152): Missing ActivityManager; assuming 1000 holds android.permission.SET_PREFERRED_APPLICATIONS
01-01 00:15:31.017 W/android.permission.PermissionManager( 1152): Missing ActivityManager; assuming 1000 holds android.permission.SET_PREFERRED_APPLICATIONS
01-01 00:15:31.018 W/android.permission.PermissionManager( 1152): Missing ActivityManager; assuming 1000 holds android.permission.SET_PREFERRED_APPLICATIONS
01-01 00:15:31.018 W/android.permission.PermissionManager( 1152): Missing ActivityManager; assuming 1000 holds android.permission.SET_PREFERRED_APPLICATIONS
01-01 00:15:31.018 W/android.permission.PermissionManager( 1152): Missing ActivityManager; assuming 1000 holds android.permission.SET_PREFERRED_APPLICATIONS
01-01 00:15:31.018 W/android.permission.PermissionManager( 1152): Missing ActivityManager; assuming 1000 holds android.permission.SET_PREFERRED_APPLICATIONS
01-01 00:15:31.019 W/android.permission.PermissionManager( 1152): Missing ActivityManager; assuming 1000 holds android.permission.SET_PREFERRED_APPLICATIONS
01-01 00:15:31.019 W/android.permission.PermissionManager( 1152): Missing ActivityManager; assuming 1000 holds android.permission.SET_PREFERRED_APPLICATIONS
01-01 00:15:31.019 W/android.permission.PermissionManager( 1152): Missing ActivityManager; assuming 1000 holds android.permission.SET_PREFERRED_APPLICATIONS
01-01 00:15:31.020 W/android.permission.PermissionManager( 1152): Missing ActivityManager; assuming 1000 holds android.permission.SET_PREFERRED_APPLICATIONS
01-01 00:15:31.860 E/kona-asoc-snd soc( 0): qcom,msm-audio-apr:qcom,q6core-audio:sound: ASoC: Failed to add route Digital Mic4 -> direct -> MIC BIAS4
01-01 00:15:31.860 E/kona-asoc-snd soc( 0): qcom,msm-audio-apr:qcom,q6core-audio:sound: ASoC: no source widget found for MIC BIAS4
01-01 00:15:31.020 W/android.permission.PermissionManager( 1152): Missing ActivityManager; assuming 1000 holds android.permission.SET_PREFERRED_APPLICATIONS
01-01 00:15:31.020 W/android.permission.PermissionManager( 1152): Missing ActivityManager; assuming 1000 holds android.permission.SET_PREFERRED_APPLICATIONS
01-01 00:15:31.021 W/android.permission.PermissionManager( 1152): Missing ActivityManager; assuming 1000 holds android.permission.SET_PREFERRED_APPLICATIONS
01-01 00:15:31.024 W/android.permission.PermissionManager( 1152): Missing ActivityManager; assuming 1000 holds android.permission.SET_PREFERRED_APPLICATIONS
01-01 00:15:31.024 W/android.permission.PermissionManager( 1152): Missing ActivityManager; assuming 1000 holds android.permission.SET_PREFERRED_APPLICATIONS
01-01 00:15:31.025 W/android.permission.PermissionManager( 1152): Missing ActivityManager; assuming 1000 holds android.permission.SET_PREFERRED_APPLICATIONS
01-01 00:15:31.025 W/android.permission.PermissionManager( 1152): Missing ActivityManager; assuming 1000 holds android.permission.SET_PREFERRED_APPLICATIONS
01-01 00:15:31.025 W/android.permission.PermissionManager( 1152): Missing ActivityManager; assuming 1000 holds android.permission.SET_PREFERRED_APPLICATIONS
01-01 00:15:31.025 W/android.permission.PermissionManager( 1152): Missing ActivityManager; assuming 1000 holds android.permission.SET_PREFERRED_APPLICATIONS
01-01 00:15:31.026 W/android.permission.PermissionManager( 1152): Missing ActivityManager; assuming 1000 holds android.permission.SET_PREFERRED_APPLICATIONS
01-01 00:15:31.026 W/android.permission.PermissionManager( 1152): Missing ActivityManager; assuming 1000 holds android.permission.SET_PREFERRED_APPLICATIONS
01-01 00:15:31.026 W/android.permission.PermissionManager( 1152): Missing ActivityManager; assuming 1000 holds android.permission.SET_PREFERRED_APPLICATIONS
01-01 00:15:31.027 W/android.permission.PermissionManager( 1152): Missing ActivityManager; assuming 1000 holds android.permission.SET_PREFERRED_APPLICATIONS
01-01 00:15:31.027 W/android.permission.PermissionManager( 1152): Missing ActivityManager; assuming 1000 holds android.permission.SET_PREFERRED_APPLICATIONS
01-01 00:15:31.027 W/android.permission.PermissionManager( 1152): Missing ActivityManager; assuming 1000 holds android.permission.SET_PREFERRED_APPLICATIONS
01-01 00:15:31.028 W/android.permission.PermissionManager( 1152): Missing ActivityManager; assuming 1000 holds android.permission.SET_PREFERRED_APPLICATIONS
01-01 00:15:31.028 W/android.permission.PermissionManager( 1152): Missing ActivityManager; assuming 1000 holds android.permission.SET_PREFERRED_APPLICATIONS
01-01 00:15:31.029 W/android.permission.PermissionManager( 1152): Missing ActivityManager; assuming 1000 holds android.permission.SET_PREFERRED_APPLICATIONS
01-01 00:15:31.029 W/android.permission.PermissionManager( 1152): Missing ActivityManager; assuming 1000 holds android.permission.SET_PREFERRED_APPLICATIONS
01-01 00:15:31.029 W/android.permission.PermissionManager( 1152): Missing ActivityManager; assuming 1000 holds android.permission.SET_PREFERRED_APPLICATIONS
01-01 00:15:31.029 W/android.permission.PermissionManager( 1152): Missing ActivityManager; assuming 1000 holds android.permission.SET_PREFERRED_APPLICATIONS
01-01 00:15:31.030 W/android.permission.PermissionManager( 1152): Missing ActivityManager; assuming 1000 holds android.permission.SET_PREFERRED_APPLICATIONS
01-01 00:15:31.030 W/android.permission.PermissionManager( 1152): Missing ActivityManager; assuming 1000 holds android.permission.SET_PREFERRED_APPLICATIONS
01-01 00:15:31.030 W/android.permission.PermissionManager( 1152): Missing ActivityManager; assuming 1000 holds android.permission.SET_PREFERRED_APPLICATIONS
01-01 00:15:31.031 W/android.permission.PermissionManager( 1152): Missing ActivityManager; assuming 1000 holds android.permission.SET_PREFERRED_APPLICATIONS
01-01 00:15:31.031 W/android.permission.PermissionManager( 1152): Missing ActivityManager; assuming 1000 holds android.permission.SET_PREFERRED_APPLICATIONS
01-01 00:15:31.031 W/android.permission.PermissionManager( 1152): Missing ActivityManager; assuming 1000 holds android.permission.SET_PREFERRED_APPLICATIONS
01-01 00:15:31.031 W/android.permission.PermissionManager( 1152): Missing ActivityManager; assuming 1000 holds android.permission.SET_PREFERRED_APPLICATIONS
01-01 00:15:31.032 W/android.permission.PermissionManager( 1152): Missing ActivityManager; assuming 1000 holds android.permission.SET_PREFERRED_APPLICATIONS
01-01 00:15:31.032 W/android.permission.PermissionManager( 1152): Missing ActivityManager; assuming 1000 holds android.permission.SET_PREFERRED_APPLICATIONS
01-01 00:15:31.032 W/android.permission.PermissionManager( 1152): Missing ActivityManager; assuming 1000 holds android.permission.SET_PREFERRED_APPLICATIONS
01-01 00:15:31.033 W/android.permission.PermissionManager( 1152): Missing ActivityManager; assuming 1000 holds android.permission.SET_PREFERRED_APPLICATIONS
01-01 00:15:31.033 W/android.permission.PermissionManager( 1152): Missing ActivityManager; assuming 1000 holds android.permission.SET_PREFERRED_APPLICATIONS
01-01 00:15:31.033 W/android.permission.PermissionManager( 1152): Missing ActivityManager; assuming 1000 holds android.permission.SET_PREFERRED_APPLICATIONS
01-01 00:15:31.033 W/android.permission.PermissionManager( 1152): Missing ActivityManager; assuming 1000 holds android.permission.SET_PREFERRED_APPLICATIONS
01-01 00:15:31.034 W/android.permission.PermissionManager( 1152): Missing ActivityManager; assuming 1000 holds android.permission.SET_PREFERRED_APPLICATIONS
01-01 00:15:31.034 W/android.permission.PermissionManager( 1152): Missing ActivityManager; assuming 1000 holds android.permission.SET_PREFERRED_APPLICATIONS
01-01 00:15:31.034 W/android.permission.PermissionManager( 1152): Missing ActivityManager; assuming 1000 holds android.permission.SET_PREFERRED_APPLICATIONS
01-01 00:15:31.035 W/android.permission.PermissionManager( 1152): Missing ActivityManager; assuming 1000 holds android.permission.SET_PREFERRED_APPLICATIONS
01-01 00:15:31.035 W/android.permission.PermissionManager( 1152): Missing ActivityManager; assuming 1000 holds android.permission.SET_PREFERRED_APPLICATIONS
