08-18 16:54:36.457 D/SystemServerTiming( 1152): ssm.onStartUser-0_com.android.server.emergency.EmergencyAffordanceService took to complete: 0ms
08-18 16:54:36.457 I/SystemServerTiming( 1152): ssm.onStartUser-0_com.android.server.blob.BlobStoreManagerService
08-18 16:54:36.457 D/SystemServerTiming( 1152): ssm.onStartUser-0_com.android.server.blob.BlobStoreManagerService took to complete: 0ms
08-18 16:54:36.457 I/SystemServerTiming( 1152): ssm.onStartUser-0_com.android.server.dreams.DreamManagerService
08-18 16:54:36.457 D/SystemServerTiming( 1152): ssm.onStartUser-0_com.android.server.dreams.DreamManagerService took to complete: 0ms
08-18 16:54:36.457 I/SystemServerTiming( 1152): ssm.onStartUser-0_com.android.server.print.PrintManagerService
08-18 16:54:36.458 D/SystemServerTiming( 1152): ssm.onStartUser-0_com.android.server.print.PrintManagerService took to complete: 0ms
08-18 16:54:36.458 I/SystemServerTiming( 1152): ssm.onStartUser-0_com.android.server.companion.CompanionDeviceManagerService
08-18 16:54:36.458 D/SystemServerTiming( 1152): ssm.onStartUser-0_com.android.server.companion.CompanionDeviceManagerService took to complete: 0ms
08-18 16:54:36.458 I/SystemServerTiming( 1152): ssm.onStartUser-0_com.android.server.restrictions.RestrictionsManagerService
08-18 16:54:36.458 D/SystemServerTiming( 1152): ssm.onStartUser-0_com.android.server.restrictions.RestrictionsManagerService took to complete: 0ms
08-18 16:54:36.458 I/SystemServerTiming( 1152): ssm.onStartUser-0_com.android.server.media.MediaSessionService
08-18 16:54:36.458 D/SystemServerTiming( 1152): ssm.onStartUser-0_com.android.server.media.MediaSessionService took to complete: 0ms
08-18 16:54:36.458 I/SystemServerTiming( 1152): ssm.onStartUser-0_com.android.server.media.MediaResourceMonitorService
08-18 16:54:36.458 D/SystemServerTiming( 1152): ssm.onStartUser-0_com.android.server.media.MediaResourceMonitorService took to complete: 0ms
08-18 16:54:36.458 I/SystemServerTiming( 1152): ssm.onStartUser-0_com.android.server.biometrics.sensors.fingerprint.FingerprintService
08-18 16:54:36.458 D/SystemServerTiming( 1152): ssm.onStartUser-0_com.android.server.biometrics.sensors.fingerprint.FingerprintService took to complete: 0ms
08-18 16:54:36.458 I/SystemServerTiming( 1152): ssm.onStartUser-0_com.android.server.biometrics.BiometricService
08-18 16:54:36.458 D/SystemServerTiming( 1152): ssm.onStartUser-0_com.android.server.biometrics.BiometricService took to complete: 0ms
08-18 16:54:36.458 I/SystemServerTiming( 1152): ssm.onStartUser-0_com.android.server.biometrics.AuthService
08-18 16:54:36.458 D/SystemServerTiming( 1152): ssm.onStartUser-0_com.android.server.biometrics.AuthService took to complete: 0ms
08-18 16:54:36.458 I/SystemServerTiming( 1152): ssm.onStartUser-0_com.android.server.pm.ShortcutService$Lifecycle
08-18 16:54:36.458 D/SystemServerTiming( 1152): ssm.onStartUser-0_com.android.server.pm.ShortcutService$Lifecycle took to complete: 0ms
08-18 16:54:36.459 I/SystemServerTiming( 1152): ssm.onStartUser-0_com.android.server.pm.LauncherAppsService
08-18 16:54:36.459 D/SystemServerTiming( 1152): ssm.onStartUser-0_com.android.server.pm.LauncherAppsService took to complete: 0ms
08-18 16:54:36.459 I/SystemServerTiming( 1152): ssm.onStartUser-0_com.android.server.pm.CrossProfileAppsService
08-18 16:54:36.459 D/SystemServerTiming( 1152): ssm.onStartUser-0_com.android.server.pm.CrossProfileAppsService took to complete: 0ms
08-18 16:54:36.459 I/SystemServerTiming( 1152): ssm.onStartUser-0_com.android.server.people.PeopleService
08-18 16:54:36.460 D/SystemServerTiming( 1152): ssm.onStartUser-0_com.android.server.people.PeopleService took to complete: 0ms
08-18 16:54:36.460 I/SystemServerTiming( 1152): ssm.onStartUser-0_com.android.server.media.metrics.MediaMetricsManagerService
08-18 16:54:36.460 D/SystemServerTiming( 1152): ssm.onStartUser-0_com.android.server.media.metrics.MediaMetricsManagerService took to complete: 0ms
08-18 16:54:36.460 I/SystemServerTiming( 1152): ssm.onStartUser-0_com.android.server.media.projection.MediaProjectionManagerService
08-18 16:54:36.460 D/SystemServerTiming( 1152): ssm.onStartUser-0_com.android.server.media.projection.MediaProjectionManagerService took to complete: 0ms
08-18 16:54:36.460 I/SystemServerTiming( 1152): ssm.onStartUser-0_com.android.server.slice.SliceManagerService$Lifecycle
08-18 16:54:36.460 D/SystemServerTiming( 1152): ssm.onStartUser-0_com.android.server.slice.SliceManagerService$Lifecycle took to complete: 0ms
08-18 16:54:36.460 I/SystemServerTiming( 1152): ssm.onStartUser-0_com.android.server.stats.StatsCompanion$Lifecycle
08-18 16:54:36.460 D/SystemServerTiming( 1152): ssm.onStartUser-0_com.android.server.stats.StatsCompanion$Lifecycle took to complete: 0ms
08-18 16:54:36.460 I/SystemServerTiming( 1152): ssm.onStartUser-0_com.android.server.scheduling.RebootReadinessManagerService$Lifecycle
08-18 16:54:36.460 D/SystemServerTiming( 1152): ssm.onStartUser-0_com.android.server.scheduling.RebootReadinessManagerService$Lifecycle took to complete: 0ms
08-18 16:54:36.460 I/SystemServerTiming( 1152): ssm.onStartUser-0_com.android.server.stats.pull.StatsPullAtomService
08-18 16:54:36.460 D/SystemServerTiming( 1152): ssm.onStartUser-0_com.android.server.stats.pull.StatsPullAtomService took to complete: 0ms
08-18 16:54:36.460 I/SystemServerTiming( 1152): ssm.onStartUser-0_com.android.server.incident.IncidentCompanionService
08-18 16:54:36.460 D/SystemServerTiming( 1152): ssm.onStartUser-0_com.android.server.incident.IncidentCompanionService took to complete: 0ms
08-18 16:54:36.460 I/SystemServerTiming( 1152): ssm.onStartUser-0_com.android.server.MmsServiceBroker
08-18 16:54:36.460 D/SystemServerTiming( 1152): ssm.onStartUser-0_com.android.server.MmsServiceBroker took to complete: 0ms
08-18 16:54:36.461 I/SystemServerTiming( 1152): ssm.onStartUser-0_com.android.server.autofill.AutofillManagerService
08-18 16:54:36.461 D/SystemServerTiming( 1152): ssm.onStartUser-0_com.android.server.autofill.AutofillManagerService took to complete: 0ms
08-18 16:54:36.461 I/SystemServerTiming( 1152): ssm.onStartUser-0_com.android.server.clipboard.ClipboardService
08-18 16:54:36.461 D/SystemServerTiming( 1152): ssm.onStartUser-0_com.android.server.clipboard.ClipboardService took to complete: 0ms
08-18 16:54:36.461 I/SystemServerTiming( 1152): ssm.onStartUser-0_com.android.server.appbinding.AppBindingService$Lifecycle
08-18 16:54:36.461 D/SystemServerTiming( 1152): ssm.onStartUser-0_com.android.server.appbinding.AppBindingService$Lifecycle took to complete: 1ms
08-18 16:54:36.461 I/SystemServerTiming( 1152): ssm.onStartUser-0_com.android.server.tracing.TracingServiceProxy
08-18 16:54:36.461 D/SystemServerTiming( 1152): ssm.onStartUser-0_com.android.server.tracing.TracingServiceProxy took to complete: 0ms
08-18 16:54:36.461 I/SystemServerTiming( 1152): ssm.onStartUser-0_com.android.server.policy.PermissionPolicyService
08-18 16:54:36.461 D/SystemServerTiming( 1152): ssm.onStartUser-0_com.android.server.policy.PermissionPolicyService took to complete: 0ms
08-18 16:54:36.461 I/SystemServerTiming( 1152): ssm.onStartUser-0_com.android.server.pm.StagingManager$Lifecycle
08-18 16:54:36.461 D/SystemServerTiming( 1152): ssm.onStartUser-0_com.android.server.pm.StagingManager$Lifecycle took to complete: 0ms
08-18 16:54:36.461 I/SystemServerTiming( 1152): ssm.onStartUser-0_com.android.server.app.GameManagerService$Lifecycle
08-18 16:54:36.465 V/GameManagerService( 1152): Settings file doesn't exists, skip reading
08-18 16:54:36.466 D/SystemServerTiming( 1152): ssm.onStartUser-0_com.android.server.app.GameManagerService$Lifecycle took to complete: 4ms
08-18 16:54:36.466 I/SystemServerTiming( 1152): ssm.onStartUser-0_com.android.server.appsearch.AppSearchManagerService
08-18 16:54:36.466 D/SystemServerTiming( 1152): ssm.onStartUser-0_com.android.server.appsearch.AppSearchManagerService took to complete: 0ms
08-18 16:54:36.466 I/SystemServerTiming( 1152): ssm.onStartUser-0_com.android.server.media.MediaCommunicationService
08-18 16:54:36.466 D/SystemServerTiming( 1152): ssm.onStartUser-0_com.android.server.media.MediaCommunicationService took to complete: 0ms
08-18 16:54:36.466 D/SystemServerTiming( 1152): ssm.StartUser-0 took to complete: 60ms
08-18 16:54:36.466 I/SystemServerTiming( 1152): startPersistentApps
08-18 16:54:36.469 D/CompatibilityChangeReporter( 1152): Compat change id reported: 135634846; UID 1001; state: DISABLED
08-18 16:54:36.469 D/CompatibilityChangeReporter( 1152): Compat change id reported: 177438394; UID 1001; state: DISABLED
08-18 16:54:36.470 D/CompatibilityChangeReporter( 1152): Compat change id reported: 135772972; UID 1001; state: DISABLED
08-18 16:54:36.470 D/CompatibilityChangeReporter( 1152): Compat change id reported: 135754954; UID 1001; state: ENABLED
08-18 16:54:36.471 D/CompatibilityChangeReporter( 1152): Compat change id reported: 135634846; UID 10057; state: DISABLED
08-18 16:54:36.472 D/CompatibilityChangeReporter( 1152): Compat change id reported: 177438394; UID 10057; state: DISABLED
08-18 16:54:36.472 D/CompatibilityChangeReporter( 1152): Compat change id reported: 135772972; UID 10057; state: DISABLED
08-18 16:54:36.473 D/CompatibilityChangeReporter( 1152): Compat change id reported: 135754954; UID 10057; state: DISABLED
08-18 16:54:36.474 D/CompatibilityChangeReporter( 1152): Compat change id reported: 135634846; UID 10080; state: DISABLED
08-18 16:54:36.474 D/CompatibilityChangeReporter( 1152): Compat change id reported: 177438394; UID 10080; state: DISABLED
08-18 16:54:36.474 D/CompatibilityChangeReporter( 1152): Compat change id reported: 135772972; UID 10080; state: DISABLED
08-18 16:54:36.474 D/CompatibilityChangeReporter( 1152): Compat change id reported: 135754954; UID 10080; state: ENABLED
08-18 16:54:36.476 D/CompatibilityChangeReporter( 1152): Compat change id reported: 135634846; UID 10131; state: DISABLED
08-18 16:54:36.476 D/CompatibilityChangeReporter( 1152): Compat change id reported: 177438394; UID 10131; state: DISABLED
08-18 16:54:36.476 D/CompatibilityChangeReporter( 1152): Compat change id reported: 135772972; UID 10131; state: DISABLED
08-18 16:54:36.476 D/CompatibilityChangeReporter( 1152): Compat change id reported: 135754954; UID 10131; state: ENABLED
08-18 16:54:36.477 D/CompatibilityChangeReporter( 1152): Compat change id reported: 135634846; UID 10109; state: DISABLED
08-18 16:54:36.477 D/CompatibilityChangeReporter( 1152): Compat change id reported: 177438394; UID 10109; state: DISABLED
08-18 16:54:36.477 D/CompatibilityChangeReporter( 1152): Compat change id reported: 135772972; UID 10109; state: DISABLED
08-18 16:54:36.477 D/CompatibilityChangeReporter( 1152): Compat change id reported: 135754954; UID 10109; state: ENABLED
08-18 16:54:36.477 D/CompatibilityChangeReporter( 1152): Compat change id reported: 135634846; UID 1000; state: DISABLED
08-18 16:54:36.477 D/CompatibilityChangeReporter( 1152): Compat change id reported: 177438394; UID 1000; state: DISABLED
08-18 16:54:36.478 D/CompatibilityChangeReporter( 1152): Compat change id reported: 135772972; UID 1000; state: DISABLED
08-18 16:54:36.478 D/CompatibilityChangeReporter( 1152): Compat change id reported: 135754954; UID 1000; state: ENABLED
08-18 16:54:36.478 D/CompatibilityChangeReporter( 1152): Compat change id reported: 135634846; UID 10106; state: DISABLED
08-18 16:54:36.478 D/CompatibilityChangeReporter( 1152): Compat change id reported: 177438394; UID 10106; state: DISABLED
08-18 16:54:36.478 D/CompatibilityChangeReporter( 1152): Compat change id reported: 135772972; UID 10106; state: DISABLED
08-18 16:54:36.478 D/CompatibilityChangeReporter( 1152): Compat change id reported: 135754954; UID 10106; state: ENABLED
08-18 16:54:36.479 D/CompatibilityChangeReporter( 1152): Compat change id reported: 135634846; UID 10118; state: DISABLED
08-18 16:54:36.479 D/CompatibilityChangeReporter( 1152): Compat change id reported: 177438394; UID 10118; state: DISABLED
08-18 16:54:36.479 D/CompatibilityChangeReporter( 1152): Compat change id reported: 135772972; UID 10118; state: DISABLED
08-18 16:54:36.479 D/CompatibilityChangeReporter( 1152): Compat change id reported: 135754954; UID 10118; state: DISABLED
08-18 16:54:36.479 D/CompatibilityChangeReporter( 1152): Compat change id reported: 135634846; UID 1068; state: DISABLED
08-18 16:54:36.480 D/CompatibilityChangeReporter( 1152): Compat change id reported: 135634846; UID 10076; state: DISABLED
08-18 16:54:36.482 D/CompatibilityChangeReporter( 1152): Compat change id reported: 177438394; UID 10076; state: DISABLED
08-18 16:54:36.482 D/CompatibilityChangeReporter( 1152): Compat change id reported: 135772972; UID 10076; state: DISABLED
08-18 16:54:36.482 D/CompatibilityChangeReporter( 1152): Compat change id reported: 135754954; UID 10076; state: ENABLED
08-18 16:54:36.485 D/SystemServerTiming( 1152): startPersistentApps took to complete: 18ms
08-18 16:54:36.485 I/SystemServerTiming( 1152): startHomeOnAllDisplays
08-18 16:54:36.486 I/ActivityTaskManager( 1152): START u0 {act=android.intent.action.MAIN cat=[android.intent.category.HOME] flg=0x10000100 cmp=com.android.settings/.FallbackHome (has extras)} from uid 0
08-18 16:54:36.497 D/CompatibilityChangeReporter( 1152): Compat change id reported: 174042980; UID 1000; state: DISABLED
01-01 00:15:36.264 I/cnss-daemon( 0): wlfw_qmi_ind_cb: Receive Ind : 0x2a
01-01 00:15:36.274 I/binder ( 0): 1913:1913 ioctl 40046210 7fc78c36c4 returned -22
08-18 16:54:36.537 W/ContextImpl( 1152): Calling a method in the system process without a qualified user: android.app.ContextImpl.bindService:1895 android.content.ContextWrapper.bindService:810 com.qualcomm.qti.activityextension.ActivityNotifier.bindToDynamicDDSService:103 com.qualcomm.qti.activityextension.ActivityNotifier.handleSendActivityInvokeNotification:184 com.qualcomm.qti.activityextension.ActivityNotifier.access$300:26
08-18 16:54:36.538 D/CompatibilityChangeReporter( 1152): Compat change id reported: 168419799; UID 1000; state: DISABLED
01-01 00:15:36.305 I/msm_vidc( 0): high: 00000001: ....e: Opening video instance: fffffff120298000, 0
08-18 16:54:36.540 D/SystemServerTiming( 1152): startHomeOnAllDisplays took to complete: 56ms
08-18 16:54:36.540 I/SystemServerTiming( 1152): showSystemReadyErrorDialogs
01-01 00:15:36.321 I/binder ( 0): 1928:1928 ioctl 40046210 7fc78c36c4 returned -22
08-18 16:54:36.591 W/ActivityManager( 1152): Slow operation: 124ms so far, now at startProcess: returned from zygote!
08-18 16:54:36.592 D/SystemServerTiming( 1152): showSystemReadyErrorDialogs took to complete: 51ms
08-18 16:54:36.592 I/SystemServerTiming( 1152): sendUserStartBroadcast
08-18 16:54:36.592 D/SystemServerTiming( 1152): sendUserStartBroadcast took to complete: 1ms
01-01 00:15:36.353 I/msm_vidc( 0): high: 00000001: h265e: Closed video instance: fffffff120298000
08-18 16:54:36.592 I/SystemServerTiming( 1152): resumeTopActivities
08-18 16:54:36.594 D/SystemServerTiming( 1152): resumeTopActivities took to complete: 2ms
08-18 16:54:36.594 I/SystemServerTiming( 1152): sendUserSwitchBroadcasts
08-18 16:54:36.595 D/SystemServerTiming( 1152): sendUserSwitchBroadcasts took to complete: 0ms
08-18 16:54:36.595 I/SystemServerTiming( 1152): setBinderProxies
08-18 16:54:36.595 D/SystemServerTiming( 1152): setBinderProxies took to complete: 1ms
08-18 16:54:36.595 D/SystemServerTiming( 1152): ActivityManagerStartApps took to complete: 189ms
08-18 16:54:36.595 D/SystemServerTiming( 1152): PhaseActivityManagerReady took to complete: 618ms
08-18 16:54:36.595 I/SystemServerTiming( 1152): StartSystemUI
08-18 16:54:36.599 D/SystemServerTiming( 1152): StartSystemUI took to complete: 3ms
08-18 16:54:36.599 I/SystemServerTiming( 1152): startRemoteControlService
08-18 16:54:36.601 W/ContextImpl( 1152): Calling a method in the system process without a qualified user: android.app.ContextImpl.bindService:1895 android.content.ContextWrapper.bindService:810 com.qualcomm.qti.activityextension.ActivityNotifier.bindToDynamicDDSService:103 com.qualcomm.qti.activityextension.ActivityNotifier.handleSendActivityInvokeNotification:184 com.qualcomm.qti.activityextension.ActivityNotifier.access$300:26
08-18 16:54:36.602 W/ActivityManager( 1152): No pending application record for pid 1928 (IApplicationThread android.app.IApplicationThread$Stub$Proxy@56f96d6); dropping process
08-18 16:54:36.610 W/ActivityManager( 1152): Slow operation: 142ms so far, now at startProcess: done updating battery stats
08-18 16:54:36.610 W/ActivityManager( 1152): Slow operation: 142ms so far, now at startProcess: building log message
08-18 16:54:36.610 I/ActivityManager( 1152): Start proc 1967:.dataservices/1001 for added application .dataservices
08-18 16:54:36.610 W/ActivityManager( 1152): Slow operation: 142ms so far, now at startProcess: starting to update pids map
08-18 16:54:36.612 W/ActivityManager( 1152): Slow operation: 144ms so far, now at startProcess: done updating pids map
08-18 16:54:36.612 W/ActivityManager( 1152): Slow operation: 140ms so far, now at startProcess: asking zygote to start proc
08-18 16:54:36.612 D/CompatibilityChangeReporter( 1152): Compat change id reported: 143937733; UID 10057; state: DISABLED
08-18 16:54:36.625 D/SystemServerTiming( 1152): startRemoteControlService took to complete: 27ms
08-18 16:54:36.625 D/SystemServerTiming( 1152): startOtherServices took to complete: 2901ms
08-18 16:54:36.625 D/SystemServerTiming( 1152): StartServices took to complete: 7174ms
01-01 00:15:36.388 I/binder ( 0): 1301:1301 ioctl 40046210 7fd2482ca4 returned -22
08-18 16:54:36.632 W/ContextImpl( 1152): Calling a method in the system process without a qualified user: android.app.ContextImpl.bindService:1895 android.content.ContextWrapper.bindService:810 com.qualcomm.qti.activityextension.ActivityNotifier.bindToDynamicDDSService:103 com.qualcomm.qti.activityextension.ActivityNotifier.handleSendActivityInvokeNotification:184 com.qualcomm.qti.activityextension.ActivityNotifier.access$300:26
08-18 16:54:36.634 W/Looper ( 1152): Slow delivery took 5649ms main h=android.app.PropertyInvalidatedCache$AutoCorker$1 c=null m=0
08-18 16:54:36.652 W/PackageManager( 1152): Loading a package that does not exist for the calling user. package=null, user=0
08-18 16:54:36.657 D/ConditionProviders.SCP( 1152): onConnected
08-18 16:54:36.660 D/ConditionProviders( 1152): Subscribing to condition://android/event?userId=-10000&calendar=&reply=1 with ComponentInfo{android/com.android.server.notification.EventConditionProvider}
08-18 16:54:36.660 D/ConditionProviders( 1152): Subscribing to condition://android/schedule?days=1.2.3.4.5.6.7&start=22.0&end=7.0&exitAtAlarm=true with ComponentInfo{android/com.android.server.notification.ScheduleConditionProvider}
08-18 16:54:36.666 W/ActivityManager( 1152): Slow operation: 195ms so far, now at startProcess: returned from zygote!
08-18 16:54:36.670 D/CompatibilityChangeReporter( 1152): Compat change id reported: 135634846; UID 10140; state: DISABLED
08-18 16:54:36.670 D/CompatibilityChangeReporter( 1152): Compat change id reported: 177438394; UID 10140; state: DISABLED
08-18 16:54:36.671 D/CompatibilityChangeReporter( 1152): Compat change id reported: 135772972; UID 10140; state: DISABLED
08-18 16:54:36.671 D/CompatibilityChangeReporter( 1152): Compat change id reported: 135754954; UID 10140; state: ENABLED
08-18 16:54:36.672 W/ActivityManager( 1152): Slow operation: 201ms so far, now at startProcess: done updating battery stats
08-18 16:54:36.673 W/ActivityManager( 1152): Slow operation: 201ms so far, now at startProcess: building log message
08-18 16:54:36.673 I/ActivityManager( 1152): Start proc 1982:.qtidataservices/u0a57 for added application .qtidataservices
08-18 16:54:36.673 W/ActivityManager( 1152): Slow operation: 201ms so far, now at startProcess: starting to update pids map
08-18 16:54:36.674 W/ActivityManager( 1152): Slow operation: 203ms so far, now at startProcess: done updating pids map
08-18 16:54:36.676 W/ActivityManager( 1152): Slow operation: 202ms so far, now at startProcess: asking zygote to start proc
08-18 16:54:36.677 D/CompatibilityChangeReporter( 1152): Compat change id reported: 143937733; UID 10080; state: ENABLED
01-01 00:15:36.485 I/msm_vidc( 0): high: 00000001: ....d: Opening video instance: fffffff11d8c8000, 1
01-01 00:15:36.489 I/binder ( 0): 1238:1238 ioctl 40046210 7ffa0daa74 returned -22
01-01 00:15:36.495 I/binder ( 0): 1967:1967 ioctl 40046210 7fc78c36c4 returned -22
01-01 00:15:36.510 I/binder ( 0): 1982:1982 ioctl 40046210 7fc78c36c4 returned -22
01-01 00:15:36.514 I/msm_vidc( 0): high: 00000001: h264d: Closed video instance: fffffff11d8c8000
08-18 16:54:36.770 D/CompatibilityChangeReporter( 1152): Compat change id reported: 168419799; UID 1001; state: DISABLED
08-18 16:54:36.775 D/CompatibilityChangeReporter( 1152): Compat change id reported: 181136395; UID 1000; state: DISABLED
08-18 16:54:36.779 D/CompatibilityChangeReporter( 1152): Compat change id reported: 174042936; UID 1000; state: DISABLED
08-18 16:54:36.791 D/CompatibilityChangeReporter( 1152): Compat change id reported: 168419799; UID 1001; state: DISABLED
08-18 16:54:36.797 D/CompatibilityChangeReporter( 1152): Compat change id reported: 168419799; UID 10057; state: DISABLED
01-01 00:15:36.604 I/msm_vidc( 0): high: 00000001: ....d: Opening video instance: fffffff11bf44000, 1
08-18 16:54:36.812 W/ActivityManager( 1152): Slow operation: 339ms so far, now at startProcess: returned from zygote!
08-18 16:54:36.812 W/ActivityManager( 1152): Slow operation: 339ms so far, now at startProcess: done updating battery stats
08-18 16:54:36.812 W/ActivityManager( 1152): Slow operation: 339ms so far, now at startProcess: building log message
08-18 16:54:36.813 I/ActivityManager( 1152): Start proc 2029:com.qti.phone/u0a80 for added application com.qti.phone
08-18 16:54:36.813 W/ActivityManager( 1152): Slow operation: 339ms so far, now at startProcess: starting to update pids map
08-18 16:54:36.813 W/ActivityManager( 1152): Slow operation: 340ms so far, now at startProcess: done updating pids map
08-18 16:54:36.813 W/ActivityManager( 1152): Slow operation: 339ms so far, now at startProcess: asking zygote to start proc
01-01 00:15:36.641 I/msm_vidc( 0): high: 00000001: h264d: Closed video instance: fffffff11bf44000
08-18 16:54:36.851 W/ActivityManager( 1152): Slow operation: 377ms so far, now at startProcess: returned from zygote!
08-18 16:54:36.852 W/ActivityManager( 1152): Slow operation: 377ms so far, now at startProcess: done updating battery stats
08-18 16:54:36.852 W/ActivityManager( 1152): Slow operation: 377ms so far, now at startProcess: building log message
08-18 16:54:36.852 I/ActivityManager( 1152): Start proc 2035:com.android.networkstack.process/1073 for added application com.android.networkstack.process
08-18 16:54:36.852 W/ActivityManager( 1152): Slow operation: 377ms so far, now at startProcess: starting to update pids map
08-18 16:54:36.854 W/ActivityManager( 1152): Slow operation: 380ms so far, now at startProcess: done updating pids map
08-18 16:54:36.854 W/ActivityManager( 1152): Slow operation: 379ms so far, now at startProcess: asking zygote to start proc
08-18 16:54:36.854 D/CompatibilityChangeReporter( 1152): Compat change id reported: 143937733; UID 10131; state: ENABLED
01-01 00:15:36.652 I/perfetto( 0): enabled ftrace
08-18 16:54:36.870 W/Looper ( 1152): Slow dispatch took 181ms main h=android.app.ActivityThread$H c=null m=114
08-18 16:54:36.871 I/PackageWatchdog( 1152): Syncing health check requests for packages: {}
01-01 00:15:36.703 I/binder ( 0): 1813:1813 ioctl 40046210 7fc78c2d34 returned -22
08-18 16:54:36.872 I/ExplicitHealthCheckController( 1152): Service not ready to get health check supported packages. Binding...
08-18 16:54:36.872 I/ExplicitHealthCheckController( 1152): Explicit health check service is bound
01-01 00:15:36.708 I/binder ( 0): 2035:2035 ioctl 40046210 7fc78c36c4 returned -22
08-18 16:54:36.923 D/CompatibilityChangeReporter( 1152): Compat change id reported: 171306433; UID 1000; state: ENABLED
01-01 00:15:36.731 E/init ( 0): Control message: Could not find 'vendor.qti.hardware.iop@2.0::IIop/default' for ctl.interface_start from pid: 520 (/system/bin/hwservicemanager)
08-18 16:54:36.936 W/ActivityManager( 1152): Slow operation: 460ms so far, now at startProcess: returned from zygote!
08-18 16:54:36.936 W/ActivityManager( 1152): Slow operation: 461ms so far, now at startProcess: done updating battery stats
08-18 16:54:36.936 W/ActivityManager( 1152): Slow operation: 461ms so far, now at startProcess: building log message
08-18 16:54:36.936 I/ActivityManager( 1152): Start proc 2056:com.qualcomm.qtil.aptxacu/u0a131 for added application com.qualcomm.qtil.aptxacu
08-18 16:54:36.936 W/ActivityManager( 1152): Slow operation: 461ms so far, now at startProcess: starting to update pids map
01-01 00:15:36.732 I/binder ( 0): 2029:2029 ioctl 40046210 7fc78c36c4 returned -22
01-01 00:15:36.734 I/binder ( 0): undelivered TRANSACTION_COMPLETE
01-01 00:15:36.734 I/binder ( 0): undelivered transaction 11616, process died.
08-18 16:54:36.941 W/ActivityManager( 1152): Slow operation: 466ms so far, now at startProcess: done updating pids map
08-18 16:54:36.941 W/ActivityManager( 1152): Slow operation: 465ms so far, now at startProcess: asking zygote to start proc
08-18 16:54:36.941 D/CompatibilityChangeReporter( 1152): Compat change id reported: 143937733; UID 10109; state: ENABLED
08-18 16:54:36.943 D/CountryDetector( 1152): Using custom country detector class: com.android.server.location.ComprehensiveCountryDetector
08-18 16:54:36.943 E/CountryDetector( 1152): Could not instantiate the custom country detector class
08-18 16:54:36.943 D/CountryDetector( 1152): Using default country detector
08-18 16:54:36.959 I/SystemServerTiming( 1152): ManagedServices.unbindOtherUserServices_current0
08-18 16:54:36.959 D/SystemServerTiming( 1152): ManagedServices.unbindOtherUserServices_current0 took to complete: 0ms
08-18 16:54:36.959 I/SystemServerTiming( 1152): ManagedServices.unbindOtherUserServices_current0
08-18 16:54:36.959 D/SystemServerTiming( 1152): ManagedServices.unbindOtherUserServices_current0 took to complete: 0ms
08-18 16:54:36.960 I/SystemServerTiming( 1152): ManagedServices.unbindOtherUserServices_current0
08-18 16:54:36.962 D/SystemServerTiming( 1152): ManagedServices.unbindOtherUserServices_current0 took to complete: 0ms
08-18 16:54:36.962 V/NotificationAssistants( 1152): enabling notification assistant for 0: ComponentInfo{android.ext.services/android.ext.services.notification.Assistant}
08-18 16:54:36.962 V/NotificationAssistants( 1152): binding: Intent { act=android.service.notification.NotificationAssistantService cmp=android.ext.services/.notification.Assistant (has extras) }
08-18 16:54:36.977 D/CompatibilityChangeReporter( 1152): Compat change id reported: 168419799; UID 1073; state: DISABLED
08-18 16:54:36.995 D/CompatibilityChangeReporter( 1152): Compat change id reported: 168419799; UID 1073; state: DISABLED
08-18 16:54:37.002 W/OneHandedController( 1849): Device doesn't support OneHanded feature
08-18 16:54:37.004 I/ActivityManager( 1152): Process WebViewLoader-armeabi-v7a (pid 1897) has died: psvc PER
01-01 00:15:36.789 I/binder ( 0): 2056:2056 ioctl 40046210 7fc78c36c4 returned -22
01-01 00:15:36.791 E/init ( 0): Control message: Could not find 'vendor.qti.hardware.iop@2.0::IIop/default' for ctl.interface_start from pid: 520 (/system/bin/hwservicemanager)
01-01 00:15:36.829 D/cnss ( 0): Received QMI WLFW pin connect result indication
01-01 00:15:36.829 D/cnss ( 0): Pin connect Result: pwr_pin: 0x0 phy_io_pin: 0x0 rf_io_pin: 0x2b
01-01 00:15:36.830 D/cnss ( 0): Received QMI WLFW calibration done indication
01-01 00:15:36.830 D/cnss ( 0): Posting event: COLD_BOOT_CAL_DONE(6), state: 0xf flags: 0x0
01-01 00:15:36.830 D/cnss ( 0): PM stay awake, state: 0xf, count: 1
01-01 00:15:36.830 D/cnss ( 0): PM relax, state: 0xf, count: 0
01-01 00:15:36.830 D/cnss ( 0): Received QMI WLFW FW ready indication
01-01 00:15:36.830 D/cnss ( 0): Posting event: COLD_BOOT_CAL_DONE(6), state: 0xf flags: 0x0
01-01 00:15:36.830 D/cnss ( 0): PM stay awake, state: 0xf, count: 1
01-01 00:15:36.830 D/cnss ( 0): PM relax, state: 0xf, count: 0
01-01 00:15:36.830 D/cnss ( 0): PM stay awake, state: 0xf, count: 1
01-01 00:15:36.830 D/cnss ( 0): Processing driver event: COLD_BOOT_CAL_DONE(6), state: 0xf
01-01 00:15:36.830 D/cnss ( 0): Calibration completed successfully
01-01 00:15:36.830 D/cnss ( 0): Sending mode message, mode: OFF(4), state: 0xf
01-01 00:15:36.830 I/cnss-daemon( 0): wlfw_qmi_ind_cb: Receive Ind : 0x21
01-01 00:15:36.836 D/cnss ( 0): WLFW server exiting
01-01 00:15:36.836 D/cnss ( 0): Posting event: SERVER_EXIT(1), state: 0x2000f flags: 0x0
01-01 00:15:36.838 D/cnss ( 0): Skip driver remove
01-01 00:15:36.838 I/cnss-daemon( 0): wlfw_qmi_err_cb: Server disconnect, err -2 client 0x2K
01-01 00:15:36.839 D/cnss ( 0): Read register offset 0x1f8031c, val = 0x2
01-01 00:15:36.839 D/cnss ( 0): Write val 0x3 to register offset 0x1f8031c
01-01 00:15:36.841 I/binder ( 0): 1967:2110 ioctl 40046210 7ad55169e4 returned -22
01-01 00:15:36.842 D/cnss ( 0): Setting MHI state: POWER_OFF(4)
01-01 00:15:36.878 I/msm_vidc( 0): high: 00000001: ....d: Opening video instance: fffffff16bdd8000, 1
08-18 16:54:37.016 W/ActivityManager( 1152): Slow operation: 540ms so far, now at startProcess: returned from zygote!
08-18 16:54:37.022 W/ActivityManager( 1152): Slow operation: 545ms so far, now at startProcess: done updating battery stats
08-18 16:54:37.022 W/ActivityManager( 1152): Slow operation: 545ms so far, now at startProcess: building log message
08-18 16:54:37.022 I/ActivityManager( 1152): Start proc 2082:com.qualcomm.qtil.aptxals/u0a109 for added application com.qualcomm.qtil.aptxals
08-18 16:54:37.022 W/ActivityManager( 1152): Slow operation: 545ms so far, now at startProcess: starting to update pids map
08-18 16:54:37.023 W/ActivityManager( 1152): Slow operation: 546ms so far, now at startProcess: done updating pids map
08-18 16:54:37.023 W/ActivityManager( 1152): Slow operation: 545ms so far, now at startProcess: asking zygote to start proc
01-01 00:15:36.905 I/msm_vidc( 0): high: 00000001: h265d: Closed video instance: fffffff16bdd8000
01-01 00:15:36.908 I/binder ( 0): 2082:2082 ioctl 40046210 7fc78c36c4 returned -22
01-01 00:15:36.913 D/cnss ( 0): Suspending PCI link
01-01 00:15:36.914 I/msm_pcie_disable( 0): PCIe: Assert the reset of endpoint of RC0.
01-01 00:15:36.915 D/cnss ( 0): Setting MHI state: DEINIT(1)
01-01 00:15:36.915 D/cnss ( 0): De-assert WLAN_EN GPIO successfully
01-01 00:15:36.915 D/cnss ( 0): Regulator vdd-wlan-rfa2 is being disabled
01-01 00:15:36.915 D/cnss ( 0): Regulator vdd-wlan-rfa1 is being disabled
01-01 00:15:36.915 D/cnss ( 0): Regulator vdd-wlan-dig is being disabled
01-01 00:15:36.915 D/cnss ( 0): Regulator vdd-wlan-aon is being disabled
01-01 00:15:36.915 D/cnss ( 0): Regulator wlan-ant-switch is being disabled
01-01 00:15:36.915 D/cnss ( 0): Regulator vdd-wlan-io is being disabled
08-18 16:54:37.045 D/CompatibilityChangeReporter( 1152): Compat change id reported: 168419799; UID 10080; state: DISABLED
08-18 16:54:37.050 D/CompatibilityChangeReporter( 1152): Compat change id reported: 168419799; UID 10131; state: DISABLED
08-18 16:54:37.139 W/ActivityManager( 1152): Slow operation: 661ms so far, now at startProcess: returned from zygote!
08-18 16:54:37.139 W/ActivityManager( 1152): Slow operation: 662ms so far, now at startProcess: done updating battery stats
08-18 16:54:37.139 W/ActivityManager( 1152): Slow operation: 662ms so far, now at startProcess: building log message
08-18 16:54:37.139 I/ActivityManager( 1152): Start proc 2130:vendor.qti.qesdk.sysservice/1000 for added application vendor.qti.qesdk.sysservice
08-18 16:54:37.139 W/ActivityManager( 1152): Slow operation: 662ms so far, now at startProcess: starting to update pids map
08-18 16:54:37.140 W/ActivityManager( 1152): Slow operation: 662ms so far, now at startProcess: done updating pids map
08-18 16:54:37.140 W/ActivityManager( 1152): Slow operation: 662ms so far, now at startProcess: asking zygote to start proc
08-18 16:54:37.140 D/CompatibilityChangeReporter( 1152): Compat change id reported: 143937733; UID 10106; state: ENABLED
08-18 16:54:37.155 D/CompatibilityChangeReporter( 1152): Compat change id reported: 168419799; UID 10109; state: DISABLED
08-18 16:54:37.189 D/CompatibilityChangeReporter( 1152): Compat change id reported: 157233955; UID 10116; state: ENABLED
01-01 00:15:36.935 E/init ( 0): Control message: Could not find 'vendor.qti.hardware.iop@2.0::IIop/default' for ctl.interface_start from pid: 520 (/system/bin/hwservicemanager)
01-01 00:15:36.970 E/init ( 0): Control message: Could not find 'vendor.qti.hardware.iop@2.0::IIop/default' for ctl.interface_start from pid: 520 (/system/bin/hwservicemanager)
01-01 00:15:36.973 D/cnss ( 0): Processing driver event: COLD_BOOT_CAL_DONE(6), state: 0x20001
01-01 00:15:36.973 D/cnss ( 0): Posting event: REGISTER_DRIVER(7)-sync, state: 0x20001 flags: 0x5
01-01 00:15:36.986 D/cnss ( 0): Processing driver event: SERVER_EXIT(1), state: 0x20001
01-01 00:15:36.986 I/cnss ( 0): QMI WLFW service disconnected, state: 0x20000
01-01 00:15:37.015 E/init ( 0): Control message: Could not find 'vendor.qti.hardware.iop@2.0::IIop/default' for ctl.interface_start from pid: 520 (/system/bin/hwservicemanager)
01-01 00:15:37.020 D/cnss ( 0): Processing driver event: REGISTER_DRIVER-sync(7), state: 0x0
01-01 00:15:37.027 I/msm_vidc( 0): high: 00000001: ....d: Opening video instance: fffffff118844000, 1
01-01 00:15:37.030 D/cnss ( 0): Regulator vdd-wlan-io is being enabled
01-01 00:15:37.030 D/cnss ( 0): Regulator wlan-ant-switch is being enabled
01-01 00:15:37.032 D/cnss ( 0): Regulator vdd-wlan-aon is being enabled
01-01 00:15:37.033 D/cnss ( 0): Regulator vdd-wlan-dig is being enabled
01-01 00:15:37.035 E/ ( 0): INFO: trying to register non-static key.
01-01 00:15:37.039 D/cnss ( 0): Regulator vdd-wlan-rfa1 is being enabled
01-01 00:15:37.040 E/ ( 0): the code is fine but needs lockdep annotation.
01-01 00:15:37.042 D/cnss ( 0): Regulator vdd-wlan-rfa2 is being enabled
01-01 00:15:37.046 I/ ( 0): CPU: 1 PID: 2162 Comm: VideoDecMsgThre Tainted: G S W O 4.19.157+ #1
01-01 00:15:37.046 I/Hardware name( 0): Qualcomm Technologies, Inc. kona MTP-RmPM8150b (DT)
01-01 00:15:37.046 I/Call trace( 0):
01-01 00:15:37.046 I/ ( 0): dump_backtrace+0x0/0x258
01-01 00:15:37.046 I/ ( 0): show_stack+0x20/0x30
01-01 00:15:37.046 I/ ( 0): dump_stack+0xd8/0x12c
01-01 00:15:37.046 I/ ( 0): register_lock_class+0x4d0/0x5c8
01-01 00:15:37.046 I/ ( 0): __lock_acquire+0xbc/0x1e58
01-01 00:15:37.046 I/ ( 0): lock_acquire+0x1cc/0x218
01-01 00:15:37.046 I/ ( 0): _raw_spin_lock_irqsave+0x54/0x98
01-01 00:15:37.046 I/ ( 0): __ion_system_secure_heap_resize+0x768/0x8c0
01-01 00:15:37.046 I/ ( 0): ion_system_secure_heap_prefetch+0x28/0x38
01-01 00:15:37.046 I/ ( 0): ion_walk_heaps+0x88/0xb8
01-01 00:15:37.046 I/ ( 0): ion_ioctl+0x1b0/0x2a8
01-01 00:15:37.046 I/ ( 0): __arm64_compat_sys_ioctl+0xf4/0x240
01-01 00:15:37.046 I/ ( 0): el0_svc_common+0xa4/0x190
01-01 00:15:37.046 I/ ( 0): el0_svc_compat_handler+0x28/0x38
01-01 00:15:37.046 I/ ( 0): el0_svc_compat+0x8/0x34
08-18 16:54:37.291 W/ActivityManager( 1152): Slow operation: 814ms so far, now at startProcess: returned from zygote!
08-18 16:54:37.292 W/ActivityManager( 1152): Slow operation: 814ms so far, now at startProcess: done updating battery stats
08-18 16:54:37.292 W/ActivityManager( 1152): Slow operation: 814ms so far, now at startProcess: building log message
08-18 16:54:37.292 I/ActivityManager( 1152): Start proc 2168:org.codeaurora.ims/u0a106 for added application org.codeaurora.ims
08-18 16:54:37.292 W/ActivityManager( 1152): Slow operation: 814ms so far, now at startProcess: starting to update pids map
08-18 16:54:37.292 W/ActivityManager( 1152): Slow operation: 815ms so far, now at startProcess: done updating pids map
08-18 16:54:37.292 W/ActivityManager( 1152): Slow operation: 814ms so far, now at startProcess: asking zygote to start proc
08-18 16:54:37.292 D/CompatibilityChangeReporter( 1152): Compat change id reported: 143937733; UID 10118; state: DISABLED
01-01 00:15:37.048 D/cnss ( 0): BT_EN_GPIO State: Off. Delay WLAN_GPIO enable
01-01 00:15:37.050 E/ ( 0): INFO: trying to register non-static key.
01-01 00:15:37.052 E/ ( 0): INFO: trying to register non-static key.
01-01 00:15:37.055 E/ ( 0): the code is fine but needs lockdep annotation.
01-01 00:15:37.055 I/ ( 0): CPU: 4 PID: 331 Comm: kworker/u16:9 Tainted: G S W O 4.19.157+ #1
01-01 00:15:37.060 E/ ( 0): the code is fine but needs lockdep annotation.
01-01 00:15:37.066 I/Hardware name( 0): Qualcomm Technologies, Inc. kona MTP-RmPM8150b (DT)
01-01 00:15:37.066 I/Workqueue( 0): events_unbound ion_system_secure_heap_prefetch_work
01-01 00:15:37.071 I/Call trace( 0):
01-01 00:15:37.071 I/ ( 0): dump_backtrace+0x0/0x258
01-01 00:15:37.071 I/ ( 0): show_stack+0x20/0x30
01-01 00:15:37.071 I/ ( 0): dump_stack+0xd8/0x12c
01-01 00:15:37.071 I/ ( 0): register_lock_class+0x4d0/0x5c8
01-01 00:15:37.071 I/ ( 0): __lock_acquire+0xbc/0x1e58
01-01 00:15:37.071 I/ ( 0): lock_acquire+0x1cc/0x218
01-01 00:15:37.071 I/ ( 0): _raw_spin_lock_irqsave+0x54/0x98
01-01 00:15:37.071 I/ ( 0): ion_system_secure_heap_prefetch_work+0x48/0x2c0
01-01 00:15:37.071 I/ ( 0): process_one_work+0x38c/0x660
01-01 00:15:37.071 I/ ( 0): worker_thread+0x268/0x4b8
01-01 00:15:37.071 I/ ( 0): kthread+0x140/0x150
01-01 00:15:37.071 I/ ( 0): ret_from_fork+0x10/0x1c
01-01 00:15:37.071 I/ ( 0): CPU: 1 PID: 2162 Comm: VideoDecMsgThre Tainted: G S W O 4.19.157+ #1
01-01 00:15:37.071 I/Hardware name( 0): Qualcomm Technologies, Inc. kona MTP-RmPM8150b (DT)
01-01 00:15:37.071 I/Call trace( 0):
01-01 00:15:37.071 I/ ( 0): dump_backtrace+0x0/0x258
01-01 00:15:37.071 I/ ( 0): show_stack+0x20/0x30
01-01 00:15:37.071 I/ ( 0): dump_stack+0xd8/0x12c
01-01 00:15:37.071 I/ ( 0): register_lock_class+0x4d0/0x5c8
01-01 00:15:37.071 I/ ( 0): __lock_acquire+0xbc/0x1e58
01-01 00:15:37.072 I/ ( 0): lock_acquire+0x1cc/0x218
01-01 00:15:37.072 I/ ( 0): _raw_spin_lock_irqsave+0x54/0x98
01-01 00:15:37.072 I/ ( 0): __ion_system_secure_heap_resize+0x768/0x8c0
01-01 00:15:37.072 I/ ( 0): ion_system_secure_heap_prefetch+0x28/0x38
01-01 00:15:37.072 I/ ( 0): ion_walk_heaps+0x88/0xb8
01-01 00:15:37.072 I/ ( 0): ion_ioctl+0x1b0/0x2a8
01-01 00:15:37.072 I/ ( 0): __arm64_compat_sys_ioctl+0xf4/0x240
01-01 00:15:37.072 I/ ( 0): el0_svc_common+0xa4/0x190
01-01 00:15:37.072 I/ ( 0): el0_svc_compat_handler+0x28/0x38
01-01 00:15:37.072 I/ ( 0): el0_svc_compat+0x8/0x34
01-01 00:15:37.076 E/ ( 0): INFO: trying to register non-static key.
01-01 00:15:37.081 E/ ( 0): the code is fine but needs lockdep annotation.
08-18 16:54:37.329 D/SystemUIBootTiming( 1849): DependencyInjection took to complete: 0ms
01-01 00:15:37.085 E/ ( 0): INFO: trying to register non-static key.
01-01 00:15:37.086 I/ ( 0): CPU: 0 PID: 1368 Comm: HwBinder:1312_2 Tainted: G S W O 4.19.157+ #1
01-01 00:15:37.087 I/binder ( 0): 2130:2130 ioctl 40046210 7fc78c36c4 returned -22
01-01 00:15:37.092 E/ ( 0): the code is fine but needs lockdep annotation.
01-01 00:15:37.097 I/Hardware name( 0): Qualcomm Technologies, Inc. kona MTP-RmPM8150b (DT)
01-01 00:15:37.097 I/Call trace( 0):
01-01 00:15:37.097 I/ ( 0): dump_backtrace+0x0/0x258
01-01 00:15:37.097 I/ ( 0): show_stack+0x20/0x30
01-01 00:15:37.097 I/ ( 0): dump_stack+0xd8/0x12c
01-01 00:15:37.097 I/ ( 0): register_lock_class+0x4d0/0x5c8
01-01 00:15:37.097 I/ ( 0): __lock_acquire+0xbc/0x1e58
01-01 00:15:37.097 I/ ( 0): lock_acquire+0x1cc/0x218
01-01 00:15:37.097 I/ ( 0): _raw_spin_lock_irqsave+0x54/0x98
01-01 00:15:37.097 I/ ( 0): __ion_system_secure_heap_resize+0x768/0x8c0
01-01 00:15:37.097 I/ ( 0): ion_system_secure_heap_drain+0x28/0x38
01-01 00:15:37.097 I/ ( 0): ion_walk_heaps+0x88/0xb8
01-01 00:15:37.097 I/ ( 0): ion_ioctl+0x1b0/0x2a8
01-01 00:15:37.097 I/ ( 0): __arm64_compat_sys_ioctl+0xf4/0x240
01-01 00:15:37.097 I/ ( 0): el0_svc_common+0xa4/0x190
01-01 00:15:37.097 I/ ( 0): el0_svc_compat_handler+0x28/0x38
01-01 00:15:37.097 I/ ( 0): el0_svc_compat+0x8/0x34
01-01 00:15:37.097 I/ ( 0): CPU: 6 PID: 331 Comm: kworker/u16:9 Tainted: G S W O 4.19.157+ #1
01-01 00:15:37.097 I/Hardware name( 0): Qualcomm Technologies, Inc. kona MTP-RmPM8150b (DT)
08-18 16:54:37.332 W/ActivityManager( 1152): Slow operation: 854ms so far, now at startProcess: returned from zygote!
08-18 16:54:37.332 W/ActivityManager( 1152): Slow operation: 854ms so far, now at startProcess: done updating battery stats
08-18 16:54:37.333 W/ActivityManager( 1152): Slow operation: 854ms so far, now at startProcess: building log message
08-18 16:54:37.333 I/ActivityManager( 1152): Start proc 2181:com.qti.qualcomm.mstatssystemservice/u0a118 for added application com.qti.qualcomm.mstatssystemservice
08-18 16:54:37.333 W/ActivityManager( 1152): Slow operation: 854ms so far, now at startProcess: starting to update pids map
08-18 16:54:37.333 W/ActivityManager( 1152): Slow operation: 855ms so far, now at startProcess: done updating pids map
08-18 16:54:37.333 W/ActivityManager( 1152): Slow operation: 854ms so far, now at startProcess: asking zygote to start proc
08-18 16:54:37.344 D/CompatibilityChangeReporter( 1152): Compat change id reported: 168419799; UID 1000; state: DISABLED
01-01 00:15:37.097 I/Workqueue( 0): events_unbound ion_system_secure_heap_prefetch_work
01-01 00:15:37.097 I/Call trace( 0):
01-01 00:15:37.097 I/ ( 0): dump_backtrace+0x0/0x258
01-01 00:15:37.097 I/ ( 0): show_stack+0x20/0x30
01-01 00:15:37.097 I/ ( 0): dump_stack+0xd8/0x12c
01-01 00:15:37.097 I/ ( 0): register_lock_class+0x4d0/0x5c8
01-01 00:15:37.097 I/ ( 0): __lock_acquire+0xbc/0x1e58
01-01 00:15:37.097 I/ ( 0): lock_acquire+0x1cc/0x218
01-01 00:15:37.097 I/ ( 0): _raw_spin_lock_irqsave+0x54/0x98
01-01 00:15:37.097 I/ ( 0): ion_system_secure_heap_prefetch_work+0x94/0x2c0
01-01 00:15:37.097 I/ ( 0): process_one_work+0x38c/0x660
01-01 00:15:37.097 I/ ( 0): worker_thread+0x268/0x4b8
01-01 00:15:37.097 I/ ( 0): kthread+0x140/0x150
01-01 00:15:37.097 I/ ( 0): ret_from_fork+0x10/0x1c
01-01 00:15:37.099 E/ ( 0): INFO: trying to register non-static key.
01-01 00:15:37.104 E/ ( 0): the code is fine but needs lockdep annotation.
01-01 00:15:37.110 I/ ( 0): CPU: 0 PID: 1368 Comm: HwBinder:1312_2 Tainted: G S W O 4.19.157+ #1
01-01 00:15:37.110 I/Hardware name( 0): Qualcomm Technologies, Inc. kona MTP-RmPM8150b (DT)
01-01 00:15:37.110 I/Call trace( 0):
01-01 00:15:37.110 I/ ( 0): dump_backtrace+0x0/0x258
01-01 00:15:37.110 I/ ( 0): show_stack+0x20/0x30
01-01 00:15:37.110 I/ ( 0): dump_stack+0xd8/0x12c
01-01 00:15:37.110 I/ ( 0): register_lock_class+0x4d0/0x5c8
01-01 00:15:37.110 I/ ( 0): __lock_acquire+0xbc/0x1e58
01-01 00:15:37.110 I/ ( 0): lock_acquire+0x1cc/0x218
01-01 00:15:37.110 I/ ( 0): _raw_spin_lock_irqsave+0x54/0x98
01-01 00:15:37.110 I/ ( 0): __ion_system_secure_heap_resize+0x768/0x8c0
01-01 00:15:37.110 I/ ( 0): ion_system_secure_heap_drain+0x28/0x38
01-01 00:15:37.110 I/ ( 0): ion_walk_heaps+0x88/0xb8
01-01 00:15:37.110 I/ ( 0): ion_ioctl+0x1b0/0x2a8
01-01 00:15:37.110 I/ ( 0): __arm64_compat_sys_ioctl+0xf4/0x240
01-01 00:15:37.110 I/ ( 0): el0_svc_common+0xa4/0x190
01-01 00:15:37.110 I/ ( 0): el0_svc_compat_handler+0x28/0x38
01-01 00:15:37.110 I/ ( 0): el0_svc_compat+0x8/0x34
01-01 00:15:37.113 E/ ( 0): INFO: trying to register non-static key.
01-01 00:15:37.114 I/msm_vidc( 0): high: 00000001: h265d: Closed video instance: fffffff118844000
01-01 00:15:37.118 E/ ( 0): the code is fine but needs lockdep annotation.
01-01 00:15:37.118 I/ ( 0): CPU: 6 PID: 331 Comm: kworker/u16:9 Tainted: G S W O 4.19.157+ #1
01-01 00:15:37.118 I/Hardware name( 0): Qualcomm Technologies, Inc. kona MTP-RmPM8150b (DT)
01-01 00:15:37.118 I/Workqueue( 0): events_unbound ion_system_secure_heap_prefetch_work
01-01 00:15:37.118 I/Call trace( 0):
01-01 00:15:37.118 I/ ( 0): dump_backtrace+0x0/0x258
01-01 00:15:37.118 I/ ( 0): show_stack+0x20/0x30
01-01 00:15:37.118 I/ ( 0): dump_stack+0xd8/0x12c
01-01 00:15:37.118 I/ ( 0): register_lock_class+0x4d0/0x5c8
01-01 00:15:37.118 I/ ( 0): __lock_acquire+0xbc/0x1e58
01-01 00:15:37.118 I/ ( 0): lock_acquire+0x1cc/0x218
01-01 00:15:37.118 I/ ( 0): _raw_spin_lock_irqsave+0x54/0x98
01-01 00:15:37.118 I/ ( 0): ion_system_secure_heap_prefetch_work+0x94/0x2c0
01-01 00:15:37.118 I/ ( 0): process_one_work+0x38c/0x660
01-01 00:15:37.118 I/ ( 0): worker_thread+0x268/0x4b8
01-01 00:15:37.118 I/ ( 0): kthread+0x140/0x150
01-01 00:15:37.118 I/ ( 0): ret_from_fork+0x10/0x1c
01-01 00:15:37.143 E/init ( 0): Control message: Could not find 'vendor.qti.hardware.iop@2.0::IIop/default' for ctl.interface_start from pid: 520 (/system/bin/hwservicemanager)
01-01 00:15:37.143 E/ ( 0): INFO: trying to register non-static key.
01-01 00:15:37.154 D/cnss ( 0): Assert WLAN_EN GPIO successfully
01-01 00:15:37.154 D/cnss ( 0): Resuming PCI link
01-01 00:15:37.154 I/msm_pcie_enable( 0): PCIe: Assert the reset of endpoint of RC0.
01-01 00:15:37.159 I/msm_pcie_enable( 0): PCIe: RC0: PCIE20_PARF_INT_ALL_MASK: 0x7f80d202
01-01 00:15:37.163 E/ ( 0): the code is fine but needs lockdep annotation.
01-01 00:15:37.163 I/ ( 0): CPU: 6 PID: 331 Comm: kworker/u16:9 Tainted: G S W O 4.19.157+ #1
01-01 00:15:37.163 I/Hardware name( 0): Qualcomm Technologies, Inc. kona MTP-RmPM8150b (DT)
01-01 00:15:37.163 I/Workqueue( 0): events_unbound ion_system_secure_heap_prefetch_work
01-01 00:15:37.163 I/Call trace( 0):
01-01 00:15:37.163 I/ ( 0): dump_backtrace+0x0/0x258
01-01 00:15:37.163 I/ ( 0): show_stack+0x20/0x30
01-01 00:15:37.163 I/ ( 0): dump_stack+0xd8/0x12c
01-01 00:15:37.163 I/ ( 0): register_lock_class+0x4d0/0x5c8
01-01 00:15:37.163 I/ ( 0): __lock_acquire+0xbc/0x1e58
01-01 00:15:37.163 I/ ( 0): lock_acquire+0x1cc/0x218
01-01 00:15:37.163 I/ ( 0): _raw_spin_lock_irqsave+0x54/0x98
01-01 00:15:37.163 I/ ( 0): ion_system_secure_heap_prefetch_work+0x94/0x2c0
01-01 00:15:37.163 I/ ( 0): process_one_work+0x38c/0x660
01-01 00:15:37.163 I/ ( 0): worker_thread+0x268/0x4b8
01-01 00:15:37.163 I/ ( 0): kthread+0x140/0x150
01-01 00:15:37.163 I/ ( 0): ret_from_fork+0x10/0x1c
01-01 00:15:37.164 I/binder ( 0): 2181:2181 ioctl 40046210 7fc78c36c4 returned -22
01-01 00:15:37.165 I/binder ( 0): 2168:2168 ioctl 40046210 7fc78c36c4 returned -22
01-01 00:15:37.187 E/ ( 0): INFO: trying to register non-static key.
01-01 00:15:37.189 I/pcie_phy_init( 0): PCIe RC0 PHY is ready!
01-01 00:15:37.192 E/ ( 0): the code is fine but needs lockdep annotation.
01-01 00:15:37.192 I/ ( 0): CPU: 5 PID: 331 Comm: kworker/u16:9 Tainted: G S W O 4.19.157+ #1
01-01 00:15:37.192 I/Hardware name( 0): Qualcomm Technologies, Inc. kona MTP-RmPM8150b (DT)
01-01 00:15:37.192 I/Workqueue( 0): events_unbound ion_system_secure_heap_prefetch_work
01-01 00:15:37.192 I/Call trace( 0):
01-01 00:15:37.192 I/ ( 0): dump_backtrace+0x0/0x258
01-01 00:15:37.192 I/ ( 0): show_stack+0x20/0x30
01-01 00:15:37.192 I/ ( 0): dump_stack+0xd8/0x12c
01-01 00:15:37.192 I/ ( 0): register_lock_class+0x4d0/0x5c8
01-01 00:15:37.192 I/ ( 0): __lock_acquire+0xbc/0x1e58
01-01 00:15:37.192 I/ ( 0): lock_acquire+0x1cc/0x218
01-01 00:15:37.192 I/ ( 0): _raw_spin_lock_irqsave+0x54/0x98
01-01 00:15:37.192 I/ ( 0): ion_system_secure_heap_prefetch_work+0x94/0x2c0
01-01 00:15:37.192 I/ ( 0): process_one_work+0x38c/0x660
01-01 00:15:37.192 I/ ( 0): worker_thread+0x268/0x4b8
01-01 00:15:37.194 E/init ( 0): Control message: Could not find 'vendor.qti.hardware.iop@2.0::IIop/default' for ctl.interface_start from pid: 520 (/system/bin/hwservicemanager)
01-01 00:15:37.209 I/msm_pcie_enable( 0): PCIe: Release the reset of endpoint of RC0.
01-01 00:15:37.212 I/ ( 0): kthread+0x140/0x150
01-01 00:15:37.212 I/ ( 0): ret_from_fork+0x10/0x1c
08-18 16:54:37.386 W/Looper ( 1152): Slow dispatch took 424ms main h=android.app.ActivityThread$H c=android.app.LoadedApk$ReceiverDispatcher$Args$$ExternalSyntheticLambda0@8aad88d m=0
08-18 16:54:37.395 D/SystemUIBootTiming( 1849): StartServicescom.android.systemui.util.NotificationChannels took to complete: 27ms
08-18 16:54:37.418 D/ConditionProviders.SCP( 1152): onSubscribe condition://android/schedule?days=1.2.3.4.5.6.7&start=22.0&end=7.0&exitAtAlarm=true
08-18 16:54:37.419 D/ConditionProviders.SCP( 1152): setRegistered true
08-18 16:54:37.423 D/UsbDeviceManager( 1152): push notification:正在通过 USB 为此设备充电
08-18 16:54:37.430 D/CompatibilityChangeReporter( 1152): Compat change id reported: 182478738; UID 1073; state: DISABLED
08-18 16:54:37.432 W/ActivityManager( 1152): Slow operation: 952ms so far, now at startProcess: returned from zygote!
08-18 16:54:37.435 D/ConditionProviders.SCP( 1152): evaluateSubscriptionLocked cal=ScheduleCalendar[mDays={1, 2, 3, 4, 5, 6, 7}, mSchedule=ScheduleInfo{days=[1, 2, 3, 4, 5, 6, 7], startHour=22, startMinute=0, endHour=7, endMinute=0, exitAtAlarm=true, nextAlarm=Thu Jan 01 00:00:00 GMT 1970 (0)}], now=Thu Aug 18 16:54:37 GMT 2022 (1660841677419), nextUserAlarmTime=Thu Jan 01 00:00:00 GMT 1970 (0)
08-18 16:54:37.436 D/ConditionProviders.SCP( 1152): notifyCondition condition://android/schedule?days=1.2.3.4.5.6.7&start=22.0&end=7.0&exitAtAlarm=true STATE_FALSE reason=!meetsSchedule
08-18 16:54:37.447 D/ConditionProviders.SCP( 1152): Scheduling evaluate for Thu Aug 18 22:00:00 GMT 2022 (1660860000000), in +5h5m22s581ms, now=Thu Aug 18 16:54:37 GMT 2022 (1660841677419)
08-18 16:54:37.454 W/ActivityManager( 1152): Slow operation: 974ms so far, now at startProcess: done updating battery stats
08-18 16:54:37.454 W/ActivityManager( 1152): Slow operation: 974ms so far, now at startProcess: building log message
08-18 16:54:37.455 I/ActivityManager( 1152): Start proc 2217:com.android.se/1068 for added application com.android.se
