01-01 00:15:31.035 W/android.permission.PermissionManager( 1152): Missing ActivityManager; assuming 1000 holds android.permission.SET_PREFERRED_APPLICATIONS
01-01 00:15:31.035 W/android.permission.PermissionManager( 1152): Missing ActivityManager; assuming 1000 holds android.permission.SET_PREFERRED_APPLICATIONS
01-01 00:15:31.036 W/android.permission.PermissionManager( 1152): Missing ActivityManager; assuming 1000 holds android.permission.SET_PREFERRED_APPLICATIONS
01-01 00:15:31.036 W/android.permission.PermissionManager( 1152): Missing ActivityManager; assuming 1000 holds android.permission.SET_PREFERRED_APPLICATIONS
01-01 00:15:31.036 W/android.permission.PermissionManager( 1152): Missing ActivityManager; assuming 1000 holds android.permission.SET_PREFERRED_APPLICATIONS
01-01 00:15:31.037 W/android.permission.PermissionManager( 1152): Missing ActivityManager; assuming 1000 holds android.permission.SET_PREFERRED_APPLICATIONS
01-01 00:15:31.037 W/android.permission.PermissionManager( 1152): Missing ActivityManager; assuming 1000 holds android.permission.SET_PREFERRED_APPLICATIONS
01-01 00:15:31.037 W/android.permission.PermissionManager( 1152): Missing ActivityManager; assuming 1000 holds android.permission.SET_PREFERRED_APPLICATIONS
01-01 00:15:31.038 W/android.permission.PermissionManager( 1152): Missing ActivityManager; assuming 1000 holds android.permission.SET_PREFERRED_APPLICATIONS
01-01 00:15:31.038 W/android.permission.PermissionManager( 1152): Missing ActivityManager; assuming 1000 holds android.permission.SET_PREFERRED_APPLICATIONS
01-01 00:15:31.038 W/android.permission.PermissionManager( 1152): Missing ActivityManager; assuming 1000 holds android.permission.SET_PREFERRED_APPLICATIONS
01-01 00:15:31.039 W/android.permission.PermissionManager( 1152): Missing ActivityManager; assuming 1000 holds android.permission.SET_PREFERRED_APPLICATIONS
01-01 00:15:31.039 W/android.permission.PermissionManager( 1152): Missing ActivityManager; assuming 1000 holds android.permission.SET_PREFERRED_APPLICATIONS
01-01 00:15:31.039 W/android.permission.PermissionManager( 1152): Missing ActivityManager; assuming 1000 holds android.permission.SET_PREFERRED_APPLICATIONS
01-01 00:15:31.039 W/android.permission.PermissionManager( 1152): Missing ActivityManager; assuming 1000 holds android.permission.SET_PREFERRED_APPLICATIONS
01-01 00:15:31.040 W/android.permission.PermissionManager( 1152): Missing ActivityManager; assuming 1000 holds android.permission.SET_PREFERRED_APPLICATIONS
01-01 00:15:31.040 W/android.permission.PermissionManager( 1152): Missing ActivityManager; assuming 1000 holds android.permission.SET_PREFERRED_APPLICATIONS
01-01 00:15:31.040 W/android.permission.PermissionManager( 1152): Missing ActivityManager; assuming 1000 holds android.permission.SET_PREFERRED_APPLICATIONS
01-01 00:15:31.040 W/android.permission.PermissionManager( 1152): Missing ActivityManager; assuming 1000 holds android.permission.SET_PREFERRED_APPLICATIONS
01-01 00:15:31.041 W/android.permission.PermissionManager( 1152): Missing ActivityManager; assuming 1000 holds android.permission.SET_PREFERRED_APPLICATIONS
01-01 00:15:31.041 W/android.permission.PermissionManager( 1152): Missing ActivityManager; assuming 1000 holds android.permission.SET_PREFERRED_APPLICATIONS
01-01 00:15:31.041 W/android.permission.PermissionManager( 1152): Missing ActivityManager; assuming 1000 holds android.permission.SET_PREFERRED_APPLICATIONS
01-01 00:15:31.042 W/android.permission.PermissionManager( 1152): Missing ActivityManager; assuming 1000 holds android.permission.SET_PREFERRED_APPLICATIONS
01-01 00:15:31.042 W/android.permission.PermissionManager( 1152): Missing ActivityManager; assuming 1000 holds android.permission.SET_PREFERRED_APPLICATIONS
01-01 00:15:31.042 W/android.permission.PermissionManager( 1152): Missing ActivityManager; assuming 1000 holds android.permission.SET_PREFERRED_APPLICATIONS
01-01 00:15:31.043 W/android.permission.PermissionManager( 1152): Missing ActivityManager; assuming 1000 holds android.permission.SET_PREFERRED_APPLICATIONS
01-01 00:15:31.043 W/android.permission.PermissionManager( 1152): Missing ActivityManager; assuming 1000 holds android.permission.SET_PREFERRED_APPLICATIONS
01-01 00:15:31.043 W/android.permission.PermissionManager( 1152): Missing ActivityManager; assuming 1000 holds android.permission.SET_PREFERRED_APPLICATIONS
01-01 00:15:31.043 W/android.permission.PermissionManager( 1152): Missing ActivityManager; assuming 1000 holds android.permission.SET_PREFERRED_APPLICATIONS
01-01 00:15:31.044 W/android.permission.PermissionManager( 1152): Missing ActivityManager; assuming 1000 holds android.permission.SET_PREFERRED_APPLICATIONS
01-01 00:15:31.044 W/android.permission.PermissionManager( 1152): Missing ActivityManager; assuming 1000 holds android.permission.SET_PREFERRED_APPLICATIONS
01-01 00:15:31.044 W/android.permission.PermissionManager( 1152): Missing ActivityManager; assuming 1000 holds android.permission.SET_PREFERRED_APPLICATIONS
01-01 00:15:31.875 I/qcom,camera ac50000.qcom,cci( 0): qcom,cam-sensor2: Linked as a consumer to regulator.54
01-01 00:15:31.884 E/kona-asoc-snd soc( 0): qcom,msm-audio-apr:qcom,q6core-audio:sound: ASoC: Failed to add route MIC BIAS4 -> direct -> TX DMIC5
01-01 00:15:31.884 E/kona-asoc-snd soc( 0): qcom,msm-audio-apr:qcom,q6core-audio:sound: ASoC: no sink widget found for MIC BIAS4
01-01 00:15:31.896 I/ ( 0): read descriptors
01-01 00:15:31.896 I/ ( 0): read strings
01-01 00:15:31.045 W/android.permission.PermissionManager( 1152): Missing ActivityManager; assuming 1000 holds android.permission.SET_PREFERRED_APPLICATIONS
01-01 00:15:31.045 W/android.permission.PermissionManager( 1152): Missing ActivityManager; assuming 1000 holds android.permission.SET_PREFERRED_APPLICATIONS
01-01 00:15:31.046 W/android.permission.PermissionManager( 1152): Missing ActivityManager; assuming 1000 holds android.permission.SET_PREFERRED_APPLICATIONS
01-01 00:15:31.046 W/android.permission.PermissionManager( 1152): Missing ActivityManager; assuming 1000 holds android.permission.SET_PREFERRED_APPLICATIONS
01-01 00:15:31.047 W/android.permission.PermissionManager( 1152): Missing ActivityManager; assuming 1000 holds android.permission.SET_PREFERRED_APPLICATIONS
01-01 00:15:31.048 W/android.permission.PermissionManager( 1152): Missing ActivityManager; assuming 1000 holds android.permission.SET_PREFERRED_APPLICATIONS
01-01 00:15:31.048 W/android.permission.PermissionManager( 1152): Missing ActivityManager; assuming 1000 holds android.permission.SET_PREFERRED_APPLICATIONS
01-01 00:15:31.048 W/android.permission.PermissionManager( 1152): Missing ActivityManager; assuming 1000 holds android.permission.SET_PREFERRED_APPLICATIONS
01-01 00:15:31.048 W/android.permission.PermissionManager( 1152): Missing ActivityManager; assuming 1000 holds android.permission.SET_PREFERRED_APPLICATIONS
01-01 00:15:31.049 W/android.permission.PermissionManager( 1152): Missing ActivityManager; assuming 1000 holds android.permission.SET_PREFERRED_APPLICATIONS
01-01 00:15:31.049 W/android.permission.PermissionManager( 1152): Missing ActivityManager; assuming 1000 holds android.permission.SET_PREFERRED_APPLICATIONS
01-01 00:15:31.049 W/android.permission.PermissionManager( 1152): Missing ActivityManager; assuming 1000 holds android.permission.SET_PREFERRED_APPLICATIONS
01-01 00:15:31.050 W/android.permission.PermissionManager( 1152): Missing ActivityManager; assuming 1000 holds android.permission.SET_PREFERRED_APPLICATIONS
01-01 00:15:31.050 W/android.permission.PermissionManager( 1152): Missing ActivityManager; assuming 1000 holds android.permission.SET_PREFERRED_APPLICATIONS
01-01 00:15:31.050 W/android.permission.PermissionManager( 1152): Missing ActivityManager; assuming 1000 holds android.permission.SET_PREFERRED_APPLICATIONS
01-01 00:15:31.051 W/android.permission.PermissionManager( 1152): Missing ActivityManager; assuming 1000 holds android.permission.SET_PREFERRED_APPLICATIONS
01-01 00:15:31.051 W/android.permission.PermissionManager( 1152): Missing ActivityManager; assuming 1000 holds android.permission.SET_PREFERRED_APPLICATIONS
01-01 00:15:31.051 W/android.permission.PermissionManager( 1152): Missing ActivityManager; assuming 1000 holds android.permission.SET_PREFERRED_APPLICATIONS
01-01 00:15:31.051 W/android.permission.PermissionManager( 1152): Missing ActivityManager; assuming 1000 holds android.permission.SET_PREFERRED_APPLICATIONS
01-01 00:15:31.052 W/android.permission.PermissionManager( 1152): Missing ActivityManager; assuming 1000 holds android.permission.SET_PREFERRED_APPLICATIONS
01-01 00:15:31.052 W/android.permission.PermissionManager( 1152): Missing ActivityManager; assuming 1000 holds android.permission.SET_PREFERRED_APPLICATIONS
01-01 00:15:31.052 W/android.permission.PermissionManager( 1152): Missing ActivityManager; assuming 1000 holds android.permission.SET_PREFERRED_APPLICATIONS
01-01 00:15:31.053 W/android.permission.PermissionManager( 1152): Missing ActivityManager; assuming 1000 holds android.permission.SET_PREFERRED_APPLICATIONS
01-01 00:15:31.053 W/android.permission.PermissionManager( 1152): Missing ActivityManager; assuming 1000 holds android.permission.SET_PREFERRED_APPLICATIONS
01-01 00:15:31.053 W/android.permission.PermissionManager( 1152): Missing ActivityManager; assuming 1000 holds android.permission.SET_PREFERRED_APPLICATIONS
01-01 00:15:31.053 W/android.permission.PermissionManager( 1152): Missing ActivityManager; assuming 1000 holds android.permission.SET_PREFERRED_APPLICATIONS
01-01 00:15:31.054 W/android.permission.PermissionManager( 1152): Missing ActivityManager; assuming 1000 holds android.permission.SET_PREFERRED_APPLICATIONS
01-01 00:15:31.054 W/android.permission.PermissionManager( 1152): Missing ActivityManager; assuming 1000 holds android.permission.SET_PREFERRED_APPLICATIONS
01-01 00:15:31.054 W/android.permission.PermissionManager( 1152): Missing ActivityManager; assuming 1000 holds android.permission.SET_PREFERRED_APPLICATIONS
01-01 00:15:31.055 W/android.permission.PermissionManager( 1152): Missing ActivityManager; assuming 1000 holds android.permission.SET_PREFERRED_APPLICATIONS
01-01 00:15:31.055 W/android.permission.PermissionManager( 1152): Missing ActivityManager; assuming 1000 holds android.permission.SET_PREFERRED_APPLICATIONS
01-01 00:15:31.055 W/android.permission.PermissionManager( 1152): Missing ActivityManager; assuming 1000 holds android.permission.SET_PREFERRED_APPLICATIONS
01-01 00:15:31.055 W/android.permission.PermissionManager( 1152): Missing ActivityManager; assuming 1000 holds android.permission.SET_PREFERRED_APPLICATIONS
01-01 00:15:31.056 W/android.permission.PermissionManager( 1152): Missing ActivityManager; assuming 1000 holds android.permission.SET_PREFERRED_APPLICATIONS
01-01 00:15:31.056 W/android.permission.PermissionManager( 1152): Missing ActivityManager; assuming 1000 holds android.permission.SET_PREFERRED_APPLICATIONS
01-01 00:15:31.056 W/android.permission.PermissionManager( 1152): Missing ActivityManager; assuming 1000 holds android.permission.SET_PREFERRED_APPLICATIONS
01-01 00:15:31.057 W/android.permission.PermissionManager( 1152): Missing ActivityManager; assuming 1000 holds android.permission.SET_PREFERRED_APPLICATIONS
01-01 00:15:31.057 W/android.permission.PermissionManager( 1152): Missing ActivityManager; assuming 1000 holds android.permission.SET_PREFERRED_APPLICATIONS
01-01 00:15:31.057 W/android.permission.PermissionManager( 1152): Missing ActivityManager; assuming 1000 holds android.permission.SET_PREFERRED_APPLICATIONS
01-01 00:15:31.057 W/android.permission.PermissionManager( 1152): Missing ActivityManager; assuming 1000 holds android.permission.SET_PREFERRED_APPLICATIONS
01-01 00:15:31.058 W/android.permission.PermissionManager( 1152): Missing ActivityManager; assuming 1000 holds android.permission.SET_PREFERRED_APPLICATIONS
01-01 00:15:31.058 W/android.permission.PermissionManager( 1152): Missing ActivityManager; assuming 1000 holds android.permission.SET_PREFERRED_APPLICATIONS
01-01 00:15:31.058 W/android.permission.PermissionManager( 1152): Missing ActivityManager; assuming 1000 holds android.permission.SET_PREFERRED_APPLICATIONS
01-01 00:15:31.059 W/android.permission.PermissionManager( 1152): Missing ActivityManager; assuming 1000 holds android.permission.SET_PREFERRED_APPLICATIONS
01-01 00:15:31.059 W/android.permission.PermissionManager( 1152): Missing ActivityManager; assuming 1000 holds android.permission.SET_PREFERRED_APPLICATIONS
01-01 00:15:31.059 W/android.permission.PermissionManager( 1152): Missing ActivityManager; assuming 1000 holds android.permission.SET_PREFERRED_APPLICATIONS
01-01 00:15:31.059 W/android.permission.PermissionManager( 1152): Missing ActivityManager; assuming 1000 holds android.permission.SET_PREFERRED_APPLICATIONS
01-01 00:15:31.060 W/android.permission.PermissionManager( 1152): Missing ActivityManager; assuming 1000 holds android.permission.SET_PREFERRED_APPLICATIONS
01-01 00:15:31.060 W/android.permission.PermissionManager( 1152): Missing ActivityManager; assuming 1000 holds android.permission.SET_PREFERRED_APPLICATIONS
01-01 00:15:31.060 W/android.permission.PermissionManager( 1152): Missing ActivityManager; assuming 1000 holds android.permission.SET_PREFERRED_APPLICATIONS
01-01 00:15:31.060 W/android.permission.PermissionManager( 1152): Missing ActivityManager; assuming 1000 holds android.permission.SET_PREFERRED_APPLICATIONS
01-01 00:15:31.061 W/android.permission.PermissionManager( 1152): Missing ActivityManager; assuming 1000 holds android.permission.SET_PREFERRED_APPLICATIONS
01-01 00:15:31.907 E/kona-asoc-snd soc( 0): qcom,msm-audio-apr:qcom,q6core-audio:sound: ASoC: Failed to add route Digital Mic5 -> direct -> MIC BIAS4
01-01 00:15:31.920 E/kona-asoc-snd soc( 0): qcom,msm-audio-apr:qcom,q6core-audio:sound: ASoC: no sink widget found for IN1_HPHL
01-01 00:15:31.075 W/PackageSettings( 1152): Missing permission state for package: android.frameworkres.overlay
01-01 00:15:31.075 W/PackageSettings( 1152): Missing permission state for package: com.android.cts.priv.ctsshim
01-01 00:15:31.075 W/PackageSettings( 1152): Missing permission state for package: com.android.internal.systemui.navbar.gestural_wide_back
01-01 00:15:31.075 W/PackageSettings( 1152): Missing permission state for package: com.qualcomm.qti.gpudrivers.kona.api30
01-01 00:15:31.075 W/PackageSettings( 1152): Missing permission state for package: com.android.htmlviewer
01-01 00:15:31.076 W/PackageSettings( 1152): Missing permission state for package: com.android.internal.systemui.onehanded.gestural
01-01 00:15:31.076 W/PackageSettings( 1152): Missing permission state for package: com.qualcomm.qti.optinoverlay
01-01 00:15:31.076 W/PackageSettings( 1152): Missing permission state for package: android.qvaoverlay.common
01-01 00:15:31.076 W/PackageSettings( 1152): Missing permission state for package: android.overlay.common
01-01 00:15:31.076 W/PackageSettings( 1152): Missing permission state for package: com.android.connectivity.resources
01-01 00:15:31.076 W/PackageSettings( 1152): Missing permission state for package: com.android.modulemetadata
01-01 00:15:31.076 W/PackageSettings( 1152): Missing permission state for package: com.android.internal.systemui.navbar.threebutton
01-01 00:15:31.076 W/PackageSettings( 1152): Missing permission state for package: android.overlay.target
01-01 00:15:31.076 W/PackageSettings( 1152): Missing permission state for package: com.android.internal.systemui.navbar.gestural_extra_wide_back
01-01 00:15:31.076 W/PackageSettings( 1152): Missing permission state for package: com.android.wifi.resources.overlay.common
01-01 00:15:31.076 W/PackageSettings( 1152): Missing permission state for package: com.android.dreams.basic
01-01 00:15:31.076 W/PackageSettings( 1152): Missing permission state for package: com.android.settings.overlay.common
01-01 00:15:31.076 W/PackageSettings( 1152): Missing permission state for package: com.android.cellbroadcastreceiver
01-01 00:15:31.076 W/PackageSettings( 1152): Missing permission state for package: android.ext.shared
01-01 00:15:31.076 W/PackageSettings( 1152): Missing permission state for package: com.android.wifi.resources.overlay.target
01-01 00:15:31.077 W/PackageSettings( 1152): Missing permission state for package: com.android.wifi.resources
01-01 00:15:31.077 W/PackageSettings( 1152): Missing permission state for package: com.android.phone.overlay.common
01-01 00:15:31.077 W/PackageSettings( 1152): Missing permission state for package: com.android.carrierconfig.overlay.common
01-01 00:15:31.077 W/PackageSettings( 1152): Missing permission state for package: com.android.systemui.overlay.common
01-01 00:15:31.077 W/PackageSettings( 1152): Missing permission state for package: com.qualcomm.qti.biometrics.fingerprint.qfpcalibration
01-01 00:15:31.077 W/PackageSettings( 1152): Missing permission state for package: com.android.cameraextensions
01-01 00:15:31.077 W/PackageSettings( 1152): Missing permission state for package: com.android.server.telecom.overlay.common
01-01 00:15:31.077 W/PackageSettings( 1152): Missing permission state for package: com.qualcomm.qti.remoteSimlockAuth
01-01 00:15:31.077 W/PackageSettings( 1152): Missing permission state for package: com.android.theme.font.notoserifsource
01-01 00:15:31.077 W/PackageSettings( 1152): Missing permission state for package: com.android.internal.display.cutout.emulation.waterfall
01-01 00:15:31.077 W/PackageSettings( 1152): Missing permission state for package: com.android.providers.settings.overlay
01-01 00:15:31.077 W/PackageSettings( 1152): Missing permission state for package: com.android.bookmarkprovider
01-01 00:15:31.077 W/PackageSettings( 1152): Missing permission state for package: com.qualcomm.qti.uim
01-01 00:15:31.077 W/PackageSettings( 1152): Missing permission state for package: com.android.cts.ctsshim
01-01 00:15:31.077 W/PackageSettings( 1152): Missing permission state for package: com.qualcomm.qti.uimGbaApp
01-01 00:15:31.077 W/PackageSettings( 1152): Missing permission state for package: com.qualcomm.qti.seccamservice
01-01 00:15:31.077 W/PackageSettings( 1152): Missing permission state for package: com.qualcomm.qti.xrcb
01-01 00:15:31.077 W/PackageSettings( 1152): Missing permission state for package: com.android.internal.systemui.navbar.gestural
01-01 00:15:31.078 W/PackageSettings( 1152): Missing permission state for package: com.android.internal.systemui.navbar.gestural_narrow_back
01-01 00:15:31.078 W/PackageSettings( 1152): Missing permission state for package: com.android.cellbroadcastreceiver.overlay.common
01-01 00:15:31.078 W/PackageSettings( 1152): Missing permission state for shared user: android.uid.log
01-01 00:15:31.078 W/PackageSettings( 1152): Missing permission state for shared user: android.uid.uwb
01-01 00:15:31.931 E/kona-asoc-snd soc( 0): qcom,msm-audio-apr:qcom,q6core-audio:sound: ASoC: Failed to add route HPHL_OUT -> direct -> IN1_HPHL
01-01 00:15:31.941 I/qcom,camera ac50000.qcom,cci( 0): qcom,cam-sensor2: Linked as a consumer to regulator.77
01-01 00:15:31.944 E/kona-asoc-snd soc( 0): qcom,msm-audio-apr:qcom,q6core-audio:sound: ASoC: no sink widget found for IN2_HPHR
01-01 00:15:31.955 E/kona-asoc-snd soc( 0): qcom,msm-audio-apr:qcom,q6core-audio:sound: ASoC: Failed to add route HPHR_OUT -> direct -> IN2_HPHR
01-01 00:15:31.968 E/kona-asoc-snd soc( 0): qcom,msm-audio-apr:qcom,q6core-audio:sound: ASoC: no sink widget found for IN3_AUX
01-01 00:15:31.973 I/CAM_ERR ( 0): CAM-CCI: cam_cci_irq: 238 Base:ffffff801a0a5000, M0_Q1 NACK ERROR: 0x10000000
01-01 00:15:31.978 E/kona-asoc-snd soc( 0): qcom,msm-audio-apr:qcom,q6core-audio:sound: ASoC: Failed to add route AUX_OUT -> direct -> IN3_AUX
01-01 00:15:31.979 I/CAM_ERR ( 0): CAM-CCI: cam_cci_read: 1306 ERROR with Slave 0x20:
01-01 00:15:31.991 E/kona-asoc-snd soc( 0): qcom,msm-audio-apr:qcom,q6core-audio:sound: ASoC: no source widget found for ADC1_OUTPUT
01-01 00:15:31.142 D/PackageManagerTiming( 1152): read user settings took to complete: 331ms
01-01 00:15:31.156 D/PackageManager( 1152): Keeping known cache 7d0e09ce6f577dd856b34f61aaf97e4a3fc283d2
01-01 00:15:31.163 W/android.permission.PermissionManager( 1152): Missing ActivityManager; assuming 1000 holds android.permission.WATCH_APPOPS
01-01 00:15:31.163 W/android.permission.PermissionManager( 1152): Missing ActivityManager; assuming 1000 holds android.permission.WATCH_APPOPS
01-01 00:15:31.999 I/CAM_ERR ( 0): CAM-CCI: cam_cci_read_bytes: 1561 failed to read rc:-22
01-01 00:15:32.002 I/CAM_ERR ( 0): CAM-SENSOR: cam_cci_i2c_read: 35 rc = -22
01-01 00:15:32.002 I/CAM_WARN( 0): CAM-SENSOR: cam_sensor_match_id: 769 read id: 0x0 expected id 0x3841:
01-01 00:15:32.002 E/kona-asoc-snd soc( 0): qcom,msm-audio-apr:qcom,q6core-audio:sound: ASoC: Failed to add route ADC1_OUTPUT -> direct -> TX SWR_ADC0
01-01 00:15:32.003 I/qcom,camera ac50000.qcom,cci( 0): qcom,cam-sensor2: Dropping the link to regulator.77
01-01 00:15:32.016 E/kona-asoc-snd soc( 0): qcom,msm-audio-apr:qcom,q6core-audio:sound: ASoC: no source widget found for ADC2_OUTPUT
01-01 00:15:32.017 I/capability( 0): warning: `msm_irqbalance' uses 32-bit capabilities (legacy support in use)
01-01 00:15:32.020 I/qcom,camera ac50000.qcom,cci( 0): qcom,cam-sensor2: Dropping the link to regulator.54
01-01 00:15:32.021 I/qcom,camera ac50000.qcom,cci( 0): qcom,cam-sensor2: Dropping the link to regulator.57
01-01 00:15:32.021 I/qcom,camera ac50000.qcom,cci( 0): qcom,cam-sensor2: Dropping the link to regulator.56
01-01 00:15:32.027 E/kona-asoc-snd soc( 0): qcom,msm-audio-apr:qcom,q6core-audio:sound: ASoC: Failed to add route ADC2_OUTPUT -> direct -> TX SWR_ADC1
01-01 00:15:32.038 I/android_work( 0): did not send uevent (0 0 0000000000000000)
01-01 00:15:32.040 E/kona-asoc-snd soc( 0): qcom,msm-audio-apr:qcom,q6core-audio:sound: ASoC: no source widget found for ADC3_OUTPUT
01-01 00:15:31.194 D/CompatibilityChangeReporter( 1152): Compat change id reported: 143539591; UID -1; state: ENABLED
01-01 00:15:32.052 E/kona-asoc-snd soc( 0): qcom,msm-audio-apr:qcom,q6core-audio:sound: ASoC: Failed to add route ADC3_OUTPUT -> direct -> TX SWR_ADC2
01-01 00:15:32.056 I/qcom,camera ac4f000.qcom,cci( 0): qcom,cam-sensor1: Linked as a consumer to regulator.56
01-01 00:15:32.065 E/kona-asoc-snd soc( 0): qcom,msm-audio-apr:qcom,q6core-audio:sound: ASoC: no source widget found for ADC4_OUTPUT
01-01 00:15:32.070 I/qcom,camera ac4f000.qcom,cci( 0): qcom,cam-sensor1: Linked as a consumer to regulator.53
01-01 00:15:32.076 E/kona-asoc-snd soc( 0): qcom,msm-audio-apr:qcom,q6core-audio:sound: ASoC: Failed to add route ADC4_OUTPUT -> direct -> TX SWR_ADC3
01-01 00:15:32.076 E/kona-asoc-snd soc( 0): qcom,msm-audio-apr:qcom,q6core-audio:sound: ASoC: no source widget found for DMIC1_OUTPUT
01-01 00:15:31.240 D/CompatibilityChangeReporter( 1152): Compat change id reported: 143539591; UID -1; state: DISABLED
01-01 00:15:31.241 D/CompatibilityChangeReporter( 1152): Compat change id reported: 168782947; UID -1; state: ENABLED
01-01 00:15:32.093 I/qcom,camera ac4f000.qcom,cci( 0): qcom,cam-sensor1: Linked as a consumer to regulator.57
01-01 00:15:31.250 W/PackageManager( 1152): Failed to parse /system/framework/arm: Missing base APK in /system/framework/arm
01-01 00:15:31.250 W/PackageManager( 1152): Failed to parse /system/framework/oat: Missing base APK in /system/framework/oat
01-01 00:15:31.250 W/PackageManager( 1152): Failed to parse /system/framework/arm64: Missing base APK in /system/framework/arm64
01-01 00:15:32.100 E/kona-asoc-snd soc( 0): qcom,msm-audio-apr:qcom,q6core-audio:sound: ASoC: Failed to add route DMIC1_OUTPUT -> direct -> TX SWR_DMIC0
01-01 00:15:32.100 E/kona-asoc-snd soc( 0): qcom,msm-audio-apr:qcom,q6core-audio:sound: ASoC: no source widget found for DMIC2_OUTPUT
01-01 00:15:32.115 I/qcom,camera ac4f000.qcom,cci( 0): qcom,cam-sensor1: Linked as a consumer to regulator.77
01-01 00:15:32.125 E/kona-asoc-snd soc( 0): qcom,msm-audio-apr:qcom,q6core-audio:sound: ASoC: Failed to add route DMIC2_OUTPUT -> direct -> TX SWR_DMIC1
01-01 00:15:32.138 E/kona-asoc-snd soc( 0): qcom,msm-audio-apr:qcom,q6core-audio:sound: ASoC: no source widget found for DMIC3_OUTPUT
01-01 00:15:32.148 E/msm-dwc3 a600000.ssusb( 0): Could not get usb psy
01-01 00:15:32.150 E/kona-asoc-snd soc( 0): qcom,msm-audio-apr:qcom,q6core-audio:sound: ASoC: Failed to add route DMIC3_OUTPUT -> direct -> TX SWR_DMIC2
01-01 00:15:32.165 I/CAM_ERR ( 0): CAM-CCI: cam_cci_irq: 264 Base:ffffff801a09d000, M1_Q1 NACK ERROR: 0x40000000
01-01 00:15:32.168 I/CAM_ERR ( 0): CAM-CCI: cam_cci_read: 1306 ERROR with Slave 0xc0:
01-01 00:15:32.168 I/CAM_ERR ( 0): CAM-CCI: cam_cci_read_bytes: 1561 failed to read rc:-22
01-01 00:15:32.168 I/CAM_ERR ( 0): CAM-SENSOR: cam_cci_i2c_read: 35 rc = -22
01-01 00:15:32.168 I/CAM_WARN( 0): CAM-SENSOR: cam_sensor_match_id: 769 read id: 0x0 expected id 0x6710:
01-01 00:15:32.168 E/kona-asoc-snd soc( 0): qcom,msm-audio-apr:qcom,q6core-audio:sound: ASoC: no source widget found for DMIC4_OUTPUT
01-01 00:15:32.169 I/qcom,camera ac4f000.qcom,cci( 0): qcom,cam-sensor1: Dropping the link to regulator.77
01-01 00:15:32.180 E/kona-asoc-snd soc( 0): qcom,msm-audio-apr:qcom,q6core-audio:sound: ASoC: Failed to add route DMIC4_OUTPUT -> direct -> TX SWR_DMIC3
01-01 00:15:31.333 D/CompatibilityChangeReporter( 1152): Compat change id reported: 150232615; UID -1; state: DISABLED
01-01 00:15:31.335 D/CompatibilityChangeReporter( 1152): Compat change id reported: 168782947; UID -1; state: DISABLED
01-01 00:15:32.184 I/qcom,camera ac4f000.qcom,cci( 0): qcom,cam-sensor1: Dropping the link to regulator.57
01-01 00:15:32.193 E/kona-asoc-snd soc( 0): qcom,msm-audio-apr:qcom,q6core-audio:sound: ASoC: no source widget found for DMIC5_OUTPUT
01-01 00:15:32.194 I/qcom,camera ac4f000.qcom,cci( 0): qcom,cam-sensor1: Dropping the link to regulator.53
01-01 00:15:32.205 E/kona-asoc-snd soc( 0): qcom,msm-audio-apr:qcom,q6core-audio:sound: ASoC: Failed to add route DMIC5_OUTPUT -> direct -> TX SWR_DMIC4
01-01 00:15:32.205 I/qcom,camera ac4f000.qcom,cci( 0): qcom,cam-sensor1: Dropping the link to regulator.56
01-01 00:15:32.218 E/kona-asoc-snd soc( 0): qcom,msm-audio-apr:qcom,q6core-audio:sound: ASoC: no source widget found for DMIC6_OUTPUT
01-01 00:15:32.230 E/kona-asoc-snd soc( 0): qcom,msm-audio-apr:qcom,q6core-audio:sound: ASoC: Failed to add route DMIC6_OUTPUT -> direct -> TX SWR_DMIC5
01-01 00:15:32.243 E/kona-asoc-snd soc( 0): qcom,msm-audio-apr:qcom,q6core-audio:sound: ASoC: no source widget found for DMIC7_OUTPUT
01-01 00:15:32.244 E/msm-dwc3 a600000.ssusb( 0): Could not get usb psy
01-01 00:15:32.254 E/kona-asoc-snd soc( 0): qcom,msm-audio-apr:qcom,q6core-audio:sound: ASoC: Failed to add route DMIC7_OUTPUT -> direct -> TX SWR_DMIC6
01-01 00:15:32.260 I/qcom,camera ac4f000.qcom,cci( 0): qcom,cam-sensor4: Linked as a consumer to regulator.55
01-01 00:15:32.264 I/qcom,camera ac4f000.qcom,cci( 0): qcom,cam-sensor4: Linked as a consumer to regulator.52
01-01 00:15:32.273 E/kona-asoc-snd soc( 0): qcom,msm-audio-apr:qcom,q6core-audio:sound: ASoC: no source widget found for DMIC8_OUTPUT
01-01 00:15:32.276 I/qcom,camera ac4f000.qcom,cci( 0): qcom,cam-sensor4: Linked as a consumer to regulator.57
01-01 00:15:32.285 E/kona-asoc-snd soc( 0): qcom,msm-audio-apr:qcom,q6core-audio:sound: ASoC: Failed to add route DMIC8_OUTPUT -> direct -> TX SWR_DMIC7
01-01 00:15:32.286 I/qcom,camera ac4f000.qcom,cci( 0): qcom,cam-sensor4: Linked as a consumer to regulator.77
01-01 00:15:32.295 I/android_work( 0): sent uevent USB_STATE=CONNECTED
01-01 00:15:32.298 E/kona-asoc-snd soc( 0): qcom,msm-audio-apr:qcom,q6core-audio:sound: ASoC: no sink widget found for SpkrLeft IN
01-01 00:15:32.310 E/kona-asoc-snd soc( 0): qcom,msm-audio-apr:qcom,q6core-audio:sound: ASoC: Failed to add route WSA_SPK1 OUT -> direct -> SpkrLeft IN
01-01 00:15:32.323 E/kona-asoc-snd soc( 0): qcom,msm-audio-apr:qcom,q6core-audio:sound: ASoC: no sink widget found for SpkrRight IN
01-01 00:15:32.324 I/CAM_ERR ( 0): CAM-CCI: cam_cci_irq: 238 Base:ffffff801a09d000, M0_Q1 NACK ERROR: 0x10000000
01-01 00:15:32.334 E/kona-asoc-snd soc( 0): qcom,msm-audio-apr:qcom,q6core-audio:sound: ASoC: Failed to add route WSA_SPK2 OUT -> direct -> SpkrRight IN
01-01 00:15:32.334 I/CAM_ERR ( 0): CAM-CCI: cam_cci_read: 1306 ERROR with Slave 0xc0:
01-01 00:15:32.335 I/configfs-gadget gadget( 0): high-speed config #1: b
01-01 00:15:32.337 E/msm-dwc3 a600000.ssusb( 0): Could not get usb psy
01-01 00:15:32.337 I/android_work( 0): sent uevent USB_STATE=CONFIGURED
01-01 00:15:32.348 E/kona-asoc-snd soc( 0): qcom,msm-audio-apr:qcom,q6core-audio:sound: ASoC: no sink widget found for VA MIC BIAS3
01-01 00:15:32.353 I/CAM_ERR ( 0): CAM-CCI: cam_cci_read_bytes: 1561 failed to read rc:-22
01-01 00:15:32.362 E/ipa_mpm_vote_unvote_pcie_clk( 0): 1530 MHI not initialized yet
01-01 00:15:32.362 E/ipa_mpm_start_stop_remote_mhip_chan( 0): 1644 MHI not initialized yet, probe in progress
01-01 00:15:32.363 E/ipa_mpm_start_stop_mhip_chan( 0): 1736 MHIP probe 1 not initialized
01-01 00:15:32.363 E/ipa3_cfg_ep_ctrl( 0): 4812 pipe setting delay is not supported
01-01 00:15:32.364 E/kona-asoc-snd soc( 0): qcom,msm-audio-apr:qcom,q6core-audio:sound: ASoC: Failed to add route Digital Mic0 -> direct -> VA MIC BIAS3
01-01 00:15:32.364 E/kona-asoc-snd soc( 0): qcom,msm-audio-apr:qcom,q6core-audio:sound: ASoC: no sink widget found for VA MIC BIAS3
01-01 00:15:31.523 W/PackageParsing( 1152): No actions in intent-filter at /system/app/Bluetooth/Bluetooth.apk Binary XML file line #284
01-01 00:15:32.371 I/CAM_ERR ( 0): CAM-SENSOR: cam_cci_i2c_read: 35 rc = -22
01-01 00:15:32.371 I/CAM_WARN( 0): CAM-SENSOR: cam_sensor_match_id: 769 read id: 0x0 expected id 0x6710:
01-01 00:15:32.373 I/qcom,camera ac4f000.qcom,cci( 0): qcom,cam-sensor4: Dropping the link to regulator.77
01-01 00:15:32.374 E/ipa_usb_notify_cb( 0): Set net_ready_trigger
01-01 00:15:32.379 E/ipa_mpm_vote_unvote_pcie_clk( 0): 1530 MHI not initialized yet
01-01 00:15:32.379 E/ipa_mpm_start_stop_remote_mhip_chan( 0): 1644 MHI not initialized yet, probe in progress
01-01 00:15:32.380 E/ipa_usb_notify_cb( 0): Set net_ready_trigger
01-01 00:15:32.382 E/kona-asoc-snd soc( 0): qcom,msm-audio-apr:qcom,q6core-audio:sound: ASoC: Failed to add route Digital Mic1 -> direct -> VA MIC BIAS3
01-01 00:15:32.383 E/kona-asoc-snd soc( 0): qcom,msm-audio-apr:qcom,q6core-audio:sound: ASoC: no sink widget found for VA MIC BIAS4
01-01 00:15:32.395 I/qcom,camera ac4f000.qcom,cci( 0): qcom,cam-sensor4: Dropping the link to regulator.57
01-01 00:15:32.397 E/kona-asoc-snd soc( 0): qcom,msm-audio-apr:qcom,q6core-audio:sound: ASoC: Failed to add route Digital Mic4 -> direct -> VA MIC BIAS4
01-01 00:15:32.411 I/qcom,camera ac4f000.qcom,cci( 0): qcom,cam-sensor4: Dropping the link to regulator.52
01-01 00:15:32.422 E/kona-asoc-snd soc( 0): qcom,msm-audio-apr:qcom,q6core-audio:sound: ASoC: no sink widget found for VA MIC BIAS4
01-01 00:15:32.427 I/qcom,camera ac4f000.qcom,cci( 0): qcom,cam-sensor4: Dropping the link to regulator.55
01-01 00:15:32.435 E/kona-asoc-snd soc( 0): qcom,msm-audio-apr:qcom,q6core-audio:sound: ASoC: Failed to add route Digital Mic5 -> direct -> VA MIC BIAS4
01-01 00:15:31.616 W/PackageManager( 1152): Failed to parse /vendor/app/CneApp: Missing base APK in /vendor/app/CneApp/lib/arm64
01-01 00:15:32.478 I/qcom,camera ac4f000.qcom,cci( 0): qcom,cam-sensor5: Linked as a consumer to regulator.56
01-01 00:15:31.648 W/PackageParsing( 1152): Unknown element under : meta-data at /product/priv-app/Dialer/Dialer.apk Binary XML file line #115
01-01 00:15:32.487 E/kona-asoc-snd soc( 0): qcom,msm-audio-apr:qcom,q6core-audio:sound: ASoC: no source widget found for VA MIC BIAS3
01-01 00:15:31.652 W/PackageParsing( 1152): No actions in intent-filter at /product/priv-app/Contacts/Contacts.apk Binary XML file line #558
01-01 00:15:32.500 I/qcom,camera ac4f000.qcom,cci( 0): qcom,cam-sensor5: Linked as a consumer to regulator.57
01-01 00:15:32.510 E/kona-asoc-snd soc( 0): qcom,msm-audio-apr:qcom,q6core-audio:sound: ASoC: Failed to add route VA MIC BIAS3 -> direct -> VA DMIC0
01-01 00:15:32.511 E/kona-asoc-snd soc( 0): qcom,msm-audio-apr:qcom,q6core-audio:sound: ASoC: no source widget found for VA MIC BIAS3
01-01 00:15:32.523 I/qcom,camera ac4f000.qcom,cci( 0): qcom,cam-sensor5: Linked as a consumer to regulator.53
01-01 00:15:32.534 E/kona-asoc-snd soc( 0): qcom,msm-audio-apr:qcom,q6core-audio:sound: ASoC: Failed to add route VA MIC BIAS3 -> direct -> VA DMIC1
01-01 00:15:32.535 E/kona-asoc-snd soc( 0): qcom,msm-audio-apr:qcom,q6core-audio:sound: ASoC: no source widget found for VA MIC BIAS4
01-01 00:15:32.549 I/init ( 0): processing action (persist.vendor.hvdcp_opti.start=1) from (/vendor/etc/init/vendor.qti.hardware.charger_monitor@1.0-service.rc:39)
01-01 00:15:32.558 E/kona-asoc-snd soc( 0): qcom,msm-audio-apr:qcom,q6core-audio:sound: ASoC: Failed to add route VA MIC BIAS4 -> direct -> VA DMIC4
01-01 00:15:32.569 I/qcom,camera ac4f000.qcom,cci( 0): qcom,cam-sensor5: Linked as a consumer to regulator.77
01-01 00:15:32.570 I/init ( 0): Service 'vendor.qti-chg-policy-sh' (pid 1218) exited with status 0 oneshot service took 2.779000 seconds in background
01-01 00:15:31.730 W/PackageParsing( 1152): No actions in intent-filter at /product/app/SnapdragonMusic/SnapdragonMusic.apk Binary XML file line #80
01-01 00:15:31.731 W/PackageParsing( 1152): No actions in intent-filter at /product/app/SnapdragonMusic/SnapdragonMusic.apk Binary XML file line #216
01-01 00:15:32.582 I/init ( 0): Sending signal 9 to service 'vendor.qti-chg-policy-sh' (pid 1218) process group...
01-01 00:15:32.582 I/libprocessgroup( 0): Successfully killed process cgroup uid 0 pid 1218 in 0ms
01-01 00:15:32.583 E/kona-asoc-snd soc( 0): qcom,msm-audio-apr:qcom,q6core-audio:sound: ASoC: no source widget found for VA MIC BIAS4
01-01 00:15:32.585 I/CAM_ERR ( 0): CAM-CCI: cam_cci_irq: 264 Base:ffffff801a09d000, M1_Q1 NACK ERROR: 0x40000000
01-01 00:15:32.594 E/kona-asoc-snd soc( 0): qcom,msm-audio-apr:qcom,q6core-audio:sound: ASoC: Failed to add route VA MIC BIAS4 -> direct -> VA DMIC5
01-01 00:15:32.594 I/CAM_ERR ( 0): CAM-CCI: cam_cci_read: 1306 ERROR with Slave 0x20:
01-01 00:15:32.596 I/init ( 0): starting service 'vendor.hvdcp_opti'...
01-01 00:15:32.607 I/CAM_ERR ( 0): CAM-CCI: cam_cci_read_bytes: 1561 failed to read rc:-22
01-01 00:15:32.607 I/CAM_ERR ( 0): CAM-SENSOR: cam_cci_i2c_read: 35 rc = -22
01-01 00:15:32.607 I/CAM_WARN( 0): CAM-SENSOR: cam_sensor_match_id: 769 read id: 0x0 expected id 0x30d5:
01-01 00:15:32.608 E/kona-asoc-snd soc( 0): qcom,msm-audio-apr:qcom,q6core-audio:sound: ASoC: no source widget found for ADC1_OUTPUT
01-01 00:15:32.608 I/qcom,camera ac4f000.qcom,cci( 0): qcom,cam-sensor5: Dropping the link to regulator.77
01-01 00:15:32.618 E/init ( 0): Control message: Could not find 'android.frameworks.sensorservice@1.0::ISensorManager/default' for ctl.interface_start from pid: 520 (/system/bin/hwservicemanager)
01-01 00:15:32.619 E/init ( 0): Control message: Could not find 'android.frameworks.sensorservice@1.0::ISensorManager/default' for ctl.interface_start from pid: 520 (/system/bin/hwservicemanager)
01-01 00:15:32.619 E/kona-asoc-snd soc( 0): qcom,msm-audio-apr:qcom,q6core-audio:sound: ASoC: Failed to add route ADC1_OUTPUT -> direct -> VA SWR_ADC0
01-01 00:15:32.619 E/kona-asoc-snd soc( 0): qcom,msm-audio-apr:qcom,q6core-audio:sound: ASoC: no source widget found for ADC2_OUTPUT
01-01 00:15:32.635 E/MAIN_MGR( 0): hvdcp_opti Version: 3:0:0
01-01 00:15:32.642 I/qcom,camera ac4f000.qcom,cci( 0): qcom,cam-sensor5: Dropping the link to regulator.53
01-01 00:15:32.642 E/MAIN_MGR( 0): set keepcaps failed!
01-01 00:15:32.642 E/CHG_POLICY_PATH( 0): Failed to get IIO path for MAIN_PSY
01-01 00:15:32.642 I/init ( 0): Sending signal 9 to service 'vendor.hvdcp_opti' (pid 1581) process group...
01-01 00:15:32.648 I/libprocessgroup( 0): Successfully killed process cgroup uid 1000 pid 1581 in 5ms
01-01 00:15:32.649 I/init ( 0): Control message: Processed ctl.stop for 'vendor.hvdcp_opti' from pid: 1581 (/vendor/bin/hvdcp_opti)
01-01 00:15:32.652 E/kona-asoc-snd soc( 0): qcom,msm-audio-apr:qcom,q6core-audio:sound: ASoC: Failed to add route ADC2_OUTPUT -> direct -> VA SWR_ADC1
01-01 00:15:32.653 E/kona-asoc-snd soc( 0): qcom,msm-audio-apr:qcom,q6core-audio:sound: ASoC: no source widget found for ADC3_OUTPUT
01-01 00:15:32.667 I/qcom,camera ac4f000.qcom,cci( 0): qcom,cam-sensor5: Dropping the link to regulator.57
01-01 00:15:32.676 E/kona-asoc-snd soc( 0): qcom,msm-audio-apr:qcom,q6core-audio:sound: ASoC: Failed to add route ADC3_OUTPUT -> direct -> VA SWR_ADC2
01-01 00:15:31.833 W/HidlServiceManagement( 1294): Waited one second for android.hardware.health@2.0::IHealth/default
01-01 00:15:32.682 I/qcom,camera ac4f000.qcom,cci( 0): qcom,cam-sensor5: Dropping the link to regulator.56
01-01 00:15:32.686 E/kona-asoc-snd soc( 0): qcom,msm-audio-apr:qcom,q6core-audio:sound: ASoC: no source widget found for ADC4_OUTPUT
01-01 00:15:31.865 W/PackageParsing( 1152): Ignoring duplicate uses-permissions/uses-permissions-sdk-m: android.permission.ACCESS_NETWORK_STATE in package: com.android.mms at: Binary XML file line #60
01-01 00:15:32.727 I/qcom,camera ac50000.qcom,cci( 0): qcom,cam-sensor6: Linked as a consumer to regulator.56
01-01 00:15:32.729 E/kona-asoc-snd soc( 0): qcom,msm-audio-apr:qcom,q6core-audio:sound: ASoC: Failed to add route ADC4_OUTPUT -> direct -> VA SWR_ADC3
01-01 00:15:32.729 E/kona-asoc-snd soc( 0): qcom,msm-audio-apr:qcom,q6core-audio:sound: ASoC: no source widget found for DMIC1_OUTPUT
01-01 00:15:32.744 I/qcom,camera ac50000.qcom,cci( 0): qcom,cam-sensor6: Linked as a consumer to regulator.54
01-01 00:15:32.753 E/kona-asoc-snd soc( 0): qcom,msm-audio-apr:qcom,q6core-audio:sound: ASoC: Failed to add route DMIC1_OUTPUT -> direct -> VA SWR_MIC0
01-01 00:15:32.753 E/kona-asoc-snd soc( 0): qcom,msm-audio-apr:qcom,q6core-audio:sound: ASoC: no source widget found for DMIC2_OUTPUT
01-01 00:15:32.768 I/qcom,camera ac50000.qcom,cci( 0): qcom,cam-sensor6: Linked as a consumer to regulator.57
01-01 00:15:32.777 E/kona-asoc-snd soc( 0): qcom,msm-audio-apr:qcom,q6core-audio:sound: ASoC: Failed to add route DMIC2_OUTPUT -> direct -> VA SWR_MIC1
01-01 00:15:32.777 E/kona-asoc-snd soc( 0): qcom,msm-audio-apr:qcom,q6core-audio:sound: ASoC: no source widget found for DMIC3_OUTPUT
01-01 00:15:32.792 I/qcom,camera ac50000.qcom,cci( 0): qcom,cam-sensor6: Linked as a consumer to regulator.77
01-01 00:15:32.801 E/kona-asoc-snd soc( 0): qcom,msm-audio-apr:qcom,q6core-audio:sound: ASoC: Failed to add route DMIC3_OUTPUT -> direct -> VA SWR_MIC2
01-01 00:15:32.802 E/kona-asoc-snd soc( 0): qcom,msm-audio-apr:qcom,q6core-audio:sound: ASoC: no source widget found for DMIC4_OUTPUT
01-01 00:15:32.823 I/CAM_ERR ( 0): CAM-CCI: cam_cci_irq: 238 Base:ffffff801a0a5000, M0_Q1 NACK ERROR: 0x10000000
01-01 00:15:32.826 E/kona-asoc-snd soc( 0): qcom,msm-audio-apr:qcom,q6core-audio:sound: ASoC: Failed to add route DMIC4_OUTPUT -> direct -> VA SWR_MIC3
01-01 00:15:32.837 I/CAM_ERR ( 0): CAM-CCI: cam_cci_read: 1306 ERROR with Slave 0x34:
01-01 00:15:31.998 W/PackageParsing( 1152): Unknown element under : meta-data at /system_ext/priv-app/QtiDialer/QtiDialer.apk Binary XML file line #119
01-01 00:15:32.850 I/CAM_ERR ( 0): CAM-CCI: cam_cci_read_bytes: 1561 failed to read rc:-22
01-01 00:15:32.850 I/CAM_ERR ( 0): CAM-SENSOR: cam_cci_i2c_read: 35 rc = -22
01-01 00:15:32.850 I/CAM_WARN( 0): CAM-SENSOR: cam_sensor_match_id: 769 read id: 0x0 expected id 0x481:
01-01 00:15:32.850 E/kona-asoc-snd soc( 0): qcom,msm-audio-apr:qcom,q6core-audio:sound: ASoC: no source widget found for DMIC5_OUTPUT
01-01 00:15:32.852 I/qcom,camera ac50000.qcom,cci( 0): qcom,cam-sensor6: Dropping the link to regulator.77
01-01 00:15:32.861 E/kona-asoc-snd soc( 0): qcom,msm-audio-apr:qcom,q6core-audio:sound: ASoC: Failed to add route DMIC5_OUTPUT -> direct -> VA SWR_MIC4
01-01 00:15:32.013 W/PackageParsing( 1152): Ignoring duplicate uses-permissions/uses-permissions-sdk-m: android.permission.CONFIGURE_WIFI_DISPLAY in package: com.android.systemui at: Binary XML file line #160
01-01 00:15:32.864 I/qcom,camera ac50000.qcom,cci( 0): qcom,cam-sensor6: Dropping the link to regulator.57
01-01 00:15:32.875 E/kona-asoc-snd soc( 0): qcom,msm-audio-apr:qcom,q6core-audio:sound: ASoC: no source widget found for DMIC6_OUTPUT
01-01 00:15:32.875 I/qcom,camera ac50000.qcom,cci( 0): qcom,cam-sensor6: Dropping the link to regulator.54
01-01 00:15:32.027 I/PackageParsing( 1152): Parse times for '/system_ext/priv-app/SystemUI': parse=174ms, update_cache=2 ms
01-01 00:15:32.886 E/kona-asoc-snd soc( 0): qcom,msm-audio-apr:qcom,q6core-audio:sound: ASoC: Failed to add route DMIC6_OUTPUT -> direct -> VA SWR_MIC5
01-01 00:15:32.886 I/qcom,camera ac50000.qcom,cci( 0): qcom,cam-sensor6: Dropping the link to regulator.56
01-01 00:15:32.899 E/kona-asoc-snd soc( 0): qcom,msm-audio-apr:qcom,q6core-audio:sound: ASoC: no source widget found for DMIC7_OUTPUT
01-01 00:15:32.911 E/kona-asoc-snd soc( 0): qcom,msm-audio-apr:qcom,q6core-audio:sound: ASoC: Failed to add route DMIC7_OUTPUT -> direct -> VA SWR_MIC6
01-01 00:15:32.924 E/kona-asoc-snd soc( 0): qcom,msm-audio-apr:qcom,q6core-audio:sound: ASoC: no source widget found for DMIC8_OUTPUT
01-01 00:15:32.935 E/kona-asoc-snd soc( 0): qcom,msm-audio-apr:qcom,q6core-audio:sound: ASoC: Failed to add route DMIC8_OUTPUT -> direct -> VA SWR_MIC7
01-01 00:15:32.948 W/kona-asoc-snd soc( 0): qcom,msm-audio-apr:qcom,q6core-audio:sound: ASoC: no DMI vendor name!
01-01 00:15:32.257 I/PackageParsing( 1152): Parse times for '/system_ext/priv-app/Settings': parse=363ms, update_cache=4 ms
01-01 00:15:33.130 I/kona-asoc-snd soc( 0): qcom,msm-audio-apr:qcom,q6core-audio:sound: msm_asoc_machine_probe: Sound card kona-mtp-snd-card registered
01-01 00:15:33.145 E/ ( 0): [drm:dp_display_init_aux_switch][msm-dp-err][38 ]failed to register notifier (-22)
01-01 00:15:33.173 E/swr-wcd rx_swr_ctrl( 0): swrm_get_logical_dev_num: device 0xd01170224 is not ready
01-01 00:15:33.187 W/swr-wcd wsa_swr_ctrl( 0): DMA mask not set
01-01 00:15:33.193 E/swr_get_logical_dev_num( 0): Error -22 to get logical addr for device d01170224
01-01 00:15:33.212 E/swr-wcd rx_swr_ctrl( 0): swrm_get_logical_dev_num: device 0xd01170224 is not ready
01-01 00:15:33.225 E/swr_get_logical_dev_num( 0): Error -22 to get logical addr for device d01170224
01-01 00:15:33.235 E/swr-wcd rx_swr_ctrl( 0): swrm_get_logical_dev_num: device 0xd01170224 is not ready
01-01 00:15:33.244 E/swr_get_logical_dev_num( 0): Error -22 to get logical addr for device d01170224
01-01 00:15:33.260 E/swr-wcd rx_swr_ctrl( 0): swrm_get_logical_dev_num: device 0xd01170224 is not ready
01-01 00:15:33.271 E/swr_get_logical_dev_num( 0): Error -22 to get logical addr for device d01170224
01-01 00:15:33.280 E/swr-wcd wsa_swr_ctrl( 0): swrm_get_logical_dev_num: device 0x1020170211 is not ready
01-01 00:15:33.290 E/swr_get_logical_dev_num( 0): Error -22 to get logical addr for device 1020170211
01-01 00:15:33.299 E/swr-wcd rx_swr_ctrl( 0): swrm_get_logical_dev_num: device 0xd01170224 is not ready
01-01 00:15:33.310 W/wsa881x ( 0): probe of wsa881x.1020170211 failed with error -22
01-01 00:15:33.315 E/swr_get_logical_dev_num( 0): Error -22 to get logical addr for device d01170224
01-01 00:15:32.482 I/PackageManager( 1152): Finished scanning system apps. Time: 1330 ms, packageCount: 191 , timePerPackage: 6 , cached: 0
01-01 00:15:33.323 E/swr-wcd wsa_swr_ctrl( 0): swrm_get_logical_dev_num: device 0x1020170212 is not ready
01-01 00:15:33.332 E/wcd938x_codec wcd938x-codec( 0): wcd938x_bind: Slave bind failed, ret = -517
01-01 00:15:32.497 D/CompatibilityChangeReporter( 1152): Compat change id reported: 133396946; UID -1; state: ENABLED
01-01 00:15:33.341 E/swr_get_logical_dev_num( 0): Error -22 to get logical addr for device 1020170212
01-01 00:15:33.352 W/wsa881x ( 0): probe of wsa881x.1020170212 failed with error -22
01-01 00:15:32.512 W/PackageParsing( 1152): Unknown element under : meta-data at /data/app/~~aVEaZuROQKPB-_jOEH7TsA==/com.tencent.mtt-Jf0DJNkZ9q5FUdSD0wllzw==/base.apk Binary XML file line #140
01-01 00:15:32.513 W/PackageManager( 1152): Skipping provider name com.antutu.ABenchMark.fileprovider (in package com.antutu.ABenchMark): name already used by com.antutu.ABenchMark
01-01 00:15:33.367 E/swr-wcd wsa_swr_ctrl( 0): swrm_get_logical_dev_num: device 0x1021170213 is not ready
01-01 00:15:33.376 W/QSEECOM ( 0): qseecom_load_app: App (featenabler) does'nt exist, loading apps for first time
01-01 00:15:33.376 E/swr_get_logical_dev_num( 0): Error -22 to get logical addr for device 1021170213
01-01 00:15:33.385 D/cnss ( 0): Sending respond memory message, state: 0x9
01-01 00:15:33.385 D/cnss ( 0): Memory for FW, va: 0xffffff8025f02000, pa: 0x00000000a1000000, size: 0x5e0000, type: 1
01-01 00:15:33.385 D/cnss ( 0): Memory for FW, va: 0xffffff8020f02000, pa: 0x00000000a1600000, size: 0xd8000, type: 4
01-01 00:15:33.386 W/wsa881x ( 0): probe of wsa881x.1021170213 failed with error -22
01-01 00:15:32.537 D/CompatibilityChangeReporter( 1152): Compat change id reported: 133396946; UID -1; state: DISABLED
01-01 00:15:32.540 W/PackageManager( 1152): Skipping provider name com.tencent.mtt.fileProvider (in package com.tencent.mtt): name already used by com.tencent.mtt
01-01 00:15:32.542 I/PackageManager( 1152): Finished scanning non-system apps. Time: 59 ms, packageCount: 3 , timePerPackage: 19 , cached: 0
01-01 00:15:32.543 E/PackageManager( 1152): There should probably be exactly one setup wizard; found 0: matches=[]
01-01 00:15:33.392 D/cnss ( 0): PM relax, state: 0x9, count: 0
01-01 00:15:33.394 D/cnss ( 0): Received QMI WLFW FW memory ready indication
01-01 00:15:33.394 D/cnss ( 0): Posting event: FW_MEM_READY(3), state: 0x9 flags: 0x0
01-01 00:15:33.394 D/cnss ( 0): PM stay awake, state: 0x9, count: 1
01-01 00:15:33.396 D/cnss ( 0): PM relax, state: 0x9, count: 0
01-01 00:15:33.396 D/cnss ( 0): PM stay awake, state: 0x9, count: 1
01-01 00:15:33.396 D/cnss ( 0): Processing driver event: FW_MEM_READY(3), state: 0x9
01-01 00:15:33.396 D/cnss ( 0): Sending target capability message, state: 0xb
01-01 00:15:33.397 W/QSEECOM ( 0): qseecom_load_app: App with id 5 (featenabler) now loaded
01-01 00:15:32.545 E/PackageManager( 1152): updateAllSharedLibrariesLPw failed: Package com.qti.snapdragon.qdcm_ff requires unavailable shared library vendor.display.color.V1_0.IDisplayColor; failing!
01-01 00:15:32.545 E/PackageManager( 1152): updateAllSharedLibrariesLPw failed: Package com.qti.pasrservice requires unavailable shared library vendor.qti.power.pasrmanager.V1_0.IPasrManager; failing!
01-01 00:15:32.546 E/PackageManager( 1152): updateAllSharedLibrariesLPw failed: Package com.qualcomm.wfd.service requires unavailable shared library .WfdService; failing!
01-01 00:15:32.548 I/PackageManager( 1152): Time to scan packages: 1.396 seconds
01-01 00:15:32.548 I/PackageManager( 1152): Permission ownership changed. Updating all permissions.
01-01 00:15:33.400 E/swr-wcd wsa_swr_ctrl( 0): swrm_get_logical_dev_num: device 0x1021170214 is not ready
01-01 00:15:33.408 D/cnss ( 0): Voltage for CPR: 948mV
01-01 00:15:33.410 D/cnss ( 0): Got voltage 800mV from i: 0, j: 0
01-01 00:15:33.410 D/cnss ( 0): Got voltage 1012mV from i: 4, j: 1
01-01 00:15:33.410 D/cnss ( 0): Update TCS CMD data address 0x000000000b2e5844 with voltage 950mV
01-01 00:15:33.410 D/cnss ( 0): Device frequency is 24000000 HZ
01-01 00:15:33.410 D/cnss ( 0): Target capability: chip_id: 0x0, chip_family: 0xb, board_id: 0xff, soc_id: 0xffffffff, fw_version: 0x101a0521, fw_build_timestamp: 2021-12-20 07:54, fw_build_id: QC_IMAGE_VERSION_STRING=WLAN.HST.1.0.1.r1-01313-QCAHSTSWPL_SILICONZ-1, otp_version: 0x480020
01-01 00:15:33.410 D/cnss ( 0): Sending BDF download message, state: 0xb, type: 4
01-01 00:15:33.410 D/cnss ( 0): FW name added with prefix: qca6390/regdb.bin
01-01 00:15:33.412 W/cnss2 b0000000.qcom,cnss-qca6390( 0): Falling back to syfs fallback for: qca6390/regdb.bin
01-01 00:15:33.413 E/swr_get_logical_dev_num( 0): Error -22 to get logical addr for device 1021170214
01-01 00:15:33.423 I/ueventd ( 0): firmware: loading 'qca6390/regdb.bin' for '/devices/platform/soc/b0000000.qcom,cnss-qca6390/firmware/qca6390!regdb.bin'
01-01 00:15:32.575 V/PackageManager( 1152): reconcileAppsData for null u0 0x1 migrateAppData=true
01-01 00:15:33.423 W/wsa881x ( 0): probe of wsa881x.1021170214 failed with error -22
01-01 00:15:33.424 E/ueventd ( 0): firmware: could not find firmware for qca6390/regdb.bin
01-01 00:15:33.428 W/QSEECOM ( 0): qseecom_load_app: App (fingerpr) does'nt exist, loading apps for first time
01-01 00:15:33.432 E/ueventd ( 0): firmware: attempted /etc/firmware/qca6390/regdb.bin, open failed: No such file or directory
01-01 00:15:33.434 E/ ( 0): [drm:dp_display_init_aux_switch][msm-dp-err][419 ]failed to register notifier (-22)
01-01 00:15:33.443 E/ueventd ( 0): firmware: attempted /odm/firmware/qca6390/regdb.bin, open failed: No such file or directory
01-01 00:15:33.462 E/ueventd ( 0): firmware: attempted /vendor/firmware/qca6390/regdb.bin, open failed: No such file or directory
01-01 00:15:33.463 E/swr-wcd rx_swr_ctrl( 0): swrm_get_logical_dev_num: device 0xd01170224 is not ready
01-01 00:15:33.473 E/ueventd ( 0): firmware: attempted /firmware/image/qca6390/regdb.bin, open failed: No such file or directory
01-01 00:15:33.475 W/subsys-pil-tz soc( 0): qcom,kgsl-hyp: Falling back to syfs fallback for: a650_zap.mdt
01-01 00:15:33.482 E/swr_get_logical_dev_num( 0): Error -22 to get logical addr for device d01170224
01-01 00:15:33.484 I/ueventd ( 0): firmware: loading 'a650_zap.mdt' for '/devices/platform/soc/soc:qcom,kgsl-hyp/firmware/a650_zap.mdt'
