08-18 16:57:11.772 D/CompatibilityChangeReporter( 1152): Compat change id reported: 168419799; UID 10090; state: DISABLED
08-18 16:57:11.787 W/ActivityManager( 1152): Slow operation: 52ms so far, now at startProcess: returned from zygote!
08-18 16:57:11.787 W/ActivityManager( 1152): Slow operation: 53ms so far, now at startProcess: done updating battery stats
08-18 16:57:11.787 W/ActivityManager( 1152): Slow operation: 53ms so far, now at startProcess: building log message
08-18 16:57:11.787 I/ActivityManager( 1152): Start proc 4952:com.android.webview:sandboxed_process0:org.chromium.content.app.SandboxedProcessService0:0/u0ai9000 for {com.tencent.mtt/org.chromium.content.app.SandboxedProcessService0:0}
08-18 16:57:11.787 W/ActivityManager( 1152): Slow operation: 53ms so far, now at startProcess: starting to update pids map
08-18 16:57:11.787 W/ActivityManager( 1152): Slow operation: 53ms so far, now at startProcess: done updating pids map
01-01 00:18:11.576 I/binder ( 0): 4952:4952 ioctl 40046210 ffee66c8 returned -22
08-18 16:57:11.832 W/BroadcastQueue( 1152): Permission Denial: broadcasting Intent { act=android.net.conn.CONNECTIVITY_CHANGE flg=0x4200010 (has extras) } from null (pid=-1, uid=-1) requires com.tencent.mtt.broadcast due to registered receiver BroadcastFilter{8a1d580 10144/u0 ReceiverList{ccd6203 4759 com.tencent.mtt:service/10144/u0 remote:a312b2}}
01-01 00:18:11.875 I/binder ( 0): 3286:4604 ioctl 40046210 b4b55d38 returned -22
08-18 16:57:12.301 I/WindowManager( 1152): Screen frozen for +1s945ms due to Window{988b0d7 u0 com.tencent.mtt/com.tencent.mtt.MainActivity}
08-18 16:57:12.306 W/Looper ( 1152): Slow delivery took 281ms android.ui h=android.view.GestureDetector$GestureHandler c=null m=1
08-18 16:57:12.345 W/WindowManager( 1152): Failed looking up window session=Session{650bf93 3286:u0a10144} callers=com.android.server.wm.WindowManagerService.windowForClientLocked:5626 com.android.server.wm.WindowManagerService.finishDrawingWindow:2652 com.android.server.wm.Session.finishDrawing:261
08-18 16:57:12.376 W/Looper ( 1152): Drained
08-18 16:57:12.377 I/ActivityManager( 1152): Killing 3723:com.android.camera2/u0a81 (adj 995): empty #31
01-01 00:18:12.186 I/init ( 0): starting service 'qvrd_vndr'...
01-01 00:18:12.196 W/audit ( 0): audit_lost=19 audit_rate_limit=5 audit_backlog_limit=64
01-01 00:18:12.198 I/init ( 0): Created socket '/dev/socket/qvrservice_vndr', mode 660, user 1000, group 1000
01-01 00:18:12.203 E/audit ( 0): rate limit exceeded
01-01 00:18:12.221 I/init ( 0): Created socket '/dev/socket/qvrservice_vndr_camera', mode 660, user 1000, group 1000
08-18 16:57:12.466 W/BroadcastQueue( 1152): Permission Denial: broadcasting Intent { act=android.net.conn.CONNECTIVITY_CHANGE flg=0x4200010 (has extras) } from null (pid=-1, uid=-1) requires com.tencent.mtt.broadcast due to registered receiver BroadcastFilter{8945fef 10144/u0 ReceiverList{8c8e4ce 3286 com.tencent.mtt/10144/u0 remote:aa105c9}}
01-01 00:18:12.259 I/init ( 0): starting service 'sxrd'...
01-01 00:18:12.281 I/init ( 0): starting service 'vendor.light-hal-2-0'...
01-01 00:18:12.308 I/init ( 0): Service 'sxrd' (pid 5056) exited with status 1
01-01 00:18:12.315 I/init ( 0): Sending signal 9 to service 'sxrd' (pid 5056) process group...
01-01 00:18:12.324 I/libprocessgroup( 0): Successfully killed process cgroup uid 1000 pid 5056 in 0ms
08-18 16:57:12.526 F/linker ( 5056): CANNOT LINK EXECUTABLE "/vendor/bin/hw/sxrservice": library "vendor.qti.hardware.qxr-V1-ndk_platform.so" not found: needed by main executable
08-18 16:57:12.531 I/ActivityManager( 1152): Killing 3060:com.android.printspooler/u0a44 (adj 995): empty #31
08-18 16:57:12.583 F/linker ( 5054): CANNOT LINK EXECUTABLE "/vendor/bin/hw/qvrservice": library "vendor.qti.hardware.qxr-V1-ndk_platform.so" not found: needed by /vendor/lib64/libqvrservice.so in namespace (default)
01-01 00:18:12.347 I/init ( 0): Service 'qvrd_vndr' (pid 5054) exited with status 1
01-01 00:18:12.361 I/init ( 0): Sending signal 9 to service 'qvrd_vndr' (pid 5054) process group...
01-01 00:18:12.425 D/ ( 0): mv2112_read_status
01-01 00:18:12.429 D/mv2112_update_link( 0): 3.0x901(1G): 0x4
01-01 00:18:12.441 D/mv2112_update_link( 0): 3.0x8109(100M): 0x8
01-01 00:18:12.453 D/mv2112_update_link( 0): link 0x4
01-01 00:18:12.457 D/mv2112_read_status( 0): autoneg is disabled
01-01 00:18:12.613 I/binder_alloc( 0): 4639: binder_alloc_buf, no vma
01-01 00:18:12.619 I/binder ( 0): 1152:1181 transaction failed 29189/-3, size 120-0 line 3240
08-18 16:57:12.855 I/ActivityManager( 1152): Process com.tencent.mtt:block (pid 4639) has died: cch CRE
08-18 16:57:12.856 I/WindowManager( 1152): WIN DEATH: Window{f7c72ef u0 com.tencent.mtt/com.tencent.mtt.BlockActivity}
08-18 16:57:12.863 W/InputMethodManagerService( 1152): Got RemoteException sending setActive(false) notification to pid 4639 uid 10144
08-18 16:57:12.874 W/ActivityManager( 1152): setHasOverlayUi called on unknown pid: 4639
01-01 00:18:12.644 I/binder ( 0): 2704:2704 transaction failed 29189/-22, size 96-0 line 3071
08-18 16:57:12.879 W/UsageStatsService( 1152): Unexpected activity event reported! (com.tencent.mtt/com.tencent.mtt.BlockActivity event : 23 instanceId : 146800986)
01-01 00:18:13.481 D/ ( 0): mv2112_read_status
01-01 00:18:13.485 D/mv2112_update_link( 0): 3.0x901(1G): 0x4
01-01 00:18:13.490 D/mv2112_update_link( 0): 3.0x8109(100M): 0x8
01-01 00:18:13.495 D/mv2112_update_link( 0): link 0x4
01-01 00:18:13.499 D/mv2112_read_status( 0): autoneg is disabled
08-18 16:57:14.071 E/PackageDexUsage( 1152): Unsupported context?
01-01 00:18:14.331 I/afe_close( 0): port_id = 0x400e
01-01 00:18:14.342 I/btfm_slim_disable_ch( 0): port:16, grp: 0, ch->grph:0x0, ch->ch_hdl:0x1d
01-01 00:18:14.505 D/ ( 0): mv2112_read_status
01-01 00:18:14.508 D/mv2112_update_link( 0): 3.0x901(1G): 0x4
01-01 00:18:14.513 D/mv2112_update_link( 0): 3.0x8109(100M): 0x8
01-01 00:18:14.528 D/mv2112_update_link( 0): link 0x4
01-01 00:18:14.532 D/mv2112_read_status( 0): autoneg is disabled
08-18 16:57:15.488 D/PackageManager( 1152): Instant App installer not found with android.intent.action.INSTALL_INSTANT_APP_PACKAGE
08-18 16:57:15.488 D/PackageManager( 1152): Clear ephemeral installer activity
08-18 16:57:15.491 D/PackageManager( 1152): Instant App installer not found with android.intent.action.INSTALL_INSTANT_APP_PACKAGE
08-18 16:57:15.491 D/PackageManager( 1152): Clear ephemeral installer activity
08-18 16:57:15.492 D/PackageManager( 1152): Instant App installer not found with android.intent.action.INSTALL_INSTANT_APP_PACKAGE
08-18 16:57:15.493 D/PackageManager( 1152): Clear ephemeral installer activity
08-18 16:57:15.496 D/PackageManager( 1152): Instant App installer not found with android.intent.action.INSTALL_INSTANT_APP_PACKAGE
08-18 16:57:15.496 D/PackageManager( 1152): Clear ephemeral installer activity
08-18 16:57:15.498 D/PackageManager( 1152): Instant App installer not found with android.intent.action.INSTALL_INSTANT_APP_PACKAGE
08-18 16:57:15.498 D/PackageManager( 1152): Clear ephemeral installer activity
08-18 16:57:15.500 D/PackageManager( 1152): Instant App installer not found with android.intent.action.INSTALL_INSTANT_APP_PACKAGE
08-18 16:57:15.500 D/PackageManager( 1152): Clear ephemeral installer activity
08-18 16:57:15.501 D/PackageManager( 1152): Instant App installer not found with android.intent.action.INSTALL_INSTANT_APP_PACKAGE
08-18 16:57:15.501 D/PackageManager( 1152): Clear ephemeral installer activity
08-18 16:57:15.503 D/PackageManager( 1152): Instant App installer not found with android.intent.action.INSTALL_INSTANT_APP_PACKAGE
08-18 16:57:15.503 D/PackageManager( 1152): Clear ephemeral installer activity
08-18 16:57:15.505 D/PackageManager( 1152): Instant App installer not found with android.intent.action.INSTALL_INSTANT_APP_PACKAGE
08-18 16:57:15.505 D/PackageManager( 1152): Clear ephemeral installer activity
08-18 16:57:15.507 D/PackageManager( 1152): Instant App installer not found with android.intent.action.INSTALL_INSTANT_APP_PACKAGE
08-18 16:57:15.507 D/PackageManager( 1152): Clear ephemeral installer activity
08-18 16:57:15.508 D/PackageManager( 1152): Instant App installer not found with android.intent.action.INSTALL_INSTANT_APP_PACKAGE
08-18 16:57:15.508 D/PackageManager( 1152): Clear ephemeral installer activity
01-01 00:18:15.561 D/ ( 0): mv2112_read_status
01-01 00:18:15.565 D/mv2112_update_link( 0): 3.0x901(1G): 0x4
01-01 00:18:15.570 D/mv2112_update_link( 0): 3.0x8109(100M): 0x8
01-01 00:18:15.575 D/mv2112_update_link( 0): link 0x4
01-01 00:18:15.579 D/mv2112_read_status( 0): autoneg is disabled
08-18 16:57:15.898 E/TaskPersister( 1152): File error accessing recents directory (directory doesn't exist?).
08-18 16:57:16.499 D/CompanionDeviceManagerService( 1152): onPackageModified(packageName = com.tencent.mtt)
08-18 16:57:16.524 I/Telecom ( 1152): DefaultDialerCache: Refreshing default dialer for user 0: now null: DDC.oR@ADc
08-18 16:57:16.580 W/VoiceInteractionManager( 1152): no available voice recognition services found for user 0
01-01 00:18:16.586 D/ ( 0): mv2112_read_status
01-01 00:18:16.589 D/mv2112_update_link( 0): 3.0x901(1G): 0x4
01-01 00:18:16.594 D/mv2112_update_link( 0): 3.0x8109(100M): 0x8
01-01 00:18:16.599 D/mv2112_update_link( 0): link 0x4
01-01 00:18:16.604 D/mv2112_read_status( 0): autoneg is disabled
01-01 00:18:17.256 I/init ( 0): starting service 'qvrd_vndr'...
01-01 00:18:17.269 I/init ( 0): Created socket '/dev/socket/qvrservice_vndr', mode 660, user 1000, group 1000
01-01 00:18:17.280 I/init ( 0): Created socket '/dev/socket/qvrservice_vndr_camera', mode 660, user 1000, group 1000
01-01 00:18:17.303 I/init ( 0): starting service 'sxrd'...
01-01 00:18:17.322 I/init ( 0): starting service 'vendor.light-hal-2-0'...
08-18 16:57:17.583 F/linker ( 5203): CANNOT LINK EXECUTABLE "/vendor/bin/hw/qvrservice": library "vendor.qti.hardware.qxr-V1-ndk_platform.so" not found: needed by /vendor/lib64/libqvrservice.so in namespace (default)
08-18 16:57:17.586 F/linker ( 5204): CANNOT LINK EXECUTABLE "/vendor/bin/hw/sxrservice": library "vendor.qti.hardware.qxr-V1-ndk_platform.so" not found: needed by main executable
01-01 00:18:17.348 I/init ( 0): Service 'qvrd_vndr' (pid 5203) exited with status 1
01-01 00:18:17.354 I/init ( 0): Sending signal 9 to service 'qvrd_vndr' (pid 5203) process group...
01-01 00:18:17.363 I/libprocessgroup( 0): Successfully killed process cgroup uid 1000 pid 5203 in 0ms
01-01 00:18:17.373 I/init ( 0): Service 'sxrd' (pid 5204) exited with status 1
01-01 00:18:17.379 I/init ( 0): Sending signal 9 to service 'sxrd' (pid 5204) process group...
01-01 00:18:17.610 D/ ( 0): mv2112_read_status
01-01 00:18:17.613 D/mv2112_update_link( 0): 3.0x901(1G): 0x4
01-01 00:18:17.618 D/mv2112_update_link( 0): 3.0x8109(100M): 0x8
01-01 00:18:17.623 D/mv2112_update_link( 0): link 0x4
01-01 00:18:17.627 D/mv2112_read_status( 0): autoneg is disabled
08-18 16:57:18.364 W/SocketClient( 680): write error (Broken pipe)
01-01 00:18:18.633 D/ ( 0): mv2112_read_status
01-01 00:18:18.637 D/mv2112_update_link( 0): 3.0x901(1G): 0x4
01-01 00:18:18.642 D/mv2112_update_link( 0): 3.0x8109(100M): 0x8
01-01 00:18:18.647 D/mv2112_update_link( 0): link 0x4
01-01 00:18:18.651 D/mv2112_read_status( 0): autoneg is disabled
08-18 16:57:19.565 W/SocketClient( 680): write error (Broken pipe)
01-01 00:18:19.657 D/ ( 0): mv2112_read_status
01-01 00:18:19.661 D/mv2112_update_link( 0): 3.0x901(1G): 0x4
01-01 00:18:19.666 D/mv2112_update_link( 0): 3.0x8109(100M): 0x8
01-01 00:18:19.671 D/mv2112_update_link( 0): link 0x4
01-01 00:18:19.675 D/mv2112_read_status( 0): autoneg is disabled
08-18 16:57:20.336 W/ActivityTaskManager( 1152): Launch timeout has expired, giving up wake lock!
01-01 00:18:20.682 D/ ( 0): mv2112_read_status
01-01 00:18:20.685 D/mv2112_update_link( 0): 3.0x901(1G): 0x4
01-01 00:18:20.690 D/mv2112_update_link( 0): 3.0x8109(100M): 0x8
01-01 00:18:20.695 D/mv2112_update_link( 0): link 0x4
01-01 00:18:20.700 D/mv2112_read_status( 0): autoneg is disabled
01-01 00:18:20.930 W/audit ( 0): audit_lost=34 audit_rate_limit=5 audit_backlog_limit=64
01-01 00:18:20.954 E/audit ( 0): rate limit exceeded
01-01 00:18:21.705 D/ ( 0): mv2112_read_status
01-01 00:18:21.709 D/mv2112_update_link( 0): 3.0x901(1G): 0x4
01-01 00:18:21.714 D/mv2112_update_link( 0): 3.0x8109(100M): 0x8
01-01 00:18:21.719 D/mv2112_update_link( 0): link 0x4
01-01 00:18:21.723 D/mv2112_read_status( 0): autoneg is disabled
01-01 00:18:22.302 I/init ( 0): starting service 'qvrd_vndr'...
01-01 00:18:22.309 I/init ( 0): Created socket '/dev/socket/qvrservice_vndr', mode 660, user 1000, group 1000
01-01 00:18:22.319 I/init ( 0): Created socket '/dev/socket/qvrservice_vndr_camera', mode 660, user 1000, group 1000
01-01 00:18:22.352 I/init ( 0): starting service 'sxrd'...
01-01 00:18:22.371 I/init ( 0): starting service 'vendor.light-hal-2-0'...
08-18 16:57:22.621 F/linker ( 5242): CANNOT LINK EXECUTABLE "/vendor/bin/hw/qvrservice": library "vendor.qti.hardware.qxr-V1-ndk_platform.so" not found: needed by /vendor/lib64/libqvrservice.so in namespace (default)
01-01 00:18:22.386 I/init ( 0): Service 'qvrd_vndr' (pid 5242) exited with status 1
01-01 00:18:22.392 I/init ( 0): Sending signal 9 to service 'qvrd_vndr' (pid 5242) process group...
01-01 00:18:22.400 I/libprocessgroup( 0): Successfully killed process cgroup uid 1000 pid 5242 in 0ms
08-18 16:57:22.638 F/linker ( 5244): CANNOT LINK EXECUTABLE "/vendor/bin/hw/sxrservice": library "vendor.qti.hardware.qxr-V1-ndk_platform.so" not found: needed by main executable
01-01 00:18:22.415 I/init ( 0): Service 'sxrd' (pid 5244) exited with status 1
01-01 00:18:22.422 I/init ( 0): Sending signal 9 to service 'sxrd' (pid 5244) process group...
01-01 00:18:22.730 D/ ( 0): mv2112_read_status
01-01 00:18:22.733 D/mv2112_update_link( 0): 3.0x901(1G): 0x4
01-01 00:18:22.738 D/mv2112_update_link( 0): 3.0x8109(100M): 0x8
01-01 00:18:22.743 D/mv2112_update_link( 0): link 0x4
01-01 00:18:22.747 D/mv2112_read_status( 0): autoneg is disabled
01-01 00:18:23.754 D/ ( 0): mv2112_read_status
01-01 00:18:23.757 D/mv2112_update_link( 0): 3.0x901(1G): 0x4
01-01 00:18:23.762 D/mv2112_update_link( 0): 3.0x8109(100M): 0x8
01-01 00:18:23.768 D/mv2112_update_link( 0): link 0x4
01-01 00:18:23.772 D/mv2112_read_status( 0): autoneg is disabled
01-01 00:18:24.778 D/ ( 0): mv2112_read_status
01-01 00:18:24.781 D/mv2112_update_link( 0): 3.0x901(1G): 0x4
01-01 00:18:24.786 D/mv2112_update_link( 0): 3.0x8109(100M): 0x8
01-01 00:18:24.791 D/mv2112_update_link( 0): link 0x4
01-01 00:18:24.796 D/mv2112_read_status( 0): autoneg is disabled
01-01 00:18:25.802 D/ ( 0): mv2112_read_status
01-01 00:18:25.806 D/mv2112_update_link( 0): 3.0x901(1G): 0x4
01-01 00:18:25.811 D/mv2112_update_link( 0): 3.0x8109(100M): 0x8
01-01 00:18:25.816 D/mv2112_update_link( 0): link 0x4
01-01 00:18:25.820 D/mv2112_read_status( 0): autoneg is disabled
01-01 00:18:26.826 D/ ( 0): mv2112_read_status
01-01 00:18:26.829 D/mv2112_update_link( 0): 3.0x901(1G): 0x4
01-01 00:18:26.834 D/mv2112_update_link( 0): 3.0x8109(100M): 0x8
01-01 00:18:26.839 D/mv2112_update_link( 0): link 0x4
01-01 00:18:26.844 D/mv2112_read_status( 0): autoneg is disabled
08-18 16:57:27.161 W/SocketClient( 680): write error (Broken pipe)
08-18 16:57:27.164 W/SocketClient( 680): write error (Broken pipe)
01-01 00:18:27.345 I/init ( 0): starting service 'qvrd_vndr'...
01-01 00:18:27.354 I/init ( 0): Created socket '/dev/socket/qvrservice_vndr', mode 660, user 1000, group 1000
01-01 00:18:27.365 I/init ( 0): Created socket '/dev/socket/qvrservice_vndr_camera', mode 660, user 1000, group 1000
01-01 00:18:27.396 I/init ( 0): starting service 'sxrd'...
01-01 00:18:27.417 I/init ( 0): starting service 'vendor.light-hal-2-0'...
08-18 16:57:27.676 F/linker ( 5282): CANNOT LINK EXECUTABLE "/vendor/bin/hw/qvrservice": library "vendor.qti.hardware.qxr-V1-ndk_platform.so" not found: needed by /vendor/lib64/libqvrservice.so in namespace (default)
08-18 16:57:27.679 F/linker ( 5283): CANNOT LINK EXECUTABLE "/vendor/bin/hw/sxrservice": library "vendor.qti.hardware.qxr-V1-ndk_platform.so" not found: needed by main executable
01-01 00:18:27.441 I/init ( 0): Service 'qvrd_vndr' (pid 5282) exited with status 1
01-01 00:18:27.447 I/init ( 0): Sending signal 9 to service 'qvrd_vndr' (pid 5282) process group...
01-01 00:18:27.456 I/libprocessgroup( 0): Successfully killed process cgroup uid 1000 pid 5282 in 0ms
01-01 00:18:27.466 I/init ( 0): Service 'sxrd' (pid 5283) exited with status 1
01-01 00:18:27.472 I/init ( 0): Sending signal 9 to service 'sxrd' (pid 5283) process group...
01-01 00:18:27.850 D/ ( 0): mv2112_read_status
01-01 00:18:27.853 D/mv2112_update_link( 0): 3.0x901(1G): 0x4
01-01 00:18:27.858 D/mv2112_update_link( 0): 3.0x8109(100M): 0x8
01-01 00:18:27.864 D/mv2112_update_link( 0): link 0x4
01-01 00:18:27.868 D/mv2112_read_status( 0): autoneg is disabled
01-01 00:18:28.873 D/ ( 0): mv2112_read_status
01-01 00:18:28.877 D/mv2112_update_link( 0): 3.0x901(1G): 0x4
01-01 00:18:28.882 D/mv2112_update_link( 0): 3.0x8109(100M): 0x8
01-01 00:18:28.887 D/mv2112_update_link( 0): link 0x4
01-01 00:18:28.891 D/mv2112_read_status( 0): autoneg is disabled
01-01 00:18:29.898 D/ ( 0): mv2112_read_status
01-01 00:18:29.901 D/mv2112_update_link( 0): 3.0x901(1G): 0x4
01-01 00:18:29.906 D/mv2112_update_link( 0): 3.0x8109(100M): 0x8
01-01 00:18:29.911 D/mv2112_update_link( 0): link 0x4
01-01 00:18:29.916 D/mv2112_read_status( 0): autoneg is disabled
01-01 00:18:30.921 D/ ( 0): mv2112_read_status
01-01 00:18:30.925 D/mv2112_update_link( 0): 3.0x901(1G): 0x4
01-01 00:18:30.930 D/mv2112_update_link( 0): 3.0x8109(100M): 0x8
01-01 00:18:30.935 D/mv2112_update_link( 0): link 0x4
01-01 00:18:30.939 D/mv2112_read_status( 0): autoneg is disabled
01-01 00:18:31.946 D/ ( 0): mv2112_read_status
01-01 00:18:31.950 D/mv2112_update_link( 0): 3.0x901(1G): 0x4
01-01 00:18:31.955 D/mv2112_update_link( 0): 3.0x8109(100M): 0x8
01-01 00:18:31.960 D/mv2112_update_link( 0): link 0x4
01-01 00:18:31.964 D/mv2112_read_status( 0): autoneg is disabled
08-18 16:57:32.507 D/CompatibilityChangeReporter( 1152): Compat change id reported: 168419799; UID 10144; state: DISABLED
01-01 00:18:32.392 I/init ( 0): starting service 'qvrd_vndr'...
01-01 00:18:32.399 I/init ( 0): Created socket '/dev/socket/qvrservice_vndr', mode 660, user 1000, group 1000
01-01 00:18:32.409 I/init ( 0): Created socket '/dev/socket/qvrservice_vndr_camera', mode 660, user 1000, group 1000
01-01 00:18:32.434 I/init ( 0): starting service 'sxrd'...
01-01 00:18:32.448 I/init ( 0): starting service 'vendor.light-hal-2-0'...
08-18 16:57:32.722 F/linker ( 5295): CANNOT LINK EXECUTABLE "/vendor/bin/hw/sxrservice": library "vendor.qti.hardware.qxr-V1-ndk_platform.so" not found: needed by main executable
08-18 16:57:32.727 F/linker ( 5294): CANNOT LINK EXECUTABLE "/vendor/bin/hw/qvrservice": library "vendor.qti.hardware.qxr-V1-ndk_platform.so" not found: needed by /vendor/lib64/libqvrservice.so in namespace (default)
01-01 00:18:32.486 I/init ( 0): Service 'sxrd' (pid 5295) exited with status 1
01-01 00:18:32.492 I/init ( 0): Sending signal 9 to service 'sxrd' (pid 5295) process group...
01-01 00:18:32.500 I/libprocessgroup( 0): Successfully killed process cgroup uid 1000 pid 5295 in 0ms
01-01 00:18:32.510 I/init ( 0): Service 'qvrd_vndr' (pid 5294) exited with status 1
01-01 00:18:32.517 I/init ( 0): Sending signal 9 to service 'qvrd_vndr' (pid 5294) process group...
01-01 00:18:32.970 D/ ( 0): mv2112_read_status
01-01 00:18:32.973 D/mv2112_update_link( 0): 3.0x901(1G): 0x4
01-01 00:18:32.978 D/mv2112_update_link( 0): 3.0x8109(100M): 0x8
01-01 00:18:32.983 D/mv2112_update_link( 0): link 0x4
01-01 00:18:32.987 D/mv2112_read_status( 0): autoneg is disabled
01-01 00:18:33.993 D/ ( 0): mv2112_read_status
01-01 00:18:33.997 D/mv2112_update_link( 0): 3.0x901(1G): 0x4
01-01 00:18:34.002 D/mv2112_update_link( 0): 3.0x8109(100M): 0x8
01-01 00:18:34.007 D/mv2112_update_link( 0): link 0x4
01-01 00:18:34.011 D/mv2112_read_status( 0): autoneg is disabled
01-01 00:18:35.017 D/ ( 0): mv2112_read_status
01-01 00:18:35.021 D/mv2112_update_link( 0): 3.0x901(1G): 0x4
01-01 00:18:35.026 D/mv2112_update_link( 0): 3.0x8109(100M): 0x8
01-01 00:18:35.031 D/mv2112_update_link( 0): link 0x4
01-01 00:18:35.035 D/mv2112_read_status( 0): autoneg is disabled
01-01 00:18:36.041 D/ ( 0): mv2112_read_status
01-01 00:18:36.045 D/mv2112_update_link( 0): 3.0x901(1G): 0x4
01-01 00:18:36.050 D/mv2112_update_link( 0): 3.0x8109(100M): 0x8
01-01 00:18:36.055 D/mv2112_update_link( 0): link 0x4
01-01 00:18:36.059 D/mv2112_read_status( 0): autoneg is disabled
01-01 00:18:37.065 D/ ( 0): mv2112_read_status
01-01 00:18:37.069 D/mv2112_update_link( 0): 3.0x901(1G): 0x4
01-01 00:18:37.074 D/mv2112_update_link( 0): 3.0x8109(100M): 0x8
01-01 00:18:37.079 D/mv2112_update_link( 0): link 0x4
01-01 00:18:37.083 D/mv2112_read_status( 0): autoneg is disabled
01-01 00:18:37.434 I/init ( 0): starting service 'qvrd_vndr'...
01-01 00:18:37.440 I/init ( 0): Created socket '/dev/socket/qvrservice_vndr', mode 660, user 1000, group 1000
01-01 00:18:37.451 I/init ( 0): Created socket '/dev/socket/qvrservice_vndr_camera', mode 660, user 1000, group 1000
01-01 00:18:37.474 I/init ( 0): starting service 'sxrd'...
01-01 00:18:37.489 I/init ( 0): starting service 'vendor.light-hal-2-0'...
08-18 16:57:37.760 F/linker ( 5316): CANNOT LINK EXECUTABLE "/vendor/bin/hw/qvrservice": library "vendor.qti.hardware.qxr-V1-ndk_platform.so" not found: needed by /vendor/lib64/libqvrservice.so in namespace (default)
08-18 16:57:37.761 F/linker ( 5317): CANNOT LINK EXECUTABLE "/vendor/bin/hw/sxrservice": library "vendor.qti.hardware.qxr-V1-ndk_platform.so" not found: needed by main executable
01-01 00:18:37.524 I/init ( 0): Service 'qvrd_vndr' (pid 5316) exited with status 1
01-01 00:18:37.531 I/init ( 0): Sending signal 9 to service 'qvrd_vndr' (pid 5316) process group...
01-01 00:18:37.540 I/libprocessgroup( 0): Successfully killed process cgroup uid 1000 pid 5316 in 0ms
01-01 00:18:37.552 I/init ( 0): Service 'sxrd' (pid 5317) exited with status 1
01-01 00:18:37.558 I/init ( 0): Sending signal 9 to service 'sxrd' (pid 5317) process group...
01-01 00:18:38.090 D/ ( 0): mv2112_read_status
01-01 00:18:38.093 D/mv2112_update_link( 0): 3.0x901(1G): 0x4
01-01 00:18:38.098 D/mv2112_update_link( 0): 3.0x8109(100M): 0x8
01-01 00:18:38.103 D/mv2112_update_link( 0): link 0x4
01-01 00:18:38.108 D/mv2112_read_status( 0): autoneg is disabled
08-18 16:57:39.028 I/DropBoxManagerService( 1152): add tag=system_app_strictmode isTagEnabled=true flags=0x2
08-18 16:57:39.051 D/CompatibilityChangeReporter( 1152): Compat change id reported: 181136395; UID 10144; state: DISABLED
08-18 16:57:39.053 D/CompatibilityChangeReporter( 1152): Compat change id reported: 174042936; UID 10144; state: DISABLED
08-18 16:57:39.190 D/AutofillManagerService( 1152): Close system dialogs
01-01 00:18:39.113 D/ ( 0): mv2112_read_status
01-01 00:18:39.117 D/mv2112_update_link( 0): 3.0x901(1G): 0x4
01-01 00:18:39.122 D/mv2112_update_link( 0): 3.0x8109(100M): 0x8
01-01 00:18:39.127 D/mv2112_update_link( 0): link 0x4
01-01 00:18:39.131 D/mv2112_read_status( 0): autoneg is disabled
08-18 16:57:40.281 I/DropBoxManagerService( 1152): add tag=system_app_strictmode isTagEnabled=true flags=0x2
08-18 16:57:40.283 I/ActivityTaskManager( 1152): Config changes=20000480 {1.0 ?mcc?mnc [zh_CN] ldltr sw680dp w1586dp h640dp 240dpi lrg long hdr land finger -keyb/v/h -nav/h winConfig={ mBounds=Rect(0, 0 - 2380, 1020) mAppBounds=Rect(0, 0 - 2380, 996) mMaxBounds=Rect(0, 0 - 2380, 1020) mWindowingMode=fullscreen mDisplayWindowingMode=fullscreen mActivityType=undefined mAlwaysOnTop=undefined mRotation=ROTATION_0} s.148 fontWeightAdjustment=0}
08-18 16:57:40.289 W/ActivityTaskManager( 1152): Current config: {1.0 ?mcc?mnc [zh_CN] ldltr sw680dp w680dp h1546dp 240dpi lrg long hdr port finger -keyb/v/h -nav/h winConfig={ mBounds=Rect(0, 0 - 1020, 2380) mAppBounds=Rect(0, 0 - 1020, 2356) mMaxBounds=Rect(0, 0 - 1020, 2380) mWindowingMode=fullscreen mDisplayWindowingMode=fullscreen mActivityType=undefined mAlwaysOnTop=undefined mRotation=ROTATION_270} s.148 fontWeightAdjustment=0} unchanged for IME proc com.android.inputmethod.latin
08-18 16:57:40.292 I/WindowManager( 1152): Override config changes=20000480 {1.0 ?mcc?mnc [zh_CN] ldltr sw680dp w1586dp h640dp 240dpi lrg long hdr land finger -keyb/v/h -nav/h winConfig={ mBounds=Rect(0, 0 - 2380, 1020) mAppBounds=Rect(0, 0 - 2380, 996) mMaxBounds=Rect(0, 0 - 2380, 1020) mWindowingMode=fullscreen mDisplayWindowingMode=fullscreen mActivityType=undefined mAlwaysOnTop=undefined mRotation=ROTATION_0} s.148 fontWeightAdjustment=0} for displayId=0
08-18 16:57:40.293 V/ActivityTaskManager( 1152): Sending to IME proc com.android.inputmethod.latin new config {1.0 ?mcc?mnc [zh_CN] ldltr sw680dp w1586dp h640dp 240dpi lrg long hdr land finger -keyb/v/h -nav/h winConfig={ mBounds=Rect(0, 0 - 2380, 1020) mAppBounds=Rect(0, 0 - 2380, 996) mMaxBounds=Rect(0, 0 - 2380, 1020) mWindowingMode=fullscreen mDisplayWindowingMode=fullscreen mActivityType=undefined mAlwaysOnTop=undefined mRotation=ROTATION_0} s.148 fontWeightAdjustment=0}
08-18 16:57:40.294 D/CompatibilityChangeReporter( 1152): Compat change id reported: 174042980; UID 10144; state: DISABLED
08-18 16:57:40.297 D/CompatibilityChangeReporter( 1152): Compat change id reported: 184838306; UID 10144; state: DISABLED
08-18 16:57:40.301 D/CompatibilityChangeReporter( 1152): Compat change id reported: 185004937; UID 10144; state: DISABLED
08-18 16:57:40.309 I/ActivityManager( 1152): PendingStartActivityUids startActivity to updateOomAdj delay:1255ms, uid:10104
01-01 00:18:40.100 I/binder ( 0): 3286:3286 transaction failed 29189/-22, size 148-0 line 3071
08-18 16:57:40.322 I/DropBoxManagerService( 1152): add tag=system_app_strictmode isTagEnabled=true flags=0x2
08-18 16:57:40.331 I/DropBoxManagerService( 1152): add tag=system_app_strictmode isTagEnabled=true flags=0x2
08-18 16:57:40.352 I/DropBoxManagerService( 1152): add tag=system_app_strictmode isTagEnabled=true flags=0x2
08-18 16:57:40.361 I/DropBoxManagerService( 1152): add tag=system_app_strictmode isTagEnabled=true flags=0x2
08-18 16:57:40.373 I/DropBoxManagerService( 1152): add tag=system_app_strictmode isTagEnabled=true flags=0x2
08-18 16:57:40.382 I/DropBoxManagerService( 1152): add tag=system_app_strictmode isTagEnabled=true flags=0x2
01-01 00:18:40.137 D/ ( 0): mv2112_read_status
01-01 00:18:40.141 D/mv2112_update_link( 0): 3.0x901(1G): 0x4
01-01 00:18:40.152 D/mv2112_update_link( 0): 3.0x8109(100M): 0x8
01-01 00:18:40.158 D/mv2112_update_link( 0): link 0x4
08-18 16:57:40.394 I/DropBoxManagerService( 1152): add tag=system_app_strictmode isTagEnabled=true flags=0x2
08-18 16:57:40.399 I/DropBoxManagerService( 1152): add tag=system_app_strictmode isTagEnabled=true flags=0x2
01-01 00:18:40.164 D/mv2112_read_status( 0): autoneg is disabled
08-18 16:57:40.415 I/DropBoxManagerService( 1152): add tag=system_app_strictmode isTagEnabled=true flags=0x2
08-18 16:57:40.425 I/DropBoxManagerService( 1152): add tag=system_app_strictmode isTagEnabled=true flags=0x2
08-18 16:57:40.432 I/DropBoxManagerService( 1152): add tag=system_app_strictmode isTagEnabled=true flags=0x2
08-18 16:57:40.500 I/DropBoxManagerService( 1152): add tag=system_app_strictmode isTagEnabled=true flags=0x2
08-18 16:57:40.506 I/DropBoxManagerService( 1152): add tag=system_app_strictmode isTagEnabled=true flags=0x2
08-18 16:57:40.509 I/DropBoxManagerService( 1152): add tag=system_app_strictmode isTagEnabled=true flags=0x2
08-18 16:57:40.514 I/DropBoxManagerService( 1152): add tag=system_app_strictmode isTagEnabled=true flags=0x2
08-18 16:57:40.521 I/DropBoxManagerService( 1152): add tag=system_app_strictmode isTagEnabled=true flags=0x2
08-18 16:57:40.526 I/DropBoxManagerService( 1152): add tag=system_app_strictmode isTagEnabled=true flags=0x2
08-18 16:57:40.532 I/DropBoxManagerService( 1152): add tag=system_app_strictmode isTagEnabled=true flags=0x2
08-18 16:57:40.538 I/DropBoxManagerService( 1152): add tag=system_app_strictmode isTagEnabled=true flags=0x2
08-18 16:57:40.546 I/DropBoxManagerService( 1152): add tag=system_app_strictmode isTagEnabled=true flags=0x2
08-18 16:57:40.551 I/DropBoxManagerService( 1152): add tag=system_app_strictmode isTagEnabled=true flags=0x2
08-18 16:57:40.558 I/DropBoxManagerService( 1152): add tag=system_app_strictmode isTagEnabled=true flags=0x2
08-18 16:57:40.660 I/DropBoxManagerService( 1152): add tag=system_app_strictmode isTagEnabled=true flags=0x2
08-18 16:57:40.665 I/DropBoxManagerService( 1152): add tag=system_app_strictmode isTagEnabled=true flags=0x2
08-18 16:57:40.676 I/DropBoxManagerService( 1152): add tag=system_app_strictmode isTagEnabled=true flags=0x2
08-18 16:57:40.681 I/DropBoxManagerService( 1152): add tag=system_app_strictmode isTagEnabled=true flags=0x2
08-18 16:57:40.696 I/DropBoxManagerService( 1152): add tag=system_app_strictmode isTagEnabled=true flags=0x2
08-18 16:57:40.698 I/DropBoxManagerService( 1152): add tag=system_app_strictmode isTagEnabled=true flags=0x2
08-18 16:57:40.706 I/DropBoxManagerService( 1152): add tag=system_app_strictmode isTagEnabled=true flags=0x2
08-18 16:57:40.713 I/DropBoxManagerService( 1152): add tag=system_app_strictmode isTagEnabled=true flags=0x2
08-18 16:57:40.720 I/DropBoxManagerService( 1152): add tag=system_app_strictmode isTagEnabled=true flags=0x2
08-18 16:57:40.729 I/DropBoxManagerService( 1152): add tag=system_app_strictmode isTagEnabled=true flags=0x2
08-18 16:57:40.748 I/DropBoxManagerService( 1152): add tag=system_app_strictmode isTagEnabled=true flags=0x2
08-18 16:57:40.754 I/DropBoxManagerService( 1152): add tag=system_app_strictmode isTagEnabled=true flags=0x2
08-18 16:57:40.759 I/DropBoxManagerService( 1152): add tag=system_app_strictmode isTagEnabled=true flags=0x2
08-18 16:57:40.766 I/DropBoxManagerService( 1152): add tag=system_app_strictmode isTagEnabled=true flags=0x2
01-01 00:18:40.594 I/btfm_slim_hw_init( 0): PGD Enum Addr: 00:01:20:02:17: 02
01-01 00:18:40.601 I/btfm_slim_hw_init( 0): IFD Enum Addr: 00:00:20:02:17: 02
01-01 00:18:40.607 I/btfm_slim_hw_init( 0): chipset soc version:400a0200
01-01 00:18:40.613 I/btfm_slim_hw_init( 0): chipset is hastings 2.0, overwriting EA
01-01 00:18:40.620 I/btfm_slim_hw_init( 0): PGD Enum Addr: 00:01:20:02:17: 02
01-01 00:18:40.626 I/btfm_slim_hw_init( 0): IFD Enum Addr: 00:00:20:02:17: 02
01-01 00:18:40.633 I/btfm_slim_alloc_port( 0): chipset soc version:400a0200
01-01 00:18:40.650 I/btfm_slim_enable_ch( 0): chipset soc version:400a0200
01-01 00:18:40.656 I/btfm_slim_enable_ch( 0): channel define - prot:2, dataf:0, auxf:0
01-01 00:18:40.663 I/btfm_slim_enable_ch( 0): channel define - rates:44100, baser:2, ratem:4
01-01 00:18:40.671 I/btfm_slim_enable_ch( 0): slim_connect_sink(port: 16, ch: 157)
01-01 00:18:40.678 I/btfm_slim_enable_ch( 0): port: 16, ch: 157, grp: 0, ch->grph: 0x0, ch_hdl: 0x1d
01-01 00:18:40.687 I/__afe_port_start( 0): port id: 0x400e
01-01 00:18:40.692 I/afe_find_cal_topo_id_by_port( 0): port id: 0x400e, dev_acdb_id: 20
01-01 00:18:40.699 I/afe_find_cal_topo_id_by_port( 0): top_id:112fc acdb_id:20 afe_port_id:0x400e
01-01 00:18:40.707 I/afe_get_cal_topology_id( 0): port_id = 0x400e acdb_id = 20 topology_id = 0x112fc cal_type_index=8 ret=0
01-01 00:18:40.718 I/afe_send_port_topology_id( 0): AFE set topology id 0x112fc enable for port 0x400e ret 0
01-01 00:18:40.727 I/send_afe_cal_type( 0): cal_index is 0
01-01 00:18:40.732 I/send_afe_cal_type( 0): dev_acdb_id[119] is 20
01-01 00:18:40.737 I/afe_find_cal( 0): cal_index 0 port_id 0x400e port_index 119
01-01 00:18:40.743 I/afe_find_cal( 0): acdb_id 20 dev_acdb_id 20 sample_rate 48000 afe_sample_rates 44100
01-01 00:18:40.752 I/afe_find_cal( 0): no matching cal_block found
01-01 00:18:40.757 E/ ( 0): send_afe_cal_type cal_block not found!!
01-01 00:18:40.763 I/afe_send_hw_delay( 0): port_id 0x400e rate 44100 delay_usec 0 status 0
01-01 00:18:41.193 D/ ( 0): mv2112_read_status
01-01 00:18:41.197 D/mv2112_update_link( 0): 3.0x901(1G): 0x4
01-01 00:18:41.202 D/mv2112_update_link( 0): 3.0x8109(100M): 0x8
01-01 00:18:41.207 D/mv2112_update_link( 0): link 0x4
01-01 00:18:41.211 D/mv2112_read_status( 0): autoneg is disabled
01-01 00:18:42.217 D/ ( 0): mv2112_read_status
01-01 00:18:42.221 D/mv2112_update_link( 0): 3.0x901(1G): 0x4
01-01 00:18:42.226 D/mv2112_update_link( 0): 3.0x8109(100M): 0x8
01-01 00:18:42.231 D/mv2112_update_link( 0): link 0x4
01-01 00:18:42.235 D/mv2112_read_status( 0): autoneg is disabled
01-01 00:18:42.472 I/init ( 0): starting service 'qvrd_vndr'...
01-01 00:18:42.480 I/init ( 0): Created socket '/dev/socket/qvrservice_vndr', mode 660, user 1000, group 1000
01-01 00:18:42.492 I/init ( 0): Created socket '/dev/socket/qvrservice_vndr_camera', mode 660, user 1000, group 1000
01-01 00:18:42.536 I/init ( 0): starting service 'sxrd'...
01-01 00:18:42.553 I/init ( 0): starting service 'vendor.light-hal-2-0'...
08-18 16:57:42.810 F/linker ( 5336): CANNOT LINK EXECUTABLE "/vendor/bin/hw/sxrservice": library "vendor.qti.hardware.qxr-V1-ndk_platform.so" not found: needed by main executable
01-01 00:18:42.575 I/init ( 0): Service 'sxrd' (pid 5336) exited with status 1
01-01 00:18:42.581 I/init ( 0): Sending signal 9 to service 'sxrd' (pid 5336) process group...
08-18 16:57:42.818 F/linker ( 5335): CANNOT LINK EXECUTABLE "/vendor/bin/hw/qvrservice": library "vendor.qti.hardware.qxr-V1-ndk_platform.so" not found: needed by /vendor/lib64/libqvrservice.so in namespace (default)
01-01 00:18:42.589 I/libprocessgroup( 0): Successfully killed process cgroup uid 1000 pid 5336 in 0ms
01-01 00:18:42.599 I/init ( 0): Service 'qvrd_vndr' (pid 5335) exited with status 1
01-01 00:18:42.606 I/init ( 0): Sending signal 9 to service 'qvrd_vndr' (pid 5335) process group...
01-01 00:18:43.242 D/ ( 0): mv2112_read_status
01-01 00:18:43.245 D/mv2112_update_link( 0): 3.0x901(1G): 0x4
01-01 00:18:43.250 D/mv2112_update_link( 0): 3.0x8109(100M): 0x8
01-01 00:18:43.255 D/mv2112_update_link( 0): link 0x4
01-01 00:18:43.259 D/mv2112_read_status( 0): autoneg is disabled
08-18 16:57:44.194 I/ActivityTaskManager( 1152): START u0 {act=android.intent.action.MAIN cat=[android.intent.category.LAUNCHER] flg=0x10200000 cmp=com.android.settings/.Settings bnds=[1529,779][1827,1092]} from uid 10104
08-18 16:57:44.213 W/ActivityTaskManager( 1152): Can't find TaskDisplayArea to determine support for multi window. Task id=19 attached=false
08-18 16:57:44.222 D/PhoneStartingWindowTypeAlgorithm( 1849): preferredStartingWindowType newTask:true taskSwitch:true processRunning:false allowTaskSnapshot:true activityCreated:false useEmptySplashScreen:false legacySplashScreen:false topIsHome:false
08-18 16:57:44.223 D/StartingSurfaceDrawer( 1849): addSplashScreen com.android.settings theme=7f13033e task=19 suggestType=1
08-18 16:57:44.241 D/StartingSurfaceDrawer( 1849): window attributes color: 0 icon null duration 0 brandImage null
08-18 16:57:44.251 D/StartingSurfaceDrawer( 1849): FgMainColor=fff5f5f5 BgMainColor=ff00668b IsBgComplex=false FromCache=false ThemeColor=fff0f0f3
08-18 16:57:44.251 D/StartingSurfaceDrawer( 1849): isRgbSimilarInHsv a: fff0f0f3 b ff00668b contrast ratio: 5.6404657
08-18 16:57:44.251 D/StartingSurfaceDrawer( 1849): hsvDiff 44 ah 240.0 bh 195.97124 as 0.012345679 bs 1.0 av 0.9529412 bv 0.54509807 sqH 0.059753086581642245 sqS 0.975461072301087 sqV 0.16633600477712207 root 0.6328639041847389
08-18 16:57:44.251 D/StartingSurfaceDrawer( 1849): makeSplashScreenContentView: draw whole icon
08-18 16:57:44.251 D/CompatibilityChangeReporter( 1152): Compat change id reported: 135634846; UID 1000; state: DISABLED
08-18 16:57:44.251 D/CompatibilityChangeReporter( 1152): Compat change id reported: 177438394; UID 1000; state: DISABLED
08-18 16:57:44.252 D/CompatibilityChangeReporter( 1152): Compat change id reported: 135772972; UID 1000; state: DISABLED
08-18 16:57:44.252 D/CompatibilityChangeReporter( 1152): Compat change id reported: 135754954; UID 1000; state: ENABLED
08-18 16:57:44.252 D/StartingSurfaceDrawer( 1849): fillViewWithIcon surfaceWindowView android.window.SplashScreenView{cc2d44b V.E...... ......ID 0,0-0,0}
08-18 16:57:44.289 I/ActivityManager( 1152): Start proc 5347:com.android.settings/1000 for pre-top-activity {com.android.settings/com.android.settings.Settings}
08-18 16:57:44.289 W/ContextImpl( 1152): Calling a method in the system process without a qualified user: android.app.ContextImpl.sendBroadcast:1173 com.qualcomm.qti.Performance$SendGameLaunchBroadcast.run:217 java.lang.Thread.run:920
01-01 00:18:44.159 I/perfetto( 0): enabled ftrace
01-01 00:18:44.200 I/binder ( 0): 5347:5347 ioctl 40046210 7fc78c36c4 returned -22
08-18 16:57:44.460 D/CompatibilityChangeReporter( 1152): Compat change id reported: 181136395; UID 1000; state: DISABLED
08-18 16:57:44.461 D/CompatibilityChangeReporter( 1152): Compat change id reported: 174042936; UID 1000; state: DISABLED
01-01 00:18:44.265 D/ ( 0): mv2112_read_status
01-01 00:18:44.269 D/mv2112_update_link( 0): 3.0x901(1G): 0x4
01-01 00:18:44.274 D/mv2112_update_link( 0): 3.0x8109(100M): 0x8
01-01 00:18:44.279 D/mv2112_update_link( 0): link 0x4
01-01 00:18:44.283 D/mv2112_read_status( 0): autoneg is disabled
08-18 16:57:44.556 E/UserRestrictionsUtils( 1152): Unknown restriction queried by uid 1000 (com.android.localtransport et al): null
01-01 00:18:44.449 I/binder ( 0): 5347:5365 ioctl 40046210 7ad537c1f4 returned -22
08-18 16:57:44.728 D/StartingSurfaceDrawer( 1849): Task start finish, remove starting surface for task 19
08-18 16:57:44.729 V/StartingSurfaceDrawer( 1849): Removing splash screen window for task: 19
01-01 00:18:45.290 D/ ( 0): mv2112_read_status
01-01 00:18:45.294 D/mv2112_update_link( 0): 3.0x901(1G): 0x4
01-01 00:18:45.299 D/mv2112_update_link( 0): 3.0x8109(100M): 0x8
01-01 00:18:45.304 D/mv2112_update_link( 0): link 0x4
01-01 00:18:45.308 D/mv2112_read_status( 0): autoneg is disabled
01-01 00:18:46.313 D/ ( 0): mv2112_read_status
01-01 00:18:46.317 D/mv2112_update_link( 0): 3.0x901(1G): 0x4
01-01 00:18:46.322 D/mv2112_update_link( 0): 3.0x8109(100M): 0x8
01-01 00:18:46.327 D/mv2112_update_link( 0): link 0x4
01-01 00:18:46.331 D/mv2112_read_status( 0): autoneg is disabled
08-18 16:57:46.714 I/ActivityTaskManager( 1152): START u0 {act=android.intent.action.MAIN cmp=com.android.settings/.SubSettings (has extras)} from uid 1000
08-18 16:57:46.746 I/ActivityTaskManager( 1152): The Process com.android.settings Already Exists in BG. So sending its PID: 5347
08-18 16:57:46.751 W/ActivityTaskManager( 1152): Tried to set launchTime (0) < mLastActivityLaunchTime (243437)
08-18 16:57:46.803 W/ContextImpl( 5347): Calling a method in the system process without a qualified user: android.app.ContextImpl.bindService:1895 android.content.ContextWrapper.bindService:810 com.qti.extphone.ExtTelephonyManager.connectService:170 com.android.settings.network.telephony.TelephonyUtils.connectExtTelephonyService:206 com.android.settings.network.NetworkDashboardFragment.buildPreferenceControllers:103
08-18 16:57:46.833 E/UserRestrictionsUtils( 1152): Unknown restriction queried by uid 1000 (com.android.localtransport et al): null
08-18 16:57:46.885 D/PackageManager( 1152): Instant App installer not found with android.intent.action.INSTALL_INSTANT_APP_PACKAGE
08-18 16:57:46.885 D/PackageManager( 1152): Clear ephemeral installer activity
08-18 16:57:47.040 D/PackageManager( 1152): Instant App installer not found with android.intent.action.INSTALL_INSTANT_APP_PACKAGE
08-18 16:57:47.040 D/PackageManager( 1152): Clear ephemeral installer activity
01-01 00:18:46.792 I/[schedu][0x127eea321][16:57:47.029286] wlan( 0): [2797:I:OSIF] scan start scan id 40980
08-18 16:57:47.541 D/CompatibilityChangeReporter( 1152): Compat change id reported: 175319604; UID 1000; state: ENABLED
08-18 16:57:47.541 D/CompatibilityChangeReporter( 1152): Compat change id reported: 175319604; UID 1000; state: DISABLED
01-01 00:18:47.338 D/ ( 0): mv2112_read_status
01-01 00:18:47.341 D/mv2112_update_link( 0): 3.0x901(1G): 0x4
01-01 00:18:47.346 D/mv2112_update_link( 0): 3.0x8109(100M): 0x8
01-01 00:18:47.351 D/mv2112_update_link( 0): link 0x4
01-01 00:18:47.355 D/mv2112_read_status( 0): autoneg is disabled
08-18 16:57:47.749 W/NotificationHistory( 1152): Attempted to add notif for locked/gone/disabled user 0
01-01 00:18:47.527 I/init ( 0): starting service 'qvrd_vndr'...
08-18 16:57:47.780 E/TaskPersister( 1152): File error accessing recents directory (directory doesn't exist?).
01-01 00:18:47.536 I/init ( 0): Created socket '/dev/socket/qvrservice_vndr', mode 660, user 1000, group 1000
01-01 00:18:47.547 I/init ( 0): Created socket '/dev/socket/qvrservice_vndr_camera', mode 660, user 1000, group 1000
01-01 00:18:47.578 I/init ( 0): starting service 'sxrd'...
08-18 16:57:47.831 F/linker ( 5413): CANNOT LINK EXECUTABLE "/vendor/bin/hw/qvrservice": library "vendor.qti.hardware.qxr-V1-ndk_platform.so" not found: needed by /vendor/lib64/libqvrservice.so in namespace (default)
01-01 00:18:47.595 I/init ( 0): starting service 'vendor.light-hal-2-0'...
08-18 16:57:47.855 F/linker ( 5414): CANNOT LINK EXECUTABLE "/vendor/bin/hw/sxrservice": library "vendor.qti.hardware.qxr-V1-ndk_platform.so" not found: needed by main executable
01-01 00:18:47.611 I/init ( 0): Service 'qvrd_vndr' (pid 5413) exited with status 1
01-01 00:18:47.618 I/init ( 0): Sending signal 9 to service 'qvrd_vndr' (pid 5413) process group...
01-01 00:18:47.626 I/libprocessgroup( 0): Successfully killed process cgroup uid 1000 pid 5413 in 0ms
01-01 00:18:47.636 I/init ( 0): Service 'sxrd' (pid 5414) exited with status 1
01-01 00:18:47.643 I/init ( 0): Sending signal 9 to service 'sxrd' (pid 5414) process group...
08-18 16:57:47.898 D/CompanionDeviceManagerService( 1152): onPackageModified(packageName = com.android.settings)
08-18 16:57:47.913 I/Telecom ( 1152): DefaultDialerCache: Refreshing default dialer for user 0: now null: DDC.oR@ADk
08-18 16:57:47.939 W/VoiceInteractionManager( 1152): no available voice recognition services found for user 0
01-01 00:18:47.697 I/binder ( 0): 5416:5416 ioctl 40046210 7fc1e7ffb4 returned -22
01-01 00:18:48.362 D/ ( 0): mv2112_read_status
01-01 00:18:48.365 D/mv2112_update_link( 0): 3.0x901(1G): 0x4
01-01 00:18:48.370 D/mv2112_update_link( 0): 3.0x8109(100M): 0x8
01-01 00:18:48.376 D/mv2112_update_link( 0): link 0x4
01-01 00:18:48.380 D/mv2112_read_status( 0): autoneg is disabled
01-01 00:18:48.512 I/[schedu][0x129e69b72][16:57:48.749504] wlan( 0): [2797:I:OSIF] vdev 0, scan id 40980 type COMPLETED(1) reason COMPLETED(1) scan found 51 bss
01-01 00:18:49.062 I/perfetto( 0): disabled ftrace
08-18 16:57:49.320 I/iorapd ( 1236): Perfetto TraceBuffer saved to file: /data/misc/iorapd/com.android.settings/31/com.android.settings.Settings/raw_traces/1660841869296764144.perfetto_trace.pb
01-01 00:18:49.386 D/ ( 0): mv2112_read_status
01-01 00:18:49.389 D/mv2112_update_link( 0): 3.0x901(1G): 0x0
01-01 00:18:49.394 D/mv2112_update_link( 0): 3.0x8109(100M): 0x8
01-01 00:18:49.399 D/mv2112_update_link( 0): link 0x0
01-01 00:18:49.404 D/mv2112_read_status( 0): autoneg is disabled
01-01 00:18:49.952 I/afe_close( 0): port_id = 0x400e
01-01 00:18:49.963 I/btfm_slim_disable_ch( 0): port:16, grp: 0, ch->grph:0x0, ch->ch_hdl:0x1d
01-01 00:18:50.410 D/ ( 0): mv2112_read_status
01-01 00:18:50.414 D/mv2112_update_link( 0): 3.0x901(1G): 0x0
01-01 00:18:50.419 D/mv2112_update_link( 0): 3.0x8109(100M): 0x8
01-01 00:18:50.424 D/mv2112_update_link( 0): link 0x0
01-01 00:18:50.428 D/mv2112_read_status( 0): autoneg is disabled
01-01 00:18:50.433 I/lan743x 0001( 0): 01:00.0 eth0: Link is Down
08-18 16:57:50.860 W/ContextImpl( 1152): Calling a method in the system process without a qualified user: android.app.ContextImpl.sendStickyBroadcast:1559 com.android.server.ConnectivityService.sendStickyBroadcast:2811 com.android.server.ConnectivityService.sendLegacyNetworkBroadcast:8732 com.android.server.ConnectivityService$LegacyTypeTracker.remove:1007 com.android.server.ConnectivityService$LegacyTypeTracker.remove:1024
08-18 16:57:50.865 E/NetlinkEvent( 680): NetlinkEvent::FindParam(): Parameter 'INTERFACE' not found
08-18 16:57:50.865 E/NetlinkEvent( 680): NetlinkEvent::FindParam(): Parameter 'STATE' not found
08-18 16:57:50.865 E/NetlinkEvent( 680): NetlinkEvent::FindParam(): Parameter 'TIME_NS' not found
08-18 16:57:50.865 E/NetlinkEvent( 680): NetlinkEvent::FindParam(): Parameter 'UID' not found
08-18 16:57:50.887 I/ActivityTaskManager( 1152): START u0 {act=android.intent.action.MAIN cmp=com.android.settings/.SubSettings (has extras)} from uid 1000
08-18 16:57:50.901 W/ContextImpl( 1152): Calling a method in the system process without a qualified user: android.app.ContextImpl.sendStickyBroadcast:1559 com.android.server.ConnectivityService.sendStickyBroadcast:2811 com.android.server.ConnectivityService.sendGeneralBroadcast:2786 com.android.server.ConnectivityService.sendConnectedBroadcast:2759 com.android.server.ConnectivityService.sendLegacyNetworkBroadcast:8704
08-18 16:57:50.909 W/ContextImpl( 2339): Calling a method in the system process without a qualified user: android.app.ContextImpl.startService:1816 android.content.ContextWrapper.startService:774 com.qualcomm.qti.qdma.util.PeriodicCI.run:477 com.qualcomm.qti.qdma.util.PeriodicCI.checkRun:435 com.qualcomm.qti.qdma.util.PeriodicCI$1.onAvailable:131
08-18 16:57:50.911 D/CompatibilityChangeReporter( 1152): Compat change id reported: 168419799; UID 1000; state: DISABLED
08-18 16:57:50.913 I/ActivityTaskManager( 1152): The Process com.android.settings Already Exists in BG. So sending its PID: 5347
08-18 16:57:50.915 W/ActivityTaskManager( 1152): Tried to set launchTime (0) < mLastActivityLaunchTime (245738)
08-18 16:57:50.949 W/ContextImpl( 2339): Calling a method in the system process without a qualified user: android.app.ContextImpl.sendBroadcast:1188 android.content.ContextWrapper.sendBroadcast:484 com.qualcomm.qti.qdma.app.ActiveCareService$ProcessSessionRequest.run:536 java.lang.Thread.run:920
08-18 16:57:50.994 D/CompatibilityChangeReporter( 1152): Compat change id reported: 171306433; UID 1000; state: ENABLED
01-01 00:18:50.783 I/btfm_slim_hw_init( 0): PGD Enum Addr: 00:01:20:02:17: 02
01-01 00:18:50.793 I/btfm_slim_hw_init( 0): IFD Enum Addr: 00:00:20:02:17: 02
08-18 16:57:51.039 D/PackageManager( 1152): Instant App installer not found with android.intent.action.INSTALL_INSTANT_APP_PACKAGE
08-18 16:57:51.039 D/PackageManager( 1152): Clear ephemeral installer activity
01-01 00:18:50.823 I/btfm_slim_hw_init( 0): chipset soc version:400a0200
01-01 00:18:50.829 I/btfm_slim_hw_init( 0): chipset is hastings 2.0, overwriting EA
01-01 00:18:50.835 I/btfm_slim_hw_init( 0): PGD Enum Addr: 00:01:20:02:17: 02
01-01 00:18:50.842 I/btfm_slim_hw_init( 0): IFD Enum Addr: 00:00:20:02:17: 02
01-01 00:18:50.848 I/btfm_slim_alloc_port( 0): chipset soc version:400a0200
01-01 00:18:50.866 I/btfm_slim_enable_ch( 0): chipset soc version:400a0200
01-01 00:18:50.872 I/btfm_slim_enable_ch( 0): channel define - prot:2, dataf:0, auxf:0
01-01 00:18:50.879 I/btfm_slim_enable_ch( 0): channel define - rates:44100, baser:2, ratem:4
01-01 00:18:50.887 I/btfm_slim_enable_ch( 0): slim_connect_sink(port: 16, ch: 157)
01-01 00:18:50.894 I/btfm_slim_enable_ch( 0): port: 16, ch: 157, grp: 0, ch->grph: 0x0, ch_hdl: 0x1d
08-18 16:57:51.107 D/PackageManager( 1152): Instant App installer not found with android.intent.action.INSTALL_INSTANT_APP_PACKAGE
01-01 00:18:50.904 I/__afe_port_start( 0): port id: 0x400e
01-01 00:18:50.908 I/afe_find_cal_topo_id_by_port( 0): port id: 0x400e, dev_acdb_id: 20
01-01 00:18:50.916 I/afe_find_cal_topo_id_by_port( 0): top_id:112fc acdb_id:20 afe_port_id:0x400e
01-01 00:18:50.924 I/afe_get_cal_topology_id( 0): port_id = 0x400e acdb_id = 20 topology_id = 0x112fc cal_type_index=8 ret=0
08-18 16:57:51.107 D/PackageManager( 1152): Clear ephemeral installer activity
01-01 00:18:50.935 I/afe_send_port_topology_id( 0): AFE set topology id 0x112fc enable for port 0x400e ret 0
01-01 00:18:50.944 I/send_afe_cal_type( 0): cal_index is 0
01-01 00:18:50.948 I/send_afe_cal_type( 0): dev_acdb_id[119] is 20
01-01 00:18:50.954 I/afe_find_cal( 0): cal_index 0 port_id 0x400e port_index 119
01-01 00:18:50.960 I/afe_find_cal( 0): acdb_id 20 dev_acdb_id 20 sample_rate 48000 afe_sample_rates 44100
01-01 00:18:50.969 I/afe_find_cal( 0): no matching cal_block found
01-01 00:18:50.975 E/ ( 0): send_afe_cal_type cal_block not found!!
08-18 16:57:51.201 W/NotificationHistory( 1152): Attempted to add notif for locked/gone/disabled user 0
01-01 00:18:50.980 I/afe_send_hw_delay( 0): port_id 0x400e rate 44100 delay_usec 0 status 0
01-01 00:18:51.112 I/[schedu][0x12ce06617][16:57:51.349752] wlan( 0): [2797:I:OSIF] scan start scan id 40981
01-01 00:18:51.465 D/ ( 0): mv2112_read_status
01-01 00:18:51.469 D/mv2112_update_link( 0): 3.0x901(1G): 0x4
01-01 00:18:51.474 D/mv2112_update_link( 0): 3.0x8109(100M): 0x8
01-01 00:18:51.479 D/mv2112_update_link( 0): link 0x4
01-01 00:18:51.483 D/mv2112_read_status( 0): autoneg is disabled
01-01 00:18:51.488 I/lan743x 0001( 0): 01:00.0 eth0: Link is Up - 1Gbps/Full - flow control off
08-18 16:57:51.975 W/ContextImpl( 1152): Calling a method in the system process without a qualified user: android.app.ContextImpl.sendStickyBroadcast:1559 com.android.server.ConnectivityService.sendStickyBroadcast:2811 com.android.server.ConnectivityService.sendLegacyNetworkBroadcast:8732 com.android.server.ConnectivityService$LegacyTypeTracker.remove:1007 com.android.server.ConnectivityService.updateLegacyTypeTrackerAndVpnLockdownForRematch:8287
