08-18 16:55:05.436 W/ActivityManager( 1152): Slow operation: 59ms so far, now at startProcess: done updating pids map
01-01 00:16:05.272 I/binder ( 0): 4213:4213 ioctl 40046210 7fc78c36c4 returned -22
08-18 16:55:05.529 D/CompatibilityChangeReporter( 1152): Compat change id reported: 168419799; UID 10101; state: DISABLED
01-01 00:16:05.450 D/ ( 0): mv2112_read_status
01-01 00:16:05.450 D/mv2112_update_link( 0): 3.0x901(1G): 0x4
01-01 00:16:05.451 D/mv2112_update_link( 0): 3.0x8109(100M): 0x8
01-01 00:16:05.451 D/mv2112_update_link( 0): link 0x4
01-01 00:16:05.451 D/mv2112_read_status( 0): autoneg is disabled
01-01 00:16:05.971 I/init ( 0): starting service 'qvrd_vndr'...
01-01 00:16:05.974 I/init ( 0): Created socket '/dev/socket/qvrservice_vndr', mode 660, user 1000, group 1000
01-01 00:16:05.977 I/init ( 0): Created socket '/dev/socket/qvrservice_vndr_camera', mode 660, user 1000, group 1000
08-18 16:55:06.293 F/linker ( 4229): CANNOT LINK EXECUTABLE "/vendor/bin/hw/qvrservice": library "vendor.qti.hardware.qxr-V1-ndk_platform.so" not found: needed by /vendor/lib64/libqvrservice.so in namespace (default)
01-01 00:16:06.058 I/init ( 0): Service 'qvrd_vndr' (pid 4229) exited with status 1
01-01 00:16:06.058 I/init ( 0): Sending signal 9 to service 'qvrd_vndr' (pid 4229) process group...
01-01 00:16:06.058 I/libprocessgroup( 0): Successfully killed process cgroup uid 1000 pid 4229 in 0ms
01-01 00:16:06.085 I/init ( 0): starting service 'sxrd'...
01-01 00:16:06.127 I/init ( 0): starting service 'vendor.light-hal-2-0'...
01-01 00:16:06.152 I/init ( 0): Service 'sxrd' (pid 4230) exited with status 1
01-01 00:16:06.152 I/init ( 0): Sending signal 9 to service 'sxrd' (pid 4230) process group...
08-18 16:55:06.387 F/linker ( 4230): CANNOT LINK EXECUTABLE "/vendor/bin/hw/sxrservice": library "vendor.qti.hardware.qxr-V1-ndk_platform.so" not found: needed by main executable
01-01 00:16:06.474 D/ ( 0): mv2112_read_status
01-01 00:16:06.474 D/mv2112_update_link( 0): 3.0x901(1G): 0x4
01-01 00:16:06.475 D/mv2112_update_link( 0): 3.0x8109(100M): 0x8
01-01 00:16:06.475 D/mv2112_update_link( 0): link 0x4
01-01 00:16:06.475 D/mv2112_read_status( 0): autoneg is disabled
01-01 00:16:07.498 D/ ( 0): mv2112_read_status
01-01 00:16:07.498 D/mv2112_update_link( 0): 3.0x901(1G): 0x4
01-01 00:16:07.499 D/mv2112_update_link( 0): 3.0x8109(100M): 0x8
01-01 00:16:07.499 D/mv2112_update_link( 0): link 0x4
01-01 00:16:07.499 D/mv2112_read_status( 0): autoneg is disabled
01-01 00:16:07.573 I/[schedu][0x71b88f3c][16:55:07.810675] wlan( 0): [2797:I:OSIF] scan start scan id 40964
01-01 00:16:08.522 D/ ( 0): mv2112_read_status
01-01 00:16:08.522 D/mv2112_update_link( 0): 3.0x901(1G): 0x4
01-01 00:16:08.523 D/mv2112_update_link( 0): 3.0x8109(100M): 0x8
01-01 00:16:08.523 D/mv2112_update_link( 0): link 0x4
01-01 00:16:08.523 D/mv2112_read_status( 0): autoneg is disabled
01-01 00:16:08.748 I/[schedu][0x73109a2b][16:55:08.985008] wlan( 0): [2797:I:OSIF] vdev 0, scan id 40964 type COMPLETED(1) reason COMPLETED(1) scan found 61 bss
01-01 00:16:09.546 D/ ( 0): mv2112_read_status
01-01 00:16:09.546 D/mv2112_update_link( 0): 3.0x901(1G): 0x4
01-01 00:16:09.546 D/mv2112_update_link( 0): 3.0x8109(100M): 0x8
01-01 00:16:09.546 D/mv2112_update_link( 0): link 0x4
01-01 00:16:09.547 D/mv2112_read_status( 0): autoneg is disabled
01-01 00:16:10.570 D/ ( 0): mv2112_read_status
01-01 00:16:10.570 D/mv2112_update_link( 0): 3.0x901(1G): 0x4
01-01 00:16:10.570 D/mv2112_update_link( 0): 3.0x8109(100M): 0x8
01-01 00:16:10.570 D/mv2112_update_link( 0): link 0x4
01-01 00:16:10.570 D/mv2112_read_status( 0): autoneg is disabled
08-18 16:55:10.873 I/ActivityManager( 1152): Process com.qti.ltebc (pid 4213) has died: fg RCVR
08-18 16:55:10.884 D/CompatibilityChangeReporter( 1152): Compat change id reported: 135634846; UID 10101; state: DISABLED
08-18 16:55:10.885 D/CompatibilityChangeReporter( 1152): Compat change id reported: 177438394; UID 10101; state: DISABLED
08-18 16:55:10.885 D/CompatibilityChangeReporter( 1152): Compat change id reported: 135772972; UID 10101; state: DISABLED
08-18 16:55:10.885 D/CompatibilityChangeReporter( 1152): Compat change id reported: 135754954; UID 10101; state: ENABLED
08-18 16:55:10.887 D/CompatibilityChangeReporter( 1152): Compat change id reported: 143937733; UID 10101; state: ENABLED
08-18 16:55:10.946 W/ActivityManager( 1152): Slow operation: 61ms so far, now at startProcess: returned from zygote!
08-18 16:55:10.946 W/ActivityManager( 1152): Slow operation: 62ms so far, now at startProcess: done updating battery stats
08-18 16:55:10.946 W/ActivityManager( 1152): Slow operation: 62ms so far, now at startProcess: building log message
08-18 16:55:10.946 I/ActivityManager( 1152): Start proc 4237:com.qti.ltebc/u0a101 for broadcast {com.qti.ltebc/com.qualcomm.ltebc.LTEBroadcastAlarmReceiver}
08-18 16:55:10.947 W/ActivityManager( 1152): Slow operation: 62ms so far, now at startProcess: starting to update pids map
08-18 16:55:10.947 W/ActivityManager( 1152): Slow operation: 62ms so far, now at startProcess: done updating pids map
01-01 00:16:10.785 I/binder ( 0): 4237:4237 ioctl 40046210 7fc78c36c4 returned -22
01-01 00:16:11.008 I/init ( 0): starting service 'qvrd_vndr'...
01-01 00:16:11.012 I/init ( 0): Created socket '/dev/socket/qvrservice_vndr', mode 660, user 1000, group 1000
01-01 00:16:11.018 I/init ( 0): Created socket '/dev/socket/qvrservice_vndr_camera', mode 660, user 1000, group 1000
08-18 16:55:11.326 F/linker ( 4255): CANNOT LINK EXECUTABLE "/vendor/bin/hw/qvrservice": library "vendor.qti.hardware.qxr-V1-ndk_platform.so" not found: needed by /vendor/lib64/libqvrservice.so in namespace (default)
01-01 00:16:11.092 I/init ( 0): Service 'qvrd_vndr' (pid 4255) exited with status 1
01-01 00:16:11.092 I/init ( 0): Sending signal 9 to service 'qvrd_vndr' (pid 4255) process group...
01-01 00:16:11.093 I/libprocessgroup( 0): Successfully killed process cgroup uid 1000 pid 4255 in 0ms
01-01 00:16:11.121 I/init ( 0): starting service 'sxrd'...
01-01 00:16:11.156 I/init ( 0): starting service 'vendor.light-hal-2-0'...
08-18 16:55:11.421 F/linker ( 4256): CANNOT LINK EXECUTABLE "/vendor/bin/hw/sxrservice": library "vendor.qti.hardware.qxr-V1-ndk_platform.so" not found: needed by main executable
01-01 00:16:11.185 I/init ( 0): Service 'sxrd' (pid 4256) exited with status 1
01-01 00:16:11.185 I/init ( 0): Sending signal 9 to service 'sxrd' (pid 4256) process group...
01-01 00:16:11.594 D/ ( 0): mv2112_read_status
01-01 00:16:11.594 D/mv2112_update_link( 0): 3.0x901(1G): 0x4
01-01 00:16:11.595 D/mv2112_update_link( 0): 3.0x8109(100M): 0x8
01-01 00:16:11.595 D/mv2112_update_link( 0): link 0x4
01-01 00:16:11.595 D/mv2112_read_status( 0): autoneg is disabled
08-18 16:55:12.111 I/ActivityManager( 1152): Waited long enough for: ServiceRecord{b6ee357 u0 com.qualcomm.atfwd/.AtFwdService}
01-01 00:16:12.618 D/ ( 0): mv2112_read_status
01-01 00:16:12.618 D/mv2112_update_link( 0): 3.0x901(1G): 0x4
01-01 00:16:12.619 D/mv2112_update_link( 0): 3.0x8109(100M): 0x8
01-01 00:16:12.619 D/mv2112_update_link( 0): link 0x4
01-01 00:16:12.619 D/mv2112_read_status( 0): autoneg is disabled
08-18 16:55:13.871 I/ActivityManager( 1152): Waited long enough for: ServiceRecord{8403bda u0 com.qualcomm.qti.modemtestmode/.MbnSystemService}
01-01 00:16:13.642 D/ ( 0): mv2112_read_status
01-01 00:16:13.642 D/mv2112_update_link( 0): 3.0x901(1G): 0x4
01-01 00:16:13.643 D/mv2112_update_link( 0): 3.0x8109(100M): 0x8
01-01 00:16:13.643 D/mv2112_update_link( 0): link 0x4
01-01 00:16:13.643 D/mv2112_read_status( 0): autoneg is disabled
08-18 16:55:14.860 W/OverlayManager( 1152): service 'idmap' died
01-01 00:16:14.666 D/ ( 0): mv2112_read_status
01-01 00:16:14.666 D/mv2112_update_link( 0): 3.0x901(1G): 0x4
01-01 00:16:14.666 D/mv2112_update_link( 0): 3.0x8109(100M): 0x8
01-01 00:16:14.666 D/mv2112_update_link( 0): link 0x4
01-01 00:16:14.666 D/mv2112_read_status( 0): autoneg is disabled
01-01 00:16:15.690 D/ ( 0): mv2112_read_status
01-01 00:16:15.690 D/mv2112_update_link( 0): 3.0x901(1G): 0x4
01-01 00:16:15.690 D/mv2112_update_link( 0): 3.0x8109(100M): 0x8
01-01 00:16:15.690 D/mv2112_update_link( 0): link 0x4
01-01 00:16:15.691 D/mv2112_read_status( 0): autoneg is disabled
01-01 00:16:16.044 I/init ( 0): starting service 'qvrd_vndr'...
01-01 00:16:16.047 I/init ( 0): Created socket '/dev/socket/qvrservice_vndr', mode 660, user 1000, group 1000
01-01 00:16:16.050 I/init ( 0): Created socket '/dev/socket/qvrservice_vndr_camera', mode 660, user 1000, group 1000
08-18 16:55:16.365 F/linker ( 4262): CANNOT LINK EXECUTABLE "/vendor/bin/hw/qvrservice": library "vendor.qti.hardware.qxr-V1-ndk_platform.so" not found: needed by /vendor/lib64/libqvrservice.so in namespace (default)
01-01 00:16:16.130 I/init ( 0): Service 'qvrd_vndr' (pid 4262) exited with status 1
01-01 00:16:16.130 I/init ( 0): Sending signal 9 to service 'qvrd_vndr' (pid 4262) process group...
01-01 00:16:16.131 I/libprocessgroup( 0): Successfully killed process cgroup uid 1000 pid 4262 in 0ms
01-01 00:16:16.143 I/init ( 0): starting service 'sxrd'...
01-01 00:16:16.186 I/init ( 0): starting service 'vendor.light-hal-2-0'...
08-18 16:55:16.445 F/linker ( 4263): CANNOT LINK EXECUTABLE "/vendor/bin/hw/sxrservice": library "vendor.qti.hardware.qxr-V1-ndk_platform.so" not found: needed by main executable
01-01 00:16:16.210 I/init ( 0): Service 'sxrd' (pid 4263) exited with status 1
01-01 00:16:16.210 I/init ( 0): Sending signal 9 to service 'sxrd' (pid 4263) process group...
08-18 16:55:16.674 I/ActivityManager( 1152): Killing 3555:com.qualcomm.qti.qmmi/1000 (adj 999): empty #31
08-18 16:55:16.678 I/ActivityManager( 1152): Killing 3507:com.android.traceur/u0a40 (adj 999): empty #32
08-18 16:55:16.792 I/ActivityManager( 1152): Killing 3531:android.process.acore/u0a22 (adj 995): empty #31
08-18 16:55:16.900 D/CompatibilityChangeReporter( 1152): Compat change id reported: 135634846; UID 10065; state: DISABLED
08-18 16:55:16.900 D/CompatibilityChangeReporter( 1152): Compat change id reported: 177438394; UID 10065; state: DISABLED
08-18 16:55:16.902 D/CompatibilityChangeReporter( 1152): Compat change id reported: 135772972; UID 10065; state: DISABLED
08-18 16:55:16.903 D/CompatibilityChangeReporter( 1152): Compat change id reported: 135754954; UID 10065; state: DISABLED
08-18 16:55:16.905 D/CompatibilityChangeReporter( 1152): Compat change id reported: 143937733; UID 10065; state: DISABLED
01-01 00:16:16.713 D/ ( 0): mv2112_read_status
01-01 00:16:16.713 D/mv2112_update_link( 0): 3.0x901(1G): 0x4
01-01 00:16:16.714 D/mv2112_update_link( 0): 3.0x8109(100M): 0x8
01-01 00:16:16.714 D/mv2112_update_link( 0): link 0x4
01-01 00:16:16.714 D/mv2112_read_status( 0): autoneg is disabled
08-18 16:55:16.967 W/ActivityManager( 1152): Slow operation: 67ms so far, now at startProcess: returned from zygote!
08-18 16:55:16.967 W/ActivityManager( 1152): Slow operation: 68ms so far, now at startProcess: done updating battery stats
08-18 16:55:16.967 W/ActivityManager( 1152): Slow operation: 68ms so far, now at startProcess: building log message
08-18 16:55:16.967 I/ActivityManager( 1152): Start proc 4270:com.qualcomm.qti.qms.service.trustzoneaccess/u0a65 for service {com.qualcomm.qti.qms.service.trustzoneaccess/com.qualcomm.qti.qms.service.trustzoneaccess.TZAccessService}
08-18 16:55:16.967 W/ActivityManager( 1152): Slow operation: 68ms so far, now at startProcess: starting to update pids map
08-18 16:55:16.968 W/ActivityManager( 1152): Slow operation: 68ms so far, now at startProcess: done updating pids map
01-01 00:16:16.810 I/binder ( 0): 4270:4270 ioctl 40046210 7fc78c36c4 returned -22
08-18 16:55:17.056 D/CompatibilityChangeReporter( 1152): Compat change id reported: 168419799; UID 10065; state: DISABLED
08-18 16:55:17.410 I/ActivityManager( 1152): Process com.qti.ltebc (pid 4237) has died: cch+5 CEM
01-01 00:16:17.632 I/[schedu][0x7d3b62e5][16:55:17.869177] wlan( 0): [2797:I:OSIF] scan start scan id 40965
01-01 00:16:17.738 D/ ( 0): mv2112_read_status
01-01 00:16:17.738 D/mv2112_update_link( 0): 3.0x901(1G): 0x4
01-01 00:16:17.738 D/mv2112_update_link( 0): 3.0x8109(100M): 0x8
01-01 00:16:17.738 D/mv2112_update_link( 0): link 0x4
01-01 00:16:17.739 D/mv2112_read_status( 0): autoneg is disabled
01-01 00:16:18.762 D/ ( 0): mv2112_read_status
01-01 00:16:18.762 D/mv2112_update_link( 0): 3.0x901(1G): 0x4
01-01 00:16:18.763 D/mv2112_update_link( 0): 3.0x8109(100M): 0x8
01-01 00:16:18.763 D/mv2112_update_link( 0): link 0x4
01-01 00:16:18.763 D/mv2112_read_status( 0): autoneg is disabled
01-01 00:16:18.797 I/[schedu][0x7e90abff][16:55:19.034099] wlan( 0): [2797:I:OSIF] vdev 0, scan id 40965 type COMPLETED(1) reason COMPLETED(1) scan found 57 bss
01-01 00:16:19.786 D/ ( 0): mv2112_read_status
01-01 00:16:19.787 D/mv2112_update_link( 0): 3.0x901(1G): 0x4
01-01 00:16:19.787 D/mv2112_update_link( 0): 3.0x8109(100M): 0x8
01-01 00:16:19.787 D/mv2112_update_link( 0): link 0x4
01-01 00:16:19.787 D/mv2112_read_status( 0): autoneg is disabled
08-18 16:55:20.774 I/ActivityManager( 1152): Killing 3705:com.android.calendar/u0a83 (adj 999): empty #31
01-01 00:16:20.810 D/ ( 0): mv2112_read_status
01-01 00:16:20.810 D/mv2112_update_link( 0): 3.0x901(1G): 0x4
01-01 00:16:20.810 D/mv2112_update_link( 0): 3.0x8109(100M): 0x8
01-01 00:16:20.810 D/mv2112_update_link( 0): link 0x4
01-01 00:16:20.810 D/mv2112_read_status( 0): autoneg is disabled
01-01 00:16:21.087 I/init ( 0): starting service 'qvrd_vndr'...
01-01 00:16:21.092 I/init ( 0): Created socket '/dev/socket/qvrservice_vndr', mode 660, user 1000, group 1000
01-01 00:16:21.097 I/init ( 0): Created socket '/dev/socket/qvrservice_vndr_camera', mode 660, user 1000, group 1000
01-01 00:16:21.176 I/init ( 0): starting service 'sxrd'...
08-18 16:55:21.419 F/linker ( 4298): CANNOT LINK EXECUTABLE "/vendor/bin/hw/qvrservice": library "vendor.qti.hardware.qxr-V1-ndk_platform.so" not found: needed by /vendor/lib64/libqvrservice.so in namespace (default)
01-01 00:16:21.209 I/init ( 0): Service 'qvrd_vndr' (pid 4298) exited with status 1
01-01 00:16:21.209 I/init ( 0): Sending signal 9 to service 'qvrd_vndr' (pid 4298) process group...
01-01 00:16:21.209 I/libprocessgroup( 0): Successfully killed process cgroup uid 1000 pid 4298 in 0ms
01-01 00:16:21.213 I/init ( 0): starting service 'vendor.light-hal-2-0'...
08-18 16:55:21.480 F/linker ( 4299): CANNOT LINK EXECUTABLE "/vendor/bin/hw/sxrservice": library "vendor.qti.hardware.qxr-V1-ndk_platform.so" not found: needed by main executable
01-01 00:16:21.244 I/init ( 0): Service 'sxrd' (pid 4299) exited with status 1
01-01 00:16:21.244 I/init ( 0): Sending signal 9 to service 'sxrd' (pid 4299) process group...
01-01 00:16:21.834 D/ ( 0): mv2112_read_status
01-01 00:16:21.834 D/mv2112_update_link( 0): 3.0x901(1G): 0x4
01-01 00:16:21.835 D/mv2112_update_link( 0): 3.0x8109(100M): 0x8
01-01 00:16:21.835 D/mv2112_update_link( 0): link 0x4
01-01 00:16:21.835 D/mv2112_read_status( 0): autoneg is disabled
01-01 00:16:22.217 I/ ( 0): boot log copy done
01-01 00:16:22.858 D/ ( 0): mv2112_read_status
01-01 00:16:22.859 D/mv2112_update_link( 0): 3.0x901(1G): 0x4
01-01 00:16:22.859 D/mv2112_update_link( 0): 3.0x8109(100M): 0x8
01-01 00:16:22.859 D/mv2112_update_link( 0): link 0x4
01-01 00:16:22.859 D/mv2112_read_status( 0): autoneg is disabled
01-01 00:16:23.882 D/ ( 0): mv2112_read_status
01-01 00:16:23.882 D/mv2112_update_link( 0): 3.0x901(1G): 0x4
01-01 00:16:23.883 D/mv2112_update_link( 0): 3.0x8109(100M): 0x8
01-01 00:16:23.883 D/mv2112_update_link( 0): link 0x4
01-01 00:16:23.883 D/mv2112_read_status( 0): autoneg is disabled
01-01 00:16:24.906 D/ ( 0): mv2112_read_status
01-01 00:16:24.906 D/mv2112_update_link( 0): 3.0x901(1G): 0x4
01-01 00:16:24.907 D/mv2112_update_link( 0): 3.0x8109(100M): 0x8
01-01 00:16:24.907 D/mv2112_update_link( 0): link 0x4
01-01 00:16:24.907 D/mv2112_read_status( 0): autoneg is disabled
01-01 00:16:25.930 D/ ( 0): mv2112_read_status
01-01 00:16:25.930 D/mv2112_update_link( 0): 3.0x901(1G): 0x4
01-01 00:16:25.931 D/mv2112_update_link( 0): 3.0x8109(100M): 0x8
01-01 00:16:25.931 D/mv2112_update_link( 0): link 0x4
01-01 00:16:25.931 D/mv2112_read_status( 0): autoneg is disabled
01-01 00:16:26.138 I/init ( 0): starting service 'qvrd_vndr'...
01-01 00:16:26.146 I/init ( 0): Created socket '/dev/socket/qvrservice_vndr', mode 660, user 1000, group 1000
01-01 00:16:26.153 I/init ( 0): Created socket '/dev/socket/qvrservice_vndr_camera', mode 660, user 1000, group 1000
01-01 00:16:26.208 I/init ( 0): starting service 'sxrd'...
08-18 16:55:26.468 F/linker ( 4306): CANNOT LINK EXECUTABLE "/vendor/bin/hw/qvrservice": library "vendor.qti.hardware.qxr-V1-ndk_platform.so" not found: needed by /vendor/lib64/libqvrservice.so in namespace (default)
01-01 00:16:26.232 I/init ( 0): starting service 'vendor.light-hal-2-0'...
01-01 00:16:26.249 I/init ( 0): Service 'qvrd_vndr' (pid 4306) exited with status 1
01-01 00:16:26.249 I/init ( 0): Sending signal 9 to service 'qvrd_vndr' (pid 4306) process group...
01-01 00:16:26.250 I/libprocessgroup( 0): Successfully killed process cgroup uid 1000 pid 4306 in 0ms
08-18 16:55:26.523 F/linker ( 4307): CANNOT LINK EXECUTABLE "/vendor/bin/hw/sxrservice": library "vendor.qti.hardware.qxr-V1-ndk_platform.so" not found: needed by main executable
01-01 00:16:26.288 I/init ( 0): Service 'sxrd' (pid 4307) exited with status 1
01-01 00:16:26.288 I/init ( 0): Sending signal 9 to service 'sxrd' (pid 4307) process group...
01-01 00:16:26.954 D/ ( 0): mv2112_read_status
01-01 00:16:26.955 D/mv2112_update_link( 0): 3.0x901(1G): 0x4
01-01 00:16:26.955 D/mv2112_update_link( 0): 3.0x8109(100M): 0x8
01-01 00:16:26.955 D/mv2112_update_link( 0): link 0x4
01-01 00:16:26.955 D/mv2112_read_status( 0): autoneg is disabled
01-01 00:16:27.669 I/[schedu][0x88b7ed4a][16:55:27.906222] wlan( 0): [2797:I:OSIF] scan start scan id 40966
01-01 00:16:27.978 D/ ( 0): mv2112_read_status
01-01 00:16:27.978 D/mv2112_update_link( 0): 3.0x901(1G): 0x4
01-01 00:16:27.979 D/mv2112_update_link( 0): 3.0x8109(100M): 0x8
01-01 00:16:27.979 D/mv2112_update_link( 0): link 0x4
01-01 00:16:27.979 D/mv2112_read_status( 0): autoneg is disabled
01-01 00:16:28.823 I/[schedu][0x8a0a0d8e][16:55:29.060359] wlan( 0): [2797:I:OSIF] vdev 0, scan id 40966 type COMPLETED(1) reason COMPLETED(1) scan found 61 bss
01-01 00:16:29.002 D/ ( 0): mv2112_read_status
01-01 00:16:29.002 D/mv2112_update_link( 0): 3.0x901(1G): 0x4
01-01 00:16:29.002 D/mv2112_update_link( 0): 3.0x8109(100M): 0x8
01-01 00:16:29.002 D/mv2112_update_link( 0): link 0x4
01-01 00:16:29.002 D/mv2112_read_status( 0): autoneg is disabled
08-18 16:55:29.905 D/CompatibilityChangeReporter( 1152): Compat change id reported: 171306433; UID 1000; state: ENABLED
08-18 16:55:29.922 W/android.hardware.wifi@1.0-service( 951): No active wlan interfaces in use! Using default
08-18 16:55:29.960 I/wificond( 1298): Unsubscribe scan result for interface with index: 11
01-01 00:16:29.769 I/[schedu][0x8b1f0fe1][16:55:30.005883] wlan( 0): [2797:I:HIF] Deinitializing Runtime PM wakelock &vdev->vdev_set_key_runtime_wakelock
01-01 00:16:29.793 I/[schedu][0x8b265463][16:55:30.030690] wlan( 0): [2797:I:HIF] Initializing Runtime PM wakelock &vdev->vdev_set_key_runtime_wakelock
01-01 00:16:29.805 I/btfm_slim_hw_init( 0): PGD Enum Addr: 00:01:20:02:17: 02
01-01 00:16:29.805 I/btfm_slim_hw_init( 0): IFD Enum Addr: 00:00:20:02:17: 02
01-01 00:16:29.805 I/btfm_slim_hw_init( 0): chipset soc version:400a0200
01-01 00:16:29.805 I/btfm_slim_hw_init( 0): chipset is hastings 2.0, overwriting EA
01-01 00:16:29.805 I/btfm_slim_hw_init( 0): PGD Enum Addr: 00:01:20:02:17: 02
01-01 00:16:29.805 I/btfm_slim_hw_init( 0): IFD Enum Addr: 00:00:20:02:17: 02
01-01 00:16:29.805 I/btfm_slim_alloc_port( 0): chipset soc version:400a0200
01-01 00:16:29.825 I/btfm_slim_enable_ch( 0): chipset soc version:400a0200
01-01 00:16:29.825 I/btfm_slim_enable_ch( 0): channel define - prot:2, dataf:0, auxf:0
01-01 00:16:29.825 I/btfm_slim_enable_ch( 0): channel define - rates:44100, baser:2, ratem:4
01-01 00:16:29.827 I/btfm_slim_enable_ch( 0): slim_connect_sink(port: 16, ch: 157)
01-01 00:16:29.829 I/btfm_slim_enable_ch( 0): port: 16, ch: 157, grp: 0, ch->grph: 0x0, ch_hdl: 0x1d
01-01 00:16:29.830 I/__afe_port_start( 0): port id: 0x400e
01-01 00:16:29.830 I/afe_find_cal_topo_id_by_port( 0): port id: 0x400e, dev_acdb_id: 20
01-01 00:16:29.830 I/afe_find_cal_topo_id_by_port( 0): top_id:112fc acdb_id:20 afe_port_id:0x400e
01-01 00:16:29.830 I/afe_get_cal_topology_id( 0): port_id = 0x400e acdb_id = 20 topology_id = 0x112fc cal_type_index=8 ret=0
01-01 00:16:29.831 I/afe_send_port_topology_id( 0): AFE set topology id 0x112fc enable for port 0x400e ret 0
01-01 00:16:29.831 I/send_afe_cal_type( 0): cal_index is 0
01-01 00:16:29.831 I/send_afe_cal_type( 0): dev_acdb_id[119] is 20
01-01 00:16:29.831 I/afe_find_cal( 0): cal_index 0 port_id 0x400e port_index 119
01-01 00:16:29.831 I/afe_find_cal( 0): acdb_id 20 dev_acdb_id 20 sample_rate 48000 afe_sample_rates 44100
01-01 00:16:29.831 I/afe_find_cal( 0): no matching cal_block found
01-01 00:16:29.831 E/ ( 0): send_afe_cal_type cal_block not found!!
01-01 00:16:29.837 I/afe_send_hw_delay( 0): port_id 0x400e rate 44100 delay_usec 0 status 0
08-18 16:55:30.102 I/wificond( 1298): tearDownClientInterface: erasing wiphy_index for iface_name wlan0
08-18 16:55:30.102 I/wificond( 1298): remove channel type 0 support at wiphy index 0
08-18 16:55:30.102 I/wificond( 1298): remove channel type 1 support at wiphy index 0
08-18 16:55:30.202 E/android.hardware.wifi@1.0-service( 951): Stopping legacy HAL
08-18 16:55:30.202 E/android.hardware.wifi@1.0-service( 951): Legacy HAL trigger wifi cleanup
08-18 16:55:30.203 I/android.hardware.wifi@1.0-service( 951): Legacy HAL stop complete callback received
08-18 16:55:30.203 E/android.hardware.wifi@1.0-service( 951): SetWifiUpState(false) completed
08-18 16:55:30.203 E/android.hardware.wifi@1.0-service( 951): Legacy HAL Wifi event loop exited
08-18 16:55:30.203 E/android.hardware.wifi@1.0-service( 951): Legacy HAL event loop terminated
08-18 16:55:30.205 D/android.hardware.wifi@1.0-service( 951): Legacy HAL stop complete
08-18 16:55:30.209 I/android.hardware.wifi@1.0-service( 951): Wifi HAL stopped
08-18 16:55:30.235 D/CompatibilityChangeReporter( 1152): Compat change id reported: 175319604; UID 10116; state: ENABLED
08-18 16:55:30.239 D/CompatibilityChangeReporter( 1152): Compat change id reported: 175319604; UID 1000; state: ENABLED
08-18 16:55:30.240 D/CompatibilityChangeReporter( 1152): Compat change id reported: 175319604; UID 1000; state: DISABLED
08-18 16:55:30.244 D/CompatibilityChangeReporter( 1152): Compat change id reported: 175319604; UID 10140; state: DISABLED
01-01 00:16:30.026 D/ ( 0): mv2112_read_status
01-01 00:16:30.026 D/mv2112_update_link( 0): 3.0x901(1G): 0x4
01-01 00:16:30.026 D/mv2112_update_link( 0): 3.0x8109(100M): 0x8
01-01 00:16:30.026 D/mv2112_update_link( 0): link 0x4
01-01 00:16:30.026 D/mv2112_read_status( 0): autoneg is disabled
01-01 00:16:31.050 D/ ( 0): mv2112_read_status
01-01 00:16:31.050 D/mv2112_update_link( 0): 3.0x901(1G): 0x4
01-01 00:16:31.051 D/mv2112_update_link( 0): 3.0x8109(100M): 0x8
01-01 00:16:31.051 D/mv2112_update_link( 0): link 0x4
01-01 00:16:31.051 D/mv2112_read_status( 0): autoneg is disabled
01-01 00:16:31.196 I/init ( 0): starting service 'qvrd_vndr'...
01-01 00:16:31.200 I/init ( 0): Created socket '/dev/socket/qvrservice_vndr', mode 660, user 1000, group 1000
01-01 00:16:31.204 I/init ( 0): Created socket '/dev/socket/qvrservice_vndr_camera', mode 660, user 1000, group 1000
01-01 00:16:31.247 I/init ( 0): starting service 'sxrd'...
01-01 00:16:31.264 I/init ( 0): starting service 'vendor.light-hal-2-0'...
08-18 16:55:31.513 F/linker ( 4315): CANNOT LINK EXECUTABLE "/vendor/bin/hw/sxrservice": library "vendor.qti.hardware.qxr-V1-ndk_platform.so" not found: needed by main executable
01-01 00:16:31.280 I/init ( 0): Service 'sxrd' (pid 4315) exited with status 1
01-01 00:16:31.280 I/init ( 0): Sending signal 9 to service 'sxrd' (pid 4315) process group...
01-01 00:16:31.281 I/libprocessgroup( 0): Successfully killed process cgroup uid 1000 pid 4315 in 0ms
08-18 16:55:31.519 F/linker ( 4314): CANNOT LINK EXECUTABLE "/vendor/bin/hw/qvrservice": library "vendor.qti.hardware.qxr-V1-ndk_platform.so" not found: needed by /vendor/lib64/libqvrservice.so in namespace (default)
01-01 00:16:31.284 I/init ( 0): Service 'qvrd_vndr' (pid 4314) exited with status 1
01-01 00:16:31.284 I/init ( 0): Sending signal 9 to service 'qvrd_vndr' (pid 4314) process group...
01-01 00:16:32.074 D/ ( 0): mv2112_read_status
01-01 00:16:32.074 D/mv2112_update_link( 0): 3.0x901(1G): 0x4
01-01 00:16:32.074 D/mv2112_update_link( 0): 3.0x8109(100M): 0x8
01-01 00:16:32.074 D/mv2112_update_link( 0): link 0x4
01-01 00:16:32.074 D/mv2112_read_status( 0): autoneg is disabled
08-18 16:55:32.568 D/android.hardware.wifi@1.0-service( 951): Initialize legacy HAL
08-18 16:55:32.571 I/android.hardware.wifi@1.0-service( 951): Wifi HAL started
01-01 00:16:32.331 I/ ( 0): Wifi Turning On from UI
08-18 16:55:32.578 D/android.hardware.wifi@1.0-service( 951): Waiting for the driver ready
08-18 16:55:32.581 D/android.hardware.wifi@1.0-service( 951): Starting legacy HAL
01-01 00:16:32.342 I/ ( 0): Wifi Turning On from UI
01-01 00:16:32.345 I/[wifi@1][0x8e11e234][16:55:32.582340] wlan( 0): [951:I:DP] dp_vdev_attach_wifi3: wlan_cfg_ap_bridge_enabled 0
08-18 16:55:32.607 D/android.hardware.wifi@1.0-service( 951): Starting legacy HAL event loop
08-18 16:55:32.608 I/android.hardware.wifi@1.0-service( 951): Adding interface handle for wlan0
08-18 16:55:32.608 I/android.hardware.wifi@1.0-service( 951): Adding interface handle for wifi-aware0
08-18 16:55:32.608 I/android.hardware.wifi@1.0-service( 951): Adding interface handle for p2p0
08-18 16:55:32.608 D/android.hardware.wifi@1.0-service( 951): Legacy HAL start complete
08-18 16:55:32.608 W/android.hardware.wifi@1.0-service( 951): No active wlan interfaces in use! Using default
08-18 16:55:32.608 W/android.hardware.wifi@1.0-service( 951): No active wlan interfaces in use! Using default
08-18 16:55:32.614 I/android.hardware.wifi@1.0-service( 951): Configured chip in mode 3
08-18 16:55:32.614 W/android.hardware.wifi@1.0-service( 951): No active wlan interfaces in use! Using default
01-01 00:16:32.391 E/[wifi@1][0x8e1f4e37][16:55:32.628154] wlan( 0): [4318:E:wifipos] wifi_pos_process_app_reg_req: 608: Received App Req Req pid(-255851593), len(16)
08-18 16:55:32.646 I/wificond( 1298): createClientInterface: wiphy_index 0 iface_name wlan0
08-18 16:55:32.646 I/wificond( 1298): create scanner for interface with index: 11
08-18 16:55:32.646 I/wificond( 1298): subscribe scan result for interface with index: 11
08-18 16:55:32.647 I/wificond( 1298): add channel type 0 support at wiphy index: 0
08-18 16:55:32.647 I/wificond( 1298): add channel type 1 support at wiphy index: 0
01-01 00:16:32.411 I/[wifi@1][0x8e253c75][16:55:32.648396] wlan( 0): [4318:I:wifipos] wifi_pos_get_ch_info: 461: num channels: 26
01-01 00:16:32.412 I/[wifi@1][0x8e257e2c][16:55:32.649272] wlan( 0): [4318:I:wifipos] wifi_pos_get_ch_info: 461: num channels: 26
01-01 00:16:32.804 I/[schedu][0x8e985c7c][16:55:33.041358] wlan( 0): [2797:I:HIF] Deinitializing Runtime PM wakelock &vdev->vdev_set_key_runtime_wakelock
01-01 00:16:32.818 I/[schedu][0x8e9c560d][16:55:33.054926] wlan( 0): [2797:I:HIF] Initializing Runtime PM wakelock &vdev->vdev_set_key_runtime_wakelock
08-18 16:55:33.128 D/android.hardware.wifi@1.0-service( 951): Successfully SetMacAddress.
01-01 00:16:32.892 I/[wifi@1][0x8eb212dc][16:55:33.129121] wlan( 0): [951:I:DP] dp_vdev_attach_wifi3: wlan_cfg_ap_bridge_enabled 0
01-01 00:16:32.930 E/[wifi@1][0x8ebd5ec3][16:55:33.167681] wlan( 0): [4318:E:wifipos] wifi_pos_process_app_reg_req: 608: Received App Req Req pid(-255851593), len(16)
01-01 00:16:32.947 I/[wifi@1][0x8ec22ef1][16:55:33.184109] wlan( 0): [4318:I:wifipos] wifi_pos_get_ch_info: 461: num channels: 26
01-01 00:16:32.949 I/[wifi@1][0x8ec2a7e1][16:55:33.185722] wlan( 0): [4318:I:wifipos] wifi_pos_get_ch_info: 461: num channels: 26
01-01 00:16:33.098 D/ ( 0): mv2112_read_status
01-01 00:16:33.098 D/mv2112_update_link( 0): 3.0x901(1G): 0x4
01-01 00:16:33.098 D/mv2112_update_link( 0): 3.0x8109(100M): 0x8
01-01 00:16:33.098 D/mv2112_update_link( 0): link 0x4
01-01 00:16:33.098 D/mv2112_read_status( 0): autoneg is disabled
01-01 00:16:33.203 I/[schedu][0x8f0d4074][16:55:33.440344] wlan( 0): [2797:I:OSIF] scan start scan id 40967
08-18 16:55:33.503 W/Looper ( 1152): Slow dispatch took 519ms main h=android.app.ActivityThread$H c=android.app.LoadedApk$ReceiverDispatcher$Args$$ExternalSyntheticLambda0@f9d3ef6 m=0
08-18 16:55:33.503 W/Looper ( 1152): Slow delivery took 522ms main h=android.app.ActivityThread$H c=android.app.LoadedApk$ReceiverDispatcher$Args$$ExternalSyntheticLambda0@766f2f7 m=0
08-18 16:55:33.509 W/Looper ( 1152): Drained
01-01 00:16:34.122 D/ ( 0): mv2112_read_status
01-01 00:16:34.122 D/mv2112_update_link( 0): 3.0x901(1G): 0x4
01-01 00:16:34.122 D/mv2112_update_link( 0): 3.0x8109(100M): 0x8
01-01 00:16:34.123 D/mv2112_update_link( 0): link 0x4
01-01 00:16:34.123 D/mv2112_read_status( 0): autoneg is disabled
01-01 00:16:34.183 I/[schedu][0x902c6e80][16:55:34.420585] wlan( 0): [2797:I:OSIF] vdev 0, scan id 40967 type COMPLETED(1) reason COMPLETED(1) scan found 51 bss
08-18 16:55:34.716 W/NotificationHistory( 1152): Attempted to add notif for locked/gone/disabled user 0
01-01 00:16:35.146 D/ ( 0): mv2112_read_status
01-01 00:16:35.146 D/mv2112_update_link( 0): 3.0x901(1G): 0x4
01-01 00:16:35.147 D/mv2112_update_link( 0): 3.0x8109(100M): 0x8
01-01 00:16:35.147 D/mv2112_update_link( 0): link 0x4
01-01 00:16:35.147 D/mv2112_read_status( 0): autoneg is disabled
08-18 16:55:35.924 D/CompatibilityChangeReporter( 1152): Compat change id reported: 168419799; UID 10138; state: DISABLED
01-01 00:16:35.888 I/afe_close( 0): port_id = 0x400e
01-01 00:16:35.896 I/btfm_slim_disable_ch( 0): port:16, grp: 0, ch->grph:0x0, ch->ch_hdl:0x1d
01-01 00:16:36.170 D/ ( 0): mv2112_read_status
01-01 00:16:36.170 D/mv2112_update_link( 0): 3.0x901(1G): 0x4
01-01 00:16:36.170 D/mv2112_update_link( 0): 3.0x8109(100M): 0x8
01-01 00:16:36.170 D/mv2112_update_link( 0): link 0x4
01-01 00:16:36.170 D/mv2112_read_status( 0): autoneg is disabled
01-01 00:16:36.241 I/init ( 0): starting service 'qvrd_vndr'...
01-01 00:16:36.245 I/init ( 0): Created socket '/dev/socket/qvrservice_vndr', mode 660, user 1000, group 1000
01-01 00:16:36.248 I/init ( 0): Created socket '/dev/socket/qvrservice_vndr_camera', mode 660, user 1000, group 1000
01-01 00:16:36.291 I/init ( 0): starting service 'sxrd'...
01-01 00:16:36.316 I/init ( 0): starting service 'vendor.light-hal-2-0'...
08-18 16:55:36.570 F/linker ( 4342): CANNOT LINK EXECUTABLE "/vendor/bin/hw/qvrservice": library "vendor.qti.hardware.qxr-V1-ndk_platform.so" not found: needed by /vendor/lib64/libqvrservice.so in namespace (default)
01-01 00:16:36.334 I/init ( 0): Service 'qvrd_vndr' (pid 4342) exited with status 1
01-01 00:16:36.335 I/init ( 0): Sending signal 9 to service 'qvrd_vndr' (pid 4342) process group...
01-01 00:16:36.335 I/libprocessgroup( 0): Successfully killed process cgroup uid 1000 pid 4342 in 0ms
08-18 16:55:36.580 F/linker ( 4343): CANNOT LINK EXECUTABLE "/vendor/bin/hw/sxrservice": library "vendor.qti.hardware.qxr-V1-ndk_platform.so" not found: needed by main executable
01-01 00:16:36.344 I/init ( 0): Service 'sxrd' (pid 4343) exited with status 1
01-01 00:16:36.344 I/init ( 0): Sending signal 9 to service 'sxrd' (pid 4343) process group...
01-01 00:16:37.194 D/ ( 0): mv2112_read_status
01-01 00:16:37.194 D/mv2112_update_link( 0): 3.0x901(1G): 0x4
01-01 00:16:37.194 D/mv2112_update_link( 0): 3.0x8109(100M): 0x8
01-01 00:16:37.194 D/mv2112_update_link( 0): link 0x4
01-01 00:16:37.194 D/mv2112_read_status( 0): autoneg is disabled
01-01 00:16:38.218 D/ ( 0): mv2112_read_status
01-01 00:16:38.218 D/mv2112_update_link( 0): 3.0x901(1G): 0x4
01-01 00:16:38.218 D/mv2112_update_link( 0): 3.0x8109(100M): 0x8
01-01 00:16:38.218 D/mv2112_update_link( 0): link 0x4
01-01 00:16:38.218 D/mv2112_read_status( 0): autoneg is disabled
01-01 00:16:39.242 D/ ( 0): mv2112_read_status
01-01 00:16:39.242 D/mv2112_update_link( 0): 3.0x901(1G): 0x4
01-01 00:16:39.242 D/mv2112_update_link( 0): 3.0x8109(100M): 0x8
01-01 00:16:39.242 D/mv2112_update_link( 0): link 0x4
01-01 00:16:39.242 D/mv2112_read_status( 0): autoneg is disabled
08-18 16:55:39.755 I/ActivityTaskManager( 1152): START u0 {act=android.intent.action.MAIN cmp=com.android.settings/.SubSettings (has extras)} from uid 1000
08-18 16:55:39.802 I/ActivityTaskManager( 1152): The Process com.android.settings Already Exists in BG. So sending its PID: 2359
08-18 16:55:39.803 W/ActivityTaskManager( 1152): Tried to set launchTime (0) < mLastActivityLaunchTime (76166)
01-01 00:16:39.624 I/btfm_slim_hw_init( 0): PGD Enum Addr: 00:01:20:02:17: 02
01-01 00:16:39.624 I/btfm_slim_hw_init( 0): IFD Enum Addr: 00:00:20:02:17: 02
01-01 00:16:39.624 I/btfm_slim_hw_init( 0): chipset soc version:400a0200
01-01 00:16:39.624 I/btfm_slim_hw_init( 0): chipset is hastings 2.0, overwriting EA
01-01 00:16:39.624 I/btfm_slim_hw_init( 0): PGD Enum Addr: 00:01:20:02:17: 02
01-01 00:16:39.624 I/btfm_slim_hw_init( 0): IFD Enum Addr: 00:00:20:02:17: 02
01-01 00:16:39.624 I/btfm_slim_alloc_port( 0): chipset soc version:400a0200
01-01 00:16:39.638 I/btfm_slim_enable_ch( 0): chipset soc version:400a0200
01-01 00:16:39.638 I/btfm_slim_enable_ch( 0): channel define - prot:2, dataf:0, auxf:0
01-01 00:16:39.638 I/btfm_slim_enable_ch( 0): channel define - rates:44100, baser:2, ratem:4
01-01 00:16:39.640 I/btfm_slim_enable_ch( 0): slim_connect_sink(port: 16, ch: 157)
01-01 00:16:39.640 I/btfm_slim_enable_ch( 0): port: 16, ch: 157, grp: 0, ch->grph: 0x0, ch_hdl: 0x1d
01-01 00:16:39.641 I/__afe_port_start( 0): port id: 0x400e
01-01 00:16:39.641 I/afe_find_cal_topo_id_by_port( 0): port id: 0x400e, dev_acdb_id: 20
01-01 00:16:39.641 I/afe_find_cal_topo_id_by_port( 0): top_id:112fc acdb_id:20 afe_port_id:0x400e
01-01 00:16:39.641 I/afe_get_cal_topology_id( 0): port_id = 0x400e acdb_id = 20 topology_id = 0x112fc cal_type_index=8 ret=0
01-01 00:16:39.642 I/afe_send_port_topology_id( 0): AFE set topology id 0x112fc enable for port 0x400e ret 0
01-01 00:16:39.642 I/send_afe_cal_type( 0): cal_index is 0
01-01 00:16:39.642 I/send_afe_cal_type( 0): dev_acdb_id[119] is 20
01-01 00:16:39.642 I/afe_find_cal( 0): cal_index 0 port_id 0x400e port_index 119
01-01 00:16:39.642 I/afe_find_cal( 0): acdb_id 20 dev_acdb_id 20 sample_rate 48000 afe_sample_rates 44100
01-01 00:16:39.642 I/afe_find_cal( 0): no matching cal_block found
01-01 00:16:39.642 E/ ( 0): send_afe_cal_type cal_block not found!!
01-01 00:16:39.648 I/afe_send_hw_delay( 0): port_id 0x400e rate 44100 delay_usec 0 status 0
08-18 16:55:39.967 D/PackageManager( 1152): Instant App installer not found with android.intent.action.INSTALL_INSTANT_APP_PACKAGE
08-18 16:55:39.967 D/PackageManager( 1152): Clear ephemeral installer activity
08-18 16:55:40.013 D/AutofillUI( 1152): destroySaveUiUiThread(): already destroyed
08-18 16:55:40.013 D/AutofillManagerServiceImpl( 1152): Reset component for user 0:
01-01 00:16:39.806 I/[schedu][0x969bd5aa][16:55:40.043720] wlan( 0): [2797:I:OSIF] scan start scan id 40968
08-18 16:55:40.070 D/PackageManager( 1152): Instant App installer not found with android.intent.action.INSTALL_INSTANT_APP_PACKAGE
08-18 16:55:40.070 D/PackageManager( 1152): Clear ephemeral installer activity
08-18 16:55:40.152 I/DropBoxManagerService( 1152): add tag=system_app_strictmode isTagEnabled=true flags=0x2
08-18 16:55:40.158 I/DropBoxManagerService( 1152): add tag=system_app_strictmode isTagEnabled=true flags=0x2
08-18 16:55:40.161 I/DropBoxManagerService( 1152): add tag=system_app_strictmode isTagEnabled=true flags=0x2
08-18 16:55:40.172 I/DropBoxManagerService( 1152): add tag=system_app_strictmode isTagEnabled=true flags=0x2
08-18 16:55:40.179 I/DropBoxManagerService( 1152): add tag=system_app_strictmode isTagEnabled=true flags=0x2
08-18 16:55:40.188 I/DropBoxManagerService( 1152): add tag=system_app_strictmode isTagEnabled=true flags=0x2
08-18 16:55:40.189 I/DropBoxManagerService( 1152): add tag=system_app_strictmode isTagEnabled=true flags=0x2
08-18 16:55:40.190 I/DropBoxManagerService( 1152): add tag=system_app_strictmode isTagEnabled=true flags=0x2
08-18 16:55:40.192 I/DropBoxManagerService( 1152): add tag=system_app_strictmode isTagEnabled=true flags=0x2
08-18 16:55:40.193 I/DropBoxManagerService( 1152): add tag=system_app_strictmode isTagEnabled=true flags=0x2
08-18 16:55:40.194 I/DropBoxManagerService( 1152): add tag=system_app_strictmode isTagEnabled=true flags=0x2
08-18 16:55:40.204 I/DropBoxManagerService( 1152): add tag=system_app_strictmode isTagEnabled=true flags=0x2
08-18 16:55:40.206 I/DropBoxManagerService( 1152): add tag=system_app_strictmode isTagEnabled=true flags=0x2
08-18 16:55:40.208 I/DropBoxManagerService( 1152): add tag=system_app_strictmode isTagEnabled=true flags=0x2
08-18 16:55:40.210 I/DropBoxManagerService( 1152): add tag=system_app_strictmode isTagEnabled=true flags=0x2
08-18 16:55:40.219 I/DropBoxManagerService( 1152): add tag=system_app_strictmode isTagEnabled=true flags=0x2
08-18 16:55:40.225 I/DropBoxManagerService( 1152): add tag=system_app_strictmode isTagEnabled=true flags=0x2
08-18 16:55:40.229 I/DropBoxManagerService( 1152): add tag=system_app_strictmode isTagEnabled=true flags=0x2
08-18 16:55:40.233 I/DropBoxManagerService( 1152): add tag=system_app_strictmode isTagEnabled=true flags=0x2
08-18 16:55:40.236 I/DropBoxManagerService( 1152): add tag=system_app_strictmode isTagEnabled=true flags=0x2
08-18 16:55:40.239 I/DropBoxManagerService( 1152): add tag=system_app_strictmode isTagEnabled=true flags=0x2
08-18 16:55:40.241 I/DropBoxManagerService( 1152): add tag=system_app_strictmode isTagEnabled=true flags=0x2
08-18 16:55:40.284 I/DropBoxManagerService( 1152): add tag=system_app_strictmode isTagEnabled=true flags=0x2
08-18 16:55:40.288 I/DropBoxManagerService( 1152): add tag=system_app_strictmode isTagEnabled=true flags=0x2
08-18 16:55:40.292 I/DropBoxManagerService( 1152): add tag=system_app_strictmode isTagEnabled=true flags=0x2
08-18 16:55:40.296 I/DropBoxManagerService( 1152): add tag=system_app_strictmode isTagEnabled=true flags=0x2
08-18 16:55:40.299 I/DropBoxManagerService( 1152): add tag=system_app_strictmode isTagEnabled=true flags=0x2
08-18 16:55:40.301 I/DropBoxManagerService( 1152): add tag=system_app_strictmode isTagEnabled=true flags=0x2
08-18 16:55:40.303 I/DropBoxManagerService( 1152): add tag=system_app_strictmode isTagEnabled=true flags=0x2
08-18 16:55:40.306 I/DropBoxManagerService( 1152): add tag=system_app_strictmode isTagEnabled=true flags=0x2
08-18 16:55:40.308 I/DropBoxManagerService( 1152): add tag=system_app_strictmode isTagEnabled=true flags=0x2
08-18 16:55:40.310 I/DropBoxManagerService( 1152): add tag=system_app_strictmode isTagEnabled=true flags=0x2
08-18 16:55:40.312 I/DropBoxManagerService( 1152): add tag=system_app_strictmode isTagEnabled=true flags=0x2
08-18 16:55:40.315 I/DropBoxManagerService( 1152): add tag=system_app_strictmode isTagEnabled=true flags=0x2
08-18 16:55:40.318 I/DropBoxManagerService( 1152): add tag=system_app_strictmode isTagEnabled=true flags=0x2
08-18 16:55:40.319 I/DropBoxManagerService( 1152): add tag=system_app_strictmode isTagEnabled=true flags=0x2
01-01 00:16:40.247 I/binder ( 0): 2704:2805 ioctl 40046210 7a7677d1f4 returned -22
01-01 00:16:40.266 D/ ( 0): mv2112_read_status
01-01 00:16:40.266 D/mv2112_update_link( 0): 3.0x901(1G): 0x4
01-01 00:16:40.266 D/mv2112_update_link( 0): 3.0x8109(100M): 0x8
01-01 00:16:40.266 D/mv2112_update_link( 0): link 0x4
01-01 00:16:40.266 D/mv2112_read_status( 0): autoneg is disabled
08-18 16:55:40.981 D/CompanionDeviceManagerService( 1152): onPackageModified(packageName = com.android.settings)
08-18 16:55:40.996 I/Telecom ( 1152): DefaultDialerCache: Refreshing default dialer for user 0: now null: DDC.oR@ADI
01-01 00:16:40.783 I/[schedu][0x97b9f90b][16:55:41.020404] wlan( 0): [2797:I:OSIF] vdev 0, scan id 40968 type COMPLETED(1) reason COMPLETED(1) scan found 51 bss
01-01 00:16:40.818 I/binder ( 0): 4359:4359 ioctl 40046210 7fc3126f74 returned -22
08-18 16:55:41.026 W/VoiceInteractionManager( 1152): no available voice recognition services found for user 0
01-01 00:16:41.283 I/init ( 0): starting service 'qvrd_vndr'...
01-01 00:16:41.287 I/init ( 0): Created socket '/dev/socket/qvrservice_vndr', mode 660, user 1000, group 1000
01-01 00:16:41.290 I/init ( 0): Created socket '/dev/socket/qvrservice_vndr_camera', mode 660, user 1000, group 1000
01-01 00:16:41.290 D/ ( 0): mv2112_read_status
01-01 00:16:41.290 D/mv2112_update_link( 0): 3.0x901(1G): 0x4
01-01 00:16:41.291 D/mv2112_update_link( 0): 3.0x8109(100M): 0x8
01-01 00:16:41.291 D/mv2112_update_link( 0): link 0x4
01-01 00:16:41.291 D/mv2112_read_status( 0): autoneg is disabled
01-01 00:16:41.327 I/init ( 0): starting service 'sxrd'...
01-01 00:16:41.344 I/init ( 0): starting service 'vendor.light-hal-2-0'...
08-18 16:55:41.602 F/linker ( 4364): CANNOT LINK EXECUTABLE "/vendor/bin/hw/sxrservice": library "vendor.qti.hardware.qxr-V1-ndk_platform.so" not found: needed by main executable
01-01 00:16:41.369 I/init ( 0): Service 'sxrd' (pid 4364) exited with status 1
08-18 16:55:41.609 F/linker ( 4363): CANNOT LINK EXECUTABLE "/vendor/bin/hw/qvrservice": library "vendor.qti.hardware.qxr-V1-ndk_platform.so" not found: needed by /vendor/lib64/libqvrservice.so in namespace (default)
01-01 00:16:41.369 I/init ( 0): Sending signal 9 to service 'sxrd' (pid 4364) process group...
01-01 00:16:41.369 I/libprocessgroup( 0): Successfully killed process cgroup uid 1000 pid 4364 in 0ms
01-01 00:16:41.373 I/init ( 0): Service 'qvrd_vndr' (pid 4363) exited with status 1
01-01 00:16:41.373 I/init ( 0): Sending signal 9 to service 'qvrd_vndr' (pid 4363) process group...
01-01 00:16:42.314 D/ ( 0): mv2112_read_status
01-01 00:16:42.314 D/mv2112_update_link( 0): 3.0x901(1G): 0x4
01-01 00:16:42.314 D/mv2112_update_link( 0): 3.0x8109(100M): 0x8
01-01 00:16:42.314 D/mv2112_update_link( 0): link 0x4
01-01 00:16:42.314 D/mv2112_read_status( 0): autoneg is disabled
08-18 16:55:42.789 E/TaskPersister( 1152): File error accessing recents directory (directory doesn't exist?).
01-01 00:16:43.338 D/ ( 0): mv2112_read_status
01-01 00:16:43.338 D/mv2112_update_link( 0): 3.0x901(1G): 0x4
01-01 00:16:43.339 D/mv2112_update_link( 0): 3.0x8109(100M): 0x8
01-01 00:16:43.339 D/mv2112_update_link( 0): link 0x4
01-01 00:16:43.339 D/mv2112_read_status( 0): autoneg is disabled
01-01 00:16:43.500 I/perf ( 0): interrupt took too long (2539 > 2500), lowering kernel.perf_event_max_sample_rate to 78750
01-01 00:16:44.362 D/ ( 0): mv2112_read_status
01-01 00:16:44.362 D/mv2112_update_link( 0): 3.0x901(1G): 0x4
01-01 00:16:44.362 D/mv2112_update_link( 0): 3.0x8109(100M): 0x8
01-01 00:16:44.362 D/mv2112_update_link( 0): link 0x4
01-01 00:16:44.362 D/mv2112_read_status( 0): autoneg is disabled
01-01 00:16:45.386 D/ ( 0): mv2112_read_status
01-01 00:16:45.386 D/mv2112_update_link( 0): 3.0x901(1G): 0x4
01-01 00:16:45.387 D/mv2112_update_link( 0): 3.0x8109(100M): 0x8
01-01 00:16:45.387 D/mv2112_update_link( 0): link 0x4
01-01 00:16:45.387 D/mv2112_read_status( 0): autoneg is disabled
08-18 16:55:46.499 W/ContextImpl( 1152): Calling a method in the system process without a qualified user: android.app.ContextImpl.sendBroadcastMultiplePermissions:1206 android.content.Context.sendBroadcastWithMultiplePermissions:2262 com.android.server.wifi.WifiServiceImpl.broadcastWifiCredentialChanged:4925 com.android.server.wifi.WifiServiceImpl.lambda$connect$106:4975 com.android.server.wifi.WifiServiceImpl.$r8$lambda$k_VbQ0XctrStvVsieclZczsvs-g:0
01-01 00:16:46.325 I/init ( 0): starting service 'qvrd_vndr'...
01-01 00:16:46.326 I/init ( 0): Created socket '/dev/socket/qvrservice_vndr', mode 660, user 1000, group 1000
01-01 00:16:46.327 I/init ( 0): Created socket '/dev/socket/qvrservice_vndr_camera', mode 660, user 1000, group 1000
01-01 00:16:46.346 I/init ( 0): starting service 'sxrd'...
01-01 00:16:46.363 I/[schedu][0x9e1ccc68][16:55:46.600610] wlan( 0): [2797:I:HIF] Deinitializing Runtime PM wakelock &vdev->vdev_set_key_runtime_wakelock
01-01 00:16:46.370 I/init ( 0): starting service 'vendor.light-hal-2-0'...
01-01 00:16:46.377 I/[schedu][0x9e20c71d][16:55:46.614194] wlan( 0): [2797:I:HIF] Initializing Runtime PM wakelock &vdev->vdev_set_key_runtime_wakelock
08-18 16:55:46.621 F/linker ( 4402): CANNOT LINK EXECUTABLE "/vendor/bin/hw/sxrservice": library "vendor.qti.hardware.qxr-V1-ndk_platform.so" not found: needed by main executable
01-01 00:16:46.386 I/init ( 0): Service 'sxrd' (pid 4402) exited with status 1
01-01 00:16:46.386 I/init ( 0): Sending signal 9 to service 'sxrd' (pid 4402) process group...
08-18 16:55:46.625 F/linker ( 4401): CANNOT LINK EXECUTABLE "/vendor/bin/hw/qvrservice": library "vendor.qti.hardware.qxr-V1-ndk_platform.so" not found: needed by /vendor/lib64/libqvrservice.so in namespace (default)
01-01 00:16:46.386 I/libprocessgroup( 0): Successfully killed process cgroup uid 1000 pid 4402 in 0ms
01-01 00:16:46.390 I/init ( 0): Service 'qvrd_vndr' (pid 4401) exited with status 1
01-01 00:16:46.390 I/init ( 0): Sending signal 9 to service 'qvrd_vndr' (pid 4401) process group...
01-01 00:16:46.409 D/ ( 0): mv2112_read_status
01-01 00:16:46.409 D/mv2112_update_link( 0): 3.0x901(1G): 0x4
01-01 00:16:46.409 D/mv2112_update_link( 0): 3.0x8109(100M): 0x8
01-01 00:16:46.409 D/mv2112_update_link( 0): link 0x4
01-01 00:16:46.409 D/mv2112_read_status( 0): autoneg is disabled
08-18 16:55:46.681 D/android.hardware.wifi@1.0-service( 951): Successfully SetMacAddress.
01-01 00:16:46.444 I/[wifi@1][0x9e3490e2][16:55:46.681735] wlan( 0): [951:I:DP] dp_vdev_attach_wifi3: wlan_cfg_ap_bridge_enabled 0
08-18 16:55:46.690 W/wificond( 1298): Scan is not started. Ignore abort request
01-01 00:16:46.464 E/[wifi@1][0x9e3a344a][16:55:46.700980] wlan( 0): [4318:E:wifipos] wifi_pos_process_app_reg_req: 608: Received App Req Req pid(-255851593), len(16)
01-01 00:16:46.480 I/[wifi@1][0x9e3ee0cd][16:55:46.716934] wlan( 0): [4318:I:wifipos] wifi_pos_get_ch_info: 461: num channels: 26
01-01 00:16:46.481 I/[wifi@1][0x9e3f2c4b][16:55:46.717940] wlan( 0): [4318:I:wifipos] wifi_pos_get_ch_info: 461: num channels: 26
08-18 16:55:46.718 I/DropBoxManagerService( 1152): add tag=system_server_strictmode isTagEnabled=true flags=0x2
01-01 00:16:46.497 I/[wpa_su][0x9e43f36b][16:55:46.734249] wlan( 0): [4322:I:SME] vdev-0: Connecting to “邹涛”的 iPhone 02:34:e7:ff:ad:86 rssi: -36 freq: 5745 akm 3 cipher: uc 6 mc 6, CC:
01-01 00:16:46.497 E/[wpa_su][0x9e43fab5][16:55:46.734346] wlan( 0): [4322:E:QDF] qdf_mem_malloc_debug: 1206: Cannot malloc 0 bytes @ csr_get_cfg_max_tx_power:14199
01-01 00:16:46.513 I/[schedu][0x9e48cb88][16:55:46.750783] wlan( 0): [2797:I:WMI] send_vdev_start_cmd_tlv: 1062: send_vdev_start_cmd_tlv: vdev_id 0 freq 5745 chanmode 18 ch_info: 0x12 is_dfs 0 beacon interval 100 dtim 0 center_chan 5775 center_freq2 0 reg_info_1: 0x180000 reg_info_2: 0x1800, req->max_txpow: 0x18 Tx SS 1, Rx SS 1, ldpc_rx: 0, cac 0, regd 4, HE ops: 0req->dis_hw_ack: 0
01-01 00:16:46.587 E/[wifico][0x9e5e7846][16:55:46.824769] wlan( 0): [1298:E:HDD] __wlan_hdd_cfg80211_scan: 572: Scan not allowed. scan_ebusy_cnt: 1 Session 0 Reason 1
08-18 16:55:46.840 E/wificond( 1298): NL80211_CMD_TRIGGER_SCAN failed: Device or resource busy
01-01 00:16:46.665 I/[soft_i][0x9e752363][16:55:46.902142] wlan( 0): [0:I:TXRX] HTT_T2H_MSG_TYPE_PEER_MAP msg for peer id 12 vdev id 0 n
01-01 00:16:46.665 E/[soft_i][0x9e7525d4][16:55:46.902174] wlan( 0): [0:E:DP] dp_peer_find_add_id: peer fffffff187a60000 ID 12 vid 0 mac 02:34:e7:ff:ad:86
01-01 00:16:46.678 I/[soft_i][0x9e790339][16:55:46.915366] wlan( 0): [0:I:DP] dp_peer_find_add_id: ref_cnt: 2
01-01 00:16:46.678 E/[soft_i][0x9e7903f1][16:55:46.915376] wlan( 0): [0:E:DP] dp_peer_map_ast: peer fffffff187a60000 ID 89 vid 0 mac 02:34:e7:ff:ad:86
01-01 00:16:46.821 I/[schedu][0x9ea2f8c7][16:55:47.058587] wlan( 0): [2797:I:PE] Auth TX: success
01-01 00:16:46.950 I/[schedu][0x9ec8bfdf][16:55:47.187536] wlan( 0): [2797:I:PE] Auth RX: vdev 0 sys role 3 lim_state 29 from 02:34:e7:ff:ad:86 rssi -36 auth_alg 3 seq 1897
01-01 00:16:46.950 I/[schedu][0x9ec8c8ae][16:55:47.187654] wlan( 0): [2797:I:PE] SAE Auth RX type 0 subtype 11 from 02:34:e7:ff:ad:86
01-01 00:16:46.972 E/[schedu][0x9ecf12c9][16:55:47.209122] wlan( 0): [2797:E:PE] lim_process_mlm_auth_cnf: 558: Auth Failure occurred
01-01 00:16:46.983 I/[schedu][0x9ed26f16][16:55:47.220591] wlan( 0): [2797:I:PE] Deauth TX: vdev 0 seq_num 2051 reason 1 waitForAck 0 to 02:34:e7:ff:ad:86 from ea:42:a8:1e:20:64
01-01 00:16:47.006 W/[schedu][0x9ed92d9a][16:55:47.243611] wlan( 0): [2797:W:SME] csr_roam_join_rsp_processor: 9876: SmeJoinReq failed with status_code= 0x00000201 [513] reason:1
01-01 00:16:47.007 W/[schedu][0x9ed952eb][16:55:47.244109] wlan( 0): [2797:W:HDD] hdd_get_rssi_snr_by_bssid: 17749: sme_get_rssi_snr_by_bssid failed
01-01 00:16:47.007 E/[schedu][0x9ed953c0][16:55:47.244120] wlan( 0): [2797:E:HDD] hdd_association_completion_handler: 3712: wlan0(vdevid-0): connection failed with 02:34:e7:ff:ad:86 result: 3 and Status: 7
01-01 00:16:47.026 W/[schedu][0x9ededc40][16:55:47.263006] wlan( 0): [2797:W:HDD] hdd_get_rssi_snr_by_bssid: 17749: sme_get_rssi_snr_by_bssid failed
01-01 00:16:47.026 E/[schedu][0x9ededd80][16:55:47.263023] wlan( 0): [2797:E:HDD] hdd_association_completion_handler: 3712: wlan0(vdevid-0): connection failed with 02:34:e7:ff:ad:86 result: 1 and Status: 9
