08-18 16:54:34.198 I/WatchlistLoggingHandler( 1152): No need to aggregate record yet.
01-01 00:15:33.973 E/msm_ext_disp_update_audio_ops( 0): Display not found (EXT_DISPLAY_TYPE_DP) ctld (0) stream (0)
08-18 16:54:34.198 I/WatchlistLoggingHandler( 1152): Milliseconds spent on tryAggregateRecords(): 0
08-18 16:54:34.201 D/SystemServerTiming( 1152): IorapForwardingService took to complete: 5ms
08-18 16:54:34.201 I/SystemServiceManager( 1152): Starting com.android.server.ActivityTriggerService
08-18 16:54:34.204 I/ActivityTriggerService( 1152): Starting ActivityTriggerService
01-01 00:15:33.996 E/msm_ext_disp_update_audio_ops( 0): Display not found (EXT_DISPLAY_TYPE_DP) ctld (0) stream (0)
08-18 16:54:34.236 D/PinnerService( 1152): pinRangeStream: null
08-18 16:54:34.238 D/PinnerService( 1152): pinRangeStream: null
08-18 16:54:34.239 D/PinnerService( 1152): pinRangeStream: null
08-18 16:54:34.239 I/SystemServerTiming( 1152): SignedConfigService
08-18 16:54:34.240 D/SystemServerTiming( 1152): SignedConfigService took to complete: 0ms
08-18 16:54:34.240 I/SystemServerTiming( 1152): AppIntegrityService
08-18 16:54:34.240 I/SystemServiceManager( 1152): Starting com.android.server.integrity.AppIntegrityManagerService
08-18 16:54:34.249 E/IntegrityFileManager( 1152): Error creating staging and rules directory
01-01 00:15:34.006 E/msm-ext-disp-audio-codec-rx soc( 0): qcom,msm-ext-disp:qcom,msm-ext-disp-audio-codec-rx: msm_ext_disp_audio_type_get: get_audio_edid_blk() or get_intf_id is NULL
08-18 16:54:34.258 D/SystemServerTiming( 1152): AppIntegrityService took to complete: 19ms
01-01 00:15:34.022 E/msm_ext_disp_update_audio_ops( 0): Display not found (EXT_DISPLAY_TYPE_DP) ctld (0) stream (0)
01-01 00:15:34.031 E/msm-ext-disp-audio-codec-rx soc( 0): qcom,msm-ext-disp:qcom,msm-ext-disp-audio-codec-rx: msm_ext_disp_audio_type_get: get_audio_edid_blk() or get_intf_id is NULL
01-01 00:15:34.032 E/msm_ext_disp_update_audio_ops( 0): Display not found (EXT_DISPLAY_TYPE_DP) ctld (0) stream (0)
08-18 16:54:34.307 I/WindowManager( 1152): SAFE MODE not enabled
08-18 16:54:34.308 I/SystemServerTiming( 1152): StartInputMethodManagerLifecycle
08-18 16:54:34.308 I/SystemServiceManager( 1152): Starting com.android.server.inputmethod.InputMethodManagerService$Lifecycle
01-01 00:15:34.057 E/msm-ext-disp-audio-codec-rx soc( 0): qcom,msm-ext-disp:qcom,msm-ext-disp-audio-codec-rx: msm_ext_disp_audio_type_get: get_audio_edid_blk() or get_intf_id is NULL
01-01 00:15:34.073 E/ ( 0): msm_pcm_volume_ctl_get substream not found
08-18 16:54:34.316 D/SystemServerTiming( 1152): StartInputMethodManagerLifecycle took to complete: 9ms
08-18 16:54:34.316 I/SystemServerTiming( 1152): StartAccessibilityManagerService
08-18 16:54:34.316 I/SystemServiceManager( 1152): Starting com.android.server.accessibility.AccessibilityManagerService$Lifecycle
01-01 00:15:34.079 E/msm-ext-disp-audio-codec-rx soc( 0): qcom,msm-ext-disp:qcom,msm-ext-disp-audio-codec-rx: msm_ext_disp_audio_device_get: invalid dai id: 4
08-18 16:54:34.336 D/SystemServerTiming( 1152): StartAccessibilityManagerService took to complete: 20ms
08-18 16:54:34.336 I/SystemServerTiming( 1152): MakeDisplayReady
08-18 16:54:34.344 I/ActivityTaskManager( 1152): Config changes=20005df8 {1.0 ?mcc?mnc [zh_CN] ldltr sw680dp w1586dp h608dp 240dpi lrg long land ?uimode ?night -touch -keyb/v/h -nav/h winConfig={ mBounds=Rect(0, 0 - 2380, 1020) mAppBounds=Rect(0, 0 - 2380, 948) mMaxBounds=Rect(0, 0 - 2380, 1020) mWindowingMode=fullscreen mDisplayWindowingMode=fullscreen mActivityType=undefined mAlwaysOnTop=undefined mRotation=ROTATION_0} s.2 ?fontWeightAdjustment}
08-18 16:54:34.346 I/WindowManager( 1152): Override config changes=60007dfc {1.0 ?mcc?mnc [zh_CN] ldltr sw680dp w1586dp h608dp 240dpi lrg long land ?uimode ?night -touch -keyb/v/h -nav/h winConfig={ mBounds=Rect(0, 0 - 2380, 1020) mAppBounds=Rect(0, 0 - 2380, 948) mMaxBounds=Rect(0, 0 - 2380, 1020) mWindowingMode=fullscreen mDisplayWindowingMode=fullscreen mActivityType=undefined mAlwaysOnTop=undefined mRotation=ROTATION_0} s.2 ?fontWeightAdjustment} for displayId=0
08-18 16:54:34.358 I/ActivityTaskManager( 1152): Config changes=8 {1.0 ?mcc?mnc [zh_CN] ldltr sw680dp w1586dp h608dp 240dpi lrg long land ?uimode ?night finger -keyb/v/h -nav/h winConfig={ mBounds=Rect(0, 0 - 2380, 1020) mAppBounds=Rect(0, 0 - 2380, 948) mMaxBounds=Rect(0, 0 - 2380, 1020) mWindowingMode=fullscreen mDisplayWindowingMode=fullscreen mActivityType=undefined mAlwaysOnTop=undefined mRotation=ROTATION_0} s.4 ?fontWeightAdjustment}
08-18 16:54:34.360 I/WindowManager( 1152): Override config changes=8 {1.0 ?mcc?mnc [zh_CN] ldltr sw680dp w1586dp h608dp 240dpi lrg long land ?uimode ?night finger -keyb/v/h -nav/h winConfig={ mBounds=Rect(0, 0 - 2380, 1020) mAppBounds=Rect(0, 0 - 2380, 948) mMaxBounds=Rect(0, 0 - 2380, 1020) mWindowingMode=fullscreen mDisplayWindowingMode=fullscreen mActivityType=undefined mAlwaysOnTop=undefined mRotation=ROTATION_0} s.4 ?fontWeightAdjustment} for displayId=0
08-18 16:54:34.364 D/SystemServerTiming( 1152): MakeDisplayReady took to complete: 27ms
08-18 16:54:34.364 I/SystemServerTiming( 1152): StartStorageManagerService
08-18 16:54:34.364 I/SystemServiceManager( 1152): Starting com.android.server.StorageManagerService$Lifecycle
01-01 00:15:34.150 I/qcom_rpmh DRV( 0): apps_rsc TCS Busy, retrying RPMH message send: addr=0x30080
08-18 16:54:34.402 D/PinnerService( 1152): pinRangeStream: null
01-01 00:15:34.157 E/ ( 0): [MAX975X:max96755x_drm_notifier_callback] *ERROR* receives EARLY_BLANK:UNBLANK
01-01 00:15:34.167 I/[drm:dsi_display_set_mode] [msm-dsi-info]( 0): mdp_transfer_time_us=0 us
01-01 00:15:34.167 I/[drm:dsi_display_set_mode] [msm-dsi-info]( 0): hactive= 2380,vactive= 1020,fps=60
01-01 00:15:34.169 I/[drm:dsi_ctrl_isr_configure] [msm-dsi-info]( 0): dsi-ctrl-0: IRQ 457 registered
08-18 16:54:34.415 D/StorageManagerService( 1152): Thinking about init, mBootCompleted=false, mDaemonConnected=true
08-18 16:54:34.415 D/SystemServerTiming( 1152): StartStorageManagerService took to complete: 46ms
08-18 16:54:34.415 D/StorageManagerService( 1152): Thinking about reset, mBootCompleted=false, mDaemonConnected=true
08-18 16:54:34.415 I/SystemServerTiming( 1152): StartStorageStatsService
08-18 16:54:34.416 D/StorageManagerService( 1152): Thinking about init, mBootCompleted=false, mDaemonConnected=true
08-18 16:54:34.416 I/SystemServiceManager( 1152): Starting com.android.server.usage.StorageStatsService$Lifecycle
08-18 16:54:34.416 D/StorageManagerService( 1152): Thinking about reset, mBootCompleted=false, mDaemonConnected=true
08-18 16:54:34.416 D/PinnerService( 1152): pinRangeStream: null
01-01 00:15:34.179 E/ ( 0): msm_pcm_volume_ctl_get substream not found
08-18 16:54:34.424 D/PinnerService( 1152): pinRangeStream: null
08-18 16:54:34.448 D/SystemServerTiming( 1152): StartStorageStatsService took to complete: 33ms
08-18 16:54:34.449 I/SystemServerTiming( 1152): StartUiModeManager
08-18 16:54:34.449 I/SystemServiceManager( 1152): Starting com.android.server.UiModeManagerService
08-18 16:54:34.463 I/SystemServerTimingAsync( 1152): InitThreadPoolExec:UiModeManager.onStart
08-18 16:54:34.463 D/SystemServerInitThreadPool( 1152): Started executing UiModeManager.onStart
08-18 16:54:34.470 D/SystemServerTiming( 1152): StartUiModeManager took to complete: 21ms
08-18 16:54:34.470 I/SystemServerTiming( 1152): UpdatePackagesIfNeeded
08-18 16:54:34.470 I/Watchdog( 1152): Pausing HandlerChecker: main thread for reason: dexopt. Pause count: 1
08-18 16:54:34.471 I/Watchdog( 1152): Resuming HandlerChecker: main thread for reason: dexopt. Pause count: 0
08-18 16:54:34.471 D/SystemServerTiming( 1152): UpdatePackagesIfNeeded took to complete: 0ms
08-18 16:54:34.471 I/SystemServerTiming( 1152): PerformFstrimIfNeeded
08-18 16:54:34.486 D/SystemServerInitThreadPool( 1152): Finished executing UiModeManager.onStart
08-18 16:54:34.486 D/SystemServerTimingAsync( 1152): InitThreadPoolExec:UiModeManager.onStart took to complete: 23ms
08-18 16:54:34.489 D/SystemServerTiming( 1152): PerformFstrimIfNeeded took to complete: 18ms
08-18 16:54:34.489 I/SystemServerTiming( 1152): StartLockSettingsService
08-18 16:54:34.489 I/SystemServiceManager( 1152): Starting com.android.server.locksettings.LockSettingsService$Lifecycle
08-18 16:54:34.498 D/PinnerService( 1152): pinRangeStream: null
01-01 00:15:34.254 E/ ( 0): [MAX975X:max96755x_drm_notifier_callback] *ERROR* receives BLANK:UNBLANK
08-18 16:54:34.512 W/iorapd ( 1236): Readahead disabled by system property
08-18 16:54:34.517 W/iorapd ( 1236): Reconnect to package manager service: 1 times
08-18 16:54:34.565 D/iorap.prefetcherd( 1690): Installing minijail
08-18 16:54:34.566 W/SystemServiceManager( 1152): Service com.android.server.locksettings.LockSettingsService$Lifecycle took 77 ms in onStart
08-18 16:54:34.567 W/iorap.prefetcherd( 1690): No seccomp filter defined for this architecture.
08-18 16:54:34.579 D/SystemServerTiming( 1152): StartLockSettingsService took to complete: 91ms
08-18 16:54:34.579 I/SystemServerTiming( 1152): StartPersistentDataBlock
08-18 16:54:34.579 I/SystemServiceManager( 1152): Starting com.android.server.PersistentDataBlockService
08-18 16:54:34.584 D/SystemServerTiming( 1152): StartPersistentDataBlock took to complete: 4ms
08-18 16:54:34.584 I/SystemServerTiming( 1152): StartTestHarnessMode
08-18 16:54:34.584 I/SystemServiceManager( 1152): Starting com.android.server.testharness.TestHarnessModeService
08-18 16:54:34.585 D/SystemServerTiming( 1152): StartTestHarnessMode took to complete: 0ms
08-18 16:54:34.585 I/SystemServerTiming( 1152): StartOemLockService
08-18 16:54:34.585 I/SystemServiceManager( 1152): Starting com.android.server.oemlock.OemLockService
08-18 16:54:34.586 I/SystemServerTimingAsync( 1152): InitThreadPoolExec:PersistentDataBlockService.onStart
08-18 16:54:34.586 D/SystemServerInitThreadPool( 1152): Started executing PersistentDataBlockService.onStart
08-18 16:54:34.586 I/OemLock ( 1152): OemLock HAL not present on device
08-18 16:54:34.586 I/OemLock ( 1152): Using persistent data block based lock
08-18 16:54:34.590 D/PinnerService( 1152): pinRangeStream: null
08-18 16:54:34.592 D/PinnerService( 1152): pinRangeStream: null
08-18 16:54:34.593 E/PersistentDataBlockService( 1152): not able to find package com.google.android.gms
08-18 16:54:34.593 E/PersistentDataBlockService( 1152): android.content.pm.PackageManager$NameNotFoundException: com.google.android.gms
08-18 16:54:34.593 E/PersistentDataBlockService( 1152): at android.app.ApplicationPackageManager.getPackageUidAsUser(ApplicationPackageManager.java:364)
08-18 16:54:34.593 E/PersistentDataBlockService( 1152): at com.android.server.PersistentDataBlockService.getAllowedUid(PersistentDataBlockService.java:162)
08-18 16:54:34.593 E/PersistentDataBlockService( 1152): at com.android.server.PersistentDataBlockService.lambda$onStart$0$PersistentDataBlockService(PersistentDataBlockService.java:176)
08-18 16:54:34.593 E/PersistentDataBlockService( 1152): at com.android.server.PersistentDataBlockService$$ExternalSyntheticLambda0.run(Unknown Source:2)
08-18 16:54:34.593 E/PersistentDataBlockService( 1152): at com.android.server.SystemServerInitThreadPool.lambda$submitTask$0$SystemServerInitThreadPool(SystemServerInitThreadPool.java:105)
08-18 16:54:34.593 E/PersistentDataBlockService( 1152): at com.android.server.SystemServerInitThreadPool$$ExternalSyntheticLambda0.run(Unknown Source:6)
08-18 16:54:34.593 E/PersistentDataBlockService( 1152): at java.util.concurrent.Executors$RunnableAdapter.call(Executors.java:462)
08-18 16:54:34.593 E/PersistentDataBlockService( 1152): at java.util.concurrent.FutureTask.run(FutureTask.java:266)
08-18 16:54:34.593 E/PersistentDataBlockService( 1152): at java.util.concurrent.ThreadPoolExecutor.runWorker(ThreadPoolExecutor.java:1167)
08-18 16:54:34.593 E/PersistentDataBlockService( 1152): at java.util.concurrent.ThreadPoolExecutor$Worker.run(ThreadPoolExecutor.java:641)
08-18 16:54:34.593 E/PersistentDataBlockService( 1152): at com.android.internal.util.ConcurrentUtils$1$1.run(ConcurrentUtils.java:65)
08-18 16:54:34.595 D/SystemServerTiming( 1152): StartOemLockService took to complete: 9ms
08-18 16:54:34.595 I/SystemServerTiming( 1152): StartDeviceIdleController
08-18 16:54:34.595 I/SystemServiceManager( 1152): Starting com.android.server.DeviceIdleController
08-18 16:54:34.597 D/SystemServerTiming( 1152): StartDeviceIdleController took to complete: 3ms
08-18 16:54:34.597 I/SystemServerTiming( 1152): StartDevicePolicyManager
08-18 16:54:34.598 I/SystemServiceManager( 1152): Starting com.android.server.devicepolicy.DevicePolicyManagerService$Lifecycle
08-18 16:54:34.601 D/SystemServerTiming( 1152): StartDevicePolicyManager took to complete: 4ms
08-18 16:54:34.601 I/SystemServerTiming( 1152): StartStatusBarManagerService
08-18 16:54:34.604 D/SystemServerTiming( 1152): StartStatusBarManagerService took to complete: 2ms
08-18 16:54:34.604 D/SystemServer( 1152): MusicRecognitionManagerService not defined by OEM or disabled by flag
08-18 16:54:34.604 D/SystemServer( 1152): ContentCaptureService disabled because resource is not overlaid
08-18 16:54:34.604 D/SystemServer( 1152): AttentionService is not configured on this device
08-18 16:54:34.604 D/SystemServer( 1152): RotationResolverService is not configured on this device
08-18 16:54:34.604 D/SystemServer( 1152): SystemCaptionsManagerService disabled because resource is not overlaid
08-18 16:54:34.604 I/SystemServerTiming( 1152): StartTextToSpeechManagerService
08-18 16:54:34.604 I/SystemServiceManager( 1152): Starting com.android.server.texttospeech.TextToSpeechManagerService
08-18 16:54:34.607 D/SystemServerTiming( 1152): StartTextToSpeechManagerService took to complete: 3ms
08-18 16:54:34.607 I/SystemServerTiming( 1152): StartSpeechRecognitionManagerService
08-18 16:54:34.610 I/SystemServiceManager( 1152): Starting com.android.server.speech.SpeechRecognitionManagerService
08-18 16:54:34.611 D/SystemServerTiming( 1152): StartSpeechRecognitionManagerService took to complete: 4ms
08-18 16:54:34.612 D/SystemServer( 1152): AppPredictionService not defined by OEM
08-18 16:54:34.612 D/SystemServer( 1152): ContentSuggestionsService not defined by OEM
08-18 16:54:34.612 I/SystemServerTiming( 1152): StartSearchUiService
08-18 16:54:34.612 I/SystemServiceManager( 1152): Starting com.android.server.searchui.SearchUiManagerService
08-18 16:54:34.615 D/SystemServerTiming( 1152): StartSearchUiService took to complete: 3ms
08-18 16:54:34.615 I/SystemServerTiming( 1152): StartSmartspaceService
08-18 16:54:34.615 I/SystemServiceManager( 1152): Starting com.android.server.smartspace.SmartspaceManagerService
08-18 16:54:34.616 D/SystemServerTiming( 1152): StartSmartspaceService took to complete: 2ms
08-18 16:54:34.616 I/SystemServerTiming( 1152): InitConnectivityModuleConnector
08-18 16:54:34.616 D/ConnectivityModuleConnector( 1152): Network stack init
08-18 16:54:34.617 D/SystemServerTiming( 1152): InitConnectivityModuleConnector took to complete: 0ms
08-18 16:54:34.617 I/SystemServerTiming( 1152): InitNetworkStackClient
08-18 16:54:34.617 D/SystemServerTiming( 1152): InitNetworkStackClient took to complete: 1ms
08-18 16:54:34.617 I/SystemServerTiming( 1152): StartNetworkManagementService
08-18 16:54:34.631 D/SystemServerInitThreadPool( 1152): Finished executing PersistentDataBlockService.onStart
08-18 16:54:34.631 D/SystemServerTimingAsync( 1152): InitThreadPoolExec:PersistentDataBlockService.onStart took to complete: 45ms
08-18 16:54:34.638 D/PinnerService( 1152): pinRangeStream: null
08-18 16:54:34.639 D/PinnerService( 1152): pinRangeStream: null
08-18 16:54:34.639 E/PinnerService( 1152): Could not pin file /system/lib64/libsurfaceflinger.so
08-18 16:54:34.639 E/PinnerService( 1152): android.system.ErrnoException: open failed: ENOENT (No such file or directory)
08-18 16:54:34.639 E/PinnerService( 1152): at libcore.io.Linux.open(Native Method)
08-18 16:54:34.639 E/PinnerService( 1152): at libcore.io.ForwardingOs.open(ForwardingOs.java:567)
08-18 16:54:34.639 E/PinnerService( 1152): at libcore.io.BlockGuardOs.open(BlockGuardOs.java:273)
08-18 16:54:34.639 E/PinnerService( 1152): at android.system.Os.open(Os.java:501)
08-18 16:54:34.639 E/PinnerService( 1152): at com.android.server.PinnerService.pinFileRanges(PinnerService.java:939)
08-18 16:54:34.639 E/PinnerService( 1152): at com.android.server.PinnerService.pinFile(PinnerService.java:814)
08-18 16:54:34.639 E/PinnerService( 1152): at com.android.server.PinnerService.handlePinOnStart(PinnerService.java:273)
08-18 16:54:34.639 E/PinnerService( 1152): at com.android.server.PinnerService.access$1600(PinnerService.java:91)
08-18 16:54:34.639 E/PinnerService( 1152): at com.android.server.PinnerService$PinnerHandler.handleMessage(PinnerService.java:1183)
08-18 16:54:34.639 E/PinnerService( 1152): at android.os.Handler.dispatchMessage(Handler.java:106)
08-18 16:54:34.639 E/PinnerService( 1152): at android.os.Looper.loopOnce(Looper.java:201)
08-18 16:54:34.639 E/PinnerService( 1152): at android.os.Looper.loop(Looper.java:288)
08-18 16:54:34.639 E/PinnerService( 1152): at android.os.HandlerThread.run(HandlerThread.java:67)
08-18 16:54:34.640 E/PinnerService( 1152): Failed to pin file = /system/lib64/libsurfaceflinger.so
08-18 16:54:34.640 D/SystemServerTiming( 1152): StartNetworkManagementService took to complete: 22ms
08-18 16:54:34.640 I/SystemServerTiming( 1152): StartIpSecService
08-18 16:54:34.643 D/SystemServerTiming( 1152): StartIpSecService took to complete: 3ms
08-18 16:54:34.643 I/SystemServerTiming( 1152): StartFontManagerService
08-18 16:54:34.787 D/SystemServerTiming( 1152): StartFontManagerService took to complete: 144ms
08-18 16:54:34.787 I/SystemServerTiming( 1152): StartTextServicesManager
08-18 16:54:34.788 I/SystemServiceManager( 1152): Starting com.android.server.textservices.TextServicesManagerService$Lifecycle
08-18 16:54:34.788 D/SystemServerTiming( 1152): StartTextServicesManager took to complete: 1ms
08-18 16:54:34.789 I/SystemServerTiming( 1152): StartTextClassificationManagerService
08-18 16:54:34.789 I/SystemServiceManager( 1152): Starting com.android.server.textclassifier.TextClassificationManagerService$Lifecycle
08-18 16:54:34.794 D/SystemServerTiming( 1152): StartTextClassificationManagerService took to complete: 6ms
08-18 16:54:34.795 I/SystemServerTiming( 1152): StartNetworkScoreService
08-18 16:54:34.795 I/SystemServiceManager( 1152): Starting com.android.server.NetworkScoreService$Lifecycle
08-18 16:54:34.796 D/SystemServerTiming( 1152): StartNetworkScoreService took to complete: 1ms
08-18 16:54:34.796 I/SystemServerTiming( 1152): StartNetworkStatsService
08-18 16:54:34.799 D/SystemServerTiming( 1152): StartNetworkStatsService took to complete: 3ms
08-18 16:54:34.799 I/SystemServerTiming( 1152): StartNetworkPolicyManagerService
08-18 16:54:34.803 D/SystemServerTiming( 1152): StartNetworkPolicyManagerService took to complete: 4ms
08-18 16:54:34.803 I/SystemServerTiming( 1152): StartWifi
08-18 16:54:34.855 I/SystemServiceManager( 1152): Starting com.android.server.wifi.WifiService
08-18 16:54:34.867 D/ZygoteInitTiming_lazy( 684): PreloadClasses took to complete: 1014ms
08-18 16:54:34.884 D/ZygoteInitTiming_lazy( 684): CacheNonBootClasspathClassLoaders took to complete: 17ms
08-18 16:54:34.903 D/ZygoteInitTiming_lazy( 684): PreloadResources took to complete: 20ms
08-18 16:54:34.919 I/wificond( 1298): New wificond event callback registered
08-18 16:54:34.921 V/HistoricalRegistry( 1152): Interaction before persistence initialized
08-18 16:54:34.924 D/SystemServerTiming( 1152): StartWifi took to complete: 121ms
08-18 16:54:34.924 I/SystemServerTiming( 1152): StartWifiScanning
08-18 16:54:34.925 I/SystemServiceManager( 1152): Starting com.android.server.wifi.scanner.WifiScanningService
08-18 16:54:34.929 D/SystemServerTiming( 1152): StartWifiScanning took to complete: 5ms
08-18 16:54:34.929 I/SystemServerTiming( 1152): StartRttService
08-18 16:54:34.930 I/SystemServiceManager( 1152): Starting com.android.server.wifi.rtt.RttService
08-18 16:54:34.931 D/SystemServerTiming( 1152): StartRttService took to complete: 1ms
08-18 16:54:34.931 I/SystemServerTiming( 1152): StartWifiAware
08-18 16:54:34.931 I/SystemServiceManager( 1152): Starting com.android.server.wifi.aware.WifiAwareService
08-18 16:54:34.932 D/SystemServerTiming( 1152): StartWifiAware took to complete: 1ms
08-18 16:54:34.932 I/SystemServerTiming( 1152): StartWifiP2P
08-18 16:54:34.932 I/SystemServiceManager( 1152): Starting com.android.server.wifi.p2p.WifiP2pService
08-18 16:54:34.938 D/SystemServerTiming( 1152): StartWifiP2P took to complete: 7ms
08-18 16:54:34.938 I/SystemServerTiming( 1152): StartEthernet
08-18 16:54:34.954 I/SystemServiceManager( 1152): Starting com.android.server.ethernet.EthernetService
08-18 16:54:34.959 D/SystemServerTiming( 1152): StartEthernet took to complete: 20ms
08-18 16:54:34.959 I/SystemServerTiming( 1152): StartPacProxyService
08-18 16:54:34.961 D/SystemServerTiming( 1152): StartPacProxyService took to complete: 3ms
08-18 16:54:34.962 I/SystemServerTiming( 1152): StartConnectivityService
08-18 16:54:34.975 I/SystemServiceManager( 1152): Starting com.android.server.ConnectivityServiceInitializer
08-18 16:54:34.997 D/CompatibilityChangeReporter( 1152): Compat change id reported: 182478738; UID 1000; state: ENABLED
08-18 16:54:35.001 D/SystemServerTiming( 1152): StartConnectivityService took to complete: 39ms
08-18 16:54:35.001 I/SystemServerTiming( 1152): StartVpnManagerService
08-18 16:54:35.006 D/SystemServerTiming( 1152): StartVpnManagerService took to complete: 5ms
08-18 16:54:35.006 I/SystemServerTiming( 1152): StartVcnManagementService
08-18 16:54:35.009 D/SystemServerTiming( 1152): StartVcnManagementService took to complete: 2ms
08-18 16:54:35.009 I/SystemServerTiming( 1152): StartNsdService
08-18 16:54:35.010 D/NsdService( 1152): Network service discovery is enabled
08-18 16:54:35.014 D/SystemServerTiming( 1152): StartNsdService took to complete: 4ms
08-18 16:54:35.014 I/SystemServerTiming( 1152): StartSystemUpdateManagerService
08-18 16:54:35.014 I/SystemUpdateManagerService( 1152): No existing info file /data/system/system-update-info.xml
08-18 16:54:35.015 D/SystemServerTiming( 1152): StartSystemUpdateManagerService took to complete: 1ms
08-18 16:54:35.015 I/SystemServerTiming( 1152): StartUpdateLockService
08-18 16:54:35.016 D/SystemServerTiming( 1152): StartUpdateLockService took to complete: 0ms
08-18 16:54:35.016 I/SystemServerTiming( 1152): StartNotificationManager
08-18 16:54:35.016 I/SystemServiceManager( 1152): Starting com.android.server.notification.NotificationManagerService
08-18 16:54:35.021 D/ConditionProviders.SCP( 1152): new ScheduleConditionProvider()
08-18 16:54:35.028 I/NotificationAssistants( 1152): Read notification assistant permissions from xml
08-18 16:54:35.028 I/ConditionProviders( 1152): Read condition provider permissions from xml
08-18 16:54:35.028 I/ConditionProviders( 1152): Read condition provider permissions from xml
08-18 16:54:35.028 D/NotificationAssistants( 1152): Approving default notification assistant for user 0
08-18 16:54:35.028 I/ConditionProviders( 1152): Allowing condition provider android.ext.services/android.ext.services.notification.Assistant (userSet: true)
08-18 16:54:35.031 D/CompatibilityChangeReporter( 1152): Compat change id reported: 157233955; UID 1000; state: ENABLED
08-18 16:54:35.038 D/SystemServerTiming( 1152): StartNotificationManager took to complete: 22ms
08-18 16:54:35.038 I/SystemServerTiming( 1152): StartDeviceMonitor
08-18 16:54:35.038 I/SystemServiceManager( 1152): Starting com.android.server.storage.DeviceStorageMonitorService
08-18 16:54:35.051 D/SystemServerTiming( 1152): StartDeviceMonitor took to complete: 13ms
08-18 16:54:35.051 I/SystemServerTiming( 1152): StartLocationManagerService
08-18 16:54:35.051 I/SystemServiceManager( 1152): Starting com.android.server.location.LocationManagerService$Lifecycle
08-18 16:54:35.056 D/SystemServerTiming( 1152): StartLocationManagerService took to complete: 6ms
08-18 16:54:35.056 I/SystemServerTiming( 1152): StartCountryDetectorService
08-18 16:54:35.057 D/SystemServerTiming( 1152): StartCountryDetectorService took to complete: 1ms
08-18 16:54:35.057 I/SystemServerTiming( 1152): StartTimeDetectorService
08-18 16:54:35.057 I/SystemServiceManager( 1152): Starting com.android.server.timedetector.TimeDetectorService$Lifecycle
08-18 16:54:35.058 D/SystemServerTiming( 1152): StartTimeDetectorService took to complete: 1ms
08-18 16:54:35.058 I/SystemServerTiming( 1152): StartTimeZoneDetectorService
08-18 16:54:35.059 I/SystemServiceManager( 1152): Starting com.android.server.timezonedetector.TimeZoneDetectorService$Lifecycle
08-18 16:54:35.061 D/SystemServerTiming( 1152): StartTimeZoneDetectorService took to complete: 2ms
08-18 16:54:35.061 I/SystemServerTiming( 1152): StartLocationTimeZoneManagerService
08-18 16:54:35.061 I/SystemServiceManager( 1152): Starting com.android.server.timezonedetector.location.LocationTimeZoneManagerService$Lifecycle
08-18 16:54:35.062 D/SystemServerTiming( 1152): StartLocationTimeZoneManagerService took to complete: 0ms
08-18 16:54:35.062 I/SystemServerTiming( 1152): StartSearchManagerService
08-18 16:54:35.062 I/SystemServiceManager( 1152): Starting com.android.server.search.SearchManagerService$Lifecycle
08-18 16:54:35.063 D/SystemServerTiming( 1152): StartSearchManagerService took to complete: 1ms
08-18 16:54:35.063 I/SystemServerTiming( 1152): StartWallpaperManagerService
08-18 16:54:35.063 I/SystemServiceManager( 1152): Starting com.android.server.wallpaper.WallpaperManagerService$Lifecycle
08-18 16:54:35.064 D/SystemServerTiming( 1152): StartWallpaperManagerService took to complete: 1ms
08-18 16:54:35.064 I/SystemServerTiming( 1152): StartAudioService
08-18 16:54:35.064 I/SystemServiceManager( 1152): Starting com.android.server.audio.AudioService$Lifecycle
08-18 16:54:35.067 D/SystemServerTimingAsync( 1152): AppDataPrepare took to complete: 896ms
08-18 16:54:35.067 I/PackageManager( 1152): Deferred reconcileAppsData finished 152 packages
08-18 16:54:35.067 D/SystemServerInitThreadPool( 1152): Finished executing prepareAppData
08-18 16:54:35.067 D/SystemServerTimingAsync( 1152): InitThreadPoolExec:prepareAppData took to complete: 1942ms
08-18 16:54:35.118 D/SystemServerTimingAsync( 1152): SecondaryZygotePreload took to complete: 1391ms
08-18 16:54:35.118 D/SystemServerInitThreadPool( 1152): Finished executing SecondaryZygotePreload
08-18 16:54:35.118 D/SystemServerTimingAsync( 1152): InitThreadPoolExec:SecondaryZygotePreload took to complete: 1391ms
08-18 16:54:35.495 V/HistoricalRegistry( 1152): Interaction before persistence initialized
08-18 16:54:35.519 I/iorapd ( 1236): iorapd (the prefetchening) readied up
08-18 16:54:35.604 D/SystemServerTiming( 1152): StartAudioService took to complete: 540ms
08-18 16:54:35.604 I/SystemServerTiming( 1152): StartSoundTriggerMiddlewareService
08-18 16:54:35.604 I/SystemServiceManager( 1152): Starting com.android.server.soundtrigger_middleware.SoundTriggerMiddlewareService$Lifecycle
08-18 16:54:35.609 D/SystemServerTiming( 1152): StartSoundTriggerMiddlewareService took to complete: 4ms
08-18 16:54:35.609 I/SystemServerTiming( 1152): StartDockObserver
08-18 16:54:35.609 I/SystemServiceManager( 1152): Starting com.android.server.DockObserver
08-18 16:54:35.609 W/DockObserver( 1152): This kernel does not have dock station support
08-18 16:54:35.610 D/SystemServerTiming( 1152): StartDockObserver took to complete: 1ms
08-18 16:54:35.610 I/SystemServerTiming( 1152): StartWiredAccessoryManager
08-18 16:54:35.610 W/WiredAccessoryManager( 1152): This kernel does not have usb audio support
08-18 16:54:35.610 W/WiredAccessoryManager( 1152): This kernel does not have HDMI audio support
08-18 16:54:35.611 E/WiredAccessoryManager( 1152): file /sys/devices/platform/soc/soc:qcom,msm-ext-disp/extcon/extcon3/name not found
08-18 16:54:35.611 W/WiredAccessoryManager( 1152): Conn soc:qcom,msm-ext-disp/3/0 does not have DP audio support
08-18 16:54:35.611 E/WiredAccessoryManager( 1152): file /sys/devices/platform/soc/soc:qcom,msm-ext-disp/extcon/extcon2/name not found
08-18 16:54:35.611 W/WiredAccessoryManager( 1152): Conn soc:qcom,msm-ext-disp/2/0 does not have DP audio support
08-18 16:54:35.612 E/WiredAccessoryManager( 1152): set dev_index 1
08-18 16:54:35.613 W/WiredAccessoryManager( 1152): checkCableIndex set cable 0
08-18 16:54:35.613 E/WiredAccessoryManager( 1152): set dev_index 0
08-18 16:54:35.613 W/WiredAccessoryManager( 1152): checkCableIndex set cable 0
08-18 16:54:35.614 D/SystemServerTiming( 1152): StartWiredAccessoryManager took to complete: 4ms
08-18 16:54:35.614 I/SystemServerTiming( 1152): StartMidiManager
08-18 16:54:35.614 I/SystemServiceManager( 1152): Starting com.android.server.midi.MidiService$Lifecycle
08-18 16:54:35.614 D/SystemServerTiming( 1152): StartMidiManager took to complete: 1ms
08-18 16:54:35.615 I/SystemServerTiming( 1152): StartAdbService
08-18 16:54:35.615 I/SystemServiceManager( 1152): Starting com.android.server.adb.AdbService$Lifecycle
08-18 16:54:35.616 D/SystemServerTiming( 1152): StartAdbService took to complete: 1ms
08-18 16:54:35.616 I/SystemServerTiming( 1152): StartUsbService
08-18 16:54:35.616 I/SystemServiceManager( 1152): Starting com.android.server.usb.UsbService$Lifecycle
08-18 16:54:35.616 D/SystemServerTiming( 1152): StartUsbService took to complete: 1ms
08-18 16:54:35.616 I/SystemServerTimingAsync( 1152): InitThreadPoolExec:UsbService$Lifecycle#onStart
08-18 16:54:35.616 D/SystemServerInitThreadPool( 1152): Started executing UsbService$Lifecycle#onStart
08-18 16:54:35.616 I/SystemServerTiming( 1152): StartSerialService
08-18 16:54:35.617 D/SystemServerTiming( 1152): StartSerialService took to complete: 0ms
08-18 16:54:35.617 I/SystemServerTiming( 1152): StartHardwarePropertiesManagerService
08-18 16:54:35.617 E/UsbDeviceManager( 1152): failed to write to /sys/class/android_usb/android0/f_rndis/ethaddr
08-18 16:54:35.618 I/UsbDeviceManager( 1152): USB GADGET HAL not present in the device
08-18 16:54:35.618 I/UsbDeviceManager( 1152): java.util.NoSuchElementException
08-18 16:54:35.618 I/UsbDeviceManager( 1152): at android.os.HwBinder.getService(Native Method)
08-18 16:54:35.618 I/UsbDeviceManager( 1152): at android.hardware.usb.gadget.V1_0.IUsbGadget.getService(IUsbGadget.java:57)
08-18 16:54:35.618 I/UsbDeviceManager( 1152): at android.hardware.usb.gadget.V1_0.IUsbGadget.getService(IUsbGadget.java:64)
08-18 16:54:35.618 I/UsbDeviceManager( 1152): at com.android.server.usb.UsbDeviceManager.(UsbDeviceManager.java:293)
08-18 16:54:35.618 I/UsbDeviceManager( 1152): at com.android.server.usb.UsbService.(UsbService.java:178)
08-18 16:54:35.618 I/UsbDeviceManager( 1152): at com.android.server.usb.UsbService$Lifecycle.lambda$onStart$0$UsbService$Lifecycle(UsbService.java:92)
08-18 16:54:35.618 I/UsbDeviceManager( 1152): at com.android.server.usb.UsbService$Lifecycle$$ExternalSyntheticLambda1.run(Unknown Source:2)
08-18 16:54:35.618 I/UsbDeviceManager( 1152): at com.android.server.SystemServerInitThreadPool.lambda$submitTask$0$SystemServerInitThreadPool(SystemServerInitThreadPool.java:105)
08-18 16:54:35.618 I/UsbDeviceManager( 1152): at com.android.server.SystemServerInitThreadPool$$ExternalSyntheticLambda0.run(Unknown Source:6)
08-18 16:54:35.618 I/UsbDeviceManager( 1152): at java.util.concurrent.Executors$RunnableAdapter.call(Executors.java:462)
08-18 16:54:35.618 I/UsbDeviceManager( 1152): at java.util.concurrent.FutureTask.run(FutureTask.java:266)
08-18 16:54:35.618 I/UsbDeviceManager( 1152): at java.util.concurrent.ThreadPoolExecutor.runWorker(ThreadPoolExecutor.java:1167)
08-18 16:54:35.618 I/UsbDeviceManager( 1152): at java.util.concurrent.ThreadPoolExecutor$Worker.run(ThreadPoolExecutor.java:641)
08-18 16:54:35.618 I/UsbDeviceManager( 1152): at com.android.internal.util.ConcurrentUtils$1$1.run(ConcurrentUtils.java:65)
08-18 16:54:35.618 E/UsbDeviceManager( 1152): Failed to open control for mtp
08-18 16:54:35.619 E/UsbDeviceManager( 1152): Failed to open control for ptp
08-18 16:54:35.621 W/StorageManagerService( 1152): No primary storage defined yet; hacking together a stub
08-18 16:54:35.622 D/SystemServerTiming( 1152): StartHardwarePropertiesManagerService took to complete: 5ms
08-18 16:54:35.622 I/SystemServerTiming( 1152): StartTwilightService
08-18 16:54:35.622 I/SystemServiceManager( 1152): Starting com.android.server.twilight.TwilightService
08-18 16:54:35.622 D/SystemServerTiming( 1152): StartTwilightService took to complete: 0ms
08-18 16:54:35.622 I/SystemServerTiming( 1152): StartColorDisplay
08-18 16:54:35.622 I/SystemServiceManager( 1152): Starting com.android.server.display.color.ColorDisplayService
01-01 00:15:35.385 I/ ( 0): acc_open
01-01 00:15:35.385 I/ ( 0): acc_release
08-18 16:54:35.623 D/SystemServerTiming( 1152): StartColorDisplay took to complete: 1ms
08-18 16:54:35.624 I/SystemServerTiming( 1152): StartJobScheduler
08-18 16:54:35.624 I/SystemServiceManager( 1152): Starting com.android.server.job.JobSchedulerService
08-18 16:54:35.624 I/UsbPortManager( 1152): Usb hal service started android.hardware.usb@1.0::IUsb default
08-18 16:54:35.629 D/JobStore( 1152): Start tag: job-info
08-18 16:54:35.629 I/UsbPortManager( 1152): USB HAL version: 12
08-18 16:54:35.630 W/JobStore( 1152): Periodic job for uid='10138' persisted run-time is too big [360:01:35, 720:01:35]. Clamping to [360:00:54,720:00:54]
08-18 16:54:35.631 W/JobStore( 1152): Periodic job for uid='1000' persisted run-time is too big [24:01:05, 48:01:05]. Clamping to [24:00:54,48:00:54]
08-18 16:54:35.631 D/SystemServerInitThreadPool( 1152): Finished executing UsbService$Lifecycle#onStart
08-18 16:54:35.631 D/SystemServerTimingAsync( 1152): InitThreadPoolExec:UsbService$Lifecycle#onStart took to complete: 15ms
08-18 16:54:35.631 I/JobStore( 1152): Read 7 jobs
08-18 16:54:35.634 V/HistoricalRegistry( 1152): Interaction before persistence initialized
08-18 16:54:35.634 V/HistoricalRegistry( 1152): Interaction before persistence initialized
08-18 16:54:35.635 W/JobScheduler( 1152): !!! RTC not yet good; tracking time updates for job scheduling
08-18 16:54:35.635 D/SystemServerTiming( 1152): StartJobScheduler took to complete: 12ms
08-18 16:54:35.635 I/SystemServerTiming( 1152): StartSoundTrigger
08-18 16:54:35.635 I/SystemServiceManager( 1152): Starting com.android.server.soundtrigger.SoundTriggerService
08-18 16:54:35.636 D/SystemServerTiming( 1152): StartSoundTrigger took to complete: 1ms
08-18 16:54:35.636 I/SystemServerTiming( 1152): StartTrustManager
08-18 16:54:35.636 I/SystemServiceManager( 1152): Starting com.android.server.trust.TrustManagerService
08-18 16:54:35.637 D/SystemServerTiming( 1152): StartTrustManager took to complete: 1ms
08-18 16:54:35.637 I/SystemServerTiming( 1152): StartBackupManager
08-18 16:54:35.637 I/SystemServiceManager( 1152): Starting com.android.server.backup.BackupManagerService$Lifecycle
08-18 16:54:35.639 D/SystemServerTiming( 1152): StartBackupManager took to complete: 1ms
08-18 16:54:35.639 I/SystemServerTiming( 1152): StartAppWidgetService
08-18 16:54:35.639 I/SystemServiceManager( 1152): Starting com.android.server.appwidget.AppWidgetService
08-18 16:54:35.640 D/SystemServerTiming( 1152): StartAppWidgetService took to complete: 2ms
08-18 16:54:35.640 I/SystemServerTiming( 1152): StartVoiceRecognitionManager
08-18 16:54:35.640 I/SystemServiceManager( 1152): Starting com.android.server.voiceinteraction.VoiceInteractionManagerService
08-18 16:54:35.646 D/SystemServerTiming( 1152): StartVoiceRecognitionManager took to complete: 5ms
08-18 16:54:35.646 I/SystemServerTiming( 1152): StartAppHibernationService
08-18 16:54:35.646 I/SystemServiceManager( 1152): Starting com.android.server.apphibernation.AppHibernationService
08-18 16:54:35.647 D/SystemServerTiming( 1152): StartAppHibernationService took to complete: 1ms
08-18 16:54:35.648 I/SystemServerTiming( 1152): StartGestureLauncher
08-18 16:54:35.648 I/SystemServiceManager( 1152): Starting com.android.server.GestureLauncherService
08-18 16:54:35.648 D/SystemServerTiming( 1152): StartGestureLauncher took to complete: 0ms
08-18 16:54:35.648 I/SystemServerTiming( 1152): StartSensorNotification
08-18 16:54:35.648 I/SystemServiceManager( 1152): Starting com.android.server.SensorNotificationService
08-18 16:54:35.648 D/SystemServerTiming( 1152): StartSensorNotification took to complete: 0ms
08-18 16:54:35.648 I/SystemServerTiming( 1152): StartDiskStatsService
08-18 16:54:35.649 D/SystemServerTiming( 1152): StartDiskStatsService took to complete: 1ms
08-18 16:54:35.649 I/SystemServerTiming( 1152): RuntimeService
08-18 16:54:35.650 D/SystemServerTiming( 1152): RuntimeService took to complete: 1ms
08-18 16:54:35.650 I/SystemServerTiming( 1152): StartNetworkTimeUpdateService
08-18 16:54:35.652 D/SystemServerTiming( 1152): StartNetworkTimeUpdateService took to complete: 1ms
08-18 16:54:35.652 I/SystemServerTiming( 1152): CertBlacklister
08-18 16:54:35.652 D/SystemServerTiming( 1152): CertBlacklister took to complete: 1ms
08-18 16:54:35.652 I/SystemServerTiming( 1152): StartEmergencyAffordanceService
08-18 16:54:35.652 I/SystemServiceManager( 1152): Starting com.android.server.emergency.EmergencyAffordanceService
08-18 16:54:35.653 D/SystemServerTiming( 1152): StartEmergencyAffordanceService took to complete: 0ms
08-18 16:54:35.653 I/SystemServerTiming( 1152): startBlobStoreManagerService
08-18 16:54:35.653 I/SystemServiceManager( 1152): Starting com.android.server.blob.BlobStoreManagerService
08-18 16:54:35.655 D/SystemServerTiming( 1152): startBlobStoreManagerService took to complete: 1ms
08-18 16:54:35.655 I/SystemServerTiming( 1152): StartDreamManager
08-18 16:54:35.655 I/SystemServiceManager( 1152): Starting com.android.server.dreams.DreamManagerService
08-18 16:54:35.655 D/SystemServerTiming( 1152): StartDreamManager took to complete: 1ms
08-18 16:54:35.656 I/SystemServerTiming( 1152): AddGraphicsStatsService
08-18 16:54:35.661 D/SystemServerTiming( 1152): AddGraphicsStatsService took to complete: 5ms
08-18 16:54:35.661 I/SystemServerTiming( 1152): StartPrintManager
08-18 16:54:35.661 I/SystemServiceManager( 1152): Starting com.android.server.print.PrintManagerService
08-18 16:54:35.662 D/SystemServerTiming( 1152): StartPrintManager took to complete: 1ms
08-18 16:54:35.662 I/SystemServerTiming( 1152): StartCompanionDeviceManager
08-18 16:54:35.662 I/SystemServiceManager( 1152): Starting com.android.server.companion.CompanionDeviceManagerService
08-18 16:54:35.664 D/SystemServerTiming( 1152): StartCompanionDeviceManager took to complete: 1ms
08-18 16:54:35.664 I/SystemServerTiming( 1152): StartRestrictionManager
08-18 16:54:35.664 I/SystemServiceManager( 1152): Starting com.android.server.restrictions.RestrictionsManagerService
08-18 16:54:35.665 D/SystemServerTiming( 1152): StartRestrictionManager took to complete: 1ms
08-18 16:54:35.665 I/SystemServerTiming( 1152): StartMediaSessionService
08-18 16:54:35.666 I/SystemServiceManager( 1152): Starting com.android.server.media.MediaSessionService
08-18 16:54:35.668 D/SystemServerTiming( 1152): StartMediaSessionService took to complete: 3ms
08-18 16:54:35.668 I/SystemServerTiming( 1152): StartMediaResourceMonitor
08-18 16:54:35.668 I/SystemServiceManager( 1152): Starting com.android.server.media.MediaResourceMonitorService
08-18 16:54:35.669 D/SystemServerTiming( 1152): StartMediaResourceMonitor took to complete: 0ms
08-18 16:54:35.669 I/SystemServerTiming( 1152): StartMediaRouterService
08-18 16:54:35.669 V/HistoricalRegistry( 1152): Interaction before persistence initialized
08-18 16:54:35.670 D/SystemServerTiming( 1152): StartMediaRouterService took to complete: 1ms
08-18 16:54:35.670 I/SystemServerTiming( 1152): StartFingerprintSensor
08-18 16:54:35.670 I/SystemServiceManager( 1152): Starting com.android.server.biometrics.sensors.fingerprint.FingerprintService
08-18 16:54:35.671 D/SystemServerTiming( 1152): StartFingerprintSensor took to complete: 1ms
08-18 16:54:35.671 I/SystemServerTiming( 1152): StartBiometricService
08-18 16:54:35.671 I/SystemServiceManager( 1152): Starting com.android.server.biometrics.BiometricService
08-18 16:54:35.673 D/SystemServerTiming( 1152): StartBiometricService took to complete: 2ms
08-18 16:54:35.673 I/SystemServerTiming( 1152): StartAuthService
08-18 16:54:35.673 I/SystemServiceManager( 1152): Starting com.android.server.biometrics.AuthService
08-18 16:54:35.674 D/AuthService( 1152): Registering HIDL ID: 0 Modality: 2 Strength: 15
08-18 16:54:35.674 D/AuthService( 1152): Registering HIDL ID: 1 Modality: 8 Strength: 15
08-18 16:54:35.675 E/AuthService( 1152): HIDL face configuration exists, but FaceService is null.
08-18 16:54:35.677 D/SystemServerTiming( 1152): StartAuthService took to complete: 3ms
08-18 16:54:35.677 I/SystemServerTiming( 1152): StartBackgroundDexOptService
08-18 16:54:35.677 W/BackgroundDexOptService( 1152): SysProp pm.dexopt.downgrade_after_inactive_days not set
08-18 16:54:35.677 D/SystemServerTiming( 1152): StartBackgroundDexOptService took to complete: 1ms
08-18 16:54:35.677 I/SystemServerTiming( 1152): StartDynamicCodeLoggingService
08-18 16:54:35.678 D/SystemServerTiming( 1152): StartDynamicCodeLoggingService took to complete: 1ms
08-18 16:54:35.678 I/SystemServerTiming( 1152): StartPruneInstantAppsJobService
08-18 16:54:35.678 D/SystemServerTiming( 1152): StartPruneInstantAppsJobService took to complete: 0ms
08-18 16:54:35.678 I/SystemServerTiming( 1152): StartShortcutServiceLifecycle
08-18 16:54:35.678 I/SystemServiceManager( 1152): Starting com.android.server.pm.ShortcutService$Lifecycle
08-18 16:54:35.680 V/HistoricalRegistry( 1152): Interaction before persistence initialized
08-18 16:54:35.681 D/SystemServerTiming( 1152): StartShortcutServiceLifecycle took to complete: 2ms
08-18 16:54:35.681 I/SystemServerTiming( 1152): StartLauncherAppsService
08-18 16:54:35.681 I/SystemServiceManager( 1152): Starting com.android.server.pm.LauncherAppsService
08-18 16:54:35.682 D/SystemServerTiming( 1152): StartLauncherAppsService took to complete: 1ms
08-18 16:54:35.682 I/SystemServerTiming( 1152): StartCrossProfileAppsService
08-18 16:54:35.682 I/SystemServiceManager( 1152): Starting com.android.server.pm.CrossProfileAppsService
08-18 16:54:35.684 D/SystemServerTiming( 1152): StartCrossProfileAppsService took to complete: 2ms
08-18 16:54:35.684 I/SystemServerTiming( 1152): StartPeopleService
08-18 16:54:35.684 I/SystemServiceManager( 1152): Starting com.android.server.people.PeopleService
08-18 16:54:35.684 D/BiometricService( 1152): Registering ID: 0 Modality: 2 Strength: 15
08-18 16:54:35.684 D/BiometricStrengthController( 1152): updateStrengths: revert sensorId=0 to oemStrength=15
08-18 16:54:35.684 D/SystemServerTiming( 1152): StartPeopleService took to complete: 1ms
08-18 16:54:35.684 I/SystemServerTiming( 1152): StartMediaMetricsManager
08-18 16:54:35.684 I/SystemServiceManager( 1152): Starting com.android.server.media.metrics.MediaMetricsManagerService
08-18 16:54:35.685 D/BiometricService/Sensor( 1152): updateStrength: Before(ID(0), oemStrength: 15, updatedStrength: 15, modality 2, state: 0, cookie: 0, props: ID: 0, Strength: 2, Type: 1) After(ID(0), oemStrength: 15, updatedStrength: 15, modality 2, state: 0, cookie: 0, props: ID: 0, Strength: 2, Type: 1)
08-18 16:54:35.686 D/SystemServerTiming( 1152): StartMediaMetricsManager took to complete: 1ms
08-18 16:54:35.686 I/SystemServerTiming( 1152): StartMediaProjectionManager
08-18 16:54:35.686 I/SystemServiceManager( 1152): Starting com.android.server.media.projection.MediaProjectionManagerService
08-18 16:54:35.688 D/SystemServerTiming( 1152): StartMediaProjectionManager took to complete: 3ms
08-18 16:54:35.688 I/SystemServerTiming( 1152): StartSliceManagerService
08-18 16:54:35.688 I/SystemServiceManager( 1152): Starting com.android.server.slice.SliceManagerService$Lifecycle
08-18 16:54:35.690 D/SystemServerTiming( 1152): StartSliceManagerService took to complete: 2ms
08-18 16:54:35.690 I/SystemServerTiming( 1152): StartStatsCompanion
08-18 16:54:35.698 I/SystemServiceManager( 1152): Starting com.android.server.stats.StatsCompanion$Lifecycle
08-18 16:54:35.701 D/SystemServerTiming( 1152): StartStatsCompanion took to complete: 10ms
08-18 16:54:35.701 I/SystemServerTiming( 1152): StartRebootReadinessManagerService
08-18 16:54:35.710 I/SystemServiceManager( 1152): Starting com.android.server.scheduling.RebootReadinessManagerService$Lifecycle
08-18 16:54:35.713 D/SystemServerTiming( 1152): StartRebootReadinessManagerService took to complete: 12ms
08-18 16:54:35.714 I/SystemServerTiming( 1152): StartStatsPullAtomService
08-18 16:54:35.714 I/SystemServiceManager( 1152): Starting com.android.server.stats.pull.StatsPullAtomService
08-18 16:54:35.714 D/SystemServerTiming( 1152): StartStatsPullAtomService took to complete: 0ms
08-18 16:54:35.714 I/SystemServerTiming( 1152): StartIncidentCompanionService
08-18 16:54:35.714 I/SystemServiceManager( 1152): Starting com.android.server.incident.IncidentCompanionService
08-18 16:54:35.715 D/SystemServerTiming( 1152): StartIncidentCompanionService took to complete: 0ms
08-18 16:54:35.715 I/SystemServerTiming( 1152): StartMmsService
08-18 16:54:35.715 I/SystemServiceManager( 1152): Starting com.android.server.MmsServiceBroker
08-18 16:54:35.715 D/SystemServerTiming( 1152): StartMmsService took to complete: 1ms
08-18 16:54:35.716 I/SystemServerTiming( 1152): StartAutoFillService
08-18 16:54:35.716 I/SystemServiceManager( 1152): Starting com.android.server.autofill.AutofillManagerService
08-18 16:54:35.716 D/AutofillManagerService( 1152): setLogLevelFromSettings(): level=2, debug=true, verbose=false
08-18 16:54:35.717 D/AutofillManagerService( 1152): setMaxPartitionsFromSettings(): 10
08-18 16:54:35.717 D/AutofillManagerService( 1152): setMaxVisibleDatasetsFromSettings(): 0
08-18 16:54:35.717 D/AutofillUI( 1152): destroySaveUiUiThread(): already destroyed
08-18 16:54:35.717 D/AutofillManagerServiceImpl( 1152): Reset component for user 0:
08-18 16:54:35.718 D/SystemServerTiming( 1152): StartAutoFillService took to complete: 3ms
08-18 16:54:35.718 D/SystemServer( 1152): TranslationService not defined by OEM
08-18 16:54:35.718 I/SystemServerTiming( 1152): StartClipboardService
08-18 16:54:35.718 I/SystemServiceManager( 1152): Starting com.android.server.clipboard.ClipboardService
08-18 16:54:35.720 D/SystemServerTiming( 1152): StartClipboardService took to complete: 2ms
08-18 16:54:35.720 I/SystemServerTiming( 1152): AppServiceManager
08-18 16:54:35.720 I/SystemServiceManager( 1152): Starting com.android.server.appbinding.AppBindingService$Lifecycle
08-18 16:54:35.721 D/SystemServerTiming( 1152): AppServiceManager took to complete: 1ms
08-18 16:54:35.721 I/SystemServerTiming( 1152): startTracingServiceProxy
08-18 16:54:35.721 I/SystemServiceManager( 1152): Starting com.android.server.tracing.TracingServiceProxy
08-18 16:54:35.722 D/SystemServerTiming( 1152): startTracingServiceProxy took to complete: 1ms
08-18 16:54:35.722 I/SystemServerTiming( 1152): MakeLockSettingsServiceReady
08-18 16:54:35.728 I/SyntheticPasswordManager( 1152): Device does not support weaver
08-18 16:54:35.729 I/LockSettingsService( 1152): Device doesn't implement AuthSecret HAL
08-18 16:54:35.730 D/SystemServerTiming( 1152): MakeLockSettingsServiceReady took to complete: 8ms
08-18 16:54:35.730 I/SystemServerTiming( 1152): StartBootPhaseLockSettingsReady
08-18 16:54:35.730 I/SystemServiceManager( 1152): Starting phase 480
08-18 16:54:35.730 I/SystemServerTiming( 1152): OnBootPhase_480
08-18 16:54:35.730 I/SystemServerTiming( 1152): OnBootPhase_480_com.android.server.security.FileIntegrityService
08-18 16:54:35.730 D/SystemServerTiming( 1152): OnBootPhase_480_com.android.server.security.FileIntegrityService took to complete: 0ms
08-18 16:54:35.730 I/SystemServerTiming( 1152): OnBootPhase_480_com.android.server.pm.Installer
08-18 16:54:35.731 D/SystemServerTiming( 1152): OnBootPhase_480_com.android.server.pm.Installer took to complete: 0ms
08-18 16:54:35.731 I/SystemServerTiming( 1152): OnBootPhase_480_com.android.server.os.DeviceIdentifiersPolicyService
08-18 16:54:35.731 D/SystemServerTiming( 1152): OnBootPhase_480_com.android.server.os.DeviceIdentifiersPolicyService took to complete: 0ms
08-18 16:54:35.731 I/SystemServerTiming( 1152): OnBootPhase_480_com.android.server.uri.UriGrantsManagerService$Lifecycle
08-18 16:54:35.731 D/SystemServerTiming( 1152): OnBootPhase_480_com.android.server.uri.UriGrantsManagerService$Lifecycle took to complete: 0ms
08-18 16:54:35.731 I/SystemServerTiming( 1152): OnBootPhase_480_com.android.server.powerstats.PowerStatsService
08-18 16:54:35.731 D/SystemServerTiming( 1152): OnBootPhase_480_com.android.server.powerstats.PowerStatsService took to complete: 0ms
08-18 16:54:35.731 I/SystemServerTiming( 1152): OnBootPhase_480_com.android.server.wm.ActivityTaskManagerService$Lifecycle
08-18 16:54:35.731 D/SystemServerTiming( 1152): OnBootPhase_480_com.android.server.wm.ActivityTaskManagerService$Lifecycle took to complete: 0ms
08-18 16:54:35.731 I/SystemServerTiming( 1152): OnBootPhase_480_com.android.server.am.ActivityManagerService$Lifecycle
08-18 16:54:35.731 D/SystemServerTiming( 1152): OnBootPhase_480_com.android.server.am.ActivityManagerService$Lifecycle took to complete: 0ms
08-18 16:54:35.731 I/SystemServerTiming( 1152): OnBootPhase_480_com.android.server.pm.DataLoaderManagerService
08-18 16:54:35.731 D/SystemServerTiming( 1152): OnBootPhase_480_com.android.server.pm.DataLoaderManagerService took to complete: 0ms
08-18 16:54:35.731 I/SystemServerTiming( 1152): OnBootPhase_480_com.android.server.power.PowerManagerService
08-18 16:54:35.731 D/SystemServerTiming( 1152): OnBootPhase_480_com.android.server.power.PowerManagerService took to complete: 0ms
