01-01 00:16:47.043 E/[schedu][0x9ee40b9b][16:55:47.280705] wlan( 0): [2797:E:HDD] hdd_association_completion_handler: 3784: send connect failure to nl80211: for bssid 02:34:e7:ff:ad:86 result: 1 and Status: 9 reasoncode: 1
01-01 00:16:47.128 I/[schedu][0x9efceea9][16:55:47.365652] wlan( 0): [2797:I:HIF] Deinitializing Runtime PM wakelock &vdev->vdev_set_key_runtime_wakelock
01-01 00:16:47.130 I/[schedu][0x9efd8afe][16:55:47.367737] wlan( 0): [2797:I:HIF] Initializing Runtime PM wakelock &vdev->vdev_set_key_runtime_wakelock
01-01 00:16:47.152 I/logd ( 0): logdr: UID=1000 GID=1000 PID=4409 n tail=127 logMask=19 pid=0 start=0ns deadline=0ns
08-18 16:55:47.423 D/android.hardware.wifi@1.0-service( 951): Successfully SetMacAddress.
01-01 00:16:47.186 I/[wifi@1][0x9f0dea3b][16:55:47.423619] wlan( 0): [951:I:DP] dp_vdev_attach_wifi3: wlan_cfg_ap_bridge_enabled 0
01-01 00:16:47.205 E/[wifi@1][0x9f1350b5][16:55:47.442053] wlan( 0): [4318:E:wifipos] wifi_pos_process_app_reg_req: 608: Received App Req Req pid(-255851593), len(16)
01-01 00:16:47.221 I/[wifi@1][0x9f180438][16:55:47.458099] wlan( 0): [4318:I:wifipos] wifi_pos_get_ch_info: 461: num channels: 26
01-01 00:16:47.221 I/[wifi@1][0x9f183474][16:55:47.458743] wlan( 0): [4318:I:wifipos] wifi_pos_get_ch_info: 461: num channels: 26
08-18 16:55:47.525 W/NotificationHistory( 1152): Attempted to add notif for locked/gone/disabled user 0
01-01 00:16:47.318 I/logd ( 0): logdr: UID=1000 GID=1000 PID=4414 n tail=127 logMask=80 pid=0 start=0ns deadline=0ns
01-01 00:16:47.430 I/[schedu][0x9f54f22f][16:55:47.666074] wlan( 0): [2797:I:OSIF] scan start scan id 40969
01-01 00:16:47.433 D/ ( 0): mv2112_read_status
01-01 00:16:47.434 D/mv2112_update_link( 0): 3.0x901(1G): 0x4
01-01 00:16:47.434 D/mv2112_update_link( 0): 3.0x8109(100M): 0x8
01-01 00:16:47.434 D/mv2112_update_link( 0): link 0x4
01-01 00:16:47.434 D/mv2112_read_status( 0): autoneg is disabled
01-01 00:16:48.431 I/[schedu][0xa07a7f67][16:55:48.668064] wlan( 0): [2797:I:OSIF] vdev 0, scan id 40969 type COMPLETED(1) reason COMPLETED(1) scan found 53 bss
01-01 00:16:48.458 D/ ( 0): mv2112_read_status
01-01 00:16:48.458 D/mv2112_update_link( 0): 3.0x901(1G): 0x4
01-01 00:16:48.458 D/mv2112_update_link( 0): 3.0x8109(100M): 0x8
01-01 00:16:48.459 D/mv2112_update_link( 0): link 0x4
01-01 00:16:48.459 D/mv2112_read_status( 0): autoneg is disabled
01-01 00:16:49.482 D/ ( 0): mv2112_read_status
01-01 00:16:49.482 D/mv2112_update_link( 0): 3.0x901(1G): 0x4
01-01 00:16:49.483 D/mv2112_update_link( 0): 3.0x8109(100M): 0x8
01-01 00:16:49.483 D/mv2112_update_link( 0): link 0x4
01-01 00:16:49.483 D/mv2112_read_status( 0): autoneg is disabled
01-01 00:16:49.512 I/afe_close( 0): port_id = 0x400e
01-01 00:16:49.519 I/btfm_slim_disable_ch( 0): port:16, grp: 0, ch->grph:0x0, ch->ch_hdl:0x1d
08-18 16:55:50.283 E/TaskPersister( 1152): File error accessing recents directory (directory doesn't exist?).
01-01 00:16:50.297 E/[cnss_d][0xa29d1fa4][16:55:50.533884] wlan( 0): [1270:E:QDF] pktlog_clearbuff: 955: pktlog_clearbuff: pktlog buff is NULL
01-01 00:16:50.506 D/ ( 0): mv2112_read_status
01-01 00:16:50.507 D/mv2112_update_link( 0): 3.0x901(1G): 0x4
01-01 00:16:50.507 D/mv2112_update_link( 0): 3.0x8109(100M): 0x8
01-01 00:16:50.507 D/mv2112_update_link( 0): link 0x4
01-01 00:16:50.507 D/mv2112_read_status( 0): autoneg is disabled
08-18 16:55:51.131 W/OverlayManager( 1152): service 'idmap' died
01-01 00:16:51.340 I/init ( 0): starting service 'qvrd_vndr'...
01-01 00:16:51.348 I/init ( 0): Created socket '/dev/socket/qvrservice_vndr', mode 660, user 1000, group 1000
01-01 00:16:51.353 I/init ( 0): Created socket '/dev/socket/qvrservice_vndr_camera', mode 660, user 1000, group 1000
01-01 00:16:51.405 I/init ( 0): starting service 'sxrd'...
08-18 16:55:51.668 F/linker ( 4421): CANNOT LINK EXECUTABLE "/vendor/bin/hw/qvrservice": library "vendor.qti.hardware.qxr-V1-ndk_platform.so" not found: needed by /vendor/lib64/libqvrservice.so in namespace (default)
01-01 00:16:51.444 I/init ( 0): Service 'qvrd_vndr' (pid 4421) exited with status 1
01-01 00:16:51.444 I/init ( 0): Sending signal 9 to service 'qvrd_vndr' (pid 4421) process group...
01-01 00:16:51.445 I/libprocessgroup( 0): Successfully killed process cgroup uid 1000 pid 4421 in 0ms
01-01 00:16:51.450 I/init ( 0): starting service 'vendor.light-hal-2-0'...
08-18 16:55:51.720 F/linker ( 4422): CANNOT LINK EXECUTABLE "/vendor/bin/hw/sxrservice": library "vendor.qti.hardware.qxr-V1-ndk_platform.so" not found: needed by main executable
01-01 00:16:51.484 I/init ( 0): Service 'sxrd' (pid 4422) exited with status 1
01-01 00:16:51.484 I/init ( 0): Sending signal 9 to service 'sxrd' (pid 4422) process group...
01-01 00:16:51.530 D/ ( 0): mv2112_read_status
01-01 00:16:51.530 D/mv2112_update_link( 0): 3.0x901(1G): 0x4
01-01 00:16:51.531 D/mv2112_update_link( 0): 3.0x8109(100M): 0x8
01-01 00:16:51.531 D/mv2112_update_link( 0): link 0x4
01-01 00:16:51.531 D/mv2112_read_status( 0): autoneg is disabled
01-01 00:16:52.554 D/ ( 0): mv2112_read_status
01-01 00:16:52.555 D/mv2112_update_link( 0): 3.0x901(1G): 0x4
01-01 00:16:52.555 D/mv2112_update_link( 0): 3.0x8109(100M): 0x8
01-01 00:16:52.555 D/mv2112_update_link( 0): link 0x4
01-01 00:16:52.555 D/mv2112_read_status( 0): autoneg is disabled
01-01 00:16:53.578 D/ ( 0): mv2112_read_status
01-01 00:16:53.579 D/mv2112_update_link( 0): 3.0x901(1G): 0x4
01-01 00:16:53.579 D/mv2112_update_link( 0): 3.0x8109(100M): 0x8
01-01 00:16:53.579 D/mv2112_update_link( 0): link 0x4
01-01 00:16:53.579 D/mv2112_read_status( 0): autoneg is disabled
01-01 00:16:54.602 D/ ( 0): mv2112_read_status
01-01 00:16:54.602 D/mv2112_update_link( 0): 3.0x901(1G): 0x4
01-01 00:16:54.603 D/mv2112_update_link( 0): 3.0x8109(100M): 0x8
01-01 00:16:54.603 D/mv2112_update_link( 0): link 0x4
01-01 00:16:54.603 D/mv2112_read_status( 0): autoneg is disabled
01-01 00:16:55.626 D/ ( 0): mv2112_read_status
01-01 00:16:55.626 D/mv2112_update_link( 0): 3.0x901(1G): 0x4
01-01 00:16:55.627 D/mv2112_update_link( 0): 3.0x8109(100M): 0x8
01-01 00:16:55.627 D/mv2112_update_link( 0): link 0x4
01-01 00:16:55.627 D/mv2112_read_status( 0): autoneg is disabled
01-01 00:16:56.397 I/init ( 0): starting service 'qvrd_vndr'...
01-01 00:16:56.406 I/init ( 0): Created socket '/dev/socket/qvrservice_vndr', mode 660, user 1000, group 1000
01-01 00:16:56.412 I/init ( 0): Created socket '/dev/socket/qvrservice_vndr_camera', mode 660, user 1000, group 1000
01-01 00:16:56.471 I/init ( 0): starting service 'sxrd'...
08-18 16:55:56.728 F/linker ( 4426): CANNOT LINK EXECUTABLE "/vendor/bin/hw/qvrservice": library "vendor.qti.hardware.qxr-V1-ndk_platform.so" not found: needed by /vendor/lib64/libqvrservice.so in namespace (default)
01-01 00:16:56.492 I/init ( 0): starting service 'vendor.light-hal-2-0'...
01-01 00:16:56.508 I/init ( 0): Service 'qvrd_vndr' (pid 4426) exited with status 1
01-01 00:16:56.508 I/init ( 0): Sending signal 9 to service 'qvrd_vndr' (pid 4426) process group...
01-01 00:16:56.508 I/libprocessgroup( 0): Successfully killed process cgroup uid 1000 pid 4426 in 0ms
08-18 16:55:56.783 F/linker ( 4427): CANNOT LINK EXECUTABLE "/vendor/bin/hw/sxrservice": library "vendor.qti.hardware.qxr-V1-ndk_platform.so" not found: needed by main executable
01-01 00:16:56.548 I/init ( 0): Service 'sxrd' (pid 4427) exited with status 1
01-01 00:16:56.548 I/init ( 0): Sending signal 9 to service 'sxrd' (pid 4427) process group...
01-01 00:16:56.650 D/ ( 0): mv2112_read_status
01-01 00:16:56.650 D/mv2112_update_link( 0): 3.0x901(1G): 0x4
01-01 00:16:56.650 D/mv2112_update_link( 0): 3.0x8109(100M): 0x8
01-01 00:16:56.650 D/mv2112_update_link( 0): link 0x4
01-01 00:16:56.650 D/mv2112_read_status( 0): autoneg is disabled
01-01 00:16:56.698 I/[schedu][0xa9f0a74d][16:55:56.935689] wlan( 0): [2797:I:OSIF] scan start scan id 40970
01-01 00:16:57.674 D/ ( 0): mv2112_read_status
01-01 00:16:57.674 D/mv2112_update_link( 0): 3.0x901(1G): 0x4
01-01 00:16:57.675 D/mv2112_update_link( 0): 3.0x8109(100M): 0x8
01-01 00:16:57.675 D/mv2112_update_link( 0): link 0x4
01-01 00:16:57.675 D/mv2112_read_status( 0): autoneg is disabled
01-01 00:16:57.853 I/[schedu][0xab42d73c][16:55:58.090036] wlan( 0): [2797:I:OSIF] vdev 0, scan id 40970 type COMPLETED(1) reason COMPLETED(1) scan found 59 bss
01-01 00:16:58.698 D/ ( 0): mv2112_read_status
01-01 00:16:58.698 D/mv2112_update_link( 0): 3.0x901(1G): 0x4
01-01 00:16:58.699 D/mv2112_update_link( 0): 3.0x8109(100M): 0x8
01-01 00:16:58.699 D/mv2112_update_link( 0): link 0x4
01-01 00:16:58.699 D/mv2112_read_status( 0): autoneg is disabled
01-01 00:16:59.722 D/ ( 0): mv2112_read_status
01-01 00:16:59.722 D/mv2112_update_link( 0): 3.0x901(1G): 0x4
01-01 00:16:59.722 D/mv2112_update_link( 0): 3.0x8109(100M): 0x8
01-01 00:16:59.723 D/mv2112_update_link( 0): link 0x4
01-01 00:16:59.723 D/mv2112_read_status( 0): autoneg is disabled
01-01 00:17:00.746 D/ ( 0): mv2112_read_status
01-01 00:17:00.747 D/mv2112_update_link( 0): 3.0x901(1G): 0x4
01-01 00:17:00.747 D/mv2112_update_link( 0): 3.0x8109(100M): 0x8
01-01 00:17:00.747 D/mv2112_update_link( 0): link 0x4
01-01 00:17:00.747 D/mv2112_read_status( 0): autoneg is disabled
01-01 00:17:01.461 I/init ( 0): starting service 'qvrd_vndr'...
01-01 00:17:01.469 I/init ( 0): Created socket '/dev/socket/qvrservice_vndr', mode 660, user 1000, group 1000
01-01 00:17:01.476 I/init ( 0): Created socket '/dev/socket/qvrservice_vndr_camera', mode 660, user 1000, group 1000
01-01 00:17:01.529 I/init ( 0): starting service 'sxrd'...
01-01 00:17:01.548 I/init ( 0): starting service 'vendor.light-hal-2-0'...
08-18 16:56:01.797 F/linker ( 4434): CANNOT LINK EXECUTABLE "/vendor/bin/hw/qvrservice": library "vendor.qti.hardware.qxr-V1-ndk_platform.so" not found: needed by /vendor/lib64/libqvrservice.so in namespace (default)
01-01 00:17:01.567 I/init ( 0): Service 'qvrd_vndr' (pid 4434) exited with status 1
01-01 00:17:01.567 I/init ( 0): Sending signal 9 to service 'qvrd_vndr' (pid 4434) process group...
01-01 00:17:01.567 I/libprocessgroup( 0): Successfully killed process cgroup uid 1000 pid 4434 in 0ms
08-18 16:56:01.822 F/linker ( 4435): CANNOT LINK EXECUTABLE "/vendor/bin/hw/sxrservice": library "vendor.qti.hardware.qxr-V1-ndk_platform.so" not found: needed by main executable
01-01 00:17:01.587 I/init ( 0): Service 'sxrd' (pid 4435) exited with status 1
01-01 00:17:01.587 I/init ( 0): Sending signal 9 to service 'sxrd' (pid 4435) process group...
01-01 00:17:01.770 D/ ( 0): mv2112_read_status
01-01 00:17:01.770 D/mv2112_update_link( 0): 3.0x901(1G): 0x4
01-01 00:17:01.771 D/mv2112_update_link( 0): 3.0x8109(100M): 0x8
01-01 00:17:01.771 D/mv2112_update_link( 0): link 0x4
01-01 00:17:01.771 D/mv2112_read_status( 0): autoneg is disabled
01-01 00:17:02.794 D/ ( 0): mv2112_read_status
01-01 00:17:02.794 D/mv2112_update_link( 0): 3.0x901(1G): 0x4
01-01 00:17:02.794 D/mv2112_update_link( 0): 3.0x8109(100M): 0x8
01-01 00:17:02.794 D/mv2112_update_link( 0): link 0x4
01-01 00:17:02.794 D/mv2112_read_status( 0): autoneg is disabled
01-01 00:17:03.818 D/ ( 0): mv2112_read_status
01-01 00:17:03.819 D/mv2112_update_link( 0): 3.0x901(1G): 0x4
01-01 00:17:03.819 D/mv2112_update_link( 0): 3.0x8109(100M): 0x8
01-01 00:17:03.819 D/mv2112_update_link( 0): link 0x4
01-01 00:17:03.819 D/mv2112_read_status( 0): autoneg is disabled
01-01 00:17:04.842 D/ ( 0): mv2112_read_status
01-01 00:17:04.842 D/mv2112_update_link( 0): 3.0x901(1G): 0x4
01-01 00:17:04.843 D/mv2112_update_link( 0): 3.0x8109(100M): 0x8
01-01 00:17:04.843 D/mv2112_update_link( 0): link 0x4
01-01 00:17:04.843 D/mv2112_read_status( 0): autoneg is disabled
01-01 00:17:05.866 D/ ( 0): mv2112_read_status
01-01 00:17:05.866 D/mv2112_update_link( 0): 3.0x901(1G): 0x4
01-01 00:17:05.867 D/mv2112_update_link( 0): 3.0x8109(100M): 0x8
01-01 00:17:05.867 D/mv2112_update_link( 0): link 0x4
01-01 00:17:05.867 D/mv2112_read_status( 0): autoneg is disabled
01-01 00:17:06.524 I/init ( 0): starting service 'qvrd_vndr'...
01-01 00:17:06.533 I/init ( 0): Created socket '/dev/socket/qvrservice_vndr', mode 660, user 1000, group 1000
01-01 00:17:06.543 I/init ( 0): Created socket '/dev/socket/qvrservice_vndr_camera', mode 660, user 1000, group 1000
01-01 00:17:06.605 I/init ( 0): starting service 'sxrd'...
08-18 16:56:06.866 F/linker ( 4439): CANNOT LINK EXECUTABLE "/vendor/bin/hw/qvrservice": library "vendor.qti.hardware.qxr-V1-ndk_platform.so" not found: needed by /vendor/lib64/libqvrservice.so in namespace (default)
01-01 00:17:06.630 I/init ( 0): Service 'qvrd_vndr' (pid 4439) exited with status 1
01-01 00:17:06.630 I/init ( 0): Sending signal 9 to service 'qvrd_vndr' (pid 4439) process group...
01-01 00:17:06.631 I/libprocessgroup( 0): Successfully killed process cgroup uid 1000 pid 4439 in 0ms
01-01 00:17:06.634 I/init ( 0): starting service 'vendor.light-hal-2-0'...
08-18 16:56:06.919 F/linker ( 4440): CANNOT LINK EXECUTABLE "/vendor/bin/hw/sxrservice": library "vendor.qti.hardware.qxr-V1-ndk_platform.so" not found: needed by main executable
01-01 00:17:06.683 I/init ( 0): Service 'sxrd' (pid 4440) exited with status 1
01-01 00:17:06.683 I/init ( 0): Sending signal 9 to service 'sxrd' (pid 4440) process group...
01-01 00:17:06.740 I/[schedu][0xb56e9847][16:56:06.977517] wlan( 0): [2797:I:OSIF] scan start scan id 40971
01-01 00:17:06.890 D/ ( 0): mv2112_read_status
01-01 00:17:06.890 D/mv2112_update_link( 0): 3.0x901(1G): 0x4
01-01 00:17:06.890 D/mv2112_update_link( 0): 3.0x8109(100M): 0x8
01-01 00:17:06.890 D/mv2112_update_link( 0): link 0x4
01-01 00:17:06.890 D/mv2112_read_status( 0): autoneg is disabled
01-01 00:17:07.904 I/[schedu][0xb6c39d8d][16:56:08.141533] wlan( 0): [2797:I:OSIF] vdev 0, scan id 40971 type COMPLETED(1) reason COMPLETED(1) scan found 60 bss
01-01 00:17:07.914 D/ ( 0): mv2112_read_status
01-01 00:17:07.914 D/mv2112_update_link( 0): 3.0x901(1G): 0x4
01-01 00:17:07.914 D/mv2112_update_link( 0): 3.0x8109(100M): 0x8
01-01 00:17:07.914 D/mv2112_update_link( 0): link 0x4
01-01 00:17:07.914 D/mv2112_read_status( 0): autoneg is disabled
01-01 00:17:08.938 D/ ( 0): mv2112_read_status
01-01 00:17:08.938 D/mv2112_update_link( 0): 3.0x901(1G): 0x4
01-01 00:17:08.938 D/mv2112_update_link( 0): 3.0x8109(100M): 0x8
01-01 00:17:08.938 D/mv2112_update_link( 0): link 0x4
01-01 00:17:08.938 D/mv2112_read_status( 0): autoneg is disabled
01-01 00:17:09.962 D/ ( 0): mv2112_read_status
01-01 00:17:09.962 D/mv2112_update_link( 0): 3.0x901(1G): 0x4
01-01 00:17:09.962 D/mv2112_update_link( 0): 3.0x8109(100M): 0x8
01-01 00:17:09.962 D/mv2112_update_link( 0): link 0x4
01-01 00:17:09.962 D/mv2112_read_status( 0): autoneg is disabled
01-01 00:17:10.986 D/ ( 0): mv2112_read_status
01-01 00:17:10.987 D/mv2112_update_link( 0): 3.0x901(1G): 0x4
01-01 00:17:10.987 D/mv2112_update_link( 0): 3.0x8109(100M): 0x8
01-01 00:17:10.987 D/mv2112_update_link( 0): link 0x4
01-01 00:17:10.987 D/mv2112_read_status( 0): autoneg is disabled
01-01 00:17:11.596 I/init ( 0): starting service 'qvrd_vndr'...
01-01 00:17:11.605 I/init ( 0): Created socket '/dev/socket/qvrservice_vndr', mode 660, user 1000, group 1000
01-01 00:17:11.611 I/init ( 0): Created socket '/dev/socket/qvrservice_vndr_camera', mode 660, user 1000, group 1000
01-01 00:17:11.670 I/init ( 0): starting service 'sxrd'...
08-18 16:56:11.928 F/linker ( 4442): CANNOT LINK EXECUTABLE "/vendor/bin/hw/qvrservice": library "vendor.qti.hardware.qxr-V1-ndk_platform.so" not found: needed by /vendor/lib64/libqvrservice.so in namespace (default)
01-01 00:17:11.692 I/init ( 0): starting service 'vendor.light-hal-2-0'...
01-01 00:17:11.707 I/init ( 0): Service 'qvrd_vndr' (pid 4442) exited with status 1
01-01 00:17:11.707 I/init ( 0): Sending signal 9 to service 'qvrd_vndr' (pid 4442) process group...
01-01 00:17:11.707 I/libprocessgroup( 0): Successfully killed process cgroup uid 1000 pid 4442 in 0ms
08-18 16:56:11.984 F/linker ( 4443): CANNOT LINK EXECUTABLE "/vendor/bin/hw/sxrservice": library "vendor.qti.hardware.qxr-V1-ndk_platform.so" not found: needed by main executable
01-01 00:17:11.748 I/init ( 0): Service 'sxrd' (pid 4443) exited with status 1
01-01 00:17:11.748 I/init ( 0): Sending signal 9 to service 'sxrd' (pid 4443) process group...
01-01 00:17:12.010 D/ ( 0): mv2112_read_status
01-01 00:17:12.010 D/mv2112_update_link( 0): 3.0x901(1G): 0x4
01-01 00:17:12.011 D/mv2112_update_link( 0): 3.0x8109(100M): 0x8
01-01 00:17:12.011 D/mv2112_update_link( 0): link 0x4
01-01 00:17:12.011 D/mv2112_read_status( 0): autoneg is disabled
01-01 00:17:13.034 D/ ( 0): mv2112_read_status
01-01 00:17:13.034 D/mv2112_update_link( 0): 3.0x901(1G): 0x4
01-01 00:17:13.035 D/mv2112_update_link( 0): 3.0x8109(100M): 0x8
01-01 00:17:13.035 D/mv2112_update_link( 0): link 0x4
01-01 00:17:13.035 D/mv2112_read_status( 0): autoneg is disabled
01-01 00:17:14.058 D/ ( 0): mv2112_read_status
01-01 00:17:14.058 D/mv2112_update_link( 0): 3.0x901(1G): 0x4
01-01 00:17:14.059 D/mv2112_update_link( 0): 3.0x8109(100M): 0x8
01-01 00:17:14.059 D/mv2112_update_link( 0): link 0x4
01-01 00:17:14.059 D/mv2112_read_status( 0): autoneg is disabled
01-01 00:17:15.082 D/ ( 0): mv2112_read_status
01-01 00:17:15.083 D/mv2112_update_link( 0): 3.0x901(1G): 0x4
01-01 00:17:15.083 D/mv2112_update_link( 0): 3.0x8109(100M): 0x8
01-01 00:17:15.083 D/mv2112_update_link( 0): link 0x4
01-01 00:17:15.083 D/mv2112_read_status( 0): autoneg is disabled
01-01 00:17:16.106 D/ ( 0): mv2112_read_status
01-01 00:17:16.106 D/mv2112_update_link( 0): 3.0x901(1G): 0x4
01-01 00:17:16.107 D/mv2112_update_link( 0): 3.0x8109(100M): 0x8
01-01 00:17:16.107 D/mv2112_update_link( 0): link 0x4
01-01 00:17:16.107 D/mv2112_read_status( 0): autoneg is disabled
01-01 00:17:16.661 I/init ( 0): starting service 'qvrd_vndr'...
01-01 00:17:16.666 I/init ( 0): Created socket '/dev/socket/qvrservice_vndr', mode 660, user 1000, group 1000
01-01 00:17:16.670 I/init ( 0): Created socket '/dev/socket/qvrservice_vndr_camera', mode 660, user 1000, group 1000
01-01 00:17:16.708 I/init ( 0): starting service 'sxrd'...
01-01 00:17:16.724 I/init ( 0): starting service 'vendor.light-hal-2-0'...
08-18 16:56:16.986 F/linker ( 4446): CANNOT LINK EXECUTABLE "/vendor/bin/hw/sxrservice": library "vendor.qti.hardware.qxr-V1-ndk_platform.so" not found: needed by main executable
08-18 16:56:16.988 F/linker ( 4445): CANNOT LINK EXECUTABLE "/vendor/bin/hw/qvrservice": library "vendor.qti.hardware.qxr-V1-ndk_platform.so" not found: needed by /vendor/lib64/libqvrservice.so in namespace (default)
01-01 00:17:16.751 I/init ( 0): Service 'sxrd' (pid 4446) exited with status 1
01-01 00:17:16.751 I/init ( 0): Sending signal 9 to service 'sxrd' (pid 4446) process group...
01-01 00:17:16.751 I/libprocessgroup( 0): Successfully killed process cgroup uid 1000 pid 4446 in 0ms
01-01 00:17:16.753 I/init ( 0): Service 'qvrd_vndr' (pid 4445) exited with status 1
01-01 00:17:16.753 I/init ( 0): Sending signal 9 to service 'qvrd_vndr' (pid 4445) process group...
01-01 00:17:16.791 I/[schedu][0xc0ef1939][16:56:17.028088] wlan( 0): [2797:I:OSIF] scan start scan id 40972
01-01 00:17:17.130 D/ ( 0): mv2112_read_status
01-01 00:17:17.130 D/mv2112_update_link( 0): 3.0x901(1G): 0x4
01-01 00:17:17.130 D/mv2112_update_link( 0): 3.0x8109(100M): 0x8
01-01 00:17:17.130 D/mv2112_update_link( 0): link 0x4
01-01 00:17:17.130 D/mv2112_read_status( 0): autoneg is disabled
01-01 00:17:17.943 I/[schedu][0xc240bb6b][16:56:18.180544] wlan( 0): [2797:I:OSIF] vdev 0, scan id 40972 type COMPLETED(1) reason COMPLETED(1) scan found 60 bss
01-01 00:17:18.154 D/ ( 0): mv2112_read_status
01-01 00:17:18.154 D/mv2112_update_link( 0): 3.0x901(1G): 0x4
01-01 00:17:18.155 D/mv2112_update_link( 0): 3.0x8109(100M): 0x8
01-01 00:17:18.155 D/mv2112_update_link( 0): link 0x4
01-01 00:17:18.155 D/mv2112_read_status( 0): autoneg is disabled
08-18 16:56:18.566 I/ActivityTaskManager( 1152): START u0 {act=android.intent.action.MAIN cmp=com.android.settings/.SubSettings (has extras)} from uid 1000
08-18 16:56:18.610 I/ActivityTaskManager( 1152): The Process com.android.settings Already Exists in BG. So sending its PID: 2359
08-18 16:56:18.612 W/ActivityTaskManager( 1152): Tried to set launchTime (0) < mLastActivityLaunchTime (118790)
01-01 00:17:18.479 I/btfm_slim_hw_init( 0): PGD Enum Addr: 00:01:20:02:17: 02
01-01 00:17:18.479 I/btfm_slim_hw_init( 0): IFD Enum Addr: 00:00:20:02:17: 02
01-01 00:17:18.479 I/btfm_slim_hw_init( 0): chipset soc version:400a0200
01-01 00:17:18.479 I/btfm_slim_hw_init( 0): chipset is hastings 2.0, overwriting EA
01-01 00:17:18.479 I/btfm_slim_hw_init( 0): PGD Enum Addr: 00:01:20:02:17: 02
01-01 00:17:18.479 I/btfm_slim_hw_init( 0): IFD Enum Addr: 00:00:20:02:17: 02
01-01 00:17:18.479 I/btfm_slim_alloc_port( 0): chipset soc version:400a0200
01-01 00:17:18.493 I/btfm_slim_enable_ch( 0): chipset soc version:400a0200
01-01 00:17:18.494 I/btfm_slim_enable_ch( 0): channel define - prot:2, dataf:0, auxf:0
01-01 00:17:18.494 I/btfm_slim_enable_ch( 0): channel define - rates:44100, baser:2, ratem:4
01-01 00:17:18.494 I/btfm_slim_enable_ch( 0): slim_connect_sink(port: 16, ch: 157)
01-01 00:17:18.495 I/btfm_slim_enable_ch( 0): port: 16, ch: 157, grp: 0, ch->grph: 0x0, ch_hdl: 0x1d
01-01 00:17:18.496 I/__afe_port_start( 0): port id: 0x400e
01-01 00:17:18.496 I/afe_find_cal_topo_id_by_port( 0): port id: 0x400e, dev_acdb_id: 20
01-01 00:17:18.496 I/afe_find_cal_topo_id_by_port( 0): top_id:112fc acdb_id:20 afe_port_id:0x400e
01-01 00:17:18.496 I/afe_get_cal_topology_id( 0): port_id = 0x400e acdb_id = 20 topology_id = 0x112fc cal_type_index=8 ret=0
01-01 00:17:18.496 I/afe_send_port_topology_id( 0): AFE set topology id 0x112fc enable for port 0x400e ret 0
01-01 00:17:18.496 I/send_afe_cal_type( 0): cal_index is 0
01-01 00:17:18.497 I/send_afe_cal_type( 0): dev_acdb_id[119] is 20
01-01 00:17:18.497 I/afe_find_cal( 0): cal_index 0 port_id 0x400e port_index 119
01-01 00:17:18.497 I/afe_find_cal( 0): acdb_id 20 dev_acdb_id 20 sample_rate 48000 afe_sample_rates 44100
01-01 00:17:18.497 I/afe_find_cal( 0): no matching cal_block found
01-01 00:17:18.497 E/ ( 0): send_afe_cal_type cal_block not found!!
01-01 00:17:18.502 I/afe_send_hw_delay( 0): port_id 0x400e rate 44100 delay_usec 0 status 0
08-18 16:56:18.764 D/PackageManager( 1152): Instant App installer not found with android.intent.action.INSTALL_INSTANT_APP_PACKAGE
08-18 16:56:18.764 D/PackageManager( 1152): Clear ephemeral installer activity
01-01 00:17:18.636 I/[schedu][0xc30b9add][16:56:18.873016] wlan( 0): [2797:I:OSIF] scan start scan id 40973
08-18 16:56:18.904 D/PackageManager( 1152): Instant App installer not found with android.intent.action.INSTALL_INSTANT_APP_PACKAGE
08-18 16:56:18.904 D/PackageManager( 1152): Clear ephemeral installer activity
01-01 00:17:19.178 D/ ( 0): mv2112_read_status
01-01 00:17:19.179 D/mv2112_update_link( 0): 3.0x901(1G): 0x4
01-01 00:17:19.179 D/mv2112_update_link( 0): 3.0x8109(100M): 0x8
01-01 00:17:19.179 D/mv2112_update_link( 0): link 0x4
01-01 00:17:19.179 D/mv2112_read_status( 0): autoneg is disabled
08-18 16:56:19.779 D/CompanionDeviceManagerService( 1152): onPackageModified(packageName = com.android.settings)
08-18 16:56:19.781 I/Telecom ( 1152): DefaultDialerCache: Refreshing default dialer for user 0: now null: DDC.oR@ADM
08-18 16:56:19.844 W/VoiceInteractionManager( 1152): no available voice recognition services found for user 0
01-01 00:17:19.622 I/binder ( 0): 4461:4461 ioctl 40046210 7fc35d79a4 returned -22
01-01 00:17:19.628 I/[schedu][0xc42e6d1a][16:56:19.865686] wlan( 0): [2797:I:OSIF] vdev 0, scan id 40973 type COMPLETED(1) reason COMPLETED(1) scan found 50 bss
01-01 00:17:19.838 I/perf ( 0): interrupt took too long (3192 > 3173), lowering kernel.perf_event_max_sample_rate to 62500
01-01 00:17:20.202 D/ ( 0): mv2112_read_status
01-01 00:17:20.202 D/mv2112_update_link( 0): 3.0x901(1G): 0x4
01-01 00:17:20.203 D/mv2112_update_link( 0): 3.0x8109(100M): 0x8
01-01 00:17:20.203 D/mv2112_update_link( 0): link 0x4
01-01 00:17:20.203 D/mv2112_read_status( 0): autoneg is disabled
01-01 00:17:21.226 D/ ( 0): mv2112_read_status
01-01 00:17:21.227 D/mv2112_update_link( 0): 3.0x901(1G): 0x4
01-01 00:17:21.227 D/mv2112_update_link( 0): 3.0x8109(100M): 0x8
01-01 00:17:21.227 D/mv2112_update_link( 0): link 0x4
01-01 00:17:21.227 D/mv2112_read_status( 0): autoneg is disabled
08-18 16:56:21.625 E/TaskPersister( 1152): File error accessing recents directory (directory doesn't exist?).
01-01 00:17:21.705 I/init ( 0): starting service 'qvrd_vndr'...
01-01 00:17:21.711 I/init ( 0): Created socket '/dev/socket/qvrservice_vndr', mode 660, user 1000, group 1000
01-01 00:17:21.715 I/init ( 0): Created socket '/dev/socket/qvrservice_vndr_camera', mode 660, user 1000, group 1000
01-01 00:17:21.772 I/init ( 0): starting service 'sxrd'...
08-18 16:56:22.029 F/linker ( 4466): CANNOT LINK EXECUTABLE "/vendor/bin/hw/qvrservice": library "vendor.qti.hardware.qxr-V1-ndk_platform.so" not found: needed by /vendor/lib64/libqvrservice.so in namespace (default)
01-01 00:17:21.791 I/init ( 0): starting service 'vendor.light-hal-2-0'...
01-01 00:17:21.805 I/init ( 0): Service 'qvrd_vndr' (pid 4466) exited with status 1
01-01 00:17:21.806 I/init ( 0): Sending signal 9 to service 'qvrd_vndr' (pid 4466) process group...
01-01 00:17:21.806 I/libprocessgroup( 0): Successfully killed process cgroup uid 1000 pid 4466 in 0ms
08-18 16:56:22.078 F/linker ( 4467): CANNOT LINK EXECUTABLE "/vendor/bin/hw/sxrservice": library "vendor.qti.hardware.qxr-V1-ndk_platform.so" not found: needed by main executable
01-01 00:17:21.842 I/init ( 0): Service 'sxrd' (pid 4467) exited with status 1
01-01 00:17:21.842 I/init ( 0): Sending signal 9 to service 'sxrd' (pid 4467) process group...
01-01 00:17:21.983 I/afe_close( 0): port_id = 0x400e
01-01 00:17:21.992 I/btfm_slim_disable_ch( 0): port:16, grp: 0, ch->grph:0x0, ch->ch_hdl:0x1d
01-01 00:17:22.250 D/ ( 0): mv2112_read_status
01-01 00:17:22.250 D/mv2112_update_link( 0): 3.0x901(1G): 0x4
01-01 00:17:22.250 D/mv2112_update_link( 0): 3.0x8109(100M): 0x8
01-01 00:17:22.250 D/mv2112_update_link( 0): link 0x4
01-01 00:17:22.250 D/mv2112_read_status( 0): autoneg is disabled
01-01 00:17:22.265 I/[schedu][0xc73307f1][16:56:22.502847] wlan( 0): [2797:I:OSIF] scan start scan id 40974
01-01 00:17:23.274 D/ ( 0): mv2112_read_status
01-01 00:17:23.274 D/mv2112_update_link( 0): 3.0x901(1G): 0x4
01-01 00:17:23.274 D/mv2112_update_link( 0): 3.0x8109(100M): 0x8
01-01 00:17:23.274 D/mv2112_update_link( 0): link 0x4
01-01 00:17:23.275 D/mv2112_read_status( 0): autoneg is disabled
01-01 00:17:23.423 I/[schedu][0xc88625bc][16:56:23.660362] wlan( 0): [2797:I:OSIF] vdev 0, scan id 40974 type COMPLETED(1) reason COMPLETED(1) scan found 61 bss
08-18 16:56:24.124 W/ContextImpl( 1152): Calling a method in the system process without a qualified user: android.app.ContextImpl.sendBroadcastMultiplePermissions:1206 android.content.Context.sendBroadcastWithMultiplePermissions:2262 com.android.server.wifi.WifiServiceImpl.broadcastWifiCredentialChanged:4925 com.android.server.wifi.WifiServiceImpl.lambda$forget$109:5067 com.android.server.wifi.WifiServiceImpl.$r8$lambda$WdoLbiwh44HopuCBPTcaSOWzrAY:0
01-01 00:17:23.928 I/btfm_slim_hw_init( 0): PGD Enum Addr: 00:01:20:02:17: 02
01-01 00:17:23.928 I/btfm_slim_hw_init( 0): IFD Enum Addr: 00:00:20:02:17: 02
01-01 00:17:23.928 I/btfm_slim_hw_init( 0): chipset soc version:400a0200
01-01 00:17:23.928 I/btfm_slim_hw_init( 0): chipset is hastings 2.0, overwriting EA
01-01 00:17:23.928 I/btfm_slim_hw_init( 0): PGD Enum Addr: 00:01:20:02:17: 02
01-01 00:17:23.928 I/btfm_slim_hw_init( 0): IFD Enum Addr: 00:00:20:02:17: 02
01-01 00:17:23.928 I/btfm_slim_alloc_port( 0): chipset soc version:400a0200
08-18 16:56:24.172 W/ActivityTaskManager( 1152): Duplicate finish request for r=ActivityRecord{79b6ebc u0 com.android.settings/.SubSettings t17 f}}
01-01 00:17:23.945 I/btfm_slim_enable_ch( 0): chipset soc version:400a0200
01-01 00:17:23.945 I/btfm_slim_enable_ch( 0): channel define - prot:2, dataf:0, auxf:0
01-01 00:17:23.945 I/btfm_slim_enable_ch( 0): channel define - rates:44100, baser:2, ratem:4
01-01 00:17:23.946 I/btfm_slim_enable_ch( 0): slim_connect_sink(port: 16, ch: 157)
01-01 00:17:23.946 I/btfm_slim_enable_ch( 0): port: 16, ch: 157, grp: 0, ch->grph: 0x0, ch_hdl: 0x1d
01-01 00:17:23.947 I/__afe_port_start( 0): port id: 0x400e
01-01 00:17:23.947 I/afe_find_cal_topo_id_by_port( 0): port id: 0x400e, dev_acdb_id: 20
01-01 00:17:23.947 I/afe_find_cal_topo_id_by_port( 0): top_id:112fc acdb_id:20 afe_port_id:0x400e
01-01 00:17:23.947 I/afe_get_cal_topology_id( 0): port_id = 0x400e acdb_id = 20 topology_id = 0x112fc cal_type_index=8 ret=0
01-01 00:17:23.947 I/afe_send_port_topology_id( 0): AFE set topology id 0x112fc enable for port 0x400e ret 0
01-01 00:17:23.948 I/send_afe_cal_type( 0): cal_index is 0
01-01 00:17:23.948 I/send_afe_cal_type( 0): dev_acdb_id[119] is 20
01-01 00:17:23.948 I/afe_find_cal( 0): cal_index 0 port_id 0x400e port_index 119
01-01 00:17:23.948 I/afe_find_cal( 0): acdb_id 20 dev_acdb_id 20 sample_rate 48000 afe_sample_rates 44100
01-01 00:17:23.948 I/afe_find_cal( 0): no matching cal_block found
01-01 00:17:23.948 E/ ( 0): send_afe_cal_type cal_block not found!!
01-01 00:17:23.953 I/afe_send_hw_delay( 0): port_id 0x400e rate 44100 delay_usec 0 status 0
01-01 00:17:24.061 I/[schedu][0xc9412f1c][16:56:24.298780] wlan( 0): [2797:I:OSIF] scan start scan id 40975
01-01 00:17:24.297 D/ ( 0): mv2112_read_status
01-01 00:17:24.298 D/mv2112_update_link( 0): 3.0x901(1G): 0x4
01-01 00:17:24.298 D/mv2112_update_link( 0): 3.0x8109(100M): 0x8
01-01 00:17:24.298 D/mv2112_update_link( 0): link 0x4
01-01 00:17:24.298 D/mv2112_read_status( 0): autoneg is disabled
01-01 00:17:25.055 I/[schedu][0xca645cfb][16:56:25.292672] wlan( 0): [2797:I:OSIF] vdev 0, scan id 40975 type COMPLETED(1) reason COMPLETED(1) scan found 54 bss
01-01 00:17:25.322 D/ ( 0): mv2112_read_status
01-01 00:17:25.322 D/mv2112_update_link( 0): 3.0x901(1G): 0x4
01-01 00:17:25.322 D/mv2112_update_link( 0): 3.0x8109(100M): 0x8
01-01 00:17:25.322 D/mv2112_update_link( 0): link 0x4
01-01 00:17:25.322 D/mv2112_read_status( 0): autoneg is disabled
01-01 00:17:26.346 D/ ( 0): mv2112_read_status
01-01 00:17:26.346 D/mv2112_update_link( 0): 3.0x901(1G): 0x4
01-01 00:17:26.347 D/mv2112_update_link( 0): 3.0x8109(100M): 0x8
01-01 00:17:26.347 D/mv2112_update_link( 0): link 0x4
01-01 00:17:26.347 D/mv2112_read_status( 0): autoneg is disabled
01-01 00:17:26.762 I/init ( 0): starting service 'qvrd_vndr'...
01-01 00:17:26.767 I/init ( 0): Created socket '/dev/socket/qvrservice_vndr', mode 660, user 1000, group 1000
01-01 00:17:26.770 I/init ( 0): Created socket '/dev/socket/qvrservice_vndr_camera', mode 660, user 1000, group 1000
01-01 00:17:26.808 I/init ( 0): starting service 'sxrd'...
01-01 00:17:26.825 I/init ( 0): starting service 'vendor.light-hal-2-0'...
08-18 16:56:27.076 F/linker ( 4471): CANNOT LINK EXECUTABLE "/vendor/bin/hw/qvrservice": library "vendor.qti.hardware.qxr-V1-ndk_platform.so" not found: needed by /vendor/lib64/libqvrservice.so in namespace (default)
01-01 00:17:26.843 I/init ( 0): Service 'qvrd_vndr' (pid 4471) exited with status 1
08-18 16:56:27.085 F/linker ( 4472): CANNOT LINK EXECUTABLE "/vendor/bin/hw/sxrservice": library "vendor.qti.hardware.qxr-V1-ndk_platform.so" not found: needed by main executable
01-01 00:17:26.844 I/init ( 0): Sending signal 9 to service 'qvrd_vndr' (pid 4471) process group...
01-01 00:17:26.844 I/libprocessgroup( 0): Successfully killed process cgroup uid 1000 pid 4471 in 0ms
01-01 00:17:26.849 I/init ( 0): Service 'sxrd' (pid 4472) exited with status 1
01-01 00:17:26.849 I/init ( 0): Sending signal 9 to service 'sxrd' (pid 4472) process group...
01-01 00:17:27.370 D/ ( 0): mv2112_read_status
01-01 00:17:27.370 D/mv2112_update_link( 0): 3.0x901(1G): 0x4
01-01 00:17:27.370 D/mv2112_update_link( 0): 3.0x8109(100M): 0x8
01-01 00:17:27.370 D/mv2112_update_link( 0): link 0x4
01-01 00:17:27.370 D/mv2112_read_status( 0): autoneg is disabled
08-18 16:56:27.648 E/TaskPersister( 1152): File error accessing recents directory (directory doesn't exist?).
01-01 00:17:27.412 I/afe_close( 0): port_id = 0x400e
01-01 00:17:27.419 I/btfm_slim_disable_ch( 0): port:16, grp: 0, ch->grph:0x0, ch->ch_hdl:0x1d
01-01 00:17:28.394 D/ ( 0): mv2112_read_status
01-01 00:17:28.394 D/mv2112_update_link( 0): 3.0x901(1G): 0x4
01-01 00:17:28.394 D/mv2112_update_link( 0): 3.0x8109(100M): 0x8
01-01 00:17:28.394 D/mv2112_update_link( 0): link 0x4
01-01 00:17:28.394 D/mv2112_read_status( 0): autoneg is disabled
01-01 00:17:29.418 D/ ( 0): mv2112_read_status
01-01 00:17:29.418 D/mv2112_update_link( 0): 3.0x901(1G): 0x4
01-01 00:17:29.418 D/mv2112_update_link( 0): 3.0x8109(100M): 0x8
01-01 00:17:29.418 D/mv2112_update_link( 0): link 0x4
01-01 00:17:29.418 D/mv2112_read_status( 0): autoneg is disabled
08-18 16:56:29.746 I/ActivityTaskManager( 1152): START u0 {act=android.intent.action.MAIN cmp=com.android.settings/.SubSettings (has extras)} from uid 1000
08-18 16:56:29.777 I/ActivityTaskManager( 1152): The Process com.android.settings Already Exists in BG. So sending its PID: 2359
08-18 16:56:29.778 W/ActivityTaskManager( 1152): Tried to set launchTime (0) < mLastActivityLaunchTime (157598)
01-01 00:17:29.614 I/btfm_slim_hw_init( 0): PGD Enum Addr: 00:01:20:02:17: 02
01-01 00:17:29.614 I/btfm_slim_hw_init( 0): IFD Enum Addr: 00:00:20:02:17: 02
01-01 00:17:29.614 I/btfm_slim_hw_init( 0): chipset soc version:400a0200
01-01 00:17:29.614 I/btfm_slim_hw_init( 0): chipset is hastings 2.0, overwriting EA
01-01 00:17:29.614 I/btfm_slim_hw_init( 0): PGD Enum Addr: 00:01:20:02:17: 02
01-01 00:17:29.614 I/btfm_slim_hw_init( 0): IFD Enum Addr: 00:00:20:02:17: 02
01-01 00:17:29.614 I/btfm_slim_alloc_port( 0): chipset soc version:400a0200
01-01 00:17:29.626 I/btfm_slim_enable_ch( 0): chipset soc version:400a0200
01-01 00:17:29.626 I/btfm_slim_enable_ch( 0): channel define - prot:2, dataf:0, auxf:0
01-01 00:17:29.626 I/btfm_slim_enable_ch( 0): channel define - rates:44100, baser:2, ratem:4
01-01 00:17:29.626 I/btfm_slim_enable_ch( 0): slim_connect_sink(port: 16, ch: 157)
01-01 00:17:29.627 I/btfm_slim_enable_ch( 0): port: 16, ch: 157, grp: 0, ch->grph: 0x0, ch_hdl: 0x1d
01-01 00:17:29.628 I/__afe_port_start( 0): port id: 0x400e
01-01 00:17:29.628 I/afe_find_cal_topo_id_by_port( 0): port id: 0x400e, dev_acdb_id: 20
01-01 00:17:29.628 I/afe_find_cal_topo_id_by_port( 0): top_id:112fc acdb_id:20 afe_port_id:0x400e
01-01 00:17:29.628 I/afe_get_cal_topology_id( 0): port_id = 0x400e acdb_id = 20 topology_id = 0x112fc cal_type_index=8 ret=0
01-01 00:17:29.629 I/afe_send_port_topology_id( 0): AFE set topology id 0x112fc enable for port 0x400e ret 0
01-01 00:17:29.629 I/send_afe_cal_type( 0): cal_index is 0
01-01 00:17:29.629 I/send_afe_cal_type( 0): dev_acdb_id[119] is 20
01-01 00:17:29.629 I/afe_find_cal( 0): cal_index 0 port_id 0x400e port_index 119
01-01 00:17:29.629 I/afe_find_cal( 0): acdb_id 20 dev_acdb_id 20 sample_rate 48000 afe_sample_rates 44100
01-01 00:17:29.629 I/afe_find_cal( 0): no matching cal_block found
01-01 00:17:29.629 E/ ( 0): send_afe_cal_type cal_block not found!!
01-01 00:17:29.634 I/afe_send_hw_delay( 0): port_id 0x400e rate 44100 delay_usec 0 status 0
08-18 16:56:29.897 W/OverlayManager( 1152): service 'idmap' died
08-18 16:56:29.900 D/PackageManager( 1152): Instant App installer not found with android.intent.action.INSTALL_INSTANT_APP_PACKAGE
08-18 16:56:29.900 D/PackageManager( 1152): Clear ephemeral installer activity
08-18 16:56:29.950 D/PackageManager( 1152): Instant App installer not found with android.intent.action.INSTALL_INSTANT_APP_PACKAGE
08-18 16:56:29.950 D/PackageManager( 1152): Clear ephemeral installer activity
01-01 00:17:29.736 I/[schedu][0xcfbf968b][16:56:29.973119] wlan( 0): [2797:I:OSIF] scan start scan id 40976
01-01 00:17:30.442 D/ ( 0): mv2112_read_status
01-01 00:17:30.442 D/mv2112_update_link( 0): 3.0x901(1G): 0x4
01-01 00:17:30.443 D/mv2112_update_link( 0): 3.0x8109(100M): 0x8
01-01 00:17:30.443 D/mv2112_update_link( 0): link 0x4
01-01 00:17:30.443 D/mv2112_read_status( 0): autoneg is disabled
08-18 16:56:30.916 D/CompanionDeviceManagerService( 1152): onPackageModified(packageName = com.android.settings)
08-18 16:56:30.940 I/Telecom ( 1152): DefaultDialerCache: Refreshing default dialer for user 0: now null: DDC.oR@ADQ
01-01 00:17:30.726 I/[schedu][0xd0e1b64f][16:56:30.963411] wlan( 0): [2797:I:OSIF] vdev 0, scan id 40976 type COMPLETED(1) reason COMPLETED(1) scan found 55 bss
08-18 16:56:30.993 W/VoiceInteractionManager( 1152): no available voice recognition services found for user 0
01-01 00:17:30.770 I/binder ( 0): 4484:4484 ioctl 40046210 7fc1deb644 returned -22
01-01 00:17:31.466 D/ ( 0): mv2112_read_status
01-01 00:17:31.466 D/mv2112_update_link( 0): 3.0x901(1G): 0x4
01-01 00:17:31.467 D/mv2112_update_link( 0): 3.0x8109(100M): 0x8
01-01 00:17:31.467 D/mv2112_update_link( 0): link 0x4
01-01 00:17:31.467 D/mv2112_read_status( 0): autoneg is disabled
01-01 00:17:31.803 I/init ( 0): starting service 'qvrd_vndr'...
01-01 00:17:31.807 I/init ( 0): Created socket '/dev/socket/qvrservice_vndr', mode 660, user 1000, group 1000
01-01 00:17:31.811 I/init ( 0): Created socket '/dev/socket/qvrservice_vndr_camera', mode 660, user 1000, group 1000
01-01 00:17:31.847 I/init ( 0): starting service 'sxrd'...
01-01 00:17:31.864 I/init ( 0): starting service 'vendor.light-hal-2-0'...
08-18 16:56:32.124 F/linker ( 4492): CANNOT LINK EXECUTABLE "/vendor/bin/hw/sxrservice": library "vendor.qti.hardware.qxr-V1-ndk_platform.so" not found: needed by main executable
08-18 16:56:32.124 F/linker ( 4491): CANNOT LINK EXECUTABLE "/vendor/bin/hw/qvrservice": library "vendor.qti.hardware.qxr-V1-ndk_platform.so" not found: needed by /vendor/lib64/libqvrservice.so in namespace (default)
01-01 00:17:31.889 I/init ( 0): Service 'qvrd_vndr' (pid 4491) exited with status 1
01-01 00:17:31.889 I/init ( 0): Sending signal 9 to service 'qvrd_vndr' (pid 4491) process group...
01-01 00:17:31.889 I/libprocessgroup( 0): Successfully killed process cgroup uid 1000 pid 4491 in 0ms
01-01 00:17:31.892 I/init ( 0): Service 'sxrd' (pid 4492) exited with status 1
01-01 00:17:31.892 I/init ( 0): Sending signal 9 to service 'sxrd' (pid 4492) process group...
01-01 00:17:32.490 D/ ( 0): mv2112_read_status
01-01 00:17:32.490 D/mv2112_update_link( 0): 3.0x901(1G): 0x4
01-01 00:17:32.491 D/mv2112_update_link( 0): 3.0x8109(100M): 0x8
01-01 00:17:32.491 D/mv2112_update_link( 0): link 0x4
01-01 00:17:32.491 D/mv2112_read_status( 0): autoneg is disabled
08-18 16:56:32.793 E/TaskPersister( 1152): File error accessing recents directory (directory doesn't exist?).
01-01 00:17:33.514 D/ ( 0): mv2112_read_status
01-01 00:17:33.514 D/mv2112_update_link( 0): 3.0x901(1G): 0x4
01-01 00:17:33.515 D/mv2112_update_link( 0): 3.0x8109(100M): 0x8
01-01 00:17:33.515 D/mv2112_update_link( 0): link 0x4
01-01 00:17:33.515 D/mv2112_read_status( 0): autoneg is disabled
01-01 00:17:34.538 D/ ( 0): mv2112_read_status
01-01 00:17:34.538 D/mv2112_update_link( 0): 3.0x901(1G): 0x4
01-01 00:17:34.539 D/mv2112_update_link( 0): 3.0x8109(100M): 0x8
01-01 00:17:34.539 D/mv2112_update_link( 0): link 0x4
01-01 00:17:34.539 D/mv2112_read_status( 0): autoneg is disabled
01-01 00:17:35.562 D/ ( 0): mv2112_read_status
01-01 00:17:35.563 D/mv2112_update_link( 0): 3.0x901(1G): 0x4
01-01 00:17:35.563 D/mv2112_update_link( 0): 3.0x8109(100M): 0x8
01-01 00:17:35.563 D/mv2112_update_link( 0): link 0x4
01-01 00:17:35.563 D/mv2112_read_status( 0): autoneg is disabled
01-01 00:17:36.586 D/ ( 0): mv2112_read_status
01-01 00:17:36.586 D/mv2112_update_link( 0): 3.0x901(1G): 0x4
01-01 00:17:36.587 D/mv2112_update_link( 0): 3.0x8109(100M): 0x8
01-01 00:17:36.587 D/mv2112_update_link( 0): link 0x4
01-01 00:17:36.587 D/mv2112_read_status( 0): autoneg is disabled
01-01 00:17:36.846 I/init ( 0): starting service 'qvrd_vndr'...
01-01 00:17:36.849 I/init ( 0): Created socket '/dev/socket/qvrservice_vndr', mode 660, user 1000, group 1000
01-01 00:17:36.851 I/init ( 0): Created socket '/dev/socket/qvrservice_vndr_camera', mode 660, user 1000, group 1000
01-01 00:17:36.884 I/init ( 0): starting service 'sxrd'...
01-01 00:17:36.913 I/init ( 0): starting service 'vendor.light-hal-2-0'...
08-18 16:56:37.159 F/linker ( 4511): CANNOT LINK EXECUTABLE "/vendor/bin/hw/qvrservice": library "vendor.qti.hardware.qxr-V1-ndk_platform.so" not found: needed by /vendor/lib64/libqvrservice.so in namespace (default)
01-01 00:17:36.931 I/init ( 0): Service 'qvrd_vndr' (pid 4511) exited with status 1
01-01 00:17:36.931 I/init ( 0): Sending signal 9 to service 'qvrd_vndr' (pid 4511) process group...
01-01 00:17:36.931 I/libprocessgroup( 0): Successfully killed process cgroup uid 1000 pid 4511 in 0ms
08-18 16:56:37.185 F/linker ( 4513): CANNOT LINK EXECUTABLE "/vendor/bin/hw/sxrservice": library "vendor.qti.hardware.qxr-V1-ndk_platform.so" not found: needed by main executable
01-01 00:17:36.949 I/init ( 0): Service 'sxrd' (pid 4513) exited with status 1
01-01 00:17:36.949 I/init ( 0): Sending signal 9 to service 'sxrd' (pid 4513) process group...
01-01 00:17:37.610 D/ ( 0): mv2112_read_status
01-01 00:17:37.610 D/mv2112_update_link( 0): 3.0x901(1G): 0x4
01-01 00:17:37.611 D/mv2112_update_link( 0): 3.0x8109(100M): 0x8
01-01 00:17:37.611 D/mv2112_update_link( 0): link 0x4
01-01 00:17:37.611 D/mv2112_read_status( 0): autoneg is disabled
08-18 16:56:38.678 W/ContextImpl( 1152): Calling a method in the system process without a qualified user: android.app.ContextImpl.sendBroadcastMultiplePermissions:1206 android.content.Context.sendBroadcastWithMultiplePermissions:2262 com.android.server.wifi.WifiServiceImpl.broadcastWifiCredentialChanged:4925 com.android.server.wifi.WifiServiceImpl.lambda$connect$106:4975 com.android.server.wifi.WifiServiceImpl.$r8$lambda$k_VbQ0XctrStvVsieclZczsvs-g:0
01-01 00:17:38.543 I/[schedu][0xd9d3c236][16:56:38.780101] wlan( 0): [2797:I:HIF] Deinitializing Runtime PM wakelock &vdev->vdev_set_key_runtime_wakelock
01-01 00:17:38.547 I/[schedu][0xd9d50f39][16:56:38.784541] wlan( 0): [2797:I:HIF] Initializing Runtime PM wakelock &vdev->vdev_set_key_runtime_wakelock
01-01 00:17:38.634 D/ ( 0): mv2112_read_status
01-01 00:17:38.634 D/mv2112_update_link( 0): 3.0x901(1G): 0x4
01-01 00:17:38.634 D/mv2112_update_link( 0): 3.0x8109(100M): 0x8
01-01 00:17:38.634 D/mv2112_update_link( 0): link 0x4
01-01 00:17:38.634 D/mv2112_read_status( 0): autoneg is disabled
08-18 16:56:38.900 D/android.hardware.wifi@1.0-service( 951): Successfully SetMacAddress.
01-01 00:17:38.664 I/[wifi@1][0xd9f740ce][16:56:38.901254] wlan( 0): [951:I:DP] dp_vdev_attach_wifi3: wlan_cfg_ap_bridge_enabled 0
08-18 16:56:38.923 W/wificond( 1298): Scan is not started. Ignore abort request
01-01 00:17:38.685 E/[wifi@1][0xd9fd707b][16:56:38.922371] wlan( 0): [4318:E:wifipos] wifi_pos_process_app_reg_req: 608: Received App Req Req pid(-255851593), len(16)
01-01 00:17:38.703 I/[wifi@1][0xda02a519][16:56:38.940139] wlan( 0): [4318:I:wifipos] wifi_pos_get_ch_info: 461: num channels: 26
01-01 00:17:38.706 I/[wifi@1][0xda038ac7][16:56:38.943202] wlan( 0): [4318:I:wifipos] wifi_pos_get_ch_info: 461: num channels: 26
01-01 00:17:38.766 I/[wpa_su][0xda152692][16:56:39.003304] wlan( 0): [4322:I:SME] vdev-0: Connecting to “邹涛”的 iPhone 02:34:e7:ff:ad:86 rssi: -38 freq: 5745 akm 3 cipher: uc 6 mc 6, CC:
01-01 00:17:38.766 E/[wpa_su][0xda1532f0][16:56:39.003469] wlan( 0): [4322:E:QDF] qdf_mem_malloc_debug: 1206: Cannot malloc 0 bytes @ csr_get_cfg_max_tx_power:14199
01-01 00:17:38.782 I/[schedu][0xda19cb67][16:56:39.019155] wlan( 0): [2797:I:WMI] send_vdev_start_cmd_tlv: 1062: send_vdev_start_cmd_tlv: vdev_id 0 freq 5745 chanmode 18 ch_info: 0x12 is_dfs 0 beacon interval 100 dtim 0 center_chan 5775 center_freq2 0 reg_info_1: 0x180000 reg_info_2: 0x1800, req->max_txpow: 0x18 Tx SS 1, Rx SS 1, ldpc_rx: 0, cac 0, regd 4, HE ops: 0req->dis_hw_ack: 0
01-01 00:17:38.891 I/[soft_i][0xda39a595][16:56:39.127878] wlan( 0): [0:I:TXRX] HTT_T2H_MSG_TYPE_PEER_MAP msg for peer id 17 vdev id 0 n
01-01 00:17:38.891 E/[soft_i][0xda39a7c5][16:56:39.127907] wlan( 0): [0:E:DP] dp_peer_find_add_id: peer fffffff187a60000 ID 17 vid 0 mac 02:34:e7:ff:ad:86
01-01 00:17:38.903 E/[wifico][0xda3d4587][16:56:39.140252] wlan( 0): [1298:E:HDD] __wlan_hdd_cfg80211_scan: 572: Scan not allowed. scan_ebusy_cnt: 2 Session 0 Reason 1
01-01 00:17:38.904 I/[soft_i][0xda3d857a][16:56:39.141103] wlan( 0): [0:I:DP] dp_peer_find_add_id: ref_cnt: 2
01-01 00:17:38.918 E/[soft_i][0xda41a52a][16:56:39.155179] wlan( 0): [0:E:DP] dp_peer_map_ast: peer fffffff187a60000 ID 89 vid 0 mac 02:34:e7:ff:ad:86
08-18 16:56:39.155 E/wificond( 1298): NL80211_CMD_TRIGGER_SCAN failed: Device or resource busy
01-01 00:17:39.013 I/[schedu][0xda5d87d9][16:56:39.250363] wlan( 0): [2797:I:PE] Auth TX: success
01-01 00:17:39.658 D/ ( 0): mv2112_read_status
01-01 00:17:39.658 D/mv2112_update_link( 0): 3.0x901(1G): 0x4
01-01 00:17:39.659 D/mv2112_update_link( 0): 3.0x8109(100M): 0x8
01-01 00:17:39.659 D/mv2112_update_link( 0): link 0x4
01-01 00:17:39.659 D/mv2112_read_status( 0): autoneg is disabled
01-01 00:17:40.012 I/[schedu][0xdb822728][16:56:40.249180] wlan( 0): [2797:I:PE] Auth TX: success
01-01 00:17:40.141 I/[schedu][0xdba810c8][16:56:40.378589] wlan( 0): [2797:I:PE] Auth RX: vdev 0 sys role 3 lim_state 29 from 02:34:e7:ff:ad:86 rssi -38 auth_alg 3 seq 2533
01-01 00:17:40.141 I/[schedu][0xdba82308][16:56:40.378832] wlan( 0): [2797:I:PE] SAE Auth RX type 0 subtype 11 from 02:34:e7:ff:ad:86
01-01 00:17:40.172 I/[schedu][0xdbb12d7a][16:56:40.409691] wlan( 0): [2797:I:PE] Assoc req TX: vdev 0 to 02:34:e7:ff:ad:86 seq num 2056
01-01 00:17:40.176 I/[schedu][0xdbb237f3][16:56:40.413244] wlan( 0): [2797:I:PE] Assoc req TX: success
01-01 00:17:40.182 I/[schedu][0xdbb41cc5][16:56:40.419709] wlan( 0): [2797:I:PE] Assoc rsp RX: subtype 0 vdev 0 sys role 3 lim state 10 rssi -38 from 02:34:e7:ff:ad:86
01-01 00:17:40.199 E/[schedu][0xdbb8f0f4][16:56:40.436191] wlan( 0): [2797:E:QDF] qdf_mem_malloc_debug: 1206: Cannot malloc 0 bytes @ csr_get_cfg_max_tx_power:14199
01-01 00:17:40.214 E/[schedu][0xdbbd4efd][16:56:40.451098] wlan( 0): [2797:E:QDF] qdf_mem_malloc_debug: 1206: Cannot malloc 0 bytes @ csr_get_cfg_max_tx_power:14199
01-01 00:17:40.233 E/[soft_i][0xdbc2d633][16:56:40.469966] wlan( 0): [0:E:DP] dp_tx_initialize_threshold: tx flow control threshold is set, pool size is 4096
01-01 00:17:40.249 I/[schedu][0xdbc78e56][16:56:40.486074] wlan( 0): [2797:I:HDD] wlan0(vdevid-0): ea:42:a8:1e:20:64 connected to 02:34:e7:ff:ad:86
01-01 00:17:40.275 I/[dp_rx_][0xdbcf21e9][16:56:40.511938] wlan( 0): [2868:I:QDF] EAPOL-1 RX: SA:02:34:e7:ff:ad:86 DA:ea:42:a8:1e:20:64
01-01 00:17:40.297 I/[soft_i][0xdbd5b9e9][16:56:40.534442] wlan( 0): [0:I:QDF] EAPOL-2 TX: SA:ea:42:a8:1e:20:64 DA:02:34:e7:ff:ad:86 msdu_id:0 status: succ
01-01 00:17:40.309 I/[dp_rx_][0xdbd929b1][16:56:40.546174] wlan( 0): [2868:I:QDF] EAPOL-3 RX: SA:02:34:e7:ff:ad:86 DA:ea:42:a8:1e:20:64
01-01 00:17:40.313 I/[soft_i][0xdbda5772][16:56:40.550196] wlan( 0): [0:I:QDF] EAPOL-4 TX: SA:ea:42:a8:1e:20:64 DA:02:34:e7:ff:ad:86 msdu_id:0 status: succ
01-01 00:17:40.336 E/[schedu][0xdbe116a8][16:56:40.573226] wlan( 0): [2797:E:QDF] qdf_mem_malloc_debug: 1206: Cannot malloc 0 bytes @ csr_get_cfg_max_tx_power:14199
01-01 00:17:40.366 I/[schedu][0xdbe9ee25][16:56:40.603405] wlan( 0): [2797:I:WMI] LFR3:OKC enabled
01-01 00:17:40.366 I/[schedu][0xdbe9eeff][16:56:40.603416] wlan( 0): [2797:I:WMI] LFR3:PMKSA caching enabled
01-01 00:17:40.551 E/[wifi@1][0xdc2021e0][16:56:40.788415] wlan( 0): [951:E:HDD] hdd_enable_ns_offload: 484: Failed to cache ns request; status:4
01-01 00:17:40.655 I/[soft_i][0xdc3e94f4][16:56:40.892350] wlan( 0): [0:I:QDF] DHCP-D TX: SA:ea:42:a8:1e:20:64 DA:ff:ff:ff:ff:ff:ff msdu_id:1 status: succ
01-01 00:17:40.657 I/[dp_rx_][0xdc3f4321][16:56:40.894673] wlan( 0): [2868:I:QDF] DHCP-D RX: SA:ea:42:a8:1e:20:64 DA:ff:ff:ff:ff:ff:ff
01-01 00:17:40.682 D/ ( 0): mv2112_read_status
01-01 00:17:40.682 D/mv2112_update_link( 0): 3.0x901(1G): 0x4
01-01 00:17:40.682 D/mv2112_update_link( 0): 3.0x8109(100M): 0x8
01-01 00:17:40.682 D/mv2112_update_link( 0): link 0x4
01-01 00:17:40.682 D/mv2112_read_status( 0): autoneg is disabled
01-01 00:17:40.720 I/[dp_rx_][0xdc5191e9][16:56:40.957165] wlan( 0): [2868:I:QDF] DHCP-O RX: SA:4e:79:75:ea:55:64 DA:ea:42:a8:1e:20:64
01-01 00:17:40.736 I/[soft_i][0xdc5654f0][16:56:40.973420] wlan( 0): [0:I:QDF] DHCP-R TX: SA:ea:42:a8:1e:20:64 DA:ff:ff:ff:ff:ff:ff msdu_id:1 status: succ
01-01 00:17:40.738 I/[dp_rx_][0xdc57013c][16:56:40.975715] wlan( 0): [2868:I:QDF] DHCP-R RX: SA:ea:42:a8:1e:20:64 DA:ff:ff:ff:ff:ff:ff
01-01 00:17:40.741 I/[dp_rx_][0xdc57e66c][16:56:40.978771] wlan( 0): [2868:I:QDF] DHCP-A RX: SA:4e:79:75:ea:55:64 DA:ea:42:a8:1e:20:64
08-18 16:56:41.046 W/OverlayManager( 1152): service 'idmap' died
01-01 00:17:40.929 I/[soft_i][0xdc8ec808][16:56:41.166097] wlan( 0): [0:I:DP] dp_addba_requestprocess_wifi3 restore BA win 64 based on addba req
01-01 00:17:40.936 I/[soft_i][0xdc90c887][16:56:41.172930] wlan( 0): [0:I:DP] dp_addba_requestprocess_wifi3 restore BA win 16 based on addba req
01-01 00:17:40.960 I/ ( 0): TlsVerify_101 (4531) used greatest stack depth: 9496 bytes left
01-01 00:17:41.672 I/afe_close( 0): port_id = 0x400e
01-01 00:17:41.680 I/btfm_slim_disable_ch( 0): port:16, grp: 0, ch->grph:0x0, ch->ch_hdl:0x1d
01-01 00:17:41.706 D/ ( 0): mv2112_read_status
01-01 00:17:41.706 D/mv2112_update_link( 0): 3.0x901(1G): 0x4
01-01 00:17:41.706 D/mv2112_update_link( 0): 3.0x8109(100M): 0x8
01-01 00:17:41.706 D/mv2112_update_link( 0): link 0x4
01-01 00:17:41.706 D/mv2112_read_status( 0): autoneg is disabled
01-01 00:17:41.874 I/init ( 0): starting service 'qvrd_vndr'...
01-01 00:17:41.878 I/init ( 0): Created socket '/dev/socket/qvrservice_vndr', mode 660, user 1000, group 1000
