08-18 16:54:46.857 D/CompatibilityChangeReporter( 1152): Compat change id reported: 143937733; UID 10081; state: ENABLED
08-18 16:54:46.909 W/ActivityManager( 1152): Slow operation: 53ms so far, now at startProcess: returned from zygote!
08-18 16:54:46.909 W/ActivityManager( 1152): Slow operation: 54ms so far, now at startProcess: done updating battery stats
08-18 16:54:46.909 W/ActivityManager( 1152): Slow operation: 54ms so far, now at startProcess: building log message
08-18 16:54:46.909 I/ActivityManager( 1152): Start proc 3723:com.android.camera2/u0a81 for broadcast {com.android.camera2/com.android.camera.SetActivitiesCameraReceiver}
08-18 16:54:46.909 W/ActivityManager( 1152): Slow operation: 54ms so far, now at startProcess: starting to update pids map
08-18 16:54:46.911 W/ActivityManager( 1152): Slow operation: 56ms so far, now at startProcess: done updating pids map
01-01 00:15:46.736 I/binder ( 0): 3723:3723 ioctl 40046210 7fc78c36c4 returned -22
08-18 16:54:46.984 D/CompatibilityChangeReporter( 1152): Compat change id reported: 168419799; UID 10081; state: DISABLED
08-18 16:54:47.224 D/CompatibilityChangeReporter( 1152): Compat change id reported: 168419799; UID 10141; state: DISABLED
08-18 16:54:47.231 D/CompatibilityChangeReporter( 1152): Compat change id reported: 135634846; UID 10073; state: DISABLED
08-18 16:54:47.231 D/CompatibilityChangeReporter( 1152): Compat change id reported: 177438394; UID 10073; state: DISABLED
08-18 16:54:47.232 D/CompatibilityChangeReporter( 1152): Compat change id reported: 135772972; UID 10073; state: DISABLED
08-18 16:54:47.232 D/CompatibilityChangeReporter( 1152): Compat change id reported: 135754954; UID 10073; state: ENABLED
08-18 16:54:47.233 D/CompatibilityChangeReporter( 1152): Compat change id reported: 143937733; UID 10073; state: ENABLED
01-01 00:15:47.018 D/ ( 0): mv2112_read_status
01-01 00:15:47.018 D/mv2112_update_link( 0): 3.0x901(1G): 0x4
01-01 00:15:47.018 D/mv2112_update_link( 0): 3.0x8109(100M): 0x8
01-01 00:15:47.018 D/mv2112_update_link( 0): link 0x4
01-01 00:15:47.018 D/mv2112_read_status( 0): autoneg is disabled
08-18 16:54:47.292 W/ActivityManager( 1152): Slow operation: 61ms so far, now at startProcess: returned from zygote!
08-18 16:54:47.292 W/ActivityManager( 1152): Slow operation: 62ms so far, now at startProcess: done updating battery stats
08-18 16:54:47.292 W/ActivityManager( 1152): Slow operation: 62ms so far, now at startProcess: building log message
08-18 16:54:47.292 I/ActivityManager( 1152): Start proc 3745:com.android.contacts/u0a73 for broadcast {com.android.contacts/com.android.contacts.interactions.OnBootOrUpgradeReceiver}
08-18 16:54:47.292 W/ActivityManager( 1152): Slow operation: 62ms so far, now at startProcess: starting to update pids map
08-18 16:54:47.292 W/ActivityManager( 1152): Slow operation: 62ms so far, now at startProcess: done updating pids map
01-01 00:15:47.112 I/binder ( 0): 3745:3745 ioctl 40046210 7fc78c36c4 returned -22
08-18 16:54:47.355 D/CompatibilityChangeReporter( 1152): Compat change id reported: 168419799; UID 10073; state: DISABLED
08-18 16:54:47.592 D/CompatibilityChangeReporter( 1152): Compat change id reported: 168419799; UID 10096; state: DISABLED
08-18 16:54:47.680 D/CompatibilityChangeReporter( 1152): Compat change id reported: 135634846; UID 1000; state: DISABLED
08-18 16:54:47.680 D/CompatibilityChangeReporter( 1152): Compat change id reported: 177438394; UID 1000; state: DISABLED
08-18 16:54:47.680 D/CompatibilityChangeReporter( 1152): Compat change id reported: 135772972; UID 1000; state: DISABLED
08-18 16:54:47.681 D/CompatibilityChangeReporter( 1152): Compat change id reported: 135754954; UID 1000; state: ENABLED
08-18 16:54:47.726 W/ActivityManager( 1152): Slow operation: 52ms so far, now at startProcess: returned from zygote!
08-18 16:54:47.726 W/ActivityManager( 1152): Slow operation: 53ms so far, now at startProcess: done updating battery stats
08-18 16:54:47.726 W/ActivityManager( 1152): Slow operation: 53ms so far, now at startProcess: building log message
08-18 16:54:47.726 I/ActivityManager( 1152): Start proc 3768:com.android.dynsystem/1000 for broadcast {com.android.dynsystem/com.android.dynsystem.BootCompletedReceiver}
08-18 16:54:47.726 W/ActivityManager( 1152): Slow operation: 53ms so far, now at startProcess: starting to update pids map
08-18 16:54:47.727 W/ActivityManager( 1152): Slow operation: 53ms so far, now at startProcess: done updating pids map
01-01 00:15:47.549 I/binder ( 0): 3768:3768 ioctl 40046210 7fc78c36c4 returned -22
08-18 16:54:47.809 D/CompatibilityChangeReporter( 1152): Compat change id reported: 168419799; UID 1000; state: DISABLED
08-18 16:54:47.925 D/CompatibilityChangeReporter( 1152): Compat change id reported: 135634846; UID 1000; state: DISABLED
08-18 16:54:47.925 D/CompatibilityChangeReporter( 1152): Compat change id reported: 177438394; UID 1000; state: DISABLED
08-18 16:54:47.926 D/CompatibilityChangeReporter( 1152): Compat change id reported: 135772972; UID 1000; state: DISABLED
08-18 16:54:47.926 D/CompatibilityChangeReporter( 1152): Compat change id reported: 135754954; UID 1000; state: ENABLED
08-18 16:54:47.931 D/CompatibilityChangeReporter( 1152): Compat change id reported: 135634846; UID 10071; state: DISABLED
08-18 16:54:47.931 D/CompatibilityChangeReporter( 1152): Compat change id reported: 177438394; UID 10071; state: DISABLED
08-18 16:54:47.931 D/CompatibilityChangeReporter( 1152): Compat change id reported: 135772972; UID 10071; state: DISABLED
08-18 16:54:47.931 D/CompatibilityChangeReporter( 1152): Compat change id reported: 135754954; UID 10071; state: ENABLED
08-18 16:54:47.981 W/ActivityManager( 1152): Slow operation: 56ms so far, now at startProcess: returned from zygote!
08-18 16:54:47.981 W/ActivityManager( 1152): Slow operation: 57ms so far, now at startProcess: done updating battery stats
08-18 16:54:47.981 W/ActivityManager( 1152): Slow operation: 57ms so far, now at startProcess: building log message
08-18 16:54:47.981 I/ActivityManager( 1152): Start proc 3795:com.android.dynsystem:dynsystem/1000 for service {com.android.dynsystem/com.android.dynsystem.DynamicSystemInstallationService}
08-18 16:54:47.981 W/ActivityManager( 1152): Slow operation: 57ms so far, now at startProcess: starting to update pids map
08-18 16:54:47.982 W/ActivityManager( 1152): Slow operation: 57ms so far, now at startProcess: done updating pids map
08-18 16:54:47.982 W/ActivityManager( 1152): Slow operation: 52ms so far, now at startProcess: asking zygote to start proc
08-18 16:54:47.982 D/CompatibilityChangeReporter( 1152): Compat change id reported: 143937733; UID 10071; state: ENABLED
08-18 16:54:47.999 I/Telecom ( 1152): WiredHeadsetManager: ACTION_HEADSET_PLUG event, plugged in: false, : WHC.oADA@AC8
08-18 16:54:48.021 W/ActivityManager( 1152): Slow operation: 92ms so far, now at startProcess: returned from zygote!
08-18 16:54:48.021 W/ActivityManager( 1152): Slow operation: 92ms so far, now at startProcess: done updating battery stats
08-18 16:54:48.021 W/ActivityManager( 1152): Slow operation: 92ms so far, now at startProcess: building log message
08-18 16:54:48.021 I/ActivityManager( 1152): Start proc 3804:com.android.imsserviceentitlement/u0a71 for broadcast {com.android.imsserviceentitlement/com.android.imsserviceentitlement.fcm.FcmRegistrationReceiver}
08-18 16:54:48.021 W/ActivityManager( 1152): Slow operation: 92ms so far, now at startProcess: starting to update pids map
08-18 16:54:48.022 W/ActivityManager( 1152): Slow operation: 92ms so far, now at startProcess: done updating pids map
01-01 00:15:47.792 I/binder ( 0): 3795:3795 ioctl 40046210 7fc78c36c4 returned -22
01-01 00:15:47.860 I/binder ( 0): 3804:3804 ioctl 40046210 7fc78c36c4 returned -22
08-18 16:54:48.108 D/CompatibilityChangeReporter( 1152): Compat change id reported: 168419799; UID 10071; state: DISABLED
08-18 16:54:48.132 I/DynamicSystemService( 1152): isInstalled(): false
01-01 00:15:48.042 D/ ( 0): mv2112_read_status
01-01 00:15:48.042 D/mv2112_update_link( 0): 3.0x901(1G): 0x4
01-01 00:15:48.043 D/mv2112_update_link( 0): 3.0x8109(100M): 0x8
01-01 00:15:48.043 D/mv2112_update_link( 0): link 0x4
01-01 00:15:48.043 D/mv2112_read_status( 0): autoneg is disabled
08-18 16:54:48.317 D/CompatibilityChangeReporter( 1152): Compat change id reported: 168419799; UID 10085; state: DISABLED
08-18 16:54:48.330 I/ActivityManager( 1152): com.android.managedprovisioning is exempt from freezer
08-18 16:54:48.331 D/CompatibilityChangeReporter( 1152): Compat change id reported: 135634846; UID 10032; state: DISABLED
08-18 16:54:48.331 D/CompatibilityChangeReporter( 1152): Compat change id reported: 177438394; UID 10032; state: DISABLED
08-18 16:54:48.331 D/CompatibilityChangeReporter( 1152): Compat change id reported: 135772972; UID 10032; state: DISABLED
08-18 16:54:48.331 D/CompatibilityChangeReporter( 1152): Compat change id reported: 135754954; UID 10032; state: ENABLED
08-18 16:54:48.332 D/CompatibilityChangeReporter( 1152): Compat change id reported: 143937733; UID 10032; state: ENABLED
08-18 16:54:48.387 W/ActivityManager( 1152): Slow operation: 58ms so far, now at startProcess: returned from zygote!
08-18 16:54:48.387 W/ActivityManager( 1152): Slow operation: 58ms so far, now at startProcess: done updating battery stats
08-18 16:54:48.387 W/ActivityManager( 1152): Slow operation: 58ms so far, now at startProcess: building log message
08-18 16:54:48.388 I/ActivityManager( 1152): Start proc 3831:com.android.managedprovisioning/u0a32 for broadcast {com.android.managedprovisioning/com.android.managedprovisioning.BootReminder}
08-18 16:54:48.388 W/ActivityManager( 1152): Slow operation: 58ms so far, now at startProcess: starting to update pids map
08-18 16:54:48.388 W/ActivityManager( 1152): Slow operation: 58ms so far, now at startProcess: done updating pids map
01-01 00:15:48.214 I/binder ( 0): 3831:3831 ioctl 40046210 7fc78c36c4 returned -22
08-18 16:54:48.490 D/CompatibilityChangeReporter( 1152): Compat change id reported: 168419799; UID 10032; state: DISABLED
08-18 16:54:48.777 D/CompatibilityChangeReporter( 1152): Compat change id reported: 135634846; UID 10102; state: DISABLED
08-18 16:54:48.777 D/CompatibilityChangeReporter( 1152): Compat change id reported: 177438394; UID 10102; state: DISABLED
08-18 16:54:48.778 D/CompatibilityChangeReporter( 1152): Compat change id reported: 135772972; UID 10102; state: DISABLED
08-18 16:54:48.778 D/CompatibilityChangeReporter( 1152): Compat change id reported: 135754954; UID 10102; state: ENABLED
08-18 16:54:48.779 D/CompatibilityChangeReporter( 1152): Compat change id reported: 143937733; UID 10102; state: ENABLED
08-18 16:54:48.824 I/ActivityManager( 1152): Start proc 3852:com.android.mms/u0a102 for broadcast {com.android.mms/com.android.mms.transaction.SmsReceiver}
01-01 00:15:48.644 I/binder ( 0): 3852:3852 ioctl 40046210 7fc78c36c4 returned -22
08-18 16:54:48.896 D/CompatibilityChangeReporter( 1152): Compat change id reported: 168419799; UID 10102; state: DISABLED
08-18 16:54:49.248 D/CompatibilityChangeReporter( 1152): Compat change id reported: 168419799; UID 10030; state: DISABLED
08-18 16:54:49.257 D/CompatibilityChangeReporter( 1152): Compat change id reported: 168419799; UID 1027; state: DISABLED
08-18 16:54:49.261 D/CompatibilityChangeReporter( 1152): Compat change id reported: 135634846; UID 10069; state: DISABLED
08-18 16:54:49.261 D/CompatibilityChangeReporter( 1152): Compat change id reported: 177438394; UID 10069; state: DISABLED
08-18 16:54:49.262 D/CompatibilityChangeReporter( 1152): Compat change id reported: 135772972; UID 10069; state: DISABLED
08-18 16:54:49.262 D/CompatibilityChangeReporter( 1152): Compat change id reported: 135754954; UID 10069; state: ENABLED
08-18 16:54:49.262 D/CompatibilityChangeReporter( 1152): Compat change id reported: 143937733; UID 10069; state: ENABLED
01-01 00:15:49.066 D/ ( 0): mv2112_read_status
01-01 00:15:49.066 D/mv2112_update_link( 0): 3.0x901(1G): 0x4
01-01 00:15:49.066 D/mv2112_update_link( 0): 3.0x8109(100M): 0x8
01-01 00:15:49.066 D/mv2112_update_link( 0): link 0x4
01-01 00:15:49.066 D/mv2112_read_status( 0): autoneg is disabled
08-18 16:54:49.316 W/ActivityManager( 1152): Slow operation: 54ms so far, now at startProcess: returned from zygote!
08-18 16:54:49.316 W/ActivityManager( 1152): Slow operation: 55ms so far, now at startProcess: done updating battery stats
08-18 16:54:49.316 W/ActivityManager( 1152): Slow operation: 55ms so far, now at startProcess: building log message
08-18 16:54:49.316 I/ActivityManager( 1152): Start proc 3883:com.android.onetimeinitializer/u0a69 for broadcast {com.android.onetimeinitializer/com.android.onetimeinitializer.OneTimeInitializerReceiver}
08-18 16:54:49.316 W/ActivityManager( 1152): Slow operation: 55ms so far, now at startProcess: starting to update pids map
08-18 16:54:49.317 W/ActivityManager( 1152): Slow operation: 55ms so far, now at startProcess: done updating pids map
01-01 00:15:49.135 I/binder ( 0): 3883:3883 ioctl 40046210 7fc78c36c4 returned -22
08-18 16:54:49.386 D/CompatibilityChangeReporter( 1152): Compat change id reported: 168419799; UID 10069; state: DISABLED
08-18 16:54:49.547 I/ActivityManager( 1152): com.android.packageinstaller is exempt from freezer
08-18 16:54:49.547 D/CompatibilityChangeReporter( 1152): Compat change id reported: 135634846; UID 10038; state: DISABLED
08-18 16:54:49.548 D/CompatibilityChangeReporter( 1152): Compat change id reported: 177438394; UID 10038; state: DISABLED
08-18 16:54:49.548 D/CompatibilityChangeReporter( 1152): Compat change id reported: 135772972; UID 10038; state: DISABLED
08-18 16:54:49.548 D/CompatibilityChangeReporter( 1152): Compat change id reported: 135754954; UID 10038; state: ENABLED
08-18 16:54:49.549 D/CompatibilityChangeReporter( 1152): Compat change id reported: 143937733; UID 10038; state: ENABLED
08-18 16:54:49.612 W/ActivityManager( 1152): Slow operation: 65ms so far, now at startProcess: returned from zygote!
08-18 16:54:49.612 W/ActivityManager( 1152): Slow operation: 66ms so far, now at startProcess: done updating battery stats
08-18 16:54:49.612 W/ActivityManager( 1152): Slow operation: 66ms so far, now at startProcess: building log message
08-18 16:54:49.612 I/ActivityManager( 1152): Start proc 3903:com.android.packageinstaller/u0a38 for broadcast {com.android.packageinstaller/com.android.packageinstaller.TemporaryFileManager}
08-18 16:54:49.612 W/ActivityManager( 1152): Slow operation: 66ms so far, now at startProcess: starting to update pids map
08-18 16:54:49.613 W/ActivityManager( 1152): Slow operation: 66ms so far, now at startProcess: done updating pids map
01-01 00:15:49.439 I/binder ( 0): 3903:3903 ioctl 40046210 7fc78c36c4 returned -22
08-18 16:54:49.688 D/CompatibilityChangeReporter( 1152): Compat change id reported: 168419799; UID 10038; state: DISABLED
08-18 16:54:49.870 D/CompatibilityChangeReporter( 1152): Compat change id reported: 135634846; UID 10138; state: DISABLED
08-18 16:54:49.870 D/CompatibilityChangeReporter( 1152): Compat change id reported: 177438394; UID 10138; state: DISABLED
08-18 16:54:49.870 D/CompatibilityChangeReporter( 1152): Compat change id reported: 135772972; UID 10138; state: DISABLED
08-18 16:54:49.870 D/CompatibilityChangeReporter( 1152): Compat change id reported: 135754954; UID 10138; state: DISABLED
08-18 16:54:49.871 D/CompatibilityChangeReporter( 1152): Compat change id reported: 143937733; UID 10138; state: DISABLED
08-18 16:54:49.935 W/ActivityManager( 1152): Slow operation: 65ms so far, now at startProcess: returned from zygote!
08-18 16:54:49.935 W/ActivityManager( 1152): Slow operation: 66ms so far, now at startProcess: done updating battery stats
08-18 16:54:49.935 W/ActivityManager( 1152): Slow operation: 66ms so far, now at startProcess: building log message
08-18 16:54:49.935 I/ActivityManager( 1152): Start proc 3920:com.android.permissioncontroller/u0a138 for broadcast {com.android.permissioncontroller/com.android.permissioncontroller.permission.service.LocationAccessCheck$SetupPeriodicBackgroundLocationAccessCheck}
08-18 16:54:49.935 W/ActivityManager( 1152): Slow operation: 66ms so far, now at startProcess: starting to update pids map
08-18 16:54:49.936 W/ActivityManager( 1152): Slow operation: 66ms so far, now at startProcess: done updating pids map
01-01 00:15:49.758 I/binder ( 0): 3920:3920 ioctl 40046210 7fc78c36c4 returned -22
08-18 16:54:50.008 D/CompatibilityChangeReporter( 1152): Compat change id reported: 168419799; UID 10138; state: DISABLED
01-01 00:15:50.090 D/ ( 0): mv2112_read_status
01-01 00:15:50.090 D/mv2112_update_link( 0): 3.0x901(1G): 0x4
01-01 00:15:50.091 D/mv2112_update_link( 0): 3.0x8109(100M): 0x8
01-01 00:15:50.091 D/mv2112_update_link( 0): link 0x4
01-01 00:15:50.091 D/mv2112_read_status( 0): autoneg is disabled
08-18 16:54:50.387 D/CompatibilityChangeReporter( 1152): Compat change id reported: 135634846; UID 10036; state: DISABLED
08-18 16:54:50.387 D/CompatibilityChangeReporter( 1152): Compat change id reported: 177438394; UID 10036; state: DISABLED
08-18 16:54:50.388 D/CompatibilityChangeReporter( 1152): Compat change id reported: 135772972; UID 10036; state: DISABLED
08-18 16:54:50.388 D/CompatibilityChangeReporter( 1152): Compat change id reported: 135754954; UID 10036; state: ENABLED
08-18 16:54:50.389 D/CompatibilityChangeReporter( 1152): Compat change id reported: 143937733; UID 10036; state: ENABLED
08-18 16:54:50.456 W/ActivityManager( 1152): Slow operation: 71ms so far, now at startProcess: returned from zygote!
08-18 16:54:50.457 W/ActivityManager( 1152): Slow operation: 71ms so far, now at startProcess: done updating battery stats
08-18 16:54:50.457 W/ActivityManager( 1152): Slow operation: 71ms so far, now at startProcess: building log message
08-18 16:54:50.457 I/ActivityManager( 1152): Start proc 3942:com.android.providers.calendar/u0a36 for broadcast {com.android.providers.calendar/com.android.providers.calendar.CalendarReceiver}
08-18 16:54:50.457 W/ActivityManager( 1152): Slow operation: 72ms so far, now at startProcess: starting to update pids map
08-18 16:54:50.457 W/ActivityManager( 1152): Slow operation: 72ms so far, now at startProcess: done updating pids map
01-01 00:15:50.277 I/binder ( 0): 3942:3942 ioctl 40046210 7fc78c36c4 returned -22
08-18 16:54:50.524 D/CompatibilityChangeReporter( 1152): Compat change id reported: 168419799; UID 10036; state: DISABLED
08-18 16:54:50.724 D/CompatibilityChangeReporter( 1152): Compat change id reported: 171306433; UID 10036; state: ENABLED
08-18 16:54:50.738 D/CompatibilityChangeReporter( 1152): Compat change id reported: 143231523; UID 10036; state: DISABLED
08-18 16:54:50.773 D/CompatibilityChangeReporter( 1152): Compat change id reported: 168419799; UID 1000; state: DISABLED
08-18 16:54:50.803 I/ActivityManager( 1152): com.android.shell is exempt from freezer
08-18 16:54:50.804 D/CompatibilityChangeReporter( 1152): Compat change id reported: 135634846; UID 2000; state: DISABLED
08-18 16:54:50.804 D/CompatibilityChangeReporter( 1152): Compat change id reported: 177438394; UID 2000; state: DISABLED
08-18 16:54:50.805 D/CompatibilityChangeReporter( 1152): Compat change id reported: 135772972; UID 2000; state: DISABLED
08-18 16:54:50.814 D/CompatibilityChangeReporter( 1152): Compat change id reported: 135754954; UID 2000; state: ENABLED
08-18 16:54:50.877 W/ActivityManager( 1152): Slow operation: 75ms so far, now at startProcess: returned from zygote!
08-18 16:54:50.877 W/ActivityManager( 1152): Slow operation: 75ms so far, now at startProcess: done updating battery stats
08-18 16:54:50.877 W/ActivityManager( 1152): Slow operation: 75ms so far, now at startProcess: building log message
08-18 16:54:50.878 I/ActivityManager( 1152): Start proc 3963:com.android.shell/2000 for broadcast {com.android.shell/com.android.shell.HeapDumpReceiver}
08-18 16:54:50.878 W/ActivityManager( 1152): Slow operation: 75ms so far, now at startProcess: starting to update pids map
08-18 16:54:50.878 W/ActivityManager( 1152): Slow operation: 75ms so far, now at startProcess: done updating pids map
01-01 00:15:50.689 I/binder ( 0): 3963:3963 ioctl 40046210 7fc78c36c4 returned -22
08-18 16:54:50.936 D/CompatibilityChangeReporter( 1152): Compat change id reported: 168419799; UID 2000; state: DISABLED
01-01 00:15:50.846 I/init ( 0): starting service 'qvrd_vndr'...
01-01 00:15:50.850 I/init ( 0): Created socket '/dev/socket/qvrservice_vndr', mode 660, user 1000, group 1000
01-01 00:15:50.853 I/init ( 0): Created socket '/dev/socket/qvrservice_vndr_camera', mode 660, user 1000, group 1000
08-18 16:54:51.167 F/linker ( 3981): CANNOT LINK EXECUTABLE "/vendor/bin/hw/qvrservice": library "vendor.qti.hardware.qxr-V1-ndk_platform.so" not found: needed by /vendor/lib64/libqvrservice.so in namespace (default)
01-01 00:15:50.931 I/init ( 0): Service 'qvrd_vndr' (pid 3981) exited with status 1
01-01 00:15:50.932 I/init ( 0): Sending signal 9 to service 'qvrd_vndr' (pid 3981) process group...
01-01 00:15:50.932 I/libprocessgroup( 0): Successfully killed process cgroup uid 1000 pid 3981 in 0ms
08-18 16:54:51.183 D/CompatibilityChangeReporter( 1152): Compat change id reported: 135634846; UID 10101; state: DISABLED
08-18 16:54:51.184 D/CompatibilityChangeReporter( 1152): Compat change id reported: 177438394; UID 10101; state: DISABLED
08-18 16:54:51.184 D/CompatibilityChangeReporter( 1152): Compat change id reported: 135772972; UID 10101; state: DISABLED
08-18 16:54:51.185 D/CompatibilityChangeReporter( 1152): Compat change id reported: 135754954; UID 10101; state: ENABLED
08-18 16:54:51.185 D/CompatibilityChangeReporter( 1152): Compat change id reported: 143937733; UID 10101; state: ENABLED
01-01 00:15:50.976 I/init ( 0): starting service 'sxrd'...
08-18 16:54:51.228 I/ActivityManager( 1152): Start proc 3983:com.qti.ltebc/u0a101 for broadcast {com.qti.ltebc/com.qualcomm.ltebc.LTEBroadcastBootReceiver}
01-01 00:15:51.041 I/init ( 0): starting service 'vendor.light-hal-2-0'...
08-18 16:54:51.302 F/linker ( 3984): CANNOT LINK EXECUTABLE "/vendor/bin/hw/sxrservice": library "vendor.qti.hardware.qxr-V1-ndk_platform.so" not found: needed by main executable
01-01 00:15:51.067 I/init ( 0): Service 'sxrd' (pid 3984) exited with status 1
01-01 00:15:51.067 I/init ( 0): Sending signal 9 to service 'sxrd' (pid 3984) process group...
01-01 00:15:51.075 I/binder ( 0): 3983:3983 ioctl 40046210 7fc78c36c4 returned -22
08-18 16:54:51.324 D/CompatibilityChangeReporter( 1152): Compat change id reported: 168419799; UID 10101; state: DISABLED
01-01 00:15:51.113 D/ ( 0): mv2112_read_status
01-01 00:15:51.113 D/mv2112_update_link( 0): 3.0x901(1G): 0x4
01-01 00:15:51.113 D/mv2112_update_link( 0): 3.0x8109(100M): 0x8
01-01 00:15:51.113 D/mv2112_update_link( 0): link 0x4
01-01 00:15:51.113 D/mv2112_read_status( 0): autoneg is disabled
08-18 16:54:51.421 I/ActivityTaskManager( 1152): START u0 {act=android.intent.action.MAIN cat=[android.intent.category.LAUNCHER] flg=0x10200000 cmp=com.android.settings/.Settings bnds=[1529,747][1827,1044]} from uid 10104
08-18 16:54:51.437 W/ActivityTaskManager( 1152): Can't find TaskDisplayArea to determine support for multi window. Task id=17 attached=false
08-18 16:54:51.446 D/CompatibilityChangeReporter( 1152): Compat change id reported: 174042980; UID 1000; state: DISABLED
08-18 16:54:51.454 D/PhoneStartingWindowTypeAlgorithm( 1849): preferredStartingWindowType newTask:true taskSwitch:true processRunning:true allowTaskSnapshot:true activityCreated:false useEmptySplashScreen:false legacySplashScreen:false topIsHome:false
08-18 16:54:51.455 D/StartingSurfaceDrawer( 1849): addSplashScreen com.android.settings theme=7f13033e task=17 suggestType=1
08-18 16:54:51.473 D/StartingSurfaceDrawer( 1849): window attributes color: 0 icon null duration 0 brandImage null
08-18 16:54:51.474 I/ActivityTaskManager( 1152): The Process com.android.settings Already Exists in BG. So sending its PID: 2359
08-18 16:54:51.476 W/ActivityTaskManager( 1152): Tried to set launchTime (0) < mLastActivityLaunchTime (57102)
08-18 16:54:51.483 D/StartingSurfaceDrawer( 1849): FgMainColor=fff5f5f5 BgMainColor=ff00668b IsBgComplex=false FromCache=false ThemeColor=fff0f0f3
08-18 16:54:51.483 D/StartingSurfaceDrawer( 1849): isRgbSimilarInHsv a: fff0f0f3 b ff00668b contrast ratio: 5.6404657
08-18 16:54:51.483 D/StartingSurfaceDrawer( 1849): hsvDiff 44 ah 240.0 bh 195.97124 as 0.012345679 bs 1.0 av 0.9529412 bv 0.54509807 sqH 0.059753086581642245 sqS 0.975461072301087 sqV 0.16633600477712207 root 0.6328639041847389
08-18 16:54:51.483 D/StartingSurfaceDrawer( 1849): makeSplashScreenContentView: draw whole icon
08-18 16:54:51.486 D/CompatibilityChangeReporter( 1152): Compat change id reported: 181136395; UID 1000; state: DISABLED
08-18 16:54:51.488 D/CompatibilityChangeReporter( 1152): Compat change id reported: 174042936; UID 1000; state: DISABLED
08-18 16:54:51.488 D/StartingSurfaceDrawer( 1849): fillViewWithIcon surfaceWindowView android.window.SplashScreenView{91749a1 V.E...... ......ID 0,0-0,0}
08-18 16:54:51.601 E/UserRestrictionsUtils( 1152): Unknown restriction queried by uid 1000 (com.android.localtransport et al): null
01-01 00:15:51.426 I/btfm_slim_hw_init( 0): PGD Enum Addr: 00:01:20:02:17: 02
01-01 00:15:51.427 I/btfm_slim_hw_init( 0): IFD Enum Addr: 00:00:20:02:17: 02
01-01 00:15:51.427 I/btfm_slim_hw_init( 0): chipset soc version:400a0200
01-01 00:15:51.427 I/btfm_slim_hw_init( 0): chipset is hastings 2.0, overwriting EA
01-01 00:15:51.427 I/btfm_slim_hw_init( 0): PGD Enum Addr: 00:01:20:02:17: 02
01-01 00:15:51.427 I/btfm_slim_hw_init( 0): IFD Enum Addr: 00:00:20:02:17: 02
01-01 00:15:51.438 I/slimbus ( 0): 1 laddr:0xcf, EAPC:0x1:0x20
01-01 00:15:51.440 I/slimbus ( 0): 1 laddr:0xce, EAPC:0x0:0x20
01-01 00:15:51.440 I/btfm_slim_alloc_port( 0): chipset soc version:400a0200
01-01 00:15:51.459 I/btfm_slim_enable_ch( 0): chipset soc version:400a0200
01-01 00:15:51.459 I/btfm_slim_enable_ch( 0): channel define - prot:2, dataf:0, auxf:0
01-01 00:15:51.459 I/btfm_slim_enable_ch( 0): channel define - rates:44100, baser:2, ratem:4
01-01 00:15:51.461 I/btfm_slim_enable_ch( 0): slim_connect_sink(port: 16, ch: 157)
01-01 00:15:51.464 I/btfm_slim_enable_ch( 0): port: 16, ch: 157, grp: 0, ch->grph: 0x0, ch_hdl: 0x1d
01-01 00:15:51.470 I/__afe_port_start( 0): port id: 0x400e
01-01 00:15:51.470 I/afe_find_cal_topo_id_by_port( 0): port id: 0x400e, dev_acdb_id: 20
01-01 00:15:51.470 I/afe_find_cal_topo_id_by_port( 0): top_id:112fc acdb_id:20 afe_port_id:0x400e
01-01 00:15:51.470 I/afe_get_cal_topology_id( 0): port_id = 0x400e acdb_id = 20 topology_id = 0x112fc cal_type_index=8 ret=0
01-01 00:15:51.474 I/afe_send_port_topology_id( 0): AFE set topology id 0x112fc enable for port 0x400e ret 0
01-01 00:15:51.474 I/send_afe_cal_type( 0): cal_index is 0
01-01 00:15:51.474 I/send_afe_cal_type( 0): dev_acdb_id[119] is 20
01-01 00:15:51.474 I/afe_find_cal( 0): cal_index 0 port_id 0x400e port_index 119
01-01 00:15:51.474 I/afe_find_cal( 0): acdb_id 20 dev_acdb_id 20 sample_rate 48000 afe_sample_rates 44100
01-01 00:15:51.474 I/afe_find_cal( 0): no matching cal_block found
01-01 00:15:51.474 E/ ( 0): send_afe_cal_type cal_block not found!!
01-01 00:15:51.486 I/afe_send_hw_delay( 0): port_id 0x400e rate 44100 delay_usec 0 status 0
08-18 16:54:51.842 D/StartingSurfaceDrawer( 1849): Task start finish, remove starting surface for task 17
08-18 16:54:51.842 V/StartingSurfaceDrawer( 1849): Removing splash screen window for task: 17
01-01 00:15:52.138 D/ ( 0): mv2112_read_status
01-01 00:15:52.138 D/mv2112_update_link( 0): 3.0x901(1G): 0x4
01-01 00:15:52.138 D/mv2112_update_link( 0): 3.0x8109(100M): 0x8
01-01 00:15:52.138 D/mv2112_update_link( 0): link 0x4
01-01 00:15:52.138 D/mv2112_read_status( 0): autoneg is disabled
01-01 00:15:53.162 D/ ( 0): mv2112_read_status
01-01 00:15:53.162 D/mv2112_update_link( 0): 3.0x901(1G): 0x4
01-01 00:15:53.163 D/mv2112_update_link( 0): 3.0x8109(100M): 0x8
01-01 00:15:53.163 D/mv2112_update_link( 0): link 0x4
01-01 00:15:53.163 D/mv2112_read_status( 0): autoneg is disabled
01-01 00:15:54.186 D/ ( 0): mv2112_read_status
01-01 00:15:54.186 D/mv2112_update_link( 0): 3.0x901(1G): 0x4
01-01 00:15:54.187 D/mv2112_update_link( 0): 3.0x8109(100M): 0x8
01-01 00:15:54.187 D/mv2112_update_link( 0): link 0x4
01-01 00:15:54.187 D/mv2112_read_status( 0): autoneg is disabled
08-18 16:54:54.447 I/ActivityTaskManager( 1152): START u0 {act=android.intent.action.MAIN cmp=com.android.settings/.SubSettings (has extras)} from uid 1000
08-18 16:54:54.476 I/ActivityTaskManager( 1152): The Process com.android.settings Already Exists in BG. So sending its PID: 2359
08-18 16:54:54.477 W/ActivityTaskManager( 1152): Tried to set launchTime (0) < mLastActivityLaunchTime (70463)
08-18 16:54:54.536 W/ContextImpl( 2359): Calling a method in the system process without a qualified user: android.app.ContextImpl.bindService:1895 android.content.ContextWrapper.bindService:810 com.qti.extphone.ExtTelephonyManager.connectService:170 com.android.settings.network.telephony.TelephonyUtils.connectExtTelephonyService:206 com.android.settings.network.NetworkDashboardFragment.buildPreferenceControllers:103
08-18 16:54:54.590 E/UserRestrictionsUtils( 1152): Unknown restriction queried by uid 1000 (com.android.localtransport et al): null
08-18 16:54:54.617 D/CompanionDeviceManagerService( 1152): TriggerDeviceDisappearedRunnable.run(address = 00:58:76:20:46:3D)
08-18 16:54:54.674 D/PackageManager( 1152): Instant App installer not found with android.intent.action.INSTALL_INSTANT_APP_PACKAGE
08-18 16:54:54.674 D/PackageManager( 1152): Clear ephemeral installer activity
08-18 16:54:54.810 D/PackageManager( 1152): Instant App installer not found with android.intent.action.INSTALL_INSTANT_APP_PACKAGE
08-18 16:54:54.810 D/PackageManager( 1152): Clear ephemeral installer activity
01-01 00:15:54.912 I/[schedu][0x633b26a4][16:54:55.149227] wlan( 0): [2797:I:OSIF] scan start scan id 40962
01-01 00:15:55.210 D/ ( 0): mv2112_read_status
01-01 00:15:55.210 D/mv2112_update_link( 0): 3.0x901(1G): 0x4
01-01 00:15:55.211 D/mv2112_update_link( 0): 3.0x8109(100M): 0x8
01-01 00:15:55.211 D/mv2112_update_link( 0): link 0x4
01-01 00:15:55.211 D/mv2112_read_status( 0): autoneg is disabled
08-18 16:54:55.491 E/TaskPersister( 1152): File error accessing recents directory (directory doesn't exist?).
01-01 00:15:55.885 I/init ( 0): starting service 'qvrd_vndr'...
01-01 00:15:55.889 I/init ( 0): Created socket '/dev/socket/qvrservice_vndr', mode 660, user 1000, group 1000
01-01 00:15:55.891 I/[schedu][0x6459e23d][16:54:56.127942] wlan( 0): [2797:I:OSIF] vdev 0, scan id 40962 type COMPLETED(1) reason COMPLETED(1) scan found 53 bss
01-01 00:15:55.892 I/init ( 0): Created socket '/dev/socket/qvrservice_vndr_camera', mode 660, user 1000, group 1000
08-18 16:54:56.215 F/linker ( 4043): CANNOT LINK EXECUTABLE "/vendor/bin/hw/qvrservice": library "vendor.qti.hardware.qxr-V1-ndk_platform.so" not found: needed by /vendor/lib64/libqvrservice.so in namespace (default)
01-01 00:15:55.980 I/init ( 0): Service 'qvrd_vndr' (pid 4043) exited with status 1
01-01 00:15:55.980 I/init ( 0): Sending signal 9 to service 'qvrd_vndr' (pid 4043) process group...
01-01 00:15:55.981 I/libprocessgroup( 0): Successfully killed process cgroup uid 1000 pid 4043 in 0ms
01-01 00:15:56.025 I/init ( 0): starting service 'sxrd'...
01-01 00:15:56.064 I/init ( 0): starting service 'vendor.light-hal-2-0'...
08-18 16:54:56.327 F/linker ( 4044): CANNOT LINK EXECUTABLE "/vendor/bin/hw/sxrservice": library "vendor.qti.hardware.qxr-V1-ndk_platform.so" not found: needed by main executable
01-01 00:15:56.091 I/init ( 0): Service 'sxrd' (pid 4044) exited with status 1
01-01 00:15:56.091 I/init ( 0): Sending signal 9 to service 'sxrd' (pid 4044) process group...
01-01 00:15:56.234 D/ ( 0): mv2112_read_status
01-01 00:15:56.234 D/mv2112_update_link( 0): 3.0x901(1G): 0x4
01-01 00:15:56.235 D/mv2112_update_link( 0): 3.0x8109(100M): 0x8
01-01 00:15:56.235 D/mv2112_update_link( 0): link 0x4
01-01 00:15:56.235 D/mv2112_read_status( 0): autoneg is disabled
08-18 16:54:56.655 D/CompatibilityChangeReporter( 1152): Compat change id reported: 168419799; UID 10064; state: DISABLED
08-18 16:54:56.659 D/CompatibilityChangeReporter( 1152): Compat change id reported: 171306433; UID 10101; state: ENABLED
08-18 16:54:56.837 D/CompatibilityChangeReporter( 1152): Compat change id reported: 135634846; UID 10129; state: DISABLED
08-18 16:54:56.837 D/CompatibilityChangeReporter( 1152): Compat change id reported: 177438394; UID 10129; state: DISABLED
08-18 16:54:56.837 D/CompatibilityChangeReporter( 1152): Compat change id reported: 135772972; UID 10129; state: DISABLED
08-18 16:54:56.837 D/CompatibilityChangeReporter( 1152): Compat change id reported: 135754954; UID 10129; state: ENABLED
08-18 16:54:56.838 D/CompatibilityChangeReporter( 1152): Compat change id reported: 143937733; UID 10129; state: ENABLED
08-18 16:54:56.876 I/ActivityManager( 1152): Start proc 4053:com.qualcomm.telephony/u0a129 for broadcast {com.qualcomm.atfwd/com.qualcomm.atfwd.AtFwdAutoboot}
08-18 16:54:56.894 I/ActivityManager( 1152): Process com.qti.ltebc (pid 3983) has died: cch+5 CEM
01-01 00:15:56.714 I/binder ( 0): 4053:4053 ioctl 40046210 7fc78c36c4 returned -22
08-18 16:54:56.965 D/CompatibilityChangeReporter( 1152): Compat change id reported: 168419799; UID 10129; state: DISABLED
08-18 16:54:57.113 I/ActivityTaskManager( 1152): START u0 {act=android.intent.action.MAIN cmp=com.android.settings/.SubSettings (has extras)} from uid 1000
01-01 00:15:56.900 I/binder ( 0): 4053:4053 ioctl 40046210 7fc78c3054 returned -22
08-18 16:54:57.155 D/CompatibilityChangeReporter( 1152): Compat change id reported: 168419799; UID 10111; state: DISABLED
08-18 16:54:57.173 D/CompatibilityChangeReporter( 1152): Compat change id reported: 135634846; UID 10134; state: DISABLED
08-18 16:54:57.174 D/CompatibilityChangeReporter( 1152): Compat change id reported: 177438394; UID 10134; state: DISABLED
08-18 16:54:57.174 D/CompatibilityChangeReporter( 1152): Compat change id reported: 135772972; UID 10134; state: DISABLED
08-18 16:54:57.175 D/CompatibilityChangeReporter( 1152): Compat change id reported: 135754954; UID 10134; state: ENABLED
08-18 16:54:57.176 D/CompatibilityChangeReporter( 1152): Compat change id reported: 143937733; UID 10134; state: ENABLED
08-18 16:54:57.179 I/ActivityTaskManager( 1152): The Process com.android.settings Already Exists in BG. So sending its PID: 2359
08-18 16:54:57.180 W/ActivityTaskManager( 1152): Tried to set launchTime (0) < mLastActivityLaunchTime (73464)
08-18 16:54:57.223 I/ActivityManager( 1152): Start proc 4075:com.qualcomm.qct.dlt/u0a134 for broadcast {com.qualcomm.qct.dlt/com.qualcomm.qct.dlt.proximity.ProximityBroadcastReceiver}
01-01 00:15:57.053 I/binder ( 0): 4075:4075 ioctl 40046210 7fc78c36c4 returned -22
08-18 16:54:57.306 D/CompatibilityChangeReporter( 1152): Compat change id reported: 168419799; UID 10134; state: DISABLED
08-18 16:54:57.339 D/PackageManager( 1152): Instant App installer not found with android.intent.action.INSTALL_INSTANT_APP_PACKAGE
08-18 16:54:57.339 D/PackageManager( 1152): Clear ephemeral installer activity
08-18 16:54:57.411 D/PackageManager( 1152): Instant App installer not found with android.intent.action.INSTALL_INSTANT_APP_PACKAGE
08-18 16:54:57.411 D/PackageManager( 1152): Clear ephemeral installer activity
01-01 00:15:57.257 D/ ( 0): mv2112_read_status
01-01 00:15:57.258 D/mv2112_update_link( 0): 3.0x901(1G): 0x4
01-01 00:15:57.258 D/mv2112_update_link( 0): 3.0x8109(100M): 0x8
01-01 00:15:57.258 D/mv2112_update_link( 0): link 0x4
01-01 00:15:57.258 D/mv2112_read_status( 0): autoneg is disabled
01-01 00:15:57.548 I/[schedu][0x663f6a94][16:54:57.785226] wlan( 0): [2797:I:OSIF] scan start scan id 40963
08-18 16:54:58.171 D/CompatibilityChangeReporter( 1152): Compat change id reported: 168419799; UID 10068; state: DISABLED
08-18 16:54:58.180 D/CompatibilityChangeReporter( 1152): Compat change id reported: 135634846; UID 10089; state: DISABLED
08-18 16:54:58.180 D/CompatibilityChangeReporter( 1152): Compat change id reported: 177438394; UID 10089; state: DISABLED
08-18 16:54:58.180 D/CompatibilityChangeReporter( 1152): Compat change id reported: 135772972; UID 10089; state: DISABLED
08-18 16:54:58.180 D/CompatibilityChangeReporter( 1152): Compat change id reported: 135754954; UID 10089; state: ENABLED
08-18 16:54:58.182 D/CompatibilityChangeReporter( 1152): Compat change id reported: 143937733; UID 10089; state: ENABLED
08-18 16:54:58.221 I/ActivityManager( 1152): Start proc 4096:com.qualcomm.qti.lpa/u0a89 for broadcast {com.qualcomm.qti.lpa/com.qualcomm.qti.lpa.UimLpaBootReceiver}
01-01 00:15:58.069 I/binder ( 0): 4096:4096 ioctl 40046210 7fc78c36c4 returned -22
08-18 16:54:58.319 D/CompatibilityChangeReporter( 1152): Compat change id reported: 168419799; UID 10089; state: DISABLED
01-01 00:15:58.282 D/ ( 0): mv2112_read_status
01-01 00:15:58.282 D/mv2112_update_link( 0): 3.0x901(1G): 0x4
01-01 00:15:58.282 D/mv2112_update_link( 0): 3.0x8109(100M): 0x8
01-01 00:15:58.282 D/mv2112_update_link( 0): link 0x4
01-01 00:15:58.282 D/mv2112_read_status( 0): autoneg is disabled
08-18 16:54:58.522 D/CompatibilityChangeReporter( 1152): Compat change id reported: 135634846; UID 1001; state: DISABLED
08-18 16:54:58.522 D/CompatibilityChangeReporter( 1152): Compat change id reported: 177438394; UID 1001; state: DISABLED
08-18 16:54:58.522 D/CompatibilityChangeReporter( 1152): Compat change id reported: 135772972; UID 1001; state: DISABLED
08-18 16:54:58.523 D/CompatibilityChangeReporter( 1152): Compat change id reported: 135754954; UID 1001; state: ENABLED
08-18 16:54:58.580 W/ActivityManager( 1152): Slow operation: 63ms so far, now at startProcess: returned from zygote!
08-18 16:54:58.580 W/ActivityManager( 1152): Slow operation: 63ms so far, now at startProcess: done updating battery stats
08-18 16:54:58.580 W/ActivityManager( 1152): Slow operation: 64ms so far, now at startProcess: building log message
08-18 16:54:58.580 I/ActivityManager( 1152): Start proc 4113:com.qualcomm.qti.modemtestmode/1001 for broadcast {com.qualcomm.qti.modemtestmode/com.qualcomm.qti.modemtestmode.DefaultReceiver}
08-18 16:54:58.580 W/ActivityManager( 1152): Slow operation: 64ms so far, now at startProcess: starting to update pids map
08-18 16:54:58.580 W/ActivityManager( 1152): Slow operation: 64ms so far, now at startProcess: done updating pids map
01-01 00:15:58.394 I/binder ( 0): 4113:4113 ioctl 40046210 7fc78c36c4 returned -22
01-01 00:15:58.529 I/[schedu][0x675dfdd6][16:54:58.763404] wlan( 0): [2797:I:OSIF] vdev 0, scan id 40963 type COMPLETED(1) reason COMPLETED(1) scan found 54 bss
08-18 16:54:58.876 D/CompatibilityChangeReporter( 1152): Compat change id reported: 168419799; UID 10124; state: DISABLED
08-18 16:54:58.920 D/CompatibilityChangeReporter( 1152): Compat change id reported: 168419799; UID 10120; state: DISABLED
08-18 16:54:58.934 D/CompatibilityChangeReporter( 1152): Compat change id reported: 135634846; UID 10063; state: DISABLED
08-18 16:54:58.934 D/CompatibilityChangeReporter( 1152): Compat change id reported: 143937733; UID 10063; state: DISABLED
08-18 16:54:58.964 I/ActivityManager( 1152): Start proc 4134:com.qualcomm.qti.qms.service.connectionsecurity/u0a63 for broadcast {com.qualcomm.qti.qms.service.connectionsecurity/com.qualcomm.qti.qms.service.connectionsecurity.ConnSecBroadcastReceiver}
01-01 00:15:58.804 I/binder ( 0): 4134:4134 ioctl 40046210 ffee6f78 returned -22
08-18 16:54:59.052 D/CompatibilityChangeReporter( 1152): Compat change id reported: 168419799; UID 10063; state: DISABLED
08-18 16:54:59.211 D/CompatibilityChangeReporter( 1152): Compat change id reported: 168419799; UID 10062; state: DISABLED
08-18 16:54:59.219 I/ActivityManager( 1152): Killing 3163:com.android.keychain/1000 (adj 995): empty #31
08-18 16:54:59.243 D/CompatibilityChangeReporter( 1152): Compat change id reported: 168419799; UID 1001; state: DISABLED
08-18 16:54:59.269 D/CompatibilityChangeReporter( 1152): Compat change id reported: 168419799; UID 10132; state: DISABLED
01-01 00:15:59.038 I/binder ( 0): 3003:3003 ioctl 40046210 7fc78c2d74 returned -22
08-18 16:54:59.304 D/CompatibilityChangeReporter( 1152): Compat change id reported: 168419799; UID 10133; state: DISABLED
08-18 16:54:59.313 D/CompatibilityChangeReporter( 1152): Compat change id reported: 168419799; UID 10112; state: DISABLED
08-18 16:54:59.326 W/BroadcastQueue( 1152): Permission Denial: receiving Intent { act=android.intent.action.BOOT_COMPLETED flg=0x89000010 (has extras) } to org.codeaurora.snapcam/com.android.camera.DisableCameraReceiver requires android.permission.RECEIVE_BOOT_COMPLETED due to sender null (uid 1000)
08-18 16:54:59.340 I/ActivityManager( 1152): Finished processing BOOT_COMPLETED for u0
08-18 16:54:59.345 D/CompatibilityChangeReporter( 1152): Compat change id reported: 168419799; UID 10078; state: DISABLED
08-18 16:54:59.352 D/CompatibilityChangeReporter( 1152): Compat change id reported: 135634846; UID 10029; state: DISABLED
08-18 16:54:59.352 D/CompatibilityChangeReporter( 1152): Compat change id reported: 177438394; UID 10029; state: DISABLED
08-18 16:54:59.353 D/CompatibilityChangeReporter( 1152): Compat change id reported: 135772972; UID 10029; state: DISABLED
08-18 16:54:59.353 D/CompatibilityChangeReporter( 1152): Compat change id reported: 135754954; UID 10029; state: ENABLED
08-18 16:54:59.355 D/CompatibilityChangeReporter( 1152): Compat change id reported: 143937733; UID 10029; state: ENABLED
08-18 16:54:59.406 W/ActivityManager( 1152): Slow operation: 55ms so far, now at startProcess: returned from zygote!
08-18 16:54:59.406 W/ActivityManager( 1152): Slow operation: 55ms so far, now at startProcess: done updating battery stats
08-18 16:54:59.406 W/ActivityManager( 1152): Slow operation: 55ms so far, now at startProcess: building log message
08-18 16:54:59.406 I/ActivityManager( 1152): Start proc 4154:com.android.externalstorage/u0a29 for broadcast {com.android.externalstorage/com.android.externalstorage.MountReceiver}
08-18 16:54:59.406 W/ActivityManager( 1152): Slow operation: 55ms so far, now at startProcess: starting to update pids map
08-18 16:54:59.407 W/ActivityManager( 1152): Slow operation: 55ms so far, now at startProcess: done updating pids map
01-01 00:15:59.261 I/binder ( 0): 4154:4154 ioctl 40046210 7fc78c36c4 returned -22
08-18 16:54:59.522 D/CompatibilityChangeReporter( 1152): Compat change id reported: 168419799; UID 10029; state: DISABLED
01-01 00:15:59.306 D/ ( 0): mv2112_read_status
01-01 00:15:59.306 D/mv2112_update_link( 0): 3.0x901(1G): 0x4
01-01 00:15:59.306 D/mv2112_update_link( 0): 3.0x8109(100M): 0x8
01-01 00:15:59.306 D/mv2112_update_link( 0): link 0x4
01-01 00:15:59.306 D/mv2112_read_status( 0): autoneg is disabled
08-18 16:54:59.670 I/ActivityManager( 1152): Killing 3491:com.android.localtransport/1000 (adj 995): empty #31
08-18 16:54:59.779 D/CompatibilityChangeReporter( 1152): Compat change id reported: 168419799; UID 10102; state: DISABLED
08-18 16:54:59.807 D/CompatibilityChangeReporter( 1152): Compat change id reported: 168419799; UID 10036; state: DISABLED
08-18 16:54:59.807 I/DropBoxManagerService( 1152): add tag=system_app_strictmode isTagEnabled=true flags=0x2
08-18 16:54:59.833 D/CompatibilityChangeReporter( 1152): Compat change id reported: 135634846; UID 10101; state: DISABLED
08-18 16:54:59.833 D/CompatibilityChangeReporter( 1152): Compat change id reported: 177438394; UID 10101; state: DISABLED
08-18 16:54:59.834 D/CompatibilityChangeReporter( 1152): Compat change id reported: 135772972; UID 10101; state: DISABLED
08-18 16:54:59.834 D/CompatibilityChangeReporter( 1152): Compat change id reported: 135754954; UID 10101; state: ENABLED
08-18 16:54:59.835 D/CompatibilityChangeReporter( 1152): Compat change id reported: 143937733; UID 10101; state: ENABLED
08-18 16:54:59.886 W/ActivityManager( 1152): Slow operation: 54ms so far, now at startProcess: returned from zygote!
08-18 16:54:59.889 W/ActivityManager( 1152): Slow operation: 57ms so far, now at startProcess: done updating battery stats
08-18 16:54:59.889 W/ActivityManager( 1152): Slow operation: 57ms so far, now at startProcess: building log message
08-18 16:54:59.889 I/ActivityManager( 1152): Start proc 4177:com.qti.ltebc/u0a101 for broadcast {com.qti.ltebc/com.qualcomm.ltebc.LTEBroadcastReceiver}
08-18 16:54:59.889 W/ActivityManager( 1152): Slow operation: 57ms so far, now at startProcess: starting to update pids map
08-18 16:54:59.891 W/ActivityManager( 1152): Slow operation: 59ms so far, now at startProcess: done updating pids map
01-01 00:15:59.710 I/binder ( 0): 4177:4177 ioctl 40046210 7fc78c36c4 returned -22
08-18 16:54:59.959 D/CompatibilityChangeReporter( 1152): Compat change id reported: 168419799; UID 10101; state: DISABLED
08-18 16:55:00.138 E/TaskPersister( 1152): File error accessing recents directory (directory doesn't exist?).
08-18 16:55:00.556 I/ActivityManager( 1152): Waited long enough for: ServiceRecord{605410c u0 com.qti.diagservices/.QTIDiagServices}
01-01 00:16:00.330 D/ ( 0): mv2112_read_status
01-01 00:16:00.330 D/mv2112_update_link( 0): 3.0x901(1G): 0x4
01-01 00:16:00.331 D/mv2112_update_link( 0): 3.0x8109(100M): 0x8
01-01 00:16:00.331 D/mv2112_update_link( 0): link 0x4
01-01 00:16:00.331 D/mv2112_read_status( 0): autoneg is disabled
01-01 00:16:00.371 I/afe_close( 0): port_id = 0x400e
01-01 00:16:00.382 I/btfm_slim_disable_ch( 0): port:16, grp: 0, ch->grph:0x0, ch->ch_hdl:0x1d
01-01 00:16:00.925 I/init ( 0): starting service 'qvrd_vndr'...
01-01 00:16:00.933 I/init ( 0): Created socket '/dev/socket/qvrservice_vndr', mode 660, user 1000, group 1000
01-01 00:16:00.938 I/init ( 0): Created socket '/dev/socket/qvrservice_vndr_camera', mode 660, user 1000, group 1000
08-18 16:55:01.234 F/linker ( 4194): CANNOT LINK EXECUTABLE "/vendor/bin/hw/qvrservice": library "vendor.qti.hardware.qxr-V1-ndk_platform.so" not found: needed by /vendor/lib64/libqvrservice.so in namespace (default)
01-01 00:16:00.999 I/init ( 0): Service 'qvrd_vndr' (pid 4194) exited with status 1
01-01 00:16:00.999 I/init ( 0): Sending signal 9 to service 'qvrd_vndr' (pid 4194) process group...
01-01 00:16:00.999 I/libprocessgroup( 0): Successfully killed process cgroup uid 1000 pid 4194 in 0ms
01-01 00:16:01.055 I/init ( 0): starting service 'sxrd'...
01-01 00:16:01.092 I/init ( 0): starting service 'vendor.light-hal-2-0'...
08-18 16:55:01.361 F/linker ( 4195): CANNOT LINK EXECUTABLE "/vendor/bin/hw/sxrservice": library "vendor.qti.hardware.qxr-V1-ndk_platform.so" not found: needed by main executable
01-01 00:16:01.125 I/init ( 0): Service 'sxrd' (pid 4195) exited with status 1
01-01 00:16:01.126 I/init ( 0): Sending signal 9 to service 'sxrd' (pid 4195) process group...
01-01 00:16:01.354 D/ ( 0): mv2112_read_status
01-01 00:16:01.354 D/mv2112_update_link( 0): 3.0x901(1G): 0x4
01-01 00:16:01.355 D/mv2112_update_link( 0): 3.0x8109(100M): 0x8
01-01 00:16:01.355 D/mv2112_update_link( 0): link 0x4
01-01 00:16:01.355 D/mv2112_read_status( 0): autoneg is disabled
01-01 00:16:02.378 D/ ( 0): mv2112_read_status
01-01 00:16:02.378 D/mv2112_update_link( 0): 3.0x901(1G): 0x4
01-01 00:16:02.379 D/mv2112_update_link( 0): 3.0x8109(100M): 0x8
01-01 00:16:02.379 D/mv2112_update_link( 0): link 0x4
01-01 00:16:02.379 D/mv2112_read_status( 0): autoneg is disabled
01-01 00:16:03.402 D/ ( 0): mv2112_read_status
01-01 00:16:03.402 D/mv2112_update_link( 0): 3.0x901(1G): 0x4
01-01 00:16:03.403 D/mv2112_update_link( 0): 3.0x8109(100M): 0x8
01-01 00:16:03.403 D/mv2112_update_link( 0): link 0x4
01-01 00:16:03.403 D/mv2112_read_status( 0): autoneg is disabled
01-01 00:16:04.426 D/ ( 0): mv2112_read_status
01-01 00:16:04.426 D/mv2112_update_link( 0): 3.0x901(1G): 0x4
01-01 00:16:04.426 D/mv2112_update_link( 0): 3.0x8109(100M): 0x8
01-01 00:16:04.426 D/mv2112_update_link( 0): link 0x4
01-01 00:16:04.426 D/mv2112_read_status( 0): autoneg is disabled
08-18 16:55:04.762 D/CompanionDeviceManagerService( 1152): onPackageModified(packageName = com.android.settings)
08-18 16:55:04.769 I/Telecom ( 1152): DefaultDialerCache: Refreshing default dialer for user 0: now null: DDC.oR@ADA
01-01 00:16:04.587 I/binder ( 0): 4203:4203 ioctl 40046210 7fc795ec54 returned -22
08-18 16:55:04.844 W/VoiceInteractionManager( 1152): no available voice recognition services found for user 0
08-18 16:55:04.851 I/DropBoxManagerService( 1152): add tag=system_server_strictmode isTagEnabled=true flags=0x2
08-18 16:55:05.369 I/ActivityManager( 1152): Process com.qti.ltebc (pid 4177) has died: fg RCVR
08-18 16:55:05.378 D/CompatibilityChangeReporter( 1152): Compat change id reported: 135634846; UID 10101; state: DISABLED
08-18 16:55:05.378 D/CompatibilityChangeReporter( 1152): Compat change id reported: 177438394; UID 10101; state: DISABLED
08-18 16:55:05.378 D/CompatibilityChangeReporter( 1152): Compat change id reported: 135772972; UID 10101; state: DISABLED
08-18 16:55:05.379 D/CompatibilityChangeReporter( 1152): Compat change id reported: 135754954; UID 10101; state: ENABLED
08-18 16:55:05.379 D/CompatibilityChangeReporter( 1152): Compat change id reported: 143937733; UID 10101; state: ENABLED
08-18 16:55:05.433 W/ActivityManager( 1152): Slow operation: 56ms so far, now at startProcess: returned from zygote!
08-18 16:55:05.434 W/ActivityManager( 1152): Slow operation: 56ms so far, now at startProcess: done updating battery stats
08-18 16:55:05.434 W/ActivityManager( 1152): Slow operation: 56ms so far, now at startProcess: building log message
08-18 16:55:05.434 I/ActivityManager( 1152): Start proc 4213:com.qti.ltebc/u0a101 for broadcast {com.qti.ltebc/com.qualcomm.ltebc.LTEBroadcastReceiver}
08-18 16:55:05.434 W/ActivityManager( 1152): Slow operation: 56ms so far, now at startProcess: starting to update pids map
