08-18 16:54:40.976 D/SystemServerTimingAsync( 1152): ssm.onUnlockedUser-0_com.android.server.smartspace.SmartspaceManagerService took to complete: 0ms
08-18 16:54:40.976 I/SystemServerTimingAsync( 1152): ssm.onUnlockedUser-0_com.android.server.graphics.fonts.FontManagerService$Lifecycle
08-18 16:54:40.976 D/SystemServerTimingAsync( 1152): ssm.onUnlockedUser-0_com.android.server.graphics.fonts.FontManagerService$Lifecycle took to complete: 0ms
08-18 16:54:40.976 I/SystemServerTimingAsync( 1152): ssm.onUnlockedUser-0_com.android.server.textservices.TextServicesManagerService$Lifecycle
08-18 16:54:40.976 D/SystemServerTimingAsync( 1152): ssm.onUnlockedUser-0_com.android.server.textservices.TextServicesManagerService$Lifecycle took to complete: 0ms
08-18 16:54:40.976 I/SystemServerTimingAsync( 1152): ssm.onUnlockedUser-0_com.android.server.textclassifier.TextClassificationManagerService$Lifecycle
08-18 16:54:40.976 D/SystemServerTimingAsync( 1152): ssm.onUnlockedUser-0_com.android.server.textclassifier.TextClassificationManagerService$Lifecycle took to complete: 0ms
08-18 16:54:40.976 I/SystemServerTimingAsync( 1152): ssm.onUnlockedUser-0_com.android.server.NetworkScoreService$Lifecycle
08-18 16:54:40.976 D/SystemServerTimingAsync( 1152): ssm.onUnlockedUser-0_com.android.server.NetworkScoreService$Lifecycle took to complete: 0ms
08-18 16:54:40.976 I/SystemServerTimingAsync( 1152): ssm.onUnlockedUser-0_com.android.server.wifi.WifiService
08-18 16:54:40.976 D/SystemServerTimingAsync( 1152): ssm.onUnlockedUser-0_com.android.server.wifi.WifiService took to complete: 0ms
08-18 16:54:40.976 I/SystemServerTimingAsync( 1152): ssm.onUnlockedUser-0_com.android.server.wifi.scanner.WifiScanningService
08-18 16:54:40.976 D/SystemServerTimingAsync( 1152): ssm.onUnlockedUser-0_com.android.server.wifi.scanner.WifiScanningService took to complete: 0ms
08-18 16:54:40.977 I/SystemServerTimingAsync( 1152): ssm.onUnlockedUser-0_com.android.server.wifi.rtt.RttService
08-18 16:54:40.977 D/SystemServerTimingAsync( 1152): ssm.onUnlockedUser-0_com.android.server.wifi.rtt.RttService took to complete: 0ms
08-18 16:54:40.977 I/SystemServerTimingAsync( 1152): ssm.onUnlockedUser-0_com.android.server.wifi.aware.WifiAwareService
08-18 16:54:40.977 D/SystemServerTimingAsync( 1152): ssm.onUnlockedUser-0_com.android.server.wifi.aware.WifiAwareService took to complete: 0ms
08-18 16:54:40.977 I/SystemServerTimingAsync( 1152): ssm.onUnlockedUser-0_com.android.server.wifi.p2p.WifiP2pService
08-18 16:54:40.977 D/SystemServerTimingAsync( 1152): ssm.onUnlockedUser-0_com.android.server.wifi.p2p.WifiP2pService took to complete: 0ms
08-18 16:54:40.977 I/SystemServerTimingAsync( 1152): ssm.onUnlockedUser-0_com.android.server.ethernet.EthernetService
08-18 16:54:40.977 D/SystemServerTimingAsync( 1152): ssm.onUnlockedUser-0_com.android.server.ethernet.EthernetService took to complete: 0ms
08-18 16:54:40.977 I/SystemServerTimingAsync( 1152): ssm.onUnlockedUser-0_com.android.server.ConnectivityServiceInitializer
08-18 16:54:40.977 D/SystemServerTimingAsync( 1152): ssm.onUnlockedUser-0_com.android.server.ConnectivityServiceInitializer took to complete: 0ms
08-18 16:54:40.977 I/SystemServerTimingAsync( 1152): ssm.onUnlockedUser-0_com.android.server.notification.NotificationManagerService
08-18 16:54:40.977 D/SystemServerTimingAsync( 1152): ssm.onUnlockedUser-0_com.android.server.notification.NotificationManagerService took to complete: 0ms
08-18 16:54:40.977 I/SystemServerTimingAsync( 1152): ssm.onUnlockedUser-0_com.android.server.storage.DeviceStorageMonitorService
08-18 16:54:40.977 D/SystemServerTimingAsync( 1152): ssm.onUnlockedUser-0_com.android.server.storage.DeviceStorageMonitorService took to complete: 0ms
08-18 16:54:40.977 I/SystemServerTimingAsync( 1152): ssm.onUnlockedUser-0_com.android.server.location.LocationManagerService$Lifecycle
08-18 16:54:40.977 D/SystemServerTimingAsync( 1152): ssm.onUnlockedUser-0_com.android.server.location.LocationManagerService$Lifecycle took to complete: 0ms
08-18 16:54:40.977 I/SystemServerTimingAsync( 1152): ssm.onUnlockedUser-0_com.android.server.timedetector.TimeDetectorService$Lifecycle
08-18 16:54:40.977 D/SystemServerTimingAsync( 1152): ssm.onUnlockedUser-0_com.android.server.timedetector.TimeDetectorService$Lifecycle took to complete: 0ms
08-18 16:54:40.977 I/SystemServerTimingAsync( 1152): ssm.onUnlockedUser-0_com.android.server.timezonedetector.TimeZoneDetectorService$Lifecycle
08-18 16:54:40.977 D/SystemServerTimingAsync( 1152): ssm.onUnlockedUser-0_com.android.server.timezonedetector.TimeZoneDetectorService$Lifecycle took to complete: 0ms
08-18 16:54:40.977 I/SystemServerTimingAsync( 1152): ssm.onUnlockedUser-0_com.android.server.timezonedetector.location.LocationTimeZoneManagerService$Lifecycle
08-18 16:54:40.978 D/SystemServerTimingAsync( 1152): ssm.onUnlockedUser-0_com.android.server.timezonedetector.location.LocationTimeZoneManagerService$Lifecycle took to complete: 0ms
08-18 16:54:40.978 I/SystemServerTimingAsync( 1152): ssm.onUnlockedUser-0_com.android.server.search.SearchManagerService$Lifecycle
08-18 16:54:40.978 D/SystemServerTimingAsync( 1152): ssm.onUnlockedUser-0_com.android.server.search.SearchManagerService$Lifecycle took to complete: 0ms
08-18 16:54:40.978 I/SystemServerTimingAsync( 1152): ssm.onUnlockedUser-0_com.android.server.wallpaper.WallpaperManagerService$Lifecycle
08-18 16:54:40.978 D/SystemServerTimingAsync( 1152): ssm.onUnlockedUser-0_com.android.server.wallpaper.WallpaperManagerService$Lifecycle took to complete: 0ms
08-18 16:54:40.978 I/SystemServerTimingAsync( 1152): ssm.onUnlockedUser-0_com.android.server.audio.AudioService$Lifecycle
08-18 16:54:40.978 D/SystemServerTimingAsync( 1152): ssm.onUnlockedUser-0_com.android.server.audio.AudioService$Lifecycle took to complete: 0ms
08-18 16:54:40.982 I/SystemServerTimingAsync( 1152): ssm.onUnlockedUser-0_com.android.server.soundtrigger_middleware.SoundTriggerMiddlewareService$Lifecycle
08-18 16:54:40.982 D/SystemServerTimingAsync( 1152): ssm.onUnlockedUser-0_com.android.server.soundtrigger_middleware.SoundTriggerMiddlewareService$Lifecycle took to complete: 0ms
08-18 16:54:40.982 I/SystemServerTimingAsync( 1152): ssm.onUnlockedUser-0_com.android.server.DockObserver
08-18 16:54:40.982 D/SystemServerTimingAsync( 1152): ssm.onUnlockedUser-0_com.android.server.DockObserver took to complete: 0ms
08-18 16:54:40.982 I/SystemServerTimingAsync( 1152): ssm.onUnlockedUser-0_com.android.server.midi.MidiService$Lifecycle
08-18 16:54:40.983 D/SystemServerTimingAsync( 1152): ssm.onUnlockedUser-0_com.android.server.midi.MidiService$Lifecycle took to complete: 0ms
08-18 16:54:40.983 I/SystemServerTimingAsync( 1152): ssm.onUnlockedUser-0_com.android.server.adb.AdbService$Lifecycle
08-18 16:54:40.983 D/SystemServerTimingAsync( 1152): ssm.onUnlockedUser-0_com.android.server.adb.AdbService$Lifecycle took to complete: 0ms
08-18 16:54:40.983 I/SystemServerTimingAsync( 1152): ssm.onUnlockedUser-0_com.android.server.usb.UsbService$Lifecycle
08-18 16:54:40.983 D/SystemServerTimingAsync( 1152): ssm.onUnlockedUser-0_com.android.server.usb.UsbService$Lifecycle took to complete: 0ms
08-18 16:54:40.983 I/SystemServerTimingAsync( 1152): ssm.onUnlockedUser-0_com.android.server.twilight.TwilightService
08-18 16:54:40.983 D/SystemServerTimingAsync( 1152): ssm.onUnlockedUser-0_com.android.server.twilight.TwilightService took to complete: 0ms
08-18 16:54:40.983 I/SystemServerTimingAsync( 1152): ssm.onUnlockedUser-0_com.android.server.display.color.ColorDisplayService
08-18 16:54:40.983 D/SystemServerTimingAsync( 1152): ssm.onUnlockedUser-0_com.android.server.display.color.ColorDisplayService took to complete: 0ms
08-18 16:54:40.983 I/SystemServerTimingAsync( 1152): ssm.onUnlockedUser-0_com.android.server.job.JobSchedulerService
08-18 16:54:40.983 D/SystemServerTimingAsync( 1152): ssm.onUnlockedUser-0_com.android.server.job.JobSchedulerService took to complete: 0ms
08-18 16:54:40.983 I/SystemServerTimingAsync( 1152): ssm.onUnlockedUser-0_com.android.server.soundtrigger.SoundTriggerService
08-18 16:54:40.983 D/SystemServerTimingAsync( 1152): ssm.onUnlockedUser-0_com.android.server.soundtrigger.SoundTriggerService took to complete: 0ms
08-18 16:54:40.983 I/SystemServerTimingAsync( 1152): ssm.onUnlockedUser-0_com.android.server.trust.TrustManagerService
08-18 16:54:40.983 D/SystemServerTimingAsync( 1152): ssm.onUnlockedUser-0_com.android.server.trust.TrustManagerService took to complete: 0ms
08-18 16:54:40.983 I/SystemServerTimingAsync( 1152): ssm.onUnlockedUser-0_com.android.server.backup.BackupManagerService$Lifecycle
08-18 16:54:40.983 D/SystemServerTimingAsync( 1152): ssm.onUnlockedUser-0_com.android.server.backup.BackupManagerService$Lifecycle took to complete: 0ms
08-18 16:54:40.983 I/SystemServerTimingAsync( 1152): ssm.onUnlockedUser-0_com.android.server.appwidget.AppWidgetService
08-18 16:54:40.983 D/SystemServerTimingAsync( 1152): ssm.onUnlockedUser-0_com.android.server.appwidget.AppWidgetService took to complete: 0ms
08-18 16:54:40.983 I/SystemServerTimingAsync( 1152): ssm.onUnlockedUser-0_com.android.server.voiceinteraction.VoiceInteractionManagerService
08-18 16:54:40.984 D/SystemServerTimingAsync( 1152): ssm.onUnlockedUser-0_com.android.server.voiceinteraction.VoiceInteractionManagerService took to complete: 0ms
08-18 16:54:40.984 I/SystemServerTimingAsync( 1152): ssm.onUnlockedUser-0_com.android.server.apphibernation.AppHibernationService
08-18 16:54:40.984 D/SystemServerTimingAsync( 1152): ssm.onUnlockedUser-0_com.android.server.apphibernation.AppHibernationService took to complete: 0ms
08-18 16:54:40.984 I/SystemServerTimingAsync( 1152): ssm.onUnlockedUser-0_com.android.server.GestureLauncherService
08-18 16:54:40.984 D/SystemServerTimingAsync( 1152): ssm.onUnlockedUser-0_com.android.server.GestureLauncherService took to complete: 0ms
08-18 16:54:40.984 I/SystemServerTimingAsync( 1152): ssm.onUnlockedUser-0_com.android.server.SensorNotificationService
08-18 16:54:40.984 D/SystemServerTimingAsync( 1152): ssm.onUnlockedUser-0_com.android.server.SensorNotificationService took to complete: 0ms
08-18 16:54:40.984 I/SystemServerTimingAsync( 1152): ssm.onUnlockedUser-0_com.android.server.emergency.EmergencyAffordanceService
08-18 16:54:40.984 D/SystemServerTimingAsync( 1152): ssm.onUnlockedUser-0_com.android.server.emergency.EmergencyAffordanceService took to complete: 0ms
08-18 16:54:40.984 I/SystemServerTimingAsync( 1152): ssm.onUnlockedUser-0_com.android.server.blob.BlobStoreManagerService
08-18 16:54:40.984 D/SystemServerTimingAsync( 1152): ssm.onUnlockedUser-0_com.android.server.blob.BlobStoreManagerService took to complete: 0ms
08-18 16:54:40.984 I/SystemServerTimingAsync( 1152): ssm.onUnlockedUser-0_com.android.server.dreams.DreamManagerService
08-18 16:54:40.984 D/SystemServerTimingAsync( 1152): ssm.onUnlockedUser-0_com.android.server.dreams.DreamManagerService took to complete: 0ms
08-18 16:54:40.984 I/SystemServerTimingAsync( 1152): ssm.onUnlockedUser-0_com.android.server.print.PrintManagerService
08-18 16:54:40.984 D/SystemServerTimingAsync( 1152): ssm.onUnlockedUser-0_com.android.server.print.PrintManagerService took to complete: 0ms
08-18 16:54:40.984 I/SystemServerTimingAsync( 1152): ssm.onUnlockedUser-0_com.android.server.companion.CompanionDeviceManagerService
08-18 16:54:40.984 D/SystemServerTimingAsync( 1152): ssm.onUnlockedUser-0_com.android.server.companion.CompanionDeviceManagerService took to complete: 0ms
08-18 16:54:40.984 I/SystemServerTimingAsync( 1152): ssm.onUnlockedUser-0_com.android.server.restrictions.RestrictionsManagerService
08-18 16:54:40.984 D/SystemServerTimingAsync( 1152): ssm.onUnlockedUser-0_com.android.server.restrictions.RestrictionsManagerService took to complete: 0ms
08-18 16:54:40.985 D/CompatibilityChangeReporter( 1152): Compat change id reported: 184838306; UID 10104; state: DISABLED
08-18 16:54:40.987 D/CompatibilityChangeReporter( 1152): Compat change id reported: 185004937; UID 10104; state: DISABLED
08-18 16:54:40.989 D/CompatibilityChangeReporter( 1152): Compat change id reported: 181136395; UID 10104; state: DISABLED
08-18 16:54:40.990 D/CompatibilityChangeReporter( 1152): Compat change id reported: 174042936; UID 10104; state: DISABLED
08-18 16:54:40.991 I/SystemServerTimingAsync( 1152): ssm.onUnlockedUser-0_com.android.server.media.MediaSessionService
08-18 16:54:40.991 D/SystemServerTimingAsync( 1152): ssm.onUnlockedUser-0_com.android.server.media.MediaSessionService took to complete: 0ms
08-18 16:54:40.991 I/SystemServerTimingAsync( 1152): ssm.onUnlockedUser-0_com.android.server.media.MediaResourceMonitorService
08-18 16:54:40.991 D/SystemServerTimingAsync( 1152): ssm.onUnlockedUser-0_com.android.server.media.MediaResourceMonitorService took to complete: 0ms
08-18 16:54:40.991 I/SystemServerTimingAsync( 1152): ssm.onUnlockedUser-0_com.android.server.biometrics.sensors.fingerprint.FingerprintService
08-18 16:54:40.991 D/SystemServerTimingAsync( 1152): ssm.onUnlockedUser-0_com.android.server.biometrics.sensors.fingerprint.FingerprintService took to complete: 0ms
08-18 16:54:40.991 I/SystemServerTimingAsync( 1152): ssm.onUnlockedUser-0_com.android.server.biometrics.BiometricService
08-18 16:54:40.991 D/SystemServerTimingAsync( 1152): ssm.onUnlockedUser-0_com.android.server.biometrics.BiometricService took to complete: 0ms
08-18 16:54:40.991 I/SystemServerTimingAsync( 1152): ssm.onUnlockedUser-0_com.android.server.biometrics.AuthService
08-18 16:54:40.991 D/SystemServerTimingAsync( 1152): ssm.onUnlockedUser-0_com.android.server.biometrics.AuthService took to complete: 0ms
08-18 16:54:40.991 I/SystemServerTimingAsync( 1152): ssm.onUnlockedUser-0_com.android.server.pm.ShortcutService$Lifecycle
08-18 16:54:40.991 D/SystemServerTimingAsync( 1152): ssm.onUnlockedUser-0_com.android.server.pm.ShortcutService$Lifecycle took to complete: 0ms
08-18 16:54:40.991 I/SystemServerTimingAsync( 1152): ssm.onUnlockedUser-0_com.android.server.pm.LauncherAppsService
08-18 16:54:40.991 D/SystemServerTimingAsync( 1152): ssm.onUnlockedUser-0_com.android.server.pm.LauncherAppsService took to complete: 0ms
08-18 16:54:40.991 I/SystemServerTimingAsync( 1152): ssm.onUnlockedUser-0_com.android.server.pm.CrossProfileAppsService
08-18 16:54:40.991 D/SystemServerTimingAsync( 1152): ssm.onUnlockedUser-0_com.android.server.pm.CrossProfileAppsService took to complete: 0ms
08-18 16:54:40.991 I/SystemServerTimingAsync( 1152): ssm.onUnlockedUser-0_com.android.server.people.PeopleService
08-18 16:54:40.992 D/SystemServerTimingAsync( 1152): ssm.onUnlockedUser-0_com.android.server.people.PeopleService took to complete: 0ms
08-18 16:54:40.992 I/SystemServerTimingAsync( 1152): ssm.onUnlockedUser-0_com.android.server.media.metrics.MediaMetricsManagerService
08-18 16:54:40.992 D/SystemServerTimingAsync( 1152): ssm.onUnlockedUser-0_com.android.server.media.metrics.MediaMetricsManagerService took to complete: 0ms
08-18 16:54:40.992 I/SystemServerTimingAsync( 1152): ssm.onUnlockedUser-0_com.android.server.media.projection.MediaProjectionManagerService
08-18 16:54:40.992 D/SystemServerTimingAsync( 1152): ssm.onUnlockedUser-0_com.android.server.media.projection.MediaProjectionManagerService took to complete: 0ms
08-18 16:54:40.992 I/SystemServerTimingAsync( 1152): ssm.onUnlockedUser-0_com.android.server.slice.SliceManagerService$Lifecycle
08-18 16:54:40.992 D/SystemServerTimingAsync( 1152): ssm.onUnlockedUser-0_com.android.server.slice.SliceManagerService$Lifecycle took to complete: 0ms
08-18 16:54:40.992 I/SystemServerTimingAsync( 1152): ssm.onUnlockedUser-0_com.android.server.stats.StatsCompanion$Lifecycle
08-18 16:54:40.992 D/SystemServerTimingAsync( 1152): ssm.onUnlockedUser-0_com.android.server.stats.StatsCompanion$Lifecycle took to complete: 0ms
08-18 16:54:40.992 I/SystemServerTimingAsync( 1152): ssm.onUnlockedUser-0_com.android.server.scheduling.RebootReadinessManagerService$Lifecycle
08-18 16:54:40.992 D/SystemServerTimingAsync( 1152): ssm.onUnlockedUser-0_com.android.server.scheduling.RebootReadinessManagerService$Lifecycle took to complete: 0ms
08-18 16:54:40.992 I/SystemServerTimingAsync( 1152): ssm.onUnlockedUser-0_com.android.server.stats.pull.StatsPullAtomService
08-18 16:54:40.992 D/SystemServerTimingAsync( 1152): ssm.onUnlockedUser-0_com.android.server.stats.pull.StatsPullAtomService took to complete: 0ms
08-18 16:54:40.992 I/SystemServerTimingAsync( 1152): ssm.onUnlockedUser-0_com.android.server.incident.IncidentCompanionService
08-18 16:54:40.992 D/SystemServerTimingAsync( 1152): ssm.onUnlockedUser-0_com.android.server.incident.IncidentCompanionService took to complete: 0ms
08-18 16:54:40.992 I/SystemServerTimingAsync( 1152): ssm.onUnlockedUser-0_com.android.server.MmsServiceBroker
08-18 16:54:40.993 D/SystemServerTimingAsync( 1152): ssm.onUnlockedUser-0_com.android.server.MmsServiceBroker took to complete: 0ms
08-18 16:54:40.993 I/SystemServerTimingAsync( 1152): ssm.onUnlockedUser-0_com.android.server.autofill.AutofillManagerService
08-18 16:54:40.993 D/SystemServerTimingAsync( 1152): ssm.onUnlockedUser-0_com.android.server.autofill.AutofillManagerService took to complete: 0ms
08-18 16:54:40.993 I/SystemServerTimingAsync( 1152): ssm.onUnlockedUser-0_com.android.server.clipboard.ClipboardService
08-18 16:54:40.993 D/SystemServerTimingAsync( 1152): ssm.onUnlockedUser-0_com.android.server.clipboard.ClipboardService took to complete: 0ms
08-18 16:54:40.993 I/SystemServerTimingAsync( 1152): ssm.onUnlockedUser-0_com.android.server.appbinding.AppBindingService$Lifecycle
08-18 16:54:40.993 D/SystemServerTimingAsync( 1152): ssm.onUnlockedUser-0_com.android.server.appbinding.AppBindingService$Lifecycle took to complete: 0ms
08-18 16:54:40.993 I/SystemServerTimingAsync( 1152): ssm.onUnlockedUser-0_com.android.server.tracing.TracingServiceProxy
08-18 16:54:40.993 D/SystemServerTimingAsync( 1152): ssm.onUnlockedUser-0_com.android.server.tracing.TracingServiceProxy took to complete: 0ms
08-18 16:54:40.993 I/SystemServerTimingAsync( 1152): ssm.onUnlockedUser-0_com.android.server.policy.PermissionPolicyService
08-18 16:54:40.993 D/SystemServerTimingAsync( 1152): ssm.onUnlockedUser-0_com.android.server.policy.PermissionPolicyService took to complete: 0ms
08-18 16:54:40.993 I/SystemServerTimingAsync( 1152): ssm.onUnlockedUser-0_com.android.server.pm.StagingManager$Lifecycle
08-18 16:54:40.993 D/SystemServerTimingAsync( 1152): ssm.onUnlockedUser-0_com.android.server.pm.StagingManager$Lifecycle took to complete: 0ms
08-18 16:54:40.993 I/SystemServerTimingAsync( 1152): ssm.onUnlockedUser-0_com.android.server.app.GameManagerService$Lifecycle
08-18 16:54:40.993 D/SystemServerTimingAsync( 1152): ssm.onUnlockedUser-0_com.android.server.app.GameManagerService$Lifecycle took to complete: 0ms
08-18 16:54:40.993 I/SystemServerTimingAsync( 1152): ssm.onUnlockedUser-0_com.android.server.appsearch.AppSearchManagerService
08-18 16:54:40.993 D/SystemServerTimingAsync( 1152): ssm.onUnlockedUser-0_com.android.server.appsearch.AppSearchManagerService took to complete: 0ms
08-18 16:54:40.993 I/SystemServerTimingAsync( 1152): ssm.onUnlockedUser-0_com.android.server.media.MediaCommunicationService
08-18 16:54:40.993 D/SystemServerTimingAsync( 1152): ssm.onUnlockedUser-0_com.android.server.media.MediaCommunicationService took to complete: 0ms
08-18 16:54:40.994 D/SystemServerTimingAsync( 1152): ssm.UnlockedUser-0 took to complete: 45ms
08-18 16:54:40.994 W/ActivityManager( 1152): UserLifecycleEvent 6 received without an active userJourneySession.
08-18 16:54:40.995 I/DropBoxManagerService( 1152): add tag=system_server_strictmode isTagEnabled=true flags=0x2
08-18 16:54:40.995 D/CompatibilityChangeReporter( 1152): Compat change id reported: 174042980; UID 10104; state: DISABLED
08-18 16:54:41.006 W/ActivityManager( 1152): Slow operation: 76ms so far, now at startProcess: returned from zygote!
01-01 00:15:40.817 I/[kworke][0x5319bfb7][16:54:41.054200] wlan( 0): [292:I:DP] Peer pool init
01-01 00:15:40.817 W/[kworke][0x5319cc3b][16:54:41.054366] wlan( 0): [292:W:DP] dp_rx_pdev_mon_attach: pdev attach id=0
01-01 00:15:40.834 W/QSEECOM ( 0): __qseecom_unload_app: App (9) is unloaded
01-01 00:15:40.835 D/qbt ( 0): qbt_release: entry minor_no=0 fd_available=0
01-01 00:15:40.835 D/qbt ( 0): qbt_release: Releasing wakelock
01-01 00:15:40.835 D/qbt ( 0): qbt_release: exit : fd_available=1
01-01 00:15:40.835 D/qbt ( 0): qbt_release: entry minor_no=1 fd_available=1
01-01 00:15:40.835 D/qbt ( 0): qbt_release: exit : fd_available=1
01-01 00:15:40.857 D/cnss ( 0): Assign MSI to user: DP, num_vectors: 18, user_base_data: 814, base_vector: 14
01-01 00:15:40.857 D/cnss ( 0): Get IRQ number 426 for vector index 14
01-01 00:15:40.857 D/cnss ( 0): Assign MSI to user: DP, num_vectors: 18, user_base_data: 814, base_vector: 14
01-01 00:15:40.857 D/cnss ( 0): Get IRQ number 427 for vector index 15
01-01 00:15:40.857 D/cnss ( 0): Assign MSI to user: DP, num_vectors: 18, user_base_data: 814, base_vector: 14
01-01 00:15:40.857 D/cnss ( 0): Get IRQ number 428 for vector index 16
01-01 00:15:40.857 D/cnss ( 0): Assign MSI to user: DP, num_vectors: 18, user_base_data: 814, base_vector: 14
01-01 00:15:40.857 D/cnss ( 0): Get IRQ number 429 for vector index 17
01-01 00:15:40.857 D/cnss ( 0): Assign MSI to user: DP, num_vectors: 18, user_base_data: 814, base_vector: 14
01-01 00:15:40.857 D/cnss ( 0): Assign MSI to user: DP, num_vectors: 18, user_base_data: 814, base_vector: 14
01-01 00:15:40.857 D/cnss ( 0): Get IRQ number 431 for vector index 19
01-01 00:15:40.857 D/cnss ( 0): Assign MSI to user: DP, num_vectors: 18, user_base_data: 814, base_vector: 14
01-01 00:15:40.857 D/cnss ( 0): Get IRQ number 432 for vector index 20
08-18 16:54:41.019 D/CompatibilityChangeReporter( 1152): Compat change id reported: 168419799; UID 10104; state: DISABLED
08-18 16:54:41.021 V/BackupManagerService( 1152): [UserID:0] No ancestral data
08-18 16:54:41.023 I/ActivityTaskManager( 1152): The Process com.android.launcher3 Already Exists in BG. So sending its PID: 2396
08-18 16:54:41.059 D/CompatibilityChangeReporter( 1152): Compat change id reported: 168419799; UID 10140; state: DISABLED
08-18 16:54:41.065 W/Looper ( 1152): Slow dispatch took 114ms main h=android.app.ActivityThread$H c=android.app.LoadedApk$ReceiverDispatcher$Args$$ExternalSyntheticLambda0@e3446d6 m=0
08-18 16:54:41.072 V/BackupManagerConstants( 1152): getKeyValueBackupIntervalMilliseconds(...) returns 14400000
08-18 16:54:41.072 V/BackupManagerConstants( 1152): getKeyValueBackupFuzzMilliseconds(...) returns 600000
08-18 16:54:41.072 V/BackupManagerConstants( 1152): getKeyValueBackupRequiredNetworkType(...) returns 1
08-18 16:54:41.073 V/BackupManagerConstants( 1152): getKeyValueBackupRequireCharging(...) returns true
08-18 16:54:41.073 V/KeyValueBackupJob( 1152): Scheduling k/v pass in 245 minutes
08-18 16:54:41.084 W/Looper ( 1152): Slow dispatch took 134ms android.fg h=android.os.Handler c=com.android.server.am.UserController$$ExternalSyntheticLambda9@c7d652d m=0
08-18 16:54:41.096 I/vold ( 565): Mounting emulated fuse volume
08-18 16:54:41.101 F/linker ( 2862): CANNOT LINK EXECUTABLE "/vendor/bin/hw/qvrservice": library "vendor.qti.hardware.qxr-V1-ndk_platform.so" not found: needed by /vendor/lib64/libqvrservice.so in namespace (default)
01-01 00:15:40.882 I/binder ( 0): 2856:2856 ioctl 40046210 7fc78c36c4 returned -22
01-01 00:15:40.882 D/ ( 0): mv2112_read_status
01-01 00:15:40.883 D/mv2112_update_link( 0): 3.0x901(1G): 0x0
01-01 00:15:40.883 D/mv2112_update_link( 0): 3.0x8109(100M): 0x8
01-01 00:15:40.883 D/mv2112_update_link( 0): link 0x0
01-01 00:15:40.883 D/mv2112_read_status( 0): autoneg is disabled
08-18 16:54:41.150 E/TaskPersister( 1152): File error accessing recents directory (directory doesn't exist?).
01-01 00:15:40.894 E/[kworke][0x53307b51][16:54:41.131794] wlan( 0): [292:E:HIF] hif_pci_ce_irq_set_affinity_hint: 3708: Unable to set cpu mask for offline CPU 0
08-18 16:54:41.182 W/Looper ( 1152): Slow dispatch took 100ms main h=android.app.ActivityThread$H c=android.app.LoadedApk$ReceiverDispatcher$Args$$ExternalSyntheticLambda0@59bcb5e m=0
08-18 16:54:41.182 W/Looper ( 1152): Slow delivery took 232ms main h=com.android.server.accessibility.AccessibilityManagerService$MainHandler c= m=0
08-18 16:54:41.187 W/ActivityManager( 1152): Slow operation: 258ms so far, now at startProcess: done updating battery stats
08-18 16:54:41.187 W/ActivityManager( 1152): Slow operation: 258ms so far, now at startProcess: building log message
08-18 16:54:41.187 I/ActivityManager( 1152): Start proc 2856:com.android.nfc/1027 for added application com.android.nfc
08-18 16:54:41.187 W/ActivityManager( 1152): Slow operation: 258ms so far, now at startProcess: starting to update pids map
08-18 16:54:41.188 W/ActivityManager( 1152): Slow operation: 258ms so far, now at startProcess: done updating pids map
08-18 16:54:41.188 W/ActivityManager( 1152): Slow operation: 256ms so far, now at startProcess: asking zygote to start proc
08-18 16:54:41.188 D/CompatibilityChangeReporter( 1152): Compat change id reported: 143937733; UID 10064; state: ENABLED
08-18 16:54:41.188 I/SyncManager( 1152): Loaded persisted syncs: 0 periodic syncs, 0 oneshot syncs, 15 total system server jobs, JobStats: FirstLoad: 7/4/0 LastSave: -1/-1/-1
08-18 16:54:41.193 D/CompatibilityChangeReporter( 1152): Compat change id reported: 168419799; UID 1027; state: DISABLED
08-18 16:54:41.196 I/vold ( 565): Bind mounting /mnt/runtime/full/emulated to /mnt/pass_through/0/emulated
08-18 16:54:41.205 I/StorageSessionController( 1152): On volume mount VolumeInfo{emulated;0}:
08-18 16:54:41.205 I/StorageSessionController( 1152): type=EMULATED diskId=null partGuid= mountFlags=PRIMARY|VISIBLE
08-18 16:54:41.205 I/StorageSessionController( 1152): mountUserId=0 state=CHECKING
08-18 16:54:41.205 I/StorageSessionController( 1152): fsType=null fsUuid=null fsLabel=null
08-18 16:54:41.205 I/StorageSessionController( 1152): path=/storage/emulated internalPath=/data/media
08-18 16:54:41.209 I/StorageSessionController( 1152): Creating connection for user: 0
08-18 16:54:41.210 I/StorageSessionController( 1152): Creating and starting session with id: emulated;0
08-18 16:54:41.211 I/StorageUserConnection( 1152): Binding to the ExternalStorageService for user 0
01-01 00:15:40.961 I/[kworke][0x5343ec78][16:54:41.198158] wlan( 0): [336:I:WMA] wma_rx_service_ready_event: Firmware build version : 101a0521
01-01 00:15:40.961 I/[kworke][0x5343f31b][16:54:41.198246] wlan( 0): [336:I:WMA] wma_rx_service_ready_event: Board id: 0, Board version: 8 0 0 0 6
01-01 00:15:40.985 I/[kworke][0x534b0433][16:54:41.222366] wlan( 0): [336:I:WMA] wma_is_dbs_mandatory: 5417: MAC0 does not support both bands 2 DBS is mandatory
01-01 00:15:40.986 E/[kworke][0x534b6387][16:54:41.223637] wlan( 0): [336:E:QDF] copy_fw_abi_version_tlv: 6979: copy_fw_abi_version_tlv: INIT_CMD version: 1, 0, 0x5f414351, 0x4c4d, 0x0, 0x0
08-18 16:54:41.248 F/linker ( 2895): CANNOT LINK EXECUTABLE "/vendor/bin/hw/sxrservice": library "vendor.qti.hardware.qxr-V1-ndk_platform.so" not found: needed by main executable
08-18 16:54:41.254 I/UsageStatsService( 1152): User[0] Rollover scheduled @ 2022-08-19 16:54:40(1660928080912)
08-18 16:54:41.254 I/UsageStatsService( 1152): Time changed in by 1660840740 seconds
08-18 16:54:41.256 D/CompatibilityChangeReporter( 1152): Compat change id reported: 135634846; UID 10139; state: DISABLED
08-18 16:54:41.256 D/CompatibilityChangeReporter( 1152): Compat change id reported: 177438394; UID 10139; state: DISABLED
08-18 16:54:41.257 D/CompatibilityChangeReporter( 1152): Compat change id reported: 135772972; UID 10139; state: DISABLED
08-18 16:54:41.257 D/CompatibilityChangeReporter( 1152): Compat change id reported: 135754954; UID 10139; state: ENABLED
08-18 16:54:41.259 D/Fingerprint21( 1152): handleError, client: FingerprintInternalCleanupClient, error: 2, vendorCode: 0
08-18 16:54:41.259 E/Fingerprint21( 1152): onError for non-error consumer: FingerprintInternalCleanupClient
08-18 16:54:41.265 I/StorageUserConnection( 1152): Bound to the ExternalStorageService for user 0
08-18 16:54:41.269 I/UsageStatsService( 1152): User[0] Flushing usage stats to disk
08-18 16:54:41.273 W/Looper ( 1152): Drained
08-18 16:54:41.274 V/NotificationAssistants( 1152): 0 notification assistant service connected: ComponentInfo{android.ext.services/android.ext.services.notification.Assistant}
08-18 16:54:41.285 I/BackupManagerService( 1152): isBackupEnabled() => false due to absent settings file
08-18 16:54:41.286 D/BackupManagerService( 1152): user:0 readBackupEnableState enabled:false
08-18 16:54:41.286 I/BackupManagerService( 1152): [UserID:0] Backup enabled => false
08-18 16:54:41.309 W/ActivityManager( 1152): Slow operation: 378ms so far, now at startProcess: returned from zygote!
01-01 00:15:41.134 I/binder ( 0): 2928:2928 ioctl 40046210 7fc78c36c4 returned -22
08-18 16:54:41.385 W/ActivityManager( 1152): Slow operation: 454ms so far, now at startProcess: done updating battery stats
08-18 16:54:41.385 W/ActivityManager( 1152): Slow operation: 454ms so far, now at startProcess: building log message
08-18 16:54:41.385 I/ActivityManager( 1152): Start proc 2928:.pasr/u0a64 for added application .pasr
08-18 16:54:41.385 W/ActivityManager( 1152): Slow operation: 454ms so far, now at startProcess: starting to update pids map
08-18 16:54:41.387 W/ActivityManager( 1152): Slow operation: 455ms so far, now at startProcess: done updating pids map
08-18 16:54:41.388 W/ActivityManager( 1152): Slow operation: 454ms so far, now at startProcess: asking zygote to start proc
08-18 16:54:41.388 D/CompatibilityChangeReporter( 1152): Compat change id reported: 143937733; UID 10113; state: DISABLED
08-18 16:54:41.392 D/CompatibilityChangeReporter( 1152): Compat change id reported: 168419799; UID 10064; state: DISABLED
08-18 16:54:41.435 W/ActivityManager( 1152): Slow operation: 502ms so far, now at startProcess: returned from zygote!
08-18 16:54:41.438 D/CompatibilityChangeReporter( 1152): Compat change id reported: 135634846; UID 10044; state: DISABLED
08-18 16:54:41.438 D/CompatibilityChangeReporter( 1152): Compat change id reported: 177438394; UID 10044; state: DISABLED
08-18 16:54:41.439 D/CompatibilityChangeReporter( 1152): Compat change id reported: 135772972; UID 10044; state: DISABLED
08-18 16:54:41.439 D/CompatibilityChangeReporter( 1152): Compat change id reported: 135754954; UID 10044; state: ENABLED
08-18 16:54:41.440 W/ActivityManager( 1152): Slow operation: 507ms so far, now at startProcess: done updating battery stats
08-18 16:54:41.441 W/ActivityManager( 1152): Slow operation: 507ms so far, now at startProcess: building log message
08-18 16:54:41.441 I/ActivityManager( 1152): Start proc 2964:com.qualcomm.qti.services.systemhelper:systemhelper_service/u0a113 for added application com.qualcomm.qti.services.systemhelper:systemhelper_service
08-18 16:54:41.441 W/ActivityManager( 1152): Slow operation: 508ms so far, now at startProcess: starting to update pids map
08-18 16:54:41.441 W/ActivityManager( 1152): Slow operation: 508ms so far, now at startProcess: done updating pids map
08-18 16:54:41.441 W/ActivityManager( 1152): Slow operation: 506ms so far, now at startProcess: asking zygote to start proc
08-18 16:54:41.441 D/CompatibilityChangeReporter( 1152): Compat change id reported: 143937733; UID 10120; state: ENABLED
08-18 16:54:41.448 W/StorageManagerService( 1152): Reporting emulated;0 unmounted due to system locked
08-18 16:54:41.448 D/CompatibilityChangeReporter( 1152): Compat change id reported: 168419799; UID 10103; state: DISABLED
01-01 00:15:41.194 E/[kworke][0x53882544][16:54:41.431020] wlan( 0): [274:E:QDF] ready_extract_init_status_tlv: 8884: ready_extract_init_status_tlv:0
01-01 00:15:41.210 E/[kworke][0x538ce1be][16:54:41.447186] wlan( 0): [274:E:QDF] cds_get_context: 1486: Module ID 65 context is Null
01-01 00:15:41.221 F/[kworke][0x53903935][16:54:41.458593] wlan( 0): [274:F:DP] cdp_ipa_set_uc_tx_partition_base invalid instance
01-01 00:15:41.233 I/[kworke][0x53938ffb][16:54:41.469990] wlan( 0): [274:I:WMA] wma_he_update_tgt_services: 996: 11ax is enabled
01-01 00:15:41.248 I/[kworke][0x53980340][16:54:41.485181] wlan( 0): [274:I:HIF] Initializing Runtime PM wakelock &mgmt_txrx_pdev_ctx->wakelock_tx_runtime_cmp
01-01 00:15:41.250 I/[kworke][0x5398b4a8][16:54:41.487546] wlan( 0): [274:I:dfs] WLAN_DEBUG_DFS_ALWAYS : wlan_dfs_pdev_obj_create_notification: 421: dfs_offload 1
01-01 00:15:41.250 I/[kworke][0x5398b89d][16:54:41.487598] wlan( 0): [274:I:SPECTRAL] null_get_capability: 1715: SPECTRAL : get_capability not registered
01-01 00:15:41.250 I/[kworke][0x5398b93f][16:54:41.487607] wlan( 0): [274:I:SPECTRAL] target_if_pdev_spectral_init: 2249: HAL_CAP_PHYDIAG : Capable
01-01 00:15:41.250 I/[kworke][0x5398b9de][16:54:41.487615] wlan( 0): [274:I:SPECTRAL] null_get_capability: 1715: SPECTRAL : get_capability not registered
01-01 00:15:41.250 I/[kworke][0x5398ba8a][16:54:41.487624] wlan( 0): [274:I:SPECTRAL] target_if_pdev_spectral_init: 2253: HAL_CAP_RADAR : Capable
01-01 00:15:41.250 I/[kworke][0x5398bb12][16:54:41.487631] wlan( 0): [274:I:SPECTRAL] null_get_capability: 1715: SPECTRAL : get_capability not registered
01-01 00:15:41.250 I/[kworke][0x5398bba4][16:54:41.487638] wlan( 0): [274:I:SPECTRAL] target_if_pdev_spectral_init: 2258: HAL_CAP_SPECTRAL_SCAN : Capable
01-01 00:15:41.250 I/[kworke][0x5398bc87][16:54:41.487650] wlan( 0): [274:I:SPECTRAL] null_get_tsf64: 1703: SPECTRAL : get_tsf64 not registered
01-01 00:15:41.250 I/[kworke][0x5398be52][16:54:41.487674] wlan( 0): [274:I:GREEN_AP] wlan_green_ap_pdev_obj_create_notification: 106: Green AP creation successful, green ap ctx: fffffff196834ce8, pdev: fffffff10b826ee8
01-01 00:15:41.250 I/[kworke][0x5398c651][16:54:41.487781] wlan( 0): [274:I:IPA] wlan_ipa_wdi_init: 540: ipa_over_gsi: 1, is_smmu_enabled: 1
08-18 16:54:41.483 D/CompatibilityChangeReporter( 1152): Compat change id reported: 135634846; UID 10068; state: DISABLED
08-18 16:54:41.483 D/CompatibilityChangeReporter( 1152): Compat change id reported: 177438394; UID 10068; state: DISABLED
08-18 16:54:41.484 D/CompatibilityChangeReporter( 1152): Compat change id reported: 135772972; UID 10068; state: DISABLED
08-18 16:54:41.484 D/CompatibilityChangeReporter( 1152): Compat change id reported: 135754954; UID 10068; state: ENABLED
01-01 00:15:41.256 I/[kworke][0x539a55df][16:54:41.493108] wlan( 0): [274:I:REGULATORY] reg_set_band: 483: set band bitmap: 3
01-01 00:15:41.256 I/[kworke][0x539a6919][16:54:41.493364] wlan( 0): [274:I:HIF] Initializing Runtime PM wakelock &ctx->dfs
01-01 00:15:41.256 I/[kworke][0x539a6a2e][16:54:41.493379] wlan( 0): [274:I:HIF] Initializing Runtime PM wakelock &ctx->connect
01-01 00:15:41.256 I/[kworke][0x539a6b22][16:54:41.493392] wlan( 0): [274:I:HIF] Initializing Runtime PM wakelock &ctx->user
01-01 00:15:41.256 I/[kworke][0x539a6c3d][16:54:41.493406] wlan( 0): [274:I:HIF] Initializing Runtime PM wakelock &scan_priv->runtime_pm_lock
01-01 00:15:41.256 I/[kworke][0x539a6e3a][16:54:41.493433] wlan( 0): [274:I:GREEN_AP] target_if_green_ap_register_egap_event_handler: 131: Set the Enhance Green AP event handler
01-01 00:15:41.256 E/[kworke][0x539a6f11][16:54:41.493444] wlan( 0): [274:E:QDF] dp_peer_map_attach_wifi3: 10048: dp_peer_map_attach_wifi3 max_peers 55, max_ast_index: 144
01-01 00:15:41.274 I/[kworke][0x539fb366][16:54:41.511424] wlan( 0): [274:I:DP]
01-01 00:15:41.274 I/ ( 0): <=== cfg max peer id 55 ====>
01-01 00:15:41.274 I/[kworke][0x539fb6a5][16:54:41.511465] wlan( 0): [274:I:DP]
01-01 00:15:41.274 I/ ( 0): <=== cfg max ast idx 144 ====>
01-01 00:15:41.276 I/[kworke][0x539fb7e3][16:54:41.511482] wlan( 0): [274:I:DP] ast hash_elems: 512, max_ast_idx: 144
01-01 00:15:41.277 I/binder ( 0): 2964:2964 ioctl 40046210 7fc78c36c4 returned -22
01-01 00:15:41.278 I/[kworke][0x53a0d82c][16:54:41.515326] wlan( 0): [292:I:WMA] wma_wait_for_ready_event: 6926: FW ready event received
01-01 00:15:41.282 I/binder ( 0): 2396:2957 ioctl 40046210 7a73e47254 returned -22
01-01 00:15:41.284 E/[kworke][0x53a29355][16:54:41.521234] wlan( 0): [292:E:WMI] send_action_oui_cmd_tlv: 220: Invalid action id
01-01 00:15:41.287 I/binder ( 0): 2820:2987 ioctl 40046210 7ad5516934 returned -22
01-01 00:15:41.309 E/[kworke][0x53a9e599][16:54:41.546225] wlan( 0): [292:E:action_oui] ucfg_action_oui_send: 160: Failed to send: 7
08-18 16:54:41.525 W/ActivityManager( 1152): Slow operation: 589ms so far, now at startProcess: returned from zygote!
08-18 16:54:41.526 W/ActivityManager( 1152): Slow operation: 591ms so far, now at startProcess: done updating battery stats
08-18 16:54:41.526 W/ActivityManager( 1152): Slow operation: 591ms so far, now at startProcess: building log message
08-18 16:54:41.526 I/ActivityManager( 1152): Start proc 2990:com.qualcomm.qti.qccnetstat/u0a120 for added application com.qualcomm.qti.qccnetstat
08-18 16:54:41.526 W/ActivityManager( 1152): Slow operation: 591ms so far, now at startProcess: starting to update pids map
08-18 16:54:41.527 W/ActivityManager( 1152): Slow operation: 591ms so far, now at startProcess: done updating pids map
08-18 16:54:41.527 W/ActivityManager( 1152): Slow operation: 587ms so far, now at startProcess: asking zygote to start proc
08-18 16:54:41.527 D/CompatibilityChangeReporter( 1152): Compat change id reported: 143937733; UID 10132; state: ENABLED
01-01 00:15:41.322 E/[kworke][0x53ade33b][16:54:41.559846] wlan( 0): [292:E:WMI] send_action_oui_cmd_tlv: 220: Invalid action id
01-01 00:15:41.333 E/[kworke][0x53b10b99][16:54:41.570624] wlan( 0): [292:E:action_oui] ucfg_action_oui_send: 160: Failed to send: 9
01-01 00:15:41.349 I/binder ( 0): 2990:2990 ioctl 40046210 7fc78c36c4 returned -22
01-01 00:15:41.352 E/[kworke][0x53b68b67][16:54:41.589396] wlan( 0): [292:E:HDD] hdd_action_oui_send: 13281: Failed to send one or all action_ouis
01-01 00:15:41.386 D/cnss ( 0): dma-coherent is enabled
01-01 00:15:41.386 D/cnss ( 0): IOMMU map: iova b0000000, len 4096
01-01 00:15:41.386 D/cnss ( 0): IOMMU map: iova_addr b0000040
01-01 00:15:41.386 D/cnss ( 0): dma-coherent is enabled
01-01 00:15:41.386 D/cnss ( 0): IOMMU map: iova b0001000, len 4096
01-01 00:15:41.386 D/cnss ( 0): IOMMU map: iova_addr b0001018
01-01 00:15:41.388 E/[kworke][0x53c10f04][16:54:41.625283] wlan( 0): [292:E:TXRX] dp_rxdma_ring_config: 5022: DBS enabled max_mac_rings 2
01-01 00:15:41.399 E/[kworke][0x53c472ec][16:54:41.636856] wlan( 0): [292:E:TXRX] dp_rxdma_ring_config: 5033: pdev_id 0 max_mac_rings 2
01-01 00:15:41.408 I/perfetto( 0): disabled ftrace
08-18 16:54:41.543 D/CompatibilityChangeReporter( 1152): Compat change id reported: 168419799; UID 10113; state: DISABLED
01-01 00:15:41.420 E/[kworke][0x53ca703d][16:54:41.657301] wlan( 0): [292:E:TXRX] dp_rxdma_ring_config: 5050: mac_id 0
08-18 16:54:41.566 W/ActivityManager( 1152): Slow operation: 626ms so far, now at startProcess: returned from zygote!
08-18 16:54:41.566 W/ActivityManager( 1152): Slow operation: 627ms so far, now at startProcess: done updating battery stats
08-18 16:54:41.566 W/ActivityManager( 1152): Slow operation: 627ms so far, now at startProcess: building log message
08-18 16:54:41.566 I/ActivityManager( 1152): Start proc 3003:com.qualcomm.qti.workloadclassifier/u0a132 for added application com.qualcomm.qti.workloadclassifier
08-18 16:54:41.566 W/ActivityManager( 1152): Slow operation: 627ms so far, now at startProcess: starting to update pids map
08-18 16:54:41.567 W/ActivityManager( 1152): Slow operation: 627ms so far, now at startProcess: done updating pids map
08-18 16:54:41.567 W/ActivityManager( 1152): Slow operation: 626ms so far, now at startProcess: asking zygote to start proc
08-18 16:54:41.629 D/CompatibilityChangeReporter( 1152): Compat change id reported: 168419799; UID 10120; state: DISABLED
01-01 00:15:41.430 E/[kworke][0x53cd7628][16:54:41.667619] wlan( 0): [292:E:TXRX] dp_rxdma_ring_config: 5050: mac_id 1
01-01 00:15:41.444 I/binder ( 0): 3003:3003 ioctl 40046210 7fc78c36c4 returned -22
01-01 00:15:41.444 I/[kworke][0x53d191f8][16:54:41.681644] wlan( 0): [292:I:POLICY_MGR] policy_mgr_update_5g_scc_prefer: 398: overwrite pm_second_connection_pcl_dbs_2x2_table, index 2 mode 3 system prefer 0 new pcl 6
01-01 00:15:41.444 I/[kworke][0x53d19457][16:54:41.681676] wlan( 0): [292:I:POLICY_MGR] policy_mgr_update_5g_scc_prefer: 404: overwrite pm_second_connection_pcl_dbs_2x2_table, index 3 mode 3 system prefer 0 new pcl 6
08-18 16:54:41.643 W/ActivityManager( 1152): Slow operation: 703ms so far, now at startProcess: returned from zygote!
01-01 00:15:41.449 E/[kworke][0x53d2d8e9][16:54:41.686004] wlan( 0): [292:E:REGULATORY] reg_freq_width_to_chan_op_class: 512: no op class for frequency 5745
01-01 00:15:41.464 I/[kworke][0x53d766f9][16:54:41.701549] wlan( 0): [292:I:HIF] hif_pm_runtime_start: Enabling RUNTIME PM, Delay: 500 ms
08-18 16:54:41.644 W/ActivityManager( 1152): Slow operation: 703ms so far, now at startProcess: done updating battery stats
01-01 00:15:41.522 E/cnss_utils( 0): WLAN MAC address is not set, type 0
01-01 00:15:41.530 W/cnss_pci 0000( 0): 01:00.0: Falling back to syfs fallback for: wlan/qca_cld/qca6390/wlan_mac.bin
01-01 00:15:41.551 I/binder ( 0): 3034:3034 ioctl 40046210 7fc78c36c4 returned -22
08-18 16:54:41.644 W/ActivityManager( 1152): Slow operation: 703ms so far, now at startProcess: building log message
08-18 16:54:41.644 I/ActivityManager( 1152): Start proc 3034:com.qualcomm.qti.services.secureui:sui_service/1000 for added application com.qualcomm.qti.services.secureui:sui_service
08-18 16:54:41.644 W/ActivityManager( 1152): Slow operation: 703ms so far, now at startProcess: starting to update pids map
08-18 16:54:41.644 W/ActivityManager( 1152): Slow operation: 704ms so far, now at startProcess: done updating pids map
08-18 16:54:41.644 W/ActivityManager( 1152): Slow operation: 389ms so far, now at startProcess: asking zygote to start proc
08-18 16:54:41.644 D/CompatibilityChangeReporter( 1152): Compat change id reported: 143937733; UID 10139; state: ENABLED
08-18 16:54:41.661 D/CompatibilityChangeReporter( 1152): Compat change id reported: 135634846; UID 10111; state: DISABLED
08-18 16:54:41.661 D/CompatibilityChangeReporter( 1152): Compat change id reported: 177438394; UID 10111; state: DISABLED
08-18 16:54:41.661 D/CompatibilityChangeReporter( 1152): Compat change id reported: 135772972; UID 10111; state: DISABLED
08-18 16:54:41.661 D/CompatibilityChangeReporter( 1152): Compat change id reported: 135754954; UID 10111; state: ENABLED
01-01 00:15:41.569 I/[kworke][0x53f6062a][16:54:41.806072] wlan( 0): [292:I:HDD] hdd_initialize_mac_address: 12589: using default MAC address
01-01 00:15:41.579 I/cnss-daemon( 0): no interop issues ap currently
01-01 00:15:41.589 I/binder ( 0): 3048:3048 ioctl 40046210 7fc78c36c4 returned -22
08-18 16:54:41.710 D/CompatibilityChangeReporter( 1152): Compat change id reported: 168419799; UID 10132; state: DISABLED
08-18 16:54:41.719 W/ActivityManager( 1152): Slow operation: 463ms so far, now at startProcess: returned from zygote!
08-18 16:54:41.719 W/ActivityManager( 1152): Slow operation: 464ms so far, now at startProcess: done updating battery stats
08-18 16:54:41.719 I/Watchdog( 1152): Interesting Java process com.android.providers.media.module started. Pid 3048
08-18 16:54:41.719 W/ActivityManager( 1152): Slow operation: 464ms so far, now at startProcess: building log message
08-18 16:54:41.719 I/ActivityManager( 1152): Start proc 3048:com.android.providers.media.module/u0a139 for service {com.android.providers.media.module/com.android.providers.media.fuse.ExternalStorageServiceImpl}
08-18 16:54:41.719 W/ActivityManager( 1152): Slow operation: 464ms so far, now at startProcess: starting to update pids map
08-18 16:54:41.720 W/ActivityManager( 1152): Slow operation: 464ms so far, now at startProcess: done updating pids map
08-18 16:54:41.720 W/ActivityManager( 1152): Slow operation: 283ms so far, now at startProcess: asking zygote to start proc
08-18 16:54:41.720 D/CompatibilityChangeReporter( 1152): Compat change id reported: 143937733; UID 10044; state: ENABLED
08-18 16:54:41.778 W/ActivityManager( 1152): Slow operation: 341ms so far, now at startProcess: returned from zygote!
08-18 16:54:41.778 W/ActivityManager( 1152): Slow operation: 342ms so far, now at startProcess: done updating battery stats
08-18 16:54:41.778 W/ActivityManager( 1152): Slow operation: 342ms so far, now at startProcess: building log message
08-18 16:54:41.778 I/ActivityManager( 1152): Start proc 3060:com.android.printspooler/u0a44 for service {com.android.printspooler/com.android.printspooler.model.PrintSpoolerService}
08-18 16:54:41.778 W/ActivityManager( 1152): Slow operation: 342ms so far, now at startProcess: starting to update pids map
08-18 16:54:41.779 W/ActivityManager( 1152): Slow operation: 342ms so far, now at startProcess: done updating pids map
08-18 16:54:41.779 W/ActivityManager( 1152): Slow operation: 296ms so far, now at startProcess: asking zygote to start proc
08-18 16:54:41.779 D/CompatibilityChangeReporter( 1152): Compat change id reported: 143937733; UID 10068; state: ENABLED
08-18 16:54:41.811 D/CompatibilityChangeReporter( 1152): Compat change id reported: 168419799; UID 1000; state: DISABLED
08-18 16:54:41.822 D/CompatibilityChangeReporter( 1152): Compat change id reported: 157233955; UID 10103; state: DISABLED
01-01 00:15:41.649 I/binder ( 0): 3060:3060 ioctl 40046210 7fc78c36c4 returned -22
08-18 16:54:41.860 W/ActivityManager( 1152): Slow operation: 378ms so far, now at startProcess: returned from zygote!
08-18 16:54:41.863 D/CompatibilityChangeReporter( 1152): Compat change id reported: 168419799; UID 10139; state: DISABLED
01-01 00:15:41.658 E/[kworke][0x5410349d][16:54:41.895438] wlan( 0): [292:E:QDF] qdf_mutex_create: already initialized lock
01-01 00:15:41.670 E/[kworke][0x5413a49b][16:54:41.907171] wlan( 0): [292:E:HDD] hdd_open_adapter: 6512: Interface p2p0 wow debug_fs init failed
01-01 00:15:41.679 I/zram0 ( 0): detected capacity change from 0 to 4294967296
01-01 00:15:41.698 I/binder ( 0): 3091:3091 ioctl 40046210 7fc78c36c4 returned -22
01-01 00:15:41.699 E/[kworke][0x541c3fab][16:54:41.936546] wlan( 0): [292:E:QDF] qdf_mutex_create: already initialized lock
01-01 00:15:41.710 E/[kworke][0x541f4b6e][16:54:41.946942] wlan( 0): [292:E:HDD] hdd_open_adapter: 6512: Interface wifi-aware0 wow debug_fs init failed
01-01 00:15:41.727 W/ ( 0): ------------[ cut here ]------------
01-01 00:15:41.727 I/ ( 0): IRQs not enabled as expected
01-01 00:15:41.727 W/ ( 0): WARNING: CPU: 5 PID: 292 at kernel/softirq.c:161 __local_bh_enable_ip+0x140/0x158
01-01 00:15:41.727 I/ ( 0): Modules linked in: wlan(O) machine_dlkm(O) wcd938x_slave_dlkm(O) wcd938x_dlkm(O) wcd9xxx_dlkm(O) mbhc_dlkm(O) tx_macro_dlkm(O) rx_macro_dlkm(O) va_macro_dlkm(O) wsa_macro_dlkm(O) swr_ctrl_dlkm(O) bolero_cdc_dlkm(O) wsa881x_dlkm(O) wcd_core_dlkm(O) stub_dlkm(O) hdmi_dlkm(O) swr_dlkm(O) pinctrl_lpi_dlkm(O) pinctrl_wcd_dlkm(O) usf_dlkm(O) native_dlkm(O) platform_dlkm(O) q6_dlkm(O) adsp_loader_dlkm(O) apr_dlkm(O) snd_event_dlkm(O) q6_notifier_dlkm(O) q6_pdr_dlkm(O) msm_11ad_proxy
01-01 00:15:41.727 I/ ( 0): CPU: 5 PID: 292 Comm: kworker/u16:8 Tainted: G S W O 4.19.157+ #1
01-01 00:15:41.727 I/Hardware name( 0): Qualcomm Technologies, Inc. kona MTP-RmPM8150b (DT)
01-01 00:15:41.727 I/Workqueue( 0): cnss_driver_event cnss_driver_event_work
01-01 00:15:41.727 I/pstate ( 0): 60c00085 (nZCv daIf +PAN +UAO)
01-01 00:15:41.727 I/pc ( 0): __local_bh_enable_ip+0x140/0x158
01-01 00:15:41.727 I/lr ( 0): __local_bh_enable_ip+0x140/0x158
01-01 00:15:41.727 I/sp ( 0): ffffff801a2b3b60
01-01 00:15:41.727 I/ ( 0): x29: ffffff801a2b3b60 x28: dead000000000100
01-01 00:15:41.727 I/ ( 0): x27: ffffffa830981dd4 x26: fffffff187ad0670
01-01 00:15:41.727 I/ ( 0): x25: fffffff108122d80 x24: 000000000000003f
01-01 00:15:41.727 I/ ( 0): x23: ffffff801b50310c x22: 000000004000003f
01-01 00:15:41.727 I/ ( 0): x21: fffffff18818dd40 x20: ffffffa82f0fb038
01-01 00:15:41.727 I/ ( 0): x19: 0000000000000201 x18: 000000000000002c
01-01 00:15:41.727 I/ ( 0): x17: ffffffa8322f4000 x16: 00000000fff80968
01-01 00:15:41.727 I/ ( 0): x15: 0000000000080968 x14: 00000000000000c2
01-01 00:15:41.727 I/ ( 0): x13: 0000000000000000 x12: 00000000000000e0
01-01 00:15:41.727 I/ ( 0): x11: 0000000000000000 x10: 0000000000000000
01-01 00:15:41.727 I/ ( 0): x9 : 539d91a5fce24f00 x8 : 539d91a5fce24f00
01-01 00:15:41.727 I/ ( 0): x7 : ffffffa82e782700 x6 : 0000000000000000
01-01 00:15:41.727 I/ ( 0): x5 : 0000000000000080 x4 : 0000000000000001
01-01 00:15:41.727 I/ ( 0): x3 : 0000000000000000 x2 : 0000000000000004
01-01 00:15:41.727 I/ ( 0): x1 : 0000000000000004 x0 : 000000000000001c
01-01 00:15:41.727 I/Call trace( 0):
01-01 00:15:41.727 I/ ( 0): __local_bh_enable_ip+0x140/0x158
01-01 00:15:41.727 I/ ( 0): _raw_spin_unlock_bh+0x3c/0x48
01-01 00:15:41.727 I/ ( 0): cnss_pci_reg_write+0xf0/0x1a8
01-01 00:15:41.727 I/ ( 0): cnss_pci_time_sync_work_hdlr+0x24c/0x6a8
01-01 00:15:41.727 I/ ( 0): cnss_pci_call_driver_probe+0x138/0x2d0
01-01 00:15:41.727 I/ ( 0): cnss_bus_call_driver_probe+0x28/0x80
01-01 00:15:41.727 I/ ( 0): cnss_driver_event_work+0x2e8/0xcb8
01-01 00:15:41.727 I/ ( 0): process_one_work+0x38c/0x660
01-01 00:15:41.727 I/ ( 0): worker_thread+0x268/0x4b8
01-01 00:15:41.727 I/ ( 0): kthread+0x140/0x150
01-01 00:15:41.727 I/ ( 0): ret_from_fork+0x10/0x1c
01-01 00:15:41.727 I/ ( 0): irq event stamp: 666083
01-01 00:15:41.727 I/ ( 0): hardirqs last enabled at (666081): [] _raw_spin_unlock_irqrestore+0x44/0x88
01-01 00:15:41.727 I/ ( 0): hardirqs last disabled at (666082): [] _raw_spin_lock_irqsave+0x28/0x98
01-01 00:15:41.727 I/ ( 0): softirqs last enabled at (666076): [] mhi_device_get_sync_atomic+0x68/0x2d8
01-01 00:15:41.727 I/ ( 0): softirqs last disabled at (666083): [] cnss_pci_reg_write+0x58/0x1a8
