01-01 00:15:41.727 W/ ( 0): ---[ end trace 945b55d9ed832eb7 ]---
01-01 00:15:41.727 D/cnss ( 0): Host time = 73524710 us, device time = 4513210 us, offset = 69011500 us
01-01 00:15:41.727 D/cnss ( 0): Updated time sync regs [0x984] = 0x41d082c, [0x988] = 0x0
01-01 00:15:41.727 D/cnss ( 0): Removing vote for Regulator vdd-wlan-rfa2
01-01 00:15:41.727 D/cnss ( 0): Removing vote for Regulator vdd-wlan-rfa1
01-01 00:15:41.727 D/cnss ( 0): Removing vote for Regulator vdd-wlan-dig
01-01 00:15:41.727 D/cnss ( 0): Removing vote for Regulator vdd-wlan-aon
01-01 00:15:41.727 I/qcom_rpmh DRV( 0): apps_rsc TCS Busy, retrying RPMH message send: addr=0x40200
01-01 00:15:41.727 D/cnss ( 0): Removing vote for Regulator vdd-wlan-io
01-01 00:15:41.728 D/cnss ( 0): PM relax, state: 0x107, count: 0
01-01 00:15:41.728 D/cnss ( 0): PM stay awake, state: 0x107, count: 1
01-01 00:15:41.728 D/cnss ( 0): PM relax, state: 0x107, count: 0
01-01 00:15:41.742 I/ ( 0): Wifi Turning On from UI
01-01 00:15:41.748 I/[wifi@1][0x542aadc7][16:54:41.985800] wlan( 0): [951:I:DP] dp_vdev_attach_wifi3: wlan_cfg_ap_bridge_enabled 0
01-01 00:15:41.749 I/[wifi@1][0x542afd19][16:54:41.986858] wlan( 0): [951:I:DP] 00000000: c4 32 e8 0d f2 f0 67 e8 5e 8c 40 70 71 6a aa 6c
01-01 00:15:41.749 I/[wifi@1][0x542afdc3][16:54:41.986867] wlan( 0): [951:I:DP] 00000010: 0e 65 9f 13
01-01 00:15:41.749 I/[wifi@1][0x542afe6e][16:54:41.986876] wlan( 0): [951:I:DP] 00000000: 5e 9e 55 17 5b 74 d0 b7 0f 12 4c 19 19 87 a5 95
01-01 00:15:41.749 I/[wifi@1][0x542afee5][16:54:41.986882] wlan( 0): [951:I:DP] 00000010: c6 4f 9e be 6e b7 65 89 74 58 f0 1f 4e 01 26 fe
01-01 00:15:41.750 I/[wifi@1][0x542aff59][16:54:41.986888] wlan( 0): [951:I:DP] 00000020: 19 a2 db b6 0f 00 dd 74 3d 53 ed 8a
08-18 16:54:41.885 W/ActivityManager( 1152): Slow operation: 402ms so far, now at startProcess: done updating battery stats
08-18 16:54:41.885 W/ActivityManager( 1152): Slow operation: 403ms so far, now at startProcess: building log message
08-18 16:54:41.885 I/ActivityManager( 1152): Start proc 3091:com.qualcomm.qti.biometrics.fingerprint.service/u0a68 for broadcast {com.qualcomm.qti.biometrics.fingerprint.service/com.qualcomm.qti.biometrics.fingerprint.service.ShutdownReceiver}
08-18 16:54:41.885 W/ActivityManager( 1152): Slow operation: 403ms so far, now at startProcess: starting to update pids map
08-18 16:54:41.888 W/ActivityManager( 1152): Slow operation: 405ms so far, now at startProcess: done updating pids map
08-18 16:54:41.888 W/ActivityManager( 1152): Slow operation: 228ms so far, now at startProcess: asking zygote to start proc
08-18 16:54:41.892 D/CompatibilityChangeReporter( 1152): Compat change id reported: 143937733; UID 10111; state: ENABLED
08-18 16:54:41.921 D/CompatibilityChangeReporter( 1152): Compat change id reported: 168419799; UID 10044; state: DISABLED
01-01 00:15:41.783 I/IPv6 ( 0): ADDRCONF(NETDEV_UP): wlan0: link is not ready
08-18 16:54:41.958 D/CompatibilityChangeReporter( 1152): Compat change id reported: 168419799; UID 10068; state: DISABLED
08-18 16:54:41.968 I/android.hardware.wifi@1.0-service( 951): Wifi HAL started
08-18 16:54:41.984 W/ActivityManager( 1152): Slow operation: 323ms so far, now at startProcess: returned from zygote!
08-18 16:54:41.991 W/ActivityManager( 1152): Slow operation: 331ms so far, now at startProcess: done updating battery stats
08-18 16:54:41.991 W/ActivityManager( 1152): Slow operation: 331ms so far, now at startProcess: building log message
08-18 16:54:41.991 I/ActivityManager( 1152): Start proc 3120:com.qualcomm.location.XT/u0a111 for service {com.qualcomm.location.XT/com.qualcomm.location.XT.XTSrv}
08-18 16:54:41.991 W/ActivityManager( 1152): Slow operation: 331ms so far, now at startProcess: starting to update pids map
08-18 16:54:41.993 W/ActivityManager( 1152): Slow operation: 333ms so far, now at startProcess: done updating pids map
08-18 16:54:42.035 I/android.hardware.wifi@1.0-service( 951): Adding interface handle for wlan0
08-18 16:54:42.035 I/android.hardware.wifi@1.0-service( 951): Adding interface handle for wifi-aware0
08-18 16:54:42.035 I/android.hardware.wifi@1.0-service( 951): Adding interface handle for p2p0
08-18 16:54:42.035 W/android.hardware.wifi@1.0-service( 951): No active wlan interfaces in use! Using default
08-18 16:54:42.036 W/android.hardware.wifi@1.0-service( 951): No active wlan interfaces in use! Using default
08-18 16:54:42.044 I/android.hardware.wifi@1.0-service( 951): Configured chip in mode 3
08-18 16:54:42.044 W/android.hardware.wifi@1.0-service( 951): No active wlan interfaces in use! Using default
08-18 16:54:42.051 W/android.hardware.wifi@1.0-service( 951): No active wlan interfaces in use! Using default
01-01 00:15:41.832 E/init ( 0): Control message: Could not find 'vendor.qti.hardware.iop@2.0::IIop/default' for ctl.interface_start from pid: 520 (/system/bin/hwservicemanager)
01-01 00:15:41.834 I/[lowi-s][0x5443d96d][16:54:42.071717] wlan( 0): [1467:I:wifipos] wifi_pos_get_ch_info: 461: num channels: 26
01-01 00:15:41.879 E/init ( 0): Control message: Could not find 'vendor.qti.hardware.iop@2.0::IIop/default' for ctl.interface_start from pid: 520 (/system/bin/hwservicemanager)
01-01 00:15:41.880 I/ ( 0): Adding 4194300k swap on /dev/block/zram0. Priority:32758 extents:1 across:4194300k SS
01-01 00:15:41.897 E/init ( 0): Control message: Could not find 'vendor.qti.hardware.iop@2.0::IIop/default' for ctl.interface_start from pid: 520 (/system/bin/hwservicemanager)
01-01 00:15:41.902 D/ ( 0): mv2112_read_status
01-01 00:15:41.918 D/mv2112_update_link( 0): 3.0x901(1G): 0x4
01-01 00:15:41.919 D/mv2112_update_link( 0): 3.0x8109(100M): 0x8
01-01 00:15:41.919 D/mv2112_update_link( 0): link 0x4
01-01 00:15:41.919 D/mv2112_read_status( 0): autoneg is disabled
01-01 00:15:41.919 I/lan743x 0001( 0): 01:00.0 eth0: Link is Up - 1Gbps/Full - flow control off
01-01 00:15:41.919 I/IPv6 ( 0): ADDRCONF(NETDEV_CHANGE): eth0: link becomes ready
08-18 16:54:42.167 D/CompatibilityChangeReporter( 1152): Compat change id reported: 135634846; UID 1000; state: DISABLED
08-18 16:54:42.168 D/CompatibilityChangeReporter( 1152): Compat change id reported: 177438394; UID 1000; state: DISABLED
08-18 16:54:42.170 D/CompatibilityChangeReporter( 1152): Compat change id reported: 135772972; UID 1000; state: DISABLED
08-18 16:54:42.171 D/CompatibilityChangeReporter( 1152): Compat change id reported: 135754954; UID 1000; state: ENABLED
01-01 00:15:41.931 E/[wifi@1][0x54602835][16:54:42.168339] wlan( 0): [3127:E:wifipos] wifi_pos_process_app_reg_req: 608: Received App Req Req pid(-838859849), len(16)
01-01 00:15:41.933 I/[wifi@1][0x5460c8ce][16:54:42.170481] wlan( 0): [951:I:DP] dp_vdev_attach_wifi3: wlan_cfg_ap_bridge_enabled 1
01-01 00:15:41.956 E/[soft_i][0x5467a08e][16:54:42.193845] wlan( 0): [0:E:OBJMGR] wlan_objmgr_vdev_try_get_ref: 1106: [Ref id: 13] vdev(1) is not in Created state(0)
01-01 00:15:41.969 E/[wifi@1][0x546b41ea][16:54:42.206229] wlan( 0): [951:E:PMO] pmo_register_wow_wakeup_events: 88: Skipping wake event configuration for vdev_opmode 16
01-01 00:15:41.989 E/[wifi@1][0x5471142c][16:54:42.226099] wlan( 0): [951:E:SME] sme_get_nss_chain_shift: 4045: Device mode 16 invalid
01-01 00:15:42.000 E/[wifi@1][0x54746cb6][16:54:42.237519] wlan( 0): [951:E:SME] sme_get_nss_chain_shift: 4045: Device mode 16 invalid
01-01 00:15:42.004 I/binder ( 0): 3120:3120 ioctl 40046210 7fc78c36c4 returned -22
01-01 00:15:42.023 E/init ( 0): Control message: Could not find 'vendor.qti.hardware.iop@2.0::IIop/default' for ctl.interface_start from pid: 520 (/system/bin/hwservicemanager)
08-18 16:54:42.266 W/ActivityManager( 1152): Slow operation: 108ms so far, now at startProcess: returned from zygote!
08-18 16:54:42.266 W/ActivityManager( 1152): Slow operation: 108ms so far, now at startProcess: done updating battery stats
08-18 16:54:42.266 W/ActivityManager( 1152): Slow operation: 109ms so far, now at startProcess: building log message
08-18 16:54:42.266 I/ActivityManager( 1152): Start proc 3163:com.android.keychain/1000 for service {com.android.keychain/com.android.keychain.KeyChainService}
08-18 16:54:42.266 W/ActivityManager( 1152): Slow operation: 109ms so far, now at startProcess: starting to update pids map
08-18 16:54:42.266 W/ActivityManager( 1152): Slow operation: 109ms so far, now at startProcess: done updating pids map
08-18 16:54:42.270 D/CompatibilityChangeReporter( 1152): Compat change id reported: 168419799; UID 10111; state: DISABLED
01-01 00:15:42.035 I/IPv6 ( 0): ADDRCONF(NETDEV_UP): wifi-aware0: link is not ready
01-01 00:15:42.079 E/init ( 0): Control message: Could not find 'vendor.qti.hardware.iop@2.0::IIop/default' for ctl.interface_start from pid: 520 (/system/bin/hwservicemanager)
08-18 16:54:42.341 I/StorageUserConnection( 1152): Service: [ComponentInfo{com.android.providers.media.module/com.android.providers.media.fuse.ExternalStorageServiceImpl}] connected. User [0]
08-18 16:54:42.356 I/wificond( 1298): createClientInterface: wiphy_index 0 iface_name wlan0
08-18 16:54:42.359 D/CompatibilityChangeReporter( 1152): Compat change id reported: 171306433; UID 1000; state: ENABLED
08-18 16:54:42.358 I/wificond( 1298): create scanner for interface with index: 11
08-18 16:54:42.363 I/wificond( 1298): subscribe scan result for interface with index: 11
01-01 00:15:42.106 I/binder ( 0): 3163:3163 ioctl 40046210 7fc78c36c4 returned -22
01-01 00:15:42.127 I/binder ( 0): 3091:3091 ioctl 40046210 7fc78c24e4 returned -22
08-18 16:54:42.371 D/CompatibilityChangeReporter( 1152): Compat change id reported: 168419799; UID 1000; state: DISABLED
08-18 16:54:42.388 I/wificond( 1298): add channel type 0 support at wiphy index: 0
08-18 16:54:42.388 I/wificond( 1298): add channel type 1 support at wiphy index: 0
08-18 16:54:42.409 D/CompatibilityChangeReporter( 1152): Compat change id reported: 171306433; UID 1073; state: ENABLED
08-18 16:54:42.411 D/CompatibilityChangeReporter( 1152): Compat change id reported: 135634846; UID 10124; state: DISABLED
08-18 16:54:42.412 D/CompatibilityChangeReporter( 1152): Compat change id reported: 177438394; UID 10124; state: DISABLED
08-18 16:54:42.412 D/CompatibilityChangeReporter( 1152): Compat change id reported: 135772972; UID 10124; state: DISABLED
08-18 16:54:42.412 D/CompatibilityChangeReporter( 1152): Compat change id reported: 135754954; UID 10124; state: ENABLED
08-18 16:54:42.428 D/CompatibilityChangeReporter( 1152): Compat change id reported: 143937733; UID 10124; state: ENABLED
08-18 16:54:42.431 D/CompatibilityChangeReporter( 1152): Compat change id reported: 135634846; UID 10068; state: DISABLED
08-18 16:54:42.431 D/CompatibilityChangeReporter( 1152): Compat change id reported: 177438394; UID 10068; state: DISABLED
08-18 16:54:42.431 D/CompatibilityChangeReporter( 1152): Compat change id reported: 135772972; UID 10068; state: DISABLED
08-18 16:54:42.432 D/CompatibilityChangeReporter( 1152): Compat change id reported: 135754954; UID 10068; state: ENABLED
01-01 00:15:42.191 E/init ( 0): Control message: Could not find 'vendor.qti.hardware.iop@2.0::IIop/default' for ctl.interface_start from pid: 520 (/system/bin/hwservicemanager)
08-18 16:54:42.449 I/DropBoxManagerService( 1152): add tag=system_app_strictmode isTagEnabled=true flags=0x2
08-18 16:54:42.456 I/DropBoxManagerService( 1152): add tag=system_app_strictmode isTagEnabled=true flags=0x2
08-18 16:54:42.461 I/DropBoxManagerService( 1152): add tag=system_app_strictmode isTagEnabled=true flags=0x2
08-18 16:54:42.463 I/DropBoxManagerService( 1152): add tag=system_app_strictmode isTagEnabled=true flags=0x2
01-01 00:15:42.215 I/binder ( 0): 3120:3199 ioctl 40046210 7ada70e944 returned -22
01-01 00:15:42.221 I/binder ( 0): 2856:2856 ioctl 40046210 7fc78c20b4 returned -22
08-18 16:54:42.484 W/BatteryExternalStatsWorker( 1152): error reading modem stats:ERROR_INVALID_INFO_RECEIVED
08-18 16:54:42.504 E/KernelCpuSpeedReader( 1152): Failed to read cpu-freq: /sys/devices/system/cpu/cpu4/cpufreq/stats/time_in_state: open failed: ENOENT (No such file or directory)
08-18 16:54:42.504 E/KernelCpuSpeedReader( 1152): Failed to read cpu-freq: /sys/devices/system/cpu/cpu0/cpufreq/stats/time_in_state: open failed: ENOENT (No such file or directory)
08-18 16:54:42.505 W/BatteryStatsImpl( 1152): Attempted to remove untracked isolated uid (1037)
08-18 16:54:42.508 W/ActivityManager( 1152): Slow operation: 97ms so far, now at startProcess: returned from zygote!
08-18 16:54:42.508 W/ActivityManager( 1152): Slow operation: 98ms so far, now at startProcess: done updating battery stats
08-18 16:54:42.508 W/ActivityManager( 1152): Slow operation: 98ms so far, now at startProcess: building log message
08-18 16:54:42.508 I/ActivityManager( 1152): Start proc 3204:com.qualcomm.qti.performancemode/u0a124 for broadcast {com.qualcomm.qti.performancemode/com.qualcomm.qti.performancemode.SystemEventReceiver}
08-18 16:54:42.508 W/ActivityManager( 1152): Slow operation: 98ms so far, now at startProcess: starting to update pids map
08-18 16:54:42.508 W/ActivityManager( 1152): Slow operation: 98ms so far, now at startProcess: done updating pids map
08-18 16:54:42.509 W/ActivityManager( 1152): Slow operation: 77ms so far, now at startProcess: asking zygote to start proc
08-18 16:54:42.509 D/CompatibilityChangeReporter( 1152): Compat change id reported: 143937733; UID 10068; state: ENABLED
01-01 00:15:42.303 I/[schedu][0x54cd3b41][16:54:42.540648] wlan( 0): [2797:I:HIF] Deinitializing Runtime PM wakelock &vdev->vdev_set_key_runtime_wakelock
08-18 16:54:42.556 W/ActivityManager( 1152): Slow operation: 125ms so far, now at startProcess: returned from zygote!
08-18 16:54:42.557 W/ActivityManager( 1152): Slow operation: 125ms so far, now at startProcess: done updating battery stats
08-18 16:54:42.557 W/ActivityManager( 1152): Slow operation: 125ms so far, now at startProcess: building log message
08-18 16:54:42.557 I/ActivityManager( 1152): Start proc 3213:com.qualcomm.qti.biometrics.fingerprint.service:remote/u0a68 for service {com.qualcomm.qti.biometrics.fingerprint.service/com.qualcomm.qti.biometrics.fingerprint.service.FingerprintService}
08-18 16:54:42.557 W/ActivityManager( 1152): Slow operation: 125ms so far, now at startProcess: starting to update pids map
08-18 16:54:42.557 W/ActivityManager( 1152): Slow operation: 126ms so far, now at startProcess: done updating pids map
01-01 00:15:42.328 E/init ( 0): Control message: Could not find 'vendor.qti.hardware.iop@2.0::IIop/default' for ctl.interface_start from pid: 520 (/system/bin/hwservicemanager)
01-01 00:15:42.341 I/[schedu][0x54d86b11][16:54:42.578833] wlan( 0): [2797:I:HIF] Initializing Runtime PM wakelock &vdev->vdev_set_key_runtime_wakelock
01-01 00:15:42.347 I/binder ( 0): 3204:3204 ioctl 40046210 7fc78c36c4 returned -22
08-18 16:54:42.607 D/CompatibilityChangeReporter( 1152): Compat change id reported: 168419799; UID 10124; state: DISABLED
01-01 00:15:42.414 I/binder ( 0): 3213:3213 ioctl 40046210 7fc78c36c4 returned -22
01-01 00:15:42.468 I/init ( 0): starting service 'wpa_supplicant'...
01-01 00:15:42.469 I/init ( 0): Created socket '/dev/socket/vendor_wpa_wlan0', mode 660, user 1010, group 1010
01-01 00:15:42.486 I/init ( 0): Control message: Processed ctl.interface_start for 'android.hardware.wifi.supplicant@1.0::ISupplicant/default' from pid: 520 (/system/bin/hwservicemanager)
08-18 16:54:42.732 W/ActivityManager( 1152): Slow operation: 70ms so far, now at attachApplicationLocked: before bindApplication
08-18 16:54:42.735 W/ActivityManager( 1152): Slow operation: 73ms so far, now at attachApplicationLocked: immediately before bindApplication
08-18 16:54:42.736 W/ActivityManager( 1152): Slow operation: 74ms so far, now at attachApplicationLocked: immediately after bindApplication
08-18 16:54:42.736 W/ActivityManager( 1152): Slow operation: 74ms so far, now at attachApplicationLocked: after updateLruProcessLocked
08-18 16:54:42.745 W/ActivityManager( 1152): Slow operation: 84ms so far, now at attachApplicationLocked: after mServices.attachApplicationLocked
08-18 16:54:42.778 W/BluetoothManagerService( 1152): psc is not null in bindBluetoothProfileService
01-01 00:15:42.585 I/binder ( 0): 3204:3204 ioctl 40046210 7fc78c2664 returned -22
08-18 16:54:42.849 W/ContextImpl( 1152): Calling a method in the system process without a qualified user: android.app.ContextImpl.sendStickyBroadcast:1559 com.android.server.ConnectivityService.sendStickyBroadcast:2811 com.android.server.ConnectivityService.sendGeneralBroadcast:2786 com.android.server.ConnectivityService.sendConnectedBroadcast:2759 com.android.server.ConnectivityService.sendLegacyNetworkBroadcast:8704
08-18 16:54:42.881 D/CompatibilityChangeReporter( 1152): Compat change id reported: 168419799; UID 10130; state: DISABLED
08-18 16:54:42.887 D/CompatibilityChangeReporter( 1152): Compat change id reported: 168419799; UID 1000; state: DISABLED
08-18 16:54:42.913 D/CompatibilityChangeReporter( 1152): Compat change id reported: 135634846; UID 10144; state: DISABLED
08-18 16:54:42.913 D/CompatibilityChangeReporter( 1152): Compat change id reported: 143937733; UID 10144; state: DISABLED
08-18 16:54:42.935 W/ContextImpl( 2339): Calling a method in the system process without a qualified user: android.app.ContextImpl.startService:1816 android.content.ContextWrapper.startService:774 android.content.ContextWrapper.startService:774 com.qualcomm.qti.qdma.app.BootReceiver.onBootReceived:115 com.qualcomm.qti.innodme.InnoBootReceiver.onReceive:22
08-18 16:54:42.960 W/ContextImpl( 2339): Calling a method in the system process without a qualified user: android.app.ContextImpl.startService:1816 android.content.ContextWrapper.startService:774 com.qualcomm.qti.qdma.util.PeriodicCI.run:477 com.qualcomm.qti.qdma.util.PeriodicCI.start:390 com.qualcomm.qti.qdma.app.ActiveCareService$ProcessSessionRequest.run:457
08-18 16:54:42.971 W/ActivityManager( 1152): Slow operation: 59ms so far, now at startProcess: returned from zygote!
08-18 16:54:42.977 D/CompatibilityChangeReporter( 1152): Compat change id reported: 135634846; UID 10062; state: DISABLED
08-18 16:54:42.978 D/CompatibilityChangeReporter( 1152): Compat change id reported: 177438394; UID 10062; state: DISABLED
08-18 16:54:42.979 D/CompatibilityChangeReporter( 1152): Compat change id reported: 135772972; UID 10062; state: DISABLED
08-18 16:54:42.979 D/CompatibilityChangeReporter( 1152): Compat change id reported: 135754954; UID 10062; state: ENABLED
08-18 16:54:42.981 W/ActivityManager( 1152): Slow operation: 68ms so far, now at startProcess: done updating battery stats
08-18 16:54:42.981 W/ActivityManager( 1152): Slow operation: 69ms so far, now at startProcess: building log message
08-18 16:54:42.981 I/ActivityManager( 1152): Start proc 3286:com.tencent.mtt/u0a144 for service {com.tencent.mtt/com.tencent.mm.plugin.appbrand.jsapi.nfc.hce.HCEService}
08-18 16:54:42.981 W/ActivityManager( 1152): Slow operation: 69ms so far, now at startProcess: starting to update pids map
08-18 16:54:42.983 W/ActivityManager( 1152): Slow operation: 71ms so far, now at startProcess: done updating pids map
08-18 16:54:42.984 D/CompatibilityChangeReporter( 1152): Compat change id reported: 143937733; UID 10062; state: ENABLED
01-01 00:15:42.760 I/binder ( 0): 3213:3213 ioctl 40046210 7fc78c2744 returned -22
01-01 00:15:42.804 D/qbt ( 0): qbt_open: entry minor_no=0 fd_available=1
01-01 00:15:42.804 D/qbt ( 0): qbt_open: exit : 0 fd_available=0
01-01 00:15:42.804 D/qbt ( 0): qbt_open: entry minor_no=1 fd_available=0
01-01 00:15:42.804 D/qbt ( 0): qbt_open: exit : 0 fd_available=0
01-01 00:15:42.805 D/qbt ( 0): qbt_ioctl: cmd received 107
01-01 00:15:42.805 D/qbt ( 0): qbt_ioctl: Acquiring wakelock
08-18 16:54:43.042 W/ActivityManager( 1152): Slow operation: 64ms so far, now at startProcess: returned from zygote!
01-01 00:15:42.822 I/binder ( 0): 3286:3286 ioctl 40046210 ffee6f78 returned -22
08-18 16:54:43.044 W/ActivityManager( 1152): Slow operation: 67ms so far, now at startProcess: done updating battery stats
08-18 16:54:43.045 W/ActivityManager( 1152): Slow operation: 67ms so far, now at startProcess: building log message
08-18 16:54:43.045 I/ActivityManager( 1152): Start proc 3308:com.qualcomm.qti.smq/u0a62 for broadcast {com.qualcomm.qti.smq/com.qualcomm.qti.smq.receiver.BootReceiver}
08-18 16:54:43.045 W/ActivityManager( 1152): Slow operation: 67ms so far, now at startProcess: starting to update pids map
08-18 16:54:43.045 W/ActivityManager( 1152): Slow operation: 68ms so far, now at startProcess: done updating pids map
08-18 16:54:43.055 D/CompatibilityChangeReporter( 1152): Compat change id reported: 171306433; UID 1000; state: ENABLED
08-18 16:54:43.072 D/CompatibilityChangeReporter( 1152): Compat change id reported: 168419799; UID 10144; state: DISABLED
08-18 16:54:43.074 I/DropBoxManagerService( 1152): add tag=system_server_strictmode isTagEnabled=true flags=0x2
01-01 00:15:42.879 W/QSEECOM ( 0): qseecom_load_app: App (fingerpr) does'nt exist, loading apps for first time
01-01 00:15:42.889 I/binder ( 0): 3308:3308 ioctl 40046210 7fc78c36c4 returned -22
08-18 16:54:43.143 D/CompatibilityChangeReporter( 1152): Compat change id reported: 168419799; UID 10062; state: DISABLED
01-01 00:15:42.921 D/ ( 0): mv2112_read_status
01-01 00:15:42.921 D/mv2112_update_link( 0): 3.0x901(1G): 0x4
01-01 00:15:42.921 D/mv2112_update_link( 0): 3.0x8109(100M): 0x8
01-01 00:15:42.921 D/mv2112_update_link( 0): link 0x4
01-01 00:15:42.921 D/mv2112_read_status( 0): autoneg is disabled
01-01 00:15:42.981 W/QSEECOM ( 0): qseecom_load_app: App with id 10 (fingerpr) now loaded
08-18 16:54:43.242 W/BluetoothManagerService( 1152): MESSAGE_BIND_PROFILE_SERVICE
08-18 16:54:43.242 W/BluetoothManagerService( 1152): Calling psc.bindService from MESSAGE_BIND_PROFILE_SERVICE
01-01 00:15:43.051 I/[schedu][0x55a840be][16:54:43.288241] wlan( 0): [2797:I:HIF] Deinitializing Runtime PM wakelock &vdev->vdev_set_key_runtime_wakelock
01-01 00:15:43.072 I/[schedu][0x55ae6b14][16:54:43.309286] wlan( 0): [2797:I:HIF] Initializing Runtime PM wakelock &vdev->vdev_set_key_runtime_wakelock
01-01 00:15:43.126 W/QSEECOM ( 0): __qseecom_unload_app: App (10) is unloaded
01-01 00:15:43.127 D/qbt ( 0): qbt_release: entry minor_no=0 fd_available=0
01-01 00:15:43.127 D/qbt ( 0): qbt_release: Releasing wakelock
01-01 00:15:43.127 D/qbt ( 0): qbt_release: exit : fd_available=1
01-01 00:15:43.127 D/qbt ( 0): qbt_release: entry minor_no=1 fd_available=1
01-01 00:15:43.127 D/qbt ( 0): qbt_release: exit : fd_available=1
01-01 00:15:43.133 I/ ( 0): init.qcom.post_ (2734) used greatest stack depth: 9608 bytes left
01-01 00:15:43.137 I/[wifi@1][0x55c17268][16:54:43.374235] wlan( 0): [951:I:DP] dp_vdev_attach_wifi3: wlan_cfg_ap_bridge_enabled 0
08-18 16:54:43.368 I/vold ( 565): Bind mounting /mnt/runtime/default/emulated/0/Android/data on /mnt/user/0/emulated/0/Android/data
08-18 16:54:43.375 D/CompatibilityChangeReporter( 1152): Compat change id reported: 168419799; UID 10131; state: DISABLED
08-18 16:54:43.388 I/vold ( 565): Bind mounted /mnt/runtime/default/emulated/0/Android/data on /mnt/user/0/emulated/0/Android/data
08-18 16:54:43.388 I/vold ( 565): Bind mounting /mnt/runtime/default/emulated/0/Android/obb on /mnt/user/0/emulated/0/Android/obb
01-01 00:15:43.162 E/[wifi@1][0x55c8bdde][16:54:43.399136] wlan( 0): [3127:E:wifipos] wifi_pos_process_app_reg_req: 608: Received App Req Req pid(-838859849), len(16)
08-18 16:54:43.400 I/vold ( 565): Bind mounted /mnt/runtime/default/emulated/0/Android/obb on /mnt/user/0/emulated/0/Android/obb
08-18 16:54:43.400 I/vold ( 565): Bind mounting /mnt/runtime/write/emulated/0/Android/obb on /mnt/installer/0/emulated/0/Android/obb
08-18 16:54:43.402 D/CompatibilityChangeReporter( 1152): Compat change id reported: 135634846; UID 10133; state: DISABLED
08-18 16:54:43.402 D/CompatibilityChangeReporter( 1152): Compat change id reported: 177438394; UID 10133; state: DISABLED
08-18 16:54:43.402 D/CompatibilityChangeReporter( 1152): Compat change id reported: 135772972; UID 10133; state: DISABLED
08-18 16:54:43.402 D/CompatibilityChangeReporter( 1152): Compat change id reported: 135754954; UID 10133; state: ENABLED
08-18 16:54:43.403 D/CompatibilityChangeReporter( 1152): Compat change id reported: 143937733; UID 10133; state: ENABLED
08-18 16:54:43.407 D/CompatibilityChangeReporter( 1152): Compat change id reported: 182478738; UID 1001; state: DISABLED
08-18 16:54:43.419 I/vold ( 565): Bind mounted /mnt/runtime/write/emulated/0/Android/obb on /mnt/installer/0/emulated/0/Android/obb
08-18 16:54:43.419 I/vold ( 565): Configuring read_ahead of /mnt/user/0/emulated fuse filesystem to 256kb
08-18 16:54:43.421 I/vold ( 565): Writing 256 to /sys/class/bdi/0:109/read_ahead_kb
08-18 16:54:43.421 I/vold ( 565): Configuring max_ratio of /mnt/user/0/emulated fuse filesystem to 40
01-01 00:15:43.183 I/[wifi@1][0x55cef2a8][16:54:43.420320] wlan( 0): [3127:I:wifipos] wifi_pos_get_ch_info: 461: num channels: 26
01-01 00:15:43.185 I/[wifi@1][0x55cfa883][16:54:43.422745] wlan( 0): [3127:I:wifipos] wifi_pos_get_ch_info: 461: num channels: 26
08-18 16:54:43.421 I/vold ( 565): Writing 40 to /sys/class/bdi/0:109/max_ratio
08-18 16:54:43.423 I/StorageManagerService( 1152): Mounted volume VolumeInfo{emulated;0}:
08-18 16:54:43.423 I/StorageManagerService( 1152): type=EMULATED diskId=null partGuid= mountFlags=PRIMARY|VISIBLE
08-18 16:54:43.423 I/StorageManagerService( 1152): mountUserId=0 state=MOUNTED
08-18 16:54:43.423 I/StorageManagerService( 1152): fsType=null fsUuid=null fsLabel=null
08-18 16:54:43.423 I/StorageManagerService( 1152): path=/storage/emulated internalPath=/data/media
08-18 16:54:43.427 I/StorageSessionController( 1152): Notifying volume state changed for session with id: emulated;0
08-18 16:54:43.441 I/StorageSessionController( 1152): Notifying volume state changed for session with id: emulated;0
08-18 16:54:43.442 I/ActivityManager( 1152): Start proc 3356:com.qualcomm.qtil.aptxui/u0a133 for broadcast {com.qualcomm.qtil.aptxui/com.qualcomm.qtil.aptxui.aptxuiBootReceiver}
01-01 00:15:43.211 I/display_panel_avdd( 0): disabling
01-01 00:15:43.223 I/vdd_tof ( 0): disabling
08-18 16:54:43.462 I/StorageSessionController( 1152): Notifying volume state changed for session with id: emulated;0
08-18 16:54:43.471 D/CompatibilityChangeReporter( 1152): Compat change id reported: 168419799; UID 10139; state: DISABLED
08-18 16:54:43.492 D/StorageManagerService( 1152): Volume emulated;0 broadcasting mounted to UserHandle{0}
08-18 16:54:43.494 D/StorageManagerService( 1152): Volume emulated;0 broadcasting mounted to UserHandle{0}
01-01 00:15:43.265 I/binder ( 0): 3356:3356 ioctl 40046210 7fc78c36c4 returned -22
08-18 16:54:43.520 D/CompatibilityChangeReporter( 1152): Compat change id reported: 168419799; UID 10133; state: DISABLED
08-18 16:54:43.538 W/Looper ( 1152): Slow dispatch took 336ms main h=android.app.ActivityThread$H c=android.app.LoadedApk$ReceiverDispatcher$Args$$ExternalSyntheticLambda0@594f71b m=0
08-18 16:54:43.538 W/Looper ( 1152): Slow delivery took 336ms main h=android.app.ActivityThread$H c=android.app.LoadedApk$ReceiverDispatcher$Args$$ExternalSyntheticLambda0@d99a0b8 m=0
08-18 16:54:43.553 W/Looper ( 1152): Drained
08-18 16:54:43.565 W/OverlayManager( 1152): service 'idmap' died
08-18 16:54:43.580 D/CompatibilityChangeReporter( 1152): Compat change id reported: 149924527; UID 10139; state: ENABLED
08-18 16:54:43.580 D/CompatibilityChangeReporter( 1152): Compat change id reported: 132649864; UID 10139; state: DISABLED
08-18 16:54:43.583 D/CompatibilityChangeReporter( 1152): Compat change id reported: 182734110; UID 10139; state: DISABLED
08-18 16:54:43.590 I/Telecom ( 1152): BluetoothDeviceManager: Got BluetoothHeadset: com.android.server.telecom.BluetoothHeadsetProxy@6b44532: BMSL.oSC@ABY
01-01 00:15:43.401 I/[schedu][0x560ece40][16:54:43.638286] wlan( 0): [2797:I:OSIF] scan start scan id 40961
08-18 16:54:43.692 D/CompatibilityChangeReporter( 1152): Compat change id reported: 149924527; UID 10144; state: ENABLED
08-18 16:54:43.692 D/CompatibilityChangeReporter( 1152): Compat change id reported: 132649864; UID 10144; state: DISABLED
08-18 16:54:43.714 D/CompatibilityChangeReporter( 1152): Compat change id reported: 168419799; UID 10057; state: DISABLED
01-01 00:15:43.502 I/binder ( 0): 1982:1982 ioctl 40046210 7fc78c3054 returned -22
08-18 16:54:43.745 W/ContextImpl( 2130): Calling a method in the system process without a qualified user: android.app.ContextImpl.startService:1816 android.content.ContextWrapper.startService:774 android.content.ContextWrapper.startService:774 vendor.qti.qesdk.sysservice.QesdkSysReceiver.onReceive:42 android.app.ActivityThread.handleReceiver:4309
08-18 16:54:43.762 D/CompatibilityChangeReporter( 1152): Compat change id reported: 135634846; UID 10078; state: DISABLED
08-18 16:54:43.762 D/CompatibilityChangeReporter( 1152): Compat change id reported: 177438394; UID 10078; state: DISABLED
08-18 16:54:43.762 D/CompatibilityChangeReporter( 1152): Compat change id reported: 135772972; UID 10078; state: DISABLED
08-18 16:54:43.763 D/CompatibilityChangeReporter( 1152): Compat change id reported: 135754954; UID 10078; state: DISABLED
08-18 16:54:43.763 D/CompatibilityChangeReporter( 1152): Compat change id reported: 143937733; UID 10078; state: DISABLED
08-18 16:54:43.807 I/ActivityManager( 1152): Start proc 3444:com.android.quicksearchbox/u0a78 for broadcast {com.android.quicksearchbox/com.android.quicksearchbox.SearchWidgetProvider}
01-01 00:15:43.622 I/binder ( 0): 3444:3444 ioctl 40046210 7fc78c36c4 returned -22
08-18 16:54:43.868 D/CompatibilityChangeReporter( 1152): Compat change id reported: 168419799; UID 10078; state: DISABLED
08-18 16:54:43.885 D/CompatibilityChangeReporter( 1152): Compat change id reported: 172100307; UID 10139; state: DISABLED
08-18 16:54:44.002 D/CompatibilityChangeReporter( 1152): Compat change id reported: 135634846; UID 1000; state: DISABLED
08-18 16:54:44.002 D/CompatibilityChangeReporter( 1152): Compat change id reported: 177438394; UID 1000; state: DISABLED
08-18 16:54:44.003 D/CompatibilityChangeReporter( 1152): Compat change id reported: 135772972; UID 1000; state: DISABLED
08-18 16:54:44.003 D/CompatibilityChangeReporter( 1152): Compat change id reported: 135754954; UID 1000; state: ENABLED
08-18 16:54:44.046 I/ActivityManager( 1152): Start proc 3491:com.android.localtransport/1000 for service {com.android.localtransport/com.android.localtransport.LocalTransportService}
08-18 16:54:44.080 D/CompatibilityChangeReporter( 1152): Compat change id reported: 135634846; UID 10040; state: DISABLED
08-18 16:54:44.080 D/CompatibilityChangeReporter( 1152): Compat change id reported: 177438394; UID 10040; state: DISABLED
08-18 16:54:44.080 D/CompatibilityChangeReporter( 1152): Compat change id reported: 135772972; UID 10040; state: DISABLED
08-18 16:54:44.080 D/CompatibilityChangeReporter( 1152): Compat change id reported: 135754954; UID 10040; state: ENABLED
08-18 16:54:44.082 D/CompatibilityChangeReporter( 1152): Compat change id reported: 143937733; UID 10040; state: ENABLED
01-01 00:15:43.865 I/binder ( 0): 3491:3491 ioctl 40046210 7fc78c36c4 returned -22
08-18 16:54:44.124 I/ActivityManager( 1152): Start proc 3507:com.android.traceur/u0a40 for broadcast {com.android.traceur/com.android.traceur.Receiver}
01-01 00:15:43.936 I/binder ( 0): 3507:3507 ioctl 40046210 7fc78c36c4 returned -22
08-18 16:54:44.173 I/TransportClient( 1152): LocalTransportService#0: Notifying [TransportManager.registerTransport()] transport = IBackupTransport
08-18 16:54:44.177 D/BackupTransportManager( 1152): Transport com.android.localtransport/.LocalTransportService registered
08-18 16:54:44.177 D/BackupManagerService( 1152): [UserID:0] Transport com.android.localtransport/.LocalTransport registered 3196ms after first request (delay = 3000ms)
01-01 00:15:43.946 D/ ( 0): mv2112_read_status
01-01 00:15:43.946 D/mv2112_update_link( 0): 3.0x901(1G): 0x4
01-01 00:15:43.946 D/mv2112_update_link( 0): 3.0x8109(100M): 0x8
01-01 00:15:43.946 D/mv2112_update_link( 0): link 0x4
01-01 00:15:43.946 D/mv2112_read_status( 0): autoneg is disabled
08-18 16:54:44.183 I/BackupManagerService( 1152): [UserID:0] Found 2 stale backup journal(s), scheduling.
08-18 16:54:44.186 V/BackupManagerConstants( 1152): getKeyValueBackupIntervalMilliseconds(...) returns 14400000
08-18 16:54:44.186 V/BackupManagerConstants( 1152): getKeyValueBackupFuzzMilliseconds(...) returns 600000
08-18 16:54:44.186 V/BackupManagerConstants( 1152): getKeyValueBackupRequiredNetworkType(...) returns 1
08-18 16:54:44.186 V/BackupManagerConstants( 1152): getKeyValueBackupRequireCharging(...) returns true
08-18 16:54:44.186 V/KeyValueBackupJob( 1152): Scheduling k/v pass in 243 minutes
08-18 16:54:44.188 D/CompatibilityChangeReporter( 1152): Compat change id reported: 168419799; UID 10040; state: DISABLED
08-18 16:54:44.193 I/BackupManagerService( 1152): [UserID:0] Stale backup journals: Scheduled 13 package(s) total
08-18 16:54:44.209 I/Telecom ( 1152): BluetoothStateReceiver: Device 00:58:76:20:46:3D changed state to 1: BSR.oR@ABw
08-18 16:54:44.219 D/CompatibilityChangeReporter( 1152): Compat change id reported: 135634846; UID 10022; state: DISABLED
08-18 16:54:44.219 D/CompatibilityChangeReporter( 1152): Compat change id reported: 177438394; UID 10022; state: DISABLED
08-18 16:54:44.219 D/CompatibilityChangeReporter( 1152): Compat change id reported: 135772972; UID 10022; state: DISABLED
08-18 16:54:44.219 D/CompatibilityChangeReporter( 1152): Compat change id reported: 135754954; UID 10022; state: ENABLED
08-18 16:54:44.223 D/CompatibilityChangeReporter( 1152): Compat change id reported: 143937733; UID 10022; state: ENABLED
08-18 16:54:44.230 W/BluetoothManagerService( 1152): psc is not null in bindBluetoothProfileService
08-18 16:54:44.264 I/ActivityManager( 1152): Start proc 3531:android.process.acore/u0a22 for content provider {com.android.providers.contacts/com.android.providers.contacts.ContactsProvider2}
01-01 00:15:44.078 I/binder ( 0): 3531:3531 ioctl 40046210 7fc78c36c4 returned -22
08-18 16:54:44.325 D/CompatibilityChangeReporter( 1152): Compat change id reported: 168419799; UID 10022; state: DISABLED
08-18 16:54:44.418 D/CountryDetector( 1152): The first listener is added
08-18 16:54:44.444 D/CompatibilityChangeReporter( 1152): Compat change id reported: 135634846; UID 1000; state: DISABLED
08-18 16:54:44.444 D/CompatibilityChangeReporter( 1152): Compat change id reported: 177438394; UID 1000; state: DISABLED
08-18 16:54:44.445 D/CompatibilityChangeReporter( 1152): Compat change id reported: 135772972; UID 1000; state: DISABLED
08-18 16:54:44.445 D/CompatibilityChangeReporter( 1152): Compat change id reported: 135754954; UID 1000; state: DISABLED
08-18 16:54:44.497 W/ActivityManager( 1152): Slow operation: 54ms so far, now at startProcess: returned from zygote!
08-18 16:54:44.497 W/ActivityManager( 1152): Slow operation: 54ms so far, now at startProcess: done updating battery stats
08-18 16:54:44.497 W/ActivityManager( 1152): Slow operation: 54ms so far, now at startProcess: building log message
08-18 16:54:44.497 I/ActivityManager( 1152): Start proc 3555:com.qualcomm.qti.qmmi/1000 for broadcast {com.qualcomm.qti.qmmi/com.qualcomm.qti.qmmi.framework.QmmiReceiver}
08-18 16:54:44.497 W/ActivityManager( 1152): Slow operation: 54ms so far, now at startProcess: starting to update pids map
08-18 16:54:44.498 W/ActivityManager( 1152): Slow operation: 54ms so far, now at startProcess: done updating pids map
01-01 00:15:44.302 I/binder ( 0): 3555:3555 ioctl 40046210 7fc78c36c4 returned -22
08-18 16:54:44.560 D/CompatibilityChangeReporter( 1152): Compat change id reported: 168419799; UID 1000; state: DISABLED
08-18 16:54:44.617 D/CompanionDeviceManagerService( 1152): onDeviceConnected(address = 00:58:76:20:46:3D)
08-18 16:54:44.617 I/CompanionDeviceManagerService( 1152): onDeviceNearby(justAppeared, address = 00:58:76:20:46:3D)
08-18 16:54:44.694 I/wificond( 1298): Regulatory domain changed to country: CN on wiphy_index: 0
08-18 16:54:44.695 I/wificond( 1298): 2.4Ghz frequencies: 2412 2417 2422 2427 2432 2437 2442 2447 2452 2457 2462 2467 2472
08-18 16:54:44.695 I/wificond( 1298): 5Ghz non-DFS frequencies: 5180 5200 5220 5240 5745 5765 5785 5805 5825
08-18 16:54:44.695 I/wificond( 1298): 5Ghz DFS frequencies: 5260 5280 5300 5320
08-18 16:54:44.695 I/wificond( 1298): 6Ghz frequencies:
08-18 16:54:44.696 I/wificond( 1298): 60Ghz frequencies:
08-18 16:54:44.728 D/CompatibilityChangeReporter( 1152): Compat change id reported: 168419799; UID 10076; state: DISABLED
01-01 00:15:44.500 I/binder ( 0): 2265:2265 ioctl 40046210 7fc78c1d54 returned -22
08-18 16:54:44.743 D/CompatibilityChangeReporter( 1152): Compat change id reported: 168419799; UID 1000; state: DISABLED
08-18 16:54:44.749 E/BootReceiver( 1152): Could not open /sys/kernel/tracing/instances/bootreceiver/trace_pipe
08-18 16:54:44.749 E/BootReceiver( 1152): android.system.ErrnoException: open failed: ENOENT (No such file or directory)
08-18 16:54:44.749 E/BootReceiver( 1152): at libcore.io.Linux.open(Native Method)
08-18 16:54:44.749 E/BootReceiver( 1152): at libcore.io.ForwardingOs.open(ForwardingOs.java:567)
08-18 16:54:44.749 E/BootReceiver( 1152): at libcore.io.BlockGuardOs.open(BlockGuardOs.java:273)
08-18 16:54:44.749 E/BootReceiver( 1152): at android.system.Os.open(Os.java:501)
08-18 16:54:44.749 E/BootReceiver( 1152): at com.android.server.BootReceiver.onReceive(BootReceiver.java:167)
08-18 16:54:44.749 E/BootReceiver( 1152): at android.app.ActivityThread.handleReceiver(ActivityThread.java:4309)
08-18 16:54:44.749 E/BootReceiver( 1152): at android.app.ActivityThread.access$1600(ActivityThread.java:248)
08-18 16:54:44.749 E/BootReceiver( 1152): at android.app.ActivityThread$H.handleMessage(ActivityThread.java:2065)
08-18 16:54:44.749 E/BootReceiver( 1152): at android.os.Handler.dispatchMessage(Handler.java:106)
08-18 16:54:44.749 E/BootReceiver( 1152): at android.os.Looper.loopOnce(Looper.java:201)
08-18 16:54:44.749 E/BootReceiver( 1152): at android.os.Looper.loop(Looper.java:288)
08-18 16:54:44.749 E/BootReceiver( 1152): at com.android.server.SystemServer.run(SystemServer.java:907)
08-18 16:54:44.749 E/BootReceiver( 1152): at com.android.server.SystemServer.main(SystemServer.java:614)
08-18 16:54:44.749 E/BootReceiver( 1152): at java.lang.reflect.Method.invoke(Native Method)
08-18 16:54:44.749 E/BootReceiver( 1152): at com.android.internal.os.RuntimeInit$MethodAndArgsCaller.run(RuntimeInit.java:548)
08-18 16:54:44.749 E/BootReceiver( 1152): at com.android.internal.os.ZygoteInit.main(ZygoteInit.java:987)
08-18 16:54:44.753 I/DropBoxManagerService( 1152): add tag=system_server_wtf isTagEnabled=true flags=0x2
08-18 16:54:44.777 I/DropBoxManagerService( 1152): add tag=SYSTEM_BOOT isTagEnabled=true flags=0x2
08-18 16:54:44.781 I/BootReceiver( 1152): Copying audit failures to DropBox
08-18 16:54:44.784 I/BootReceiver( 1152): Checking for fsck errors
08-18 16:54:44.785 I/BootReceiver( 1152): fs_stat, partition:persist stat:0x3
08-18 16:54:44.785 I/BootReceiver( 1152): fs_stat, partition:dsp_a stat:0x3
08-18 16:54:44.797 D/CompatibilityChangeReporter( 1152): Compat change id reported: 135634846; UID 10030; state: DISABLED
08-18 16:54:44.797 D/CompatibilityChangeReporter( 1152): Compat change id reported: 177438394; UID 10030; state: DISABLED
08-18 16:54:44.797 D/CompatibilityChangeReporter( 1152): Compat change id reported: 135772972; UID 10030; state: DISABLED
08-18 16:54:44.798 D/CompatibilityChangeReporter( 1152): Compat change id reported: 135754954; UID 10030; state: ENABLED
08-18 16:54:44.799 D/CompatibilityChangeReporter( 1152): Compat change id reported: 143937733; UID 10030; state: ENABLED
08-18 16:54:44.850 W/ActivityManager( 1152): Slow operation: 53ms so far, now at startProcess: returned from zygote!
08-18 16:54:44.850 W/ActivityManager( 1152): Slow operation: 54ms so far, now at startProcess: done updating battery stats
08-18 16:54:44.850 W/ActivityManager( 1152): Slow operation: 54ms so far, now at startProcess: building log message
08-18 16:54:44.850 I/ActivityManager( 1152): Start proc 3581:android.process.media/u0a30 for content provider {com.android.providers.downloads/com.android.providers.downloads.DownloadProvider}
08-18 16:54:44.850 W/ActivityManager( 1152): Slow operation: 54ms so far, now at startProcess: starting to update pids map
08-18 16:54:44.851 W/ActivityManager( 1152): Slow operation: 54ms so far, now at startProcess: done updating pids map
08-18 16:54:44.855 W/ContextImpl( 3034): Calling a method in the system process without a qualified user: android.app.ContextImpl.startService:1816 android.content.ContextWrapper.startService:774 android.content.ContextWrapper.startService:774 com.qualcomm.qti.services.secureui.BootReceiver.onReceive:30 android.app.ActivityThread.handleReceiver:4309
08-18 16:54:44.863 D/CompatibilityChangeReporter( 1152): Compat change id reported: 168419799; UID 10113; state: DISABLED
01-01 00:15:44.629 I/binder ( 0): 3034:3583 ioctl 40046210 7ad5517164 returned -22
08-18 16:54:44.890 D/CompatibilityChangeReporter( 1152): Compat change id reported: 135634846; UID 10074; state: DISABLED
08-18 16:54:44.891 D/CompatibilityChangeReporter( 1152): Compat change id reported: 177438394; UID 10074; state: DISABLED
08-18 16:54:44.892 D/CompatibilityChangeReporter( 1152): Compat change id reported: 135772972; UID 10074; state: DISABLED
08-18 16:54:44.892 D/CompatibilityChangeReporter( 1152): Compat change id reported: 135754954; UID 10074; state: DISABLED
08-18 16:54:44.893 D/CompatibilityChangeReporter( 1152): Compat change id reported: 143937733; UID 10074; state: DISABLED
01-01 00:15:44.660 I/binder ( 0): 2964:3587 ioctl 40046210 7ad5517604 returned -22
01-01 00:15:44.682 I/[schedu][0x5785fe79][16:54:44.918931] wlan( 0): [2797:I:OSIF] vdev 0, scan id 40961 type COMPLETED(1) reason COMPLETED(1) scan found 60 bss
01-01 00:15:44.686 I/binder ( 0): 3581:3581 ioctl 40046210 7fc78c36c4 returned -22
08-18 16:54:44.931 I/ActivityManager( 1152): Start proc 3604:com.android.dialer/u0a74 for broadcast {com.android.dialer/com.android.dialer.app.calllog.CallLogReceiver}
08-18 16:54:44.941 D/CompatibilityChangeReporter( 1152): Compat change id reported: 168419799; UID 10030; state: DISABLED
01-01 00:15:44.745 I/binder ( 0): 3604:3604 ioctl 40046210 7fc78c36c4 returned -22
08-18 16:54:44.991 D/CompatibilityChangeReporter( 1152): Compat change id reported: 168419799; UID 10074; state: DISABLED
01-01 00:15:44.969 D/ ( 0): mv2112_read_status
01-01 00:15:44.969 D/mv2112_update_link( 0): 3.0x901(1G): 0x4
01-01 00:15:44.970 D/mv2112_update_link( 0): 3.0x8109(100M): 0x8
01-01 00:15:44.970 D/mv2112_update_link( 0): link 0x4
01-01 00:15:44.970 D/mv2112_read_status( 0): autoneg is disabled
08-18 16:54:45.212 W/NotificationHistory( 1152): Attempted to add notif for locked/gone/disabled user 0
08-18 16:54:45.296 D/CompatibilityChangeReporter( 1152): Compat change id reported: 135634846; UID 1000; state: DISABLED
08-18 16:54:45.297 D/CompatibilityChangeReporter( 1152): Compat change id reported: 177438394; UID 1000; state: DISABLED
08-18 16:54:45.297 D/CompatibilityChangeReporter( 1152): Compat change id reported: 135772972; UID 1000; state: DISABLED
08-18 16:54:45.297 D/CompatibilityChangeReporter( 1152): Compat change id reported: 135754954; UID 1000; state: ENABLED
08-18 16:54:45.333 I/ActivityManager( 1152): Start proc 3629:com.qti.diagservices/1000 for broadcast {com.qti.diagservices/com.qti.diagservices.Diag_OnBoot}
01-01 00:15:45.166 I/binder ( 0): 3629:3629 ioctl 40046210 7fc78c36c4 returned -22
08-18 16:54:45.542 W/ContextImpl( 3629): Calling a method in the system process without a qualified user: android.app.ContextImpl.startService:1816 android.content.ContextWrapper.startService:774 android.content.ContextWrapper.startService:774 com.qti.diagservices.Diag_OnBoot.onReceive:40 android.app.ActivityThread.handleReceiver:4309
08-18 16:54:45.562 D/CompatibilityChangeReporter( 1152): Compat change id reported: 135634846; UID 10112; state: DISABLED
08-18 16:54:45.562 D/CompatibilityChangeReporter( 1152): Compat change id reported: 177438394; UID 10112; state: DISABLED
08-18 16:54:45.562 D/CompatibilityChangeReporter( 1152): Compat change id reported: 135772972; UID 10112; state: DISABLED
08-18 16:54:45.562 D/CompatibilityChangeReporter( 1152): Compat change id reported: 135754954; UID 10112; state: ENABLED
08-18 16:54:45.563 D/CompatibilityChangeReporter( 1152): Compat change id reported: 143937733; UID 10112; state: ENABLED
08-18 16:54:45.610 I/ActivityManager( 1152): Start proc 3658:org.codeaurora.dialer/u0a112 for broadcast {org.codeaurora.dialer/com.android.dialer.app.calllog.CallLogReceiver}
01-01 00:15:45.440 I/binder ( 0): 3658:3658 ioctl 40046210 7fc78c36c4 returned -22
08-18 16:54:45.685 D/CompatibilityChangeReporter( 1152): Compat change id reported: 168419799; UID 10112; state: DISABLED
08-18 16:54:45.826 W/Looper ( 1152): Slow dispatch took 371ms main h=android.app.ActivityThread$H c=android.app.LoadedApk$ReceiverDispatcher$Args$$ExternalSyntheticLambda0@eae757d m=0
08-18 16:54:45.827 I/Telecom ( 1152): BluetoothStateReceiver: Device 00:58:76:20:46:3D is now the preferred BT device for HFP: BSR.oR@ACM
08-18 16:54:45.827 W/Looper ( 1152): Slow delivery took 369ms main h=android.app.ActivityThread$H c=android.app.LoadedApk$ReceiverDispatcher$Args$$ExternalSyntheticLambda0@f3178c3 m=0
08-18 16:54:45.827 I/Telecom ( 1152): CallAudioRouteStateMachine: Message received: BT_ACTIVE_DEVICE_PRESENT=8, arg1=0: BSR.oR->CARSM.pM_BT_ACTIVE_DEVICE_PRESENT@ACM
08-18 16:54:45.828 I/Telecom ( 1152): QuiescentEarpieceRoute: Processing message BT_ACTIVE_DEVICE_PRESENT: BSR.oR->CARSM.pM_BT_ACTIVE_DEVICE_PRESENT@ACM
08-18 16:54:45.828 I/Telecom ( 1152): BluetoothStateReceiver: Device 00:58:76:20:46:3D changed state to 2: BSR.oR@ACQ
08-18 16:54:45.828 I/Telecom ( 1152): Logging.Events: Non-call EVENT: AUDIO_ROUTE, Bluetooth active device present: BSR.oR->CARSM.pM_BT_ACTIVE_DEVICE_PRESENT@ACM
08-18 16:54:45.828 I/Telecom ( 1152): CallAudioRouteStateMachine: Message received: SWITCH_BLUETOOTH=1002, arg1=0: BSR.oR->CARSM.pM_BT_ACTIVE_DEVICE_PRESENT->CARSM.pM_SWITCH_BLUETOOTH@ACM
08-18 16:54:45.828 I/Telecom ( 1152): QuiescentEarpieceRoute: Processing message SWITCH_BLUETOOTH: BSR.oR->CARSM.pM_BT_ACTIVE_DEVICE_PRESENT->CARSM.pM_SWITCH_BLUETOOTH@ACM
08-18 16:54:45.828 W/Telecom ( 1152): QuiescentEarpieceRoute: Ignoring switch to bluetooth command. Not available.: BSR.oR->CARSM.pM_BT_ACTIVE_DEVICE_PRESENT->CARSM.pM_SWITCH_BLUETOOTH@ACM
08-18 16:54:45.829 I/Telecom ( 1152): BluetoothRouteManager: Message received: NEW_DEVICE_CONNECTED.: BSR.oR->BRM.pM_1@ACQ
08-18 16:54:45.829 I/Telecom ( 1152): CallAudioRouteStateMachine: Message received: BLUETOOTH_DEVICE_LIST_CHANGED=7, arg1=0: BSR.oR->CARSM.pM_BLUETOOTH_DEVICE_LIST_CHANGED@ACQ
08-18 16:54:45.829 I/Telecom ( 1152): QuiescentEarpieceRoute: Processing message BLUETOOTH_DEVICE_LIST_CHANGED: BSR.oR->CARSM.pM_BLUETOOTH_DEVICE_LIST_CHANGED@ACQ
08-18 16:54:45.829 I/Telecom ( 1152): Logging.Events: Non-call EVENT: AUDIO_ROUTE, Bluetooth device list changed: BSR.oR->CARSM.pM_BLUETOOTH_DEVICE_LIST_CHANGED@ACQ
08-18 16:54:45.830 W/Looper ( 1152): Drained
08-18 16:54:45.849 I/Telecom ( 1152): WiredHeadsetManager: ACTION_HEADSET_PLUG event, plugged in: false, : WHC.oADA@ACU
08-18 16:54:46.137 F/linker ( 3693): CANNOT LINK EXECUTABLE "/vendor/bin/hw/qvrservice": library "vendor.qti.hardware.qxr-V1-ndk_platform.so" not found: needed by /vendor/lib64/libqvrservice.so in namespace (default)
01-01 00:15:45.994 D/ ( 0): mv2112_read_status
01-01 00:15:45.994 D/mv2112_update_link( 0): 3.0x901(1G): 0x4
01-01 00:15:45.994 D/mv2112_update_link( 0): 3.0x8109(100M): 0x8
01-01 00:15:45.994 D/mv2112_update_link( 0): link 0x4
01-01 00:15:45.994 D/mv2112_read_status( 0): autoneg is disabled
08-18 16:54:46.250 F/linker ( 3694): CANNOT LINK EXECUTABLE "/vendor/bin/hw/sxrservice": library "vendor.qti.hardware.qxr-V1-ndk_platform.so" not found: needed by main executable
08-18 16:54:46.504 I/Telecom ( 1152): DefaultDialerCache: Refreshing default dialer for user 0: now null: DDC.oR@ACg
08-18 16:54:46.505 I/Telecom ( 1152): MissedCallNotifierImpl: reloadAfterBootComplete: user=0: TSBCR.oR@ACk
08-18 16:54:46.507 I/Telecom ( 1152): MissedCallNotifierImpl: reloadAfterBootComplete: user=0: TSBCR.oR@ACk
08-18 16:54:46.530 D/CompatibilityChangeReporter( 1152): Compat change id reported: 135634846; UID 10083; state: DISABLED
08-18 16:54:46.531 D/CompatibilityChangeReporter( 1152): Compat change id reported: 177438394; UID 10083; state: DISABLED
08-18 16:54:46.535 D/CompatibilityChangeReporter( 1152): Compat change id reported: 135772972; UID 10083; state: DISABLED
08-18 16:54:46.536 D/CompatibilityChangeReporter( 1152): Compat change id reported: 135754954; UID 10083; state: DISABLED
08-18 16:54:46.537 D/CompatibilityChangeReporter( 1152): Compat change id reported: 143937733; UID 10083; state: DISABLED
08-18 16:54:46.578 I/ActivityManager( 1152): Start proc 3705:com.android.calendar/u0a83 for broadcast {com.android.calendar/com.android.calendar.alerts.AlertReceiver}
01-01 00:15:46.444 I/binder ( 0): 3705:3705 ioctl 40046210 7fc78c36c4 returned -22
08-18 16:54:46.705 D/CompatibilityChangeReporter( 1152): Compat change id reported: 168419799; UID 10083; state: DISABLED
08-18 16:54:46.856 D/CompatibilityChangeReporter( 1152): Compat change id reported: 135634846; UID 10081; state: DISABLED
08-18 16:54:46.856 D/CompatibilityChangeReporter( 1152): Compat change id reported: 177438394; UID 10081; state: DISABLED
08-18 16:54:46.856 D/CompatibilityChangeReporter( 1152): Compat change id reported: 135772972; UID 10081; state: DISABLED
08-18 16:54:46.856 D/CompatibilityChangeReporter( 1152): Compat change id reported: 135754954; UID 10081; state: ENABLED
