01-01 00:23:45.269 I/init ( 0): Created socket '/dev/socket/qvrservice_vndr_camera', mode 660, user 1000, group 1000
01-01 00:23:45.296 I/init ( 0): starting service 'sxrd'...
01-01 00:23:45.317 I/init ( 0): starting service 'vendor.light-hal-2-0'...
08-18 17:02:45.578 F/linker ( 7089): CANNOT LINK EXECUTABLE "/vendor/bin/hw/sxrservice": library "vendor.qti.hardware.qxr-V1-ndk_platform.so" not found: needed by main executable
08-18 17:02:45.581 F/linker ( 7088): CANNOT LINK EXECUTABLE "/vendor/bin/hw/qvrservice": library "vendor.qti.hardware.qxr-V1-ndk_platform.so" not found: needed by /vendor/lib64/libqvrservice.so in namespace (default)
01-01 00:23:45.342 I/init ( 0): Service 'sxrd' (pid 7089) exited with status 1
01-01 00:23:45.348 I/init ( 0): Sending signal 9 to service 'sxrd' (pid 7089) process group...
01-01 00:23:45.356 I/libprocessgroup( 0): Successfully killed process cgroup uid 1000 pid 7089 in 0ms
01-01 00:23:45.367 I/init ( 0): Service 'qvrd_vndr' (pid 7088) exited with status 1
01-01 00:23:45.374 I/init ( 0): Sending signal 9 to service 'qvrd_vndr' (pid 7088) process group...
01-01 00:23:45.962 D/ ( 0): mv2112_read_status
01-01 00:23:45.965 D/mv2112_update_link( 0): 3.0x901(1G): 0x80
01-01 00:23:45.970 D/mv2112_update_link( 0): 3.0x8109(100M): 0x0
01-01 00:23:45.976 D/mv2112_update_link( 0): link 0x0
01-01 00:23:45.980 D/mv2112_read_status( 0): autoneg is disabled
01-01 00:23:46.986 D/ ( 0): mv2112_read_status
01-01 00:23:46.989 D/mv2112_update_link( 0): 3.0x901(1G): 0x80
01-01 00:23:46.995 D/mv2112_update_link( 0): 3.0x8109(100M): 0x0
01-01 00:23:47.000 D/mv2112_update_link( 0): link 0x0
01-01 00:23:47.004 D/mv2112_read_status( 0): autoneg is disabled
01-01 00:23:48.010 D/ ( 0): mv2112_read_status
01-01 00:23:48.014 D/mv2112_update_link( 0): 3.0x901(1G): 0x80
01-01 00:23:48.019 D/mv2112_update_link( 0): 3.0x8109(100M): 0x0
01-01 00:23:48.024 D/mv2112_update_link( 0): link 0x0
01-01 00:23:48.028 D/mv2112_read_status( 0): autoneg is disabled
01-01 00:23:49.034 D/ ( 0): mv2112_read_status
01-01 00:23:49.038 D/mv2112_update_link( 0): 3.0x901(1G): 0x80
01-01 00:23:49.043 D/mv2112_update_link( 0): 3.0x8109(100M): 0x0
01-01 00:23:49.048 D/mv2112_update_link( 0): link 0x0
01-01 00:23:49.052 D/mv2112_read_status( 0): autoneg is disabled
01-01 00:23:50.058 D/ ( 0): mv2112_read_status
01-01 00:23:50.061 D/mv2112_update_link( 0): 3.0x901(1G): 0x80
01-01 00:23:50.067 D/mv2112_update_link( 0): 3.0x8109(100M): 0x0
01-01 00:23:50.072 D/mv2112_update_link( 0): link 0x0
01-01 00:23:50.076 D/mv2112_read_status( 0): autoneg is disabled
01-01 00:23:50.294 I/init ( 0): starting service 'qvrd_vndr'...
01-01 00:23:50.301 I/init ( 0): Created socket '/dev/socket/qvrservice_vndr', mode 660, user 1000, group 1000
01-01 00:23:50.311 I/init ( 0): Created socket '/dev/socket/qvrservice_vndr_camera', mode 660, user 1000, group 1000
01-01 00:23:50.337 I/init ( 0): starting service 'sxrd'...
01-01 00:23:50.356 I/init ( 0): starting service 'vendor.light-hal-2-0'...
08-18 17:02:50.618 F/linker ( 7092): CANNOT LINK EXECUTABLE "/vendor/bin/hw/sxrservice": library "vendor.qti.hardware.qxr-V1-ndk_platform.so" not found: needed by main executable
08-18 17:02:50.619 F/linker ( 7091): CANNOT LINK EXECUTABLE "/vendor/bin/hw/qvrservice": library "vendor.qti.hardware.qxr-V1-ndk_platform.so" not found: needed by /vendor/lib64/libqvrservice.so in namespace (default)
01-01 00:23:50.382 I/init ( 0): Service 'sxrd' (pid 7092) exited with status 1
01-01 00:23:50.388 I/init ( 0): Sending signal 9 to service 'sxrd' (pid 7092) process group...
01-01 00:23:50.396 I/libprocessgroup( 0): Successfully killed process cgroup uid 1000 pid 7092 in 0ms
01-01 00:23:50.406 I/init ( 0): Service 'qvrd_vndr' (pid 7091) exited with status 1
01-01 00:23:50.412 I/init ( 0): Sending signal 9 to service 'qvrd_vndr' (pid 7091) process group...
01-01 00:23:51.082 D/ ( 0): mv2112_read_status
01-01 00:23:51.085 D/mv2112_update_link( 0): 3.0x901(1G): 0x80
01-01 00:23:51.090 D/mv2112_update_link( 0): 3.0x8109(100M): 0x0
01-01 00:23:51.096 D/mv2112_update_link( 0): link 0x0
01-01 00:23:51.100 D/mv2112_read_status( 0): autoneg is disabled
01-01 00:23:52.106 D/ ( 0): mv2112_read_status
01-01 00:23:52.109 D/mv2112_update_link( 0): 3.0x901(1G): 0x80
01-01 00:23:52.115 D/mv2112_update_link( 0): 3.0x8109(100M): 0x0
01-01 00:23:52.120 D/mv2112_update_link( 0): link 0x0
01-01 00:23:52.124 D/mv2112_read_status( 0): autoneg is disabled
01-01 00:23:53.130 D/ ( 0): mv2112_read_status
01-01 00:23:53.133 D/mv2112_update_link( 0): 3.0x901(1G): 0x80
01-01 00:23:53.139 D/mv2112_update_link( 0): 3.0x8109(100M): 0x0
01-01 00:23:53.144 D/mv2112_update_link( 0): link 0x0
01-01 00:23:53.148 D/mv2112_read_status( 0): autoneg is disabled
01-01 00:23:54.154 D/ ( 0): mv2112_read_status
01-01 00:23:54.157 D/mv2112_update_link( 0): 3.0x901(1G): 0x80
01-01 00:23:54.163 D/mv2112_update_link( 0): 3.0x8109(100M): 0x0
01-01 00:23:54.168 D/mv2112_update_link( 0): link 0x0
01-01 00:23:54.172 D/mv2112_read_status( 0): autoneg is disabled
01-01 00:23:55.178 D/ ( 0): mv2112_read_status
01-01 00:23:55.182 D/mv2112_update_link( 0): 3.0x901(1G): 0x80
01-01 00:23:55.187 D/mv2112_update_link( 0): 3.0x8109(100M): 0x0
01-01 00:23:55.192 D/mv2112_update_link( 0): link 0x0
01-01 00:23:55.196 D/mv2112_read_status( 0): autoneg is disabled
01-01 00:23:55.336 I/init ( 0): starting service 'qvrd_vndr'...
01-01 00:23:55.342 I/init ( 0): Created socket '/dev/socket/qvrservice_vndr', mode 660, user 1000, group 1000
01-01 00:23:55.352 I/init ( 0): Created socket '/dev/socket/qvrservice_vndr_camera', mode 660, user 1000, group 1000
01-01 00:23:55.378 I/init ( 0): starting service 'sxrd'...
01-01 00:23:55.397 I/init ( 0): starting service 'vendor.light-hal-2-0'...
08-18 17:02:55.659 F/linker ( 7095): CANNOT LINK EXECUTABLE "/vendor/bin/hw/sxrservice": library "vendor.qti.hardware.qxr-V1-ndk_platform.so" not found: needed by main executable
08-18 17:02:55.661 F/linker ( 7094): CANNOT LINK EXECUTABLE "/vendor/bin/hw/qvrservice": library "vendor.qti.hardware.qxr-V1-ndk_platform.so" not found: needed by /vendor/lib64/libqvrservice.so in namespace (default)
01-01 00:23:55.423 I/init ( 0): Service 'sxrd' (pid 7095) exited with status 1
01-01 00:23:55.429 I/init ( 0): Sending signal 9 to service 'sxrd' (pid 7095) process group...
01-01 00:23:55.437 I/libprocessgroup( 0): Successfully killed process cgroup uid 1000 pid 7095 in 0ms
01-01 00:23:55.446 I/init ( 0): Service 'qvrd_vndr' (pid 7094) exited with status 1
01-01 00:23:55.453 I/init ( 0): Sending signal 9 to service 'qvrd_vndr' (pid 7094) process group...
01-01 00:23:56.202 D/ ( 0): mv2112_read_status
01-01 00:23:56.206 D/mv2112_update_link( 0): 3.0x901(1G): 0x80
01-01 00:23:56.211 D/mv2112_update_link( 0): 3.0x8109(100M): 0x0
01-01 00:23:56.216 D/mv2112_update_link( 0): link 0x0
01-01 00:23:56.220 D/mv2112_read_status( 0): autoneg is disabled
01-01 00:23:57.226 D/ ( 0): mv2112_read_status
01-01 00:23:57.229 D/mv2112_update_link( 0): 3.0x901(1G): 0x80
01-01 00:23:57.234 D/mv2112_update_link( 0): 3.0x8109(100M): 0x0
01-01 00:23:57.240 D/mv2112_update_link( 0): link 0x0
01-01 00:23:57.244 D/mv2112_read_status( 0): autoneg is disabled
01-01 00:23:58.250 D/ ( 0): mv2112_read_status
01-01 00:23:58.253 D/mv2112_update_link( 0): 3.0x901(1G): 0x80
01-01 00:23:58.259 D/mv2112_update_link( 0): 3.0x8109(100M): 0x0
01-01 00:23:58.264 D/mv2112_update_link( 0): link 0x0
01-01 00:23:58.268 D/mv2112_read_status( 0): autoneg is disabled
01-01 00:23:59.274 D/ ( 0): mv2112_read_status
01-01 00:23:59.277 D/mv2112_update_link( 0): 3.0x901(1G): 0x80
01-01 00:23:59.283 D/mv2112_update_link( 0): 3.0x8109(100M): 0x0
01-01 00:23:59.288 D/mv2112_update_link( 0): link 0x0
01-01 00:23:59.292 D/mv2112_read_status( 0): autoneg is disabled
01-01 00:24:00.298 D/ ( 0): mv2112_read_status
01-01 00:24:00.301 D/mv2112_update_link( 0): 3.0x901(1G): 0x80
01-01 00:24:00.306 D/mv2112_update_link( 0): 3.0x8109(100M): 0x0
01-01 00:24:00.312 D/mv2112_update_link( 0): link 0x0
01-01 00:24:00.316 D/mv2112_read_status( 0): autoneg is disabled
01-01 00:24:00.377 I/init ( 0): starting service 'qvrd_vndr'...
01-01 00:24:00.383 I/init ( 0): Created socket '/dev/socket/qvrservice_vndr', mode 660, user 1000, group 1000
01-01 00:24:00.393 I/init ( 0): Created socket '/dev/socket/qvrservice_vndr_camera', mode 660, user 1000, group 1000
01-01 00:24:00.421 I/init ( 0): starting service 'sxrd'...
01-01 00:24:00.440 I/init ( 0): starting service 'vendor.light-hal-2-0'...
08-18 17:03:00.702 F/linker ( 7097): CANNOT LINK EXECUTABLE "/vendor/bin/hw/qvrservice": library "vendor.qti.hardware.qxr-V1-ndk_platform.so" not found: needed by /vendor/lib64/libqvrservice.so in namespace (default)
08-18 17:03:00.706 F/linker ( 7098): CANNOT LINK EXECUTABLE "/vendor/bin/hw/sxrservice": library "vendor.qti.hardware.qxr-V1-ndk_platform.so" not found: needed by main executable
01-01 00:24:00.466 I/init ( 0): Service 'qvrd_vndr' (pid 7097) exited with status 1
01-01 00:24:00.473 I/init ( 0): Sending signal 9 to service 'qvrd_vndr' (pid 7097) process group...
01-01 00:24:00.481 I/libprocessgroup( 0): Successfully killed process cgroup uid 1000 pid 7097 in 0ms
01-01 00:24:00.492 I/init ( 0): Service 'sxrd' (pid 7098) exited with status 1
01-01 00:24:00.498 I/init ( 0): Sending signal 9 to service 'sxrd' (pid 7098) process group...
01-01 00:24:01.322 D/ ( 0): mv2112_read_status
01-01 00:24:01.325 D/mv2112_update_link( 0): 3.0x901(1G): 0x80
01-01 00:24:01.331 D/mv2112_update_link( 0): 3.0x8109(100M): 0x0
01-01 00:24:01.336 D/mv2112_update_link( 0): link 0x0
01-01 00:24:01.340 D/mv2112_read_status( 0): autoneg is disabled
01-01 00:24:02.346 D/ ( 0): mv2112_read_status
01-01 00:24:02.349 D/mv2112_update_link( 0): 3.0x901(1G): 0x80
01-01 00:24:02.355 D/mv2112_update_link( 0): 3.0x8109(100M): 0x0
01-01 00:24:02.360 D/mv2112_update_link( 0): link 0x0
01-01 00:24:02.364 D/mv2112_read_status( 0): autoneg is disabled
01-01 00:24:03.370 D/ ( 0): mv2112_read_status
01-01 00:24:03.373 D/mv2112_update_link( 0): 3.0x901(1G): 0x80
01-01 00:24:03.379 D/mv2112_update_link( 0): 3.0x8109(100M): 0x0
01-01 00:24:03.384 D/mv2112_update_link( 0): link 0x0
01-01 00:24:03.388 D/mv2112_read_status( 0): autoneg is disabled
01-01 00:24:04.394 D/ ( 0): mv2112_read_status
01-01 00:24:04.397 D/mv2112_update_link( 0): 3.0x901(1G): 0x80
01-01 00:24:04.403 D/mv2112_update_link( 0): 3.0x8109(100M): 0x0
01-01 00:24:04.408 D/mv2112_update_link( 0): link 0x0
01-01 00:24:04.412 D/mv2112_read_status( 0): autoneg is disabled
01-01 00:24:05.418 I/init ( 0): starting service 'qvrd_vndr'...
01-01 00:24:05.423 D/ ( 0): mv2112_read_status
01-01 00:24:05.427 D/mv2112_update_link( 0): 3.0x901(1G): 0x80
01-01 00:24:05.433 I/init ( 0): Created socket '/dev/socket/qvrservice_vndr', mode 660, user 1000, group 1000
01-01 00:24:05.442 D/mv2112_update_link( 0): 3.0x8109(100M): 0x0
01-01 00:24:05.448 I/init ( 0): Created socket '/dev/socket/qvrservice_vndr_camera', mode 660, user 1000, group 1000
01-01 00:24:05.458 D/mv2112_update_link( 0): link 0x0
01-01 00:24:05.462 D/mv2112_read_status( 0): autoneg is disabled
01-01 00:24:05.478 I/init ( 0): starting service 'sxrd'...
01-01 00:24:05.494 I/init ( 0): starting service 'vendor.light-hal-2-0'...
08-18 17:03:05.760 F/linker ( 7101): CANNOT LINK EXECUTABLE "/vendor/bin/hw/sxrservice": library "vendor.qti.hardware.qxr-V1-ndk_platform.so" not found: needed by main executable
08-18 17:03:05.764 F/linker ( 7100): CANNOT LINK EXECUTABLE "/vendor/bin/hw/qvrservice": library "vendor.qti.hardware.qxr-V1-ndk_platform.so" not found: needed by /vendor/lib64/libqvrservice.so in namespace (default)
01-01 00:24:05.525 I/init ( 0): Service 'sxrd' (pid 7101) exited with status 1
01-01 00:24:05.531 I/init ( 0): Sending signal 9 to service 'sxrd' (pid 7101) process group...
01-01 00:24:05.539 I/libprocessgroup( 0): Successfully killed process cgroup uid 1000 pid 7101 in 0ms
01-01 00:24:05.550 I/init ( 0): Service 'qvrd_vndr' (pid 7100) exited with status 1
01-01 00:24:05.557 I/init ( 0): Sending signal 9 to service 'qvrd_vndr' (pid 7100) process group...
01-01 00:24:06.474 D/ ( 0): mv2112_read_status
01-01 00:24:06.478 D/mv2112_update_link( 0): 3.0x901(1G): 0x80
01-01 00:24:06.483 D/mv2112_update_link( 0): 3.0x8109(100M): 0x0
01-01 00:24:06.488 D/mv2112_update_link( 0): link 0x0
01-01 00:24:06.492 D/mv2112_read_status( 0): autoneg is disabled
01-01 00:24:07.498 D/ ( 0): mv2112_read_status
01-01 00:24:07.501 D/mv2112_update_link( 0): 3.0x901(1G): 0x80
01-01 00:24:07.507 D/mv2112_update_link( 0): 3.0x8109(100M): 0x0
01-01 00:24:07.512 D/mv2112_update_link( 0): link 0x0
01-01 00:24:07.516 D/mv2112_read_status( 0): autoneg is disabled
01-01 00:24:08.522 D/ ( 0): mv2112_read_status
01-01 00:24:08.526 D/mv2112_update_link( 0): 3.0x901(1G): 0x80
01-01 00:24:08.531 D/mv2112_update_link( 0): 3.0x8109(100M): 0x0
01-01 00:24:08.536 D/mv2112_update_link( 0): link 0x0
01-01 00:24:08.540 D/mv2112_read_status( 0): autoneg is disabled
01-01 00:24:09.546 D/ ( 0): mv2112_read_status
01-01 00:24:09.549 D/mv2112_update_link( 0): 3.0x901(1G): 0x80
01-01 00:24:09.554 D/mv2112_update_link( 0): 3.0x8109(100M): 0x0
01-01 00:24:09.560 D/mv2112_update_link( 0): link 0x0
01-01 00:24:09.564 D/mv2112_read_status( 0): autoneg is disabled
01-01 00:24:10.480 I/init ( 0): starting service 'qvrd_vndr'...
01-01 00:24:10.490 I/init ( 0): Created socket '/dev/socket/qvrservice_vndr', mode 660, user 1000, group 1000
01-01 00:24:10.502 I/init ( 0): Created socket '/dev/socket/qvrservice_vndr_camera', mode 660, user 1000, group 1000
01-01 00:24:10.549 I/init ( 0): starting service 'sxrd'...
08-18 17:03:10.804 F/linker ( 7106): CANNOT LINK EXECUTABLE "/vendor/bin/hw/qvrservice": library "vendor.qti.hardware.qxr-V1-ndk_platform.so" not found: needed by /vendor/lib64/libqvrservice.so in namespace (default)
01-01 00:24:10.567 I/init ( 0): starting service 'vendor.light-hal-2-0'...
01-01 00:24:10.570 D/ ( 0): mv2112_read_status
01-01 00:24:10.576 D/mv2112_update_link( 0): 3.0x901(1G): 0x80
01-01 00:24:10.581 D/mv2112_update_link( 0): 3.0x8109(100M): 0x0
01-01 00:24:10.581 I/init ( 0): Service 'qvrd_vndr' (pid 7106) exited with status 1
01-01 00:24:10.586 D/mv2112_update_link( 0): link 0x0
01-01 00:24:10.593 I/init ( 0): Sending signal 9 to service 'qvrd_vndr' (pid 7106) process group...
01-01 00:24:10.593 I/libprocessgroup( 0): Successfully killed process cgroup uid 1000 pid 7106 in 0ms
01-01 00:24:10.597 D/mv2112_read_status( 0): autoneg is disabled
08-18 17:03:10.845 F/linker ( 7107): CANNOT LINK EXECUTABLE "/vendor/bin/hw/sxrservice": library "vendor.qti.hardware.qxr-V1-ndk_platform.so" not found: needed by main executable
01-01 00:24:10.611 I/init ( 0): Service 'sxrd' (pid 7107) exited with status 1
01-01 00:24:10.625 I/init ( 0): Sending signal 9 to service 'sxrd' (pid 7107) process group...
01-01 00:24:11.626 D/ ( 0): mv2112_read_status
01-01 00:24:11.629 D/mv2112_update_link( 0): 3.0x901(1G): 0x80
01-01 00:24:11.634 D/mv2112_update_link( 0): 3.0x8109(100M): 0x0
01-01 00:24:11.640 D/mv2112_update_link( 0): link 0x0
01-01 00:24:11.644 D/mv2112_read_status( 0): autoneg is disabled
01-01 00:24:12.650 D/ ( 0): mv2112_read_status
01-01 00:24:12.654 D/mv2112_update_link( 0): 3.0x901(1G): 0x80
01-01 00:24:12.659 D/mv2112_update_link( 0): 3.0x8109(100M): 0x0
01-01 00:24:12.664 D/mv2112_update_link( 0): link 0x0
01-01 00:24:12.668 D/mv2112_read_status( 0): autoneg is disabled
01-01 00:24:13.674 D/ ( 0): mv2112_read_status
01-01 00:24:13.678 D/mv2112_update_link( 0): 3.0x901(1G): 0x80
01-01 00:24:13.683 D/mv2112_update_link( 0): 3.0x8109(100M): 0x0
01-01 00:24:13.688 D/mv2112_update_link( 0): link 0x0
01-01 00:24:13.692 D/mv2112_read_status( 0): autoneg is disabled
01-01 00:24:14.698 D/ ( 0): mv2112_read_status
01-01 00:24:14.701 D/mv2112_update_link( 0): 3.0x901(1G): 0x80
01-01 00:24:14.707 D/mv2112_update_link( 0): 3.0x8109(100M): 0x0
01-01 00:24:14.712 D/mv2112_update_link( 0): link 0x0
01-01 00:24:14.716 D/mv2112_read_status( 0): autoneg is disabled
01-01 00:24:15.544 I/init ( 0): starting service 'qvrd_vndr'...
01-01 00:24:15.550 I/init ( 0): Created socket '/dev/socket/qvrservice_vndr', mode 660, user 1000, group 1000
01-01 00:24:15.560 I/init ( 0): Created socket '/dev/socket/qvrservice_vndr_camera', mode 660, user 1000, group 1000
01-01 00:24:15.589 I/init ( 0): starting service 'sxrd'...
01-01 00:24:15.608 I/init ( 0): starting service 'vendor.light-hal-2-0'...
08-18 17:03:15.864 F/linker ( 7109): CANNOT LINK EXECUTABLE "/vendor/bin/hw/qvrservice": library "vendor.qti.hardware.qxr-V1-ndk_platform.so" not found: needed by /vendor/lib64/libqvrservice.so in namespace (default)
08-18 17:03:15.876 F/linker ( 7110): CANNOT LINK EXECUTABLE "/vendor/bin/hw/sxrservice": library "vendor.qti.hardware.qxr-V1-ndk_platform.so" not found: needed by main executable
01-01 00:24:15.628 I/init ( 0): Service 'qvrd_vndr' (pid 7109) exited with status 1
01-01 00:24:15.635 I/init ( 0): Sending signal 9 to service 'qvrd_vndr' (pid 7109) process group...
01-01 00:24:15.643 I/libprocessgroup( 0): Successfully killed process cgroup uid 1000 pid 7109 in 0ms
01-01 00:24:15.652 I/init ( 0): Service 'sxrd' (pid 7110) exited with status 1
01-01 00:24:15.659 I/init ( 0): Sending signal 9 to service 'sxrd' (pid 7110) process group...
01-01 00:24:15.722 D/ ( 0): mv2112_read_status
01-01 00:24:15.725 D/mv2112_update_link( 0): 3.0x901(1G): 0x80
01-01 00:24:15.731 D/mv2112_update_link( 0): 3.0x8109(100M): 0x0
01-01 00:24:15.736 D/mv2112_update_link( 0): link 0x0
01-01 00:24:15.740 D/mv2112_read_status( 0): autoneg is disabled
01-01 00:24:16.746 D/ ( 0): mv2112_read_status
01-01 00:24:16.750 D/mv2112_update_link( 0): 3.0x901(1G): 0x80
01-01 00:24:16.755 D/mv2112_update_link( 0): 3.0x8109(100M): 0x0
01-01 00:24:16.760 D/mv2112_update_link( 0): link 0x0
01-01 00:24:16.764 D/mv2112_read_status( 0): autoneg is disabled
01-01 00:24:17.770 D/ ( 0): mv2112_read_status
01-01 00:24:17.774 D/mv2112_update_link( 0): 3.0x901(1G): 0x80
01-01 00:24:17.779 D/mv2112_update_link( 0): 3.0x8109(100M): 0x0
01-01 00:24:17.784 D/mv2112_update_link( 0): link 0x0
01-01 00:24:17.788 D/mv2112_read_status( 0): autoneg is disabled
01-01 00:24:18.794 D/ ( 0): mv2112_read_status
01-01 00:24:18.797 D/mv2112_update_link( 0): 3.0x901(1G): 0x80
01-01 00:24:18.803 D/mv2112_update_link( 0): 3.0x8109(100M): 0x0
01-01 00:24:18.808 D/mv2112_update_link( 0): link 0x0
01-01 00:24:18.812 D/mv2112_read_status( 0): autoneg is disabled
01-01 00:24:19.818 D/ ( 0): mv2112_read_status
01-01 00:24:19.822 D/mv2112_update_link( 0): 3.0x901(1G): 0x80
01-01 00:24:19.827 D/mv2112_update_link( 0): 3.0x8109(100M): 0x0
01-01 00:24:19.832 D/mv2112_update_link( 0): link 0x0
01-01 00:24:19.836 D/mv2112_read_status( 0): autoneg is disabled
01-01 00:24:20.587 I/init ( 0): starting service 'qvrd_vndr'...
01-01 00:24:20.594 I/init ( 0): Created socket '/dev/socket/qvrservice_vndr', mode 660, user 1000, group 1000
01-01 00:24:20.604 I/init ( 0): Created socket '/dev/socket/qvrservice_vndr_camera', mode 660, user 1000, group 1000
01-01 00:24:20.630 I/init ( 0): starting service 'sxrd'...
01-01 00:24:20.651 I/init ( 0): starting service 'vendor.light-hal-2-0'...
08-18 17:03:20.918 F/linker ( 7113): CANNOT LINK EXECUTABLE "/vendor/bin/hw/sxrservice": library "vendor.qti.hardware.qxr-V1-ndk_platform.so" not found: needed by main executable
08-18 17:03:20.918 F/linker ( 7112): CANNOT LINK EXECUTABLE "/vendor/bin/hw/qvrservice": library "vendor.qti.hardware.qxr-V1-ndk_platform.so" not found: needed by /vendor/lib64/libqvrservice.so in namespace (default)
01-01 00:24:20.682 I/init ( 0): Service 'sxrd' (pid 7113) exited with status 1
01-01 00:24:20.688 I/init ( 0): Sending signal 9 to service 'sxrd' (pid 7113) process group...
01-01 00:24:20.696 I/libprocessgroup( 0): Successfully killed process cgroup uid 1000 pid 7113 in 0ms
01-01 00:24:20.706 I/init ( 0): Service 'qvrd_vndr' (pid 7112) exited with status 1
01-01 00:24:20.713 I/init ( 0): Sending signal 9 to service 'qvrd_vndr' (pid 7112) process group...
01-01 00:24:20.842 D/ ( 0): mv2112_read_status
01-01 00:24:20.845 D/mv2112_update_link( 0): 3.0x901(1G): 0x80
01-01 00:24:20.851 D/mv2112_update_link( 0): 3.0x8109(100M): 0x0
01-01 00:24:20.856 D/mv2112_update_link( 0): link 0x0
01-01 00:24:20.860 D/mv2112_read_status( 0): autoneg is disabled
01-01 00:24:21.866 D/ ( 0): mv2112_read_status
01-01 00:24:21.869 D/mv2112_update_link( 0): 3.0x901(1G): 0x80
01-01 00:24:21.875 D/mv2112_update_link( 0): 3.0x8109(100M): 0x0
01-01 00:24:21.880 D/mv2112_update_link( 0): link 0x0
01-01 00:24:21.884 D/mv2112_read_status( 0): autoneg is disabled
01-01 00:24:22.890 D/ ( 0): mv2112_read_status
01-01 00:24:22.893 D/mv2112_update_link( 0): 3.0x901(1G): 0x80
01-01 00:24:22.899 D/mv2112_update_link( 0): 3.0x8109(100M): 0x0
01-01 00:24:22.904 D/mv2112_update_link( 0): link 0x0
01-01 00:24:22.908 D/mv2112_read_status( 0): autoneg is disabled
01-01 00:24:23.914 D/ ( 0): mv2112_read_status
01-01 00:24:23.918 D/mv2112_update_link( 0): 3.0x901(1G): 0x80
01-01 00:24:23.923 D/mv2112_update_link( 0): 3.0x8109(100M): 0x0
01-01 00:24:23.928 D/mv2112_update_link( 0): link 0x0
01-01 00:24:23.932 D/mv2112_read_status( 0): autoneg is disabled
01-01 00:24:24.938 D/ ( 0): mv2112_read_status
01-01 00:24:24.941 D/mv2112_update_link( 0): 3.0x901(1G): 0x80
01-01 00:24:24.947 D/mv2112_update_link( 0): 3.0x8109(100M): 0x0
01-01 00:24:24.952 D/mv2112_update_link( 0): link 0x0
01-01 00:24:24.956 D/mv2112_read_status( 0): autoneg is disabled
01-01 00:24:25.630 I/init ( 0): starting service 'qvrd_vndr'...
01-01 00:24:25.636 I/init ( 0): Created socket '/dev/socket/qvrservice_vndr', mode 660, user 1000, group 1000
01-01 00:24:25.647 I/init ( 0): Created socket '/dev/socket/qvrservice_vndr_camera', mode 660, user 1000, group 1000
01-01 00:24:25.671 I/init ( 0): starting service 'sxrd'...
01-01 00:24:25.689 I/init ( 0): starting service 'vendor.light-hal-2-0'...
08-18 17:03:25.958 F/linker ( 7116): CANNOT LINK EXECUTABLE "/vendor/bin/hw/sxrservice": library "vendor.qti.hardware.qxr-V1-ndk_platform.so" not found: needed by main executable
08-18 17:03:25.961 F/linker ( 7115): CANNOT LINK EXECUTABLE "/vendor/bin/hw/qvrservice": library "vendor.qti.hardware.qxr-V1-ndk_platform.so" not found: needed by /vendor/lib64/libqvrservice.so in namespace (default)
01-01 00:24:25.722 I/init ( 0): Service 'sxrd' (pid 7116) exited with status 1
01-01 00:24:25.728 I/init ( 0): Sending signal 9 to service 'sxrd' (pid 7116) process group...
01-01 00:24:25.736 I/libprocessgroup( 0): Successfully killed process cgroup uid 1000 pid 7116 in 0ms
01-01 00:24:25.746 I/init ( 0): Service 'qvrd_vndr' (pid 7115) exited with status 1
01-01 00:24:25.752 I/init ( 0): Sending signal 9 to service 'qvrd_vndr' (pid 7115) process group...
01-01 00:24:25.962 D/ ( 0): mv2112_read_status
01-01 00:24:25.965 D/mv2112_update_link( 0): 3.0x901(1G): 0x80
01-01 00:24:25.970 D/mv2112_update_link( 0): 3.0x8109(100M): 0x0
01-01 00:24:25.976 D/mv2112_update_link( 0): link 0x0
01-01 00:24:25.980 D/mv2112_read_status( 0): autoneg is disabled
01-01 00:24:26.986 D/ ( 0): mv2112_read_status
01-01 00:24:26.990 D/mv2112_update_link( 0): 3.0x901(1G): 0x80
01-01 00:24:26.995 D/mv2112_update_link( 0): 3.0x8109(100M): 0x0
01-01 00:24:27.000 D/mv2112_update_link( 0): link 0x0
01-01 00:24:27.004 D/mv2112_read_status( 0): autoneg is disabled
01-01 00:24:28.010 D/ ( 0): mv2112_read_status
01-01 00:24:28.013 D/mv2112_update_link( 0): 3.0x901(1G): 0x80
01-01 00:24:28.019 D/mv2112_update_link( 0): 3.0x8109(100M): 0x0
01-01 00:24:28.024 D/mv2112_update_link( 0): link 0x0
01-01 00:24:28.028 D/mv2112_read_status( 0): autoneg is disabled
01-01 00:24:29.034 D/ ( 0): mv2112_read_status
01-01 00:24:29.038 D/mv2112_update_link( 0): 3.0x901(1G): 0x80
01-01 00:24:29.043 D/mv2112_update_link( 0): 3.0x8109(100M): 0x0
01-01 00:24:29.048 D/mv2112_update_link( 0): link 0x0
01-01 00:24:29.052 D/mv2112_read_status( 0): autoneg is disabled
01-01 00:24:30.058 D/ ( 0): mv2112_read_status
01-01 00:24:30.062 D/mv2112_update_link( 0): 3.0x901(1G): 0x80
01-01 00:24:30.067 D/mv2112_update_link( 0): 3.0x8109(100M): 0x0
01-01 00:24:30.072 D/mv2112_update_link( 0): link 0x0
01-01 00:24:30.076 D/mv2112_read_status( 0): autoneg is disabled
01-01 00:24:30.671 I/init ( 0): starting service 'qvrd_vndr'...
01-01 00:24:30.678 I/init ( 0): Created socket '/dev/socket/qvrservice_vndr', mode 660, user 1000, group 1000
01-01 00:24:30.688 I/init ( 0): Created socket '/dev/socket/qvrservice_vndr_camera', mode 660, user 1000, group 1000
01-01 00:24:30.714 I/init ( 0): starting service 'sxrd'...
01-01 00:24:30.734 I/init ( 0): starting service 'vendor.light-hal-2-0'...
08-18 17:03:30.999 F/linker ( 7119): CANNOT LINK EXECUTABLE "/vendor/bin/hw/sxrservice": library "vendor.qti.hardware.qxr-V1-ndk_platform.so" not found: needed by main executable
08-18 17:03:31.001 F/linker ( 7118): CANNOT LINK EXECUTABLE "/vendor/bin/hw/qvrservice": library "vendor.qti.hardware.qxr-V1-ndk_platform.so" not found: needed by /vendor/lib64/libqvrservice.so in namespace (default)
01-01 00:24:30.763 I/init ( 0): Service 'sxrd' (pid 7119) exited with status 1
01-01 00:24:30.769 I/init ( 0): Sending signal 9 to service 'sxrd' (pid 7119) process group...
01-01 00:24:30.777 I/libprocessgroup( 0): Successfully killed process cgroup uid 1000 pid 7119 in 0ms
01-01 00:24:30.788 I/init ( 0): Service 'qvrd_vndr' (pid 7118) exited with status 1
01-01 00:24:30.795 I/init ( 0): Sending signal 9 to service 'qvrd_vndr' (pid 7118) process group...
01-01 00:24:31.082 D/ ( 0): mv2112_read_status
01-01 00:24:31.086 D/mv2112_update_link( 0): 3.0x901(1G): 0x80
01-01 00:24:31.091 D/mv2112_update_link( 0): 3.0x8109(100M): 0x0
01-01 00:24:31.096 D/mv2112_update_link( 0): link 0x0
01-01 00:24:31.100 D/mv2112_read_status( 0): autoneg is disabled
01-01 00:24:32.106 D/ ( 0): mv2112_read_status
01-01 00:24:32.109 D/mv2112_update_link( 0): 3.0x901(1G): 0x80
01-01 00:24:32.114 D/mv2112_update_link( 0): 3.0x8109(100M): 0x0
01-01 00:24:32.119 D/mv2112_update_link( 0): link 0x0
01-01 00:24:32.124 D/mv2112_read_status( 0): autoneg is disabled
01-01 00:24:33.130 D/ ( 0): mv2112_read_status
01-01 00:24:33.133 D/mv2112_update_link( 0): 3.0x901(1G): 0x80
01-01 00:24:33.139 D/mv2112_update_link( 0): 3.0x8109(100M): 0x0
01-01 00:24:33.144 D/mv2112_update_link( 0): link 0x0
01-01 00:24:33.148 D/mv2112_read_status( 0): autoneg is disabled
01-01 00:24:34.154 D/ ( 0): mv2112_read_status
01-01 00:24:34.158 D/mv2112_update_link( 0): 3.0x901(1G): 0x80
01-01 00:24:34.163 D/mv2112_update_link( 0): 3.0x8109(100M): 0x0
01-01 00:24:34.168 D/mv2112_update_link( 0): link 0x0
01-01 00:24:34.172 D/mv2112_read_status( 0): autoneg is disabled
01-01 00:24:35.178 D/ ( 0): mv2112_read_status
01-01 00:24:35.182 D/mv2112_update_link( 0): 3.0x901(1G): 0x80
01-01 00:24:35.187 D/mv2112_update_link( 0): 3.0x8109(100M): 0x0
01-01 00:24:35.192 D/mv2112_update_link( 0): link 0x0
01-01 00:24:35.196 D/mv2112_read_status( 0): autoneg is disabled
01-01 00:24:35.714 I/init ( 0): starting service 'qvrd_vndr'...
01-01 00:24:35.724 I/init ( 0): Created socket '/dev/socket/qvrservice_vndr', mode 660, user 1000, group 1000
01-01 00:24:35.738 I/init ( 0): Created socket '/dev/socket/qvrservice_vndr_camera', mode 660, user 1000, group 1000
01-01 00:24:35.787 I/init ( 0): starting service 'sxrd'...
08-18 17:03:36.044 F/linker ( 7121): CANNOT LINK EXECUTABLE "/vendor/bin/hw/qvrservice": library "vendor.qti.hardware.qxr-V1-ndk_platform.so" not found: needed by /vendor/lib64/libqvrservice.so in namespace (default)
01-01 00:24:35.807 I/init ( 0): starting service 'vendor.light-hal-2-0'...
01-01 00:24:35.825 I/init ( 0): Service 'qvrd_vndr' (pid 7121) exited with status 1
01-01 00:24:35.832 I/init ( 0): Sending signal 9 to service 'qvrd_vndr' (pid 7121) process group...
01-01 00:24:35.840 I/libprocessgroup( 0): Successfully killed process cgroup uid 1000 pid 7121 in 0ms
08-18 17:03:36.096 F/linker ( 7122): CANNOT LINK EXECUTABLE "/vendor/bin/hw/sxrservice": library "vendor.qti.hardware.qxr-V1-ndk_platform.so" not found: needed by main executable
01-01 00:24:35.860 I/init ( 0): Service 'sxrd' (pid 7122) exited with status 1
01-01 00:24:35.866 I/init ( 0): Sending signal 9 to service 'sxrd' (pid 7122) process group...
01-01 00:24:36.202 D/ ( 0): mv2112_read_status
01-01 00:24:36.205 D/mv2112_update_link( 0): 3.0x901(1G): 0x80
01-01 00:24:36.211 D/mv2112_update_link( 0): 3.0x8109(100M): 0x0
01-01 00:24:36.216 D/mv2112_update_link( 0): link 0x0
01-01 00:24:36.220 D/mv2112_read_status( 0): autoneg is disabled
01-01 00:24:37.226 D/ ( 0): mv2112_read_status
01-01 00:24:37.230 D/mv2112_update_link( 0): 3.0x901(1G): 0x80
01-01 00:24:37.235 D/mv2112_update_link( 0): 3.0x8109(100M): 0x0
01-01 00:24:37.240 D/mv2112_update_link( 0): link 0x0
01-01 00:24:37.244 D/mv2112_read_status( 0): autoneg is disabled
01-01 00:24:38.250 D/ ( 0): mv2112_read_status
01-01 00:24:38.254 D/mv2112_update_link( 0): 3.0x901(1G): 0x80
01-01 00:24:38.259 D/mv2112_update_link( 0): 3.0x8109(100M): 0x0
01-01 00:24:38.264 D/mv2112_update_link( 0): link 0x0
01-01 00:24:38.268 D/mv2112_read_status( 0): autoneg is disabled
01-01 00:24:39.274 D/ ( 0): mv2112_read_status
01-01 00:24:39.277 D/mv2112_update_link( 0): 3.0x901(1G): 0x80
01-01 00:24:39.283 D/mv2112_update_link( 0): 3.0x8109(100M): 0x0
01-01 00:24:39.288 D/mv2112_update_link( 0): link 0x0
01-01 00:24:39.292 D/mv2112_read_status( 0): autoneg is disabled
01-01 00:24:40.298 D/ ( 0): mv2112_read_status
01-01 00:24:40.301 D/mv2112_update_link( 0): 3.0x901(1G): 0x80
01-01 00:24:40.307 D/mv2112_update_link( 0): 3.0x8109(100M): 0x0
01-01 00:24:40.312 D/mv2112_update_link( 0): link 0x0
01-01 00:24:40.316 D/mv2112_read_status( 0): autoneg is disabled
01-01 00:24:40.781 I/init ( 0): starting service 'qvrd_vndr'...
01-01 00:24:40.787 I/init ( 0): Created socket '/dev/socket/qvrservice_vndr', mode 660, user 1000, group 1000
01-01 00:24:40.798 I/init ( 0): Created socket '/dev/socket/qvrservice_vndr_camera', mode 660, user 1000, group 1000
01-01 00:24:40.828 I/init ( 0): starting service 'sxrd'...
01-01 00:24:40.846 I/init ( 0): starting service 'vendor.light-hal-2-0'...
08-18 17:03:41.104 F/linker ( 7124): CANNOT LINK EXECUTABLE "/vendor/bin/hw/qvrservice": library "vendor.qti.hardware.qxr-V1-ndk_platform.so" not found: needed by /vendor/lib64/libqvrservice.so in namespace (default)
08-18 17:03:41.117 F/linker ( 7125): CANNOT LINK EXECUTABLE "/vendor/bin/hw/sxrservice": library "vendor.qti.hardware.qxr-V1-ndk_platform.so" not found: needed by main executable
01-01 00:24:40.868 I/init ( 0): Service 'qvrd_vndr' (pid 7124) exited with status 1
01-01 00:24:40.875 I/init ( 0): Sending signal 9 to service 'qvrd_vndr' (pid 7124) process group...
01-01 00:24:40.883 I/libprocessgroup( 0): Successfully killed process cgroup uid 1000 pid 7124 in 0ms
01-01 00:24:40.893 I/init ( 0): Service 'sxrd' (pid 7125) exited with status 1
01-01 00:24:40.900 I/init ( 0): Sending signal 9 to service 'sxrd' (pid 7125) process group...
01-01 00:24:41.322 D/ ( 0): mv2112_read_status
01-01 00:24:41.326 D/mv2112_update_link( 0): 3.0x901(1G): 0x80
01-01 00:24:41.331 D/mv2112_update_link( 0): 3.0x8109(100M): 0x0
01-01 00:24:41.336 D/mv2112_update_link( 0): link 0x0
01-01 00:24:41.340 D/mv2112_read_status( 0): autoneg is disabled
01-01 00:24:42.346 D/ ( 0): mv2112_read_status
01-01 00:24:42.350 D/mv2112_update_link( 0): 3.0x901(1G): 0x80
01-01 00:24:42.355 D/mv2112_update_link( 0): 3.0x8109(100M): 0x0
01-01 00:24:42.360 D/mv2112_update_link( 0): link 0x0
01-01 00:24:42.364 D/mv2112_read_status( 0): autoneg is disabled
01-01 00:24:43.370 D/ ( 0): mv2112_read_status
01-01 00:24:43.373 D/mv2112_update_link( 0): 3.0x901(1G): 0x80
01-01 00:24:43.379 D/mv2112_update_link( 0): 3.0x8109(100M): 0x0
01-01 00:24:43.384 D/mv2112_update_link( 0): link 0x0
01-01 00:24:43.388 D/mv2112_read_status( 0): autoneg is disabled
01-01 00:24:44.394 D/ ( 0): mv2112_read_status
01-01 00:24:44.397 D/mv2112_update_link( 0): 3.0x901(1G): 0x80
01-01 00:24:44.403 D/mv2112_update_link( 0): 3.0x8109(100M): 0x0
01-01 00:24:44.408 D/mv2112_update_link( 0): link 0x0
01-01 00:24:44.412 D/mv2112_read_status( 0): autoneg is disabled
01-01 00:24:45.418 D/ ( 0): mv2112_read_status
01-01 00:24:45.421 D/mv2112_update_link( 0): 3.0x901(1G): 0x80
01-01 00:24:45.427 D/mv2112_update_link( 0): 3.0x8109(100M): 0x0
01-01 00:24:45.432 D/mv2112_update_link( 0): link 0x0
01-01 00:24:45.436 D/mv2112_read_status( 0): autoneg is disabled
01-01 00:24:45.826 I/init ( 0): starting service 'qvrd_vndr'...
01-01 00:24:45.833 I/init ( 0): Created socket '/dev/socket/qvrservice_vndr', mode 660, user 1000, group 1000
01-01 00:24:45.843 I/init ( 0): Created socket '/dev/socket/qvrservice_vndr_camera', mode 660, user 1000, group 1000
01-01 00:24:45.870 I/init ( 0): starting service 'sxrd'...
01-01 00:24:45.891 I/init ( 0): starting service 'vendor.light-hal-2-0'...
08-18 17:03:46.158 F/linker ( 7127): CANNOT LINK EXECUTABLE "/vendor/bin/hw/qvrservice": library "vendor.qti.hardware.qxr-V1-ndk_platform.so" not found: needed by /vendor/lib64/libqvrservice.so in namespace (default)
08-18 17:03:46.158 F/linker ( 7128): CANNOT LINK EXECUTABLE "/vendor/bin/hw/sxrservice": library "vendor.qti.hardware.qxr-V1-ndk_platform.so" not found: needed by main executable
01-01 00:24:45.922 I/init ( 0): Service 'sxrd' (pid 7128) exited with status 1
01-01 00:24:45.928 I/init ( 0): Sending signal 9 to service 'sxrd' (pid 7128) process group...
01-01 00:24:45.936 I/libprocessgroup( 0): Successfully killed process cgroup uid 1000 pid 7128 in 0ms
01-01 00:24:45.945 I/init ( 0): Service 'qvrd_vndr' (pid 7127) exited with status 1
01-01 00:24:45.952 I/init ( 0): Sending signal 9 to service 'qvrd_vndr' (pid 7127) process group...
01-01 00:24:46.442 D/ ( 0): mv2112_read_status
01-01 00:24:46.445 D/mv2112_update_link( 0): 3.0x901(1G): 0x80
01-01 00:24:46.451 D/mv2112_update_link( 0): 3.0x8109(100M): 0x0
01-01 00:24:46.456 D/mv2112_update_link( 0): link 0x0
01-01 00:24:46.460 D/mv2112_read_status( 0): autoneg is disabled
01-01 00:24:47.466 D/ ( 0): mv2112_read_status
01-01 00:24:47.469 D/mv2112_update_link( 0): 3.0x901(1G): 0x80
01-01 00:24:47.474 D/mv2112_update_link( 0): 3.0x8109(100M): 0x0
01-01 00:24:47.480 D/mv2112_update_link( 0): link 0x0
01-01 00:24:47.484 D/mv2112_read_status( 0): autoneg is disabled
01-01 00:24:48.490 D/ ( 0): mv2112_read_status
01-01 00:24:48.493 D/mv2112_update_link( 0): 3.0x901(1G): 0x80
01-01 00:24:48.499 D/mv2112_update_link( 0): 3.0x8109(100M): 0x0
01-01 00:24:48.504 D/mv2112_update_link( 0): link 0x0
01-01 00:24:48.508 D/mv2112_read_status( 0): autoneg is disabled
01-01 00:24:49.514 D/ ( 0): mv2112_read_status
01-01 00:24:49.517 D/mv2112_update_link( 0): 3.0x901(1G): 0x80
01-01 00:24:49.523 D/mv2112_update_link( 0): 3.0x8109(100M): 0x0
01-01 00:24:49.528 D/mv2112_update_link( 0): link 0x0
01-01 00:24:49.532 D/mv2112_read_status( 0): autoneg is disabled
01-01 00:24:50.538 D/ ( 0): mv2112_read_status
01-01 00:24:50.541 D/mv2112_update_link( 0): 3.0x901(1G): 0x80
01-01 00:24:50.546 D/mv2112_update_link( 0): 3.0x8109(100M): 0x0
01-01 00:24:50.551 D/mv2112_update_link( 0): link 0x0
01-01 00:24:50.556 D/mv2112_read_status( 0): autoneg is disabled
01-01 00:24:50.869 I/init ( 0): starting service 'qvrd_vndr'...
01-01 00:24:50.877 I/init ( 0): Created socket '/dev/socket/qvrservice_vndr', mode 660, user 1000, group 1000
01-01 00:24:50.887 I/init ( 0): Created socket '/dev/socket/qvrservice_vndr_camera', mode 660, user 1000, group 1000
01-01 00:24:50.911 I/init ( 0): starting service 'sxrd'...
01-01 00:24:50.926 I/init ( 0): starting service 'vendor.light-hal-2-0'...
08-18 17:03:51.180 F/linker ( 7144): CANNOT LINK EXECUTABLE "/vendor/bin/hw/qvrservice": library "vendor.qti.hardware.qxr-V1-ndk_platform.so" not found: needed by /vendor/lib64/libqvrservice.so in namespace (default)
01-01 00:24:50.944 I/init ( 0): Service 'qvrd_vndr' (pid 7144) exited with status 1
01-01 00:24:50.951 I/init ( 0): Sending signal 9 to service 'qvrd_vndr' (pid 7144) process group...
01-01 00:24:50.959 I/libprocessgroup( 0): Successfully killed process cgroup uid 1000 pid 7144 in 0ms
08-18 17:03:51.196 F/linker ( 7145): CANNOT LINK EXECUTABLE "/vendor/bin/hw/sxrservice": library "vendor.qti.hardware.qxr-V1-ndk_platform.so" not found: needed by main executable
01-01 00:24:50.969 I/init ( 0): Service 'sxrd' (pid 7145) exited with status 1
01-01 00:24:50.975 I/init ( 0): Sending signal 9 to service 'sxrd' (pid 7145) process group...
01-01 00:24:51.562 D/ ( 0): mv2112_read_status
01-01 00:24:51.565 D/mv2112_update_link( 0): 3.0x901(1G): 0x80
01-01 00:24:51.571 D/mv2112_update_link( 0): 3.0x8109(100M): 0x0
01-01 00:24:51.576 D/mv2112_update_link( 0): link 0x0
01-01 00:24:51.580 D/mv2112_read_status( 0): autoneg is disabled
01-01 00:24:52.586 D/ ( 0): mv2112_read_status
01-01 00:24:52.590 D/mv2112_update_link( 0): 3.0x901(1G): 0x80
01-01 00:24:52.595 D/mv2112_update_link( 0): 3.0x8109(100M): 0x0
01-01 00:24:52.600 D/mv2112_update_link( 0): link 0x0
01-01 00:24:52.604 D/mv2112_read_status( 0): autoneg is disabled
01-01 00:24:53.610 D/ ( 0): mv2112_read_status
01-01 00:24:53.614 D/mv2112_update_link( 0): 3.0x901(1G): 0x80
01-01 00:24:53.619 D/mv2112_update_link( 0): 3.0x8109(100M): 0x0
01-01 00:24:53.624 D/mv2112_update_link( 0): link 0x0
01-01 00:24:53.628 D/mv2112_read_status( 0): autoneg is disabled
01-01 00:24:54.634 D/ ( 0): mv2112_read_status
01-01 00:24:54.638 D/mv2112_update_link( 0): 3.0x901(1G): 0x80
01-01 00:24:54.643 D/mv2112_update_link( 0): 3.0x8109(100M): 0x0
01-01 00:24:54.648 D/mv2112_update_link( 0): link 0x0
01-01 00:24:54.652 D/mv2112_read_status( 0): autoneg is disabled
01-01 00:24:55.658 D/ ( 0): mv2112_read_status
01-01 00:24:55.662 D/mv2112_update_link( 0): 3.0x901(1G): 0x80
01-01 00:24:55.667 D/mv2112_update_link( 0): 3.0x8109(100M): 0x0
01-01 00:24:55.672 D/mv2112_update_link( 0): link 0x0
01-01 00:24:55.676 D/mv2112_read_status( 0): autoneg is disabled
01-01 00:24:55.911 I/init ( 0): starting service 'qvrd_vndr'...
01-01 00:24:55.917 I/init ( 0): Created socket '/dev/socket/qvrservice_vndr', mode 660, user 1000, group 1000
01-01 00:24:55.927 I/init ( 0): Created socket '/dev/socket/qvrservice_vndr_camera', mode 660, user 1000, group 1000
01-01 00:24:55.953 I/init ( 0): starting service 'sxrd'...
01-01 00:24:55.973 I/init ( 0): starting service 'vendor.light-hal-2-0'...
08-18 17:03:56.239 F/linker ( 7151): CANNOT LINK EXECUTABLE "/vendor/bin/hw/sxrservice": library "vendor.qti.hardware.qxr-V1-ndk_platform.so" not found: needed by main executable
08-18 17:03:56.241 F/linker ( 7150): CANNOT LINK EXECUTABLE "/vendor/bin/hw/qvrservice": library "vendor.qti.hardware.qxr-V1-ndk_platform.so" not found: needed by /vendor/lib64/libqvrservice.so in namespace (default)
01-01 00:24:56.004 I/init ( 0): Service 'sxrd' (pid 7151) exited with status 1
01-01 00:24:56.010 I/init ( 0): Sending signal 9 to service 'sxrd' (pid 7151) process group...
01-01 00:24:56.018 I/libprocessgroup( 0): Successfully killed process cgroup uid 1000 pid 7151 in 0ms
01-01 00:24:56.028 I/init ( 0): Service 'qvrd_vndr' (pid 7150) exited with status 1
01-01 00:24:56.035 I/init ( 0): Sending signal 9 to service 'qvrd_vndr' (pid 7150) process group...
01-01 00:24:56.682 D/ ( 0): mv2112_read_status
01-01 00:24:56.686 D/mv2112_update_link( 0): 3.0x901(1G): 0x80
01-01 00:24:56.691 D/mv2112_update_link( 0): 3.0x8109(100M): 0x0
01-01 00:24:56.696 D/mv2112_update_link( 0): link 0x0
01-01 00:24:56.700 D/mv2112_read_status( 0): autoneg is disabled
01-01 00:24:57.706 D/ ( 0): mv2112_read_status
01-01 00:24:57.709 D/mv2112_update_link( 0): 3.0x901(1G): 0x80
01-01 00:24:57.715 D/mv2112_update_link( 0): 3.0x8109(100M): 0x0
01-01 00:24:57.720 D/mv2112_update_link( 0): link 0x0
01-01 00:24:57.724 D/mv2112_read_status( 0): autoneg is disabled
01-01 00:24:58.730 D/ ( 0): mv2112_read_status
01-01 00:24:58.733 D/mv2112_update_link( 0): 3.0x901(1G): 0x80
01-01 00:24:58.738 D/mv2112_update_link( 0): 3.0x8109(100M): 0x0
01-01 00:24:58.744 D/mv2112_update_link( 0): link 0x0
01-01 00:24:58.748 D/mv2112_read_status( 0): autoneg is disabled
01-01 00:24:59.754 D/ ( 0): mv2112_read_status
01-01 00:24:59.757 D/mv2112_update_link( 0): 3.0x901(1G): 0x80
01-01 00:24:59.763 D/mv2112_update_link( 0): 3.0x8109(100M): 0x0
01-01 00:24:59.768 D/mv2112_update_link( 0): link 0x0
01-01 00:24:59.772 D/mv2112_read_status( 0): autoneg is disabled
01-01 00:25:00.778 D/ ( 0): mv2112_read_status
01-01 00:25:00.781 D/mv2112_update_link( 0): 3.0x901(1G): 0x80
01-01 00:25:00.787 D/mv2112_update_link( 0): 3.0x8109(100M): 0x0
01-01 00:25:00.792 D/mv2112_update_link( 0): link 0x0
01-01 00:25:00.796 D/mv2112_read_status( 0): autoneg is disabled
01-01 00:25:00.952 I/init ( 0): starting service 'qvrd_vndr'...
01-01 00:25:00.961 I/init ( 0): Created socket '/dev/socket/qvrservice_vndr', mode 660, user 1000, group 1000
01-01 00:25:00.973 I/init ( 0): Created socket '/dev/socket/qvrservice_vndr_camera', mode 660, user 1000, group 1000
01-01 00:25:01.019 I/init ( 0): starting service 'sxrd'...
08-18 17:04:01.281 F/linker ( 7153): CANNOT LINK EXECUTABLE "/vendor/bin/hw/qvrservice": library "vendor.qti.hardware.qxr-V1-ndk_platform.so" not found: needed by /vendor/lib64/libqvrservice.so in namespace (default)
01-01 00:25:01.043 I/init ( 0): starting service 'vendor.light-hal-2-0'...
01-01 00:25:01.058 I/init ( 0): Service 'qvrd_vndr' (pid 7153) exited with status 1
01-01 00:25:01.065 I/init ( 0): Sending signal 9 to service 'qvrd_vndr' (pid 7153) process group...
01-01 00:25:01.073 I/libprocessgroup( 0): Successfully killed process cgroup uid 1000 pid 7153 in 0ms
08-18 17:04:01.317 F/linker ( 7154): CANNOT LINK EXECUTABLE "/vendor/bin/hw/sxrservice": library "vendor.qti.hardware.qxr-V1-ndk_platform.so" not found: needed by main executable
01-01 00:25:01.085 I/init ( 0): Service 'sxrd' (pid 7154) exited with status 1
01-01 00:25:01.091 I/init ( 0): Sending signal 9 to service 'sxrd' (pid 7154) process group...
01-01 00:25:01.802 D/ ( 0): mv2112_read_status
01-01 00:25:01.805 D/mv2112_update_link( 0): 3.0x901(1G): 0x80
01-01 00:25:01.811 D/mv2112_update_link( 0): 3.0x8109(100M): 0x0
01-01 00:25:01.816 D/mv2112_update_link( 0): link 0x0
01-01 00:25:01.820 D/mv2112_read_status( 0): autoneg is disabled
01-01 00:25:02.826 D/ ( 0): mv2112_read_status
01-01 00:25:02.829 D/mv2112_update_link( 0): 3.0x901(1G): 0x80
01-01 00:25:02.834 D/mv2112_update_link( 0): 3.0x8109(100M): 0x0
01-01 00:25:02.840 D/mv2112_update_link( 0): link 0x0
01-01 00:25:02.844 D/mv2112_read_status( 0): autoneg is disabled
01-01 00:25:03.850 D/ ( 0): mv2112_read_status
01-01 00:25:03.854 D/mv2112_update_link( 0): 3.0x901(1G): 0x80
01-01 00:25:03.859 D/mv2112_update_link( 0): 3.0x8109(100M): 0x0
01-01 00:25:03.864 D/mv2112_update_link( 0): link 0x0
01-01 00:25:03.868 D/mv2112_read_status( 0): autoneg is disabled
01-01 00:25:04.874 D/ ( 0): mv2112_read_status
01-01 00:25:04.878 D/mv2112_update_link( 0): 3.0x901(1G): 0x80
01-01 00:25:04.883 D/mv2112_update_link( 0): 3.0x8109(100M): 0x0
01-01 00:25:04.888 D/mv2112_update_link( 0): link 0x0
01-01 00:25:04.892 D/mv2112_read_status( 0): autoneg is disabled
01-01 00:25:05.897 D/ ( 0): mv2112_read_status
01-01 00:25:05.901 D/mv2112_update_link( 0): 3.0x901(1G): 0x80
01-01 00:25:05.906 D/mv2112_update_link( 0): 3.0x8109(100M): 0x0
01-01 00:25:05.911 D/mv2112_update_link( 0): link 0x0
01-01 00:25:05.915 D/mv2112_read_status( 0): autoneg is disabled
01-01 00:25:06.014 I/init ( 0): starting service 'qvrd_vndr'...
01-01 00:25:06.020 I/init ( 0): Created socket '/dev/socket/qvrservice_vndr', mode 660, user 1000, group 1000
01-01 00:25:06.030 I/init ( 0): Created socket '/dev/socket/qvrservice_vndr_camera', mode 660, user 1000, group 1000
01-01 00:25:06.055 I/init ( 0): starting service 'sxrd'...
01-01 00:25:06.075 I/init ( 0): starting service 'vendor.light-hal-2-0'...
08-18 17:04:06.338 F/linker ( 7157): CANNOT LINK EXECUTABLE "/vendor/bin/hw/sxrservice": library "vendor.qti.hardware.qxr-V1-ndk_platform.so" not found: needed by main executable
08-18 17:04:06.341 F/linker ( 7156): CANNOT LINK EXECUTABLE "/vendor/bin/hw/qvrservice": library "vendor.qti.hardware.qxr-V1-ndk_platform.so" not found: needed by /vendor/lib64/libqvrservice.so in namespace (default)
01-01 00:25:06.102 I/init ( 0): Service 'sxrd' (pid 7157) exited with status 1
01-01 00:25:06.108 I/init ( 0): Sending signal 9 to service 'sxrd' (pid 7157) process group...
01-01 00:25:06.116 I/libprocessgroup( 0): Successfully killed process cgroup uid 1000 pid 7157 in 0ms
01-01 00:25:06.127 I/init ( 0): Service 'qvrd_vndr' (pid 7156) exited with status 1
01-01 00:25:06.133 I/init ( 0): Sending signal 9 to service 'qvrd_vndr' (pid 7156) process group...
01-01 00:25:06.922 D/ ( 0): mv2112_read_status
01-01 00:25:06.926 D/mv2112_update_link( 0): 3.0x901(1G): 0x80
01-01 00:25:06.931 D/mv2112_update_link( 0): 3.0x8109(100M): 0x0
01-01 00:25:06.936 D/mv2112_update_link( 0): link 0x0
01-01 00:25:06.940 D/mv2112_read_status( 0): autoneg is disabled
01-01 00:25:07.946 D/ ( 0): mv2112_read_status
01-01 00:25:07.949 D/mv2112_update_link( 0): 3.0x901(1G): 0x80
01-01 00:25:07.955 D/mv2112_update_link( 0): 3.0x8109(100M): 0x0
01-01 00:25:07.960 D/mv2112_update_link( 0): link 0x0
01-01 00:25:07.964 D/mv2112_read_status( 0): autoneg is disabled
08-18 17:04:09.213 D/CompatibilityChangeReporter( 1152): Compat change id reported: 175319604; UID 1000; state: ENABLED
08-18 17:04:09.213 D/CompatibilityChangeReporter( 1152): Compat change id reported: 175319604; UID 1000; state: DISABLED
01-01 00:25:08.969 D/ ( 0): mv2112_read_status
01-01 00:25:08.973 D/mv2112_update_link( 0): 3.0x901(1G): 0x80
01-01 00:25:08.978 D/mv2112_update_link( 0): 3.0x8109(100M): 0x0
01-01 00:25:08.983 D/mv2112_update_link( 0): link 0x0
01-01 00:25:08.988 D/mv2112_read_status( 0): autoneg is disabled
08-18 17:04:09.426 W/NotificationHistory( 1152): Attempted to add notif for locked/gone/disabled user 0
01-01 00:25:09.994 D/ ( 0): mv2112_read_status
01-01 00:25:09.998 D/mv2112_update_link( 0): 3.0x901(1G): 0x80
01-01 00:25:10.003 D/mv2112_update_link( 0): 3.0x8109(100M): 0x0
01-01 00:25:10.008 D/mv2112_update_link( 0): link 0x0
01-01 00:25:10.012 D/mv2112_read_status( 0): autoneg is disabled
01-01 00:25:11.018 D/ ( 0): mv2112_read_status
01-01 00:25:11.021 D/mv2112_update_link( 0): 3.0x901(1G): 0x80
01-01 00:25:11.027 D/mv2112_update_link( 0): 3.0x8109(100M): 0x0
01-01 00:25:11.032 D/mv2112_update_link( 0): link 0x0
01-01 00:25:11.036 D/mv2112_read_status( 0): autoneg is disabled
01-01 00:25:11.057 I/init ( 0): starting service 'qvrd_vndr'...
01-01 00:25:11.071 I/init ( 0): Created socket '/dev/socket/qvrservice_vndr', mode 660, user 1000, group 1000
01-01 00:25:11.083 I/init ( 0): Created socket '/dev/socket/qvrservice_vndr_camera', mode 660, user 1000, group 1000
01-01 00:25:11.129 I/init ( 0): starting service 'sxrd'...
08-18 17:04:11.384 F/linker ( 7159): CANNOT LINK EXECUTABLE "/vendor/bin/hw/qvrservice": library "vendor.qti.hardware.qxr-V1-ndk_platform.so" not found: needed by /vendor/lib64/libqvrservice.so in namespace (default)
01-01 00:25:11.145 I/init ( 0): starting service 'vendor.light-hal-2-0'...
01-01 00:25:11.161 I/init ( 0): Service 'qvrd_vndr' (pid 7159) exited with status 1
01-01 00:25:11.167 I/init ( 0): Sending signal 9 to service 'qvrd_vndr' (pid 7159) process group...
01-01 00:25:11.176 I/libprocessgroup( 0): Successfully killed process cgroup uid 1000 pid 7159 in 0ms
08-18 17:04:11.415 F/linker ( 7160): CANNOT LINK EXECUTABLE "/vendor/bin/hw/sxrservice": library "vendor.qti.hardware.qxr-V1-ndk_platform.so" not found: needed by main executable
01-01 00:25:11.185 I/init ( 0): Service 'sxrd' (pid 7160) exited with status 1
01-01 00:25:11.192 I/init ( 0): Sending signal 9 to service 'sxrd' (pid 7160) process group...
01-01 00:25:12.042 D/ ( 0): mv2112_read_status
01-01 00:25:12.046 D/mv2112_update_link( 0): 3.0x901(1G): 0x80
01-01 00:25:12.051 D/mv2112_update_link( 0): 3.0x8109(100M): 0x0
01-01 00:25:12.056 D/mv2112_update_link( 0): link 0x0
01-01 00:25:12.060 D/mv2112_read_status( 0): autoneg is disabled
01-01 00:25:13.066 D/ ( 0): mv2112_read_status
01-01 00:25:13.070 D/mv2112_update_link( 0): 3.0x901(1G): 0x80
01-01 00:25:13.075 D/mv2112_update_link( 0): 3.0x8109(100M): 0x0
01-01 00:25:13.080 D/mv2112_update_link( 0): link 0x0
01-01 00:25:13.084 D/mv2112_read_status( 0): autoneg is disabled
01-01 00:25:14.090 D/ ( 0): mv2112_read_status
01-01 00:25:14.093 D/mv2112_update_link( 0): 3.0x901(1G): 0x80
01-01 00:25:14.099 D/mv2112_update_link( 0): 3.0x8109(100M): 0x0
01-01 00:25:14.104 D/mv2112_update_link( 0): link 0x0
01-01 00:25:14.108 D/mv2112_read_status( 0): autoneg is disabled
01-01 00:25:15.114 D/ ( 0): mv2112_read_status
01-01 00:25:15.118 D/mv2112_update_link( 0): 3.0x901(1G): 0x80
01-01 00:25:15.123 D/mv2112_update_link( 0): 3.0x8109(100M): 0x0
01-01 00:25:15.128 D/mv2112_update_link( 0): link 0x0
01-01 00:25:15.132 D/mv2112_read_status( 0): autoneg is disabled
01-01 00:25:16.125 I/init ( 0): starting service 'qvrd_vndr'...
01-01 00:25:16.131 I/init ( 0): Created socket '/dev/socket/qvrservice_vndr', mode 660, user 1000, group 1000
01-01 00:25:16.140 D/ ( 0): mv2112_read_status
01-01 00:25:16.143 D/mv2112_update_link( 0): 3.0x901(1G): 0x80
01-01 00:25:16.149 I/init ( 0): Created socket '/dev/socket/qvrservice_vndr_camera', mode 660, user 1000, group 1000
01-01 00:25:16.159 D/mv2112_update_link( 0): 3.0x8109(100M): 0x0
01-01 00:25:16.164 D/mv2112_update_link( 0): link 0x0
01-01 00:25:16.177 D/mv2112_read_status( 0): autoneg is disabled
01-01 00:25:16.188 I/init ( 0): starting service 'sxrd'...
01-01 00:25:16.204 I/init ( 0): starting service 'vendor.light-hal-2-0'...
