01-01 00:15:33.490 I/ueventd ( 0): loading /devices/platform/soc/soc:qcom,kgsl-hyp/firmware/a650_zap.mdt took 6ms
01-01 00:15:33.492 E/ueventd ( 0): firmware: attempted /vendor/firmware_mnt/image/qca6390/regdb.bin, open failed: No such file or directory
01-01 00:15:33.492 I/ueventd ( 0): loading /devices/platform/soc/b0000000.qcom,cnss-qca6390/firmware/qca6390!regdb.bin took 69ms
01-01 00:15:33.493 I/subsys-pil-tz soc( 0): qcom,kgsl-hyp: a650_zap: loading from 0x00000000fcf00000 to 0x00000000fcf01000
01-01 00:15:33.493 E/cnss ( 0): Failed to load BDF: qca6390/regdb.bin
01-01 00:15:33.493 D/cnss ( 0): Sending BDF download message, state: 0xb, type: 1
01-01 00:15:33.493 D/cnss ( 0): FW name added with prefix: qca6390/bdwlan.elf
01-01 00:15:33.493 W/cnss2 b0000000.qcom,cnss-qca6390( 0): Falling back to syfs fallback for: qca6390/bdwlan.elf
01-01 00:15:33.501 E/swr-wcd rx_swr_ctrl( 0): swrm_get_logical_dev_num: device 0xd01170224 is not ready
01-01 00:15:33.505 D/cnss ( 0): Downloading BDF: qca6390/bdwlan.elf, size: 57908
01-01 00:15:33.526 E/swr_get_logical_dev_num( 0): Error -22 to get logical addr for device d01170224
01-01 00:15:33.527 W/QSEECOM ( 0): qseecom_load_app: App with id 6 (fingerpr) now loaded
01-01 00:15:33.530 W/subsys-pil-tz soc( 0): qcom,kgsl-hyp: Falling back to syfs fallback for: a650_zap.b02
01-01 00:15:33.535 E/swr-wcd rx_swr_ctrl( 0): swrm_get_logical_dev_num: device 0xd01170224 is not ready
01-01 00:15:33.541 I/subsys-pil-tz soc( 0): qcom,kgsl-hyp: a650_zap: Brought out of reset
01-01 00:15:33.544 E/swr_get_logical_dev_num( 0): Error -22 to get logical addr for device d01170224
01-01 00:15:33.547 D/cnss ( 0): FW name added with prefix: qca6390/m3.bin
01-01 00:15:33.553 E/swr-wcd rx_swr_ctrl( 0): swrm_get_logical_dev_num: device 0xd01170224 is not ready
01-01 00:15:33.553 W/cnss_pci 0000( 0): 01:00.0: Falling back to syfs fallback for: qca6390/m3.bin
01-01 00:15:33.561 E/swr_get_logical_dev_num( 0): Error -22 to get logical addr for device d01170224
01-01 00:15:33.562 E/swr-wcd rx_swr_ctrl( 0): swrm_get_logical_dev_num: device 0xd01170224 is not ready
01-01 00:15:33.589 D/cnss ( 0): Sending M3 information message, state: 0xb
01-01 00:15:33.589 D/cnss ( 0): M3 memory, va: 0xffffff8021f7d000, pa: 0x00000000a1800000, size: 0x411bc
01-01 00:15:33.590 W/ ( 0): ------------[ cut here ]------------
01-01 00:15:33.590 W/ ( 0): Unbalanced enable for IRQ 454
01-01 00:15:33.590 W/ ( 0): WARNING: CPU: 3 PID: 38 at kernel/irq/manage.c:621 enable_irq+0x98/0xf0
01-01 00:15:33.590 I/ ( 0): Modules linked in: wlan(O+) machine_dlkm(O) wcd938x_slave_dlkm(O) wcd938x_dlkm(O) wcd9xxx_dlkm(O) mbhc_dlkm(O) tx_macro_dlkm(O) rx_macro_dlkm(O) va_macro_dlkm(O) wsa_macro_dlkm(O) swr_ctrl_dlkm(O) bolero_cdc_dlkm(O) wsa881x_dlkm(O) wcd_core_dlkm(O) stub_dlkm(O) hdmi_dlkm(O) swr_dlkm(O) pinctrl_lpi_dlkm(O) pinctrl_wcd_dlkm(O) usf_dlkm(O) native_dlkm(O) platform_dlkm(O) q6_dlkm(O) adsp_loader_dlkm(O) apr_dlkm(O) snd_event_dlkm(O) q6_notifier_dlkm(O) q6_pdr_dlkm(O) msm_11ad_proxy
01-01 00:15:33.590 I/ ( 0): CPU: 3 PID: 38 Comm: kworker/3:0 Tainted: G S W O 4.19.157+ #1
01-01 00:15:33.590 I/Hardware name( 0): Qualcomm Technologies, Inc. kona MTP-RmPM8150b (DT)
01-01 00:15:33.590 I/Workqueue( 0): pm pm_runtime_work
01-01 00:15:33.590 I/pstate ( 0): 60c00085 (nZCv daIf +PAN +UAO)
01-01 00:15:33.590 I/pc ( 0): enable_irq+0x98/0xf0
01-01 00:15:33.590 I/lr ( 0): enable_irq+0x98/0xf0
01-01 00:15:33.590 I/sp ( 0): ffffff8008303af0
01-01 00:15:33.590 I/ ( 0): x29: ffffff8008303b00 x28: 0000000000000002
01-01 00:15:33.590 I/ ( 0): x27: 0000000000000000 x26: fffffff14cbdfbfd
01-01 00:15:33.590 I/ ( 0): x25: 0000000000000000 x24: ffffffa82ef6d8e8
01-01 00:15:33.590 I/ ( 0): x23: fffffff14cbddf59 x22: fffffff14cbdf9c8
01-01 00:15:33.590 I/ ( 0): x21: fffffff17d42e490 x20: 00000000000001c6
01-01 00:15:33.590 I/ ( 0): x19: fffffff147ebe080 x18: 0000000000000030
01-01 00:15:33.590 I/ ( 0): x17: ffffffa8322f4000 x16: 00000000fffa0a20
01-01 00:15:33.590 I/ ( 0): x15: 00000000000a0a20 x14: 0000000000000086
01-01 00:15:33.590 I/ ( 0): x13: 0000000000000000 x12: 00000000000000e0
01-01 00:15:33.590 I/ ( 0): x11: 0000000000000000 x10: 0000000000000001
01-01 00:15:33.590 I/ ( 0): x9 : 539d91a5fce24f00 x8 : 539d91a5fce24f00
01-01 00:15:33.590 I/ ( 0): x7 : ffffffa82e782700 x6 : 0000000000000000
01-01 00:15:33.590 I/ ( 0): x5 : 0000000000000080 x4 : 0000000000000001
01-01 00:15:33.590 I/ ( 0): x3 : 0000000000000000 x2 : 0000000000000007
01-01 00:15:33.590 I/ ( 0): x1 : 0000000000000007 x0 : 000000000000001d
01-01 00:15:33.590 I/Call trace( 0):
01-01 00:15:33.590 I/ ( 0): enable_irq+0x98/0xf0
01-01 00:15:33.590 I/ ( 0): swrm_runtime_suspend+0x480/0x608 [swr_ctrl_dlkm]
01-01 00:15:33.590 I/ ( 0): pm_generic_runtime_suspend+0x34/0x48
01-01 00:15:33.590 I/ ( 0): __rpm_callback+0x128/0x234
01-01 00:15:33.590 I/ ( 0): rpm_suspend+0x468/0x820
01-01 00:15:33.590 I/ ( 0): rpm_idle+0x5bc/0x600
01-01 00:15:33.590 I/ ( 0): pm_runtime_work+0x7c/0xa8
01-01 00:15:33.590 I/ ( 0): process_one_work+0x38c/0x660
01-01 00:15:33.590 I/ ( 0): worker_thread+0x268/0x4b8
01-01 00:15:33.590 I/ ( 0): kthread+0x140/0x150
01-01 00:15:33.590 I/ ( 0): ret_from_fork+0x10/0x1c
01-01 00:15:33.590 I/ ( 0): irq event stamp: 200046
01-01 00:15:33.590 I/ ( 0): hardirqs last enabled at (200045): [] _raw_spin_unlock_irqrestore+0x44/0x88
01-01 00:15:33.590 I/ ( 0): hardirqs last disabled at (200046): [] _raw_spin_lock_irqsave+0x28/0x98
01-01 00:15:33.590 I/ ( 0): softirqs last enabled at (199352): [] __do_softirq+0x50c/0x554
01-01 00:15:33.590 I/ ( 0): softirqs last disabled at (199331): [] irq_exit+0xfc/0x120
01-01 00:15:33.590 W/ ( 0): ---[ end trace 945b55d9ed832eb6 ]---
01-01 00:15:33.590 E/swr_get_logical_dev_num( 0): Error -22 to get logical addr for device d01170224
01-01 00:15:33.591 I/binder ( 0): 1136:1147 ioctl 40046210 71571cc144 returned -22
01-01 00:15:33.599 D/cnss ( 0): Received QMI WLFW FW initialization done indication
01-01 00:15:33.599 D/cnss ( 0): Posting event: FW_READY(4), state: 0xb flags: 0x0
01-01 00:15:33.599 D/cnss ( 0): Processing driver event: FW_READY(4), state: 0xb
01-01 00:15:33.599 D/cnss ( 0): PCIE Gen speed not setup
01-01 00:15:33.599 E/wcd938x_codec wcd938x-codec( 0): wcd938x_bind: Slave bind failed, ret = -517
01-01 00:15:33.599 D/cnss ( 0): Sending antenna switch sync request, state: 0xf
01-01 00:15:33.613 E/cnss ( 0): Antenna switch request failed, result: 1, err: 94
01-01 00:15:33.614 I/qcom_rpmh DRV( 0): apps_rsc TCS Busy, retrying RPMH message send: addr=0x30080
01-01 00:15:33.620 D/cnss ( 0): Sending mode message, mode: CALIBRATION(7), state: 0xf
01-01 00:15:32.776 D/BootAnimation( 1136): BootAnimationShownTiming start time: 52006ms
01-01 00:15:33.650 W/QSEECOM ( 0): __qseecom_reentrancy_process_incomplete_cmd: send lsr 11 rsp, but app 5 block on lsr 10
01-01 00:15:33.650 W/QSEECOM ( 0): __qseecom_process_reentrancy_blocked_on_listener: Lsntr 10 in_use 1, block session(1) app(5)
01-01 00:15:33.658 W/QSEECOM ( 0): __qseecom_process_reentrancy_blocked_on_listener: Lsntr 10 is available, unblock session(1) app(5)
01-01 00:15:32.834 W/HidlServiceManagement( 1294): Waited one second for android.hardware.health@2.0::IHealth/default
01-01 00:15:33.694 W/QSEECOM ( 0): __qseecom_unload_app: App (6) is unloaded
01-01 00:15:33.696 D/qbt ( 0): qbt_release: entry minor_no=0 fd_available=0
01-01 00:15:33.696 D/qbt ( 0): qbt_release: Releasing wakelock
01-01 00:15:33.696 D/qbt ( 0): qbt_release: exit : fd_available=1
01-01 00:15:33.696 D/qbt ( 0): qbt_release: entry minor_no=1 fd_available=1
01-01 00:15:33.696 D/qbt ( 0): qbt_release: exit : fd_available=1
01-01 00:15:32.878 V/PackageManager( 1152): reconcileAppsData finished 42 packages
01-01 00:15:32.879 I/PackageManagerTiming( 1152): write settings
01-01 00:15:32.879 I/SystemServerTimingAsync( 1152): InitThreadPoolExec:prepareAppData
01-01 00:15:32.880 D/SystemServerInitThreadPool( 1152): Started executing prepareAppData
01-01 00:15:33.786 D/cnss ( 0): Received QMI WLFW pin connect result indication
01-01 00:15:33.786 D/cnss ( 0): Pin connect Result: pwr_pin: 0x1 phy_io_pin: 0x0 rf_io_pin: 0x0
01-01 00:15:33.791 D/cnss ( 0): Removing vote for Regulator vdd-wlan-rfa2
01-01 00:15:33.792 D/cnss ( 0): Removing vote for Regulator vdd-wlan-rfa1
01-01 00:15:33.792 D/cnss ( 0): Removing vote for Regulator vdd-wlan-dig
01-01 00:15:33.792 D/cnss ( 0): Removing vote for Regulator vdd-wlan-aon
01-01 00:15:33.792 D/cnss ( 0): Removing vote for Regulator vdd-wlan-io
01-01 00:15:33.792 D/cnss ( 0): PM relax, state: 0xf, count: 0
01-01 00:15:33.792 D/cnss ( 0): PM stay awake, state: 0xf, count: 1
01-01 00:15:33.792 D/cnss ( 0): PM relax, state: 0xf, count: 0
01-01 00:15:32.961 D/PackageManagerTiming( 1152): write settings took to complete: 82ms
01-01 00:15:32.962 W/PackageManager( 1152): Intent filter verifier not found
01-01 00:15:32.962 W/PackageManager( 1152): Domain verification agent not found
01-01 00:15:32.973 D/PackageManager( 1152): Ephemeral resolver NOT found; no matching intent filters
01-01 00:15:32.974 D/PackageManager( 1152): Instant App installer not found with android.intent.action.INSTALL_INSTANT_APP_PACKAGE
01-01 00:15:32.974 D/PackageManager( 1152): Clear ephemeral installer activity
01-01 00:15:32.978 I/PackageManagerTiming( 1152): GC
01-01 00:15:32.978 D/PackageManagerTiming( 1152): GC took to complete: 0ms
01-01 00:15:32.979 I/PackageManager( 1152): Fix for b/169414761 is applied
01-01 00:15:32.979 D/PackageManagerTiming( 1152): create package manager took to complete: 2320ms
01-01 00:15:33.053 V/UserManagerService( 1152): Checking that all system packages are whitelisted.
01-01 00:15:33.058 W/UserManagerService( 1152): checkWhitelistedSystemPackages(mode=ENFORCE|IMPLICIT_WHITELIST|IMPLICIT_WHITELIST_SYSTEM) has 59 warnings:
01-01 00:15:33.059 W/UserManagerService( 1152): com.android.internal.display.cutout.emulation.corner is allowlisted but not present.
01-01 00:15:33.059 W/UserManagerService( 1152): com.android.internal.display.cutout.emulation.double is allowlisted but not present.
01-01 00:15:33.059 W/UserManagerService( 1152): com.android.theme.color.amethyst is allowlisted but not present.
01-01 00:15:33.059 W/UserManagerService( 1152): com.android.theme.icon.pebble is allowlisted but not present.
01-01 00:15:33.059 W/UserManagerService( 1152): com.android.theme.color.sand is allowlisted but not present.
01-01 00:15:33.060 W/UserManagerService( 1152): com.android.theme.icon.vessel is allowlisted but not present.
01-01 00:15:33.060 W/UserManagerService( 1152): com.android.theme.color.cinnamon is allowlisted but not present.
01-01 00:15:33.060 W/UserManagerService( 1152): com.android.theme.icon_pack.victor.settings is allowlisted but not present.
01-01 00:15:33.061 W/UserManagerService( 1152): com.android.theme.icon_pack.rounded.systemui is allowlisted but not present.
01-01 00:15:33.061 W/UserManagerService( 1152): com.android.theme.icon.taperedrect is allowlisted but not present.
01-01 00:15:33.061 W/UserManagerService( 1152): com.android.theme.icon_pack.rounded.android is allowlisted but not present.
01-01 00:15:33.061 W/UserManagerService( 1152): com.qualcomm.qti.euiccresource is allowlisted but not present.
01-01 00:15:33.061 W/UserManagerService( 1152): com.android.theme.icon_pack.victor.systemui is allowlisted but not present.
01-01 00:15:33.061 W/UserManagerService( 1152): com.android.theme.icon_pack.circular.themepicker is allowlisted but not present.
01-01 00:15:33.061 W/UserManagerService( 1152): com.android.theme.color.tangerine is allowlisted but not present.
01-01 00:15:33.061 W/UserManagerService( 1152): com.android.theme.color.aquamarine is allowlisted but not present.
01-01 00:15:33.061 W/UserManagerService( 1152): com.android.internal.display.cutout.emulation.hole is allowlisted but not present.
01-01 00:15:33.061 W/UserManagerService( 1152): com.android.internal.display.cutout.emulation.tall is allowlisted but not present.
01-01 00:15:33.061 W/UserManagerService( 1152): com.android.theme.color.black is allowlisted but not present.
01-01 00:15:33.062 W/UserManagerService( 1152): com.android.theme.color.green is allowlisted but not present.
01-01 00:15:33.062 W/UserManagerService( 1152): com.android.theme.color.ocean is allowlisted but not present.
01-01 00:15:33.062 W/UserManagerService( 1152): com.android.theme.color.space is allowlisted but not present.
01-01 00:15:33.062 W/UserManagerService( 1152): com.android.theme.icon_pack.rounded.launcher is allowlisted but not present.
01-01 00:15:33.062 W/UserManagerService( 1152): com.android.theme.icon_pack.kai.settings is allowlisted but not present.
01-01 00:15:33.063 W/UserManagerService( 1152): com.android.internal.systemui.navbar.twobutton is allowlisted but not present.
01-01 00:15:33.063 W/UserManagerService( 1152): com.android.theme.icon_pack.sam.settings is allowlisted but not present.
01-01 00:15:33.063 W/UserManagerService( 1152): com.android.theme.icon_pack.kai.themepicker is allowlisted but not present.
01-01 00:15:33.063 W/UserManagerService( 1152): com.android.theme.icon_pack.victor.launcher is allowlisted but not present.
01-01 00:15:33.063 W/UserManagerService( 1152): com.android.theme.icon_pack.filled.settings is allowlisted but not present.
01-01 00:15:33.063 W/UserManagerService( 1152): com.android.theme.icon_pack.kai.systemui is allowlisted but not present.
01-01 00:15:33.063 W/UserManagerService( 1152): com.android.theme.icon_pack.circular.settings is allowlisted but not present.
01-01 00:15:33.063 W/UserManagerService( 1152): com.android.theme.icon_pack.sam.systemui is allowlisted but not present.
01-01 00:15:33.063 W/UserManagerService( 1152): com.android.theme.icon.teardrop is allowlisted but not present.
01-01 00:15:33.063 W/UserManagerService( 1152): com.android.theme.icon_pack.rounded.themepicker is allowlisted but not present.
01-01 00:15:33.063 W/UserManagerService( 1152): com.android.theme.icon_pack.filled.systemui is allowlisted but not present.
01-01 00:15:33.064 W/UserManagerService( 1152): com.qualcomm.qti.imsiprivacy.tests is allowlisted but not present.
01-01 00:15:33.064 W/UserManagerService( 1152): com.android.theme.icon_pack.sam.android is allowlisted but not present.
01-01 00:15:33.064 W/UserManagerService( 1152): com.android.theme.icon_pack.filled.android is allowlisted but not present.
01-01 00:15:33.064 W/UserManagerService( 1152): com.android.theme.icon_pack.circular.systemui is allowlisted but not present.
01-01 00:15:33.064 W/UserManagerService( 1152): com.android.theme.icon_pack.kai.android is allowlisted but not present.
01-01 00:15:33.064 W/UserManagerService( 1152): com.android.theme.icon_pack.kai.launcher is allowlisted but not present.
01-01 00:15:33.064 W/UserManagerService( 1152): com.qualcomm.qti.sam.service is allowlisted but not present.
01-01 00:15:33.065 W/UserManagerService( 1152): com.android.theme.icon_pack.sam.launcher is allowlisted but not present.
01-01 00:15:33.065 W/UserManagerService( 1152): com.android.theme.icon.squircle is allowlisted but not present.
01-01 00:15:33.065 W/UserManagerService( 1152): com.android.theme.icon_pack.victor.android is allowlisted but not present.
01-01 00:15:33.065 W/UserManagerService( 1152): com.android.theme.color.palette is allowlisted but not present.
01-01 00:15:33.065 W/UserManagerService( 1152): com.android.theme.icon_pack.filled.launcher is allowlisted but not present.
01-01 00:15:33.065 W/UserManagerService( 1152): com.android.theme.color.carbon is allowlisted but not present.
01-01 00:15:33.065 W/UserManagerService( 1152): com.android.theme.icon_pack.circular.launcher is allowlisted but not present.
01-01 00:15:33.065 W/UserManagerService( 1152): com.android.theme.icon_pack.filled.themepicker is allowlisted but not present.
01-01 00:15:33.065 W/UserManagerService( 1152): com.android.theme.icon_pack.victor.themepicker is allowlisted but not present.
01-01 00:15:33.065 W/UserManagerService( 1152): com.android.theme.color.orchid is allowlisted but not present.
01-01 00:15:33.065 W/UserManagerService( 1152): com.android.theme.color.purple is allowlisted but not present.
01-01 00:15:33.065 W/UserManagerService( 1152): com.qualcomm.qti.confdialer is allowlisted but not present.
01-01 00:15:33.066 W/UserManagerService( 1152): com.android.theme.icon_pack.sam.themepicker is allowlisted but not present.
01-01 00:15:33.066 W/UserManagerService( 1152): com.android.theme.icon.roundedrect is allowlisted but not present.
01-01 00:15:33.066 W/UserManagerService( 1152): com.android.theme.icon_pack.rounded.settings is allowlisted but not present.
01-01 00:15:33.066 W/UserManagerService( 1152): org.codeaurora.qti.nrNetworkSettingApp is allowlisted but not present.
01-01 00:15:33.066 W/UserManagerService( 1152): com.android.theme.icon_pack.circular.android is allowlisted but not present.
01-01 00:15:33.074 I/Watchdog( 1152): Resuming HandlerChecker: main thread for reason: packagemanagermain. Pause count: 0
01-01 00:15:33.075 I/SystemServerDexLoadReporter( 1152): Configuring system server dex reporter
01-01 00:15:33.104 D/SystemServerTiming( 1152): StartPackageManagerService took to complete: 2447ms
01-01 00:15:33.105 I/SystemServerTiming( 1152): StartOtaDexOptService
01-01 00:15:33.106 I/Watchdog( 1152): Pausing HandlerChecker: main thread for reason: moveab. Pause count: 1
01-01 00:15:33.107 D/OTADexopt( 1152): No upgrade, skipping A/B artifacts check.
01-01 00:15:33.107 I/Watchdog( 1152): Resuming HandlerChecker: main thread for reason: moveab. Pause count: 0
01-01 00:15:33.107 D/SystemServerTiming( 1152): StartOtaDexOptService took to complete: 2ms
01-01 00:15:33.107 I/SystemServerTiming( 1152): StartUserManagerService
01-01 00:15:33.108 I/SystemServiceManager( 1152): Starting com.android.server.pm.UserManagerService$LifeCycle
01-01 00:15:33.109 D/SystemServerTiming( 1152): StartUserManagerService took to complete: 2ms
01-01 00:15:33.109 I/SystemServerTiming( 1152): InitAttributerCache
01-01 00:15:33.110 D/SystemServerTiming( 1152): InitAttributerCache took to complete: 0ms
01-01 00:15:33.110 I/SystemServerTiming( 1152): SetSystemProcess
01-01 00:15:33.124 V/HistoricalRegistry( 1152): Interaction before persistence initialized
01-01 00:15:33.143 I/ActivityManager( 1152): Connection with lmkd established
01-01 00:15:33.986 E/diag ( 0): In diag_ioctl_set_buffering_mode, invalid peripheral = -22
01-01 00:15:33.161 D/SystemServerTiming( 1152): SetSystemProcess took to complete: 50ms
01-01 00:15:33.161 I/SystemServerTiming( 1152): InitWatchdog
01-01 00:15:33.161 D/SystemServerTiming( 1152): InitWatchdog took to complete: 0ms
01-01 00:15:33.167 I/SystemServerTiming( 1152): StartOverlayManagerService
01-01 00:15:33.320 D/SystemServerTiming( 1152): StartOverlayManagerService took to complete: 153ms
01-01 00:15:33.320 I/SystemServerTiming( 1152): StartSensorPrivacyService
01-01 00:15:33.325 W/ActivityTaskManager( 1152): Skip updateConfiguration because mWindowManager isn't set
01-01 00:15:33.328 D/SystemServerTiming( 1152): StartSensorPrivacyService took to complete: 8ms
01-01 00:15:33.328 I/SystemServerTiming( 1152): StartSensorService
01-01 00:15:33.328 I/SystemServiceManager( 1152): Starting com.android.server.sensors.SensorService
01-01 00:15:33.331 D/SystemServerTiming( 1152): StartSensorService took to complete: 2ms
01-01 00:15:33.331 D/SystemServerTiming( 1152): startBootstrapServices took to complete: 4125ms
01-01 00:15:33.331 I/SystemServerTiming( 1152): startCoreServices
01-01 00:15:33.331 I/SystemServerTiming( 1152): StartSystemConfigService
01-01 00:15:33.332 I/SystemServiceManager( 1152): Starting com.android.server.SystemConfigService
01-01 00:15:33.332 I/SystemServerTimingAsync( 1152): InitThreadPoolExec:StartNativeSensorService
01-01 00:15:33.332 D/SystemServerInitThreadPool( 1152): Started executing StartNativeSensorService
01-01 00:15:33.333 I/SystemServerTimingAsync( 1152): StartNativeSensorService
01-01 00:15:33.335 D/SystemServerTiming( 1152): StartSystemConfigService took to complete: 4ms
01-01 00:15:33.335 I/SystemServerTiming( 1152): StartBatteryService
01-01 00:15:33.335 I/SystemServiceManager( 1152): Starting com.android.server.BatteryService
01-01 00:15:33.364 D/SystemServerTimingAsync( 1152): StartNativeSensorService took to complete: 32ms
01-01 00:15:33.365 D/SystemServerInitThreadPool( 1152): Finished executing StartNativeSensorService
01-01 00:15:33.365 D/SystemServerTimingAsync( 1152): InitThreadPoolExec:StartNativeSensorService took to complete: 33ms
01-01 00:15:34.251 W/healthd ( 0): No battery devices found
01-01 00:15:33.422 W/healthd ( 0): battery none chg=
01-01 00:15:33.418 W/storaged( 1294): health: invalid battery status
01-01 00:15:33.435 W/healthd ( 0): battery none chg=
01-01 00:15:33.438 I/binder ( 0): 1294:1294 ioctl 40046210 7fd96603d4 returned -22
01-01 00:15:33.433 I/HealthServiceWrapper( 1152): health: HealthServiceWrapper listening to instance default
01-01 00:15:33.433 I/BatteryService( 1152): health: Waited 0ms and received the update.
01-01 00:15:33.437 W/SystemServiceManager( 1152): Service com.android.server.BatteryService took 101 ms in onStart
01-01 00:15:33.437 D/SystemServerTiming( 1152): StartBatteryService took to complete: 102ms
01-01 00:15:33.438 I/SystemServerTiming( 1152): StartUsageService
01-01 00:15:33.438 I/SystemServiceManager( 1152): Starting com.android.server.usage.UsageStatsService
01-01 00:15:33.441 I/storaged( 1294): storaged: Start
01-01 00:15:33.447 D/SystemServerTiming( 1152): StartUsageService took to complete: 9ms
01-01 00:15:33.448 I/SystemServerTiming( 1152): StartWebViewUpdateService
01-01 00:15:33.448 I/SystemServiceManager( 1152): Starting com.android.server.webkit.WebViewUpdateService
01-01 00:15:33.450 D/SystemServerTiming( 1152): StartWebViewUpdateService took to complete: 3ms
01-01 00:15:33.451 I/SystemServerTiming( 1152): StartCachedDeviceStateService
01-01 00:15:33.451 I/SystemServiceManager( 1152): Starting com.android.server.CachedDeviceStateService
01-01 00:15:33.451 D/SystemServerTiming( 1152): StartCachedDeviceStateService took to complete: 1ms
01-01 00:15:33.451 I/SystemServerTiming( 1152): StartBinderCallsStatsService
01-01 00:15:33.451 I/SystemServiceManager( 1152): Starting com.android.server.BinderCallsStatsService$LifeCycle
01-01 00:15:33.453 D/SystemServerTiming( 1152): StartBinderCallsStatsService took to complete: 2ms
01-01 00:15:33.453 I/SystemServerTiming( 1152): StartLooperStatsService
01-01 00:15:33.453 I/SystemServiceManager( 1152): Starting com.android.server.LooperStatsService$Lifecycle
01-01 00:15:33.456 D/SystemServerTiming( 1152): StartLooperStatsService took to complete: 2ms
01-01 00:15:33.456 I/SystemServerTiming( 1152): StartRollbackManagerService
01-01 00:15:33.456 I/SystemServiceManager( 1152): Starting com.android.server.rollback.RollbackManagerService
01-01 00:15:33.464 I/PackageWatchdog( 1152): Syncing state, reason: added new observer
01-01 00:15:33.465 I/PackageWatchdog( 1152): Not pruning observers, elapsed time: 0ms
01-01 00:15:33.465 I/PackageWatchdog( 1152): Cancelling state sync, nothing to sync
01-01 00:15:33.465 I/PackageWatchdog( 1152): Saving observer state to file
01-01 00:15:33.471 D/SystemServerTiming( 1152): StartRollbackManagerService took to complete: 15ms
01-01 00:15:33.471 I/SystemServerTiming( 1152): StartNativeTombstoneManagerService
01-01 00:15:33.471 I/SystemServiceManager( 1152): Starting com.android.server.os.NativeTombstoneManagerService
01-01 00:15:33.475 D/SystemServerTiming( 1152): StartNativeTombstoneManagerService took to complete: 3ms
01-01 00:15:33.475 I/SystemServerTiming( 1152): StartBugreportManagerService
01-01 00:15:33.475 I/SystemServiceManager( 1152): Starting com.android.server.os.BugreportManagerService
01-01 00:15:33.478 D/SystemServerTiming( 1152): StartBugreportManagerService took to complete: 2ms
01-01 00:15:33.478 I/SystemServerTiming( 1152): GpuService
01-01 00:15:33.478 I/SystemServiceManager( 1152): Starting com.android.server.gpu.GpuService
01-01 00:15:33.478 D/SystemServerTiming( 1152): GpuService took to complete: 0ms
01-01 00:15:33.479 D/SystemServerTiming( 1152): startCoreServices took to complete: 147ms
01-01 00:15:33.479 I/SystemServerTiming( 1152): startOtherServices
01-01 00:15:33.480 I/SystemServerTiming( 1152): StartKeyAttestationApplicationIdProviderService
01-01 00:15:33.482 I/SystemServerTimingAsync( 1152): InitThreadPoolExec:SecondaryZygotePreload
01-01 00:15:33.482 D/SystemServerInitThreadPool( 1152): Started executing SecondaryZygotePreload
01-01 00:15:33.482 I/SystemServer( 1152): SecondaryZygotePreload
01-01 00:15:33.483 I/SystemServerTimingAsync( 1152): SecondaryZygotePreload
01-01 00:15:33.484 D/SystemServerTiming( 1152): StartKeyAttestationApplicationIdProviderService took to complete: 3ms
01-01 00:15:33.484 I/SystemServerTiming( 1152): StartKeyChainSystemService
01-01 00:15:33.484 I/SystemServiceManager( 1152): Starting com.android.server.security.KeyChainSystemService
01-01 00:15:33.484 D/SystemServerTiming( 1152): StartKeyChainSystemService took to complete: 1ms
01-01 00:15:33.484 I/SystemServerTiming( 1152): StartSchedulingPolicyService
01-01 00:15:33.487 I/SystemServerTimingAsync( 1152): InitThreadPoolExec:SchedulingPolicyService.
01-01 00:15:33.488 D/SystemServerInitThreadPool( 1152): Started executing SchedulingPolicyService.
01-01 00:15:33.488 D/SystemServerTiming( 1152): StartSchedulingPolicyService took to complete: 3ms
01-01 00:15:33.488 I/SystemServerTiming( 1152): StartTelecomLoaderService
01-01 00:15:33.489 I/SystemServiceManager( 1152): Starting com.android.server.telecom.TelecomLoaderService
01-01 00:15:33.490 D/SystemServerTiming( 1152): StartTelecomLoaderService took to complete: 2ms
01-01 00:15:33.490 I/SystemServerTiming( 1152): StartTelephonyRegistry
01-01 00:15:33.493 D/SystemServerTiming( 1152): StartTelephonyRegistry took to complete: 3ms
01-01 00:15:33.493 I/SystemServerTiming( 1152): StartEntropyMixer
01-01 00:15:33.496 I/EntropyMixer( 1152): Writing entropy...
01-01 00:15:33.507 D/SystemServerTiming( 1152): StartEntropyMixer took to complete: 13ms
01-01 00:15:33.507 I/SystemServerTiming( 1152): StartAccountManagerService
01-01 00:15:33.507 I/SystemServiceManager( 1152): Starting com.android.server.accounts.AccountManagerService$Lifecycle
01-01 00:15:33.526 D/SystemServerTiming( 1152): StartAccountManagerService took to complete: 18ms
01-01 00:15:33.526 I/SystemServerTiming( 1152): StartContentService
01-01 00:15:33.526 I/SystemServiceManager( 1152): Starting com.android.server.content.ContentService$Lifecycle
01-01 00:15:33.529 D/SystemServerTiming( 1152): StartContentService took to complete: 3ms
01-01 00:15:33.530 I/SystemServerTiming( 1152): InstallSystemProviders
01-01 00:15:33.589 E/swr-wcd wsa_swr_ctrl( 0): swrm_runtime_suspend: clk stop mode not supported or SSR entry
01-01 00:15:33.606 D/SystemServerInitThreadPool( 1152): Finished executing SchedulingPolicyService.
01-01 00:15:33.606 D/SystemServerTimingAsync( 1152): InitThreadPoolExec:SchedulingPolicyService. took to complete: 119ms
01-01 00:15:33.607 D/ZygoteInitTiming_lazy( 684): BeginPreload took to complete: 111ms
01-01 00:15:33.618 W/SettingsState( 1152): No settings state /data/system/users/0/settings_ssaid.xml
01-01 00:15:33.627 I/SettingsState( 1152): directory info for directory/file /data/system/users/0/settings_ssaid.xml with stacktrace
01-01 00:15:33.627 I/SettingsState( 1152): java.lang.Exception
01-01 00:15:33.627 I/SettingsState( 1152): at com.android.providers.settings.SettingsState.logSettingsDirectoryInformation(SettingsState.java:877)
01-01 00:15:33.627 I/SettingsState( 1152): at com.android.providers.settings.SettingsState.readStateSyncLocked(SettingsState.java:1008)
01-01 00:15:33.627 I/SettingsState( 1152): at com.android.providers.settings.SettingsState.(SettingsState.java:283)
01-01 00:15:33.627 I/SettingsState( 1152): at com.android.providers.settings.SettingsProvider$SettingsRegistry.ensureSettingsStateLocked(SettingsProvider.java:2883)
01-01 00:15:33.627 I/SettingsState( 1152): at com.android.providers.settings.SettingsProvider$SettingsRegistry.ensureSettingsForUserLocked(SettingsProvider.java:2871)
01-01 00:15:33.627 I/SettingsState( 1152): at com.android.providers.settings.SettingsProvider$SettingsRegistry.peekSettingsStateLocked(SettingsProvider.java:3191)
01-01 00:15:33.627 I/SettingsState( 1152): at com.android.providers.settings.SettingsProvider$SettingsRegistry.getSettingsNamesLocked(SettingsProvider.java:2813)
01-01 00:15:33.627 I/SettingsState( 1152): at com.android.providers.settings.SettingsProvider$SettingsRegistry.syncSsaidTableOnStartLocked(SettingsProvider.java:2796)
01-01 00:15:33.627 I/SettingsState( 1152): at com.android.providers.settings.SettingsProvider$SettingsRegistry.access$100(SettingsProvider.java:2666)
01-01 00:15:33.627 I/SettingsState( 1152): at com.android.providers.settings.SettingsProvider.onCreate(SettingsProvider.java:396)
01-01 00:15:33.627 I/SettingsState( 1152): at android.content.ContentProvider.attachInfo(ContentProvider.java:2404)
01-01 00:15:33.627 I/SettingsState( 1152): at android.content.ContentProvider.attachInfo(ContentProvider.java:2374)
01-01 00:15:33.627 I/SettingsState( 1152): at android.app.ActivityThread.installProvider(ActivityThread.java:7463)
01-01 00:15:33.627 I/SettingsState( 1152): at android.app.ActivityThread.installContentProviders(ActivityThread.java:6980)
01-01 00:15:33.627 I/SettingsState( 1152): at android.app.ActivityThread.installSystemProviders(ActivityThread.java:7650)
01-01 00:15:33.627 I/SettingsState( 1152): at com.android.server.am.ContentProviderHelper.installSystemProviders(ContentProviderHelper.java:1247)
01-01 00:15:33.627 I/SettingsState( 1152): at com.android.server.SystemServer.startOtherServices(SystemServer.java:1439)
01-01 00:15:33.627 I/SettingsState( 1152): at com.android.server.SystemServer.run(SystemServer.java:883)
01-01 00:15:33.627 I/SettingsState( 1152): at com.android.server.SystemServer.main(SystemServer.java:614)
01-01 00:15:33.627 I/SettingsState( 1152): at java.lang.reflect.Method.invoke(Native Method)
01-01 00:15:33.627 I/SettingsState( 1152): at com.android.internal.os.RuntimeInit$MethodAndArgsCaller.run(RuntimeInit.java:548)
01-01 00:15:33.627 I/SettingsState( 1152): at com.android.internal.os.ZygoteInit.main(ZygoteInit.java:987)
01-01 00:15:33.627 I/SettingsState( 1152): ancestor directory /data/system/users/0 exists
01-01 00:15:33.628 I/SettingsState( 1152): ancestor directory /data/system/users/0 permissions: r: true w: true x: true
01-01 00:15:33.628 I/SettingsState( 1152): ancestor's parent directory /data/system/users permissions: r: true w: true x: true
01-01 00:15:33.660 D/ActivityManager( 1152): Freezer enabled
01-01 00:15:33.660 D/ActivityManager( 1152): freezer override set to false
01-01 00:15:33.682 D/SystemServerTiming( 1152): InstallSystemProviders took to complete: 153ms
01-01 00:15:33.683 I/SystemServerTiming( 1152): StartDropBoxManager
01-01 00:15:33.683 I/SystemServiceManager( 1152): Starting com.android.server.DropBoxManagerService
01-01 00:15:33.686 D/SystemServerTiming( 1152): StartDropBoxManager took to complete: 3ms
01-01 00:15:33.686 I/SystemServerTiming( 1152): StartRoleManagerService
01-01 00:15:33.686 I/SystemServiceManager( 1152): Starting com.android.role.RoleService
01-01 00:15:33.690 D/SystemServerTiming( 1152): StartRoleManagerService took to complete: 4ms
01-01 00:15:33.690 I/SystemServerTiming( 1152): StartVibratorManagerService
01-01 00:15:33.690 I/SystemServiceManager( 1152): Starting com.android.server.vibrator.VibratorManagerService$Lifecycle
01-01 00:15:33.707 D/SystemServerTiming( 1152): StartVibratorManagerService took to complete: 17ms
01-01 00:15:33.708 I/SystemServerTiming( 1152): StartDynamicSystemService
01-01 00:15:33.711 D/SystemServerTiming( 1152): StartDynamicSystemService took to complete: 2ms
01-01 00:15:33.711 I/SystemServerTiming( 1152): StartConsumerIrService
01-01 00:15:33.714 D/SystemServerTiming( 1152): StartConsumerIrService took to complete: 2ms
01-01 00:15:33.714 I/SystemServerTiming( 1152): StartAlarmManagerService
01-01 00:15:33.714 I/SystemServiceManager( 1152): Starting com.android.server.alarm.AlarmManagerService
01-01 00:15:33.754 I/AlarmManager( 1152): Current time only 933754, advancing to build time 1660841674000
08-18 16:54:34.008 D/SystemServerTiming( 1152): StartAlarmManagerService took to complete: 49ms
08-18 16:54:34.008 I/SystemServerTiming( 1152): StartInputManagerService
08-18 16:54:34.009 I/InputManager( 1152): Initializing input manager, mUseDevInputEventForAudioJack=true
01-01 00:15:33.774 E/ ( 0): msm_qti_pp_get_rms_value_control, back not active to query rms be_idx:3
08-18 16:54:34.032 D/SystemServerTiming( 1152): StartInputManagerService took to complete: 23ms
08-18 16:54:34.032 I/SystemServerTiming( 1152): DeviceStateManagerService
08-18 16:54:34.032 I/SystemServiceManager( 1152): Starting com.android.server.devicestate.DeviceStateManagerService
08-18 16:54:34.037 D/SystemServerTiming( 1152): DeviceStateManagerService took to complete: 6ms
08-18 16:54:34.037 I/SystemServerTiming( 1152): StartCameraServiceProxy
08-18 16:54:34.038 I/SystemServiceManager( 1152): Starting com.android.server.camera.CameraServiceProxy
08-18 16:54:34.045 D/SystemServerTiming( 1152): StartCameraServiceProxy took to complete: 8ms
08-18 16:54:34.045 I/SystemServerTiming( 1152): StartWindowManagerService
08-18 16:54:34.045 I/SystemServiceManager( 1152): Starting phase 200
08-18 16:54:34.046 I/SystemServerTiming( 1152): OnBootPhase_200
08-18 16:54:34.046 I/SystemServerTiming( 1152): OnBootPhase_200_com.android.server.security.FileIntegrityService
08-18 16:54:34.046 D/SystemServerTiming( 1152): OnBootPhase_200_com.android.server.security.FileIntegrityService took to complete: 0ms
08-18 16:54:34.046 I/SystemServerTiming( 1152): OnBootPhase_200_com.android.server.pm.Installer
08-18 16:54:34.046 D/SystemServerTiming( 1152): OnBootPhase_200_com.android.server.pm.Installer took to complete: 0ms
08-18 16:54:34.046 I/SystemServerTiming( 1152): OnBootPhase_200_com.android.server.os.DeviceIdentifiersPolicyService
08-18 16:54:34.046 D/SystemServerTiming( 1152): OnBootPhase_200_com.android.server.os.DeviceIdentifiersPolicyService took to complete: 0ms
08-18 16:54:34.046 I/SystemServerTiming( 1152): OnBootPhase_200_com.android.server.uri.UriGrantsManagerService$Lifecycle
08-18 16:54:34.046 D/SystemServerTiming( 1152): OnBootPhase_200_com.android.server.uri.UriGrantsManagerService$Lifecycle took to complete: 0ms
08-18 16:54:34.046 I/SystemServerTiming( 1152): OnBootPhase_200_com.android.server.powerstats.PowerStatsService
08-18 16:54:34.046 D/SystemServerTiming( 1152): OnBootPhase_200_com.android.server.powerstats.PowerStatsService took to complete: 0ms
08-18 16:54:34.046 I/SystemServerTiming( 1152): OnBootPhase_200_com.android.server.wm.ActivityTaskManagerService$Lifecycle
08-18 16:54:34.046 D/SystemServerTiming( 1152): OnBootPhase_200_com.android.server.wm.ActivityTaskManagerService$Lifecycle took to complete: 0ms
08-18 16:54:34.046 I/SystemServerTiming( 1152): OnBootPhase_200_com.android.server.am.ActivityManagerService$Lifecycle
08-18 16:54:34.046 D/SystemServerTiming( 1152): OnBootPhase_200_com.android.server.am.ActivityManagerService$Lifecycle took to complete: 0ms
08-18 16:54:34.046 I/SystemServerTiming( 1152): OnBootPhase_200_com.android.server.pm.DataLoaderManagerService
08-18 16:54:34.046 D/SystemServerTiming( 1152): OnBootPhase_200_com.android.server.pm.DataLoaderManagerService took to complete: 0ms
08-18 16:54:34.046 I/SystemServerTiming( 1152): OnBootPhase_200_com.android.server.power.PowerManagerService
08-18 16:54:34.046 D/SystemServerTiming( 1152): OnBootPhase_200_com.android.server.power.PowerManagerService took to complete: 0ms
08-18 16:54:34.046 I/SystemServerTiming( 1152): OnBootPhase_200_com.android.server.power.ThermalManagerService
08-18 16:54:34.046 D/SystemServerTiming( 1152): OnBootPhase_200_com.android.server.power.ThermalManagerService took to complete: 0ms
08-18 16:54:34.046 I/SystemServerTiming( 1152): OnBootPhase_200_com.android.server.power.hint.HintManagerService
08-18 16:54:34.046 D/SystemServerTiming( 1152): OnBootPhase_200_com.android.server.power.hint.HintManagerService took to complete: 0ms
08-18 16:54:34.046 I/SystemServerTiming( 1152): OnBootPhase_200_com.android.server.recoverysystem.RecoverySystemService$Lifecycle
08-18 16:54:34.047 D/SystemServerTiming( 1152): OnBootPhase_200_com.android.server.recoverysystem.RecoverySystemService$Lifecycle took to complete: 0ms
08-18 16:54:34.047 I/SystemServerTiming( 1152): OnBootPhase_200_com.android.server.lights.LightsService
08-18 16:54:34.047 D/SystemServerTiming( 1152): OnBootPhase_200_com.android.server.lights.LightsService took to complete: 0ms
08-18 16:54:34.047 I/SystemServerTiming( 1152): OnBootPhase_200_com.android.server.display.DisplayManagerService
08-18 16:54:34.047 D/SystemServerTiming( 1152): OnBootPhase_200_com.android.server.display.DisplayManagerService took to complete: 0ms
08-18 16:54:34.047 I/SystemServerTiming( 1152): OnBootPhase_200_com.android.server.pm.verify.domain.DomainVerificationService
08-18 16:54:34.047 D/SystemServerTiming( 1152): OnBootPhase_200_com.android.server.pm.verify.domain.DomainVerificationService took to complete: 0ms
08-18 16:54:34.047 I/SystemServerTiming( 1152): OnBootPhase_200_com.android.server.pm.PackageInstallerService$Lifecycle
08-18 16:54:34.047 D/SystemServerTiming( 1152): OnBootPhase_200_com.android.server.pm.PackageInstallerService$Lifecycle took to complete: 0ms
08-18 16:54:34.047 I/SystemServerTiming( 1152): OnBootPhase_200_com.android.server.pm.UserManagerService$LifeCycle
08-18 16:54:34.047 D/SystemServerTiming( 1152): OnBootPhase_200_com.android.server.pm.UserManagerService$LifeCycle took to complete: 0ms
08-18 16:54:34.047 I/SystemServerTiming( 1152): OnBootPhase_200_com.android.server.om.OverlayManagerService
08-18 16:54:34.047 D/SystemServerTiming( 1152): OnBootPhase_200_com.android.server.om.OverlayManagerService took to complete: 0ms
08-18 16:54:34.047 I/SystemServerTiming( 1152): OnBootPhase_200_com.android.server.SensorPrivacyService
08-18 16:54:34.047 D/SystemServerTiming( 1152): OnBootPhase_200_com.android.server.SensorPrivacyService took to complete: 0ms
08-18 16:54:34.047 I/SystemServerTiming( 1152): OnBootPhase_200_com.android.server.sensors.SensorService
08-18 16:54:34.047 D/SystemServerTiming( 1152): OnBootPhase_200_com.android.server.sensors.SensorService took to complete: 0ms
08-18 16:54:34.047 I/SystemServerTiming( 1152): OnBootPhase_200_com.android.server.SystemConfigService
08-18 16:54:34.047 D/SystemServerTiming( 1152): OnBootPhase_200_com.android.server.SystemConfigService took to complete: 0ms
08-18 16:54:34.047 I/SystemServerTiming( 1152): OnBootPhase_200_com.android.server.BatteryService
08-18 16:54:34.047 D/SystemServerTiming( 1152): OnBootPhase_200_com.android.server.BatteryService took to complete: 0ms
08-18 16:54:34.047 I/SystemServerTiming( 1152): OnBootPhase_200_com.android.server.usage.UsageStatsService
08-18 16:54:34.047 D/SystemServerTiming( 1152): OnBootPhase_200_com.android.server.usage.UsageStatsService took to complete: 0ms
08-18 16:54:34.048 I/SystemServerTiming( 1152): OnBootPhase_200_com.android.server.webkit.WebViewUpdateService
08-18 16:54:34.048 D/SystemServerTiming( 1152): OnBootPhase_200_com.android.server.webkit.WebViewUpdateService took to complete: 0ms
08-18 16:54:34.048 I/SystemServerTiming( 1152): OnBootPhase_200_com.android.server.CachedDeviceStateService
08-18 16:54:34.048 D/SystemServerTiming( 1152): OnBootPhase_200_com.android.server.CachedDeviceStateService took to complete: 0ms
08-18 16:54:34.048 I/SystemServerTiming( 1152): OnBootPhase_200_com.android.server.BinderCallsStatsService$LifeCycle
08-18 16:54:34.048 D/SystemServerTiming( 1152): OnBootPhase_200_com.android.server.BinderCallsStatsService$LifeCycle took to complete: 0ms
08-18 16:54:34.048 I/SystemServerTiming( 1152): OnBootPhase_200_com.android.server.LooperStatsService$Lifecycle
08-18 16:54:34.048 D/SystemServerTiming( 1152): OnBootPhase_200_com.android.server.LooperStatsService$Lifecycle took to complete: 0ms
08-18 16:54:34.048 I/SystemServerTiming( 1152): OnBootPhase_200_com.android.server.rollback.RollbackManagerService
08-18 16:54:34.048 D/SystemServerTiming( 1152): OnBootPhase_200_com.android.server.rollback.RollbackManagerService took to complete: 0ms
08-18 16:54:34.048 I/SystemServerTiming( 1152): OnBootPhase_200_com.android.server.os.NativeTombstoneManagerService
08-18 16:54:34.048 D/SystemServerTiming( 1152): OnBootPhase_200_com.android.server.os.NativeTombstoneManagerService took to complete: 0ms
08-18 16:54:34.048 I/SystemServerTiming( 1152): OnBootPhase_200_com.android.server.os.BugreportManagerService
08-18 16:54:34.048 D/SystemServerTiming( 1152): OnBootPhase_200_com.android.server.os.BugreportManagerService took to complete: 0ms
08-18 16:54:34.048 I/SystemServerTiming( 1152): OnBootPhase_200_com.android.server.gpu.GpuService
08-18 16:54:34.048 D/SystemServerTiming( 1152): OnBootPhase_200_com.android.server.gpu.GpuService took to complete: 0ms
08-18 16:54:34.048 I/SystemServerTiming( 1152): OnBootPhase_200_com.android.server.security.KeyChainSystemService
08-18 16:54:34.048 D/SystemServerTiming( 1152): OnBootPhase_200_com.android.server.security.KeyChainSystemService took to complete: 0ms
08-18 16:54:34.048 I/SystemServerTiming( 1152): OnBootPhase_200_com.android.server.telecom.TelecomLoaderService
08-18 16:54:34.048 D/SystemServerTiming( 1152): OnBootPhase_200_com.android.server.telecom.TelecomLoaderService took to complete: 0ms
08-18 16:54:34.048 I/SystemServerTiming( 1152): OnBootPhase_200_com.android.server.accounts.AccountManagerService$Lifecycle
08-18 16:54:34.048 D/SystemServerTiming( 1152): OnBootPhase_200_com.android.server.accounts.AccountManagerService$Lifecycle took to complete: 0ms
08-18 16:54:34.048 I/SystemServerTiming( 1152): OnBootPhase_200_com.android.server.content.ContentService$Lifecycle
08-18 16:54:34.048 D/SystemServerTiming( 1152): OnBootPhase_200_com.android.server.content.ContentService$Lifecycle took to complete: 0ms
08-18 16:54:34.048 I/SystemServerTiming( 1152): OnBootPhase_200_com.android.server.DropBoxManagerService
08-18 16:54:34.049 D/SystemServerTiming( 1152): OnBootPhase_200_com.android.server.DropBoxManagerService took to complete: 0ms
08-18 16:54:34.049 I/SystemServerTiming( 1152): OnBootPhase_200_com.android.role.RoleService
08-18 16:54:34.049 D/SystemServerTiming( 1152): OnBootPhase_200_com.android.role.RoleService took to complete: 0ms
08-18 16:54:34.049 I/SystemServerTiming( 1152): OnBootPhase_200_com.android.server.vibrator.VibratorManagerService$Lifecycle
08-18 16:54:34.049 D/SystemServerTiming( 1152): OnBootPhase_200_com.android.server.vibrator.VibratorManagerService$Lifecycle took to complete: 0ms
08-18 16:54:34.049 I/SystemServerTiming( 1152): OnBootPhase_200_com.android.server.alarm.AlarmManagerService
08-18 16:54:34.049 D/SystemServerTiming( 1152): OnBootPhase_200_com.android.server.alarm.AlarmManagerService took to complete: 0ms
08-18 16:54:34.049 I/SystemServerTiming( 1152): OnBootPhase_200_com.android.server.devicestate.DeviceStateManagerService
08-18 16:54:34.049 D/SystemServerTiming( 1152): OnBootPhase_200_com.android.server.devicestate.DeviceStateManagerService took to complete: 0ms
08-18 16:54:34.049 I/SystemServerTiming( 1152): OnBootPhase_200_com.android.server.camera.CameraServiceProxy
08-18 16:54:34.049 D/SystemServerTiming( 1152): OnBootPhase_200_com.android.server.camera.CameraServiceProxy took to complete: 0ms
08-18 16:54:34.049 D/SystemServerTiming( 1152): OnBootPhase_200 took to complete: 4ms
08-18 16:54:34.050 I/WindowManager( 1152): No existing display settings, starting empty
08-18 16:54:34.051 I/WindowManager( 1152): No existing display settings, starting empty
01-01 00:15:33.807 I/core_get_license_status( 0): cmdrsp_license_result.result = 0x15 for module 0x131ff
01-01 00:15:33.808 E/msm_ext_disp_update_audio_ops( 0): Display not found (EXT_DISPLAY_TYPE_DP) ctld (0) stream (0)
01-01 00:15:33.814 E/ ( 0): msm_qti_pp_get_rms_value_control, back not active to query rms be_idx:3
01-01 00:15:33.818 E/msm_ext_disp_update_audio_ops( 0): Display not found (EXT_DISPLAY_TYPE_HDMI) ctld (0) stream (0)
08-18 16:54:34.082 D/SystemServerTiming( 1152): StartWindowManagerService took to complete: 37ms
08-18 16:54:34.082 I/SystemServerTiming( 1152): SetWindowManagerService
01-01 00:15:33.836 E/msm_ext_disp_update_audio_ops( 0): Display not found (EXT_DISPLAY_TYPE_DP) ctld (0) stream (0)
01-01 00:15:33.846 E/msm_ext_disp_update_audio_ops( 0): Display not found (EXT_DISPLAY_TYPE_DP) ctld (0) stream (0)
01-01 00:15:33.846 I/core_get_license_status( 0): cmdrsp_license_result.result = 0x15 for module 0x131ff
01-01 00:15:33.856 E/msm_ext_disp_update_audio_ops( 0): Display not found (EXT_DISPLAY_TYPE_DP) ctld (0) stream (0)
01-01 00:15:33.867 E/msm-ext-disp-audio-codec-rx soc( 0): qcom,msm-ext-disp:qcom,msm-ext-disp-audio-codec-rx: msm_ext_disp_audio_type_get: get_audio_edid_blk() or get_intf_id is NULL
01-01 00:15:33.883 E/msm_ext_disp_update_audio_ops( 0): Display not found (EXT_DISPLAY_TYPE_DP) ctld (0) stream (0)
01-01 00:15:33.895 E/msm_ext_disp_update_audio_ops( 0): Display not found (EXT_DISPLAY_TYPE_HDMI) ctld (0) stream (0)
01-01 00:15:33.907 E/msm_ext_disp_update_audio_ops( 0): Display not found (EXT_DISPLAY_TYPE_DP) ctld (0) stream (0)
08-18 16:54:34.145 I/ActivityTaskManager( 1152): Loaded persisted task ids for user 0
08-18 16:54:34.147 D/SystemServerTiming( 1152): SetWindowManagerService took to complete: 64ms
08-18 16:54:34.147 I/SystemServerTiming( 1152): WindowManagerServiceOnInitReady
08-18 16:54:34.159 D/SystemServerTiming( 1152): WindowManagerServiceOnInitReady took to complete: 13ms
08-18 16:54:34.159 I/SystemServerTiming( 1152): StartInputManager
08-18 16:54:34.159 I/InputManager( 1152): Starting input manager
08-18 16:54:34.163 I/SystemServerTimingAsync( 1152): InitThreadPoolExec:StartHidlServices
01-01 00:15:33.917 E/msm-ext-disp-audio-codec-rx soc( 0): qcom,msm-ext-disp:qcom,msm-ext-disp-audio-codec-rx: msm_ext_disp_audio_type_get: get_audio_edid_blk() or get_intf_id is NULL
08-18 16:54:34.163 D/SystemServerInitThreadPool( 1152): Started executing StartHidlServices
08-18 16:54:34.163 I/SystemServerTimingAsync( 1152): StartHidlServices
08-18 16:54:34.167 D/SystemServerTiming( 1152): StartInputManager took to complete: 7ms
08-18 16:54:34.167 I/SystemServerTiming( 1152): DisplayManagerWindowManagerAndInputReady
08-18 16:54:34.167 D/SystemServerTiming( 1152): DisplayManagerWindowManagerAndInputReady took to complete: 1ms
08-18 16:54:34.167 I/SystemServerTiming( 1152): StartBluetoothService
08-18 16:54:34.167 I/SystemServiceManager( 1152): Starting com.android.server.BluetoothService
08-18 16:54:34.168 I/LogicalDisplayMapper( 1152): Requesting Transition to state: 0
08-18 16:54:34.168 I/LogicalDisplayMapper( 1152): Applying layout: [{addr: {port=129, model=0x40446d3026322d}, dispId: 0(ON)}], Previous layout: [{addr: {port=129, model=0x40446d3026322d}, dispId: 0(ON)}]
08-18 16:54:34.170 D/SystemServerTimingAsync( 1152): AppDataFixup took to complete: 1046ms
08-18 16:54:34.170 D/BluetoothManagerService( 1152): Loading stored name and address
08-18 16:54:34.171 D/BluetoothManagerService( 1152): Stored bluetooth Name=QCOM-BTD,Address=22:22:63:92:63:08
08-18 16:54:34.171 D/BluetoothManagerService( 1152): Bluetooth persisted state: 1
08-18 16:54:34.171 D/BluetoothManagerService( 1152): Startup: Bluetooth persisted state is ON.
08-18 16:54:34.172 D/BluetoothManagerService( 1152): Detected SystemUiUid: 10116
08-18 16:54:34.172 D/SystemServerTiming( 1152): StartBluetoothService took to complete: 4ms
08-18 16:54:34.172 I/SystemServerTiming( 1152): IpConnectivityMetrics
08-18 16:54:34.172 I/SystemServiceManager( 1152): Starting com.android.server.connectivity.IpConnectivityMetrics
08-18 16:54:34.173 D/SystemServerTiming( 1152): IpConnectivityMetrics took to complete: 1ms
08-18 16:54:34.173 I/SystemServerTiming( 1152): NetworkWatchlistService
08-18 16:54:34.174 I/SystemServiceManager( 1152): Starting com.android.server.net.watchlist.NetworkWatchlistService$Lifecycle
01-01 00:15:33.937 E/msm_ext_disp_update_audio_ops( 0): Display not found (EXT_DISPLAY_TYPE_DP) ctld (0) stream (0)
08-18 16:54:34.181 D/SystemServerTimingAsync( 1152): StartHidlServices took to complete: 18ms
08-18 16:54:34.181 D/SystemServerInitThreadPool( 1152): Finished executing StartHidlServices
08-18 16:54:34.181 D/SystemServerTimingAsync( 1152): InitThreadPoolExec:StartHidlServices took to complete: 18ms
08-18 16:54:34.187 I/WatchlistSettings( 1152): Reload watchlist settings done
08-18 16:54:34.190 D/SystemServerTiming( 1152): NetworkWatchlistService took to complete: 17ms
01-01 00:15:33.946 E/msm-ext-disp-audio-codec-rx soc( 0): qcom,msm-ext-disp:qcom,msm-ext-disp-audio-codec-rx: msm_ext_disp_audio_type_get: get_audio_edid_blk() or get_intf_id is NULL
08-18 16:54:34.192 I/SystemServerTiming( 1152): PinnerService
08-18 16:54:34.192 I/SystemServiceManager( 1152): Starting com.android.server.PinnerService
08-18 16:54:34.192 V/HistoricalRegistry( 1152): Interaction before persistence initialized
01-01 00:15:33.963 E/msm_ext_disp_update_audio_ops( 0): Display not found (EXT_DISPLAY_TYPE_DP) ctld (0) stream (0)
01-01 00:15:33.965 E/msm-ext-disp-audio-codec-rx soc( 0): qcom,msm-ext-disp:qcom,msm-ext-disp-audio-codec-rx: msm_ext_disp_audio_device_get: invalid dai id: 4
08-18 16:54:34.196 D/SystemServerTiming( 1152): PinnerService took to complete: 5ms
08-18 16:54:34.196 I/SystemServerTiming( 1152): IorapForwardingService
08-18 16:54:34.196 I/SystemServiceManager( 1152): Starting com.google.android.startop.iorap.IorapForwardingService
08-18 16:54:34.197 D/PinnerService( 1152): pinRangeStream: null
