01-01 00:21:40.276 I/btfm_slim_disable_ch( 0): port:16, grp: 0, ch->grph:0x0, ch->ch_hdl:0x1d
01-01 00:21:40.841 D/ ( 0): mv2112_read_status
01-01 00:21:40.845 D/mv2112_update_link( 0): 3.0x901(1G): 0x80
01-01 00:21:40.850 D/mv2112_update_link( 0): 3.0x8109(100M): 0x0
01-01 00:21:40.855 D/mv2112_update_link( 0): link 0x0
01-01 00:21:40.859 D/mv2112_read_status( 0): autoneg is disabled
01-01 00:21:41.866 D/ ( 0): mv2112_read_status
01-01 00:21:41.869 D/mv2112_update_link( 0): 3.0x901(1G): 0x80
01-01 00:21:41.874 D/mv2112_update_link( 0): 3.0x8109(100M): 0x0
01-01 00:21:41.879 D/mv2112_update_link( 0): link 0x0
01-01 00:21:41.883 D/mv2112_read_status( 0): autoneg is disabled
01-01 00:21:42.889 D/ ( 0): mv2112_read_status
01-01 00:21:42.893 D/mv2112_update_link( 0): 3.0x901(1G): 0x80
01-01 00:21:42.898 D/mv2112_update_link( 0): 3.0x8109(100M): 0x0
01-01 00:21:42.903 D/mv2112_update_link( 0): link 0x0
01-01 00:21:42.907 D/mv2112_read_status( 0): autoneg is disabled
01-01 00:21:43.913 D/ ( 0): mv2112_read_status
01-01 00:21:43.917 D/mv2112_update_link( 0): 3.0x901(1G): 0x80
01-01 00:21:43.922 D/mv2112_update_link( 0): 3.0x8109(100M): 0x0
01-01 00:21:43.927 D/mv2112_update_link( 0): link 0x0
01-01 00:21:43.931 D/mv2112_read_status( 0): autoneg is disabled
01-01 00:21:44.068 I/init ( 0): starting service 'qvrd_vndr'...
01-01 00:21:44.075 I/init ( 0): Created socket '/dev/socket/qvrservice_vndr', mode 660, user 1000, group 1000
01-01 00:21:44.086 I/init ( 0): Created socket '/dev/socket/qvrservice_vndr_camera', mode 660, user 1000, group 1000
01-01 00:21:44.112 I/init ( 0): starting service 'sxrd'...
01-01 00:21:44.131 I/init ( 0): starting service 'vendor.light-hal-2-0'...
08-18 17:00:44.400 F/linker ( 6418): CANNOT LINK EXECUTABLE "/vendor/bin/hw/qvrservice": library "vendor.qti.hardware.qxr-V1-ndk_platform.so" not found: needed by /vendor/lib64/libqvrservice.so in namespace (default)
08-18 17:00:44.401 F/linker ( 6419): CANNOT LINK EXECUTABLE "/vendor/bin/hw/sxrservice": library "vendor.qti.hardware.qxr-V1-ndk_platform.so" not found: needed by main executable
01-01 00:21:44.165 I/init ( 0): Service 'qvrd_vndr' (pid 6418) exited with status 1
01-01 00:21:44.171 I/init ( 0): Sending signal 9 to service 'qvrd_vndr' (pid 6418) process group...
01-01 00:21:44.180 I/libprocessgroup( 0): Successfully killed process cgroup uid 1000 pid 6418 in 0ms
01-01 00:21:44.191 I/init ( 0): Service 'sxrd' (pid 6419) exited with status 1
01-01 00:21:44.197 I/init ( 0): Sending signal 9 to service 'sxrd' (pid 6419) process group...
01-01 00:21:44.624 I/btfm_slim_hw_init( 0): PGD Enum Addr: 00:01:20:02:17: 02
01-01 00:21:44.630 I/btfm_slim_hw_init( 0): IFD Enum Addr: 00:00:20:02:17: 02
01-01 00:21:44.637 I/btfm_slim_hw_init( 0): chipset soc version:400a0200
01-01 00:21:44.643 I/btfm_slim_hw_init( 0): chipset is hastings 2.0, overwriting EA
01-01 00:21:44.649 I/btfm_slim_hw_init( 0): PGD Enum Addr: 00:01:20:02:17: 02
01-01 00:21:44.656 I/btfm_slim_hw_init( 0): IFD Enum Addr: 00:00:20:02:17: 02
01-01 00:21:44.662 I/btfm_slim_alloc_port( 0): chipset soc version:400a0200
01-01 00:21:44.680 I/btfm_slim_enable_ch( 0): chipset soc version:400a0200
01-01 00:21:44.687 I/btfm_slim_enable_ch( 0): channel define - prot:2, dataf:0, auxf:0
01-01 00:21:44.694 I/btfm_slim_enable_ch( 0): channel define - rates:44100, baser:2, ratem:4
01-01 00:21:44.702 I/btfm_slim_enable_ch( 0): slim_connect_sink(port: 16, ch: 157)
01-01 00:21:44.709 I/btfm_slim_enable_ch( 0): port: 16, ch: 157, grp: 0, ch->grph: 0x0, ch_hdl: 0x1d
01-01 00:21:44.719 I/__afe_port_start( 0): port id: 0x400e
01-01 00:21:44.723 I/afe_find_cal_topo_id_by_port( 0): port id: 0x400e, dev_acdb_id: 20
01-01 00:21:44.731 I/afe_find_cal_topo_id_by_port( 0): top_id:112fc acdb_id:20 afe_port_id:0x400e
01-01 00:21:44.739 I/afe_get_cal_topology_id( 0): port_id = 0x400e acdb_id = 20 topology_id = 0x112fc cal_type_index=8 ret=0
01-01 00:21:44.750 I/afe_send_port_topology_id( 0): AFE set topology id 0x112fc enable for port 0x400e ret 0
01-01 00:21:44.759 I/send_afe_cal_type( 0): cal_index is 0
01-01 00:21:44.764 I/send_afe_cal_type( 0): dev_acdb_id[119] is 20
01-01 00:21:44.769 I/afe_find_cal( 0): cal_index 0 port_id 0x400e port_index 119
01-01 00:21:44.776 I/afe_find_cal( 0): acdb_id 20 dev_acdb_id 20 sample_rate 48000 afe_sample_rates 44100
08-18 17:00:45.027 I/ActivityTaskManager( 1152): START u0 {pkg=com.tencent.mtt cmp=com.tencent.mtt/.base.nativeframework.PageDelegateAnimActivity} from uid 10144
01-01 00:21:44.784 I/afe_find_cal( 0): no matching cal_block found
01-01 00:21:44.790 E/ ( 0): send_afe_cal_type cal_block not found!!
01-01 00:21:44.795 I/afe_send_hw_delay( 0): port_id 0x400e rate 44100 delay_usec 0 status 0
08-18 17:00:45.121 I/ActivityTaskManager( 1152): Config changes=20000480 {1.0 ?mcc?mnc [zh_CN] ldltr sw680dp w1586dp h640dp 240dpi lrg long hdr land finger -keyb/v/h -nav/h winConfig={ mBounds=Rect(0, 0 - 2380, 1020) mAppBounds=Rect(0, 0 - 2380, 996) mMaxBounds=Rect(0, 0 - 2380, 1020) mWindowingMode=fullscreen mDisplayWindowingMode=fullscreen mActivityType=undefined mAlwaysOnTop=undefined mRotation=ROTATION_0} s.281 fontWeightAdjustment=0}
08-18 17:00:45.134 W/ActivityTaskManager( 1152): Current config: {1.0 ?mcc?mnc [zh_CN] ldltr sw680dp w680dp h1546dp 240dpi lrg long hdr port finger -keyb/v/h -nav/h winConfig={ mBounds=Rect(0, 0 - 1020, 2380) mAppBounds=Rect(0, 0 - 1020, 2356) mMaxBounds=Rect(0, 0 - 1020, 2380) mWindowingMode=fullscreen mDisplayWindowingMode=fullscreen mActivityType=undefined mAlwaysOnTop=undefined mRotation=ROTATION_270} s.281 fontWeightAdjustment=0} unchanged for IME proc com.android.inputmethod.latin
08-18 17:00:45.138 I/WindowManager( 1152): Override config changes=20000480 {1.0 ?mcc?mnc [zh_CN] ldltr sw680dp w1586dp h640dp 240dpi lrg long hdr land finger -keyb/v/h -nav/h winConfig={ mBounds=Rect(0, 0 - 2380, 1020) mAppBounds=Rect(0, 0 - 2380, 996) mMaxBounds=Rect(0, 0 - 2380, 1020) mWindowingMode=fullscreen mDisplayWindowingMode=fullscreen mActivityType=undefined mAlwaysOnTop=undefined mRotation=ROTATION_0} s.281 fontWeightAdjustment=0} for displayId=0
08-18 17:00:45.139 V/ActivityTaskManager( 1152): Sending to IME proc com.android.inputmethod.latin new config {1.0 ?mcc?mnc [zh_CN] ldltr sw680dp w1586dp h640dp 240dpi lrg long hdr land finger -keyb/v/h -nav/h winConfig={ mBounds=Rect(0, 0 - 2380, 1020) mAppBounds=Rect(0, 0 - 2380, 996) mMaxBounds=Rect(0, 0 - 2380, 1020) mWindowingMode=fullscreen mDisplayWindowingMode=fullscreen mActivityType=undefined mAlwaysOnTop=undefined mRotation=ROTATION_0} s.281 fontWeightAdjustment=0}
08-18 17:00:45.145 I/ActivityTaskManager( 1152): The Process com.tencent.mtt Already Exists in BG. So sending its PID: 3286
01-01 00:21:44.937 D/ ( 0): mv2112_read_status
08-18 17:00:45.165 I/DropBoxManagerService( 1152): add tag=system_app_strictmode isTagEnabled=true flags=0x2
01-01 00:21:44.940 D/mv2112_update_link( 0): 3.0x901(1G): 0x80
08-18 17:00:45.177 I/DropBoxManagerService( 1152): add tag=system_app_strictmode isTagEnabled=true flags=0x2
08-18 17:00:45.187 I/DropBoxManagerService( 1152): add tag=system_app_strictmode isTagEnabled=true flags=0x2
08-18 17:00:45.190 I/DropBoxManagerService( 1152): add tag=system_app_strictmode isTagEnabled=true flags=0x2
01-01 00:21:44.953 D/mv2112_update_link( 0): 3.0x8109(100M): 0x0
01-01 00:21:44.959 D/mv2112_update_link( 0): link 0x0
01-01 00:21:44.963 D/mv2112_read_status( 0): autoneg is disabled
08-18 17:00:45.212 I/DropBoxManagerService( 1152): add tag=system_app_strictmode isTagEnabled=true flags=0x2
08-18 17:00:45.224 I/DropBoxManagerService( 1152): add tag=system_app_strictmode isTagEnabled=true flags=0x2
08-18 17:00:45.236 I/DropBoxManagerService( 1152): add tag=system_app_strictmode isTagEnabled=true flags=0x2
08-18 17:00:45.242 I/DropBoxManagerService( 1152): add tag=system_app_strictmode isTagEnabled=true flags=0x2
08-18 17:00:45.247 I/DropBoxManagerService( 1152): add tag=system_app_strictmode isTagEnabled=true flags=0x2
08-18 17:00:45.259 I/DropBoxManagerService( 1152): add tag=system_app_strictmode isTagEnabled=true flags=0x2
08-18 17:00:45.263 I/DropBoxManagerService( 1152): add tag=system_app_strictmode isTagEnabled=true flags=0x2
08-18 17:00:45.308 I/WindowManager( 1152): finishDrawing of orientation change: Window{671fafd u0 com.tencent.mtt/com.tencent.mtt.MainActivity} 153ms
08-18 17:00:45.324 I/WindowManager( 1152): finishDrawing of orientation change: Window{b81a4e8 u0 StatusBar} 169ms
08-18 17:00:45.332 I/WindowManager( 1152): finishDrawing of orientation change: Window{62d56ae u0 NavigationBar0} 178ms
08-18 17:00:45.363 I/DropBoxManagerService( 1152): add tag=system_app_strictmode isTagEnabled=true flags=0x2
08-18 17:00:45.384 I/DropBoxManagerService( 1152): add tag=system_app_strictmode isTagEnabled=true flags=0x2
08-18 17:00:45.391 I/DropBoxManagerService( 1152): add tag=system_app_strictmode isTagEnabled=true flags=0x2
08-18 17:00:45.396 I/DropBoxManagerService( 1152): add tag=system_app_strictmode isTagEnabled=true flags=0x2
08-18 17:00:45.404 I/DropBoxManagerService( 1152): add tag=system_app_strictmode isTagEnabled=true flags=0x2
08-18 17:00:45.414 I/DropBoxManagerService( 1152): add tag=system_app_strictmode isTagEnabled=true flags=0x2
08-18 17:00:45.439 I/DropBoxManagerService( 1152): add tag=system_app_strictmode isTagEnabled=true flags=0x2
08-18 17:00:45.454 I/DropBoxManagerService( 1152): add tag=system_app_strictmode isTagEnabled=true flags=0x2
08-18 17:00:45.464 I/DropBoxManagerService( 1152): add tag=system_app_strictmode isTagEnabled=true flags=0x2
08-18 17:00:45.470 I/DropBoxManagerService( 1152): add tag=system_app_strictmode isTagEnabled=true flags=0x2
08-18 17:00:45.483 I/DropBoxManagerService( 1152): add tag=system_app_strictmode isTagEnabled=true flags=0x2
08-18 17:00:45.521 I/DropBoxManagerService( 1152): add tag=system_app_strictmode isTagEnabled=true flags=0x2
08-18 17:00:45.527 I/DropBoxManagerService( 1152): add tag=system_app_strictmode isTagEnabled=true flags=0x2
08-18 17:00:45.533 W/ActivityTaskManager( 1152): Activity pause timeout for ActivityRecord{3f87899 u0 com.tencent.mtt/.MainActivity t18}
08-18 17:00:45.533 I/ActivityTaskManager( 1152): The Process com.tencent.mtt Already Exists in BG. So sending its PID: 3286
08-18 17:00:45.534 I/DropBoxManagerService( 1152): add tag=system_app_strictmode isTagEnabled=true flags=0x2
08-18 17:00:45.535 W/ActivityTaskManager( 1152): Tried to set launchTime (0) < mLastActivityLaunchTime (209409)
08-18 17:00:45.539 I/DropBoxManagerService( 1152): add tag=system_app_strictmode isTagEnabled=true flags=0x2
08-18 17:00:45.545 I/DropBoxManagerService( 1152): add tag=system_app_strictmode isTagEnabled=true flags=0x2
08-18 17:00:45.551 I/DropBoxManagerService( 1152): add tag=system_app_strictmode isTagEnabled=true flags=0x2
08-18 17:00:45.570 I/DropBoxManagerService( 1152): add tag=system_app_strictmode isTagEnabled=true flags=0x2
08-18 17:00:45.579 I/DropBoxManagerService( 1152): add tag=system_app_strictmode isTagEnabled=true flags=0x2
08-18 17:00:45.600 I/DropBoxManagerService( 1152): add tag=system_app_strictmode isTagEnabled=true flags=0x2
01-01 00:21:45.368 W/audit ( 0): audit_lost=372 audit_rate_limit=5 audit_backlog_limit=64
01-01 00:21:45.387 E/audit ( 0): rate limit exceeded
08-18 17:00:45.623 I/DropBoxManagerService( 1152): add tag=system_app_strictmode isTagEnabled=true flags=0x2
08-18 17:00:45.630 I/DropBoxManagerService( 1152): add tag=system_app_strictmode isTagEnabled=true flags=0x2
08-18 17:00:45.640 I/DropBoxManagerService( 1152): add tag=system_app_strictmode isTagEnabled=true flags=0x2
08-18 17:00:45.649 I/DropBoxManagerService( 1152): add tag=system_app_strictmode isTagEnabled=true flags=0x2
08-18 17:00:45.657 I/DropBoxManagerService( 1152): add tag=system_app_strictmode isTagEnabled=true flags=0x2
08-18 17:00:45.755 I/WindowManager( 1152): Screen frozen for +692ms due to Window{b62c89c u0 com.tencent.mtt/com.tencent.mtt.base.nativeframework.PageDelegateAnimActivity}
01-01 00:21:45.993 D/ ( 0): mv2112_read_status
01-01 00:21:46.023 D/mv2112_update_link( 0): 3.0x901(1G): 0x80
01-01 00:21:46.052 D/mv2112_update_link( 0): 3.0x8109(100M): 0x0
01-01 00:21:46.057 D/mv2112_update_link( 0): link 0x0
01-01 00:21:46.061 D/mv2112_read_status( 0): autoneg is disabled
01-01 00:21:47.081 D/ ( 0): mv2112_read_status
01-01 00:21:47.085 D/mv2112_update_link( 0): 3.0x901(1G): 0x80
01-01 00:21:47.090 D/mv2112_update_link( 0): 3.0x8109(100M): 0x0
01-01 00:21:47.095 D/mv2112_update_link( 0): link 0x0
01-01 00:21:47.099 D/mv2112_read_status( 0): autoneg is disabled
01-01 00:21:48.105 D/ ( 0): mv2112_read_status
01-01 00:21:48.109 D/mv2112_update_link( 0): 3.0x901(1G): 0x80
01-01 00:21:48.114 D/mv2112_update_link( 0): 3.0x8109(100M): 0x0
01-01 00:21:48.119 D/mv2112_update_link( 0): link 0x0
01-01 00:21:48.123 D/mv2112_read_status( 0): autoneg is disabled
01-01 00:21:48.959 I/afe_close( 0): port_id = 0x400e
01-01 00:21:48.971 I/btfm_slim_disable_ch( 0): port:16, grp: 0, ch->grph:0x0, ch->ch_hdl:0x1d
01-01 00:21:49.111 I/init ( 0): starting service 'qvrd_vndr'...
01-01 00:21:49.119 I/init ( 0): Created socket '/dev/socket/qvrservice_vndr', mode 660, user 1000, group 1000
01-01 00:21:49.130 D/ ( 0): mv2112_read_status
01-01 00:21:49.130 I/init ( 0): Created socket '/dev/socket/qvrservice_vndr_camera', mode 660, user 1000, group 1000
01-01 00:21:49.133 D/mv2112_update_link( 0): 3.0x901(1G): 0x80
01-01 00:21:49.148 D/mv2112_update_link( 0): 3.0x8109(100M): 0x0
01-01 00:21:49.153 D/mv2112_update_link( 0): link 0x0
01-01 00:21:49.157 D/mv2112_read_status( 0): autoneg is disabled
01-01 00:21:49.160 I/init ( 0): starting service 'sxrd'...
08-18 17:00:49.426 F/linker ( 6558): CANNOT LINK EXECUTABLE "/vendor/bin/hw/qvrservice": library "vendor.qti.hardware.qxr-V1-ndk_platform.so" not found: needed by /vendor/lib64/libqvrservice.so in namespace (default)
01-01 00:21:49.181 I/init ( 0): starting service 'vendor.light-hal-2-0'...
01-01 00:21:49.201 I/init ( 0): Service 'qvrd_vndr' (pid 6558) exited with status 1
01-01 00:21:49.208 I/init ( 0): Sending signal 9 to service 'qvrd_vndr' (pid 6558) process group...
01-01 00:21:49.217 I/libprocessgroup( 0): Successfully killed process cgroup uid 1000 pid 6558 in 0ms
08-18 17:00:49.459 F/linker ( 6559): CANNOT LINK EXECUTABLE "/vendor/bin/hw/sxrservice": library "vendor.qti.hardware.qxr-V1-ndk_platform.so" not found: needed by main executable
01-01 00:21:49.228 I/init ( 0): Service 'sxrd' (pid 6559) exited with status 1
01-01 00:21:49.234 I/init ( 0): Sending signal 9 to service 'sxrd' (pid 6559) process group...
01-01 00:21:50.186 D/ ( 0): mv2112_read_status
01-01 00:21:50.189 D/mv2112_update_link( 0): 3.0x901(1G): 0x80
01-01 00:21:50.194 D/mv2112_update_link( 0): 3.0x8109(100M): 0x0
01-01 00:21:50.199 D/mv2112_update_link( 0): link 0x0
01-01 00:21:50.203 D/mv2112_read_status( 0): autoneg is disabled
01-01 00:21:51.209 D/ ( 0): mv2112_read_status
01-01 00:21:51.213 D/mv2112_update_link( 0): 3.0x901(1G): 0x80
01-01 00:21:51.218 D/mv2112_update_link( 0): 3.0x8109(100M): 0x0
01-01 00:21:51.223 D/mv2112_update_link( 0): link 0x0
01-01 00:21:51.227 D/mv2112_read_status( 0): autoneg is disabled
01-01 00:21:52.233 D/ ( 0): mv2112_read_status
01-01 00:21:52.237 D/mv2112_update_link( 0): 3.0x901(1G): 0x80
01-01 00:21:52.242 D/mv2112_update_link( 0): 3.0x8109(100M): 0x0
01-01 00:21:52.247 D/mv2112_update_link( 0): link 0x0
01-01 00:21:52.251 D/mv2112_read_status( 0): autoneg is disabled
01-01 00:21:53.257 D/ ( 0): mv2112_read_status
01-01 00:21:53.261 D/mv2112_update_link( 0): 3.0x901(1G): 0x80
01-01 00:21:53.266 D/mv2112_update_link( 0): 3.0x8109(100M): 0x0
01-01 00:21:53.271 D/mv2112_update_link( 0): link 0x0
01-01 00:21:53.275 D/mv2112_read_status( 0): autoneg is disabled
01-01 00:21:54.158 I/init ( 0): starting service 'qvrd_vndr'...
01-01 00:21:54.164 I/init ( 0): Created socket '/dev/socket/qvrservice_vndr', mode 660, user 1000, group 1000
01-01 00:21:54.174 I/init ( 0): Created socket '/dev/socket/qvrservice_vndr_camera', mode 660, user 1000, group 1000
01-01 00:21:54.197 I/init ( 0): starting service 'sxrd'...
01-01 00:21:54.213 I/init ( 0): starting service 'vendor.light-hal-2-0'...
08-18 17:00:54.480 F/linker ( 6733): CANNOT LINK EXECUTABLE "/vendor/bin/hw/sxrservice": library "vendor.qti.hardware.qxr-V1-ndk_platform.so" not found: needed by main executable
08-18 17:00:54.485 F/linker ( 6732): CANNOT LINK EXECUTABLE "/vendor/bin/hw/qvrservice": library "vendor.qti.hardware.qxr-V1-ndk_platform.so" not found: needed by /vendor/lib64/libqvrservice.so in namespace (default)
01-01 00:21:54.244 I/init ( 0): Service 'sxrd' (pid 6733) exited with status 1
01-01 00:21:54.250 I/init ( 0): Sending signal 9 to service 'sxrd' (pid 6733) process group...
01-01 00:21:54.259 I/libprocessgroup( 0): Successfully killed process cgroup uid 1000 pid 6733 in 0ms
01-01 00:21:54.270 I/init ( 0): Service 'qvrd_vndr' (pid 6732) exited with status 1
01-01 00:21:54.277 I/init ( 0): Sending signal 9 to service 'qvrd_vndr' (pid 6732) process group...
01-01 00:21:54.285 D/ ( 0): mv2112_read_status
01-01 00:21:54.289 D/mv2112_update_link( 0): 3.0x901(1G): 0x80
01-01 00:21:54.301 D/mv2112_update_link( 0): 3.0x8109(100M): 0x0
01-01 00:21:54.306 D/mv2112_update_link( 0): link 0x0
01-01 00:21:54.310 D/mv2112_read_status( 0): autoneg is disabled
01-01 00:21:55.337 D/ ( 0): mv2112_read_status
01-01 00:21:55.341 D/mv2112_update_link( 0): 3.0x901(1G): 0x80
01-01 00:21:55.346 D/mv2112_update_link( 0): 3.0x8109(100M): 0x0
01-01 00:21:55.351 D/mv2112_update_link( 0): link 0x0
01-01 00:21:55.355 D/mv2112_read_status( 0): autoneg is disabled
01-01 00:21:56.361 D/ ( 0): mv2112_read_status
01-01 00:21:56.365 D/mv2112_update_link( 0): 3.0x901(1G): 0x80
01-01 00:21:56.370 D/mv2112_update_link( 0): 3.0x8109(100M): 0x0
01-01 00:21:56.375 D/mv2112_update_link( 0): link 0x0
01-01 00:21:56.379 D/mv2112_read_status( 0): autoneg is disabled
08-18 17:00:56.951 I/DropBoxManagerService( 1152): add tag=system_app_strictmode isTagEnabled=true flags=0x2
08-18 17:00:57.085 D/AutofillManagerService( 1152): Close system dialogs
01-01 00:21:57.386 D/ ( 0): mv2112_read_status
01-01 00:21:57.389 D/mv2112_update_link( 0): 3.0x901(1G): 0x80
01-01 00:21:57.394 D/mv2112_update_link( 0): 3.0x8109(100M): 0x0
01-01 00:21:57.400 D/mv2112_update_link( 0): link 0x0
01-01 00:21:57.404 D/mv2112_read_status( 0): autoneg is disabled
01-01 00:21:58.409 D/ ( 0): mv2112_read_status
01-01 00:21:58.413 D/mv2112_update_link( 0): 3.0x901(1G): 0x80
01-01 00:21:58.418 D/mv2112_update_link( 0): 3.0x8109(100M): 0x0
01-01 00:21:58.423 D/mv2112_update_link( 0): link 0x0
01-01 00:21:58.427 D/mv2112_read_status( 0): autoneg is disabled
01-01 00:21:59.198 I/init ( 0): starting service 'qvrd_vndr'...
01-01 00:21:59.205 I/init ( 0): Created socket '/dev/socket/qvrservice_vndr', mode 660, user 1000, group 1000
01-01 00:21:59.215 I/init ( 0): Created socket '/dev/socket/qvrservice_vndr_camera', mode 660, user 1000, group 1000
01-01 00:21:59.248 I/init ( 0): starting service 'sxrd'...
08-18 17:00:59.498 F/linker ( 6839): CANNOT LINK EXECUTABLE "/vendor/bin/hw/qvrservice": library "vendor.qti.hardware.qxr-V1-ndk_platform.so" not found: needed by /vendor/lib64/libqvrservice.so in namespace (default)
01-01 00:21:59.298 I/init ( 0): Service 'qvrd_vndr' (pid 6839) exited with status 1
01-01 00:21:59.306 I/init ( 0): Sending signal 9 to service 'qvrd_vndr' (pid 6839) process group...
01-01 00:21:59.315 I/libprocessgroup( 0): Successfully killed process cgroup uid 1000 pid 6839 in 0ms
01-01 00:21:59.326 I/init ( 0): starting service 'vendor.light-hal-2-0'...
08-18 17:00:59.573 F/linker ( 6843): CANNOT LINK EXECUTABLE "/vendor/bin/hw/sxrservice": library "vendor.qti.hardware.qxr-V1-ndk_platform.so" not found: needed by main executable
01-01 00:21:59.344 I/init ( 0): Service 'sxrd' (pid 6843) exited with status 1
01-01 00:21:59.350 I/init ( 0): Sending signal 9 to service 'sxrd' (pid 6843) process group...
01-01 00:21:59.433 D/ ( 0): mv2112_read_status
01-01 00:21:59.436 D/mv2112_update_link( 0): 3.0x901(1G): 0x80
01-01 00:21:59.442 D/mv2112_update_link( 0): 3.0x8109(100M): 0x0
01-01 00:21:59.447 D/mv2112_update_link( 0): link 0x0
01-01 00:21:59.451 D/mv2112_read_status( 0): autoneg is disabled
01-01 00:22:00.458 D/ ( 0): mv2112_read_status
01-01 00:22:00.461 D/mv2112_update_link( 0): 3.0x901(1G): 0x80
01-01 00:22:00.467 D/mv2112_update_link( 0): 3.0x8109(100M): 0x0
01-01 00:22:00.472 D/mv2112_update_link( 0): link 0x0
01-01 00:22:00.476 D/mv2112_read_status( 0): autoneg is disabled
01-01 00:22:01.482 D/ ( 0): mv2112_read_status
01-01 00:22:01.485 D/mv2112_update_link( 0): 3.0x901(1G): 0x80
01-01 00:22:01.491 D/mv2112_update_link( 0): 3.0x8109(100M): 0x0
01-01 00:22:01.496 D/mv2112_update_link( 0): link 0x0
01-01 00:22:01.500 D/mv2112_read_status( 0): autoneg is disabled
08-18 17:01:01.786 I/ActivityTaskManager( 1152): START u0 {act=android.intent.action.MAIN cat=[android.intent.category.LAUNCHER] flg=0x10200000 cmp=com.android.settings/.Settings bnds=[1529,779][1827,1092]} from uid 10104
08-18 17:01:01.810 W/ActivityTaskManager( 1152): Can't find TaskDisplayArea to determine support for multi window. Task id=22 attached=false
08-18 17:01:01.833 D/PhoneStartingWindowTypeAlgorithm( 1849): preferredStartingWindowType newTask:true taskSwitch:true processRunning:false allowTaskSnapshot:true activityCreated:false useEmptySplashScreen:false legacySplashScreen:false topIsHome:false
08-18 17:01:01.833 D/StartingSurfaceDrawer( 1849): addSplashScreen com.android.settings theme=7f13033e task=22 suggestType=1
08-18 17:01:01.841 D/CompatibilityChangeReporter( 1152): Compat change id reported: 135634846; UID 1000; state: DISABLED
08-18 17:01:01.841 D/CompatibilityChangeReporter( 1152): Compat change id reported: 177438394; UID 1000; state: DISABLED
08-18 17:01:01.841 D/CompatibilityChangeReporter( 1152): Compat change id reported: 135772972; UID 1000; state: DISABLED
08-18 17:01:01.842 D/CompatibilityChangeReporter( 1152): Compat change id reported: 135754954; UID 1000; state: ENABLED
08-18 17:01:01.850 D/StartingSurfaceDrawer( 1849): window attributes color: 0 icon null duration 0 brandImage null
08-18 17:01:01.860 D/StartingSurfaceDrawer( 1849): FgMainColor=fff5f5f5 BgMainColor=ff00668b IsBgComplex=false FromCache=true ThemeColor=fff0f0f3
08-18 17:01:01.860 D/StartingSurfaceDrawer( 1849): isRgbSimilarInHsv a: fff0f0f3 b ff00668b contrast ratio: 5.6404657
08-18 17:01:01.860 D/StartingSurfaceDrawer( 1849): hsvDiff 44 ah 240.0 bh 195.97124 as 0.012345679 bs 1.0 av 0.9529412 bv 0.54509807 sqH 0.059753086581642245 sqS 0.975461072301087 sqV 0.16633600477712207 root 0.6328639041847389
08-18 17:01:01.861 D/StartingSurfaceDrawer( 1849): makeSplashScreenContentView: draw whole icon
08-18 17:01:01.862 D/StartingSurfaceDrawer( 1849): fillViewWithIcon surfaceWindowView android.window.SplashScreenView{a91485c V.E...... ......ID 0,0-0,0}
08-18 17:01:01.881 I/ActivityManager( 1152): Start proc 6880:com.android.settings/1000 for pre-top-activity {com.android.settings/com.android.settings.Settings}
08-18 17:01:01.882 W/ContextImpl( 1152): Calling a method in the system process without a qualified user: android.app.ContextImpl.sendBroadcast:1173 com.qualcomm.qti.Performance$SendGameLaunchBroadcast.run:217 java.lang.Thread.run:920
01-01 00:22:01.667 I/btfm_slim_hw_init( 0): PGD Enum Addr: 00:01:20:02:17: 02
01-01 00:22:01.673 I/btfm_slim_hw_init( 0): IFD Enum Addr: 00:00:20:02:17: 02
01-01 00:22:01.677 I/binder ( 0): 6880:6880 ioctl 40046210 7fc78c36c4 returned -22
01-01 00:22:01.679 I/btfm_slim_hw_init( 0): chipset soc version:400a0200
01-01 00:22:01.692 I/btfm_slim_hw_init( 0): chipset is hastings 2.0, overwriting EA
01-01 00:22:01.699 I/btfm_slim_hw_init( 0): PGD Enum Addr: 00:01:20:02:17: 02
01-01 00:22:01.705 I/btfm_slim_hw_init( 0): IFD Enum Addr: 00:00:20:02:17: 02
01-01 00:22:01.711 I/btfm_slim_alloc_port( 0): chipset soc version:400a0200
01-01 00:22:01.728 I/btfm_slim_enable_ch( 0): chipset soc version:400a0200
01-01 00:22:01.735 I/btfm_slim_enable_ch( 0): channel define - prot:2, dataf:0, auxf:0
01-01 00:22:01.742 I/btfm_slim_enable_ch( 0): channel define - rates:44100, baser:2, ratem:4
01-01 00:22:01.750 I/btfm_slim_enable_ch( 0): slim_connect_sink(port: 16, ch: 157)
01-01 00:22:01.757 I/btfm_slim_enable_ch( 0): port: 16, ch: 157, grp: 0, ch->grph: 0x0, ch_hdl: 0x1d
01-01 00:22:01.766 I/__afe_port_start( 0): port id: 0x400e
01-01 00:22:01.771 I/afe_find_cal_topo_id_by_port( 0): port id: 0x400e, dev_acdb_id: 20
01-01 00:22:01.778 I/afe_find_cal_topo_id_by_port( 0): top_id:112fc acdb_id:20 afe_port_id:0x400e
01-01 00:22:01.786 I/afe_get_cal_topology_id( 0): port_id = 0x400e acdb_id = 20 topology_id = 0x112fc cal_type_index=8 ret=0
08-18 17:01:02.027 E/UserRestrictionsUtils( 1152): Unknown restriction queried by uid 1000 (com.android.localtransport et al): null
01-01 00:22:01.797 I/afe_send_port_topology_id( 0): AFE set topology id 0x112fc enable for port 0x400e ret 0
01-01 00:22:01.807 I/send_afe_cal_type( 0): cal_index is 0
01-01 00:22:01.811 I/send_afe_cal_type( 0): dev_acdb_id[119] is 20
01-01 00:22:01.817 I/afe_find_cal( 0): cal_index 0 port_id 0x400e port_index 119
01-01 00:22:01.823 I/afe_find_cal( 0): acdb_id 20 dev_acdb_id 20 sample_rate 48000 afe_sample_rates 44100
01-01 00:22:01.832 I/afe_find_cal( 0): no matching cal_block found
01-01 00:22:01.838 E/ ( 0): send_afe_cal_type cal_block not found!!
01-01 00:22:01.843 I/afe_send_hw_delay( 0): port_id 0x400e rate 44100 delay_usec 0 status 0
01-01 00:22:01.923 I/binder ( 0): 6880:6899 ioctl 40046210 7a7442c1f4 returned -22
08-18 17:01:02.204 D/StartingSurfaceDrawer( 1849): Task start finish, remove starting surface for task 22
08-18 17:01:02.204 V/StartingSurfaceDrawer( 1849): Removing splash screen window for task: 22
01-01 00:22:02.505 D/ ( 0): mv2112_read_status
01-01 00:22:02.509 D/mv2112_update_link( 0): 3.0x901(1G): 0x80
01-01 00:22:02.514 D/mv2112_update_link( 0): 3.0x8109(100M): 0x0
01-01 00:22:02.519 D/mv2112_update_link( 0): link 0x0
01-01 00:22:02.523 D/mv2112_read_status( 0): autoneg is disabled
01-01 00:22:03.530 D/ ( 0): mv2112_read_status
01-01 00:22:03.534 D/mv2112_update_link( 0): 3.0x901(1G): 0x80
01-01 00:22:03.539 D/mv2112_update_link( 0): 3.0x8109(100M): 0x0
01-01 00:22:03.544 D/mv2112_update_link( 0): link 0x0
01-01 00:22:03.548 D/mv2112_read_status( 0): autoneg is disabled
08-18 17:01:04.062 I/ActivityTaskManager( 1152): START u0 {act=android.intent.action.MAIN cmp=com.android.settings/.SubSettings (has extras)} from uid 1000
08-18 17:01:04.083 I/ActivityTaskManager( 1152): The Process com.android.settings Already Exists in BG. So sending its PID: 6880
08-18 17:01:04.084 W/ActivityTaskManager( 1152): Tried to set launchTime (0) < mLastActivityLaunchTime (440917)
08-18 17:01:04.131 W/ContextImpl( 6880): Calling a method in the system process without a qualified user: android.app.ContextImpl.bindService:1895 android.content.ContextWrapper.bindService:810 com.qti.extphone.ExtTelephonyManager.connectService:170 com.android.settings.network.telephony.TelephonyUtils.connectExtTelephonyService:206 com.android.settings.network.NetworkDashboardFragment.buildPreferenceControllers:103
08-18 17:01:04.157 E/UserRestrictionsUtils( 1152): Unknown restriction queried by uid 1000 (com.android.localtransport et al): null
08-18 17:01:04.213 D/PackageManager( 1152): Instant App installer not found with android.intent.action.INSTALL_INSTANT_APP_PACKAGE
08-18 17:01:04.213 D/PackageManager( 1152): Clear ephemeral installer activity
08-18 17:01:04.321 D/PackageManager( 1152): Instant App installer not found with android.intent.action.INSTALL_INSTANT_APP_PACKAGE
08-18 17:01:04.321 D/PackageManager( 1152): Clear ephemeral installer activity
01-01 00:22:04.112 I/[schedu][0x209bf1fdb][17:01:04.348922] wlan( 0): [2797:I:OSIF] scan start scan id 40997
01-01 00:22:04.239 I/init ( 0): starting service 'qvrd_vndr'...
01-01 00:22:04.251 I/init ( 0): Created socket '/dev/socket/qvrservice_vndr', mode 660, user 1000, group 1000
01-01 00:22:04.262 I/init ( 0): Created socket '/dev/socket/qvrservice_vndr_camera', mode 660, user 1000, group 1000
01-01 00:22:04.293 I/init ( 0): starting service 'sxrd'...
08-18 17:01:04.565 F/linker ( 6938): CANNOT LINK EXECUTABLE "/vendor/bin/hw/qvrservice": library "vendor.qti.hardware.qxr-V1-ndk_platform.so" not found: needed by /vendor/lib64/libqvrservice.so in namespace (default)
01-01 00:22:04.329 I/init ( 0): Service 'qvrd_vndr' (pid 6938) exited with status 1
01-01 00:22:04.336 I/init ( 0): Sending signal 9 to service 'qvrd_vndr' (pid 6938) process group...
08-18 17:01:04.578 F/linker ( 6939): CANNOT LINK EXECUTABLE "/vendor/bin/hw/sxrservice": library "vendor.qti.hardware.qxr-V1-ndk_platform.so" not found: needed by main executable
01-01 00:22:04.344 I/libprocessgroup( 0): Successfully killed process cgroup uid 1000 pid 6938 in 0ms
01-01 00:22:04.354 I/init ( 0): Service 'sxrd' (pid 6939) exited with status 1
01-01 00:22:04.361 I/init ( 0): Sending signal 9 to service 'sxrd' (pid 6939) process group...
01-01 00:22:04.369 I/libprocessgroup( 0): Successfully killed process cgroup uid 1000 pid 6939 in 0ms
01-01 00:22:04.554 D/ ( 0): mv2112_read_status
01-01 00:22:04.558 D/mv2112_update_link( 0): 3.0x901(1G): 0x80
01-01 00:22:04.563 D/mv2112_update_link( 0): 3.0x8109(100M): 0x0
01-01 00:22:04.568 D/mv2112_update_link( 0): link 0x0
01-01 00:22:04.572 D/mv2112_read_status( 0): autoneg is disabled
08-18 17:01:05.233 D/CompanionDeviceManagerService( 1152): onPackageModified(packageName = com.android.settings)
08-18 17:01:05.256 I/Telecom ( 1152): DefaultDialerCache: Refreshing default dialer for user 0: now null: DDC.oR@AD8
01-01 00:22:05.046 I/binder ( 0): 6941:6941 ioctl 40046210 7fe5dccc34 returned -22
08-18 17:01:05.297 W/VoiceInteractionManager( 1152): no available voice recognition services found for user 0
08-18 17:01:05.357 E/TaskPersister( 1152): File error accessing recents directory (directory doesn't exist?).
01-01 00:22:05.578 D/ ( 0): mv2112_read_status
01-01 00:22:05.581 D/mv2112_update_link( 0): 3.0x901(1G): 0x80
01-01 00:22:05.586 D/mv2112_update_link( 0): 3.0x8109(100M): 0x0
01-01 00:22:05.592 D/mv2112_update_link( 0): link 0x0
01-01 00:22:05.596 D/mv2112_read_status( 0): autoneg is disabled
08-18 17:01:06.361 I/ActivityTaskManager( 1152): START u0 {act=android.intent.action.MAIN cmp=com.android.settings/.SubSettings (has extras)} from uid 1000
01-01 00:22:06.150 I/[schedu][0x20c146acb][17:01:06.387681] wlan( 0): [2797:I:OSIF] vdev 0, scan id 40997 type COMPLETED(1) reason COMPLETED(1) scan found 37 bss
08-18 17:01:06.413 I/ActivityTaskManager( 1152): The Process com.android.settings Already Exists in BG. So sending its PID: 6880
08-18 17:01:06.414 W/ActivityTaskManager( 1152): Tried to set launchTime (0) < mLastActivityLaunchTime (443071)
08-18 17:01:06.551 D/PackageManager( 1152): Instant App installer not found with android.intent.action.INSTALL_INSTANT_APP_PACKAGE
08-18 17:01:06.551 D/PackageManager( 1152): Clear ephemeral installer activity
08-18 17:01:06.611 D/PackageManager( 1152): Instant App installer not found with android.intent.action.INSTALL_INSTANT_APP_PACKAGE
08-18 17:01:06.611 D/PackageManager( 1152): Clear ephemeral installer activity
01-01 00:22:06.565 I/[schedu][0x20c8dfcff][17:01:06.802644] wlan( 0): [2797:I:OSIF] scan start scan id 40998
01-01 00:22:06.601 D/ ( 0): mv2112_read_status
01-01 00:22:06.605 D/mv2112_update_link( 0): 3.0x901(1G): 0x80
01-01 00:22:06.610 D/mv2112_update_link( 0): 3.0x8109(100M): 0x0
01-01 00:22:06.615 D/mv2112_update_link( 0): link 0x0
01-01 00:22:06.619 D/mv2112_read_status( 0): autoneg is disabled
08-18 17:01:07.565 D/CompanionDeviceManagerService( 1152): onPackageModified(packageName = com.android.settings)
08-18 17:01:07.581 I/Telecom ( 1152): DefaultDialerCache: Refreshing default dialer for user 0: now null: DDC.oR@AEA
08-18 17:01:07.612 W/VoiceInteractionManager( 1152): no available voice recognition services found for user 0
01-01 00:22:07.626 D/ ( 0): mv2112_read_status
01-01 00:22:07.629 D/mv2112_update_link( 0): 3.0x901(1G): 0x80
01-01 00:22:07.635 D/mv2112_update_link( 0): 3.0x8109(100M): 0x0
01-01 00:22:07.640 D/mv2112_update_link( 0): link 0x0
01-01 00:22:07.644 D/mv2112_read_status( 0): autoneg is disabled
01-01 00:22:08.283 I/[schedu][0x20e8515de][17:01:08.519883] wlan( 0): [2797:I:OSIF] vdev 0, scan id 40998 type COMPLETED(1) reason COMPLETED(1) scan found 45 bss
01-01 00:22:08.650 D/ ( 0): mv2112_read_status
01-01 00:22:08.654 D/mv2112_update_link( 0): 3.0x901(1G): 0x80
01-01 00:22:08.659 D/mv2112_update_link( 0): 3.0x8109(100M): 0x0
01-01 00:22:08.664 D/mv2112_update_link( 0): link 0x0
01-01 00:22:08.668 D/mv2112_read_status( 0): autoneg is disabled
08-18 17:01:09.519 E/TaskPersister( 1152): File error accessing recents directory (directory doesn't exist?).
01-01 00:22:09.289 I/init ( 0): starting service 'qvrd_vndr'...
01-01 00:22:09.296 I/init ( 0): Created socket '/dev/socket/qvrservice_vndr', mode 660, user 1000, group 1000
01-01 00:22:09.307 I/init ( 0): Created socket '/dev/socket/qvrservice_vndr_camera', mode 660, user 1000, group 1000
01-01 00:22:09.351 I/init ( 0): starting service 'sxrd'...
08-18 17:01:09.621 F/linker ( 6960): CANNOT LINK EXECUTABLE "/vendor/bin/hw/qvrservice": library "vendor.qti.hardware.qxr-V1-ndk_platform.so" not found: needed by /vendor/lib64/libqvrservice.so in namespace (default)
01-01 00:22:09.385 I/init ( 0): Service 'qvrd_vndr' (pid 6960) exited with status 1
01-01 00:22:09.392 I/init ( 0): Sending signal 9 to service 'qvrd_vndr' (pid 6960) process group...
08-18 17:01:09.641 F/linker ( 6961): CANNOT LINK EXECUTABLE "/vendor/bin/hw/sxrservice": library "vendor.qti.hardware.qxr-V1-ndk_platform.so" not found: needed by main executable
01-01 00:22:09.400 I/libprocessgroup( 0): Successfully killed process cgroup uid 1000 pid 6960 in 0ms
01-01 00:22:09.413 I/init ( 0): Service 'sxrd' (pid 6961) exited with status 1
01-01 00:22:09.421 I/init ( 0): Sending signal 9 to service 'sxrd' (pid 6961) process group...
01-01 00:22:09.428 I/libprocessgroup( 0): Successfully killed process cgroup uid 1000 pid 6961 in 0ms
01-01 00:22:09.638 I/afe_close( 0): port_id = 0x400e
01-01 00:22:09.650 I/btfm_slim_disable_ch( 0): port:16, grp: 0, ch->grph:0x0, ch->ch_hdl:0x1d
01-01 00:22:09.674 D/ ( 0): mv2112_read_status
01-01 00:22:09.677 D/mv2112_update_link( 0): 3.0x901(1G): 0x80
01-01 00:22:09.683 D/mv2112_update_link( 0): 3.0x8109(100M): 0x0
01-01 00:22:09.688 D/mv2112_update_link( 0): link 0x0
01-01 00:22:09.692 D/mv2112_read_status( 0): autoneg is disabled
01-01 00:22:10.697 D/ ( 0): mv2112_read_status
01-01 00:22:10.701 D/mv2112_update_link( 0): 3.0x901(1G): 0x80
01-01 00:22:10.706 D/mv2112_update_link( 0): 3.0x8109(100M): 0x0
01-01 00:22:10.711 D/mv2112_update_link( 0): link 0x0
01-01 00:22:10.715 D/mv2112_read_status( 0): autoneg is disabled
01-01 00:22:11.722 D/ ( 0): mv2112_read_status
01-01 00:22:11.725 D/mv2112_update_link( 0): 3.0x901(1G): 0x80
01-01 00:22:11.730 D/mv2112_update_link( 0): 3.0x8109(100M): 0x0
01-01 00:22:11.736 D/mv2112_update_link( 0): link 0x0
01-01 00:22:11.740 D/mv2112_read_status( 0): autoneg is disabled
01-01 00:22:12.746 D/ ( 0): mv2112_read_status
01-01 00:22:12.749 D/mv2112_update_link( 0): 3.0x901(1G): 0x80
01-01 00:22:12.755 D/mv2112_update_link( 0): 3.0x8109(100M): 0x0
01-01 00:22:12.760 D/mv2112_update_link( 0): link 0x0
01-01 00:22:12.764 D/mv2112_read_status( 0): autoneg is disabled
01-01 00:22:13.770 D/ ( 0): mv2112_read_status
01-01 00:22:13.774 D/mv2112_update_link( 0): 3.0x901(1G): 0x80
01-01 00:22:13.779 D/mv2112_update_link( 0): 3.0x8109(100M): 0x0
01-01 00:22:13.784 D/mv2112_update_link( 0): link 0x0
01-01 00:22:13.788 D/mv2112_read_status( 0): autoneg is disabled
01-01 00:22:14.332 I/init ( 0): starting service 'qvrd_vndr'...
01-01 00:22:14.342 I/init ( 0): Created socket '/dev/socket/qvrservice_vndr', mode 660, user 1000, group 1000
01-01 00:22:14.356 I/init ( 0): Created socket '/dev/socket/qvrservice_vndr_camera', mode 660, user 1000, group 1000
01-01 00:22:14.410 I/init ( 0): starting service 'sxrd'...
08-18 17:01:14.663 F/linker ( 6995): CANNOT LINK EXECUTABLE "/vendor/bin/hw/qvrservice": library "vendor.qti.hardware.qxr-V1-ndk_platform.so" not found: needed by /vendor/lib64/libqvrservice.so in namespace (default)
01-01 00:22:14.446 I/init ( 0): Service 'qvrd_vndr' (pid 6995) exited with status 1
01-01 00:22:14.452 I/init ( 0): Sending signal 9 to service 'qvrd_vndr' (pid 6995) process group...
01-01 00:22:14.461 I/libprocessgroup( 0): Successfully killed process cgroup uid 1000 pid 6995 in 0ms
01-01 00:22:14.471 I/init ( 0): starting service 'vendor.light-hal-2-0'...
08-18 17:01:14.726 F/linker ( 6996): CANNOT LINK EXECUTABLE "/vendor/bin/hw/sxrservice": library "vendor.qti.hardware.qxr-V1-ndk_platform.so" not found: needed by main executable
01-01 00:22:14.493 I/init ( 0): Service 'sxrd' (pid 6996) exited with status 1
01-01 00:22:14.499 I/init ( 0): Sending signal 9 to service 'sxrd' (pid 6996) process group...
01-01 00:22:14.794 D/ ( 0): mv2112_read_status
01-01 00:22:14.797 D/mv2112_update_link( 0): 3.0x901(1G): 0x80
01-01 00:22:14.803 D/mv2112_update_link( 0): 3.0x8109(100M): 0x0
01-01 00:22:14.808 D/mv2112_update_link( 0): link 0x0
01-01 00:22:14.812 D/mv2112_read_status( 0): autoneg is disabled
01-01 00:22:15.818 D/ ( 0): mv2112_read_status
01-01 00:22:15.822 D/mv2112_update_link( 0): 3.0x901(1G): 0x80
01-01 00:22:15.827 D/mv2112_update_link( 0): 3.0x8109(100M): 0x0
01-01 00:22:15.832 D/mv2112_update_link( 0): link 0x0
01-01 00:22:15.836 D/mv2112_read_status( 0): autoneg is disabled
01-01 00:22:16.591 I/[schedu][0x21807325d][17:01:16.828317] wlan( 0): [2797:I:OSIF] scan start scan id 40999
01-01 00:22:16.841 D/ ( 0): mv2112_read_status
01-01 00:22:16.845 D/mv2112_update_link( 0): 3.0x901(1G): 0x80
01-01 00:22:16.850 D/mv2112_update_link( 0): 3.0x8109(100M): 0x0
01-01 00:22:16.855 D/mv2112_update_link( 0): link 0x0
01-01 00:22:16.859 D/mv2112_read_status( 0): autoneg is disabled
08-18 17:01:17.603 W/OverlayManager( 1152): service 'idmap' died
01-01 00:22:17.866 D/ ( 0): mv2112_read_status
01-01 00:22:17.869 D/mv2112_update_link( 0): 3.0x901(1G): 0x80
01-01 00:22:17.874 D/mv2112_update_link( 0): 3.0x8109(100M): 0x0
01-01 00:22:17.879 D/mv2112_update_link( 0): link 0x0
01-01 00:22:17.883 D/mv2112_read_status( 0): autoneg is disabled
01-01 00:22:18.601 I/[schedu][0x21a54164e][17:01:18.838443] wlan( 0): [2797:I:OSIF] vdev 0, scan id 40999 type COMPLETED(1) reason COMPLETED(1) scan found 67 bss
01-01 00:22:18.890 D/ ( 0): mv2112_read_status
01-01 00:22:18.893 D/mv2112_update_link( 0): 3.0x901(1G): 0x80
01-01 00:22:18.899 D/mv2112_update_link( 0): 3.0x8109(100M): 0x0
01-01 00:22:18.904 D/mv2112_update_link( 0): link 0x0
01-01 00:22:18.908 D/mv2112_read_status( 0): autoneg is disabled
01-01 00:22:19.403 I/init ( 0): starting service 'qvrd_vndr'...
01-01 00:22:19.413 I/init ( 0): Created socket '/dev/socket/qvrservice_vndr', mode 660, user 1000, group 1000
01-01 00:22:19.425 I/init ( 0): Created socket '/dev/socket/qvrservice_vndr_camera', mode 660, user 1000, group 1000
01-01 00:22:19.474 I/init ( 0): starting service 'sxrd'...
01-01 00:22:19.495 I/init ( 0): starting service 'vendor.light-hal-2-0'...
08-18 17:01:19.744 F/linker ( 7014): CANNOT LINK EXECUTABLE "/vendor/bin/hw/qvrservice": library "vendor.qti.hardware.qxr-V1-ndk_platform.so" not found: needed by /vendor/lib64/libqvrservice.so in namespace (default)
01-01 00:22:19.514 I/init ( 0): Service 'qvrd_vndr' (pid 7014) exited with status 1
01-01 00:22:19.521 I/init ( 0): Sending signal 9 to service 'qvrd_vndr' (pid 7014) process group...
01-01 00:22:19.529 I/libprocessgroup( 0): Successfully killed process cgroup uid 1000 pid 7014 in 0ms
08-18 17:01:19.776 F/linker ( 7015): CANNOT LINK EXECUTABLE "/vendor/bin/hw/sxrservice": library "vendor.qti.hardware.qxr-V1-ndk_platform.so" not found: needed by main executable
01-01 00:22:19.540 I/init ( 0): Service 'sxrd' (pid 7015) exited with status 1
01-01 00:22:19.546 I/init ( 0): Sending signal 9 to service 'sxrd' (pid 7015) process group...
01-01 00:22:19.914 D/ ( 0): mv2112_read_status
01-01 00:22:19.918 D/mv2112_update_link( 0): 3.0x901(1G): 0x80
01-01 00:22:19.923 D/mv2112_update_link( 0): 3.0x8109(100M): 0x0
01-01 00:22:19.928 D/mv2112_update_link( 0): link 0x0
01-01 00:22:19.932 D/mv2112_read_status( 0): autoneg is disabled
01-01 00:22:20.938 D/ ( 0): mv2112_read_status
01-01 00:22:20.942 D/mv2112_update_link( 0): 3.0x901(1G): 0x80
01-01 00:22:20.947 D/mv2112_update_link( 0): 3.0x8109(100M): 0x0
01-01 00:22:20.952 D/mv2112_update_link( 0): link 0x0
01-01 00:22:20.956 D/mv2112_read_status( 0): autoneg is disabled
01-01 00:22:21.962 D/ ( 0): mv2112_read_status
01-01 00:22:21.966 D/mv2112_update_link( 0): 3.0x901(1G): 0x80
01-01 00:22:21.971 D/mv2112_update_link( 0): 3.0x8109(100M): 0x0
01-01 00:22:21.976 D/mv2112_update_link( 0): link 0x0
01-01 00:22:21.980 D/mv2112_read_status( 0): autoneg is disabled
01-01 00:22:22.986 D/ ( 0): mv2112_read_status
01-01 00:22:22.989 D/mv2112_update_link( 0): 3.0x901(1G): 0x80
01-01 00:22:22.995 D/mv2112_update_link( 0): 3.0x8109(100M): 0x0
01-01 00:22:23.000 D/mv2112_update_link( 0): link 0x0
01-01 00:22:23.004 D/mv2112_read_status( 0): autoneg is disabled
01-01 00:22:24.010 D/ ( 0): mv2112_read_status
01-01 00:22:24.013 D/mv2112_update_link( 0): 3.0x901(1G): 0x80
01-01 00:22:24.018 D/mv2112_update_link( 0): 3.0x8109(100M): 0x0
01-01 00:22:24.024 D/mv2112_update_link( 0): link 0x0
01-01 00:22:24.028 D/mv2112_read_status( 0): autoneg is disabled
01-01 00:22:24.469 I/init ( 0): starting service 'qvrd_vndr'...
01-01 00:22:24.476 I/init ( 0): Created socket '/dev/socket/qvrservice_vndr', mode 660, user 1000, group 1000
01-01 00:22:24.486 I/init ( 0): Created socket '/dev/socket/qvrservice_vndr_camera', mode 660, user 1000, group 1000
01-01 00:22:24.513 I/init ( 0): starting service 'sxrd'...
01-01 00:22:24.533 I/init ( 0): starting service 'vendor.light-hal-2-0'...
08-18 17:01:24.802 F/linker ( 7030): CANNOT LINK EXECUTABLE "/vendor/bin/hw/qvrservice": library "vendor.qti.hardware.qxr-V1-ndk_platform.so" not found: needed by /vendor/lib64/libqvrservice.so in namespace (default)
08-18 17:01:24.804 F/linker ( 7031): CANNOT LINK EXECUTABLE "/vendor/bin/hw/sxrservice": library "vendor.qti.hardware.qxr-V1-ndk_platform.so" not found: needed by main executable
01-01 00:22:24.567 I/init ( 0): Service 'qvrd_vndr' (pid 7030) exited with status 1
01-01 00:22:24.574 I/init ( 0): Sending signal 9 to service 'qvrd_vndr' (pid 7030) process group...
01-01 00:22:24.582 I/libprocessgroup( 0): Successfully killed process cgroup uid 1000 pid 7030 in 0ms
01-01 00:22:24.593 I/init ( 0): Service 'sxrd' (pid 7031) exited with status 1
01-01 00:22:24.599 I/init ( 0): Sending signal 9 to service 'sxrd' (pid 7031) process group...
01-01 00:22:25.034 D/ ( 0): mv2112_read_status
01-01 00:22:25.038 D/mv2112_update_link( 0): 3.0x901(1G): 0x80
01-01 00:22:25.043 D/mv2112_update_link( 0): 3.0x8109(100M): 0x0
01-01 00:22:25.048 D/mv2112_update_link( 0): link 0x0
01-01 00:22:25.052 D/mv2112_read_status( 0): autoneg is disabled
01-01 00:22:26.058 D/ ( 0): mv2112_read_status
01-01 00:22:26.062 D/mv2112_update_link( 0): 3.0x901(1G): 0x80
01-01 00:22:26.067 D/mv2112_update_link( 0): 3.0x8109(100M): 0x0
01-01 00:22:26.072 D/mv2112_update_link( 0): link 0x0
01-01 00:22:26.076 D/mv2112_read_status( 0): autoneg is disabled
01-01 00:22:26.613 I/[schedu][0x2237f48ea][17:01:26.850163] wlan( 0): [2797:I:OSIF] scan start scan id 41000
01-01 00:22:27.082 D/ ( 0): mv2112_read_status
01-01 00:22:27.086 D/mv2112_update_link( 0): 3.0x901(1G): 0x80
01-01 00:22:27.091 D/mv2112_update_link( 0): 3.0x8109(100M): 0x0
01-01 00:22:27.096 D/mv2112_update_link( 0): link 0x0
01-01 00:22:27.100 D/mv2112_read_status( 0): autoneg is disabled
01-01 00:22:28.106 D/ ( 0): mv2112_read_status
01-01 00:22:28.109 D/mv2112_update_link( 0): 3.0x901(1G): 0x80
01-01 00:22:28.114 D/mv2112_update_link( 0): 3.0x8109(100M): 0x0
01-01 00:22:28.120 D/mv2112_update_link( 0): link 0x0
01-01 00:22:28.124 D/mv2112_read_status( 0): autoneg is disabled
01-01 00:22:28.898 I/[schedu][0x2261cba3d][17:01:29.135194] wlan( 0): [2797:I:OSIF] vdev 0, scan id 41000 type COMPLETED(1) reason COMPLETED(1) scan found 54 bss
01-01 00:22:29.130 D/ ( 0): mv2112_read_status
01-01 00:22:29.133 D/mv2112_update_link( 0): 3.0x901(1G): 0x80
01-01 00:22:29.139 D/mv2112_update_link( 0): 3.0x8109(100M): 0x0
01-01 00:22:29.144 D/mv2112_update_link( 0): link 0x0
01-01 00:22:29.148 D/mv2112_read_status( 0): autoneg is disabled
01-01 00:22:29.514 I/init ( 0): starting service 'qvrd_vndr'...
01-01 00:22:29.523 I/init ( 0): Created socket '/dev/socket/qvrservice_vndr', mode 660, user 1000, group 1000
01-01 00:22:29.537 I/init ( 0): Created socket '/dev/socket/qvrservice_vndr_camera', mode 660, user 1000, group 1000
01-01 00:22:29.585 I/init ( 0): starting service 'sxrd'...
01-01 00:22:29.605 I/init ( 0): starting service 'vendor.light-hal-2-0'...
08-18 17:01:29.862 F/linker ( 7039): CANNOT LINK EXECUTABLE "/vendor/bin/hw/qvrservice": library "vendor.qti.hardware.qxr-V1-ndk_platform.so" not found: needed by /vendor/lib64/libqvrservice.so in namespace (default)
01-01 00:22:29.627 I/init ( 0): Service 'qvrd_vndr' (pid 7039) exited with status 1
01-01 00:22:29.634 I/init ( 0): Sending signal 9 to service 'qvrd_vndr' (pid 7039) process group...
01-01 00:22:29.642 I/libprocessgroup( 0): Successfully killed process cgroup uid 1000 pid 7039 in 0ms
08-18 17:01:29.877 F/linker ( 7040): CANNOT LINK EXECUTABLE "/vendor/bin/hw/sxrservice": library "vendor.qti.hardware.qxr-V1-ndk_platform.so" not found: needed by main executable
01-01 00:22:29.652 I/init ( 0): Service 'sxrd' (pid 7040) exited with status 1
01-01 00:22:29.658 I/init ( 0): Sending signal 9 to service 'sxrd' (pid 7040) process group...
01-01 00:22:30.154 D/ ( 0): mv2112_read_status
01-01 00:22:30.157 D/mv2112_update_link( 0): 3.0x901(1G): 0x80
01-01 00:22:30.163 D/mv2112_update_link( 0): 3.0x8109(100M): 0x0
01-01 00:22:30.168 D/mv2112_update_link( 0): link 0x0
01-01 00:22:30.172 D/mv2112_read_status( 0): autoneg is disabled
01-01 00:22:31.178 D/ ( 0): mv2112_read_status
01-01 00:22:31.181 D/mv2112_update_link( 0): 3.0x901(1G): 0x80
01-01 00:22:31.186 D/mv2112_update_link( 0): 3.0x8109(100M): 0x0
01-01 00:22:31.191 D/mv2112_update_link( 0): link 0x0
01-01 00:22:31.196 D/mv2112_read_status( 0): autoneg is disabled
01-01 00:22:32.202 D/ ( 0): mv2112_read_status
01-01 00:22:32.205 D/mv2112_update_link( 0): 3.0x901(1G): 0x80
01-01 00:22:32.211 D/mv2112_update_link( 0): 3.0x8109(100M): 0x0
01-01 00:22:32.216 D/mv2112_update_link( 0): link 0x0
01-01 00:22:32.220 D/mv2112_read_status( 0): autoneg is disabled
01-01 00:22:33.226 D/ ( 0): mv2112_read_status
01-01 00:22:33.229 D/mv2112_update_link( 0): 3.0x901(1G): 0x80
01-01 00:22:33.235 D/mv2112_update_link( 0): 3.0x8109(100M): 0x0
01-01 00:22:33.240 D/mv2112_update_link( 0): link 0x0
01-01 00:22:33.244 D/mv2112_read_status( 0): autoneg is disabled
01-01 00:22:34.250 D/ ( 0): mv2112_read_status
01-01 00:22:34.253 D/mv2112_update_link( 0): 3.0x901(1G): 0x80
01-01 00:22:34.259 D/mv2112_update_link( 0): 3.0x8109(100M): 0x0
01-01 00:22:34.264 D/mv2112_update_link( 0): link 0x0
01-01 00:22:34.268 D/mv2112_read_status( 0): autoneg is disabled
01-01 00:22:34.581 I/init ( 0): starting service 'qvrd_vndr'...
01-01 00:22:34.587 I/init ( 0): Created socket '/dev/socket/qvrservice_vndr', mode 660, user 1000, group 1000
01-01 00:22:34.597 I/init ( 0): Created socket '/dev/socket/qvrservice_vndr_camera', mode 660, user 1000, group 1000
01-01 00:22:34.629 I/init ( 0): starting service 'sxrd'...
01-01 00:22:34.649 I/init ( 0): starting service 'vendor.light-hal-2-0'...
08-18 17:01:34.918 F/linker ( 7043): CANNOT LINK EXECUTABLE "/vendor/bin/hw/sxrservice": library "vendor.qti.hardware.qxr-V1-ndk_platform.so" not found: needed by main executable
08-18 17:01:34.920 F/linker ( 7042): CANNOT LINK EXECUTABLE "/vendor/bin/hw/qvrservice": library "vendor.qti.hardware.qxr-V1-ndk_platform.so" not found: needed by /vendor/lib64/libqvrservice.so in namespace (default)
01-01 00:22:34.682 I/init ( 0): Service 'sxrd' (pid 7043) exited with status 1
01-01 00:22:34.688 I/init ( 0): Sending signal 9 to service 'sxrd' (pid 7043) process group...
01-01 00:22:34.696 I/libprocessgroup( 0): Successfully killed process cgroup uid 1000 pid 7043 in 0ms
01-01 00:22:34.705 I/init ( 0): Service 'qvrd_vndr' (pid 7042) exited with status 1
01-01 00:22:34.712 I/init ( 0): Sending signal 9 to service 'qvrd_vndr' (pid 7042) process group...
01-01 00:22:35.274 D/ ( 0): mv2112_read_status
01-01 00:22:35.277 D/mv2112_update_link( 0): 3.0x901(1G): 0x80
01-01 00:22:35.283 D/mv2112_update_link( 0): 3.0x8109(100M): 0x0
01-01 00:22:35.288 D/mv2112_update_link( 0): link 0x0
01-01 00:22:35.292 D/mv2112_read_status( 0): autoneg is disabled
01-01 00:22:36.298 D/ ( 0): mv2112_read_status
01-01 00:22:36.302 D/mv2112_update_link( 0): 3.0x901(1G): 0x80
01-01 00:22:36.307 D/mv2112_update_link( 0): 3.0x8109(100M): 0x0
01-01 00:22:36.312 D/mv2112_update_link( 0): link 0x0
01-01 00:22:36.316 D/mv2112_read_status( 0): autoneg is disabled
01-01 00:22:36.662 I/[schedu][0x22eff7c43][17:01:36.899701] wlan( 0): [2797:I:OSIF] scan start scan id 41001
01-01 00:22:37.322 D/ ( 0): mv2112_read_status
01-01 00:22:37.326 D/mv2112_update_link( 0): 3.0x901(1G): 0x80
01-01 00:22:37.331 D/mv2112_update_link( 0): 3.0x8109(100M): 0x0
01-01 00:22:37.336 D/mv2112_update_link( 0): link 0x0
01-01 00:22:37.340 D/mv2112_read_status( 0): autoneg is disabled
01-01 00:22:38.346 D/ ( 0): mv2112_read_status
01-01 00:22:38.350 D/mv2112_update_link( 0): 3.0x901(1G): 0x80
01-01 00:22:38.355 D/mv2112_update_link( 0): 3.0x8109(100M): 0x0
01-01 00:22:38.360 D/mv2112_update_link( 0): link 0x0
