08-22 06:51:22.505 I/dvm_lock_sample( 2326): [com.thundercomm.remotecontrolser,0,Thread-341116,572,Throwable.java,665,void java.lang.Throwable.printStackTrace(java.lang.Throwable$PrintStreamOrWriter),,0,null,100]
08-22 06:51:22.510 I/liblog ( 2326): 16
08-22 06:51:22.514 I/liblog ( 2326): 35
08-22 06:51:22.515 I/dvm_lock_sample( 2326): [com.thundercomm.remotecontrolser,0,Thread-341121,578,Throwable.java,665,void java.lang.Throwable.printStackTrace(java.lang.Throwable$PrintStreamOrWriter),,0,null,100]
08-22 06:51:22.518 I/dvm_lock_sample( 2326): [com.thundercomm.remotecontrolser,0,Thread-341118,578,Throwable.java,665,void java.lang.Throwable.printStackTrace(java.lang.Throwable$PrintStreamOrWriter),,0,null,100]
08-22 06:51:22.520 I/dvm_lock_sample( 2326): [com.thundercomm.remotecontrolser,0,Thread-340954,982,Throwable.java,665,void java.lang.Throwable.printStackTrace(java.lang.Throwable$PrintStreamOrWriter),,0,null,100]
08-22 06:51:22.534 I/liblog ( 2326): 25
08-22 06:51:22.534 I/dvm_lock_sample( 2326): [com.thundercomm.remotecontrolser,0,Thread-341106,574,Throwable.java,665,void java.lang.Throwable.printStackTrace(java.lang.Throwable$PrintStreamOrWriter),,0,null,100]
01-01 00:38:34.001 W/logd ( 0): Skipping entries from slow reader, pid 32067, fd 15, from LogBuffer::Prune()
08-22 06:51:22.547 I/liblog ( 2326): 1
08-22 06:51:22.547 I/dvm_lock_sample( 2326): [com.thundercomm.remotecontrolser,0,Thread-341135,583,Throwable.java,665,void java.lang.Throwable.printStackTrace(java.lang.Throwable$PrintStreamOrWriter),,0,null,100]
08-22 06:51:22.561 I/liblog ( 2326): 3
08-22 06:51:22.561 I/dvm_lock_sample( 2326): [com.thundercomm.remotecontrolser,0,Thread-341123,594,Throwable.java,665,void java.lang.Throwable.printStackTrace(java.lang.Throwable$PrintStreamOrWriter),,0,null,100]
08-22 06:51:22.565 I/dvm_lock_sample( 2326): [com.thundercomm.remotecontrolser,0,Thread-341129,607,Throwable.java,665,void java.lang.Throwable.printStackTrace(java.lang.Throwable$PrintStreamOrWriter),,0,null,100]
08-22 06:51:22.567 I/dvm_lock_sample( 2326): [com.thundercomm.remotecontrolser,0,Thread-341127,611,Throwable.java,665,void java.lang.Throwable.printStackTrace(java.lang.Throwable$PrintStreamOrWriter),,0,null,100]
08-22 06:51:22.580 I/liblog ( 2326): 14
08-22 06:51:22.580 I/dvm_lock_sample( 2326): [com.thundercomm.remotecontrolser,0,Thread-341132,607,Throwable.java,665,void java.lang.Throwable.printStackTrace(java.lang.Throwable$PrintStreamOrWriter),,0,null,100]
08-22 06:51:22.583 I/liblog ( 2326): 51
08-22 06:51:22.585 I/liblog ( 2326): 5
08-22 06:51:22.585 I/liblog ( 2326): 6
08-22 06:51:22.586 I/liblog ( 2326): 3
08-22 06:51:22.597 I/liblog ( 2326): 64
08-22 06:51:22.598 I/liblog ( 2326): 5
08-22 06:51:22.598 I/liblog ( 2326): 6
08-22 06:51:22.599 I/liblog ( 2326): 9
08-22 06:51:22.599 I/liblog ( 2326): 5
08-22 06:51:22.599 I/liblog ( 2326): 2
08-22 06:51:22.600 I/liblog ( 2326): 12
08-22 06:51:22.600 I/liblog ( 2326): 5
08-22 06:51:22.601 I/liblog ( 2326): 6
08-22 06:51:22.601 I/liblog ( 2326): 5
08-22 06:51:22.615 I/liblog ( 2326): 6
08-22 06:51:22.615 I/dvm_lock_sample( 2326): [com.thundercomm.remotecontrolser,0,Thread-341140,607,Throwable.java,665,void java.lang.Throwable.printStackTrace(java.lang.Throwable$PrintStreamOrWriter),,0,null,100]
08-22 06:51:22.651 I/liblog ( 2326): 140
08-22 06:51:22.674 I/input_interaction( 1160): Interaction with: fd8dfd4 StatusBar (server), edge-swipe (server), swipe-up (server), PointerEventDispatcher0 (server),
08-22 06:51:22.687 I/sysui_multi_action( 1935): [757,803,799,panel_open,802,1]
08-22 06:51:22.689 I/sysui_multi_action( 1935): [757,1328,758,4,1326,61,1327,3,1329,0]
08-22 06:51:22.712 I/sysui_multi_action( 1160): [757,127,758,1]
08-22 06:51:22.712 I/sysui_multi_action( 1160): [757,804,799,note_load,801,3,802,1]
08-22 06:51:22.712 I/notification_panel_revealed( 1160): 3
08-22 06:51:22.738 I/input_focus( 1160): [Focus request 7b76b2f NotificationShade,reason=UpdateInputWindows]
08-22 06:51:22.747 I/dvm_lock_sample( 2326): [com.thundercomm.remotecontrolser,0,Thread-341167,698,Throwable.java,665,void java.lang.Throwable.printStackTrace(java.lang.Throwable$PrintStreamOrWriter),,0,null,100]
08-22 06:51:22.751 I/dvm_lock_sample( 2326): [com.thundercomm.remotecontrolser,0,Thread-341165,704,Throwable.java,665,void java.lang.Throwable.printStackTrace(java.lang.Throwable$PrintStreamOrWriter),,0,null,100]
08-22 06:51:22.758 I/input_focus( 1160): [Focus leaving cfa8469 com.android.launcher3/com.android.launcher3.uioverrides.QuickstepLauncher (server),reason=setFocusedWindow]
08-22 06:51:22.758 I/input_focus( 1160): [Focus entering 7b76b2f NotificationShade (server),reason=setFocusedWindow]
08-22 06:51:22.772 I/dvm_lock_sample( 2326): [com.thundercomm.remotecontrolser,0,Thread-341149,706,Throwable.java,665,void java.lang.Throwable.printStackTrace(java.lang.Throwable$PrintStreamOrWriter),,0,null,100]
01-01 00:38:34.176 I/IRQ 5 ( 0): no longer affine to CPU7
08-22 06:51:22.778 I/dvm_lock_sample( 2326): [com.thundercomm.remotecontrolser,0,Thread-341178,720,Throwable.java,665,void java.lang.Throwable.printStackTrace(java.lang.Throwable$PrintStreamOrWriter),,0,null,100]
08-22 06:51:22.822 I/dvm_lock_sample( 2326): [com.thundercomm.remotecontrolser,0,Thread-341169,754,Throwable.java,665,void java.lang.Throwable.printStackTrace(java.lang.Throwable$PrintStreamOrWriter),,0,null,100]
08-22 06:51:22.837 I/dvm_lock_sample( 2326): [com.thundercomm.remotecontrolser,0,Thread-341000,1215,Throwable.java,665,void java.lang.Throwable.printStackTrace(java.lang.Throwable$PrintStreamOrWriter),,0,null,100]
08-22 06:51:22.856 I/liblog ( 2326): 1
08-22 06:51:22.858 I/liblog ( 2326): 1
08-22 06:51:22.859 I/liblog ( 2326): 3
08-22 06:51:22.860 I/liblog ( 2326): 11
08-22 06:51:22.860 I/liblog ( 2326): 1
08-22 06:51:22.861 I/liblog ( 2326): 5
08-22 06:51:22.862 I/liblog ( 2326): 1
08-22 06:51:22.862 I/liblog ( 2326): 6
08-22 06:51:22.862 I/liblog ( 2326): 5
08-22 06:51:22.868 I/liblog ( 2326): 3
08-22 06:51:22.869 I/liblog ( 2326): 1
08-22 06:51:22.869 I/liblog ( 2326): 5
08-22 06:51:22.869 I/liblog ( 2326): 9
08-22 06:51:22.876 I/liblog ( 2326): 1
08-22 06:51:22.879 I/liblog ( 2326): 2
08-22 06:51:22.879 I/liblog ( 2326): 8
08-22 06:51:22.880 I/liblog ( 2326): 9
08-22 06:51:22.880 I/liblog ( 2326): 7
08-22 06:51:22.881 I/liblog ( 2326): 9
08-22 06:51:22.881 I/liblog ( 2326): 16
08-22 06:51:22.881 I/liblog ( 2326): 2
08-22 06:51:22.882 I/liblog ( 2326): 9
08-22 06:51:22.882 I/liblog ( 2326): 6
08-22 06:51:22.883 I/liblog ( 2326): 5
08-22 06:51:22.883 I/liblog ( 2326): 6
08-22 06:51:22.883 I/liblog ( 2326): 7
08-22 06:51:22.884 I/liblog ( 2326): 14
08-22 06:51:22.885 I/liblog ( 2326): 2
08-22 06:51:22.885 I/liblog ( 2326): 18
08-22 06:51:22.886 I/liblog ( 2326): 7
08-22 06:51:22.886 I/liblog ( 2326): 6
08-22 06:51:22.887 I/liblog ( 2326): 6
08-22 06:51:22.887 I/liblog ( 2326): 3
08-22 06:51:22.888 I/liblog ( 2326): 4
08-22 06:51:22.899 I/liblog ( 2326): 122
08-22 06:51:22.912 I/liblog ( 2326): 155
08-22 06:51:22.912 I/dvm_lock_sample( 2326): [com.thundercomm.remotecontrolser,0,Thread-341213,773,Throwable.java,665,void java.lang.Throwable.printStackTrace(java.lang.Throwable$PrintStreamOrWriter),,0,null,100]
08-22 06:51:22.921 I/liblog ( 2326): 34
08-22 06:51:22.921 I/dvm_lock_sample( 2326): [com.thundercomm.remotecontrolser,0,Thread-341208,776,Throwable.java,665,void java.lang.Throwable.printStackTrace(java.lang.Throwable$PrintStreamOrWriter),,0,null,100]
08-22 06:51:22.929 I/dvm_lock_sample( 2326): [com.thundercomm.remotecontrolser,0,Thread-341211,783,Throwable.java,665,void java.lang.Throwable.printStackTrace(java.lang.Throwable$PrintStreamOrWriter),,0,null,100]
08-22 06:51:22.938 I/dvm_lock_sample( 2326): [com.thundercomm.remotecontrolser,0,Thread-341214,790,Throwable.java,665,void java.lang.Throwable.printStackTrace(java.lang.Throwable$PrintStreamOrWriter),,0,null,100]
08-22 06:51:22.942 I/liblog ( 2326): 6
08-22 06:51:22.942 I/liblog ( 2326): 7
08-22 06:51:22.943 I/liblog ( 2326): 6
08-22 06:51:22.943 I/liblog ( 2326): 6
08-22 06:51:22.944 I/liblog ( 2326): 6
08-22 06:51:22.944 I/liblog ( 2326): 2
08-22 06:51:22.945 I/liblog ( 2326): 13
08-22 06:51:22.946 I/liblog ( 2326): 7
08-22 06:51:22.947 I/liblog ( 2326): 6
08-22 06:51:22.947 I/liblog ( 2326): 2
08-22 06:51:22.947 I/liblog ( 2326): 9
08-22 06:51:22.948 I/liblog ( 2326): 6
08-22 06:51:22.948 I/liblog ( 2326): 2
08-22 06:51:22.948 I/liblog ( 2326): 9
08-22 06:51:22.949 I/liblog ( 2326): 6
08-22 06:51:22.949 I/liblog ( 2326): 10
08-22 06:51:22.952 I/liblog ( 2326): 6
08-22 06:51:22.952 I/dvm_lock_sample( 2326): [com.thundercomm.remotecontrolser,0,Thread-341018,1290,Throwable.java,665,void java.lang.Throwable.printStackTrace(java.lang.Throwable$PrintStreamOrWriter),,0,null,100]
08-22 06:51:22.966 I/liblog ( 2326): 6
08-22 06:51:22.966 I/dvm_lock_sample( 2326): [com.thundercomm.remotecontrolser,0,Thread-341227,776,Throwable.java,665,void java.lang.Throwable.printStackTrace(java.lang.Throwable$PrintStreamOrWriter),,0,null,100]
08-22 06:51:22.968 I/dvm_lock_sample( 2326): [com.thundercomm.remotecontrolser,0,Thread-341226,789,Throwable.java,665,void java.lang.Throwable.printStackTrace(java.lang.Throwable$PrintStreamOrWriter),,0,null,100]
08-22 06:51:22.970 I/liblog ( 2326): 6
08-22 06:51:22.970 I/liblog ( 2326): 6
08-22 06:51:22.971 I/liblog ( 2326): 7
08-22 06:51:22.973 I/liblog ( 2326): 8
08-22 06:51:22.973 I/liblog ( 2326): 3
08-22 06:51:22.973 I/liblog ( 2326): 6
08-22 06:51:22.974 I/liblog ( 2326): 6
08-22 06:51:22.974 I/liblog ( 2326): 2
08-22 06:51:22.974 I/liblog ( 2326): 9
08-22 06:51:22.974 I/liblog ( 2326): 6
08-22 06:51:22.975 I/liblog ( 2326): 16
08-22 06:51:22.976 I/liblog ( 2326): 1
08-22 06:51:22.976 I/liblog ( 2326): 5
08-22 06:51:22.977 I/liblog ( 2326): 4
08-22 06:51:22.977 I/liblog ( 2326): 9
08-22 06:51:22.978 I/liblog ( 2326): 9
08-22 06:51:22.979 I/liblog ( 2326): 3
08-22 06:51:22.979 I/liblog ( 2326): 3
08-22 06:51:22.979 I/liblog ( 2326): 6
08-22 06:51:22.980 I/liblog ( 2326): 6
08-22 06:51:22.980 I/liblog ( 2326): 4
08-22 06:51:22.980 I/liblog ( 2326): 11
08-22 06:51:22.984 I/liblog ( 2326): 2
08-22 06:51:22.984 I/dvm_lock_sample( 2326): [com.thundercomm.remotecontrolser,0,Thread-341233,774,Throwable.java,665,void java.lang.Throwable.printStackTrace(java.lang.Throwable$PrintStreamOrWriter),,0,null,100]
08-22 06:51:22.985 I/liblog ( 2326): 8
08-22 06:51:22.985 I/dvm_lock_sample( 2326): [com.thundercomm.remotecontrolser,0,Thread-341242,778,Throwable.java,665,void java.lang.Throwable.printStackTrace(java.lang.Throwable$PrintStreamOrWriter),,0,null,100]
08-22 06:51:22.987 I/liblog ( 2326): 15
08-22 06:51:22.987 I/dvm_lock_sample( 2326): [com.thundercomm.remotecontrolser,0,Thread-341235,779,Throwable.java,665,void java.lang.Throwable.printStackTrace(java.lang.Throwable$PrintStreamOrWriter),,0,null,100]
08-22 06:51:22.987 I/liblog ( 2326): 1
08-22 06:51:22.988 I/liblog ( 2326): 5
08-22 06:51:22.988 I/liblog ( 2326): 5
08-22 06:51:22.989 I/liblog ( 2326): 5
08-22 06:51:22.999 I/liblog ( 2326): 16
08-22 06:51:22.999 I/dvm_lock_sample( 2326): [com.thundercomm.remotecontrolser,0,Thread-341243,781,Throwable.java,665,void java.lang.Throwable.printStackTrace(java.lang.Throwable$PrintStreamOrWriter),,0,null,100]
08-22 06:51:23.002 I/dvm_lock_sample( 2326): [com.thundercomm.remotecontrolser,0,Thread-341237,790,Throwable.java,665,void java.lang.Throwable.printStackTrace(java.lang.Throwable$PrintStreamOrWriter),,0,null,100]
08-22 06:51:23.003 I/dvm_lock_sample( 2326): [com.thundercomm.remotecontrolser,0,Thread-341239,791,Throwable.java,665,void java.lang.Throwable.printStackTrace(java.lang.Throwable$PrintStreamOrWriter),,0,null,100]
08-22 06:51:23.005 I/liblog ( 2326): 34
08-22 06:51:23.006 I/liblog ( 2326): 1
08-22 06:51:23.006 I/liblog ( 2326): 4
08-22 06:51:23.006 I/liblog ( 2326): 5
08-22 06:51:23.007 I/liblog ( 2326): 5
08-22 06:51:23.007 I/liblog ( 2326): 2
08-22 06:51:23.009 I/liblog ( 2326): 33
08-22 06:51:23.010 I/liblog ( 2326): 1
08-22 06:51:23.010 I/liblog ( 2326): 9
08-22 06:51:23.010 I/liblog ( 2326): 7
08-22 06:51:23.011 I/liblog ( 2326): 5
08-22 06:51:23.012 I/liblog ( 2326): 12
08-22 06:51:23.012 I/liblog ( 2326): 3
08-22 06:51:23.013 I/liblog ( 2326): 15
08-22 06:51:23.013 I/liblog ( 2326): 9
08-22 06:51:23.013 I/liblog ( 2326): 6
08-22 06:51:23.014 I/liblog ( 2326): 1
08-22 06:51:23.014 I/liblog ( 2326): 7
08-22 06:51:23.014 I/liblog ( 2326): 3
08-22 06:51:23.015 I/liblog ( 2326): 13
08-22 06:51:23.017 I/liblog ( 2326): 7
08-22 06:51:23.017 I/liblog ( 2326): 6
08-22 06:51:23.018 I/liblog ( 2326): 6
08-22 06:51:23.018 I/liblog ( 2326): 3
08-22 06:51:23.018 I/liblog ( 2326): 10
08-22 06:51:23.019 I/liblog ( 2326): 5
08-22 06:51:23.019 I/liblog ( 2326): 4
08-22 06:51:23.019 I/liblog ( 2326): 6
08-22 06:51:23.020 I/liblog ( 2326): 3
08-22 06:51:23.020 I/liblog ( 2326): 3
08-22 06:51:23.020 I/liblog ( 2326): 5
08-22 06:51:23.021 I/liblog ( 2326): 6
08-22 06:51:23.021 I/liblog ( 2326): 6
08-22 06:51:23.022 I/liblog ( 2326): 3
08-22 06:51:23.022 I/liblog ( 2326): 7
08-22 06:51:23.022 I/liblog ( 2326): 6
08-22 06:51:23.023 I/liblog ( 2326): 7
08-22 06:51:23.023 I/liblog ( 2326): 8
08-22 06:51:23.024 I/liblog ( 2326): 6
08-22 06:51:23.024 I/liblog ( 2326): 5
08-22 06:51:23.025 I/liblog ( 2326): 6
08-22 06:51:23.026 I/liblog ( 2326): 6
08-22 06:51:23.026 I/liblog ( 2326): 10
08-22 06:51:23.027 I/liblog ( 2326): 8
08-22 06:51:23.027 I/liblog ( 2326): 6
08-22 06:51:23.027 I/liblog ( 2326): 3
08-22 06:51:23.028 I/liblog ( 2326): 4
08-22 06:51:23.028 I/liblog ( 2326): 3
08-22 06:51:23.028 I/liblog ( 2326): 6
08-22 06:51:23.028 I/liblog ( 2326): 5
08-22 06:51:23.029 I/liblog ( 2326): 6
08-22 06:51:23.029 I/liblog ( 2326): 6
08-22 06:51:23.030 I/liblog ( 2326): 3
08-22 06:51:23.030 I/liblog ( 2326): 7
08-22 06:51:23.030 I/liblog ( 2326): 6
08-22 06:51:23.030 I/liblog ( 2326): 4
08-22 06:51:23.031 I/liblog ( 2326): 7
08-22 06:51:23.031 I/liblog ( 2326): 6
08-22 06:51:23.032 I/liblog ( 2326): 5
08-22 06:51:23.032 I/liblog ( 2326): 5
08-22 06:51:23.038 I/liblog ( 2326): 6
08-22 06:51:23.038 I/dvm_lock_sample( 2326): [com.thundercomm.remotecontrolser,0,Thread-341266,750,Throwable.java,665,void java.lang.Throwable.printStackTrace(java.lang.Throwable$PrintStreamOrWriter),,0,null,100]
08-22 06:51:23.041 I/liblog ( 2326): 4
08-22 06:51:23.042 I/liblog ( 2326): 4
08-22 06:51:23.050 I/liblog ( 2326): 6
08-22 06:51:23.050 I/dvm_lock_sample( 2326): [com.thundercomm.remotecontrolser,0,Thread-341272,759,Throwable.java,665,void java.lang.Throwable.printStackTrace(java.lang.Throwable$PrintStreamOrWriter),,0,null,100]
08-22 06:51:23.051 I/liblog ( 2326): 2
08-22 06:51:23.054 I/liblog ( 2326): 6
08-22 06:51:23.054 I/dvm_lock_sample( 2326): [com.thundercomm.remotecontrolser,0,Thread-341049,1263,Throwable.java,665,void java.lang.Throwable.printStackTrace(java.lang.Throwable$PrintStreamOrWriter),,0,null,100]
08-22 06:51:23.062 I/dvm_lock_sample( 2326): [com.thundercomm.remotecontrolser,0,Thread-341271,774,Throwable.java,665,void java.lang.Throwable.printStackTrace(java.lang.Throwable$PrintStreamOrWriter),,0,null,100]
08-22 06:51:23.065 I/liblog ( 2326): 1
08-22 06:51:23.066 I/liblog ( 2326): 4
08-22 06:51:23.066 I/liblog ( 2326): 2
08-22 06:51:23.067 I/liblog ( 2326): 7
08-22 06:51:23.067 I/liblog ( 2326): 4
08-22 06:51:23.068 I/liblog ( 2326): 4
08-22 06:51:23.069 I/liblog ( 2326): 14
08-22 06:51:23.069 I/liblog ( 2326): 3
08-22 06:51:23.069 I/liblog ( 2326): 6
08-22 06:51:23.070 I/liblog ( 2326): 4
08-22 06:51:23.070 I/liblog ( 2326): 4
08-22 06:51:23.070 I/liblog ( 2326): 5
08-22 06:51:23.071 I/liblog ( 2326): 7
08-22 06:51:23.075 I/liblog ( 2326): 5
08-22 06:51:23.075 I/dvm_lock_sample( 2326): [com.thundercomm.remotecontrolser,0,Thread-341276,771,Throwable.java,665,void java.lang.Throwable.printStackTrace(java.lang.Throwable$PrintStreamOrWriter),,0,null,100]
08-22 06:51:23.087 I/liblog ( 2326): 4
08-22 06:51:23.087 I/dvm_lock_sample( 2326): [com.thundercomm.remotecontrolser,0,Thread-341275,773,Throwable.java,665,void java.lang.Throwable.printStackTrace(java.lang.Throwable$PrintStreamOrWriter),,0,null,100]
08-22 06:51:23.102 I/dvm_lock_sample( 2326): [com.thundercomm.remotecontrolser,0,Thread-341277,786,Throwable.java,665,void java.lang.Throwable.printStackTrace(java.lang.Throwable$PrintStreamOrWriter),,0,null,100]
08-22 06:51:23.120 I/liblog ( 2326): 5
08-22 06:51:23.120 I/liblog ( 2326): 1
08-22 06:51:23.121 I/liblog ( 2326): 15
08-22 06:51:23.121 I/liblog ( 2326): 5
08-22 06:51:23.122 I/liblog ( 2326): 1
08-22 06:51:23.123 I/liblog ( 2326): 3
08-22 06:51:23.129 I/liblog ( 2326): 6
08-22 06:51:23.129 I/dvm_lock_sample( 2326): [com.thundercomm.remotecontrolser,0,Thread-341284,793,Throwable.java,665,void java.lang.Throwable.printStackTrace(java.lang.Throwable$PrintStreamOrWriter),,0,null,100]
08-22 06:51:23.131 I/liblog ( 2326): 10
08-22 06:51:23.131 I/liblog ( 2326): 7
08-22 06:51:23.131 I/liblog ( 2326): 6
08-22 06:51:23.132 I/liblog ( 2326): 3
08-22 06:51:23.133 I/liblog ( 2326): 13
08-22 06:51:23.133 I/liblog ( 2326): 1
08-22 06:51:23.133 I/liblog ( 2326): 9
08-22 06:51:23.134 I/liblog ( 2326): 6
08-22 06:51:23.134 I/liblog ( 2326): 3
08-22 06:51:23.134 I/liblog ( 2326): 5
08-22 06:51:23.135 I/liblog ( 2326): 4
08-22 06:51:23.139 I/liblog ( 2326): 5
08-22 06:51:23.139 I/dvm_lock_sample( 2326): [com.thundercomm.remotecontrolser,0,Thread-341287,790,Throwable.java,665,void java.lang.Throwable.printStackTrace(java.lang.Throwable$PrintStreamOrWriter),,0,null,100]
08-22 06:51:23.141 I/liblog ( 2326): 1
08-22 06:51:23.141 I/liblog ( 2326): 1
08-22 06:51:23.147 I/dvm_lock_sample( 2326): [com.thundercomm.remotecontrolser,0,Thread-341291,797,Throwable.java,665,void java.lang.Throwable.printStackTrace(java.lang.Throwable$PrintStreamOrWriter),,0,null,100]
08-22 06:51:23.147 I/liblog ( 2326): 2
08-22 06:51:23.148 I/liblog ( 2326): 5
08-22 06:51:23.149 I/liblog ( 2326): 10
08-22 06:51:23.149 I/liblog ( 2326): 5
08-22 06:51:23.149 I/liblog ( 2326): 5
08-22 06:51:23.149 I/liblog ( 2326): 6
08-22 06:51:23.150 I/liblog ( 2326): 5
08-22 06:51:23.150 I/liblog ( 2326): 3
08-22 06:51:23.150 I/liblog ( 2326): 3
08-22 06:51:23.151 I/liblog ( 2326): 7
08-22 06:51:23.151 I/liblog ( 2326): 3
08-22 06:51:23.151 I/liblog ( 2326): 4
08-22 06:51:23.151 I/liblog ( 2326): 6
08-22 06:51:23.152 I/liblog ( 2326): 6
08-22 06:51:23.155 I/liblog ( 2326): 5
08-22 06:51:23.155 I/dvm_lock_sample( 2326): [com.thundercomm.remotecontrolser,0,Thread-341295,787,Throwable.java,665,void java.lang.Throwable.printStackTrace(java.lang.Throwable$PrintStreamOrWriter),,0,null,100]
08-22 06:51:23.156 I/liblog ( 2326): 1
08-22 06:51:23.166 I/liblog ( 2326): 2
08-22 06:51:23.166 I/dvm_lock_sample( 2326): [com.thundercomm.remotecontrolser,0,Thread-341293,790,Throwable.java,665,void java.lang.Throwable.printStackTrace(java.lang.Throwable$PrintStreamOrWriter),,0,null,100]
08-22 06:51:23.169 I/liblog ( 2326): 16
08-22 06:51:23.170 I/liblog ( 2326): 7
08-22 06:51:23.170 I/liblog ( 2326): 1
08-22 06:51:23.170 I/liblog ( 2326): 6
08-22 06:51:23.170 I/liblog ( 2326): 6
08-22 06:51:23.171 I/liblog ( 2326): 6
08-22 06:51:23.171 I/liblog ( 2326): 6
08-22 06:51:23.171 I/liblog ( 2326): 1
08-22 06:51:23.172 I/liblog ( 2326): 6
08-22 06:51:23.172 I/liblog ( 2326): 2
08-22 06:51:23.172 I/liblog ( 2326): 6
08-22 06:51:23.173 I/liblog ( 2326): 5
08-22 06:51:23.173 I/liblog ( 2326): 5
08-22 06:51:23.174 I/liblog ( 2326): 6
08-22 06:51:23.174 I/liblog ( 2326): 4
08-22 06:51:23.183 I/liblog ( 2326): 13
08-22 06:51:23.184 I/liblog ( 2326): 4
08-22 06:51:23.184 I/liblog ( 2326): 4
08-22 06:51:23.185 I/liblog ( 2326): 8
08-22 06:51:23.189 I/liblog ( 2326): 3
08-22 06:51:23.189 I/dvm_lock_sample( 2326): [com.thundercomm.remotecontrolser,0,Thread-341070,1325,Throwable.java,665,void java.lang.Throwable.printStackTrace(java.lang.Throwable$PrintStreamOrWriter),,0,null,100]
08-22 06:51:23.195 I/liblog ( 2326): 2
08-22 06:51:23.195 I/dvm_lock_sample( 2326): [com.thundercomm.remotecontrolser,0,Thread-341077,1329,Throwable.java,665,void java.lang.Throwable.printStackTrace(java.lang.Throwable$PrintStreamOrWriter),,0,null,100]
08-22 06:51:23.197 I/liblog ( 2326): 2
08-22 06:51:23.197 I/liblog ( 2326): 7
08-22 06:51:23.198 I/liblog ( 2326): 6
08-22 06:51:23.198 I/liblog ( 2326): 1
08-22 06:51:23.198 I/liblog ( 2326): 6
08-22 06:51:23.198 I/liblog ( 2326): 1
08-22 06:51:23.199 I/liblog ( 2326): 8
08-22 06:51:23.199 I/liblog ( 2326): 1
08-22 06:51:23.199 I/liblog ( 2326): 6
08-22 06:51:23.200 I/liblog ( 2326): 4
08-22 06:51:23.200 I/liblog ( 2326): 6
08-22 06:51:23.206 I/liblog ( 2326): 16
08-22 06:51:23.206 I/dvm_lock_sample( 2326): [com.thundercomm.remotecontrolser,0,Thread-341317,794,Throwable.java,665,void java.lang.Throwable.printStackTrace(java.lang.Throwable$PrintStreamOrWriter),,0,null,100]
08-22 06:51:23.214 I/dvm_lock_sample( 2326): [com.thundercomm.remotecontrolser,0,Thread-341310,802,Throwable.java,665,void java.lang.Throwable.printStackTrace(java.lang.Throwable$PrintStreamOrWriter),,0,null,100]
08-22 06:51:23.221 I/dvm_lock_sample( 2326): [com.thundercomm.remotecontrolser,0,Thread-341318,806,Throwable.java,665,void java.lang.Throwable.printStackTrace(java.lang.Throwable$PrintStreamOrWriter),,0,null,100]
08-22 06:51:23.229 I/dvm_lock_sample( 2326): [com.thundercomm.remotecontrolser,0,Thread-341314,812,Throwable.java,665,void java.lang.Throwable.printStackTrace(java.lang.Throwable$PrintStreamOrWriter),,0,null,100]
08-22 06:51:23.236 I/liblog ( 2326): 1
08-22 06:51:23.237 I/liblog ( 2326): 1
08-22 06:51:23.237 I/liblog ( 2326): 4
08-22 06:51:23.237 I/liblog ( 2326): 3
08-22 06:51:23.238 I/liblog ( 2326): 7
08-22 06:51:23.238 I/liblog ( 2326): 8
08-22 06:51:23.239 I/liblog ( 2326): 6
08-22 06:51:23.239 I/liblog ( 2326): 6
08-22 06:51:23.242 I/liblog ( 2326): 4
08-22 06:51:23.243 I/liblog ( 2326): 2
08-22 06:51:23.243 I/liblog ( 2326): 5
08-22 06:51:23.244 I/liblog ( 2326): 5
08-22 06:51:23.244 I/liblog ( 2326): 6
08-22 06:51:23.245 I/liblog ( 2326): 6
08-22 06:51:23.245 I/liblog ( 2326): 6
08-22 06:51:23.245 I/liblog ( 2326): 6
08-22 06:51:23.246 I/liblog ( 2326): 3
08-22 06:51:23.246 I/liblog ( 2326): 2
08-22 06:51:23.247 I/liblog ( 2326): 11
08-22 06:51:23.252 I/liblog ( 2326): 2
08-22 06:51:23.252 I/dvm_lock_sample( 2326): [com.thundercomm.remotecontrolser,0,Thread-341341,802,Throwable.java,665,void java.lang.Throwable.printStackTrace(java.lang.Throwable$PrintStreamOrWriter),,0,null,100]
08-22 06:51:23.259 I/dvm_lock_sample( 2326): [com.thundercomm.remotecontrolser,0,Thread-341344,809,Throwable.java,665,void java.lang.Throwable.printStackTrace(java.lang.Throwable$PrintStreamOrWriter),,0,null,100]
01-01 00:38:34.672 D/ ( 0): mv2112_read_status
01-01 00:38:34.676 D/mv2112_update_link( 0): 3.0x901(1G): 0x80
01-01 00:38:34.681 D/mv2112_update_link( 0): 3.0x8109(100M): 0x0
08-22 06:51:23.263 I/dvm_lock_sample( 2326): [com.thundercomm.remotecontrolser,0,Thread-341340,815,Throwable.java,665,void java.lang.Throwable.printStackTrace(java.lang.Throwable$PrintStreamOrWriter),,0,null,100]
08-22 06:51:23.266 I/liblog ( 2326): 2
08-22 06:51:23.266 I/liblog ( 2326): 2
01-01 00:38:34.687 D/mv2112_update_link( 0): link 0x0
08-22 06:51:23.266 I/liblog ( 2326): 5
08-22 06:51:23.267 I/liblog ( 2326): 5
08-22 06:51:23.267 I/liblog ( 2326): 2
08-22 06:51:23.267 I/liblog ( 2326): 8
08-22 06:51:23.273 I/liblog ( 2326): 6
08-22 06:51:23.273 I/dvm_lock_sample( 2326): [com.thundercomm.remotecontrolser,0,Thread-341336,819,Throwable.java,665,void java.lang.Throwable.printStackTrace(java.lang.Throwable$PrintStreamOrWriter),,0,null,100]
01-01 00:38:34.692 D/mv2112_read_status( 0): autoneg is disabled
08-22 06:51:23.354 I/dvm_lock_sample( 2326): [com.thundercomm.remotecontrolser,0,Thread-341339,904,Throwable.java,665,void java.lang.Throwable.printStackTrace(java.lang.Throwable$PrintStreamOrWriter),,0,null,100]
08-22 06:51:23.361 I/dvm_lock_sample( 2326): [com.thundercomm.remotecontrolser,0,Thread-341345,907,Throwable.java,665,void java.lang.Throwable.printStackTrace(java.lang.Throwable$PrintStreamOrWriter),,0,null,100]
08-22 06:51:23.368 I/dvm_lock_sample( 2326): [com.thundercomm.remotecontrolser,0,Thread-341343,914,Throwable.java,665,void java.lang.Throwable.printStackTrace(java.lang.Throwable$PrintStreamOrWriter),,0,null,100]
08-22 06:51:23.380 I/dvm_lock_sample( 2326): [com.thundercomm.remotecontrolser,0,Thread-341348,914,Throwable.java,665,void java.lang.Throwable.printStackTrace(java.lang.Throwable$PrintStreamOrWriter),,0,null,100]
08-22 06:51:23.392 I/dvm_lock_sample( 2326): [com.thundercomm.remotecontrolser,0,Thread-341354,898,Throwable.java,665,void java.lang.Throwable.printStackTrace(java.lang.Throwable$PrintStreamOrWriter),,0,null,100]
08-22 06:51:23.393 I/dvm_lock_sample( 2326): [com.thundercomm.remotecontrolser,0,Thread-341355,892,Throwable.java,665,void java.lang.Throwable.printStackTrace(java.lang.Throwable$PrintStreamOrWriter),,0,null,100]
08-22 06:51:23.399 I/input_focus( 1160): [Focus request cfa8469 com.android.launcher3/com.android.launcher3.uioverrides.QuickstepLauncher,reason=UpdateInputWindows]
08-22 06:51:23.403 I/dvm_lock_sample( 2326): [com.thundercomm.remotecontrolser,0,Thread-340964,1836,Throwable.java,665,void java.lang.Throwable.printStackTrace(java.lang.Throwable$PrintStreamOrWriter),,0,null,100]
08-22 06:51:23.405 I/sysui_multi_action( 1160): [757,127,758,2]
08-22 06:51:23.405 I/notification_panel_hidden( 1160):
08-22 06:51:23.410 I/liblog ( 2326): 3
08-22 06:51:23.420 I/liblog ( 2326): 159
08-22 06:51:23.421 I/liblog ( 2326): 11
08-22 06:51:23.421 I/liblog ( 2326): 3
08-22 06:51:23.427 I/input_focus( 1160): [Focus leaving 7b76b2f NotificationShade (server),reason=NO_WINDOW]
08-22 06:51:23.427 I/input_focus( 1160): [Focus entering cfa8469 com.android.launcher3/com.android.launcher3.uioverrides.QuickstepLauncher (server),reason=setFocusedWindow]
08-22 06:51:23.427 I/liblog ( 2326): 14
08-22 06:51:23.427 I/dvm_lock_sample( 2326): [com.thundercomm.remotecontrolser,0,Thread-341375,826,Throwable.java,665,void java.lang.Throwable.printStackTrace(java.lang.Throwable$PrintStreamOrWriter),,0,null,100]
08-22 06:51:23.430 I/dvm_lock_sample( 2326): [com.thundercomm.remotecontrolser,0,Thread-341373,830,Throwable.java,665,void java.lang.Throwable.printStackTrace(java.lang.Throwable$PrintStreamOrWriter),,0,null,100]
08-22 06:51:23.430 I/liblog ( 2326): 4
08-22 06:51:23.432 I/liblog ( 2326): 9
08-22 06:51:23.432 I/dvm_lock_sample( 2326): [com.thundercomm.remotecontrolser,0,Thread-341376,830,Throwable.java,665,void java.lang.Throwable.printStackTrace(java.lang.Throwable$PrintStreamOrWriter),,0,null,100]
08-22 06:51:23.432 I/liblog ( 2326): 7
08-22 06:51:23.433 I/liblog ( 2326): 4
08-22 06:51:23.433 I/liblog ( 2326): 8
08-22 06:51:23.433 I/liblog ( 2326): 10
08-22 06:51:23.434 I/liblog ( 2326): 11
08-22 06:51:23.434 I/liblog ( 2326): 7
08-22 06:51:23.434 I/liblog ( 2326): 6
08-22 06:51:23.434 I/liblog ( 2326): 6
08-22 06:51:23.435 I/liblog ( 2326): 5
08-22 06:51:23.435 I/liblog ( 2326): 17
08-22 06:51:23.436 I/liblog ( 2326): 6
08-22 06:51:23.436 I/liblog ( 2326): 5
08-22 06:51:23.436 I/liblog ( 2326): 6
08-22 06:51:23.438 I/liblog ( 2326): 15
08-22 06:51:23.438 I/dvm_lock_sample( 2326): [com.thundercomm.remotecontrolser,0,Thread-341385,811,Throwable.java,665,void java.lang.Throwable.printStackTrace(java.lang.Throwable$PrintStreamOrWriter),,0,null,100]
08-22 06:51:23.439 I/liblog ( 2326): 1
08-22 06:51:23.441 I/liblog ( 2326): 3
08-22 06:51:23.442 I/liblog ( 2326): 6
08-22 06:51:23.442 I/liblog ( 2326): 8
08-22 06:51:23.444 I/liblog ( 2326): 6
08-22 06:51:23.444 I/dvm_lock_sample( 2326): [com.thundercomm.remotecontrolser,0,Thread-342929,790,Throwable.java,665,void java.lang.Throwable.printStackTrace(java.lang.Throwable$PrintStreamOrWriter),,0,null,100]
08-22 06:51:23.445 I/liblog ( 2326): 13
08-22 06:51:23.445 I/dvm_lock_sample( 2326): [com.thundercomm.remotecontrolser,0,Thread-341393,787,Throwable.java,665,void java.lang.Throwable.printStackTrace(java.lang.Throwable$PrintStreamOrWriter),,0,null,100]
08-22 06:51:23.446 I/liblog ( 2326): 9
08-22 06:51:23.447 I/liblog ( 2326): 6
08-22 06:51:23.447 I/dvm_lock_sample( 2326): [com.thundercomm.remotecontrolser,0,Thread-341394,783,Throwable.java,665,void java.lang.Throwable.printStackTrace(java.lang.Throwable$PrintStreamOrWriter),,0,null,100]
08-22 06:51:23.451 I/liblog ( 2326): 12
08-22 06:51:23.451 I/dvm_lock_sample( 2326): [com.thundercomm.remotecontrolser,0,Thread-341391,777,Throwable.java,665,void java.lang.Throwable.printStackTrace(java.lang.Throwable$PrintStreamOrWriter),,0,null,100]
08-22 06:51:23.452 I/liblog ( 2326): 3
08-22 06:51:23.452 I/liblog ( 2326): 5
08-22 06:51:23.452 I/liblog ( 2326): 2
08-22 06:51:23.453 I/liblog ( 2326): 1
08-22 06:51:23.453 I/liblog ( 2326): 6
08-22 06:51:23.453 I/liblog ( 2326): 6
08-22 06:51:23.454 I/liblog ( 2326): 5
08-22 06:51:23.454 I/liblog ( 2326): 1
08-22 06:51:23.454 I/liblog ( 2326): 13
08-22 06:51:23.459 I/liblog ( 2326): 4
01-01 00:38:34.877 I/IRQ 5 ( 0): no longer affine to CPU7
08-22 06:51:23.459 I/dvm_lock_sample( 2326): [com.thundercomm.remotecontrolser,0,Thread-341395,756,Throwable.java,665,void java.lang.Throwable.printStackTrace(java.lang.Throwable$PrintStreamOrWriter),,0,null,100]
08-22 06:51:23.459 I/liblog ( 2326): 1
08-22 06:51:23.463 I/liblog ( 2326): 7
08-22 06:51:23.463 I/dvm_lock_sample( 2326): [com.thundercomm.remotecontrolser,0,Thread-341409,757,Throwable.java,665,void java.lang.Throwable.printStackTrace(java.lang.Throwable$PrintStreamOrWriter),,0,null,100]
08-22 06:51:23.464 I/liblog ( 2326): 6
08-22 06:51:23.464 I/dvm_lock_sample( 2326): [com.thundercomm.remotecontrolser,0,Thread-341402,747,Throwable.java,665,void java.lang.Throwable.printStackTrace(java.lang.Throwable$PrintStreamOrWriter),,0,null,100]
08-22 06:51:23.466 I/liblog ( 2326): 17
08-22 06:51:23.466 I/dvm_lock_sample( 2326): [com.thundercomm.remotecontrolser,0,Thread-341401,745,Throwable.java,665,void java.lang.Throwable.printStackTrace(java.lang.Throwable$PrintStreamOrWriter),,0,null,100]
08-22 06:51:23.466 I/liblog ( 2326): 3
08-22 06:51:23.467 I/liblog ( 2326): 7
08-22 06:51:23.470 I/liblog ( 2326): 6
08-22 06:51:23.470 I/dvm_lock_sample( 2326): [com.thundercomm.remotecontrolser,0,Thread-341386,733,Throwable.java,665,void java.lang.Throwable.printStackTrace(java.lang.Throwable$PrintStreamOrWriter),,0,null,100]
08-22 06:51:23.471 I/liblog ( 2326): 1
08-22 06:51:23.473 I/liblog ( 2326): 6
08-22 06:51:23.473 I/dvm_lock_sample( 2326): [com.thundercomm.remotecontrolser,0,Thread-341384,737,Throwable.java,665,void java.lang.Throwable.printStackTrace(java.lang.Throwable$PrintStreamOrWriter),,0,null,100]
08-22 06:51:23.474 I/liblog ( 2326): 1
08-22 06:51:23.474 I/liblog ( 2326): 12
08-22 06:51:23.474 I/liblog ( 2326): 3
08-22 06:51:23.475 I/liblog ( 2326): 8
08-22 06:51:23.475 I/liblog ( 2326): 7
08-22 06:51:23.475 I/liblog ( 2326): 1
08-22 06:51:23.477 I/liblog ( 2326): 16
08-22 06:51:23.477 I/dvm_lock_sample( 2326): [com.thundercomm.remotecontrolser,0,Thread-341405,728,Throwable.java,665,void java.lang.Throwable.printStackTrace(java.lang.Throwable$PrintStreamOrWriter),,0,null,100]
08-22 06:51:23.488 I/liblog ( 2326): 35
08-22 06:51:23.488 I/dvm_lock_sample( 2326): [com.thundercomm.remotecontrolser,0,Thread-341410,731,Throwable.java,665,void java.lang.Throwable.printStackTrace(java.lang.Throwable$PrintStreamOrWriter),,0,null,100]
08-22 06:51:23.489 I/liblog ( 2326): 2
08-22 06:51:23.491 I/liblog ( 2326): 9
08-22 06:51:23.491 I/dvm_lock_sample( 2326): [com.thundercomm.remotecontrolser,0,Thread-341156,1442,Throwable.java,665,void java.lang.Throwable.printStackTrace(java.lang.Throwable$PrintStreamOrWriter),,0,null,100]
08-22 06:51:23.491 I/liblog ( 2326): 1
08-22 06:51:23.503 I/dvm_lock_sample( 2326): [com.thundercomm.remotecontrolser,0,Thread-341407,748,Throwable.java,665,void java.lang.Throwable.printStackTrace(java.lang.Throwable$PrintStreamOrWriter),,0,null,100]
08-22 06:51:23.505 I/dvm_lock_sample( 2326): [com.thundercomm.remotecontrolser,0,Thread-341406,750,Throwable.java,665,void java.lang.Throwable.printStackTrace(java.lang.Throwable$PrintStreamOrWriter),,0,null,100]
08-22 06:51:23.506 I/liblog ( 2326): 2
08-22 06:51:23.506 I/liblog ( 2326): 3
08-22 06:51:23.507 I/liblog ( 2326): 6
08-22 06:51:23.507 I/liblog ( 2326): 8
08-22 06:51:23.508 I/liblog ( 2326): 7
08-22 06:51:23.508 I/liblog ( 2326): 2
08-22 06:51:23.509 I/liblog ( 2326): 4
08-22 06:51:23.509 I/liblog ( 2326): 3
08-22 06:51:23.510 I/liblog ( 2326): 5
08-22 06:51:23.510 I/liblog ( 2326): 2
08-22 06:51:23.510 I/liblog ( 2326): 6
08-22 06:51:23.511 I/liblog ( 2326): 10
08-22 06:51:23.511 I/liblog ( 2326): 1
08-22 06:51:23.511 I/liblog ( 2326): 4
08-22 06:51:23.512 I/liblog ( 2326): 9
08-22 06:51:23.512 I/liblog ( 2326): 5
08-22 06:51:23.513 I/liblog ( 2326): 3
08-22 06:51:23.513 I/liblog ( 2326): 5
08-22 06:51:23.514 I/liblog ( 2326): 6
08-22 06:51:23.514 I/liblog ( 2326): 3
08-22 06:51:23.515 I/liblog ( 2326): 4
08-22 06:51:23.515 I/liblog ( 2326): 4
08-22 06:51:23.515 I/liblog ( 2326): 3
08-22 06:51:23.516 I/liblog ( 2326): 3
08-22 06:51:23.516 I/liblog ( 2326): 2
08-22 06:51:23.517 I/liblog ( 2326): 12
08-22 06:51:23.517 I/liblog ( 2326): 2
08-22 06:51:23.518 I/liblog ( 2326): 2
08-22 06:51:23.518 I/liblog ( 2326): 7
08-22 06:51:23.518 I/liblog ( 2326): 7
08-22 06:51:23.519 I/liblog ( 2326): 1
08-22 06:51:23.519 I/liblog ( 2326): 6
08-22 06:51:23.519 I/liblog ( 2326): 6
08-22 06:51:23.520 I/liblog ( 2326): 5
08-22 06:51:23.520 I/liblog ( 2326): 1
08-22 06:51:23.521 I/liblog ( 2326): 2
08-22 06:51:23.521 I/liblog ( 2326): 3
08-22 06:51:23.522 I/liblog ( 2326): 3
08-22 06:51:23.522 I/liblog ( 2326): 2
08-22 06:51:23.524 I/liblog ( 2326): 4
08-22 06:51:23.524 I/dvm_lock_sample( 2326): [com.thundercomm.remotecontrolser,0,Thread-341387,736,Throwable.java,665,void java.lang.Throwable.printStackTrace(java.lang.Throwable$PrintStreamOrWriter),,0,null,100]
08-22 06:51:23.524 I/liblog ( 2326): 5
08-22 06:51:23.528 I/liblog ( 2326): 6
08-22 06:51:23.528 I/dvm_lock_sample( 2326): [com.thundercomm.remotecontrolser,0,Thread-341388,736,Throwable.java,665,void java.lang.Throwable.printStackTrace(java.lang.Throwable$PrintStreamOrWriter),,0,null,100]
08-22 06:51:23.529 I/liblog ( 2326): 4
08-22 06:51:23.529 I/liblog ( 2326): 7
08-22 06:51:23.531 I/liblog ( 2326): 6
08-22 06:51:23.531 I/dvm_lock_sample( 2326): [com.thundercomm.remotecontrolser,0,Thread-341389,739,Throwable.java,665,void java.lang.Throwable.printStackTrace(java.lang.Throwable$PrintStreamOrWriter),,0,null,100]
08-22 06:51:23.532 I/liblog ( 2326): 2
08-22 06:51:23.532 I/liblog ( 2326): 10
08-22 06:51:23.533 I/liblog ( 2326): 9
08-22 06:51:23.534 I/liblog ( 2326): 6
08-22 06:51:23.534 I/dvm_lock_sample( 2326): [com.thundercomm.remotecontrolser,0,Thread-341452,732,Throwable.java,665,void java.lang.Throwable.printStackTrace(java.lang.Throwable$PrintStreamOrWriter),,0,null,100]
08-22 06:51:23.535 I/liblog ( 2326): 1
08-22 06:51:23.536 I/liblog ( 2326): 7
08-22 06:51:23.538 I/liblog ( 2326): 4
08-22 06:51:23.538 I/dvm_lock_sample( 2326): [com.thundercomm.remotecontrolser,0,Thread-341421,733,Throwable.java,665,void java.lang.Throwable.printStackTrace(java.lang.Throwable$PrintStreamOrWriter),,0,null,100]
08-22 06:51:23.539 I/liblog ( 2326): 1
08-22 06:51:23.539 I/liblog ( 2326): 1
08-22 06:51:23.540 I/liblog ( 2326): 6
08-22 06:51:23.549 I/liblog ( 2326): 5
08-22 06:51:23.549 I/dvm_lock_sample( 2326): [com.thundercomm.remotecontrolser,0,Thread-341453,735,Throwable.java,665,void java.lang.Throwable.printStackTrace(java.lang.Throwable$PrintStreamOrWriter),,0,null,100]
08-22 06:51:23.551 I/dvm_lock_sample( 2326): [com.thundercomm.remotecontrolser,0,Thread-343023,744,Throwable.java,665,void java.lang.Throwable.printStackTrace(java.lang.Throwable$PrintStreamOrWriter),,0,null,100]
08-22 06:51:23.554 I/dvm_lock_sample( 2326): [com.thundercomm.remotecontrolser,0,Thread-341445,745,Throwable.java,665,void java.lang.Throwable.printStackTrace(java.lang.Throwable$PrintStreamOrWriter),,0,null,100]
08-22 06:51:23.561 I/liblog ( 2326): 2
08-22 06:51:23.561 I/liblog ( 2326): 6
08-22 06:51:23.562 I/liblog ( 2326): 5
08-22 06:51:23.562 I/liblog ( 2326): 10
08-22 06:51:23.563 I/liblog ( 2326): 5
08-22 06:51:23.563 I/liblog ( 2326): 5
08-22 06:51:23.567 I/liblog ( 2326): 6
08-22 06:51:23.567 I/dvm_lock_sample( 2326): [com.thundercomm.remotecontrolser,0,Thread-341419,751,Throwable.java,665,void java.lang.Throwable.printStackTrace(java.lang.Throwable$PrintStreamOrWriter),,0,null,100]
08-22 06:51:23.570 I/liblog ( 2326): 1
08-22 06:51:23.570 I/dvm_lock_sample( 2326): [com.thundercomm.remotecontrolser,0,Thread-341459,756,Throwable.java,665,void java.lang.Throwable.printStackTrace(java.lang.Throwable$PrintStreamOrWriter),,0,null,100]
08-22 06:51:23.571 I/liblog ( 2326): 11
08-22 06:51:23.576 I/liblog ( 2326): 3
08-22 06:51:23.576 I/dvm_lock_sample( 2326): [com.thundercomm.remotecontrolser,0,Thread-341396,759,Throwable.java,665,void java.lang.Throwable.printStackTrace(java.lang.Throwable$PrintStreamOrWriter),,0,null,100]
08-22 06:51:23.577 I/liblog ( 2326): 2
08-22 06:51:23.578 I/liblog ( 2326): 4
08-22 06:51:23.578 I/dvm_lock_sample( 2326): [com.thundercomm.remotecontrolser,0,Thread-341446,763,Throwable.java,665,void java.lang.Throwable.printStackTrace(java.lang.Throwable$PrintStreamOrWriter),,0,null,100]
08-22 06:51:23.578 I/liblog ( 2326): 7
08-22 06:51:23.579 I/liblog ( 2326): 5
08-22 06:51:23.580 I/liblog ( 2326): 3
08-22 06:51:23.580 I/liblog ( 2326): 6
08-22 06:51:23.580 I/liblog ( 2326): 7
08-22 06:51:23.584 I/liblog ( 2326): 4
08-22 06:51:23.584 I/dvm_lock_sample( 2326): [com.thundercomm.remotecontrolser,0,Thread-343016,767,Throwable.java,665,void java.lang.Throwable.printStackTrace(java.lang.Throwable$PrintStreamOrWriter),,0,null,100]
08-22 06:51:23.585 I/liblog ( 2326): 4
08-22 06:51:23.586 I/liblog ( 2326): 1
08-22 06:51:23.586 I/liblog ( 2326): 8
08-22 06:51:23.587 I/liblog ( 2326): 8
08-22 06:51:23.587 I/liblog ( 2326): 3
08-22 06:51:23.587 I/liblog ( 2326): 8
08-22 06:51:23.588 I/liblog ( 2326): 7
08-22 06:51:23.588 I/liblog ( 2326): 9
08-22 06:51:23.589 I/liblog ( 2326): 6
08-22 06:51:23.590 I/liblog ( 2326): 7
08-22 06:51:23.592 I/liblog ( 2326): 4
08-22 06:51:23.593 I/liblog ( 2326): 4
08-22 06:51:23.593 I/liblog ( 2326): 9
08-22 06:51:23.594 I/liblog ( 2326): 6
08-22 06:51:23.594 I/liblog ( 2326): 2
08-22 06:51:23.594 I/liblog ( 2326): 6
08-22 06:51:23.595 I/liblog ( 2326): 9
08-22 06:51:23.596 I/liblog ( 2326): 11
08-22 06:51:23.596 I/liblog ( 2326): 5
08-22 06:51:23.596 I/liblog ( 2326): 3
08-22 06:51:23.597 I/liblog ( 2326): 7
08-22 06:51:23.597 I/liblog ( 2326): 3
08-22 06:51:23.599 I/liblog ( 2326): 4
08-22 06:51:23.599 I/dvm_lock_sample( 2326): [com.thundercomm.remotecontrolser,0,Thread-341400,758,Throwable.java,665,void java.lang.Throwable.printStackTrace(java.lang.Throwable$PrintStreamOrWriter),,0,null,100]
08-22 06:51:23.605 I/liblog ( 2326): 13
08-22 06:51:23.605 I/dvm_lock_sample( 2326): [com.thundercomm.remotecontrolser,0,Thread-341475,759,Throwable.java,665,void java.lang.Throwable.printStackTrace(java.lang.Throwable$PrintStreamOrWriter),,0,null,100]
08-22 06:51:23.615 I/dvm_lock_sample( 2326): [com.thundercomm.remotecontrolser,0,Thread-341439,764,Throwable.java,665,void java.lang.Throwable.printStackTrace(java.lang.Throwable$PrintStreamOrWriter),,0,null,100]
08-22 06:51:23.620 I/dvm_lock_sample( 2326): [com.thundercomm.remotecontrolser,0,Thread-341473,774,Throwable.java,665,void java.lang.Throwable.printStackTrace(java.lang.Throwable$PrintStreamOrWriter),,0,null,100]
08-22 06:51:23.620 I/liblog ( 2326): 5
08-22 06:51:23.620 I/liblog ( 2326): 6
08-22 06:51:23.622 I/liblog ( 2326): 4
08-22 06:51:23.622 I/dvm_lock_sample( 2326): [com.thundercomm.remotecontrolser,0,Thread-341437,764,Throwable.java,665,void java.lang.Throwable.printStackTrace(java.lang.Throwable$PrintStreamOrWriter),,0,null,100]
08-22 06:51:23.623 I/liblog ( 2326): 1
08-22 06:51:23.623 I/liblog ( 2326): 4
08-22 06:51:23.624 I/liblog ( 2326): 3
08-22 06:51:23.626 I/liblog ( 2326): 3
08-22 06:51:23.626 I/dvm_lock_sample( 2326): [com.thundercomm.remotecontrolser,0,Thread-341480,767,Throwable.java,665,void java.lang.Throwable.printStackTrace(java.lang.Throwable$PrintStreamOrWriter),,0,null,100]
08-22 06:51:23.629 I/liblog ( 2326): 12
08-22 06:51:23.629 I/dvm_lock_sample( 2326): [com.thundercomm.remotecontrolser,0,Thread-341440,769,Throwable.java,665,void java.lang.Throwable.printStackTrace(java.lang.Throwable$PrintStreamOrWriter),,0,null,100]
08-22 06:51:23.631 I/liblog ( 2326): 1
08-22 06:51:23.631 I/liblog ( 2326): 3
08-22 06:51:23.632 I/liblog ( 2326): 3
08-22 06:51:23.632 I/dvm_lock_sample( 2326): [com.thundercomm.remotecontrolser,0,Thread-341417,770,Throwable.java,665,void java.lang.Throwable.printStackTrace(java.lang.Throwable$PrintStreamOrWriter),,0,null,100]
08-22 06:51:23.633 I/liblog ( 2326): 5
08-22 06:51:23.633 I/liblog ( 2326): 3
08-22 06:51:23.641 I/dvm_lock_sample( 2326): [com.thundercomm.remotecontrolser,0,Thread-341441,773,Throwable.java,665,void java.lang.Throwable.printStackTrace(java.lang.Throwable$PrintStreamOrWriter),,0,null,100]
08-22 06:51:23.649 I/dvm_lock_sample( 2326): [com.thundercomm.remotecontrolser,0,Thread-341448,775,Throwable.java,665,void java.lang.Throwable.printStackTrace(java.lang.Throwable$PrintStreamOrWriter),,0,null,100]
08-22 06:51:23.652 I/dvm_lock_sample( 2326): [com.thundercomm.remotecontrolser,0,Thread-341486,774,Throwable.java,665,void java.lang.Throwable.printStackTrace(java.lang.Throwable$PrintStreamOrWriter),,0,null,100]
08-22 06:51:23.654 I/liblog ( 2326): 1
08-22 06:51:23.654 I/liblog ( 2326): 3
08-22 06:51:23.655 I/liblog ( 2326): 3
08-22 06:51:23.656 I/liblog ( 2326): 2
08-22 06:51:23.657 I/liblog ( 2326): 4
08-22 06:51:23.657 I/liblog ( 2326): 3
08-22 06:51:23.666 I/liblog ( 2326): 4
08-22 06:51:23.666 I/dvm_lock_sample( 2326): [com.thundercomm.remotecontrolser,0,Thread-341458,779,Throwable.java,665,void java.lang.Throwable.printStackTrace(java.lang.Throwable$PrintStreamOrWriter),,0,null,100]
08-22 06:51:23.669 I/dvm_lock_sample( 2326): [com.thundercomm.remotecontrolser,0,Thread-341449,789,Throwable.java,665,void java.lang.Throwable.printStackTrace(java.lang.Throwable$PrintStreamOrWriter),,0,null,100]
08-22 06:51:23.674 I/dvm_lock_sample( 2326): [com.thundercomm.remotecontrolser,0,Thread-341447,793,Throwable.java,665,void java.lang.Throwable.printStackTrace(java.lang.Throwable$PrintStreamOrWriter),,0,null,100]
08-22 06:51:23.676 I/dvm_lock_sample( 2326): [com.thundercomm.remotecontrolser,0,Thread-341457,797,Throwable.java,665,void java.lang.Throwable.printStackTrace(java.lang.Throwable$PrintStreamOrWriter),,0,null,100]
08-22 06:51:23.681 I/liblog ( 2326): 2
08-22 06:51:23.681 I/liblog ( 2326): 4
08-22 06:51:23.682 I/liblog ( 2326): 7
08-22 06:51:23.682 I/liblog ( 2326): 1
08-22 06:51:23.682 I/liblog ( 2326): 4
08-22 06:51:23.683 I/liblog ( 2326): 7
08-22 06:51:23.683 I/liblog ( 2326): 1
08-22 06:51:23.683 I/liblog ( 2326): 4
08-22 06:51:23.684 I/liblog ( 2326): 2
08-22 06:51:23.684 I/liblog ( 2326): 5
08-22 06:51:23.685 I/liblog ( 2326): 7
08-22 06:51:23.685 I/liblog ( 2326): 6
08-22 06:51:23.685 I/dvm_lock_sample( 2326): [com.thundercomm.remotecontrolser,0,Thread-341463,804,Throwable.java,665,void java.lang.Throwable.printStackTrace(java.lang.Throwable$PrintStreamOrWriter),,0,null,100]
08-22 06:51:23.685 I/liblog ( 2326): 1
08-22 06:51:23.686 I/liblog ( 2326): 3
08-22 06:51:23.686 I/liblog ( 2326): 5
08-22 06:51:23.687 I/liblog ( 2326): 7
08-22 06:51:23.687 I/liblog ( 2326): 1
08-22 06:51:23.687 I/liblog ( 2326): 3
08-22 06:51:23.688 I/liblog ( 2326): 5
08-22 06:51:23.688 I/liblog ( 2326): 5
08-22 06:51:23.690 I/liblog ( 2326): 4
08-22 06:51:23.690 I/dvm_lock_sample( 2326): [com.thundercomm.remotecontrolser,0,Thread-341465,807,Throwable.java,665,void java.lang.Throwable.printStackTrace(java.lang.Throwable$PrintStreamOrWriter),,0,null,100]
08-22 06:51:23.691 I/liblog ( 2326): 4
08-22 06:51:23.691 I/liblog ( 2326): 8
08-22 06:51:23.692 I/liblog ( 2326): 2
08-22 06:51:23.692 I/liblog ( 2326): 2
08-22 06:51:23.692 I/liblog ( 2326): 4
08-22 06:51:23.693 I/liblog ( 2326): 3
08-22 06:51:23.694 I/liblog ( 2326): 6
08-22 06:51:23.694 I/liblog ( 2326): 1
08-22 06:51:23.695 I/liblog ( 2326): 9
08-22 06:51:23.695 I/liblog ( 2326): 5
08-22 06:51:23.695 I/liblog ( 2326): 2
08-22 06:51:23.696 I/liblog ( 2326): 15
08-22 06:51:23.697 I/liblog ( 2326): 7
08-22 06:51:23.697 I/liblog ( 2326): 3
08-22 06:51:23.699 I/liblog ( 2326): 6
08-22 06:51:23.699 I/dvm_lock_sample( 2326): [com.thundercomm.remotecontrolser,0,Thread-341474,813,Throwable.java,665,void java.lang.Throwable.printStackTrace(java.lang.Throwable$PrintStreamOrWriter),,0,null,100]
08-22 06:51:23.700 I/liblog ( 2326): 2
08-22 06:51:23.700 I/liblog ( 2326): 5
08-22 06:51:23.702 I/liblog ( 2326): 5
08-22 06:51:23.702 I/dvm_lock_sample( 2326): [com.thundercomm.remotecontrolser,0,Thread-341492,815,Throwable.java,665,void java.lang.Throwable.printStackTrace(java.lang.Throwable$PrintStreamOrWriter),,0,null,100]
08-22 06:51:23.702 I/liblog ( 2326): 6
08-22 06:51:23.703 I/liblog ( 2326): 8
08-22 06:51:23.703 I/liblog ( 2326): 4
08-22 06:51:23.704 I/liblog ( 2326): 7
08-22 06:51:23.704 I/liblog ( 2326): 7
08-22 06:51:23.705 I/liblog ( 2326): 10
08-22 06:51:23.705 I/liblog ( 2326): 5
08-22 06:51:23.705 I/dvm_lock_sample( 2326): [com.thundercomm.remotecontrolser,0,Thread-341431,818,Throwable.java,665,void java.lang.Throwable.printStackTrace(java.lang.Throwable$PrintStreamOrWriter),,0,null,100]
08-22 06:51:23.706 I/liblog ( 2326): 8
08-22 06:51:23.706 I/liblog ( 2326): 3
08-22 06:51:23.707 I/liblog ( 2326): 6
08-22 06:51:23.708 I/liblog ( 2326): 2
08-22 06:51:23.708 I/liblog ( 2326): 6
08-22 06:51:23.713 I/liblog ( 2326): 6
08-22 06:51:23.716 I/liblog ( 2326): 13
08-22 06:51:23.716 I/dvm_lock_sample( 2326): [com.thundercomm.remotecontrolser,0,Thread-341497,822,Throwable.java,665,void java.lang.Throwable.printStackTrace(java.lang.Throwable$PrintStreamOrWriter),,0,null,100]
08-22 06:51:23.716 I/liblog ( 2326): 12
08-22 06:51:23.717 I/liblog ( 2326): 5
08-22 06:51:23.717 I/liblog ( 2326): 3
08-22 06:51:23.717 I/liblog ( 2326): 7
08-22 06:51:23.718 I/liblog ( 2326): 7
08-22 06:51:23.718 I/dvm_lock_sample( 2326): [com.thundercomm.remotecontrolser,0,Thread-340996,2096,Throwable.java,665,void java.lang.Throwable.printStackTrace(java.lang.Throwable$PrintStreamOrWriter),,0,null,100]
08-22 06:51:23.719 I/liblog ( 2326): 2
08-22 06:51:23.719 I/liblog ( 2326): 8
08-22 06:51:23.721 I/liblog ( 2326): 6
08-22 06:51:23.721 I/dvm_lock_sample( 2326): [com.thundercomm.remotecontrolser,0,Thread-341467,820,Throwable.java,665,void java.lang.Throwable.printStackTrace(java.lang.Throwable$PrintStreamOrWriter),,0,null,100]
08-22 06:51:23.722 I/liblog ( 2326): 1
08-22 06:51:23.722 I/liblog ( 2326): 6
08-22 06:51:23.723 I/liblog ( 2326): 6
08-22 06:51:23.723 I/liblog ( 2326): 7
08-22 06:51:23.724 I/liblog ( 2326): 7
08-22 06:51:23.727 I/liblog ( 2326): 1
08-22 06:51:23.727 I/dvm_lock_sample( 2326): [com.thundercomm.remotecontrolser,0,Thread-340995,2101,Throwable.java,665,void java.lang.Throwable.printStackTrace(java.lang.Throwable$PrintStreamOrWriter),,0,null,100]
08-22 06:51:23.728 I/liblog ( 2326): 2
08-22 06:51:23.728 I/liblog ( 2326): 6
08-22 06:51:23.728 I/liblog ( 2326): 4
08-22 06:51:23.729 I/liblog ( 2326): 8
08-22 06:51:23.731 I/liblog ( 2326): 6
08-22 06:51:23.731 I/dvm_lock_sample( 2326): [com.thundercomm.remotecontrolser,0,Thread-341501,827,Throwable.java,665,void java.lang.Throwable.printStackTrace(java.lang.Throwable$PrintStreamOrWriter),,0,null,100]
08-22 06:51:23.731 I/liblog ( 2326): 5
08-22 06:51:23.732 I/liblog ( 2326): 6
08-22 06:51:23.732 I/liblog ( 2326): 1
08-22 06:51:23.733 I/liblog ( 2326): 5
08-22 06:51:23.733 I/liblog ( 2326): 6
08-22 06:51:23.733 I/liblog ( 2326): 5
08-22 06:51:23.737 I/liblog ( 2326): 2
08-22 06:51:23.737 I/dvm_lock_sample( 2326): [com.thundercomm.remotecontrolser,0,Thread-341482,829,Throwable.java,665,void java.lang.Throwable.printStackTrace(java.lang.Throwable$PrintStreamOrWriter),,0,null,100]
08-22 06:51:23.738 I/liblog ( 2326): 5
08-22 06:51:23.738 I/liblog ( 2326): 2
08-22 06:51:23.739 I/liblog ( 2326): 4
08-22 06:51:23.741 I/liblog ( 2326): 7
08-22 06:51:23.742 I/liblog ( 2326): 4
08-22 06:51:23.742 I/dvm_lock_sample( 2326): [com.thundercomm.remotecontrolser,0,Thread-341481,834,Throwable.java,665,void java.lang.Throwable.printStackTrace(java.lang.Throwable$PrintStreamOrWriter),,0,null,100]
08-22 06:51:23.743 I/liblog ( 2326): 9
08-22 06:51:23.743 I/liblog ( 2326): 5
08-22 06:51:23.744 I/liblog ( 2326): 6
08-22 06:51:23.744 I/liblog ( 2326): 7
08-22 06:51:23.745 I/liblog ( 2326): 4
08-22 06:51:23.745 I/liblog ( 2326): 1
08-22 06:51:23.745 I/liblog ( 2326): 8
08-22 06:51:23.745 I/liblog ( 2326): 6
08-22 06:51:23.746 I/liblog ( 2326): 3
08-22 06:51:23.746 I/liblog ( 2326): 7
08-22 06:51:23.746 I/liblog ( 2326): 5
08-22 06:51:23.747 I/liblog ( 2326): 5
08-22 06:51:23.747 I/liblog ( 2326): 5
08-22 06:51:23.747 I/liblog ( 2326): 10
08-22 06:51:23.748 I/liblog ( 2326): 10
08-22 06:51:23.748 I/liblog ( 2326): 6
08-22 06:51:23.749 I/liblog ( 2326): 3
08-22 06:51:23.749 I/liblog ( 2326): 7
08-22 06:51:23.750 I/liblog ( 2326): 5
08-22 06:51:23.750 I/liblog ( 2326): 1
08-22 06:51:23.751 I/liblog ( 2326): 9
08-22 06:51:23.751 I/liblog ( 2326): 6
08-22 06:51:23.751 I/liblog ( 2326): 8
08-22 06:51:23.752 I/liblog ( 2326): 8
08-22 06:51:23.752 I/liblog ( 2326): 2
08-22 06:51:23.753 I/liblog ( 2326): 9
08-22 06:51:23.753 I/liblog ( 2326): 4
08-22 06:51:23.754 I/liblog ( 2326): 2
08-22 06:51:23.754 I/liblog ( 2326): 6
08-22 06:51:23.754 I/liblog ( 2326): 5
08-22 06:51:23.755 I/liblog ( 2326): 6
08-22 06:51:23.755 I/liblog ( 2326): 5
08-22 06:51:23.756 I/liblog ( 2326): 7
08-22 06:51:23.760 I/liblog ( 2326): 1
08-22 06:51:23.762 I/liblog ( 2326): 9
