08-22 06:51:25.998 I/notification_panel_hidden( 1160):
08-22 06:51:26.010 I/dvm_lock_sample( 2326): [com.thundercomm.remotecontrolser,0,Thread-342196,920,Throwable.java,665,void java.lang.Throwable.printStackTrace(java.lang.Throwable$PrintStreamOrWriter),,0,null,100]
01-01 00:38:37.437 I/IRQ 5 ( 0): no longer affine to CPU7
08-22 06:51:26.012 I/dvm_lock_sample( 2326): [com.thundercomm.remotecontrolser,0,Thread-342194,927,Throwable.java,665,void java.lang.Throwable.printStackTrace(java.lang.Throwable$PrintStreamOrWriter),,0,null,100]
08-22 06:51:26.015 I/input_focus( 1160): [Focus leaving 7b76b2f NotificationShade (server),reason=NO_WINDOW]
08-22 06:51:26.016 I/input_focus( 1160): [Focus entering cfa8469 com.android.launcher3/com.android.launcher3.uioverrides.QuickstepLauncher (server),reason=setFocusedWindow]
08-22 06:51:26.020 I/dvm_lock_sample( 2326): [com.thundercomm.remotecontrolser,0,Thread-342197,914,Throwable.java,665,void java.lang.Throwable.printStackTrace(java.lang.Throwable$PrintStreamOrWriter),,0,null,100]
08-22 06:51:26.030 I/liblog ( 2326): 27
08-22 06:51:26.030 I/dvm_lock_sample( 2326): [com.thundercomm.remotecontrolser,0,Thread-342198,922,Throwable.java,665,void java.lang.Throwable.printStackTrace(java.lang.Throwable$PrintStreamOrWriter),,0,null,100]
08-22 06:51:26.043 I/liblog ( 2326): 42
08-22 06:51:26.043 I/dvm_lock_sample( 2326): [com.thundercomm.remotecontrolser,0,Thread-342203,909,Throwable.java,665,void java.lang.Throwable.printStackTrace(java.lang.Throwable$PrintStreamOrWriter),,0,null,100]
08-22 06:51:26.043 I/liblog ( 2326): 1
08-22 06:51:26.044 I/liblog ( 2326): 6
08-22 06:51:26.044 I/liblog ( 2326): 6
08-22 06:51:26.044 I/dvm_lock_sample( 2326): [com.thundercomm.remotecontrolser,0,Thread-342204,909,Throwable.java,665,void java.lang.Throwable.printStackTrace(java.lang.Throwable$PrintStreamOrWriter),,0,null,100]
08-22 06:51:26.046 I/liblog ( 2326): 17
08-22 06:51:26.046 I/dvm_lock_sample( 2326): [com.thundercomm.remotecontrolser,0,Thread-342213,907,Throwable.java,665,void java.lang.Throwable.printStackTrace(java.lang.Throwable$PrintStreamOrWriter),,0,null,100]
08-22 06:51:26.048 I/liblog ( 2326): 1
08-22 06:51:26.048 I/liblog ( 2326): 5
08-22 06:51:26.050 I/liblog ( 2326): 6
08-22 06:51:26.050 I/dvm_lock_sample( 2326): [com.thundercomm.remotecontrolser,0,Thread-342202,908,Throwable.java,665,void java.lang.Throwable.printStackTrace(java.lang.Throwable$PrintStreamOrWriter),,0,null,100]
08-22 06:51:26.051 I/liblog ( 2326): 8
08-22 06:51:26.051 I/liblog ( 2326): 6
08-22 06:51:26.051 I/dvm_lock_sample( 2326): [com.thundercomm.remotecontrolser,0,Thread-342208,903,Throwable.java,665,void java.lang.Throwable.printStackTrace(java.lang.Throwable$PrintStreamOrWriter),,0,null,100]
08-22 06:51:26.052 I/liblog ( 2326): 1
08-22 06:51:26.053 I/liblog ( 2326): 1
08-22 06:51:26.053 I/liblog ( 2326): 6
08-22 06:51:26.053 I/liblog ( 2326): 5
08-22 06:51:26.054 I/liblog ( 2326): 3
08-22 06:51:26.054 I/liblog ( 2326): 1
08-22 06:51:26.054 I/liblog ( 2326): 4
08-22 06:51:26.054 I/liblog ( 2326): 7
08-22 06:51:26.056 I/liblog ( 2326): 6
08-22 06:51:26.056 I/dvm_lock_sample( 2326): [com.thundercomm.remotecontrolser,0,Thread-342212,893,Throwable.java,665,void java.lang.Throwable.printStackTrace(java.lang.Throwable$PrintStreamOrWriter),,0,null,100]
08-22 06:51:26.057 I/liblog ( 2326): 8
08-22 06:51:26.060 I/liblog ( 2326): 5
08-22 06:51:26.060 I/dvm_lock_sample( 2326): [com.thundercomm.remotecontrolser,0,Thread-342215,891,Throwable.java,665,void java.lang.Throwable.printStackTrace(java.lang.Throwable$PrintStreamOrWriter),,0,null,100]
08-22 06:51:26.061 I/liblog ( 2326): 6
08-22 06:51:26.062 I/liblog ( 2326): 1
08-22 06:51:26.062 I/dvm_lock_sample( 2326): [com.thundercomm.remotecontrolser,0,Thread-342210,891,Throwable.java,665,void java.lang.Throwable.printStackTrace(java.lang.Throwable$PrintStreamOrWriter),,0,null,100]
08-22 06:51:26.063 I/liblog ( 2326): 3
08-22 06:51:26.064 I/liblog ( 2326): 3
08-22 06:51:26.065 I/liblog ( 2326): 8
08-22 06:51:26.065 I/dvm_lock_sample( 2326): [com.thundercomm.remotecontrolser,0,Thread-342206,894,Throwable.java,665,void java.lang.Throwable.printStackTrace(java.lang.Throwable$PrintStreamOrWriter),,0,null,100]
08-22 06:51:26.066 I/liblog ( 2326): 7
08-22 06:51:26.066 I/liblog ( 2326): 3
08-22 06:51:26.077 I/liblog ( 2326): 50
08-22 06:51:26.077 I/liblog ( 2326): 6
08-22 06:51:26.079 I/liblog ( 2326): 3
08-22 06:51:26.079 I/dvm_lock_sample( 2326): [com.thundercomm.remotecontrolser,0,Thread-342214,904,Throwable.java,665,void java.lang.Throwable.printStackTrace(java.lang.Throwable$PrintStreamOrWriter),,0,null,100]
08-22 06:51:26.082 I/liblog ( 2326): 6
08-22 06:51:26.082 I/liblog ( 2326): 1
08-22 06:51:26.083 I/liblog ( 2326): 1
08-22 06:51:26.083 I/liblog ( 2326): 4
08-22 06:51:26.083 I/liblog ( 2326): 2
08-22 06:51:26.084 I/liblog ( 2326): 3
08-22 06:51:26.084 I/liblog ( 2326): 2
08-22 06:51:26.085 I/liblog ( 2326): 12
08-22 06:51:26.085 I/liblog ( 2326): 6
08-22 06:51:26.086 I/liblog ( 2326): 4
08-22 06:51:26.086 I/liblog ( 2326): 4
08-22 06:51:26.087 I/liblog ( 2326): 6
08-22 06:51:26.087 I/liblog ( 2326): 2
08-22 06:51:26.087 I/liblog ( 2326): 3
08-22 06:51:26.088 I/liblog ( 2326): 11
08-22 06:51:26.089 I/liblog ( 2326): 3
08-22 06:51:26.089 I/liblog ( 2326): 1
08-22 06:51:26.090 I/liblog ( 2326): 6
08-22 06:51:26.090 I/liblog ( 2326): 3
08-22 06:51:26.090 I/liblog ( 2326): 2
08-22 06:51:26.091 I/liblog ( 2326): 4
08-22 06:51:26.091 I/liblog ( 2326): 1
08-22 06:51:26.091 I/dvm_lock_sample( 2326): [com.thundercomm.remotecontrolser,0,Thread-342230,904,Throwable.java,665,void java.lang.Throwable.printStackTrace(java.lang.Throwable$PrintStreamOrWriter),,0,null,100]
08-22 06:51:26.092 I/liblog ( 2326): 2
08-22 06:51:26.092 I/liblog ( 2326): 5
08-22 06:51:26.093 I/liblog ( 2326): 4
08-22 06:51:26.093 I/liblog ( 2326): 4
08-22 06:51:26.096 I/liblog ( 2326): 1
08-22 06:51:26.096 I/dvm_lock_sample( 2326): [com.thundercomm.remotecontrolser,0,Thread-342236,905,Throwable.java,665,void java.lang.Throwable.printStackTrace(java.lang.Throwable$PrintStreamOrWriter),,0,null,100]
08-22 06:51:26.097 I/liblog ( 2326): 2
08-22 06:51:26.100 I/liblog ( 2326): 6
08-22 06:51:26.100 I/dvm_lock_sample( 2326): [com.thundercomm.remotecontrolser,0,Thread-342219,909,Throwable.java,665,void java.lang.Throwable.printStackTrace(java.lang.Throwable$PrintStreamOrWriter),,0,null,100]
08-22 06:51:26.102 I/liblog ( 2326): 2
08-22 06:51:26.109 I/liblog ( 2326): 3
08-22 06:51:26.109 I/dvm_lock_sample( 2326): [com.thundercomm.remotecontrolser,0,Thread-342238,913,Throwable.java,665,void java.lang.Throwable.printStackTrace(java.lang.Throwable$PrintStreamOrWriter),,0,null,100]
08-22 06:51:26.114 I/dvm_lock_sample( 2326): [com.thundercomm.remotecontrolser,0,Thread-342222,922,Throwable.java,665,void java.lang.Throwable.printStackTrace(java.lang.Throwable$PrintStreamOrWriter),,0,null,100]
08-22 06:51:26.121 I/dvm_lock_sample( 2326): [com.thundercomm.remotecontrolser,0,Thread-342220,930,Throwable.java,665,void java.lang.Throwable.printStackTrace(java.lang.Throwable$PrintStreamOrWriter),,0,null,100]
08-22 06:51:26.124 I/dvm_lock_sample( 2326): [com.thundercomm.remotecontrolser,0,Thread-342240,926,Throwable.java,665,void java.lang.Throwable.printStackTrace(java.lang.Throwable$PrintStreamOrWriter),,0,null,100]
08-22 06:51:26.125 I/liblog ( 2326): 2
08-22 06:51:26.126 I/liblog ( 2326): 3
08-22 06:51:26.126 I/dvm_lock_sample( 2326): [com.thundercomm.remotecontrolser,0,Thread-342227,928,Throwable.java,665,void java.lang.Throwable.printStackTrace(java.lang.Throwable$PrintStreamOrWriter),,0,null,100]
08-22 06:51:26.127 I/liblog ( 2326): 10
08-22 06:51:26.128 I/liblog ( 2326): 6
08-22 06:51:26.128 I/dvm_lock_sample( 2326): [com.thundercomm.remotecontrolser,0,Thread-342223,930,Throwable.java,665,void java.lang.Throwable.printStackTrace(java.lang.Throwable$PrintStreamOrWriter),,0,null,100]
08-22 06:51:26.128 I/liblog ( 2326): 2
08-22 06:51:26.136 I/dvm_lock_sample( 2326): [com.thundercomm.remotecontrolser,0,Thread-342242,936,Throwable.java,665,void java.lang.Throwable.printStackTrace(java.lang.Throwable$PrintStreamOrWriter),,0,null,100]
08-22 06:51:26.139 I/liblog ( 2326): 1
08-22 06:51:26.139 I/liblog ( 2326): 1
08-22 06:51:26.139 I/liblog ( 2326): 1
08-22 06:51:26.140 I/liblog ( 2326): 7
08-22 06:51:26.140 I/liblog ( 2326): 5
08-22 06:51:26.140 I/liblog ( 2326): 5
08-22 06:51:26.141 I/liblog ( 2326): 10
08-22 06:51:26.141 I/liblog ( 2326): 6
08-22 06:51:26.142 I/liblog ( 2326): 1
08-22 06:51:26.142 I/liblog ( 2326): 1
08-22 06:51:26.143 I/liblog ( 2326): 4
08-22 06:51:26.143 I/liblog ( 2326): 1
08-22 06:51:26.144 I/liblog ( 2326): 3
08-22 06:51:26.144 I/liblog ( 2326): 2
08-22 06:51:26.144 I/liblog ( 2326): 2
08-22 06:51:26.145 I/liblog ( 2326): 2
08-22 06:51:26.145 I/liblog ( 2326): 3
08-22 06:51:26.149 I/liblog ( 2326): 6
08-22 06:51:26.150 I/liblog ( 2326): 4
08-22 06:51:26.150 I/liblog ( 2326): 7
08-22 06:51:26.151 I/liblog ( 2326): 7
08-22 06:51:26.151 I/liblog ( 2326): 2
08-22 06:51:26.152 I/liblog ( 2326): 9
08-22 06:51:26.153 I/liblog ( 2326): 6
08-22 06:51:26.153 I/dvm_lock_sample( 2326): [com.thundercomm.remotecontrolser,0,Thread-342217,922,Throwable.java,665,void java.lang.Throwable.printStackTrace(java.lang.Throwable$PrintStreamOrWriter),,0,null,100]
08-22 06:51:26.154 I/liblog ( 2326): 2
08-22 06:51:26.154 I/liblog ( 2326): 8
08-22 06:51:26.154 I/liblog ( 2326): 6
08-22 06:51:26.154 I/liblog ( 2326): 2
08-22 06:51:26.155 I/liblog ( 2326): 4
08-22 06:51:26.155 I/liblog ( 2326): 4
08-22 06:51:26.155 I/liblog ( 2326): 3
08-22 06:51:26.157 I/liblog ( 2326): 3
08-22 06:51:26.157 I/liblog ( 2326): 10
08-22 06:51:26.158 I/liblog ( 2326): 5
08-22 06:51:26.158 I/liblog ( 2326): 8
08-22 06:51:26.158 I/liblog ( 2326): 5
08-22 06:51:26.161 I/liblog ( 2326): 3
08-22 06:51:26.161 I/dvm_lock_sample( 2326): [com.thundercomm.remotecontrolser,0,Thread-342277,921,Throwable.java,665,void java.lang.Throwable.printStackTrace(java.lang.Throwable$PrintStreamOrWriter),,0,null,100]
08-22 06:51:26.206 I/dvm_lock_sample( 2326): [com.thundercomm.remotecontrolser,0,Thread-342244,937,Throwable.java,665,void java.lang.Throwable.printStackTrace(java.lang.Throwable$PrintStreamOrWriter),,0,null,100]
08-22 06:51:26.218 I/dvm_lock_sample( 2326): [com.thundercomm.remotecontrolser,0,Thread-342280,955,Throwable.java,665,void java.lang.Throwable.printStackTrace(java.lang.Throwable$PrintStreamOrWriter),,0,null,100]
08-22 06:51:26.226 I/dvm_lock_sample( 2326): [com.thundercomm.remotecontrolser,0,Thread-342234,959,Throwable.java,665,void java.lang.Throwable.printStackTrace(java.lang.Throwable$PrintStreamOrWriter),,0,null,100]
08-22 06:51:26.228 I/dvm_lock_sample( 2326): [com.thundercomm.remotecontrolser,0,Thread-342235,963,Throwable.java,665,void java.lang.Throwable.printStackTrace(java.lang.Throwable$PrintStreamOrWriter),,0,null,100]
08-22 06:51:26.239 I/dvm_lock_sample( 2326): [com.thundercomm.remotecontrolser,0,Thread-342267,974,Throwable.java,665,void java.lang.Throwable.printStackTrace(java.lang.Throwable$PrintStreamOrWriter),,0,null,100]
08-22 06:51:26.242 I/dvm_lock_sample( 2326): [com.thundercomm.remotecontrolser,0,Thread-342250,974,Throwable.java,665,void java.lang.Throwable.printStackTrace(java.lang.Throwable$PrintStreamOrWriter),,0,null,100]
08-22 06:51:26.248 I/dvm_lock_sample( 2326): [com.thundercomm.remotecontrolser,0,Thread-341991,1819,Throwable.java,665,void java.lang.Throwable.printStackTrace(java.lang.Throwable$PrintStreamOrWriter),,0,null,100]
08-22 06:51:26.250 I/dvm_lock_sample( 2326): [com.thundercomm.remotecontrolser,0,Thread-342270,983,Throwable.java,665,void java.lang.Throwable.printStackTrace(java.lang.Throwable$PrintStreamOrWriter),,0,null,100]
08-22 06:51:26.253 I/dvm_lock_sample( 2326): [com.thundercomm.remotecontrolser,0,Thread-342272,980,Throwable.java,665,void java.lang.Throwable.printStackTrace(java.lang.Throwable$PrintStreamOrWriter),,0,null,100]
08-22 06:51:26.255 I/dvm_lock_sample( 2326): [com.thundercomm.remotecontrolser,0,Thread-342276,982,Throwable.java,665,void java.lang.Throwable.printStackTrace(java.lang.Throwable$PrintStreamOrWriter),,0,null,100]
01-01 00:38:37.642 W/logd ( 0): Skipping entries from slow reader, pid 32067, fd 15, from LogBuffer::Prune()
08-22 06:51:26.258 I/dvm_lock_sample( 2326): [com.thundercomm.remotecontrolser,0,Thread-342274,983,Throwable.java,665,void java.lang.Throwable.printStackTrace(java.lang.Throwable$PrintStreamOrWriter),,0,null,100]
08-22 06:51:26.267 I/liblog ( 2326): 8
08-22 06:51:26.271 I/liblog ( 2326): 6
08-22 06:51:26.271 I/dvm_lock_sample( 2326): [com.thundercomm.remotecontrolser,0,Thread-342265,979,Throwable.java,665,void java.lang.Throwable.printStackTrace(java.lang.Throwable$PrintStreamOrWriter),,0,null,100]
08-22 06:51:26.272 I/liblog ( 2326): 6
08-22 06:51:26.272 I/dvm_lock_sample( 2326): [com.thundercomm.remotecontrolser,0,Thread-342281,981,Throwable.java,665,void java.lang.Throwable.printStackTrace(java.lang.Throwable$PrintStreamOrWriter),,0,null,100]
08-22 06:51:26.272 I/liblog ( 2326): 3
08-22 06:51:26.272 I/liblog ( 2326): 5
08-22 06:51:26.273 I/liblog ( 2326): 1
08-22 06:51:26.276 I/liblog ( 2326): 8
08-22 06:51:26.276 I/dvm_lock_sample( 2326): [com.thundercomm.remotecontrolser,0,Thread-342279,978,Throwable.java,665,void java.lang.Throwable.printStackTrace(java.lang.Throwable$PrintStreamOrWriter),,0,null,100]
08-22 06:51:26.277 I/liblog ( 2326): 1
08-22 06:51:26.281 I/liblog ( 2326): 4
08-22 06:51:26.281 I/dvm_lock_sample( 2326): [com.thundercomm.remotecontrolser,0,Thread-342261,980,Throwable.java,665,void java.lang.Throwable.printStackTrace(java.lang.Throwable$PrintStreamOrWriter),,0,null,100]
08-22 06:51:26.282 I/liblog ( 2326): 4
08-22 06:51:26.282 I/liblog ( 2326): 5
08-22 06:51:26.291 I/liblog ( 2326): 1
08-22 06:51:26.291 I/dvm_lock_sample( 2326): [com.thundercomm.remotecontrolser,0,Thread-342286,985,Throwable.java,665,void java.lang.Throwable.printStackTrace(java.lang.Throwable$PrintStreamOrWriter),,0,null,100]
08-22 06:51:26.294 I/dvm_lock_sample( 2326): [com.thundercomm.remotecontrolser,0,Thread-342264,994,Throwable.java,665,void java.lang.Throwable.printStackTrace(java.lang.Throwable$PrintStreamOrWriter),,0,null,100]
08-22 06:51:26.296 I/dvm_lock_sample( 2326): [com.thundercomm.remotecontrolser,0,Thread-342248,991,Throwable.java,665,void java.lang.Throwable.printStackTrace(java.lang.Throwable$PrintStreamOrWriter),,0,null,100]
08-22 06:51:26.298 I/liblog ( 2326): 3
08-22 06:51:26.300 I/liblog ( 2326): 1
08-22 06:51:26.300 I/dvm_lock_sample( 2326): [com.thundercomm.remotecontrolser,0,Thread-342283,990,Throwable.java,665,void java.lang.Throwable.printStackTrace(java.lang.Throwable$PrintStreamOrWriter),,0,null,100]
08-22 06:51:26.300 I/liblog ( 2326): 1
08-22 06:51:26.301 I/liblog ( 2326): 6
08-22 06:51:26.301 I/liblog ( 2326): 6
08-22 06:51:26.301 I/dvm_lock_sample( 2326): [com.thundercomm.remotecontrolser,0,Thread-342233,993,Throwable.java,665,void java.lang.Throwable.printStackTrace(java.lang.Throwable$PrintStreamOrWriter),,0,null,100]
08-22 06:51:26.302 I/liblog ( 2326): 3
08-22 06:51:26.302 I/liblog ( 2326): 8
08-22 06:51:26.303 I/liblog ( 2326): 6
08-22 06:51:26.303 I/dvm_lock_sample( 2326): [com.thundercomm.remotecontrolser,0,Thread-342296,994,Throwable.java,665,void java.lang.Throwable.printStackTrace(java.lang.Throwable$PrintStreamOrWriter),,0,null,100]
08-22 06:51:26.303 I/liblog ( 2326): 1
08-22 06:51:26.304 I/liblog ( 2326): 8
08-22 06:51:26.305 I/liblog ( 2326): 6
08-22 06:51:26.305 I/liblog ( 2326): 6
08-22 06:51:26.306 I/liblog ( 2326): 7
08-22 06:51:26.308 I/liblog ( 2326): 2
08-22 06:51:26.308 I/dvm_lock_sample( 2326): [com.thundercomm.remotecontrolser,0,Thread-342269,996,Throwable.java,665,void java.lang.Throwable.printStackTrace(java.lang.Throwable$PrintStreamOrWriter),,0,null,100]
08-22 06:51:26.309 I/liblog ( 2326): 2
08-22 06:51:26.311 I/liblog ( 2326): 7
08-22 06:51:26.311 I/liblog ( 2326): 3
08-22 06:51:26.311 I/liblog ( 2326): 1
08-22 06:51:26.312 I/liblog ( 2326): 1
08-22 06:51:26.313 I/liblog ( 2326): 2
08-22 06:51:26.313 I/liblog ( 2326): 3
08-22 06:51:26.313 I/liblog ( 2326): 4
08-22 06:51:26.315 I/liblog ( 2326): 3
08-22 06:51:26.316 I/liblog ( 2326): 1
08-22 06:51:26.316 I/liblog ( 2326): 6
08-22 06:51:26.317 I/liblog ( 2326): 1
08-22 06:51:26.317 I/liblog ( 2326): 7
08-22 06:51:26.318 I/liblog ( 2326): 8
08-22 06:51:26.318 I/liblog ( 2326): 1
08-22 06:51:26.318 I/liblog ( 2326): 5
08-22 06:51:26.318 I/liblog ( 2326): 6
08-22 06:51:26.319 I/liblog ( 2326): 5
08-22 06:51:26.319 I/liblog ( 2326): 6
08-22 06:51:26.320 I/liblog ( 2326): 10
08-22 06:51:26.320 I/dvm_lock_sample( 2326): [com.thundercomm.remotecontrolser,0,Thread-342226,1001,Throwable.java,665,void java.lang.Throwable.printStackTrace(java.lang.Throwable$PrintStreamOrWriter),,0,null,100]
08-22 06:51:26.321 I/liblog ( 2326): 9
08-22 06:51:26.321 I/liblog ( 2326): 2
08-22 06:51:26.321 I/liblog ( 2326): 4
08-22 06:51:26.330 I/liblog ( 2326): 2
08-22 06:51:26.333 I/liblog ( 2326): 18
08-22 06:51:26.340 I/liblog ( 2326): 13
08-22 06:51:26.340 I/dvm_lock_sample( 2326): [com.thundercomm.remotecontrolser,0,Thread-342284,1009,Throwable.java,665,void java.lang.Throwable.printStackTrace(java.lang.Throwable$PrintStreamOrWriter),,0,null,100]
08-22 06:51:26.346 I/dvm_lock_sample( 2326): [com.thundercomm.remotecontrolser,0,Thread-342260,1016,Throwable.java,665,void java.lang.Throwable.printStackTrace(java.lang.Throwable$PrintStreamOrWriter),,0,null,100]
08-22 06:51:26.359 I/liblog ( 2326): 2
08-22 06:51:26.359 I/dvm_lock_sample( 2326): [com.thundercomm.remotecontrolser,0,Thread-342285,1018,Throwable.java,665,void java.lang.Throwable.printStackTrace(java.lang.Throwable$PrintStreamOrWriter),,0,null,100]
08-22 06:51:26.362 I/dvm_lock_sample( 2326): [com.thundercomm.remotecontrolser,0,Thread-342262,1031,Throwable.java,665,void java.lang.Throwable.printStackTrace(java.lang.Throwable$PrintStreamOrWriter),,0,null,100]
08-22 06:51:26.370 I/dvm_lock_sample( 2326): [com.thundercomm.remotecontrolser,0,Thread-342225,1039,Throwable.java,665,void java.lang.Throwable.printStackTrace(java.lang.Throwable$PrintStreamOrWriter),,0,null,100]
08-22 06:51:26.372 I/liblog ( 2326): 2
08-22 06:51:26.372 I/liblog ( 2326): 2
08-22 06:51:26.372 I/liblog ( 2326): 3
08-22 06:51:26.378 I/liblog ( 2326): 1
08-22 06:51:26.378 I/dvm_lock_sample( 2326): [com.thundercomm.remotecontrolser,0,Thread-342289,1040,Throwable.java,665,void java.lang.Throwable.printStackTrace(java.lang.Throwable$PrintStreamOrWriter),,0,null,100]
08-22 06:51:26.382 I/liblog ( 2326): 2
08-22 06:51:26.383 I/liblog ( 2326): 5
08-22 06:51:26.383 I/liblog ( 2326): 3
08-22 06:51:26.383 I/liblog ( 2326): 6
08-22 06:51:26.389 I/liblog ( 2326): 6
08-22 06:51:26.389 I/dvm_lock_sample( 2326): [com.thundercomm.remotecontrolser,0,Thread-342292,1045,Throwable.java,665,void java.lang.Throwable.printStackTrace(java.lang.Throwable$PrintStreamOrWriter),,0,null,100]
08-22 06:51:26.390 I/liblog ( 2326): 1
08-22 06:51:26.390 I/liblog ( 2326): 5
08-22 06:51:26.391 I/liblog ( 2326): 7
08-22 06:51:26.394 I/liblog ( 2326): 4
08-22 06:51:26.394 I/dvm_lock_sample( 2326): [com.thundercomm.remotecontrolser,0,Thread-342331,1052,Throwable.java,665,void java.lang.Throwable.printStackTrace(java.lang.Throwable$PrintStreamOrWriter),,0,null,100]
08-22 06:51:26.395 I/liblog ( 2326): 4
08-22 06:51:26.399 I/liblog ( 2326): 3
08-22 06:51:26.399 I/dvm_lock_sample( 2326): [com.thundercomm.remotecontrolser,0,Thread-342294,1056,Throwable.java,665,void java.lang.Throwable.printStackTrace(java.lang.Throwable$PrintStreamOrWriter),,0,null,100]
08-22 06:51:26.400 I/liblog ( 2326): 1
08-22 06:51:26.403 I/liblog ( 2326): 3
08-22 06:51:26.403 I/dvm_lock_sample( 2326): [com.thundercomm.remotecontrolser,0,Thread-342322,1061,Throwable.java,665,void java.lang.Throwable.printStackTrace(java.lang.Throwable$PrintStreamOrWriter),,0,null,100]
08-22 06:51:26.404 I/liblog ( 2326): 1
08-22 06:51:26.406 I/liblog ( 2326): 6
08-22 06:51:26.406 I/dvm_lock_sample( 2326): [com.thundercomm.remotecontrolser,0,Thread-342295,1065,Throwable.java,665,void java.lang.Throwable.printStackTrace(java.lang.Throwable$PrintStreamOrWriter),,0,null,100]
08-22 06:51:26.406 I/liblog ( 2326): 2
08-22 06:51:26.407 I/liblog ( 2326): 4
08-22 06:51:26.407 I/liblog ( 2326): 6
08-22 06:51:26.407 I/liblog ( 2326): 1
08-22 06:51:26.408 I/liblog ( 2326): 5
08-22 06:51:26.408 I/liblog ( 2326): 5
08-22 06:51:26.410 I/liblog ( 2326): 6
08-22 06:51:26.410 I/dvm_lock_sample( 2326): [com.thundercomm.remotecontrolser,0,Thread-342255,1068,Throwable.java,665,void java.lang.Throwable.printStackTrace(java.lang.Throwable$PrintStreamOrWriter),,0,null,100]
08-22 06:51:26.411 I/liblog ( 2326): 5
01-01 00:38:37.832 D/ ( 0): mv2112_read_status
08-22 06:51:26.412 I/liblog ( 2326): 6
08-22 06:51:26.412 I/liblog ( 2326): 3
08-22 06:51:26.412 I/liblog ( 2326): 5
01-01 00:38:37.836 D/mv2112_update_link( 0): 3.0x901(1G): 0x80
08-22 06:51:26.413 I/liblog ( 2326): 4
01-01 00:38:37.841 D/mv2112_update_link( 0): 3.0x8109(100M): 0x0
08-22 06:51:26.413 I/liblog ( 2326): 4
08-22 06:51:26.413 I/liblog ( 2326): 3
08-22 06:51:26.414 I/liblog ( 2326): 5
08-22 06:51:26.414 I/liblog ( 2326): 3
08-22 06:51:26.414 I/liblog ( 2326): 5
08-22 06:51:26.415 I/liblog ( 2326): 1
08-22 06:51:26.415 I/liblog ( 2326): 6
01-01 00:38:37.847 D/mv2112_update_link( 0): link 0x0
01-01 00:38:37.852 D/mv2112_read_status( 0): autoneg is disabled
08-22 06:51:26.429 I/liblog ( 2326): 1
08-22 06:51:26.439 I/liblog ( 2326): 1
08-22 06:51:26.439 I/dvm_lock_sample( 2326): [com.thundercomm.remotecontrolser,0,Thread-342326,1081,Throwable.java,665,void java.lang.Throwable.printStackTrace(java.lang.Throwable$PrintStreamOrWriter),,0,null,100]
08-22 06:51:26.442 I/liblog ( 2326): 2
08-22 06:51:26.443 I/liblog ( 2326): 10
08-22 06:51:26.443 I/liblog ( 2326): 7
08-22 06:51:26.444 I/liblog ( 2326): 6
08-22 06:51:26.444 I/liblog ( 2326): 4
08-22 06:51:26.444 I/liblog ( 2326): 5
08-22 06:51:26.445 I/liblog ( 2326): 4
08-22 06:51:26.445 I/liblog ( 2326): 6
08-22 06:51:26.445 I/liblog ( 2326): 2
08-22 06:51:26.445 I/liblog ( 2326): 3
08-22 06:51:26.446 I/liblog ( 2326): 4
08-22 06:51:26.446 I/liblog ( 2326): 3
08-22 06:51:26.446 I/liblog ( 2326): 3
08-22 06:51:26.447 I/liblog ( 2326): 2
08-22 06:51:26.447 I/liblog ( 2326): 3
08-22 06:51:26.448 I/liblog ( 2326): 5
08-22 06:51:26.448 I/liblog ( 2326): 3
08-22 06:51:26.448 I/liblog ( 2326): 3
08-22 06:51:26.449 I/liblog ( 2326): 3
08-22 06:51:26.449 I/liblog ( 2326): 2
08-22 06:51:26.449 I/liblog ( 2326): 4
08-22 06:51:26.449 I/liblog ( 2326): 4
08-22 06:51:26.450 I/liblog ( 2326): 2
08-22 06:51:26.450 I/liblog ( 2326): 4
08-22 06:51:26.450 I/liblog ( 2326): 2
08-22 06:51:26.451 I/liblog ( 2326): 5
08-22 06:51:26.452 I/liblog ( 2326): 2
08-22 06:51:26.456 I/liblog ( 2326): 1
08-22 06:51:26.457 I/liblog ( 2326): 3
08-22 06:51:26.457 I/liblog ( 2326): 1
08-22 06:51:26.457 I/liblog ( 2326): 4
08-22 06:51:26.457 I/liblog ( 2326): 1
08-22 06:51:26.458 I/liblog ( 2326): 3
08-22 06:51:26.458 I/liblog ( 2326): 6
08-22 06:51:26.459 I/liblog ( 2326): 2
08-22 06:51:26.459 I/liblog ( 2326): 4
08-22 06:51:26.461 I/liblog ( 2326): 2
08-22 06:51:26.462 I/liblog ( 2326): 3
08-22 06:51:26.462 I/liblog ( 2326): 3
08-22 06:51:26.464 I/liblog ( 2326): 2
08-22 06:51:26.470 I/liblog ( 2326): 1
08-22 06:51:26.471 I/sysui_multi_action( 1935): [757,803,799,panel_open,802,1]
08-22 06:51:26.470 I/liblog ( 2326): 5
08-22 06:51:26.474 I/sysui_multi_action( 1935): [757,1328,758,4,1326,65,1327,2,1329,0]
01-01 00:38:37.913 I/init ( 0): starting service 'qvrd_vndr'...
08-22 06:51:26.476 I/liblog ( 2326): 1
08-22 06:51:26.478 I/liblog ( 2326): 14
08-22 06:51:26.478 I/liblog ( 2326): 6
08-22 06:51:26.479 I/liblog ( 2326): 3
08-22 06:51:26.479 I/liblog ( 2326): 7
08-22 06:51:26.480 I/liblog ( 2326): 4
08-22 06:51:26.481 I/liblog ( 2326): 9
08-22 06:51:26.481 I/liblog ( 2326): 1
01-01 00:38:37.919 I/init ( 0): Created socket '/dev/socket/qvrservice_vndr', mode 660, user 1000, group 1000
08-22 06:51:26.490 I/liblog ( 2326): 55
08-22 06:51:26.490 I/liblog ( 2326): 2
08-22 06:51:26.490 I/liblog ( 2326): 8
08-22 06:51:26.491 I/liblog ( 2326): 7
08-22 06:51:26.491 I/liblog ( 2326): 4
08-22 06:51:26.492 I/liblog ( 2326): 7
08-22 06:51:26.492 I/liblog ( 2326): 6
08-22 06:51:26.493 I/liblog ( 2326): 9
08-22 06:51:26.493 I/liblog ( 2326): 6
08-22 06:51:26.494 I/liblog ( 2326): 8
08-22 06:51:26.494 I/liblog ( 2326): 9
08-22 06:51:26.494 I/liblog ( 2326): 3
08-22 06:51:26.495 I/liblog ( 2326): 8
01-01 00:38:37.931 I/init ( 0): Created socket '/dev/socket/qvrservice_vndr_camera', mode 660, user 1000, group 1000
08-22 06:51:26.495 I/liblog ( 2326): 6
01-01 00:38:37.952 I/init ( 0): starting service 'sxrd'...
08-22 06:51:26.495 I/liblog ( 2326): 1
08-22 06:51:26.496 I/liblog ( 2326): 5
08-22 06:51:26.496 I/liblog ( 2326): 8
08-22 06:51:26.497 I/liblog ( 2326): 2
08-22 06:51:26.497 I/dvm_lock_sample( 2326): [com.thundercomm.remotecontrolser,0,Thread-342335,1116,Throwable.java,665,void java.lang.Throwable.printStackTrace(java.lang.Throwable$PrintStreamOrWriter),,0,null,100]
08-22 06:51:26.499 I/liblog ( 2326): 1
08-22 06:51:26.499 I/liblog ( 2326): 4
08-22 06:51:26.507 I/liblog ( 2326): 65
08-22 06:51:26.508 I/liblog ( 2326): 4
08-22 06:51:26.511 I/liblog ( 2326): 5
08-22 06:51:26.511 I/dvm_lock_sample( 2326): [com.thundercomm.remotecontrolser,0,Thread-342337,1126,Throwable.java,665,void java.lang.Throwable.printStackTrace(java.lang.Throwable$PrintStreamOrWriter),,0,null,100]
08-22 06:51:26.530 I/liblog ( 2326): 52
08-22 06:51:26.530 I/dvm_lock_sample( 2326): [com.thundercomm.remotecontrolser,0,Thread-342338,1131,Throwable.java,665,void java.lang.Throwable.printStackTrace(java.lang.Throwable$PrintStreamOrWriter),,0,null,100]
01-01 00:38:37.978 I/init ( 0): Service 'qvrd_vndr' (pid 10745) exited with status 1
08-22 06:51:26.537 I/sysui_multi_action( 1160): [757,127,758,1]
08-22 06:51:26.537 I/sysui_multi_action( 1160): [757,804,799,note_load,801,3,802,1]
08-22 06:51:26.537 I/notification_panel_revealed( 1160): 3
08-22 06:51:26.541 I/liblog ( 2326): 91
08-22 06:51:26.542 I/liblog ( 2326): 8
08-22 06:51:26.548 I/liblog ( 2326): 6
08-22 06:51:26.548 I/dvm_lock_sample( 2326): [com.thundercomm.remotecontrolser,0,Thread-342347,1111,Throwable.java,665,void java.lang.Throwable.printStackTrace(java.lang.Throwable$PrintStreamOrWriter),,0,null,100]
01-01 00:38:37.982 W/logd ( 0): Skipping entries from slow reader, pid 32067, fd 15, from LogBuffer::Prune()
08-22 06:51:26.558 I/input_focus( 1160): [Focus request 7b76b2f NotificationShade,reason=UpdateInputWindows]
08-22 06:51:26.562 I/dvm_lock_sample( 2326): [com.thundercomm.remotecontrolser,0,Thread-342348,1121,Throwable.java,665,void java.lang.Throwable.printStackTrace(java.lang.Throwable$PrintStreamOrWriter),,0,null,100]
01-01 00:38:37.985 I/init ( 0): Sending signal 9 to service 'qvrd_vndr' (pid 10745) process group...
01-01 00:38:38.003 I/libprocessgroup( 0): Successfully killed process cgroup uid 1000 pid 10745 in 0ms
01-01 00:38:38.013 I/init ( 0): Service 'sxrd' (pid 10755) exited with status 1
01-01 00:38:38.020 I/init ( 0): Sending signal 9 to service 'sxrd' (pid 10755) process group...
08-22 06:51:26.576 I/dvm_lock_sample( 2326): [com.thundercomm.remotecontrolser,0,Thread-342349,1132,Throwable.java,665,void java.lang.Throwable.printStackTrace(java.lang.Throwable$PrintStreamOrWriter),,0,null,100]
01-01 00:38:38.028 I/libprocessgroup( 0): Successfully killed process cgroup uid 1000 pid 10755 in 0ms
08-22 06:51:26.579 I/dvm_lock_sample( 2326): [com.thundercomm.remotecontrolser,0,Thread-342350,1138,Throwable.java,665,void java.lang.Throwable.printStackTrace(java.lang.Throwable$PrintStreamOrWriter),,0,null,100]
08-22 06:51:26.584 I/input_focus( 1160): [Focus leaving cfa8469 com.android.launcher3/com.android.launcher3.uioverrides.QuickstepLauncher (server),reason=setFocusedWindow]
08-22 06:51:26.584 I/input_focus( 1160): [Focus entering 7b76b2f NotificationShade (server),reason=setFocusedWindow]
08-22 06:51:26.588 I/dvm_lock_sample( 2326): [com.thundercomm.remotecontrolser,0,Thread-342351,1126,Throwable.java,665,void java.lang.Throwable.printStackTrace(java.lang.Throwable$PrintStreamOrWriter),,0,null,100]
08-22 06:51:26.594 I/dvm_lock_sample( 2326): [com.thundercomm.remotecontrolser,0,Thread-342353,1128,Throwable.java,665,void java.lang.Throwable.printStackTrace(java.lang.Throwable$PrintStreamOrWriter),,0,null,100]
08-22 06:51:26.595 I/dvm_lock_sample( 2326): [com.thundercomm.remotecontrolser,0,Thread-342354,1133,Throwable.java,665,void java.lang.Throwable.printStackTrace(java.lang.Throwable$PrintStreamOrWriter),,0,null,100]
08-22 06:51:26.597 I/liblog ( 2326): 6
08-22 06:51:26.599 I/liblog ( 2326): 20
08-22 06:51:26.599 I/dvm_lock_sample( 2326): [com.thundercomm.remotecontrolser,0,Thread-342357,1116,Throwable.java,665,void java.lang.Throwable.printStackTrace(java.lang.Throwable$PrintStreamOrWriter),,0,null,100]
08-22 06:51:26.599 I/liblog ( 2326): 5
08-22 06:51:26.600 I/liblog ( 2326): 6
08-22 06:51:26.614 I/liblog ( 2326): 59
08-22 06:51:26.614 I/dvm_lock_sample( 2326): [com.thundercomm.remotecontrolser,0,Thread-342361,1107,Throwable.java,665,void java.lang.Throwable.printStackTrace(java.lang.Throwable$PrintStreamOrWriter),,0,null,100]
08-22 06:51:26.615 I/liblog ( 2326): 1
08-22 06:51:26.616 I/liblog ( 2326): 4
08-22 06:51:26.616 I/liblog ( 2326): 6
08-22 06:51:26.616 I/liblog ( 2326): 3
08-22 06:51:26.617 I/liblog ( 2326): 7
08-22 06:51:26.634 I/liblog ( 2326): 34
08-22 06:51:26.638 I/dvm_lock_sample( 2326): [com.thundercomm.remotecontrolser,0,Thread-342367,1117,Throwable.java,665,void java.lang.Throwable.printStackTrace(java.lang.Throwable$PrintStreamOrWriter),,0,null,100]
08-22 06:51:26.652 I/liblog ( 2326): 51
08-22 06:51:26.652 I/dvm_lock_sample( 2326): [com.thundercomm.remotecontrolser,0,Thread-342369,1109,Throwable.java,665,void java.lang.Throwable.printStackTrace(java.lang.Throwable$PrintStreamOrWriter),,0,null,100]
08-22 06:51:26.657 F/linker (10745): CANNOT LINK EXECUTABLE "/vendor/bin/hw/qvrservice": library "vendor.qti.hardware.qxr-V1-ndk_platform.so" not found: needed by /vendor/lib64/libqvrservice.so in namespace (default)
08-22 06:51:26.663 I/dvm_lock_sample( 2326): [com.thundercomm.remotecontrolser,0,Thread-342372,1106,Throwable.java,665,void java.lang.Throwable.printStackTrace(java.lang.Throwable$PrintStreamOrWriter),,0,null,100]
08-22 06:51:26.666 F/linker (10755): CANNOT LINK EXECUTABLE "/vendor/bin/hw/sxrservice": library "vendor.qti.hardware.qxr-V1-ndk_platform.so" not found: needed by main executable
08-22 06:51:26.684 I/liblog ( 2326): 86
08-22 06:51:26.684 I/dvm_lock_sample( 2326): [com.thundercomm.remotecontrolser,0,Thread-342376,1103,Throwable.java,665,void java.lang.Throwable.printStackTrace(java.lang.Throwable$PrintStreamOrWriter),,0,null,100]
08-22 06:51:26.695 I/liblog ( 2326): 17
08-22 06:51:26.695 I/liblog ( 2326): 8
08-22 06:51:26.696 I/liblog ( 2326): 7
08-22 06:51:26.696 I/liblog ( 2326): 3
08-22 06:51:26.697 I/liblog ( 2326): 6
08-22 06:51:26.702 I/liblog ( 2326): 8
08-22 06:51:26.702 I/dvm_lock_sample( 2326): [com.thundercomm.remotecontrolser,0,Thread-342384,1105,Throwable.java,665,void java.lang.Throwable.printStackTrace(java.lang.Throwable$PrintStreamOrWriter),,0,null,100]
08-22 06:51:26.709 I/liblog ( 2326): 80
08-22 06:51:26.709 I/dvm_lock_sample( 2326): [com.thundercomm.remotecontrolser,0,Thread-342382,1102,Throwable.java,665,void java.lang.Throwable.printStackTrace(java.lang.Throwable$PrintStreamOrWriter),,0,null,100]
08-22 06:51:26.710 I/liblog ( 2326): 1
08-22 06:51:26.710 I/liblog ( 2326): 7
08-22 06:51:26.711 I/liblog ( 2326): 9
08-22 06:51:26.711 I/liblog ( 2326): 7
08-22 06:51:26.711 I/liblog ( 2326): 6
08-22 06:51:26.712 I/liblog ( 2326): 7
08-22 06:51:26.712 I/liblog ( 2326): 11
08-22 06:51:26.712 I/liblog ( 2326): 6
08-22 06:51:26.713 I/liblog ( 2326): 7
08-22 06:51:26.713 I/liblog ( 2326): 6
08-22 06:51:26.713 I/liblog ( 2326): 7
08-22 06:51:26.713 I/liblog ( 2326): 10
08-22 06:51:26.714 I/liblog ( 2326): 4
08-22 06:51:26.714 I/liblog ( 2326): 3
08-22 06:51:26.715 I/liblog ( 2326): 6
08-22 06:51:26.715 I/liblog ( 2326): 14
08-22 06:51:26.716 I/liblog ( 2326): 5
08-22 06:51:26.716 I/liblog ( 2326): 4
08-22 06:51:26.716 I/liblog ( 2326): 7
08-22 06:51:26.717 I/liblog ( 2326): 1
08-22 06:51:26.719 I/liblog ( 2326): 5
08-22 06:51:26.719 I/dvm_lock_sample( 2326): [com.thundercomm.remotecontrolser,0,Thread-342395,1048,Throwable.java,665,void java.lang.Throwable.printStackTrace(java.lang.Throwable$PrintStreamOrWriter),,0,null,100]
08-22 06:51:26.720 I/liblog ( 2326): 3
08-22 06:51:26.721 I/liblog ( 2326): 6
08-22 06:51:26.721 I/liblog ( 2326): 9
08-22 06:51:26.726 I/liblog ( 2326): 9
08-22 06:51:26.726 I/dvm_lock_sample( 2326): [com.thundercomm.remotecontrolser,0,Thread-342394,1049,Throwable.java,665,void java.lang.Throwable.printStackTrace(java.lang.Throwable$PrintStreamOrWriter),,0,null,100]
08-22 06:51:26.729 I/liblog ( 2326): 1
08-22 06:51:26.729 I/dvm_lock_sample( 2326): [com.thundercomm.remotecontrolser,0,Thread-342398,1053,Throwable.java,665,void java.lang.Throwable.printStackTrace(java.lang.Throwable$PrintStreamOrWriter),,0,null,100]
08-22 06:51:26.731 I/liblog ( 2326): 2
08-22 06:51:26.735 I/liblog ( 2326): 3
08-22 06:51:26.736 I/liblog ( 2326): 11
08-22 06:51:26.737 I/liblog ( 2326): 9
08-22 06:51:26.737 I/liblog ( 2326): 6
08-22 06:51:26.738 I/liblog ( 2326): 2
08-22 06:51:26.738 I/liblog ( 2326): 6
08-22 06:51:26.738 I/liblog ( 2326): 7
08-22 06:51:26.738 I/liblog ( 2326): 5
08-22 06:51:26.739 I/liblog ( 2326): 14
08-22 06:51:26.739 I/liblog ( 2326): 1
08-22 06:51:26.740 I/liblog ( 2326): 10
08-22 06:51:26.740 I/liblog ( 2326): 5
08-22 06:51:26.741 I/liblog ( 2326): 4
08-22 06:51:26.741 I/liblog ( 2326): 6
08-22 06:51:26.741 I/liblog ( 2326): 6
08-22 06:51:26.741 I/liblog ( 2326): 8
08-22 06:51:26.742 I/liblog ( 2326): 9
08-22 06:51:26.742 I/dvm_lock_sample( 2326): [com.thundercomm.remotecontrolser,0,Thread-342404,1035,Throwable.java,665,void java.lang.Throwable.printStackTrace(java.lang.Throwable$PrintStreamOrWriter),,0,null,100]
08-22 06:51:26.742 I/liblog ( 2326): 3
08-22 06:51:26.746 I/liblog ( 2326): 14
08-22 06:51:26.746 I/dvm_lock_sample( 2326): [com.thundercomm.remotecontrolser,0,Thread-342409,1032,Throwable.java,665,void java.lang.Throwable.printStackTrace(java.lang.Throwable$PrintStreamOrWriter),,0,null,100]
08-22 06:51:26.751 I/liblog ( 2326): 10
08-22 06:51:26.751 I/liblog ( 2326): 1
08-22 06:51:26.752 I/liblog ( 2326): 16
08-22 06:51:26.752 I/liblog ( 2326): 1
08-22 06:51:26.753 I/liblog ( 2326): 14
08-22 06:51:26.754 I/liblog ( 2326): 2
08-22 06:51:26.754 I/dvm_lock_sample( 2326): [com.thundercomm.remotecontrolser,0,Thread-342109,1990,Throwable.java,665,void java.lang.Throwable.printStackTrace(java.lang.Throwable$PrintStreamOrWriter),,0,null,100]
08-22 06:51:26.754 I/liblog ( 2326): 7
08-22 06:51:26.757 I/liblog ( 2326): 9
08-22 06:51:26.757 I/dvm_lock_sample( 2326): [com.thundercomm.remotecontrolser,0,Thread-342411,1038,Throwable.java,665,void java.lang.Throwable.printStackTrace(java.lang.Throwable$PrintStreamOrWriter),,0,null,100]
08-22 06:51:26.757 I/liblog ( 2326): 2
08-22 06:51:26.758 I/liblog ( 2326): 6
08-22 06:51:26.762 I/liblog ( 2326): 33
08-22 06:51:26.763 I/liblog ( 2326): 4
08-22 06:51:26.763 I/dvm_lock_sample( 2326): [com.thundercomm.remotecontrolser,0,Thread-342416,1020,Throwable.java,665,void java.lang.Throwable.printStackTrace(java.lang.Throwable$PrintStreamOrWriter),,0,null,100]
08-22 06:51:26.769 I/liblog ( 2326): 17
08-22 06:51:26.769 I/dvm_lock_sample( 2326): [com.thundercomm.remotecontrolser,0,Thread-342414,1022,Throwable.java,665,void java.lang.Throwable.printStackTrace(java.lang.Throwable$PrintStreamOrWriter),,0,null,100]
08-22 06:51:26.771 I/liblog ( 2326): 3
08-22 06:51:26.771 I/dvm_lock_sample( 2326): [com.thundercomm.remotecontrolser,0,Thread-342415,1028,Throwable.java,665,void java.lang.Throwable.printStackTrace(java.lang.Throwable$PrintStreamOrWriter),,0,null,100]
08-22 06:51:26.771 I/liblog ( 2326): 1
08-22 06:51:26.771 I/liblog ( 2326): 11
08-22 06:51:26.772 I/liblog ( 2326): 5
08-22 06:51:26.772 I/liblog ( 2326): 1
08-22 06:51:26.772 I/liblog ( 2326): 12
08-22 06:51:26.775 I/liblog ( 2326): 4
08-22 06:51:26.775 I/dvm_lock_sample( 2326): [com.thundercomm.remotecontrolser,0,Thread-341837,2818,Throwable.java,665,void java.lang.Throwable.printStackTrace(java.lang.Throwable$PrintStreamOrWriter),,0,null,100]
08-22 06:51:26.775 I/liblog ( 2326): 1
08-22 06:51:26.776 I/liblog ( 2326): 5
08-22 06:51:26.776 I/liblog ( 2326): 5
08-22 06:51:26.776 I/dvm_lock_sample( 2326): [com.thundercomm.remotecontrolser,0,Thread-342419,1020,Throwable.java,665,void java.lang.Throwable.printStackTrace(java.lang.Throwable$PrintStreamOrWriter),,0,null,100]
08-22 06:51:26.777 I/liblog ( 2326): 3
08-22 06:51:26.777 I/liblog ( 2326): 6
08-22 06:51:26.778 I/liblog ( 2326): 6
08-22 06:51:26.778 I/liblog ( 2326): 2
08-22 06:51:26.780 I/liblog ( 2326): 12
08-22 06:51:26.780 I/liblog ( 2326): 3
08-22 06:51:26.780 I/liblog ( 2326): 4
08-22 06:51:26.781 I/liblog ( 2326): 7
08-22 06:51:26.781 I/liblog ( 2326): 6
08-22 06:51:26.781 I/liblog ( 2326): 1
08-22 06:51:26.784 I/liblog ( 2326): 1
08-22 06:51:26.785 I/liblog ( 2326): 3
08-22 06:51:26.785 I/liblog ( 2326): 4
08-22 06:51:26.785 I/liblog ( 2326): 8
08-22 06:51:26.786 I/liblog ( 2326): 9
08-22 06:51:26.786 I/liblog ( 2326): 8
08-22 06:51:26.786 I/liblog ( 2326): 3
08-22 06:51:26.787 I/liblog ( 2326): 5
08-22 06:51:26.787 I/liblog ( 2326): 7
08-22 06:51:26.787 I/liblog ( 2326): 5
08-22 06:51:26.791 I/liblog ( 2326): 5
08-22 06:51:26.791 I/dvm_lock_sample( 2326): [com.thundercomm.remotecontrolser,0,Thread-342428,1013,Throwable.java,665,void java.lang.Throwable.printStackTrace(java.lang.Throwable$PrintStreamOrWriter),,0,null,100]
08-22 06:51:26.792 I/liblog ( 2326): 9
08-22 06:51:26.792 I/liblog ( 2326): 9
08-22 06:51:26.794 I/liblog ( 2326): 5
08-22 06:51:26.794 I/liblog ( 2326): 7
08-22 06:51:26.795 I/liblog ( 2326): 6
08-22 06:51:26.795 I/liblog ( 2326): 2
08-22 06:51:26.795 I/liblog ( 2326): 8
08-22 06:51:26.795 I/liblog ( 2326): 6
08-22 06:51:26.796 I/liblog ( 2326): 1
08-22 06:51:26.797 I/liblog ( 2326): 10
08-22 06:51:26.797 I/liblog ( 2326): 2
08-22 06:51:26.797 I/liblog ( 2326): 4
08-22 06:51:26.797 I/liblog ( 2326): 8
08-22 06:51:26.800 I/liblog ( 2326): 8
08-22 06:51:26.801 I/liblog ( 2326): 2
08-22 06:51:26.801 I/liblog ( 2326): 8
08-22 06:51:26.801 I/liblog ( 2326): 2
08-22 06:51:26.802 I/liblog ( 2326): 5
08-22 06:51:26.802 I/liblog ( 2326): 4
08-22 06:51:26.808 I/liblog ( 2326): 6
08-22 06:51:26.808 I/dvm_lock_sample( 2326): [com.thundercomm.remotecontrolser,0,Thread-342435,999,Throwable.java,665,void java.lang.Throwable.printStackTrace(java.lang.Throwable$PrintStreamOrWriter),,0,null,100]
08-22 06:51:26.811 I/dvm_lock_sample( 2326): [com.thundercomm.remotecontrolser,0,Thread-342440,1000,Throwable.java,665,void java.lang.Throwable.printStackTrace(java.lang.Throwable$PrintStreamOrWriter),,0,null,100]
08-22 06:51:26.812 I/liblog ( 2326): 1
08-22 06:51:26.813 I/liblog ( 2326): 2
08-22 06:51:26.813 I/liblog ( 2326): 3
08-22 06:51:26.814 I/liblog ( 2326): 8
08-22 06:51:26.814 I/liblog ( 2326): 6
08-22 06:51:26.814 I/liblog ( 2326): 6
08-22 06:51:26.816 I/liblog ( 2326): 2
08-22 06:51:26.818 I/liblog ( 2326): 4
08-22 06:51:26.819 I/liblog ( 2326): 2
08-22 06:51:26.819 I/liblog ( 2326): 10
08-22 06:51:26.820 I/liblog ( 2326): 8
08-22 06:51:26.822 I/liblog ( 2326): 8
08-22 06:51:26.823 I/liblog ( 2326): 3
08-22 06:51:26.823 I/liblog ( 2326): 6
08-22 06:51:26.823 I/liblog ( 2326): 2
08-22 06:51:26.823 I/liblog ( 2326): 5
08-22 06:51:26.824 I/liblog ( 2326): 5
08-22 06:51:26.824 I/liblog ( 2326): 5
08-22 06:51:26.825 I/liblog ( 2326): 10
08-22 06:51:26.827 I/liblog ( 2326): 5
08-22 06:51:26.827 I/liblog ( 2326): 3
08-22 06:51:26.828 I/liblog ( 2326): 9
08-22 06:51:26.828 I/liblog ( 2326): 5
08-22 06:51:26.829 I/liblog ( 2326): 5
08-22 06:51:26.829 I/liblog ( 2326): 5
08-22 06:51:26.829 I/liblog ( 2326): 1
08-22 06:51:26.830 I/liblog ( 2326): 9
08-22 06:51:26.831 I/liblog ( 2326): 3
08-22 06:51:26.831 I/liblog ( 2326): 2
08-22 06:51:26.831 I/liblog ( 2326): 3
08-22 06:51:26.831 I/liblog ( 2326): 1
08-22 06:51:26.832 I/liblog ( 2326): 4
08-22 06:51:26.833 I/liblog ( 2326): 3
08-22 06:51:26.833 I/liblog ( 2326): 4
08-22 06:51:26.833 I/liblog ( 2326): 3
08-22 06:51:26.834 I/liblog ( 2326): 14
08-22 06:51:26.834 I/liblog ( 2326): 2
08-22 06:51:26.835 I/liblog ( 2326): 4
08-22 06:51:26.835 I/liblog ( 2326): 5
08-22 06:51:26.835 I/liblog ( 2326): 3
08-22 06:51:26.836 I/liblog ( 2326): 3
08-22 06:51:26.836 I/liblog ( 2326): 4
08-22 06:51:26.836 I/liblog ( 2326): 7
08-22 06:51:26.843 I/liblog ( 2326): 6
08-22 06:51:26.843 I/dvm_lock_sample( 2326): [com.thundercomm.remotecontrolser,0,Thread-342451,998,Throwable.java,665,void java.lang.Throwable.printStackTrace(java.lang.Throwable$PrintStreamOrWriter),,0,null,100]
08-22 06:51:26.846 I/liblog ( 2326): 1
08-22 06:51:26.846 I/dvm_lock_sample( 2326): [com.thundercomm.remotecontrolser,0,Thread-342150,1945,Throwable.java,665,void java.lang.Throwable.printStackTrace(java.lang.Throwable$PrintStreamOrWriter),,0,null,100]
08-22 06:51:26.849 I/liblog ( 2326): 8
08-22 06:51:26.858 I/liblog ( 2326): 22
08-22 06:51:26.858 I/dvm_lock_sample( 2326): [com.thundercomm.remotecontrolser,0,Thread-342453,1001,Throwable.java,665,void java.lang.Throwable.printStackTrace(java.lang.Throwable$PrintStreamOrWriter),,0,null,100]
08-22 06:51:26.875 I/dvm_lock_sample( 2326): [com.thundercomm.remotecontrolser,0,Thread-342454,1007,Throwable.java,665,void java.lang.Throwable.printStackTrace(java.lang.Throwable$PrintStreamOrWriter),,0,null,100]
08-22 06:51:26.887 I/dvm_lock_sample( 2326): [com.thundercomm.remotecontrolser,0,Thread-342455,1020,Throwable.java,665,void java.lang.Throwable.printStackTrace(java.lang.Throwable$PrintStreamOrWriter),,0,null,100]
08-22 06:51:26.895 I/dvm_lock_sample( 2326): [com.thundercomm.remotecontrolser,0,Thread-342456,1032,Throwable.java,665,void java.lang.Throwable.printStackTrace(java.lang.Throwable$PrintStreamOrWriter),,0,null,100]
08-22 06:51:26.908 I/dvm_lock_sample( 2326): [com.thundercomm.remotecontrolser,0,Thread-342457,1031,Throwable.java,665,void java.lang.Throwable.printStackTrace(java.lang.Throwable$PrintStreamOrWriter),,0,null,100]
01-01 00:38:38.302 W/logd ( 0): Skipping entries from slow reader, pid 32067, fd 15, from LogBuffer::Prune()
01-01 00:38:38.312 W/logd ( 0): Skipping entries from slow reader, pid 32067, fd 15, from LogBuffer::Prune()
08-22 06:51:26.921 I/dvm_lock_sample( 2326): [com.thundercomm.remotecontrolser,0,Thread-342459,1018,Throwable.java,665,void java.lang.Throwable.printStackTrace(java.lang.Throwable$PrintStreamOrWriter),,0,null,100]
08-22 06:51:26.930 I/dvm_lock_sample( 2326): [com.thundercomm.remotecontrolser,0,Thread-342468,1024,Throwable.java,665,void java.lang.Throwable.printStackTrace(java.lang.Throwable$PrintStreamOrWriter),,0,null,100]
08-22 06:51:26.934 I/liblog ( 2326): 4
08-22 06:51:26.934 I/dvm_lock_sample( 2326): [com.thundercomm.remotecontrolser,0,Thread-342462,1024,Throwable.java,665,void java.lang.Throwable.printStackTrace(java.lang.Throwable$PrintStreamOrWriter),,0,null,100]
08-22 06:51:26.935 I/liblog ( 2326): 1
08-22 06:51:26.935 I/liblog ( 2326): 8
08-22 06:51:26.938 I/liblog ( 2326): 1
08-22 06:51:26.938 I/dvm_lock_sample( 2326): [com.thundercomm.remotecontrolser,0,Thread-342470,1029,Throwable.java,665,void java.lang.Throwable.printStackTrace(java.lang.Throwable$PrintStreamOrWriter),,0,null,100]
08-22 06:51:26.939 I/liblog ( 2326): 2
08-22 06:51:26.939 I/liblog ( 2326): 6
08-22 06:51:26.941 I/liblog ( 2326): 1
08-22 06:51:26.941 I/liblog ( 2326): 5
08-22 06:51:26.942 I/liblog ( 2326): 6
08-22 06:51:26.942 I/liblog ( 2326): 2
08-22 06:51:26.943 I/liblog ( 2326): 13
08-22 06:51:26.948 I/liblog ( 2326): 3
08-22 06:51:26.948 I/dvm_lock_sample( 2326): [com.thundercomm.remotecontrolser,0,Thread-342469,1032,Throwable.java,665,void java.lang.Throwable.printStackTrace(java.lang.Throwable$PrintStreamOrWriter),,0,null,100]
08-22 06:51:26.956 I/dvm_lock_sample( 2326): [com.thundercomm.remotecontrolser,0,Thread-342473,1041,Throwable.java,665,void java.lang.Throwable.printStackTrace(java.lang.Throwable$PrintStreamOrWriter),,0,null,100]
08-22 06:51:26.961 I/dvm_lock_sample( 2326): [com.thundercomm.remotecontrolser,0,Thread-342471,1043,Throwable.java,665,void java.lang.Throwable.printStackTrace(java.lang.Throwable$PrintStreamOrWriter),,0,null,100]
08-22 06:51:26.964 I/liblog ( 2326): 1
08-22 06:51:26.965 I/liblog ( 2326): 4
08-22 06:51:26.972 I/liblog ( 2326): 2
08-22 06:51:26.972 I/dvm_lock_sample( 2326): [com.thundercomm.remotecontrolser,0,Thread-342480,1045,Throwable.java,665,void java.lang.Throwable.printStackTrace(java.lang.Throwable$PrintStreamOrWriter),,0,null,100]
01-01 00:38:38.397 I/IRQ 5 ( 0): no longer affine to CPU7
08-22 06:51:26.974 I/liblog ( 2326): 2
08-22 06:51:26.974 I/liblog ( 2326): 2
08-22 06:51:26.975 I/liblog ( 2326): 1
08-22 06:51:26.976 I/liblog ( 2326): 3
08-22 06:51:26.976 I/liblog ( 2326): 5
08-22 06:51:26.978 I/liblog ( 2326): 6
08-22 06:51:26.978 I/dvm_lock_sample( 2326): [com.thundercomm.remotecontrolser,0,Thread-342472,1053,Throwable.java,665,void java.lang.Throwable.printStackTrace(java.lang.Throwable$PrintStreamOrWriter),,0,null,100]
08-22 06:51:26.978 I/liblog ( 2326): 1
08-22 06:51:26.980 I/liblog ( 2326): 13
08-22 06:51:26.980 I/dvm_lock_sample( 2326): [com.thundercomm.remotecontrolser,0,Thread-342475,1047,Throwable.java,665,void java.lang.Throwable.printStackTrace(java.lang.Throwable$PrintStreamOrWriter),,0,null,100]
08-22 06:51:26.980 I/liblog ( 2326): 1
08-22 06:51:26.981 I/liblog ( 2326): 8
08-22 06:51:27.003 I/liblog ( 2326): 109
08-22 06:51:27.003 I/dvm_lock_sample( 2326): [com.thundercomm.remotecontrolser,0,Thread-342483,1055,Throwable.java,665,void java.lang.Throwable.printStackTrace(java.lang.Throwable$PrintStreamOrWriter),,0,null,100]
08-22 06:51:27.004 I/liblog ( 2326): 7
08-22 06:51:27.004 I/liblog ( 2326): 5
08-22 06:51:27.004 I/liblog ( 2326): 5
08-22 06:51:27.005 I/liblog ( 2326): 4
08-22 06:51:27.005 I/liblog ( 2326): 7
08-22 06:51:27.006 I/liblog ( 2326): 6
08-22 06:51:27.006 I/liblog ( 2326): 3
08-22 06:51:27.006 I/liblog ( 2326): 5
08-22 06:51:27.010 I/liblog ( 2326): 3
08-22 06:51:27.012 I/liblog ( 2326): 1
08-22 06:51:27.012 I/liblog ( 2326): 7
08-22 06:51:27.013 I/liblog ( 2326): 2
08-22 06:51:27.014 I/liblog ( 2326): 15
08-22 06:51:27.015 I/liblog ( 2326): 7
08-22 06:51:27.015 I/liblog ( 2326): 6
08-22 06:51:27.046 I/liblog ( 2326): 2
08-22 06:51:27.046 I/dvm_lock_sample( 2326): [com.thundercomm.remotecontrolser,0,Thread-342490,1042,Throwable.java,665,void java.lang.Throwable.printStackTrace(java.lang.Throwable$PrintStreamOrWriter),,0,null,100]
08-22 06:51:27.053 I/dvm_lock_sample( 2326): [com.thundercomm.remotecontrolser,0,Thread-342504,1074,Throwable.java,665,void java.lang.Throwable.printStackTrace(java.lang.Throwable$PrintStreamOrWriter),,0,null,100]
08-22 06:51:27.064 I/dvm_lock_sample( 2326): [com.thundercomm.remotecontrolser,0,Thread-342496,1080,Throwable.java,665,void java.lang.Throwable.printStackTrace(java.lang.Throwable$PrintStreamOrWriter),,0,null,100]
08-22 06:51:27.080 I/liblog ( 2326): 1
08-22 06:51:27.080 I/sysui_multi_action( 1160): [757,128,758,1,793,53135,794,0,795,53135,796,26,798,0,806,android,857,DEVELOPER_IMPORTANT,858,4,947,0,1395,3,1500,52927,1688,1]
08-22 06:51:27.081 I/sysui_multi_action( 1160): [757,804,799,note_freshness,801,53135,802,1]
08-22 06:51:27.081 I/notification_visibility( 1160): [-1|android|26|null|1000,1,53135,53135,0,0]
08-22 06:51:27.081 I/liblog ( 2326): 3
08-22 06:51:27.081 I/sysui_multi_action( 1160): [757,128,758,1,793,1884263,794,0,795,1884263,796,55,798,1,806,android,857,DEVELOPER,858,2,947,0,1395,3,1500,1883700,1688,1]
08-22 06:51:27.081 I/liblog ( 2326): 1
08-22 06:51:27.081 I/sysui_multi_action( 1160): [757,804,799,note_freshness,801,1884263,802,1]
08-22 06:51:27.081 I/liblog ( 2326): 5
08-22 06:51:27.081 I/notification_visibility( 1160): [-1|android|55|null|1000,1,1884263,1884263,0,1]
08-22 06:51:27.081 I/sysui_multi_action( 1160): [757,128,758,1,793,53137,794,0,795,53137,796,32,798,2,806,android,857,USB,858,1,947,0,1395,3,1500,52933,1688,1]
08-22 06:51:27.082 I/sysui_multi_action( 1160): [757,804,799,note_freshness,801,53137,802,1]
08-22 06:51:27.082 I/notification_visibility( 1160): [-1|android|32|null|1000,1,53137,53137,0,2]
08-22 06:51:27.085 I/liblog ( 2326): 2
08-22 06:51:27.088 I/dvm_lock_sample( 2326): [com.thundercomm.remotecontrolser,0,Thread-342507,1086,Throwable.java,665,void java.lang.Throwable.printStackTrace(java.lang.Throwable$PrintStreamOrWriter),,0,null,100]
08-22 06:51:27.089 I/liblog ( 2326): 1
08-22 06:51:27.093 I/liblog ( 2326): 2
08-22 06:51:27.093 I/dvm_lock_sample( 2326): [com.thundercomm.remotecontrolser,0,Thread-342193,2011,Throwable.java,665,void java.lang.Throwable.printStackTrace(java.lang.Throwable$PrintStreamOrWriter),,0,null,100]
08-22 06:51:27.094 I/liblog ( 2326): 1
08-22 06:51:27.098 I/liblog ( 2326): 2
08-22 06:51:27.098 I/dvm_lock_sample( 2326): [com.thundercomm.remotecontrolser,0,Thread-342501,1093,Throwable.java,665,void java.lang.Throwable.printStackTrace(java.lang.Throwable$PrintStreamOrWriter),,0,null,100]
08-22 06:51:27.099 I/liblog ( 2326): 4
08-22 06:51:27.103 I/liblog ( 2326): 3
08-22 06:51:27.103 I/dvm_lock_sample( 2326): [com.thundercomm.remotecontrolser,0,Thread-342506,1096,Throwable.java,665,void java.lang.Throwable.printStackTrace(java.lang.Throwable$PrintStreamOrWriter),,0,null,100]
08-22 06:51:27.107 I/liblog ( 2326): 7
08-22 06:51:27.107 I/liblog ( 2326): 5
08-22 06:51:27.107 I/liblog ( 2326): 3
08-22 06:51:27.108 I/liblog ( 2326): 9
08-22 06:51:27.108 I/liblog ( 2326): 1
08-22 06:51:27.109 I/liblog ( 2326): 4
