08-22 06:51:14.828 I/liblog ( 2326): 4
08-22 06:51:14.828 I/dvm_lock_sample( 2326): [com.thundercomm.remotecontrolser,0,Thread-338416,210,Throwable.java,665,void java.lang.Throwable.printStackTrace(java.lang.Throwable$PrintStreamOrWriter),,0,null,42]
08-22 06:51:14.829 I/liblog ( 2326): 2
08-22 06:51:14.829 I/liblog ( 2326): 8
08-22 06:51:14.830 I/liblog ( 2326): 1
08-22 06:51:14.830 I/liblog ( 2326): 1
08-22 06:51:14.830 I/liblog ( 2326): 4
08-22 06:51:14.831 I/liblog ( 2326): 4
08-22 06:51:14.831 I/liblog ( 2326): 2
08-22 06:51:14.831 I/liblog ( 2326): 3
08-22 06:51:14.833 I/liblog ( 2326): 2
08-22 06:51:14.833 I/liblog ( 2326): 3
08-22 06:51:14.840 I/liblog ( 2326): 10
08-22 06:51:14.840 I/dvm_lock_sample( 2326): [com.thundercomm.remotecontrolser,0,Thread-338439,164,Throwable.java,665,void java.lang.Throwable.printStackTrace(java.lang.Throwable$PrintStreamOrWriter),,0,null,32]
08-22 06:51:14.842 I/liblog ( 2326): 5
08-22 06:51:14.843 I/liblog ( 2326): 4
08-22 06:51:14.844 I/liblog ( 2326): 4
08-22 06:51:14.845 I/liblog ( 2326): 3
08-22 06:51:14.845 I/liblog ( 2326): 5
08-22 06:51:14.846 I/liblog ( 2326): 1
08-22 06:51:14.847 I/liblog ( 2326): 6
08-22 06:51:14.847 I/liblog ( 2326): 6
08-22 06:51:14.848 I/liblog ( 2326): 3
08-22 06:51:14.848 I/liblog ( 2326): 3
08-22 06:51:14.848 I/liblog ( 2326): 5
08-22 06:51:14.848 I/liblog ( 2326): 2
08-22 06:51:14.849 I/liblog ( 2326): 6
08-22 06:51:14.849 I/liblog ( 2326): 3
08-22 06:51:14.849 I/liblog ( 2326): 8
08-22 06:51:14.850 I/liblog ( 2326): 4
08-22 06:51:14.850 I/liblog ( 2326): 5
08-22 06:51:14.850 I/liblog ( 2326): 8
08-22 06:51:14.851 I/liblog ( 2326): 6
08-22 06:51:14.852 I/liblog ( 2326): 8
08-22 06:51:14.859 I/liblog ( 2326): 6
08-22 06:51:14.859 I/dvm_lock_sample( 2326): [com.thundercomm.remotecontrolser,0,Thread-338398,163,Throwable.java,665,void java.lang.Throwable.printStackTrace(java.lang.Throwable$PrintStreamOrWriter),,0,null,32]
08-22 06:51:14.863 I/dvm_lock_sample( 2326): [com.thundercomm.remotecontrolser,0,Thread-338413,235,Throwable.java,665,void java.lang.Throwable.printStackTrace(java.lang.Throwable$PrintStreamOrWriter),,0,null,47]
08-22 06:51:14.865 I/liblog ( 2326): 3
08-22 06:51:14.865 I/dvm_lock_sample( 2326): [com.thundercomm.remotecontrolser,0,Thread-338336,236,Throwable.java,665,void java.lang.Throwable.printStackTrace(java.lang.Throwable$PrintStreamOrWriter),,0,null,47]
08-22 06:51:14.865 I/liblog ( 2326): 1
08-22 06:51:14.866 I/liblog ( 2326): 4
08-22 06:51:14.866 I/liblog ( 2326): 4
08-22 06:51:14.867 I/liblog ( 2326): 2
08-22 06:51:14.868 I/liblog ( 2326): 3
08-22 06:51:14.869 I/liblog ( 2326): 1
08-22 06:51:14.869 I/liblog ( 2326): 3
08-22 06:51:14.869 I/liblog ( 2326): 3
08-22 06:51:14.869 I/liblog ( 2326): 3
08-22 06:51:14.870 I/liblog ( 2326): 4
08-22 06:51:14.870 I/liblog ( 2326): 7
08-22 06:51:14.871 I/liblog ( 2326): 6
08-22 06:51:14.872 I/liblog ( 2326): 3
08-22 06:51:14.872 I/dvm_lock_sample( 2326): [com.thundercomm.remotecontrolser,0,Thread-338461,217,Throwable.java,665,void java.lang.Throwable.printStackTrace(java.lang.Throwable$PrintStreamOrWriter),,0,null,43]
08-22 06:51:14.874 I/liblog ( 2326): 5
08-22 06:51:14.874 I/liblog ( 2326): 2
08-22 06:51:14.874 I/liblog ( 2326): 3
08-22 06:51:14.874 I/liblog ( 2326): 2
08-22 06:51:14.875 I/liblog ( 2326): 8
08-22 06:51:14.875 I/liblog ( 2326): 4
08-22 06:51:14.876 I/liblog ( 2326): 15
08-22 06:51:14.876 I/liblog ( 2326): 6
08-22 06:51:14.877 I/liblog ( 2326): 10
08-22 06:51:14.877 I/liblog ( 2326): 5
08-22 06:51:14.878 I/liblog ( 2326): 1
08-22 06:51:14.878 I/liblog ( 2326): 1
08-22 06:51:14.878 I/liblog ( 2326): 2
08-22 06:51:14.878 I/liblog ( 2326): 3
08-22 06:51:14.879 I/liblog ( 2326): 4
08-22 06:51:14.879 I/liblog ( 2326): 3
08-22 06:51:14.880 I/liblog ( 2326): 13
08-22 06:51:14.880 I/liblog ( 2326): 6
08-22 06:51:14.881 I/liblog ( 2326): 4
08-22 06:51:14.881 I/liblog ( 2326): 7
08-22 06:51:14.882 I/liblog ( 2326): 6
08-22 06:51:14.882 I/dvm_lock_sample( 2326): [com.thundercomm.remotecontrolser,0,Thread-338335,223,Throwable.java,665,void java.lang.Throwable.printStackTrace(java.lang.Throwable$PrintStreamOrWriter),,0,null,44]
08-22 06:51:14.882 I/liblog ( 2326): 2
08-22 06:51:14.882 I/liblog ( 2326): 8
08-22 06:51:14.882 I/liblog ( 2326): 3
08-22 06:51:14.883 I/liblog ( 2326): 4
08-22 06:51:14.883 I/liblog ( 2326): 7
08-22 06:51:14.884 I/liblog ( 2326): 4
08-22 06:51:14.885 I/liblog ( 2326): 4
08-22 06:51:14.885 I/liblog ( 2326): 7
08-22 06:51:14.886 I/liblog ( 2326): 2
08-22 06:51:14.886 I/liblog ( 2326): 6
08-22 06:51:14.886 I/liblog ( 2326): 4
08-22 06:51:14.887 I/liblog ( 2326): 7
08-22 06:51:14.887 I/liblog ( 2326): 6
08-22 06:51:14.887 I/liblog ( 2326): 5
08-22 06:51:14.888 I/liblog ( 2326): 6
08-22 06:51:14.888 I/liblog ( 2326): 6
08-22 06:51:14.888 I/liblog ( 2326): 1
08-22 06:51:14.889 I/liblog ( 2326): 10
08-22 06:51:14.889 I/liblog ( 2326): 6
08-22 06:51:14.890 I/liblog ( 2326): 6
08-22 06:51:14.890 I/liblog ( 2326): 5
08-22 06:51:14.890 I/liblog ( 2326): 6
08-22 06:51:14.891 I/liblog ( 2326): 1
08-22 06:51:14.892 I/liblog ( 2326): 14
08-22 06:51:14.892 I/liblog ( 2326): 3
08-22 06:51:14.893 I/liblog ( 2326): 5
08-22 06:51:14.893 I/liblog ( 2326): 4
08-22 06:51:14.894 I/liblog ( 2326): 2
08-22 06:51:14.894 I/liblog ( 2326): 5
08-22 06:51:14.894 I/liblog ( 2326): 7
08-22 06:51:14.895 I/liblog ( 2326): 5
08-22 06:51:14.896 I/liblog ( 2326): 7
08-22 06:51:14.896 I/liblog ( 2326): 2
08-22 06:51:14.897 I/liblog ( 2326): 3
08-22 06:51:14.897 I/liblog ( 2326): 3
08-22 06:51:14.897 I/liblog ( 2326): 1
08-22 06:51:14.898 I/liblog ( 2326): 7
08-22 06:51:14.898 I/liblog ( 2326): 7
08-22 06:51:14.898 I/liblog ( 2326): 5
08-22 06:51:14.899 I/liblog ( 2326): 6
08-22 06:51:14.899 I/liblog ( 2326): 6
08-22 06:51:14.900 I/liblog ( 2326): 10
08-22 06:51:14.900 I/liblog ( 2326): 6
08-22 06:51:14.901 I/liblog ( 2326): 8
08-22 06:51:14.902 I/liblog ( 2326): 8
08-22 06:51:14.913 I/liblog ( 2326): 186
08-22 06:51:14.913 I/liblog ( 2326): 2
08-22 06:51:14.913 I/liblog ( 2326): 8
08-22 06:51:14.914 I/liblog ( 2326): 6
08-22 06:51:14.915 I/liblog ( 2326): 11
08-22 06:51:14.916 I/liblog ( 2326): 5
08-22 06:51:14.916 I/liblog ( 2326): 4
08-22 06:51:14.917 I/liblog ( 2326): 11
08-22 06:51:14.917 I/liblog ( 2326): 7
08-22 06:51:14.918 I/liblog ( 2326): 6
08-22 06:51:14.918 I/liblog ( 2326): 3
08-22 06:51:14.919 I/liblog ( 2326): 5
08-22 06:51:14.919 I/liblog ( 2326): 10
08-22 06:51:14.920 I/liblog ( 2326): 6
08-22 06:51:14.920 I/liblog ( 2326): 5
08-22 06:51:14.920 I/liblog ( 2326): 7
08-22 06:51:14.921 I/liblog ( 2326): 7
08-22 06:51:14.922 I/liblog ( 2326): 8
08-22 06:51:14.922 I/liblog ( 2326): 6
08-22 06:51:14.923 I/liblog ( 2326): 3
08-22 06:51:14.923 I/liblog ( 2326): 6
08-22 06:51:14.923 I/liblog ( 2326): 4
08-22 06:51:14.924 I/liblog ( 2326): 7
08-22 06:51:14.924 I/liblog ( 2326): 6
08-22 06:51:14.924 I/liblog ( 2326): 1
08-22 06:51:14.930 I/liblog ( 2326): 84
08-22 06:51:14.931 I/liblog ( 2326): 11
08-22 06:51:14.931 I/liblog ( 2326): 3
08-22 06:51:14.931 I/liblog ( 2326): 7
08-22 06:51:14.932 I/liblog ( 2326): 7
08-22 06:51:14.932 I/liblog ( 2326): 5
08-22 06:51:14.932 I/liblog ( 2326): 7
08-22 06:51:14.933 I/liblog ( 2326): 6
08-22 06:51:14.934 I/liblog ( 2326): 4
08-22 06:51:14.935 I/liblog ( 2326): 4
01-01 00:38:26.376 D/ ( 0): mv2112_read_status
08-22 06:51:14.941 I/liblog ( 2326): 90
01-01 00:38:26.380 D/mv2112_update_link( 0): 3.0x901(1G): 0x80
08-22 06:51:14.951 I/liblog ( 2326): 96
08-22 06:51:14.965 I/liblog ( 2326): 44
08-22 06:51:14.971 I/liblog ( 2326): 3
01-01 00:38:26.389 D/mv2112_update_link( 0): 3.0x8109(100M): 0x0
08-22 06:51:14.971 I/liblog ( 2326): 3
08-22 06:51:14.976 I/liblog ( 2326): 7
01-01 00:38:26.397 D/mv2112_update_link( 0): link 0x0
01-01 00:38:26.401 D/mv2112_read_status( 0): autoneg is disabled
08-22 06:51:14.978 I/liblog ( 2326): 4
08-22 06:51:14.978 I/liblog ( 2326): 4
08-22 06:51:14.978 I/liblog ( 2326): 7
08-22 06:51:14.978 I/liblog ( 2326): 1
08-22 06:51:14.983 I/liblog ( 2326): 2
08-22 06:51:14.983 I/liblog ( 2326): 2
08-22 06:51:14.983 I/liblog ( 2326): 4
08-22 06:51:14.984 I/liblog ( 2326): 2
08-22 06:51:14.984 I/liblog ( 2326): 1
08-22 06:51:14.984 I/liblog ( 2326): 10
08-22 06:51:14.985 I/liblog ( 2326): 6
08-22 06:51:14.985 I/liblog ( 2326): 1
08-22 06:51:14.986 I/liblog ( 2326): 6
08-22 06:51:14.986 I/liblog ( 2326): 3
08-22 06:51:14.986 I/liblog ( 2326): 3
08-22 06:51:14.989 I/liblog ( 2326): 3
08-22 06:51:14.989 I/liblog ( 2326): 3
08-22 06:51:15.001 I/liblog ( 2326): 9
08-22 06:51:15.021 I/liblog ( 2326): 5
08-22 06:51:15.027 I/liblog ( 2326): 73
08-22 06:51:15.028 I/liblog ( 2326): 3
08-22 06:51:15.028 I/liblog ( 2326): 6
08-22 06:51:15.028 I/liblog ( 2326): 5
08-22 06:51:15.029 I/liblog ( 2326): 8
08-22 06:51:15.029 I/liblog ( 2326): 5
08-22 06:51:15.031 I/liblog ( 2326): 2
08-22 06:51:15.031 I/liblog ( 2326): 3
08-22 06:51:15.031 I/liblog ( 2326): 8
08-22 06:51:15.032 I/liblog ( 2326): 3
08-22 06:51:15.033 I/liblog ( 2326): 6
08-22 06:51:15.033 I/liblog ( 2326): 4
08-22 06:51:15.036 I/liblog ( 2326): 6
08-22 06:51:15.037 I/liblog ( 2326): 3
08-22 06:51:15.040 I/liblog ( 2326): 6
08-22 06:51:15.041 I/liblog ( 2326): 3
08-22 06:51:15.052 I/liblog ( 2326): 5
08-22 06:51:15.054 I/liblog ( 2326): 4
08-22 06:51:15.055 I/liblog ( 2326): 6
08-22 06:51:15.055 I/liblog ( 2326): 2
08-22 06:51:15.055 I/liblog ( 2326): 9
08-22 06:51:15.060 I/liblog ( 2326): 8
08-22 06:51:15.061 I/liblog ( 2326): 3
08-22 06:51:15.062 I/liblog ( 2326): 3
08-22 06:51:15.062 I/liblog ( 2326): 2
08-22 06:51:15.064 I/liblog ( 2326): 11
08-22 06:51:15.066 I/liblog ( 2326): 2
08-22 06:51:15.068 I/liblog ( 2326): 1
08-22 06:51:15.068 I/liblog ( 2326): 7
08-22 06:51:15.072 I/liblog ( 2326): 68
08-22 06:51:15.154 I/liblog ( 2326): 28
01-01 00:38:26.517 W/logd ( 0): Skipping entries from slow reader, pid 32067, fd 15, from LogBuffer::Prune()
08-22 06:51:15.173 I/dvm_lock_sample( 2326): [com.thundercomm.remotecontrolser,0,Thread-338581,61,Throwable.java,665,void java.lang.Throwable.printStackTrace(java.lang.Throwable$PrintStreamOrWriter),,0,null,12]
08-22 06:51:15.176 I/dvm_lock_sample( 2326): [com.thundercomm.remotecontrolser,0,Thread-338616,60,Throwable.java,665,void java.lang.Throwable.printStackTrace(java.lang.Throwable$PrintStreamOrWriter),,0,null,12]
08-22 06:51:15.182 I/dvm_lock_sample( 2326): [com.thundercomm.remotecontrolser,0,Thread-338613,57,Throwable.java,665,void java.lang.Throwable.printStackTrace(java.lang.Throwable$PrintStreamOrWriter),,0,null,11]
08-22 06:51:15.185 I/dvm_lock_sample( 2326): [com.thundercomm.remotecontrolser,0,Thread-338617,58,Throwable.java,665,void java.lang.Throwable.printStackTrace(java.lang.Throwable$PrintStreamOrWriter),,0,null,11]
08-22 06:51:15.222 I/liblog ( 2326): 12
08-22 06:51:15.232 I/liblog ( 2326): 4
08-22 06:51:15.232 I/dvm_lock_sample( 2326): [com.thundercomm.remotecontrolser,0,Thread-338701,59,Throwable.java,665,void java.lang.Throwable.printStackTrace(java.lang.Throwable$PrintStreamOrWriter),,0,null,11]
08-22 06:51:15.261 I/liblog ( 2326): 15
08-22 06:51:15.270 I/liblog ( 2326): 52
08-22 06:51:15.278 I/liblog ( 2326): 1
08-22 06:51:15.286 I/liblog ( 2326): 6
08-22 06:51:15.298 I/liblog ( 2326): 6
08-22 06:51:15.312 I/liblog ( 2326): 1
08-22 06:51:15.313 I/liblog ( 2326): 3
08-22 06:51:15.313 I/liblog ( 2326): 7
08-22 06:51:15.314 I/liblog ( 2326): 8
08-22 06:51:15.314 I/liblog ( 2326): 5
08-22 06:51:15.314 I/liblog ( 2326): 6
08-22 06:51:15.315 I/liblog ( 2326): 6
08-22 06:51:15.315 I/liblog ( 2326): 5
08-22 06:51:15.315 I/liblog ( 2326): 6
08-22 06:51:15.318 I/liblog ( 2326): 6
08-22 06:51:15.318 I/dvm_lock_sample( 2326): [com.thundercomm.remotecontrolser,0,Thread-338649,94,Throwable.java,665,void java.lang.Throwable.printStackTrace(java.lang.Throwable$PrintStreamOrWriter),,0,null,18]
08-22 06:51:15.319 I/liblog ( 2326): 5
08-22 06:51:15.320 I/liblog ( 2326): 7
08-22 06:51:15.321 I/liblog ( 2326): 6
08-22 06:51:15.321 I/liblog ( 2326): 6
08-22 06:51:15.322 I/liblog ( 2326): 11
08-22 06:51:15.322 I/liblog ( 2326): 6
08-22 06:51:15.322 I/liblog ( 2326): 1
08-22 06:51:15.323 I/liblog ( 2326): 3
08-22 06:51:15.323 I/liblog ( 2326): 4
08-22 06:51:15.323 I/liblog ( 2326): 2
08-22 06:51:15.324 I/liblog ( 2326): 5
08-22 06:51:15.324 I/liblog ( 2326): 1
08-22 06:51:15.324 I/liblog ( 2326): 1
08-22 06:51:15.325 I/liblog ( 2326): 7
08-22 06:51:15.325 I/liblog ( 2326): 5
08-22 06:51:15.325 I/liblog ( 2326): 5
08-22 06:51:15.326 I/liblog ( 2326): 2
08-22 06:51:15.326 I/liblog ( 2326): 4
08-22 06:51:15.326 I/liblog ( 2326): 4
08-22 06:51:15.327 I/liblog ( 2326): 2
08-22 06:51:15.327 I/liblog ( 2326): 4
08-22 06:51:15.328 I/liblog ( 2326): 7
08-22 06:51:15.329 I/liblog ( 2326): 7
08-22 06:51:15.329 I/liblog ( 2326): 11
08-22 06:51:15.330 I/liblog ( 2326): 6
08-22 06:51:15.330 I/liblog ( 2326): 3
08-22 06:51:15.332 I/liblog ( 2326): 6
08-22 06:51:15.333 I/liblog ( 2326): 1
08-22 06:51:15.333 I/liblog ( 2326): 5
08-22 06:51:15.333 I/liblog ( 2326): 5
08-22 06:51:15.334 I/liblog ( 2326): 6
08-22 06:51:15.334 I/liblog ( 2326): 1
08-22 06:51:15.335 I/liblog ( 2326): 5
08-22 06:51:15.335 I/liblog ( 2326): 4
08-22 06:51:15.335 I/liblog ( 2326): 4
08-22 06:51:15.336 I/liblog ( 2326): 3
08-22 06:51:15.336 I/liblog ( 2326): 3
08-22 06:51:15.336 I/liblog ( 2326): 6
08-22 06:51:15.337 I/liblog ( 2326): 6
08-22 06:51:15.337 I/liblog ( 2326): 1
08-22 06:51:15.338 I/liblog ( 2326): 10
08-22 06:51:15.338 I/liblog ( 2326): 10
08-22 06:51:15.338 I/liblog ( 2326): 13
08-22 06:51:15.339 I/liblog ( 2326): 6
08-22 06:51:15.339 I/liblog ( 2326): 8
08-22 06:51:15.340 I/liblog ( 2326): 20
08-22 06:51:15.341 I/liblog ( 2326): 15
08-22 06:51:15.342 I/liblog ( 2326): 27
08-22 06:51:15.342 I/liblog ( 2326): 4
08-22 06:51:15.343 I/liblog ( 2326): 9
08-22 06:51:15.343 I/liblog ( 2326): 6
08-22 06:51:15.343 I/liblog ( 2326): 2
08-22 06:51:15.344 I/liblog ( 2326): 5
08-22 06:51:15.345 I/liblog ( 2326): 12
08-22 06:51:15.345 I/liblog ( 2326): 4
08-22 06:51:15.346 I/liblog ( 2326): 5
08-22 06:51:15.346 I/liblog ( 2326): 3
08-22 06:51:15.347 I/liblog ( 2326): 3
08-22 06:51:15.347 I/liblog ( 2326): 1
08-22 06:51:15.347 I/liblog ( 2326): 5
08-22 06:51:15.348 I/liblog ( 2326): 4
08-22 06:51:15.348 I/liblog ( 2326): 2
08-22 06:51:15.348 I/liblog ( 2326): 4
08-22 06:51:15.349 I/liblog ( 2326): 10
08-22 06:51:15.350 I/liblog ( 2326): 6
08-22 06:51:15.351 I/liblog ( 2326): 1
08-22 06:51:15.351 I/liblog ( 2326): 4
08-22 06:51:15.351 I/liblog ( 2326): 3
08-22 06:51:15.352 I/liblog ( 2326): 3
08-22 06:51:15.352 I/liblog ( 2326): 3
08-22 06:51:15.353 I/liblog ( 2326): 2
08-22 06:51:15.353 I/liblog ( 2326): 1
08-22 06:51:15.353 I/liblog ( 2326): 2
08-22 06:51:15.354 I/liblog ( 2326): 2
08-22 06:51:15.354 I/liblog ( 2326): 3
08-22 06:51:15.355 I/liblog ( 2326): 5
08-22 06:51:15.355 I/liblog ( 2326): 7
08-22 06:51:15.356 I/liblog ( 2326): 6
08-22 06:51:15.356 I/liblog ( 2326): 4
08-22 06:51:15.356 I/liblog ( 2326): 4
08-22 06:51:15.357 I/liblog ( 2326): 10
08-22 06:51:15.358 I/liblog ( 2326): 10
08-22 06:51:15.358 I/liblog ( 2326): 7
08-22 06:51:15.358 I/liblog ( 2326): 3
08-22 06:51:15.359 I/liblog ( 2326): 7
08-22 06:51:15.359 I/liblog ( 2326): 4
08-22 06:51:15.360 I/liblog ( 2326): 4
08-22 06:51:15.362 I/liblog ( 2326): 7
01-01 00:38:26.796 I/IRQ 5 ( 0): no longer affine to CPU6
01-01 00:38:26.802 W/logd ( 0): Skipping entries from slow reader, pid 32067, fd 15, from LogBuffer::Prune()
08-22 06:51:15.363 I/liblog ( 2326): 1
08-22 06:51:15.363 I/liblog ( 2326): 5
08-22 06:51:15.363 I/liblog ( 2326): 7
08-22 06:51:15.364 I/liblog ( 2326): 6
08-22 06:51:15.364 I/liblog ( 2326): 12
08-22 06:51:15.365 I/liblog ( 2326): 4
08-22 06:51:15.365 I/liblog ( 2326): 5
08-22 06:51:15.365 I/liblog ( 2326): 6
08-22 06:51:15.366 I/liblog ( 2326): 6
08-22 06:51:15.366 I/liblog ( 2326): 8
08-22 06:51:15.367 I/liblog ( 2326): 7
08-22 06:51:15.367 I/liblog ( 2326): 4
08-22 06:51:15.368 I/liblog ( 2326): 14
08-22 06:51:15.368 I/liblog ( 2326): 1
08-22 06:51:15.369 I/liblog ( 2326): 13
08-22 06:51:15.369 I/liblog ( 2326): 1
08-22 06:51:15.369 I/liblog ( 2326): 1
08-22 06:51:15.370 I/liblog ( 2326): 13
08-22 06:51:15.371 I/liblog ( 2326): 2
08-22 06:51:15.371 I/liblog ( 2326): 2
08-22 06:51:15.371 I/liblog ( 2326): 8
08-22 06:51:15.372 I/liblog ( 2326): 6
08-22 06:51:15.372 I/liblog ( 2326): 5
08-22 06:51:15.372 I/liblog ( 2326): 6
08-22 06:51:15.373 I/liblog ( 2326): 6
08-22 06:51:15.373 I/liblog ( 2326): 7
08-22 06:51:15.373 I/liblog ( 2326): 6
08-22 06:51:15.374 I/liblog ( 2326): 4
08-22 06:51:15.374 I/liblog ( 2326): 4
08-22 06:51:15.374 I/liblog ( 2326): 7
08-22 06:51:15.375 I/liblog ( 2326): 6
08-22 06:51:15.376 I/liblog ( 2326): 1
08-22 06:51:15.376 I/liblog ( 2326): 7
08-22 06:51:15.377 I/liblog ( 2326): 7
08-22 06:51:15.377 I/liblog ( 2326): 4
08-22 06:51:15.377 I/liblog ( 2326): 5
08-22 06:51:15.378 I/liblog ( 2326): 7
08-22 06:51:15.378 I/liblog ( 2326): 1
08-22 06:51:15.378 I/liblog ( 2326): 5
08-22 06:51:15.379 I/liblog ( 2326): 5
08-22 06:51:15.379 I/liblog ( 2326): 3
08-22 06:51:15.383 I/liblog ( 2326): 3
08-22 06:51:15.383 I/dvm_lock_sample( 2326): [com.thundercomm.remotecontrolser,0,Thread-338593,262,Throwable.java,665,void java.lang.Throwable.printStackTrace(java.lang.Throwable$PrintStreamOrWriter),,0,null,52]
08-22 06:51:15.384 I/liblog ( 2326): 3
08-22 06:51:15.384 I/liblog ( 2326): 5
08-22 06:51:15.384 I/liblog ( 2326): 8
08-22 06:51:15.385 I/liblog ( 2326): 7
08-22 06:51:15.385 I/liblog ( 2326): 3
08-22 06:51:15.386 I/liblog ( 2326): 5
08-22 06:51:15.386 I/liblog ( 2326): 4
08-22 06:51:15.386 I/liblog ( 2326): 5
08-22 06:51:15.387 I/liblog ( 2326): 3
08-22 06:51:15.387 I/liblog ( 2326): 8
08-22 06:51:15.387 I/liblog ( 2326): 6
08-22 06:51:15.388 I/liblog ( 2326): 3
08-22 06:51:15.388 I/liblog ( 2326): 6
08-22 06:51:15.388 I/liblog ( 2326): 4
08-22 06:51:15.389 I/liblog ( 2326): 4
08-22 06:51:15.389 I/liblog ( 2326): 3
08-22 06:51:15.390 I/liblog ( 2326): 13
08-22 06:51:15.392 I/liblog ( 2326): 6
08-22 06:51:15.393 I/liblog ( 2326): 7
08-22 06:51:15.393 I/liblog ( 2326): 5
08-22 06:51:15.394 I/liblog ( 2326): 5
08-22 06:51:15.394 I/liblog ( 2326): 4
08-22 06:51:15.395 I/liblog ( 2326): 4
08-22 06:51:15.395 I/liblog ( 2326): 5
08-22 06:51:15.395 I/liblog ( 2326): 6
08-22 06:51:15.396 I/liblog ( 2326): 5
08-22 06:51:15.396 I/liblog ( 2326): 4
08-22 06:51:15.396 I/liblog ( 2326): 6
08-22 06:51:15.397 I/liblog ( 2326): 5
08-22 06:51:15.397 I/liblog ( 2326): 2
08-22 06:51:15.399 I/liblog ( 2326): 26
08-22 06:51:15.426 I/liblog ( 2326): 3
08-22 06:51:15.427 I/liblog ( 2326): 3
08-22 06:51:15.428 I/liblog ( 2326): 3
08-22 06:51:15.428 I/liblog ( 2326): 4
08-22 06:51:15.428 I/liblog ( 2326): 4
08-22 06:51:15.430 I/liblog ( 2326): 2
08-22 06:51:15.431 I/liblog ( 2326): 2
08-22 06:51:15.432 I/liblog ( 2326): 6
08-22 06:51:15.432 I/liblog ( 2326): 3
08-22 06:51:15.433 I/liblog ( 2326): 8
08-22 06:51:15.434 I/liblog ( 2326): 7
08-22 06:51:15.434 I/liblog ( 2326): 5
08-22 06:51:15.434 I/liblog ( 2326): 4
08-22 06:51:15.435 I/liblog ( 2326): 3
08-22 06:51:15.435 I/liblog ( 2326): 2
08-22 06:51:15.435 I/liblog ( 2326): 3
08-22 06:51:15.436 I/liblog ( 2326): 5
08-22 06:51:15.436 I/liblog ( 2326): 7
08-22 06:51:15.436 I/liblog ( 2326): 4
08-22 06:51:15.437 I/liblog ( 2326): 6
08-22 06:51:15.437 I/liblog ( 2326): 5
08-22 06:51:15.437 I/liblog ( 2326): 6
08-22 06:51:15.438 I/liblog ( 2326): 4
08-22 06:51:15.439 I/liblog ( 2326): 12
08-22 06:51:15.440 I/liblog ( 2326): 6
08-22 06:51:15.440 I/liblog ( 2326): 5
08-22 06:51:15.441 I/liblog ( 2326): 2
08-22 06:51:15.444 I/liblog ( 2326): 1
08-22 06:51:15.453 I/liblog ( 2326): 15
08-22 06:51:15.455 I/liblog ( 2326): 2
08-22 06:51:15.467 I/liblog ( 2326): 47
08-22 06:51:15.476 I/liblog ( 2326): 112
08-22 06:51:15.485 I/liblog ( 2326): 3
08-22 06:51:15.485 I/dvm_lock_sample( 2326): [com.thundercomm.remotecontrolser,0,Thread-338656,225,Throwable.java,665,void java.lang.Throwable.printStackTrace(java.lang.Throwable$PrintStreamOrWriter),,0,null,45]
08-22 06:51:15.493 I/liblog ( 2326): 42
08-22 06:51:15.494 I/liblog ( 2326): 12
08-22 06:51:15.495 I/liblog ( 2326): 5
08-22 06:51:15.495 I/liblog ( 2326): 4
08-22 06:51:15.496 I/liblog ( 2326): 3
08-22 06:51:15.496 I/liblog ( 2326): 3
08-22 06:51:15.497 I/liblog ( 2326): 5
08-22 06:51:15.499 I/liblog ( 2326): 15
08-22 06:51:15.499 I/liblog ( 2326): 5
08-22 06:51:15.500 I/liblog ( 2326): 7
08-22 06:51:15.500 I/liblog ( 2326): 3
08-22 06:51:15.501 I/liblog ( 2326): 12
08-22 06:51:15.503 I/liblog ( 2326): 1
08-22 06:51:15.504 I/liblog ( 2326): 2
08-22 06:51:15.505 I/liblog ( 2326): 6
08-22 06:51:15.505 I/liblog ( 2326): 3
08-22 06:51:15.510 I/liblog ( 2326): 83
08-22 06:51:15.510 I/liblog ( 2326): 6
08-22 06:51:15.511 I/liblog ( 2326): 6
08-22 06:51:15.511 I/liblog ( 2326): 1
08-22 06:51:15.511 I/liblog ( 2326): 5
08-22 06:51:15.512 I/liblog ( 2326): 7
08-22 06:51:15.513 I/liblog ( 2326): 5
08-22 06:51:15.514 I/liblog ( 2326): 2
08-22 06:51:15.514 I/liblog ( 2326): 3
08-22 06:51:15.514 I/liblog ( 2326): 2
08-22 06:51:15.515 I/liblog ( 2326): 3
08-22 06:51:15.515 I/liblog ( 2326): 3
08-22 06:51:15.524 I/liblog ( 2326): 151
08-22 06:51:15.525 I/liblog ( 2326): 1
08-22 06:51:15.526 I/liblog ( 2326): 8
08-22 06:51:15.527 I/liblog ( 2326): 11
08-22 06:51:15.528 I/liblog ( 2326): 9
08-22 06:51:15.528 I/liblog ( 2326): 7
08-22 06:51:15.529 I/liblog ( 2326): 5
08-22 06:51:15.530 I/liblog ( 2326): 11
08-22 06:51:15.530 I/liblog ( 2326): 1
08-22 06:51:15.530 I/liblog ( 2326): 7
08-22 06:51:15.531 I/liblog ( 2326): 6
08-22 06:51:15.531 I/liblog ( 2326): 4
08-22 06:51:15.531 I/liblog ( 2326): 6
08-22 06:51:15.533 I/liblog ( 2326): 21
08-22 06:51:15.533 I/liblog ( 2326): 3
08-22 06:51:15.533 I/liblog ( 2326): 3
08-22 06:51:15.534 I/liblog ( 2326): 7
08-22 06:51:15.535 I/liblog ( 2326): 4
08-22 06:51:15.535 I/liblog ( 2326): 4
08-22 06:51:15.535 I/liblog ( 2326): 2
08-22 06:51:15.536 I/liblog ( 2326): 1
08-22 06:51:15.537 I/liblog ( 2326): 10
08-22 06:51:15.537 I/liblog ( 2326): 5
08-22 06:51:15.538 I/liblog ( 2326): 7
08-22 06:51:15.538 I/liblog ( 2326): 5
08-22 06:51:15.538 I/liblog ( 2326): 12
08-22 06:51:15.539 I/liblog ( 2326): 6
08-22 06:51:15.539 I/liblog ( 2326): 3
08-22 06:51:15.540 I/liblog ( 2326): 10
08-22 06:51:15.542 I/liblog ( 2326): 23
08-22 06:51:15.542 I/liblog ( 2326): 14
08-22 06:51:15.544 I/liblog ( 2326): 3
08-22 06:51:15.544 I/liblog ( 2326): 1
08-22 06:51:15.546 I/liblog ( 2326): 20
08-22 06:51:15.546 I/liblog ( 2326): 5
08-22 06:51:15.546 I/liblog ( 2326): 2
08-22 06:51:15.550 I/liblog ( 2326): 18
08-22 06:51:15.551 I/liblog ( 2326): 8
08-22 06:51:15.551 I/liblog ( 2326): 7
08-22 06:51:15.551 I/liblog ( 2326): 2
08-22 06:51:15.552 I/liblog ( 2326): 8
08-22 06:51:15.552 I/liblog ( 2326): 1
08-22 06:51:15.553 I/liblog ( 2326): 6
08-22 06:51:15.553 I/liblog ( 2326): 7
08-22 06:51:15.553 I/liblog ( 2326): 9
08-22 06:51:15.554 I/liblog ( 2326): 6
08-22 06:51:15.564 I/liblog ( 2326): 129
08-22 06:51:15.564 I/dvm_lock_sample( 2326): [com.thundercomm.remotecontrolser,0,Thread-338785,62,Throwable.java,665,void java.lang.Throwable.printStackTrace(java.lang.Throwable$PrintStreamOrWriter),,0,null,12]
08-22 06:51:15.567 I/liblog ( 2326): 3
08-22 06:51:15.567 I/liblog ( 2326): 3
08-22 06:51:15.568 I/liblog ( 2326): 8
08-22 06:51:15.568 I/liblog ( 2326): 5
08-22 06:51:15.568 I/liblog ( 2326): 4
08-22 06:51:15.569 I/liblog ( 2326): 7
08-22 06:51:15.569 I/liblog ( 2326): 7
08-22 06:51:15.571 I/liblog ( 2326): 34
08-22 06:51:15.573 I/liblog ( 2326): 17
08-22 06:51:15.574 I/liblog ( 2326): 1
08-22 06:51:15.575 I/liblog ( 2326): 3
08-22 06:51:15.578 I/liblog ( 2326): 23
08-22 06:51:15.578 I/dvm_lock_sample( 2326): [com.thundercomm.remotecontrolser,0,Thread-338811,45,Throwable.java,665,void java.lang.Throwable.printStackTrace(java.lang.Throwable$PrintStreamOrWriter),,0,null,9]
08-22 06:51:15.583 I/liblog ( 2326): 63
08-22 06:51:15.583 I/liblog ( 2326): 2
08-22 06:51:15.584 I/liblog ( 2326): 7
08-22 06:51:15.585 I/liblog ( 2326): 6
08-22 06:51:15.586 I/liblog ( 2326): 1
08-22 06:51:15.586 I/liblog ( 2326): 3
08-22 06:51:15.587 I/liblog ( 2326): 4
08-22 06:51:15.587 I/liblog ( 2326): 4
08-22 06:51:15.588 I/liblog ( 2326): 2
08-22 06:51:15.588 I/liblog ( 2326): 10
08-22 06:51:15.589 I/liblog ( 2326): 7
08-22 06:51:15.590 I/liblog ( 2326): 17
08-22 06:51:15.590 I/liblog ( 2326): 8
08-22 06:51:15.590 I/liblog ( 2326): 6
08-22 06:51:15.591 I/liblog ( 2326): 5
08-22 06:51:15.591 I/liblog ( 2326): 7
08-22 06:51:15.592 I/liblog ( 2326): 5
08-22 06:51:15.593 I/liblog ( 2326): 3
08-22 06:51:15.593 I/liblog ( 2326): 3
08-22 06:51:15.596 I/liblog ( 2326): 5
08-22 06:51:15.599 I/dvm_lock_sample( 2326): [com.thundercomm.remotecontrolser,0,Thread-338720,244,Throwable.java,665,void java.lang.Throwable.printStackTrace(java.lang.Throwable$PrintStreamOrWriter),,0,null,48]
08-22 06:51:15.600 I/liblog ( 2326): 5
08-22 06:51:15.601 I/liblog ( 2326): 3
08-22 06:51:15.601 I/liblog ( 2326): 5
08-22 06:51:15.602 I/liblog ( 2326): 10
08-22 06:51:15.602 I/liblog ( 2326): 9
08-22 06:51:15.603 I/liblog ( 2326): 17
08-22 06:51:15.606 I/liblog ( 2326): 6
08-22 06:51:15.606 I/dvm_lock_sample( 2326): [com.thundercomm.remotecontrolser,0,Thread-338647,242,Throwable.java,665,void java.lang.Throwable.printStackTrace(java.lang.Throwable$PrintStreamOrWriter),,0,null,48]
08-22 06:51:15.607 I/liblog ( 2326): 1
08-22 06:51:15.608 I/liblog ( 2326): 7
08-22 06:51:15.608 I/liblog ( 2326): 2
08-22 06:51:15.609 I/liblog ( 2326): 12
08-22 06:51:15.611 I/liblog ( 2326): 4
08-22 06:51:15.614 I/liblog ( 2326): 34
08-22 06:51:15.614 I/liblog ( 2326): 3
08-22 06:51:15.614 I/liblog ( 2326): 7
08-22 06:51:15.615 I/liblog ( 2326): 5
08-22 06:51:15.617 I/liblog ( 2326): 1
08-22 06:51:15.617 I/liblog ( 2326): 4
08-22 06:51:15.618 I/liblog ( 2326): 4
08-22 06:51:15.619 I/liblog ( 2326): 18
08-22 06:51:15.619 I/liblog ( 2326): 1
08-22 06:51:15.620 I/liblog ( 2326): 4
08-22 06:51:15.620 I/liblog ( 2326): 2
08-22 06:51:15.620 I/liblog ( 2326): 4
08-22 06:51:15.621 I/liblog ( 2326): 5
08-22 06:51:15.621 I/liblog ( 2326): 5
08-22 06:51:15.622 I/liblog ( 2326): 5
08-22 06:51:15.637 I/liblog ( 2326): 6
08-22 06:51:15.637 I/dvm_lock_sample( 2326): [com.thundercomm.remotecontrolser,0,Thread-338841,44,Throwable.java,665,void java.lang.Throwable.printStackTrace(java.lang.Throwable$PrintStreamOrWriter),,0,null,8]
08-22 06:51:15.643 I/liblog ( 2326): 30
08-22 06:51:15.643 I/dvm_lock_sample( 2326): [com.thundercomm.remotecontrolser,0,Thread-338820,41,Throwable.java,665,void java.lang.Throwable.printStackTrace(java.lang.Throwable$PrintStreamOrWriter),,0,null,8]
08-22 06:51:15.643 I/liblog ( 2326): 1
08-22 06:51:15.644 I/liblog ( 2326): 6
08-22 06:51:15.644 I/liblog ( 2326): 4
08-22 06:51:15.645 I/liblog ( 2326): 5
08-22 06:51:15.645 I/liblog ( 2326): 11
08-22 06:51:15.646 I/liblog ( 2326): 1
08-22 06:51:15.646 I/liblog ( 2326): 5
08-22 06:51:15.646 I/liblog ( 2326): 6
08-22 06:51:15.647 I/liblog ( 2326): 5
08-22 06:51:15.647 I/liblog ( 2326): 1
08-22 06:51:15.647 I/liblog ( 2326): 8
08-22 06:51:15.648 I/liblog ( 2326): 5
08-22 06:51:15.651 I/liblog ( 2326): 58
08-22 06:51:15.659 I/liblog ( 2326): 81
08-22 06:51:15.665 I/liblog ( 2326): 50
08-22 06:51:15.665 I/dvm_lock_sample( 2326): [com.thundercomm.remotecontrolser,0,Thread-338819,22,Throwable.java,665,void java.lang.Throwable.printStackTrace(java.lang.Throwable$PrintStreamOrWriter),,0,null,4]
08-22 06:51:15.666 I/liblog ( 2326): 11
08-22 06:51:15.666 I/liblog ( 2326): 1
08-22 06:51:15.669 I/liblog ( 2326): 31
08-22 06:51:15.674 I/liblog ( 2326): 82
08-22 06:51:15.680 I/liblog ( 2326): 73
08-22 06:51:15.681 I/liblog ( 2326): 5
08-22 06:51:15.685 I/liblog ( 2326): 2
08-22 06:51:15.696 I/liblog ( 2326): 141
08-22 06:51:15.699 I/liblog ( 2326): 65
08-22 06:51:15.709 I/liblog ( 2326): 51
08-22 06:51:15.712 I/liblog ( 2326): 3
08-22 06:51:15.714 I/liblog ( 2326): 1
08-22 06:51:15.715 I/liblog ( 2326): 2
08-22 06:51:15.719 I/liblog ( 2326): 2
08-22 06:51:15.729 I/liblog ( 2326): 181
08-22 06:51:15.737 I/liblog ( 2326): 2
08-22 06:51:15.744 I/liblog ( 2326): 37
08-22 06:51:15.745 I/liblog ( 2326): 2
08-22 06:51:15.745 I/liblog ( 2326): 5
08-22 06:51:15.746 I/liblog ( 2326): 6
08-22 06:51:15.746 I/liblog ( 2326): 1
08-22 06:51:15.750 I/liblog ( 2326): 15
08-22 06:51:15.757 I/liblog ( 2326): 10
08-22 06:51:15.764 I/liblog ( 2326): 41
08-22 06:51:15.766 I/liblog ( 2326): 6
08-22 06:51:15.772 I/liblog ( 2326): 33
08-22 06:51:15.775 I/liblog ( 2326): 5
08-22 06:51:15.780 I/liblog ( 2326): 14
08-22 06:51:15.784 I/liblog ( 2326): 31
08-22 06:51:15.785 I/liblog ( 2326): 3
08-22 06:51:15.785 I/liblog ( 2326): 7
08-22 06:51:15.785 I/liblog ( 2326): 5
08-22 06:51:15.787 I/liblog ( 2326): 2
08-22 06:51:15.791 I/liblog ( 2326): 60
08-22 06:51:15.798 I/liblog ( 2326): 75
08-22 06:51:15.800 I/liblog ( 2326): 32
08-22 06:51:15.801 I/liblog ( 2326): 11
08-22 06:51:15.801 I/liblog ( 2326): 4
08-22 06:51:15.802 I/liblog ( 2326): 6
08-22 06:51:15.809 I/liblog ( 2326): 66
08-22 06:51:15.825 I/liblog ( 2326): 268
08-22 06:51:15.825 I/liblog ( 2326): 2
08-22 06:51:15.826 I/liblog ( 2326): 21
08-22 06:51:15.827 I/liblog ( 2326): 6
08-22 06:51:15.827 I/liblog ( 2326): 5
08-22 06:51:15.827 I/liblog ( 2326): 1
08-22 06:51:15.828 I/liblog ( 2326): 12
08-22 06:51:15.828 I/liblog ( 2326): 5
08-22 06:51:15.829 I/liblog ( 2326): 9
08-22 06:51:15.830 I/liblog ( 2326): 24
08-22 06:51:15.830 I/liblog ( 2326): 10
08-22 06:51:15.831 I/liblog ( 2326): 6
08-22 06:51:15.833 I/liblog ( 2326): 34
08-22 06:51:15.833 I/liblog ( 2326): 13
08-22 06:51:15.835 I/liblog ( 2326): 3
08-22 06:51:15.839 I/liblog ( 2326): 17
08-22 06:51:15.842 I/liblog ( 2326): 43
08-22 06:51:15.847 I/liblog ( 2326): 32
08-22 06:51:15.853 I/liblog ( 2326): 15
08-22 06:51:15.859 I/liblog ( 2326): 78
01-01 00:38:27.320 W/logd ( 0): Skipping entries from slow reader, pid 32067, fd 15, from LogBuffer::Prune()
08-22 06:51:15.867 I/liblog ( 2326): 133
08-22 06:51:15.874 I/liblog ( 2326): 5
08-22 06:51:16.011 I/liblog ( 2326): 48
08-22 06:51:16.011 I/liblog ( 2326): 1
08-22 06:51:16.020 I/liblog ( 2326): 100
08-22 06:51:16.021 I/liblog ( 2326): 3
08-22 06:51:16.030 I/liblog ( 2326): 43
08-22 06:51:16.032 I/liblog ( 2326): 20
08-22 06:51:16.035 I/liblog ( 2326): 2
08-22 06:51:16.036 I/liblog ( 2326): 11
08-22 06:51:16.038 I/liblog ( 2326): 22
08-22 06:51:16.038 I/liblog ( 2326): 3
08-22 06:51:16.039 I/liblog ( 2326): 8
08-22 06:51:16.049 I/liblog ( 2326): 6
08-22 06:51:16.058 I/liblog ( 2326): 27
08-22 06:51:16.065 I/liblog ( 2326): 35
08-22 06:51:16.078 I/liblog ( 2326): 18
01-01 00:38:27.433 D/ ( 0): mv2112_read_status
01-01 00:38:27.436 D/mv2112_update_link( 0): 3.0x901(1G): 0x80
01-01 00:38:27.443 D/mv2112_update_link( 0): 3.0x8109(100M): 0x0
01-01 00:38:27.448 D/mv2112_update_link( 0): link 0x0
01-01 00:38:27.454 D/mv2112_read_status( 0): autoneg is disabled
01-01 00:38:27.510 W/logd ( 0): Skipping entries from slow reader, pid 32067, fd 15, from LogBuffer::Prune()
08-22 06:51:16.220 I/liblog ( 2326): 3
08-22 06:51:16.221 I/liblog ( 2326): 3
08-22 06:51:16.221 I/liblog ( 2326): 3
08-22 06:51:16.221 I/liblog ( 2326): 4
08-22 06:51:16.222 I/liblog ( 2326): 4
08-22 06:51:16.222 I/liblog ( 2326): 3
08-22 06:51:16.224 I/liblog ( 2326): 13
08-22 06:51:16.226 I/liblog ( 2326): 18
08-22 06:51:16.228 I/liblog ( 2326): 1
08-22 06:51:16.229 I/liblog ( 2326): 13
08-22 06:51:16.229 I/liblog ( 2326): 3
08-22 06:51:16.230 I/liblog ( 2326): 12
08-22 06:51:16.230 I/liblog ( 2326): 3
08-22 06:51:16.232 I/liblog ( 2326): 13
08-22 06:51:16.233 I/liblog ( 2326): 5
08-22 06:51:16.237 I/liblog ( 2326): 6
08-22 06:51:16.246 I/liblog ( 2326): 72
08-22 06:51:16.249 I/liblog ( 2326): 4
08-22 06:51:16.250 I/liblog ( 2326): 8
08-22 06:51:16.250 I/liblog ( 2326): 7
08-22 06:51:16.250 I/liblog ( 2326): 2
08-22 06:51:16.251 I/liblog ( 2326): 10
08-22 06:51:16.252 I/liblog ( 2326): 6
08-22 06:51:16.252 I/liblog ( 2326): 3
08-22 06:51:16.253 I/liblog ( 2326): 4
08-22 06:51:16.253 I/liblog ( 2326): 2
08-22 06:51:16.253 I/liblog ( 2326): 5
08-22 06:51:16.254 I/liblog ( 2326): 1
08-22 06:51:16.254 I/liblog ( 2326): 1
08-22 06:51:16.254 I/liblog ( 2326): 8
08-22 06:51:16.255 I/liblog ( 2326): 8
08-22 06:51:16.255 I/liblog ( 2326): 4
08-22 06:51:16.256 I/liblog ( 2326): 10
08-22 06:51:16.269 I/liblog ( 2326): 53
01-01 00:38:27.707 W/logd ( 0): Skipping entries from slow reader, pid 32067, fd 15, from LogBuffer::Prune()
08-22 06:51:16.305 I/liblog ( 2326): 1
08-22 06:51:16.312 I/liblog ( 2326): 8
08-22 06:51:16.314 I/liblog ( 2326): 3
08-22 06:51:16.314 I/liblog ( 2326): 1
08-22 06:51:16.315 I/liblog ( 2326): 3
08-22 06:51:16.315 I/liblog ( 2326): 3
08-22 06:51:16.315 I/liblog ( 2326): 3
08-22 06:51:16.315 I/liblog ( 2326): 1
08-22 06:51:16.317 I/liblog ( 2326): 16
08-22 06:51:16.317 I/liblog ( 2326): 2
08-22 06:51:16.318 I/liblog ( 2326): 3
08-22 06:51:16.318 I/liblog ( 2326): 3
08-22 06:51:16.318 I/liblog ( 2326): 2
08-22 06:51:16.328 I/liblog ( 2326): 4
08-22 06:51:16.356 I/liblog ( 2326): 5
08-22 06:51:16.360 I/liblog ( 2326): 6
08-22 06:51:16.377 I/liblog ( 2326): 3
01-01 00:38:27.833 I/init ( 0): starting service 'qvrd_vndr'...
01-01 00:38:27.839 I/init ( 0): Created socket '/dev/socket/qvrservice_vndr', mode 660, user 1000, group 1000
01-01 00:38:27.850 I/init ( 0): Created socket '/dev/socket/qvrservice_vndr_camera', mode 660, user 1000, group 1000
01-01 00:38:27.871 I/init ( 0): starting service 'sxrd'...
08-22 06:51:16.476 I/liblog ( 2326): 2
08-22 06:51:16.477 I/liblog ( 2326): 4
08-22 06:51:16.477 I/liblog ( 2326): 10
08-22 06:51:16.477 I/liblog ( 2326): 5
08-22 06:51:16.478 I/liblog ( 2326): 12
08-22 06:51:16.479 I/liblog ( 2326): 4
08-22 06:51:16.479 I/liblog ( 2326): 5
08-22 06:51:16.480 I/liblog ( 2326): 5
08-22 06:51:16.480 I/liblog ( 2326): 5
08-22 06:51:16.480 I/liblog ( 2326): 4
08-22 06:51:16.481 I/liblog ( 2326): 7
08-22 06:51:16.481 I/liblog ( 2326): 6
08-22 06:51:16.481 I/liblog ( 2326): 3
08-22 06:51:16.482 I/liblog ( 2326): 4
08-22 06:51:16.482 I/liblog ( 2326): 4
08-22 06:51:16.482 I/liblog ( 2326): 4
08-22 06:51:16.483 I/liblog ( 2326): 3
01-01 00:38:27.885 I/init ( 0): starting service 'vendor.light-hal-2-0'...
08-22 06:51:16.483 I/liblog ( 2326): 7
08-22 06:51:16.483 I/liblog ( 2326): 5
08-22 06:51:16.484 I/liblog ( 2326): 4
08-22 06:51:16.484 I/liblog ( 2326): 3
08-22 06:51:16.485 I/liblog ( 2326): 4
08-22 06:51:16.485 I/liblog ( 2326): 3
08-22 06:51:16.485 I/liblog ( 2326): 2
08-22 06:51:16.486 I/liblog ( 2326): 4
08-22 06:51:16.486 I/liblog ( 2326): 1
08-22 06:51:16.486 I/liblog ( 2326): 7
08-22 06:51:16.487 I/liblog ( 2326): 4
08-22 06:51:16.487 I/liblog ( 2326): 6
08-22 06:51:16.487 I/liblog ( 2326): 8
08-22 06:51:16.488 I/liblog ( 2326): 8
08-22 06:51:16.488 I/liblog ( 2326): 1
08-22 06:51:16.488 I/liblog ( 2326): 6
08-22 06:51:16.489 I/liblog ( 2326): 4
08-22 06:51:16.489 I/liblog ( 2326): 6
08-22 06:51:16.490 I/liblog ( 2326): 12
01-01 00:38:27.899 I/init ( 0): Service 'qvrd_vndr' (pid 7472) exited with status 1
08-22 06:51:16.490 I/liblog ( 2326): 4
08-22 06:51:16.490 I/liblog ( 2326): 5
08-22 06:51:16.491 I/liblog ( 2326): 6
08-22 06:51:16.491 I/liblog ( 2326): 6
08-22 06:51:16.492 I/liblog ( 2326): 8
08-22 06:51:16.494 I/liblog ( 2326): 6
08-22 06:51:16.495 I/liblog ( 2326): 6
08-22 06:51:16.497 I/liblog ( 2326): 4
01-01 00:38:27.906 I/init ( 0): Sending signal 9 to service 'qvrd_vndr' (pid 7472) process group...
08-22 06:51:16.498 I/liblog ( 2326): 1
08-22 06:51:16.499 I/liblog ( 2326): 6
08-22 06:51:16.505 I/liblog ( 2326): 1
01-01 00:38:27.914 I/libprocessgroup( 0): Successfully killed process cgroup uid 1000 pid 7472 in 0ms
01-01 00:38:27.924 I/init ( 0): Service 'sxrd' (pid 7479) exited with status 1
01-01 00:38:27.930 I/init ( 0): Sending signal 9 to service 'sxrd' (pid 7479) process group...
01-01 00:38:27.935 W/logd ( 0): Skipping entries from slow reader, pid 32067, fd 15, from LogBuffer::Prune()
08-22 06:51:16.527 I/liblog ( 2326): 4
08-22 06:51:16.528 I/liblog ( 2326): 4
08-22 06:51:16.529 I/liblog ( 2326): 6
08-22 06:51:16.530 I/liblog ( 2326): 1
08-22 06:51:16.530 I/liblog ( 2326): 3
08-22 06:51:16.531 I/liblog ( 2326): 2
08-22 06:51:16.531 I/liblog ( 2326): 3
08-22 06:51:16.531 I/liblog ( 2326): 3
08-22 06:51:16.532 I/liblog ( 2326): 8
08-22 06:51:16.532 I/liblog ( 2326): 6
08-22 06:51:16.533 I/liblog ( 2326): 23
08-22 06:51:16.534 I/liblog ( 2326): 7
08-22 06:51:16.536 I/liblog ( 2326): 6
08-22 06:51:16.538 I/liblog ( 2326): 3
08-22 06:51:16.538 I/liblog ( 2326): 4
08-22 06:51:16.538 I/liblog ( 2326): 6
08-22 06:51:16.539 I/liblog ( 2326): 5
08-22 06:51:16.541 I/liblog ( 2326): 5
08-22 06:51:16.542 I/liblog ( 2326): 3
08-22 06:51:16.548 I/liblog ( 2326): 6
08-22 06:51:16.552 I/liblog ( 2326): 6
08-22 06:51:16.553 I/liblog ( 2326): 6
08-22 06:51:16.553 I/liblog ( 2326): 10
08-22 06:51:16.554 I/liblog ( 2326): 5
08-22 06:51:16.554 I/liblog ( 2326): 4
08-22 06:51:16.554 I/liblog ( 2326): 6
08-22 06:51:16.555 I/liblog ( 2326): 2
08-22 06:51:16.555 I/liblog ( 2326): 7
08-22 06:51:16.555 I/liblog ( 2326): 6
08-22 06:51:16.556 I/liblog ( 2326): 8
08-22 06:51:16.556 I/liblog ( 2326): 4
08-22 06:51:16.556 I/liblog ( 2326): 8
08-22 06:51:16.557 I/liblog ( 2326): 13
08-22 06:51:16.557 I/liblog ( 2326): 2
08-22 06:51:16.558 I/liblog ( 2326): 6
08-22 06:51:16.558 I/liblog ( 2326): 5
08-22 06:51:16.559 I/liblog ( 2326): 1
08-22 06:51:16.559 I/liblog ( 2326): 2
08-22 06:51:16.559 I/liblog ( 2326): 5
08-22 06:51:16.559 I/liblog ( 2326): 2
08-22 06:51:16.560 I/liblog ( 2326): 5
08-22 06:51:16.563 I/liblog ( 2326): 4
08-22 06:51:16.565 I/liblog ( 2326): 8
08-22 06:51:16.565 I/liblog ( 2326): 5
08-22 06:51:16.565 I/liblog ( 2326): 5
08-22 06:51:16.566 I/liblog ( 2326): 5
08-22 06:51:16.566 I/liblog ( 2326): 2
08-22 06:51:16.566 I/liblog ( 2326): 8
08-22 06:51:16.566 I/liblog ( 2326): 5
08-22 06:51:16.568 F/linker ( 7472): CANNOT LINK EXECUTABLE "/vendor/bin/hw/qvrservice": library "vendor.qti.hardware.qxr-V1-ndk_platform.so" not found: needed by /vendor/lib64/libqvrservice.so in namespace (default)
08-22 06:51:16.569 I/liblog ( 2326): 2
08-22 06:51:16.570 I/liblog ( 2326): 1
08-22 06:51:16.570 I/liblog ( 2326): 5
08-22 06:51:16.571 I/liblog ( 2326): 3
08-22 06:51:16.572 I/liblog ( 2326): 3
08-22 06:51:16.572 I/liblog ( 2326): 6
08-22 06:51:16.577 I/liblog ( 2326): 4
08-22 06:51:16.579 F/linker ( 7479): CANNOT LINK EXECUTABLE "/vendor/bin/hw/sxrservice": library "vendor.qti.hardware.qxr-V1-ndk_platform.so" not found: needed by main executable
08-22 06:51:16.580 I/liblog ( 2326): 10
08-22 06:51:16.581 I/liblog ( 2326): 3
08-22 06:51:16.581 I/liblog ( 2326): 4
08-22 06:51:16.582 I/liblog ( 2326): 4
08-22 06:51:16.584 I/liblog ( 2326): 6
08-22 06:51:16.589 I/liblog ( 2326): 11
08-22 06:51:16.589 I/liblog ( 2326): 4
08-22 06:51:16.590 I/liblog ( 2326): 11
08-22 06:51:16.590 I/liblog ( 2326): 6
08-22 06:51:16.590 I/liblog ( 2326): 2
08-22 06:51:16.590 I/liblog ( 2326): 7
08-22 06:51:16.591 I/liblog ( 2326): 5
08-22 06:51:16.591 I/liblog ( 2326): 3
08-22 06:51:16.593 I/liblog ( 2326): 21
08-22 06:51:16.594 I/liblog ( 2326): 18
08-22 06:51:16.595 I/liblog ( 2326): 9
08-22 06:51:16.595 I/liblog ( 2326): 11
08-22 06:51:16.595 I/liblog ( 2326): 6
08-22 06:51:16.596 I/liblog ( 2326): 6
08-22 06:51:16.596 I/liblog ( 2326): 6
08-22 06:51:16.596 I/liblog ( 2326): 5
08-22 06:51:16.597 I/liblog ( 2326): 6
08-22 06:51:16.597 I/liblog ( 2326): 6
08-22 06:51:16.598 I/liblog ( 2326): 4
08-22 06:51:16.598 I/liblog ( 2326): 1
08-22 06:51:16.598 I/liblog ( 2326): 10
08-22 06:51:16.599 I/liblog ( 2326): 4
08-22 06:51:16.599 I/liblog ( 2326): 1
08-22 06:51:16.600 I/liblog ( 2326): 6
08-22 06:51:16.600 I/liblog ( 2326): 4
08-22 06:51:16.601 I/liblog ( 2326): 4
08-22 06:51:16.601 I/liblog ( 2326): 5
08-22 06:51:16.602 I/liblog ( 2326): 4
08-22 06:51:16.602 I/liblog ( 2326): 3
08-22 06:51:16.603 I/liblog ( 2326): 3
08-22 06:51:16.603 I/liblog ( 2326): 1
08-22 06:51:16.603 I/liblog ( 2326): 6
08-22 06:51:16.614 I/liblog ( 2326): 3
08-22 06:51:16.628 I/liblog ( 2326): 65
08-22 06:51:16.628 I/liblog ( 2326): 6
08-22 06:51:16.629 I/liblog ( 2326): 11
08-22 06:51:16.629 I/liblog ( 2326): 5
08-22 06:51:16.630 I/liblog ( 2326): 6
08-22 06:51:16.632 I/liblog ( 2326): 1
08-22 06:51:16.633 I/liblog ( 2326): 8
08-22 06:51:16.633 I/liblog ( 2326): 7
08-22 06:51:16.634 I/liblog ( 2326): 1
08-22 06:51:16.634 I/liblog ( 2326): 8
08-22 06:51:16.635 I/liblog ( 2326): 6
08-22 06:51:16.635 I/liblog ( 2326): 1
08-22 06:51:16.638 I/liblog ( 2326): 1
08-22 06:51:16.638 I/liblog ( 2326): 2
08-22 06:51:16.639 I/liblog ( 2326): 2
08-22 06:51:16.640 I/liblog ( 2326): 5
08-22 06:51:16.642 I/liblog ( 2326): 5
08-22 06:51:16.642 I/liblog ( 2326): 3
08-22 06:51:16.642 I/liblog ( 2326): 6
08-22 06:51:16.643 I/liblog ( 2326): 8
08-22 06:51:16.643 I/liblog ( 2326): 6
08-22 06:51:16.644 I/liblog ( 2326): 6
08-22 06:51:16.645 I/liblog ( 2326): 5
08-22 06:51:16.646 I/liblog ( 2326): 19
08-22 06:51:16.646 I/liblog ( 2326): 10
08-22 06:51:16.646 I/liblog ( 2326): 7
08-22 06:51:16.647 I/liblog ( 2326): 6
08-22 06:51:16.647 I/liblog ( 2326): 5
08-22 06:51:16.648 I/liblog ( 2326): 6
08-22 06:51:16.648 I/liblog ( 2326): 1
08-22 06:51:16.648 I/liblog ( 2326): 1
08-22 06:51:16.649 I/liblog ( 2326): 10
08-22 06:51:16.649 I/liblog ( 2326): 5
08-22 06:51:16.650 I/liblog ( 2326): 6
08-22 06:51:16.650 I/liblog ( 2326): 4
08-22 06:51:16.650 I/liblog ( 2326): 6
08-22 06:51:16.651 I/liblog ( 2326): 8
08-22 06:51:16.651 I/liblog ( 2326): 9
08-22 06:51:16.651 I/liblog ( 2326): 1
08-22 06:51:16.652 I/liblog ( 2326): 3
08-22 06:51:16.652 I/liblog ( 2326): 4
08-22 06:51:16.653 I/liblog ( 2326): 9
08-22 06:51:16.654 I/liblog ( 2326): 8
08-22 06:51:16.656 I/liblog ( 2326): 20
08-22 06:51:16.656 I/liblog ( 2326): 1
08-22 06:51:16.657 I/liblog ( 2326): 7
08-22 06:51:16.657 I/liblog ( 2326): 7
08-22 06:51:16.657 I/liblog ( 2326): 2
08-22 06:51:16.659 I/liblog ( 2326): 8
08-22 06:51:16.659 I/liblog ( 2326): 6
08-22 06:51:16.659 I/liblog ( 2326): 6
08-22 06:51:16.660 I/liblog ( 2326): 6
08-22 06:51:16.660 I/liblog ( 2326): 6
08-22 06:51:16.661 I/liblog ( 2326): 8
08-22 06:51:16.661 I/liblog ( 2326): 4
08-22 06:51:16.661 I/liblog ( 2326): 4
08-22 06:51:16.662 I/liblog ( 2326): 2
08-22 06:51:16.662 I/liblog ( 2326): 9
08-22 06:51:16.662 I/liblog ( 2326): 6
08-22 06:51:16.663 I/liblog ( 2326): 2
08-22 06:51:16.663 I/liblog ( 2326): 8
08-22 06:51:16.664 I/liblog ( 2326): 7
08-22 06:51:16.664 I/liblog ( 2326): 4
08-22 06:51:16.664 I/liblog ( 2326): 8
08-22 06:51:16.664 I/liblog ( 2326): 5
08-22 06:51:16.666 I/liblog ( 2326): 15
08-22 06:51:16.667 I/liblog ( 2326): 2
08-22 06:51:16.667 I/liblog ( 2326): 6
08-22 06:51:16.668 I/liblog ( 2326): 6
08-22 06:51:16.668 I/liblog ( 2326): 6
08-22 06:51:16.668 I/liblog ( 2326): 4
08-22 06:51:16.671 I/liblog ( 2326): 1
08-22 06:51:16.672 I/liblog ( 2326): 11
08-22 06:51:16.673 I/liblog ( 2326): 6
08-22 06:51:16.673 I/liblog ( 2326): 10
08-22 06:51:16.674 I/liblog ( 2326): 7
08-22 06:51:16.674 I/liblog ( 2326): 5
08-22 06:51:16.674 I/liblog ( 2326): 7
08-22 06:51:16.675 I/liblog ( 2326): 4
08-22 06:51:16.677 I/liblog ( 2326): 7
08-22 06:51:16.683 I/liblog ( 2326): 3
08-22 06:51:16.684 I/liblog ( 2326): 4
08-22 06:51:16.684 I/liblog ( 2326): 6
08-22 06:51:16.685 I/liblog ( 2326): 7
08-22 06:51:16.685 I/liblog ( 2326): 8
08-22 06:51:16.685 I/liblog ( 2326): 5
08-22 06:51:16.686 I/liblog ( 2326): 4
08-22 06:51:16.686 I/liblog ( 2326): 5
08-22 06:51:16.686 I/liblog ( 2326): 5
08-22 06:51:16.687 I/liblog ( 2326): 6
08-22 06:51:16.687 I/liblog ( 2326): 3
08-22 06:51:16.687 I/liblog ( 2326): 8
08-22 06:51:16.688 I/liblog ( 2326): 6
08-22 06:51:16.688 I/liblog ( 2326): 4
08-22 06:51:16.688 I/liblog ( 2326): 7
08-22 06:51:16.689 I/liblog ( 2326): 6
08-22 06:51:16.689 I/liblog ( 2326): 9
08-22 06:51:16.690 I/liblog ( 2326): 6
08-22 06:51:16.691 I/liblog ( 2326): 16
08-22 06:51:16.691 I/liblog ( 2326): 5
08-22 06:51:16.693 I/liblog ( 2326): 11
08-22 06:51:16.694 I/liblog ( 2326): 4
08-22 06:51:16.694 I/liblog ( 2326): 4
08-22 06:51:16.697 I/liblog ( 2326): 4
08-22 06:51:16.697 I/liblog ( 2326): 3
08-22 06:51:16.699 I/liblog ( 2326): 6
08-22 06:51:16.700 I/liblog ( 2326): 5
08-22 06:51:16.701 I/liblog ( 2326): 4
08-22 06:51:16.702 I/liblog ( 2326): 5
08-22 06:51:16.702 I/liblog ( 2326): 6
08-22 06:51:16.703 I/liblog ( 2326): 4
08-22 06:51:16.704 I/liblog ( 2326): 6
08-22 06:51:16.704 I/liblog ( 2326): 6
08-22 06:51:16.705 I/liblog ( 2326): 11
08-22 06:51:16.705 I/liblog ( 2326): 6
08-22 06:51:16.706 I/liblog ( 2326): 5
08-22 06:51:16.706 I/liblog ( 2326): 5
08-22 06:51:16.707 I/liblog ( 2326): 4
08-22 06:51:16.707 I/liblog ( 2326): 3
08-22 06:51:16.708 I/liblog ( 2326): 5
08-22 06:51:16.710 I/liblog ( 2326): 1
08-22 06:51:16.711 I/liblog ( 2326): 2
08-22 06:51:16.711 I/liblog ( 2326): 9
08-22 06:51:16.711 I/liblog ( 2326): 6
08-22 06:51:16.712 I/liblog ( 2326): 1
08-22 06:51:16.712 I/liblog ( 2326): 1
08-22 06:51:16.712 I/liblog ( 2326): 4
08-22 06:51:16.713 I/liblog ( 2326): 5
08-22 06:51:16.713 I/liblog ( 2326): 2
08-22 06:51:16.714 I/liblog ( 2326): 4
08-22 06:51:16.714 I/liblog ( 2326): 3
08-22 06:51:16.715 I/liblog ( 2326): 13
08-22 06:51:16.715 I/liblog ( 2326): 2
08-22 06:51:16.721 I/liblog ( 2326): 65
08-22 06:51:16.721 I/liblog ( 2326): 5
08-22 06:51:16.729 I/liblog ( 2326): 11
08-22 06:51:16.734 I/liblog ( 2326): 4
08-22 06:51:16.735 I/liblog ( 2326): 2
08-22 06:51:16.735 I/liblog ( 2326): 3
08-22 06:51:16.736 I/liblog ( 2326): 5
08-22 06:51:16.737 I/liblog ( 2326): 3
08-22 06:51:16.738 I/liblog ( 2326): 3
08-22 06:51:16.739 I/liblog ( 2326): 9
08-22 06:51:16.739 I/liblog ( 2326): 8
08-22 06:51:16.740 I/liblog ( 2326): 6
08-22 06:51:16.740 I/liblog ( 2326): 2
08-22 06:51:16.741 I/liblog ( 2326): 3
08-22 06:51:16.741 I/liblog ( 2326): 3
08-22 06:51:16.741 I/liblog ( 2326): 3
08-22 06:51:16.742 I/liblog ( 2326): 3
08-22 06:51:16.742 I/liblog ( 2326): 3
08-22 06:51:16.742 I/liblog ( 2326): 8
08-22 06:51:16.743 I/liblog ( 2326): 6
08-22 06:51:16.743 I/liblog ( 2326): 1
08-22 06:51:16.744 I/liblog ( 2326): 6
08-22 06:51:16.744 I/liblog ( 2326): 3
08-22 06:51:16.745 I/liblog ( 2326): 5
08-22 06:51:16.745 I/liblog ( 2326): 3
08-22 06:51:16.746 I/liblog ( 2326): 13
08-22 06:51:16.746 I/liblog ( 2326): 1
08-22 06:51:16.746 I/liblog ( 2326): 3
08-22 06:51:16.747 I/liblog ( 2326): 6
08-22 06:51:16.747 I/liblog ( 2326): 3
08-22 06:51:16.748 I/liblog ( 2326): 3
08-22 06:51:16.748 I/liblog ( 2326): 5
08-22 06:51:16.749 I/liblog ( 2326): 10
08-22 06:51:16.750 I/liblog ( 2326): 3
08-22 06:51:16.750 I/liblog ( 2326): 5
08-22 06:51:16.750 I/liblog ( 2326): 6
08-22 06:51:16.751 I/liblog ( 2326): 1
08-22 06:51:16.751 I/liblog ( 2326): 3
08-22 06:51:16.751 I/liblog ( 2326): 7
08-22 06:51:16.752 I/liblog ( 2326): 6
08-22 06:51:16.752 I/liblog ( 2326): 2
08-22 06:51:16.752 I/liblog ( 2326): 9
08-22 06:51:16.753 I/liblog ( 2326): 1
08-22 06:51:16.754 I/liblog ( 2326): 10
08-22 06:51:16.754 I/liblog ( 2326): 4
08-22 06:51:16.754 I/liblog ( 2326): 6
08-22 06:51:16.755 I/liblog ( 2326): 8
08-22 06:51:16.755 I/liblog ( 2326): 2
08-22 06:51:16.756 I/liblog ( 2326): 2
08-22 06:51:16.756 I/liblog ( 2326): 4
08-22 06:51:16.757 I/liblog ( 2326): 7
08-22 06:51:16.757 I/liblog ( 2326): 2
08-22 06:51:16.758 I/liblog ( 2326): 6
08-22 06:51:16.758 I/liblog ( 2326): 1
08-22 06:51:16.758 I/liblog ( 2326): 6
08-22 06:51:16.759 I/liblog ( 2326): 7
08-22 06:51:16.759 I/liblog ( 2326): 3
08-22 06:51:16.759 I/liblog ( 2326): 4
08-22 06:51:16.759 I/liblog ( 2326): 5
08-22 06:51:16.760 I/liblog ( 2326): 5
08-22 06:51:16.762 I/liblog ( 2326): 4
08-22 06:51:16.763 I/liblog ( 2326): 3
08-22 06:51:16.764 I/liblog ( 2326): 6
08-22 06:51:16.764 I/liblog ( 2326): 4
08-22 06:51:16.764 I/liblog ( 2326): 7
08-22 06:51:16.765 I/liblog ( 2326): 6
08-22 06:51:16.766 I/liblog ( 2326): 2
08-22 06:51:16.766 I/liblog ( 2326): 8
08-22 06:51:16.767 I/liblog ( 2326): 4
01-01 00:38:28.177 I/IRQ 5 ( 0): no longer affine to CPU4
08-22 06:51:16.767 I/liblog ( 2326): 2
08-22 06:51:16.768 I/liblog ( 2326): 5
08-22 06:51:16.768 I/liblog ( 2326): 4
08-22 06:51:16.768 I/liblog ( 2326): 5
08-22 06:51:16.769 I/liblog ( 2326): 1
08-22 06:51:16.769 I/liblog ( 2326): 8
08-22 06:51:16.769 I/liblog ( 2326): 8
08-22 06:51:16.770 I/liblog ( 2326): 2
08-22 06:51:16.770 I/liblog ( 2326): 9
08-22 06:51:16.770 I/liblog ( 2326): 6
08-22 06:51:16.771 I/liblog ( 2326): 7
08-22 06:51:16.778 I/liblog ( 2326): 103
08-22 06:51:16.779 I/liblog ( 2326): 5
08-22 06:51:16.784 I/liblog ( 2326): 2
08-22 06:51:16.813 I/liblog ( 2326): 3
08-22 06:51:16.813 I/liblog ( 2326): 6
08-22 06:51:16.822 I/liblog ( 2326): 1
01-01 00:38:28.257 W/logd ( 0): Skipping entries from slow reader, pid 32067, fd 15, from LogBuffer::Prune()
08-22 06:51:16.855 I/liblog ( 2326): 3
08-22 06:51:16.862 I/liblog ( 2326): 6
08-22 06:51:16.872 I/liblog ( 2326): 48
08-22 06:51:16.874 I/liblog ( 2326): 1
08-22 06:51:16.874 I/liblog ( 2326): 8
08-22 06:51:16.874 I/liblog ( 2326): 6
08-22 06:51:16.875 I/liblog ( 2326): 3
08-22 06:51:16.875 I/liblog ( 2326): 5
08-22 06:51:16.875 I/liblog ( 2326): 5
08-22 06:51:16.876 I/liblog ( 2326): 4
08-22 06:51:16.876 I/liblog ( 2326): 5
08-22 06:51:16.877 I/liblog ( 2326): 6
08-22 06:51:16.878 I/liblog ( 2326): 5
08-22 06:51:16.878 I/liblog ( 2326): 4
08-22 06:51:16.879 I/liblog ( 2326): 7
08-22 06:51:16.879 I/liblog ( 2326): 3
08-22 06:51:16.880 I/liblog ( 2326): 1
08-22 06:51:16.881 I/liblog ( 2326): 7
08-22 06:51:16.881 I/liblog ( 2326): 4
08-22 06:51:16.881 I/liblog ( 2326): 3
08-22 06:51:16.882 I/liblog ( 2326): 4
08-22 06:51:16.882 I/liblog ( 2326): 2
08-22 06:51:16.883 I/liblog ( 2326): 2
08-22 06:51:16.883 I/liblog ( 2326): 2
08-22 06:51:16.883 I/liblog ( 2326): 2
08-22 06:51:16.884 I/liblog ( 2326): 2
08-22 06:51:16.884 I/liblog ( 2326): 11
08-22 06:51:16.885 I/liblog ( 2326): 6
08-22 06:51:16.886 I/liblog ( 2326): 3
08-22 06:51:16.886 I/liblog ( 2326): 5
08-22 06:51:16.896 I/liblog ( 2326): 6
08-22 06:51:16.915 I/liblog ( 2326): 1
08-22 06:51:16.916 I/liblog ( 2326): 3
