08-22 06:50:20.287 I/dvm_lock_sample( 2326): [com.thundercomm.remotecontrolser,0,Thread-319389,423,Throwable.java,665,void java.lang.Throwable.printStackTrace(java.lang.Throwable$PrintStreamOrWriter),,0,null,84]
08-22 06:50:20.293 I/dvm_lock_sample( 2326): [com.thundercomm.remotecontrolser,0,Thread-319392,429,Throwable.java,665,void java.lang.Throwable.printStackTrace(java.lang.Throwable$PrintStreamOrWriter),,0,null,85]
08-22 06:50:20.304 I/liblog ( 2326): 37
08-22 06:50:20.304 I/dvm_lock_sample( 2326): [com.thundercomm.remotecontrolser,0,Thread-319350,436,Throwable.java,665,void java.lang.Throwable.printStackTrace(java.lang.Throwable$PrintStreamOrWriter),,0,null,87]
08-22 06:50:20.305 I/liblog ( 2326): 27
08-22 06:50:20.310 I/liblog ( 2326): 65
08-22 06:50:20.311 I/liblog ( 2326): 10
08-22 06:50:20.312 I/dvm_lock_sample( 2326): [com.thundercomm.remotecontrolser,0,Thread-319263,872,Throwable.java,665,void java.lang.Throwable.printStackTrace(java.lang.Throwable$PrintStreamOrWriter),,0,null,100]
08-22 06:50:20.313 I/liblog ( 2326): 10
08-22 06:50:20.313 I/dvm_lock_sample( 2326): [com.thundercomm.remotecontrolser,0,Thread-319401,434,Throwable.java,665,void java.lang.Throwable.printStackTrace(java.lang.Throwable$PrintStreamOrWriter),,0,null,86]
08-22 06:50:20.314 I/liblog ( 2326): 2
08-22 06:50:20.314 I/liblog ( 2326): 7
08-22 06:50:20.315 I/liblog ( 2326): 10
08-22 06:50:20.320 I/liblog ( 2326): 11
08-22 06:50:20.320 I/dvm_lock_sample( 2326): [com.thundercomm.remotecontrolser,0,Thread-319399,429,Throwable.java,665,void java.lang.Throwable.printStackTrace(java.lang.Throwable$PrintStreamOrWriter),,0,null,85]
08-22 06:50:20.323 I/liblog ( 2326): 15
08-22 06:50:20.323 I/dvm_lock_sample( 2326): [com.thundercomm.remotecontrolser,0,Thread-319412,436,Throwable.java,665,void java.lang.Throwable.printStackTrace(java.lang.Throwable$PrintStreamOrWriter),,0,null,87]
08-22 06:50:20.330 I/liblog ( 2326): 1
08-22 06:50:20.330 I/dvm_lock_sample( 2326): [com.thundercomm.remotecontrolser,0,Thread-319242,881,Throwable.java,665,void java.lang.Throwable.printStackTrace(java.lang.Throwable$PrintStreamOrWriter),,0,null,100]
08-22 06:50:20.333 I/dvm_lock_sample( 2326): [com.thundercomm.remotecontrolser,0,Thread-319406,444,Throwable.java,665,void java.lang.Throwable.printStackTrace(java.lang.Throwable$PrintStreamOrWriter),,0,null,88]
08-22 06:50:20.337 I/liblog ( 2326): 30
08-22 06:50:20.339 I/liblog ( 2326): 32
08-22 06:50:20.349 I/liblog ( 2326): 6
08-22 06:50:20.349 I/dvm_lock_sample( 2326): [com.thundercomm.remotecontrolser,0,Thread-319307,418,Throwable.java,665,void java.lang.Throwable.printStackTrace(java.lang.Throwable$PrintStreamOrWriter),,0,null,83]
08-22 06:50:20.359 I/liblog ( 2326): 42
08-22 06:50:20.362 I/liblog ( 2326): 6
08-22 06:50:20.362 I/dvm_lock_sample( 2326): [com.thundercomm.remotecontrolser,0,Thread-319240,828,Throwable.java,665,void java.lang.Throwable.printStackTrace(java.lang.Throwable$PrintStreamOrWriter),,0,null,100]
08-22 06:50:20.363 I/liblog ( 2326): 16
08-22 06:50:20.365 I/liblog ( 2326): 34
08-22 06:50:20.370 I/liblog ( 2326): 30
08-22 06:50:20.370 I/dvm_lock_sample( 2326): [com.thundercomm.remotecontrolser,0,Thread-319428,411,Throwable.java,665,void java.lang.Throwable.printStackTrace(java.lang.Throwable$PrintStreamOrWriter),,0,null,82]
08-22 06:50:20.371 I/liblog ( 2326): 7
08-22 06:50:20.372 I/liblog ( 2326): 7
08-22 06:50:20.372 I/dvm_lock_sample( 2326): [com.thundercomm.remotecontrolser,0,Thread-319322,803,Throwable.java,665,void java.lang.Throwable.printStackTrace(java.lang.Throwable$PrintStreamOrWriter),,0,null,100]
08-22 06:50:20.372 I/liblog ( 2326): 1
08-22 06:50:20.373 I/liblog ( 2326): 9
08-22 06:50:20.377 I/liblog ( 2326): 6
08-22 06:50:20.377 I/dvm_lock_sample( 2326): [com.thundercomm.remotecontrolser,0,Thread-319271,803,Throwable.java,665,void java.lang.Throwable.printStackTrace(java.lang.Throwable$PrintStreamOrWriter),,0,null,100]
08-22 06:50:20.380 I/liblog ( 2326): 2
08-22 06:50:20.380 I/dvm_lock_sample( 2326): [com.thundercomm.remotecontrolser,0,Thread-319425,412,Throwable.java,665,void java.lang.Throwable.printStackTrace(java.lang.Throwable$PrintStreamOrWriter),,0,null,82]
08-22 06:50:20.381 I/liblog ( 2326): 9
08-22 06:50:20.382 I/liblog ( 2326): 4
08-22 06:50:20.383 I/liblog ( 2326): 9
08-22 06:50:20.385 I/dvm_lock_sample( 2326): [com.thundercomm.remotecontrolser,0,Thread-319431,414,Throwable.java,665,void java.lang.Throwable.printStackTrace(java.lang.Throwable$PrintStreamOrWriter),,0,null,82]
08-22 06:50:20.386 I/liblog ( 2326): 8
08-22 06:50:20.389 I/liblog ( 2326): 37
08-22 06:50:20.391 I/liblog ( 2326): 8
08-22 06:50:20.394 I/liblog ( 2326): 7
08-22 06:50:20.394 I/dvm_lock_sample( 2326): [com.thundercomm.remotecontrolser,0,Thread-319276,816,Throwable.java,665,void java.lang.Throwable.printStackTrace(java.lang.Throwable$PrintStreamOrWriter),,0,null,100]
08-22 06:50:20.401 I/liblog ( 2326): 32
08-22 06:50:20.401 I/dvm_lock_sample( 2326): [com.thundercomm.remotecontrolser,0,Thread-319438,407,Throwable.java,665,void java.lang.Throwable.printStackTrace(java.lang.Throwable$PrintStreamOrWriter),,0,null,81]
08-22 06:50:20.406 I/liblog ( 2326): 27
08-22 06:50:20.407 I/liblog ( 2326): 1
08-22 06:50:20.413 I/dvm_lock_sample( 2326): [com.thundercomm.remotecontrolser,0,Thread-319441,413,Throwable.java,665,void java.lang.Throwable.printStackTrace(java.lang.Throwable$PrintStreamOrWriter),,0,null,82]
08-22 06:50:20.424 I/liblog ( 2326): 2
08-22 06:50:20.424 I/liblog ( 2326): 2
08-22 06:50:20.433 I/liblog ( 2326): 101
08-22 06:50:20.435 I/liblog ( 2326): 26
08-22 06:50:20.436 I/liblog ( 2326): 1
08-22 06:50:20.436 I/liblog ( 2326): 8
08-22 06:50:20.436 I/liblog ( 2326): 4
08-22 06:50:20.437 I/liblog ( 2326): 4
08-22 06:50:20.437 I/liblog ( 2326): 5
08-22 06:50:20.437 I/liblog ( 2326): 6
08-22 06:50:20.438 I/liblog ( 2326): 11
08-22 06:50:20.438 I/liblog ( 2326): 5
08-22 06:50:20.439 I/liblog ( 2326): 6
08-22 06:50:20.439 I/liblog ( 2326): 4
08-22 06:50:20.440 I/liblog ( 2326): 7
08-22 06:50:20.444 I/liblog ( 2326): 38
08-22 06:50:20.444 I/dvm_lock_sample( 2326): [com.thundercomm.remotecontrolser,0,Thread-319466,362,Throwable.java,665,void java.lang.Throwable.printStackTrace(java.lang.Throwable$PrintStreamOrWriter),,0,null,72]
08-22 06:50:20.447 I/liblog ( 2326): 30
08-22 06:50:20.450 I/liblog ( 2326): 18
08-22 06:50:20.451 I/liblog ( 2326): 1
08-22 06:50:20.454 I/liblog ( 2326): 14
08-22 06:50:20.455 I/liblog ( 2326): 9
08-22 06:50:20.455 I/liblog ( 2326): 2
08-22 06:50:20.456 I/liblog ( 2326): 4
08-22 06:50:20.456 I/liblog ( 2326): 1
08-22 06:50:20.456 I/liblog ( 2326): 5
08-22 06:50:20.456 I/liblog ( 2326): 5
08-22 06:50:20.457 I/liblog ( 2326): 6
08-22 06:50:20.457 I/liblog ( 2326): 5
08-22 06:50:20.458 I/liblog ( 2326): 6
08-22 06:50:20.463 I/liblog ( 2326): 40
08-22 06:50:20.463 I/dvm_lock_sample( 2326): [com.thundercomm.remotecontrolser,0,Thread-319379,758,Throwable.java,665,void java.lang.Throwable.printStackTrace(java.lang.Throwable$PrintStreamOrWriter),,0,null,100]
08-22 06:50:20.463 I/liblog ( 2326): 5
08-22 06:50:20.468 I/liblog ( 2326): 40
08-22 06:50:20.474 I/liblog ( 2326): 50
08-22 06:50:20.481 I/liblog ( 2326): 101
08-22 06:50:20.483 I/liblog ( 2326): 47
08-22 06:50:20.486 I/liblog ( 2326): 16
08-22 06:50:20.500 I/liblog ( 2326): 47
08-22 06:50:20.500 I/dvm_lock_sample( 2326): [com.thundercomm.remotecontrolser,0,Thread-319393,693,Throwable.java,665,void java.lang.Throwable.printStackTrace(java.lang.Throwable$PrintStreamOrWriter),,0,null,100]
08-22 06:50:20.504 I/liblog ( 2326): 17
08-22 06:50:20.504 I/liblog ( 2326): 2
08-22 06:50:20.509 I/dvm_lock_sample( 2326): [com.thundercomm.remotecontrolser,0,Thread-319494,317,Throwable.java,665,void java.lang.Throwable.printStackTrace(java.lang.Throwable$PrintStreamOrWriter),,0,null,63]
08-22 06:50:20.510 I/liblog ( 2326): 10
08-22 06:50:20.510 I/liblog ( 2326): 6
08-22 06:50:20.510 I/liblog ( 2326): 6
08-22 06:50:20.511 I/liblog ( 2326): 4
08-22 06:50:20.511 I/liblog ( 2326): 4
08-22 06:50:20.511 I/liblog ( 2326): 7
08-22 06:50:20.512 I/liblog ( 2326): 6
08-22 06:50:20.512 I/liblog ( 2326): 7
08-22 06:50:20.513 I/liblog ( 2326): 7
08-22 06:50:20.517 I/liblog ( 2326): 18
08-22 06:50:20.517 I/dvm_lock_sample( 2326): [com.thundercomm.remotecontrolser,0,Thread-319323,704,Throwable.java,665,void java.lang.Throwable.printStackTrace(java.lang.Throwable$PrintStreamOrWriter),,0,null,100]
08-22 06:50:20.523 I/liblog ( 2326): 11
08-22 06:50:20.524 I/liblog ( 2326): 6
08-22 06:50:20.524 I/liblog ( 2326): 5
08-22 06:50:20.524 I/liblog ( 2326): 6
08-22 06:50:20.525 I/liblog ( 2326): 8
08-22 06:50:20.526 I/liblog ( 2326): 16
08-22 06:50:20.534 I/liblog ( 2326): 4
08-22 06:50:20.534 I/dvm_lock_sample( 2326): [com.thundercomm.remotecontrolser,0,Thread-319503,306,Throwable.java,665,void java.lang.Throwable.printStackTrace(java.lang.Throwable$PrintStreamOrWriter),,0,null,61]
08-22 06:50:20.538 I/liblog ( 2326): 28
08-22 06:50:20.538 I/dvm_lock_sample( 2326): [com.thundercomm.remotecontrolser,0,Thread-319383,705,Throwable.java,665,void java.lang.Throwable.printStackTrace(java.lang.Throwable$PrintStreamOrWriter),,0,null,100]
08-22 06:50:20.540 I/liblog ( 2326): 2
08-22 06:50:20.542 I/liblog ( 2326): 13
08-22 06:50:20.542 I/dvm_lock_sample( 2326): [com.thundercomm.remotecontrolser,0,Thread-319505,309,Throwable.java,665,void java.lang.Throwable.printStackTrace(java.lang.Throwable$PrintStreamOrWriter),,0,null,61]
08-22 06:50:20.543 I/liblog ( 2326): 6
08-22 06:50:20.544 I/liblog ( 2326): 6
08-22 06:50:20.547 I/liblog ( 2326): 15
08-22 06:50:20.547 I/dvm_lock_sample( 2326): [com.thundercomm.remotecontrolser,0,Thread-319507,305,Throwable.java,665,void java.lang.Throwable.printStackTrace(java.lang.Throwable$PrintStreamOrWriter),,0,null,61]
08-22 06:50:20.548 I/liblog ( 2326): 4
08-22 06:50:20.550 I/liblog ( 2326): 6
08-22 06:50:20.550 I/dvm_lock_sample( 2326): [com.thundercomm.remotecontrolser,0,Thread-319402,694,Throwable.java,665,void java.lang.Throwable.printStackTrace(java.lang.Throwable$PrintStreamOrWriter),,0,null,100]
08-22 06:50:20.551 I/liblog ( 2326): 8
08-22 06:50:20.552 I/liblog ( 2326): 6
08-22 06:50:20.562 I/liblog ( 2326): 179
08-22 06:50:20.564 I/liblog ( 2326): 28
08-22 06:50:20.565 I/liblog ( 2326): 1
08-22 06:50:20.565 I/liblog ( 2326): 6
08-22 06:50:20.569 I/liblog ( 2326): 66
08-22 06:50:20.569 I/dvm_lock_sample( 2326): [com.thundercomm.remotecontrolser,0,Thread-319398,699,Throwable.java,665,void java.lang.Throwable.printStackTrace(java.lang.Throwable$PrintStreamOrWriter),,0,null,100]
08-22 06:50:20.569 I/liblog ( 2326): 5
08-22 06:50:20.569 I/liblog ( 2326): 6
08-22 06:50:20.572 I/liblog ( 2326): 6
08-22 06:50:20.573 I/liblog ( 2326): 6
08-22 06:50:20.575 I/liblog ( 2326): 16
08-22 06:50:20.577 I/liblog ( 2326): 2
08-22 06:50:20.577 I/liblog ( 2326): 6
08-22 06:50:20.583 I/liblog ( 2326): 10
08-22 06:50:20.583 I/dvm_lock_sample( 2326): [com.thundercomm.remotecontrolser,0,Thread-319423,669,Throwable.java,665,void java.lang.Throwable.printStackTrace(java.lang.Throwable$PrintStreamOrWriter),,0,null,100]
08-22 06:50:20.584 I/liblog ( 2326): 16
08-22 06:50:20.618 I/liblog ( 2326): 82
08-22 06:50:20.730 I/dvm_lock_sample( 2326): [com.thundercomm.remotecontrolser,0,Thread-319536,366,Throwable.java,665,void java.lang.Throwable.printStackTrace(java.lang.Throwable$PrintStreamOrWriter),,0,null,73]
08-22 06:50:20.732 I/dvm_lock_sample( 2326): [com.thundercomm.remotecontrolser,0,Thread-319420,769,Throwable.java,665,void java.lang.Throwable.printStackTrace(java.lang.Throwable$PrintStreamOrWriter),,0,null,100]
08-22 06:50:20.738 I/dvm_lock_sample( 2326): [com.thundercomm.remotecontrolser,0,Thread-319430,767,Throwable.java,665,void java.lang.Throwable.printStackTrace(java.lang.Throwable$PrintStreamOrWriter),,0,null,100]
08-22 06:50:20.742 I/dvm_lock_sample( 2326): [com.thundercomm.remotecontrolser,0,Thread-319440,754,Throwable.java,665,void java.lang.Throwable.printStackTrace(java.lang.Throwable$PrintStreamOrWriter),,0,null,100]
08-22 06:50:20.752 I/dvm_lock_sample( 2326): [com.thundercomm.remotecontrolser,0,Thread-319551,337,Throwable.java,665,void java.lang.Throwable.printStackTrace(java.lang.Throwable$PrintStreamOrWriter),,0,null,67]
08-22 06:50:20.777 I/dvm_lock_sample( 2326): [com.thundercomm.remotecontrolser,0,Thread-319564,341,Throwable.java,665,void java.lang.Throwable.printStackTrace(java.lang.Throwable$PrintStreamOrWriter),,0,null,68]
08-22 06:50:20.809 I/dvm_lock_sample( 2326): [com.thundercomm.remotecontrolser,0,Thread-319569,346,Throwable.java,665,void java.lang.Throwable.printStackTrace(java.lang.Throwable$PrintStreamOrWriter),,0,null,69]
08-22 06:50:20.829 I/dvm_lock_sample( 2326): [com.thundercomm.remotecontrolser,0,Thread-319595,359,Throwable.java,665,void java.lang.Throwable.printStackTrace(java.lang.Throwable$PrintStreamOrWriter),,0,null,71]
08-22 06:50:20.843 I/dvm_lock_sample( 2326): [com.thundercomm.remotecontrolser,0,Thread-319575,362,Throwable.java,665,void java.lang.Throwable.printStackTrace(java.lang.Throwable$PrintStreamOrWriter),,0,null,72]
08-22 06:50:20.851 I/dvm_lock_sample( 2326): [com.thundercomm.remotecontrolser,0,Thread-319579,369,Throwable.java,665,void java.lang.Throwable.printStackTrace(java.lang.Throwable$PrintStreamOrWriter),,0,null,73]
08-22 06:50:20.855 I/dvm_lock_sample( 2326): [com.thundercomm.remotecontrolser,0,Thread-319578,371,Throwable.java,665,void java.lang.Throwable.printStackTrace(java.lang.Throwable$PrintStreamOrWriter),,0,null,74]
08-22 06:50:20.860 I/dvm_lock_sample( 2326): [com.thundercomm.remotecontrolser,0,Thread-319558,372,Throwable.java,665,void java.lang.Throwable.printStackTrace(java.lang.Throwable$PrintStreamOrWriter),,0,null,74]
08-22 06:50:20.866 I/dvm_lock_sample( 2326): [com.thundercomm.remotecontrolser,0,Thread-319395,1073,Throwable.java,665,void java.lang.Throwable.printStackTrace(java.lang.Throwable$PrintStreamOrWriter),,0,null,100]
08-22 06:50:20.870 I/dvm_lock_sample( 2326): [com.thundercomm.remotecontrolser,0,Thread-319588,379,Throwable.java,665,void java.lang.Throwable.printStackTrace(java.lang.Throwable$PrintStreamOrWriter),,0,null,75]
08-22 06:50:20.876 I/dvm_lock_sample( 2326): [com.thundercomm.remotecontrolser,0,Thread-319563,383,Throwable.java,665,void java.lang.Throwable.printStackTrace(java.lang.Throwable$PrintStreamOrWriter),,0,null,76]
08-22 06:50:20.880 I/dvm_lock_sample( 2326): [com.thundercomm.remotecontrolser,0,Thread-319556,387,Throwable.java,665,void java.lang.Throwable.printStackTrace(java.lang.Throwable$PrintStreamOrWriter),,0,null,77]
08-22 06:50:20.883 I/dvm_lock_sample( 2326): [com.thundercomm.remotecontrolser,0,Thread-319576,390,Throwable.java,665,void java.lang.Throwable.printStackTrace(java.lang.Throwable$PrintStreamOrWriter),,0,null,78]
08-22 06:50:20.902 I/dvm_lock_sample( 2326): [com.thundercomm.remotecontrolser,0,Thread-319600,400,Throwable.java,665,void java.lang.Throwable.printStackTrace(java.lang.Throwable$PrintStreamOrWriter),,0,null,80]
08-22 06:50:20.904 I/dvm_lock_sample( 2326): [com.thundercomm.remotecontrolser,0,Thread-319572,411,Throwable.java,665,void java.lang.Throwable.printStackTrace(java.lang.Throwable$PrintStreamOrWriter),,0,null,82]
08-22 06:50:20.906 I/dvm_lock_sample( 2326): [com.thundercomm.remotecontrolser,0,Thread-319597,413,Throwable.java,665,void java.lang.Throwable.printStackTrace(java.lang.Throwable$PrintStreamOrWriter),,0,null,82]
08-22 06:50:20.939 I/dvm_lock_sample( 2326): [com.thundercomm.remotecontrolser,0,Thread-319585,440,Throwable.java,665,void java.lang.Throwable.printStackTrace(java.lang.Throwable$PrintStreamOrWriter),,0,null,88]
08-22 06:50:20.942 I/dvm_lock_sample( 2326): [com.thundercomm.remotecontrolser,0,Thread-319587,446,Throwable.java,665,void java.lang.Throwable.printStackTrace(java.lang.Throwable$PrintStreamOrWriter),,0,null,89]
08-22 06:50:20.955 I/liblog ( 2326): 1
08-22 06:50:20.956 I/liblog ( 2326): 5
08-22 06:50:20.958 I/liblog ( 2326): 1
08-22 06:50:20.958 I/dvm_lock_sample( 2326): [com.thundercomm.remotecontrolser,0,Thread-319596,422,Throwable.java,665,void java.lang.Throwable.printStackTrace(java.lang.Throwable$PrintStreamOrWriter),,0,null,84]
08-22 06:50:20.960 I/liblog ( 2326): 6
08-22 06:50:20.960 I/liblog ( 2326): 3
08-22 06:50:20.960 I/liblog ( 2326): 7
08-22 06:50:20.961 I/liblog ( 2326): 7
08-22 06:50:20.967 I/liblog ( 2326): 1
08-22 06:50:20.967 I/dvm_lock_sample( 2326): [com.thundercomm.remotecontrolser,0,Thread-319504,731,Throwable.java,665,void java.lang.Throwable.printStackTrace(java.lang.Throwable$PrintStreamOrWriter),,0,null,100]
08-22 06:50:20.970 I/liblog ( 2326): 2
08-22 06:50:20.972 I/liblog ( 2326): 6
08-22 06:50:20.972 I/dvm_lock_sample( 2326): [com.thundercomm.remotecontrolser,0,Thread-319397,1118,Throwable.java,665,void java.lang.Throwable.printStackTrace(java.lang.Throwable$PrintStreamOrWriter),,0,null,100]
08-22 06:50:20.974 I/liblog ( 2326): 7
08-22 06:50:20.974 I/liblog ( 2326): 3
08-22 06:50:20.975 I/liblog ( 2326): 7
08-22 06:50:20.976 I/liblog ( 2326): 6
08-22 06:50:20.976 I/liblog ( 2326): 8
08-22 06:50:20.977 I/liblog ( 2326): 6
08-22 06:50:20.977 I/liblog ( 2326): 3
08-22 06:50:20.978 I/liblog ( 2326): 6
08-22 06:50:20.982 I/liblog ( 2326): 6
08-22 06:50:20.982 I/dvm_lock_sample( 2326): [com.thundercomm.remotecontrolser,0,Thread-319606,423,Throwable.java,665,void java.lang.Throwable.printStackTrace(java.lang.Throwable$PrintStreamOrWriter),,0,null,84]
08-22 06:50:20.985 I/liblog ( 2326): 1
08-22 06:50:20.985 I/liblog ( 2326): 7
08-22 06:50:20.988 I/liblog ( 2326): 6
08-22 06:50:20.988 I/dvm_lock_sample( 2326): [com.thundercomm.remotecontrolser,0,Thread-319593,428,Throwable.java,665,void java.lang.Throwable.printStackTrace(java.lang.Throwable$PrintStreamOrWriter),,0,null,85]
08-22 06:50:20.988 I/liblog ( 2326): 5
08-22 06:50:20.989 I/liblog ( 2326): 6
08-22 06:50:20.989 I/liblog ( 2326): 1
08-22 06:50:20.989 I/liblog ( 2326): 2
08-22 06:50:20.989 I/liblog ( 2326): 6
08-22 06:50:20.992 I/liblog ( 2326): 7
08-22 06:50:20.992 I/dvm_lock_sample( 2326): [com.thundercomm.remotecontrolser,0,Thread-319614,421,Throwable.java,665,void java.lang.Throwable.printStackTrace(java.lang.Throwable$PrintStreamOrWriter),,0,null,84]
08-22 06:50:20.993 I/liblog ( 2326): 1
08-22 06:50:20.996 I/liblog ( 2326): 9
08-22 06:50:20.996 I/dvm_lock_sample( 2326): [com.thundercomm.remotecontrolser,0,Thread-319528,678,Throwable.java,665,void java.lang.Throwable.printStackTrace(java.lang.Throwable$PrintStreamOrWriter),,0,null,100]
08-22 06:50:20.997 I/liblog ( 2326): 3
08-22 06:50:20.997 I/liblog ( 2326): 6
08-22 06:50:20.997 I/liblog ( 2326): 9
08-22 06:50:20.998 I/liblog ( 2326): 7
08-22 06:50:20.998 I/liblog ( 2326): 3
08-22 06:50:20.998 I/liblog ( 2326): 8
08-22 06:50:20.999 I/liblog ( 2326): 6
08-22 06:50:20.999 I/liblog ( 2326): 10
08-22 06:50:21.000 I/liblog ( 2326): 6
08-22 06:50:21.000 I/liblog ( 2326): 2
08-22 06:50:21.001 I/liblog ( 2326): 12
08-22 06:50:21.001 I/liblog ( 2326): 10
08-22 06:50:21.003 I/liblog ( 2326): 6
08-22 06:50:21.004 I/liblog ( 2326): 5
08-22 06:50:21.004 I/liblog ( 2326): 6
08-22 06:50:21.005 I/liblog ( 2326): 3
08-22 06:50:21.005 I/liblog ( 2326): 8
08-22 06:50:21.006 I/liblog ( 2326): 6
08-22 06:50:21.006 I/liblog ( 2326): 7
08-22 06:50:21.007 I/liblog ( 2326): 6
08-22 06:50:21.007 I/liblog ( 2326): 1
08-22 06:50:21.007 I/liblog ( 2326): 7
08-22 06:50:21.007 I/liblog ( 2326): 7
08-22 06:50:21.008 I/liblog ( 2326): 3
08-22 06:50:21.008 I/liblog ( 2326): 7
08-22 06:50:21.008 I/liblog ( 2326): 6
08-22 06:50:21.009 I/liblog ( 2326): 3
08-22 06:50:21.009 I/liblog ( 2326): 6
08-22 06:50:21.010 I/liblog ( 2326): 10
08-22 06:50:21.011 I/liblog ( 2326): 13
08-22 06:50:21.011 I/liblog ( 2326): 1
08-22 06:50:21.012 I/liblog ( 2326): 11
08-22 06:50:21.012 I/liblog ( 2326): 5
08-22 06:50:21.012 I/liblog ( 2326): 5
08-22 06:50:21.013 I/liblog ( 2326): 6
08-22 06:50:21.013 I/liblog ( 2326): 6
08-22 06:50:21.013 I/liblog ( 2326): 6
08-22 06:50:21.014 I/liblog ( 2326): 5
08-22 06:50:21.014 I/liblog ( 2326): 7
08-22 06:50:21.014 I/liblog ( 2326): 7
08-22 06:50:21.015 I/liblog ( 2326): 6
08-22 06:50:21.015 I/liblog ( 2326): 4
08-22 06:50:21.015 I/liblog ( 2326): 7
08-22 06:50:21.016 I/liblog ( 2326): 8
08-22 06:50:21.016 I/liblog ( 2326): 1
08-22 06:50:21.017 I/liblog ( 2326): 6
08-22 06:50:21.017 I/liblog ( 2326): 5
08-22 06:50:21.018 I/liblog ( 2326): 4
08-22 06:50:21.018 I/liblog ( 2326): 6
08-22 06:50:21.019 I/liblog ( 2326): 4
08-22 06:50:21.019 I/liblog ( 2326): 5
08-22 06:50:21.019 I/liblog ( 2326): 3
08-22 06:50:21.020 I/liblog ( 2326): 8
08-22 06:50:21.020 I/liblog ( 2326): 6
08-22 06:50:21.020 I/liblog ( 2326): 4
08-22 06:50:21.020 I/liblog ( 2326): 7
08-22 06:50:21.021 I/liblog ( 2326): 6
08-22 06:50:21.021 I/liblog ( 2326): 1
08-22 06:50:21.021 I/liblog ( 2326): 7
08-22 06:50:21.022 I/liblog ( 2326): 6
08-22 06:50:21.023 I/liblog ( 2326): 3
08-22 06:50:21.024 I/liblog ( 2326): 2
08-22 06:50:21.024 I/liblog ( 2326): 2
08-22 06:50:21.024 I/liblog ( 2326): 2
08-22 06:50:21.025 I/liblog ( 2326): 3
08-22 06:50:21.025 I/liblog ( 2326): 3
08-22 06:50:21.027 I/liblog ( 2326): 15
08-22 06:50:21.027 I/liblog ( 2326): 9
08-22 06:50:21.028 I/liblog ( 2326): 5
08-22 06:50:21.029 I/liblog ( 2326): 2
08-22 06:50:21.029 I/liblog ( 2326): 5
08-22 06:50:21.029 I/liblog ( 2326): 5
08-22 06:50:21.030 I/liblog ( 2326): 4
08-22 06:50:21.030 I/liblog ( 2326): 6
08-22 06:50:21.030 I/liblog ( 2326): 6
08-22 06:50:21.031 I/liblog ( 2326): 5
08-22 06:50:21.031 I/liblog ( 2326): 6
08-22 06:50:21.031 I/liblog ( 2326): 7
08-22 06:50:21.032 I/liblog ( 2326): 4
08-22 06:50:21.032 I/liblog ( 2326): 8
08-22 06:50:21.032 I/liblog ( 2326): 6
08-22 06:50:21.033 I/liblog ( 2326): 3
08-22 06:50:21.033 I/liblog ( 2326): 10
08-22 06:50:21.034 I/liblog ( 2326): 6
08-22 06:50:21.034 I/liblog ( 2326): 7
08-22 06:50:21.034 I/liblog ( 2326): 7
08-22 06:50:21.035 I/liblog ( 2326): 3
08-22 06:50:21.035 I/liblog ( 2326): 3
08-22 06:50:21.035 I/liblog ( 2326): 8
08-22 06:50:21.035 I/liblog ( 2326): 5
08-22 06:50:21.036 I/liblog ( 2326): 1
08-22 06:50:21.037 I/liblog ( 2326): 3
08-22 06:50:21.038 I/liblog ( 2326): 3
08-22 06:50:21.038 I/liblog ( 2326): 3
08-22 06:50:21.039 I/liblog ( 2326): 3
08-22 06:50:21.039 I/liblog ( 2326): 7
08-22 06:50:21.039 I/liblog ( 2326): 7
08-22 06:50:21.040 I/liblog ( 2326): 2
08-22 06:50:21.040 I/liblog ( 2326): 7
08-22 06:50:21.040 I/liblog ( 2326): 4
08-22 06:50:21.041 I/liblog ( 2326): 6
08-22 06:50:21.041 I/liblog ( 2326): 1
08-22 06:50:21.041 I/liblog ( 2326): 7
08-22 06:50:21.042 I/liblog ( 2326): 4
08-22 06:50:21.042 I/liblog ( 2326): 5
08-22 06:50:21.042 I/liblog ( 2326): 1
08-22 06:50:21.042 I/liblog ( 2326): 7
08-22 06:50:21.043 I/liblog ( 2326): 5
08-22 06:50:21.043 I/liblog ( 2326): 4
08-22 06:50:21.043 I/liblog ( 2326): 7
08-22 06:50:21.044 I/liblog ( 2326): 6
08-22 06:50:21.044 I/liblog ( 2326): 3
08-22 06:50:21.044 I/liblog ( 2326): 4
08-22 06:50:21.045 I/liblog ( 2326): 7
08-22 06:50:21.045 I/liblog ( 2326): 6
08-22 06:50:21.045 I/liblog ( 2326): 3
08-22 06:50:21.046 I/liblog ( 2326): 8
08-22 06:50:21.046 I/liblog ( 2326): 6
08-22 06:50:21.046 I/liblog ( 2326): 4
08-22 06:50:21.046 I/liblog ( 2326): 7
08-22 06:50:21.051 I/liblog ( 2326): 6
08-22 06:50:21.051 I/dvm_lock_sample( 2326): [com.thundercomm.remotecontrolser,0,Thread-319230,1512,Throwable.java,665,void java.lang.Throwable.printStackTrace(java.lang.Throwable$PrintStreamOrWriter),,0,null,100]
08-22 06:50:21.053 I/liblog ( 2326): 5
08-22 06:50:21.053 I/liblog ( 2326): 6
08-22 06:50:21.053 I/liblog ( 2326): 4
08-22 06:50:21.054 I/liblog ( 2326): 15
08-22 06:50:21.055 I/liblog ( 2326): 2
08-22 06:50:21.055 I/liblog ( 2326): 8
08-22 06:50:21.055 I/liblog ( 2326): 7
08-22 06:50:21.056 I/liblog ( 2326): 1
08-22 06:50:21.056 I/liblog ( 2326): 10
08-22 06:50:21.056 I/liblog ( 2326): 5
08-22 06:50:21.057 I/liblog ( 2326): 11
08-22 06:50:21.058 I/liblog ( 2326): 5
08-22 06:50:21.058 I/liblog ( 2326): 9
08-22 06:50:21.059 I/liblog ( 2326): 6
08-22 06:50:21.059 I/liblog ( 2326): 10
08-22 06:50:21.060 I/liblog ( 2326): 6
08-22 06:50:21.060 I/liblog ( 2326): 6
08-22 06:50:21.060 I/liblog ( 2326): 7
08-22 06:50:21.062 I/liblog ( 2326): 4
08-22 06:50:21.062 I/liblog ( 2326): 4
08-22 06:50:21.063 I/liblog ( 2326): 6
08-22 06:50:21.063 I/liblog ( 2326): 4
08-22 06:50:21.064 I/liblog ( 2326): 13
08-22 06:50:21.064 I/liblog ( 2326): 6
08-22 06:50:21.065 I/liblog ( 2326): 5
08-22 06:50:21.065 I/liblog ( 2326): 4
08-22 06:50:21.065 I/liblog ( 2326): 6
08-22 06:50:21.066 I/liblog ( 2326): 6
08-22 06:50:21.066 I/liblog ( 2326): 5
08-22 06:50:21.066 I/liblog ( 2326): 1
08-22 06:50:21.067 I/liblog ( 2326): 11
08-22 06:50:21.067 I/liblog ( 2326): 4
08-22 06:50:21.067 I/liblog ( 2326): 5
08-22 06:50:21.068 I/liblog ( 2326): 6
08-22 06:50:21.068 I/liblog ( 2326): 6
08-22 06:50:21.068 I/liblog ( 2326): 4
08-22 06:50:21.069 I/liblog ( 2326): 7
08-22 06:50:21.070 I/liblog ( 2326): 6
08-22 06:50:21.070 I/dvm_lock_sample( 2326): [com.thundercomm.remotecontrolser,0,Thread-319552,650,Throwable.java,665,void java.lang.Throwable.printStackTrace(java.lang.Throwable$PrintStreamOrWriter),,0,null,100]
08-22 06:50:21.071 I/liblog ( 2326): 2
08-22 06:50:21.071 I/liblog ( 2326): 4
08-22 06:50:21.072 I/liblog ( 2326): 6
08-22 06:50:21.072 I/liblog ( 2326): 5
08-22 06:50:21.075 I/liblog ( 2326): 12
08-22 06:50:21.075 I/dvm_lock_sample( 2326): [com.thundercomm.remotecontrolser,0,Thread-319670,291,Throwable.java,665,void java.lang.Throwable.printStackTrace(java.lang.Throwable$PrintStreamOrWriter),,0,null,58]
08-22 06:50:21.076 I/liblog ( 2326): 3
08-22 06:50:21.080 I/liblog ( 2326): 4
08-22 06:50:21.080 I/dvm_lock_sample( 2326): [com.thundercomm.remotecontrolser,0,Thread-319668,294,Throwable.java,665,void java.lang.Throwable.printStackTrace(java.lang.Throwable$PrintStreamOrWriter),,0,null,58]
08-22 06:50:21.081 I/liblog ( 2326): 1
08-22 06:50:21.083 I/liblog ( 2326): 3
08-22 06:50:21.083 I/dvm_lock_sample( 2326): [com.thundercomm.remotecontrolser,0,Thread-321103,635,Throwable.java,665,void java.lang.Throwable.printStackTrace(java.lang.Throwable$PrintStreamOrWriter),,0,null,100]
08-22 06:50:21.084 I/liblog ( 2326): 1
08-22 06:50:21.086 I/liblog ( 2326): 9
08-22 06:50:21.086 I/liblog ( 2326): 6
08-22 06:50:21.089 I/liblog ( 2326): 6
08-22 06:50:21.089 I/dvm_lock_sample( 2326): [com.thundercomm.remotecontrolser,0,Thread-319676,271,Throwable.java,665,void java.lang.Throwable.printStackTrace(java.lang.Throwable$PrintStreamOrWriter),,0,null,54]
08-22 06:50:21.090 I/liblog ( 2326): 5
08-22 06:50:21.094 I/liblog ( 2326): 13
08-22 06:50:21.095 I/liblog ( 2326): 3
08-22 06:50:21.095 I/liblog ( 2326): 4
08-22 06:50:21.095 I/liblog ( 2326): 7
08-22 06:50:21.096 I/liblog ( 2326): 6
08-22 06:50:21.096 I/liblog ( 2326): 2
08-22 06:50:21.096 I/liblog ( 2326): 7
08-22 06:50:21.097 I/liblog ( 2326): 6
08-22 06:50:21.098 I/liblog ( 2326): 2
08-22 06:50:21.098 I/liblog ( 2326): 7
08-22 06:50:21.099 I/liblog ( 2326): 7
08-22 06:50:21.099 I/liblog ( 2326): 9
08-22 06:50:21.101 I/liblog ( 2326): 6
08-22 06:50:21.102 I/liblog ( 2326): 3
08-22 06:50:21.102 I/liblog ( 2326): 9
08-22 06:50:21.102 I/liblog ( 2326): 6
08-22 06:50:21.103 I/liblog ( 2326): 8
08-22 06:50:21.103 I/liblog ( 2326): 3
08-22 06:50:21.103 I/liblog ( 2326): 7
08-22 06:50:21.104 I/liblog ( 2326): 5
08-22 06:50:21.104 I/liblog ( 2326): 5
08-22 06:50:21.104 I/liblog ( 2326): 6
08-22 06:50:21.105 I/liblog ( 2326): 6
08-22 06:50:21.105 I/liblog ( 2326): 4
08-22 06:50:21.105 I/liblog ( 2326): 1
08-22 06:50:21.110 I/liblog ( 2326): 42
08-22 06:50:21.111 I/liblog ( 2326): 3
08-22 06:50:21.111 I/liblog ( 2326): 4
08-22 06:50:21.112 I/liblog ( 2326): 7
08-22 06:50:21.112 I/liblog ( 2326): 6
08-22 06:50:21.112 I/dvm_lock_sample( 2326): [com.thundercomm.remotecontrolser,0,Thread-319692,234,Throwable.java,665,void java.lang.Throwable.printStackTrace(java.lang.Throwable$PrintStreamOrWriter),,0,null,46]
08-22 06:50:21.113 I/liblog ( 2326): 5
08-22 06:50:21.113 I/liblog ( 2326): 6
08-22 06:50:21.113 I/liblog ( 2326): 4
08-22 06:50:21.114 I/liblog ( 2326): 2
08-22 06:50:21.114 I/liblog ( 2326): 5
08-22 06:50:21.115 I/liblog ( 2326): 6
08-22 06:50:21.115 I/liblog ( 2326): 5
08-22 06:50:21.115 I/liblog ( 2326): 6
08-22 06:50:21.124 I/liblog ( 2326): 10
08-22 06:50:21.124 I/dvm_lock_sample( 2326): [com.thundercomm.remotecontrolser,0,Thread-319688,224,Throwable.java,665,void java.lang.Throwable.printStackTrace(java.lang.Throwable$PrintStreamOrWriter),,0,null,44]
08-22 06:50:21.126 I/liblog ( 2326): 5
08-22 06:50:21.128 I/liblog ( 2326): 6
08-22 06:50:21.128 I/liblog ( 2326): 2
08-22 06:50:21.129 I/liblog ( 2326): 6
08-22 06:50:21.129 I/liblog ( 2326): 4
08-22 06:50:21.130 I/liblog ( 2326): 6
08-22 06:50:21.130 I/liblog ( 2326): 9
08-22 06:50:21.131 I/liblog ( 2326): 4
08-22 06:50:21.131 I/liblog ( 2326): 1
08-22 06:50:21.131 I/liblog ( 2326): 6
08-22 06:50:21.133 I/liblog ( 2326): 5
08-22 06:50:21.141 I/liblog ( 2326): 9
08-22 06:50:21.141 I/dvm_lock_sample( 2326): [com.thundercomm.remotecontrolser,0,Thread-319601,641,Throwable.java,665,void java.lang.Throwable.printStackTrace(java.lang.Throwable$PrintStreamOrWriter),,0,null,100]
08-22 06:50:21.142 I/liblog ( 2326): 1
08-22 06:50:21.143 I/liblog ( 2326): 11
08-22 06:50:21.143 I/liblog ( 2326): 1
08-22 06:50:21.143 I/liblog ( 2326): 11
08-22 06:50:21.145 I/liblog ( 2326): 2
08-22 06:50:21.145 I/liblog ( 2326): 6
08-22 06:50:21.145 I/liblog ( 2326): 5
08-22 06:50:21.146 I/liblog ( 2326): 5
08-22 06:50:21.146 I/liblog ( 2326): 12
08-22 06:50:21.147 I/liblog ( 2326): 4
08-22 06:50:21.147 I/liblog ( 2326): 6
08-22 06:50:21.147 I/liblog ( 2326): 6
08-22 06:50:21.148 I/liblog ( 2326): 5
08-22 06:50:21.148 I/liblog ( 2326): 12
08-22 06:50:21.149 I/liblog ( 2326): 5
08-22 06:50:21.149 I/liblog ( 2326): 5
08-22 06:50:21.149 I/liblog ( 2326): 5
08-22 06:50:21.150 I/liblog ( 2326): 6
08-22 06:50:21.151 I/liblog ( 2326): 9
08-22 06:50:21.151 I/liblog ( 2326): 4
08-22 06:50:21.152 I/liblog ( 2326): 5
08-22 06:50:21.152 I/liblog ( 2326): 10
08-22 06:50:21.154 I/liblog ( 2326): 19
08-22 06:50:21.155 I/liblog ( 2326): 8
08-22 06:50:21.155 I/liblog ( 2326): 6
08-22 06:50:21.172 I/liblog ( 2326): 18
08-22 06:50:21.172 I/dvm_lock_sample( 2326): [com.thundercomm.remotecontrolser,0,Thread-319607,644,Throwable.java,665,void java.lang.Throwable.printStackTrace(java.lang.Throwable$PrintStreamOrWriter),,0,null,100]
08-22 06:50:21.179 I/liblog ( 2326): 104
08-22 06:50:21.179 I/liblog ( 2326): 1
08-22 06:50:21.180 I/liblog ( 2326): 2
08-22 06:50:21.182 I/liblog ( 2326): 7
08-22 06:50:21.182 I/liblog ( 2326): 4
08-22 06:50:21.183 I/liblog ( 2326): 3
08-22 06:50:21.185 I/liblog ( 2326): 43
08-22 06:50:21.186 I/liblog ( 2326): 8
08-22 06:50:21.186 I/liblog ( 2326): 5
08-22 06:50:21.186 I/liblog ( 2326): 7
08-22 06:50:21.192 I/liblog ( 2326): 21
08-22 06:50:21.192 I/dvm_lock_sample( 2326): [com.thundercomm.remotecontrolser,0,Thread-319592,632,Throwable.java,665,void java.lang.Throwable.printStackTrace(java.lang.Throwable$PrintStreamOrWriter),,0,null,100]
08-22 06:50:21.193 I/liblog ( 2326): 9
08-22 06:50:21.193 I/liblog ( 2326): 4
08-22 06:50:21.194 I/liblog ( 2326): 9
08-22 06:50:21.194 I/liblog ( 2326): 6
08-22 06:50:21.201 I/liblog ( 2326): 22
08-22 06:50:21.202 I/liblog ( 2326): 5
08-22 06:50:21.203 I/liblog ( 2326): 8
08-22 06:50:21.206 I/liblog ( 2326): 57
08-22 06:50:21.207 I/liblog ( 2326): 4
08-22 06:50:21.207 I/liblog ( 2326): 6
08-22 06:50:21.207 I/liblog ( 2326): 6
08-22 06:50:21.208 I/liblog ( 2326): 1
08-22 06:50:21.208 I/liblog ( 2326): 11
08-22 06:50:21.210 I/liblog ( 2326): 27
08-22 06:50:21.210 I/liblog ( 2326): 7
08-22 06:50:21.210 I/liblog ( 2326): 6
08-22 06:50:21.210 I/liblog ( 2326): 1
08-22 06:50:21.211 I/liblog ( 2326): 6
08-22 06:50:21.211 I/liblog ( 2326): 5
08-22 06:50:21.211 I/liblog ( 2326): 5
08-22 06:50:21.211 I/liblog ( 2326): 2
08-22 06:50:21.212 I/liblog ( 2326): 14
08-22 06:50:21.213 I/liblog ( 2326): 4
08-22 06:50:21.213 I/liblog ( 2326): 5
08-22 06:50:21.213 I/liblog ( 2326): 6
08-22 06:50:21.214 I/liblog ( 2326): 15
08-22 06:50:21.215 I/liblog ( 2326): 6
08-22 06:50:21.215 I/liblog ( 2326): 6
08-22 06:50:21.218 I/liblog ( 2326): 4
08-22 06:50:21.218 I/dvm_lock_sample( 2326): [com.thundercomm.remotecontrolser,0,Thread-319650,487,Throwable.java,665,void java.lang.Throwable.printStackTrace(java.lang.Throwable$PrintStreamOrWriter),,0,null,97]
08-22 06:50:21.220 I/liblog ( 2326): 4
08-22 06:50:21.220 I/liblog ( 2326): 4
08-22 06:50:21.220 I/liblog ( 2326): 6
08-22 06:50:21.221 I/liblog ( 2326): 5
08-22 06:50:21.223 I/liblog ( 2326): 2
08-22 06:50:21.223 I/dvm_lock_sample( 2326): [com.thundercomm.remotecontrolser,0,Thread-319664,465,Throwable.java,665,void java.lang.Throwable.printStackTrace(java.lang.Throwable$PrintStreamOrWriter),,0,null,93]
08-22 06:50:21.224 I/liblog ( 2326): 17
08-22 06:50:21.225 I/liblog ( 2326): 2
08-22 06:50:21.225 I/liblog ( 2326): 4
08-22 06:50:21.226 I/liblog ( 2326): 4
08-22 06:50:21.226 I/liblog ( 2326): 6
08-22 06:50:21.226 I/liblog ( 2326): 5
08-22 06:50:21.227 I/liblog ( 2326): 2
08-22 06:50:21.227 I/liblog ( 2326): 4
08-22 06:50:21.227 I/liblog ( 2326): 6
08-22 06:50:21.228 I/liblog ( 2326): 6
08-22 06:50:21.228 I/liblog ( 2326): 4
08-22 06:50:21.228 I/liblog ( 2326): 4
08-22 06:50:21.229 I/liblog ( 2326): 8
08-22 06:50:21.229 I/liblog ( 2326): 10
08-22 06:50:21.230 I/liblog ( 2326): 6
08-22 06:50:21.230 I/liblog ( 2326): 1
08-22 06:50:21.230 I/liblog ( 2326): 7
08-22 06:50:21.231 I/liblog ( 2326): 5
08-22 06:50:21.231 I/liblog ( 2326): 4
08-22 06:50:21.231 I/liblog ( 2326): 6
08-22 06:50:21.231 I/liblog ( 2326): 7
08-22 06:50:21.232 I/liblog ( 2326): 5
08-22 06:50:21.232 I/liblog ( 2326): 5
08-22 06:50:21.233 I/liblog ( 2326): 7
08-22 06:50:21.233 I/liblog ( 2326): 5
08-22 06:50:21.233 I/liblog ( 2326): 5
08-22 06:50:21.234 I/liblog ( 2326): 7
08-22 06:50:21.240 I/liblog ( 2326): 4
08-22 06:50:21.240 I/dvm_lock_sample( 2326): [com.thundercomm.remotecontrolser,0,Thread-319681,397,Throwable.java,665,void java.lang.Throwable.printStackTrace(java.lang.Throwable$PrintStreamOrWriter),,0,null,79]
08-22 06:50:21.242 I/liblog ( 2326): 36
08-22 06:50:21.246 I/liblog ( 2326): 63
08-22 06:50:21.246 I/liblog ( 2326): 7
08-22 06:50:21.247 I/liblog ( 2326): 6
08-22 06:50:21.247 I/liblog ( 2326): 4
08-22 06:50:21.248 I/liblog ( 2326): 6
08-22 06:50:21.248 I/liblog ( 2326): 5
08-22 06:50:21.248 I/liblog ( 2326): 1
08-22 06:50:21.249 I/liblog ( 2326): 6
08-22 06:50:21.249 I/liblog ( 2326): 5
08-22 06:50:21.250 I/liblog ( 2326): 5
08-22 06:50:21.250 I/dvm_lock_sample( 2326): [com.thundercomm.remotecontrolser,0,Thread-319690,358,Throwable.java,665,void java.lang.Throwable.printStackTrace(java.lang.Throwable$PrintStreamOrWriter),,0,null,71]
08-22 06:50:21.250 I/liblog ( 2326): 1
08-22 06:50:21.250 I/liblog ( 2326): 7
08-22 06:50:21.254 I/liblog ( 2326): 56
08-22 06:50:21.254 I/liblog ( 2326): 1
08-22 06:50:21.255 I/liblog ( 2326): 8
08-22 06:50:21.255 I/liblog ( 2326): 8
08-22 06:50:21.255 I/liblog ( 2326): 6
08-22 06:50:21.256 I/liblog ( 2326): 6
08-22 06:50:21.257 I/liblog ( 2326): 10
08-22 06:50:21.257 I/liblog ( 2326): 4
08-22 06:50:21.257 I/liblog ( 2326): 5
08-22 06:50:21.257 I/liblog ( 2326): 4
08-22 06:50:21.258 I/liblog ( 2326): 7
08-22 06:50:21.258 I/liblog ( 2326): 5
08-22 06:50:21.258 I/liblog ( 2326): 2
08-22 06:50:21.259 I/liblog ( 2326): 6
08-22 06:50:21.259 I/liblog ( 2326): 7
08-22 06:50:21.261 I/liblog ( 2326): 30
08-22 06:50:21.262 I/liblog ( 2326): 13
08-22 06:50:21.262 I/liblog ( 2326): 6
08-22 06:50:21.262 I/liblog ( 2326): 3
08-22 06:50:21.263 I/liblog ( 2326): 6
08-22 06:50:21.263 I/liblog ( 2326): 5
08-22 06:50:21.263 I/liblog ( 2326): 6
08-22 06:50:21.264 I/liblog ( 2326): 1
08-22 06:50:21.264 I/liblog ( 2326): 10
08-22 06:50:21.265 I/liblog ( 2326): 4
08-22 06:50:21.265 I/liblog ( 2326): 2
08-22 06:50:21.265 I/liblog ( 2326): 5
08-22 06:50:21.266 I/liblog ( 2326): 5
08-22 06:50:21.267 I/liblog ( 2326): 22
08-22 06:50:21.267 I/liblog ( 2326): 6
08-22 06:50:21.267 I/liblog ( 2326): 6
08-22 06:50:21.268 I/liblog ( 2326): 5
08-22 06:50:21.268 I/liblog ( 2326): 6
08-22 06:50:21.268 I/liblog ( 2326): 8
08-22 06:50:21.274 I/liblog ( 2326): 2
08-22 06:50:21.274 I/dvm_lock_sample( 2326): [com.thundercomm.remotecontrolser,0,Thread-319739,244,Throwable.java,665,void java.lang.Throwable.printStackTrace(java.lang.Throwable$PrintStreamOrWriter),,0,null,48]
08-22 06:50:21.274 I/liblog ( 2326): 2
08-22 06:50:21.275 I/liblog ( 2326): 6
08-22 06:50:21.275 I/liblog ( 2326): 6
08-22 06:50:21.275 I/liblog ( 2326): 1
08-22 06:50:21.276 I/liblog ( 2326): 13
08-22 06:50:21.276 I/liblog ( 2326): 3
08-22 06:50:21.277 I/liblog ( 2326): 13
08-22 06:50:21.277 I/liblog ( 2326): 2
08-22 06:50:21.278 I/liblog ( 2326): 11
08-22 06:50:21.278 I/liblog ( 2326): 3
08-22 06:50:21.279 I/liblog ( 2326): 5
08-22 06:50:21.279 I/liblog ( 2326): 5
08-22 06:50:21.281 I/liblog ( 2326): 6
08-22 06:50:21.283 I/liblog ( 2326): 6
08-22 06:50:21.283 I/dvm_lock_sample( 2326): [com.thundercomm.remotecontrolser,0,Thread-319802,53,Throwable.java,665,void java.lang.Throwable.printStackTrace(java.lang.Throwable$PrintStreamOrWriter),,0,null,10]
08-22 06:50:21.285 I/liblog ( 2326): 16
08-22 06:50:21.286 I/liblog ( 2326): 17
08-22 06:50:21.287 I/liblog ( 2326): 5
08-22 06:50:21.287 I/liblog ( 2326): 5
08-22 06:50:21.288 I/liblog ( 2326): 4
08-22 06:50:21.288 I/liblog ( 2326): 8
08-22 06:50:21.289 I/liblog ( 2326): 6
08-22 06:50:21.290 I/liblog ( 2326): 18
08-22 06:50:21.291 I/liblog ( 2326): 11
08-22 06:50:21.292 I/liblog ( 2326): 4
08-22 06:50:21.292 I/liblog ( 2326): 2
08-22 06:50:21.299 I/liblog ( 2326): 132
08-22 06:50:21.302 I/liblog ( 2326): 36
08-22 06:50:21.303 I/liblog ( 2326): 2
08-22 06:50:21.303 I/liblog ( 2326): 4
08-22 06:50:21.319 I/liblog ( 2326): 131
08-22 06:50:21.320 I/liblog ( 2326): 1
08-22 06:50:21.323 I/liblog ( 2326): 4
08-22 06:50:21.329 I/liblog ( 2326): 10
08-22 06:50:21.330 I/liblog ( 2326): 6
08-22 06:50:21.336 I/liblog ( 2326): 28
08-22 06:50:21.340 I/liblog ( 2326): 27
08-22 06:50:21.352 I/liblog ( 2326): 8
08-22 06:50:21.356 I/liblog ( 2326): 2
08-22 06:50:21.356 I/liblog ( 2326): 3
08-22 06:50:21.357 I/liblog ( 2326): 10
08-22 06:50:21.357 I/liblog ( 2326): 6
08-22 06:50:21.359 I/liblog ( 2326): 9
08-22 06:50:21.359 I/liblog ( 2326): 5
08-22 06:50:21.359 I/liblog ( 2326): 5
08-22 06:50:21.360 I/liblog ( 2326): 4
08-22 06:50:21.360 I/liblog ( 2326): 1
08-22 06:50:21.360 I/liblog ( 2326): 8
08-22 06:50:21.361 I/liblog ( 2326): 7
08-22 06:50:21.369 I/liblog ( 2326): 68
08-22 06:50:21.373 I/liblog ( 2326): 11
08-22 06:50:21.383 I/liblog ( 2326): 47
08-22 06:50:21.383 I/liblog ( 2326): 4
08-22 06:50:21.384 I/liblog ( 2326): 9
08-22 06:50:21.384 I/liblog ( 2326): 6
08-22 06:50:21.385 I/liblog ( 2326): 3
08-22 06:50:21.385 I/liblog ( 2326): 13
08-22 06:50:21.387 I/liblog ( 2326): 2
08-22 06:50:21.387 I/liblog ( 2326): 1
08-22 06:50:21.387 I/liblog ( 2326): 6
08-22 06:50:21.387 I/liblog ( 2326): 2
08-22 06:50:21.397 I/liblog ( 2326): 52
08-22 06:50:21.402 I/liblog ( 2326): 24
08-22 06:50:21.403 I/liblog ( 2326): 3
08-22 06:50:21.403 I/liblog ( 2326): 7
08-22 06:50:21.404 I/liblog ( 2326): 3
08-22 06:50:21.404 I/liblog ( 2326): 12
08-22 06:50:21.409 I/liblog ( 2326): 1
08-22 06:50:21.415 I/liblog ( 2326): 37
08-22 06:50:21.422 I/liblog ( 2326): 38
08-22 06:50:21.423 I/liblog ( 2326): 3
08-22 06:50:21.424 I/liblog ( 2326): 4
08-22 06:50:21.427 I/liblog ( 2326): 2
08-22 06:50:21.428 I/liblog ( 2326): 3
08-22 06:50:21.429 I/liblog ( 2326): 1
08-22 06:50:21.434 I/liblog ( 2326): 12
08-22 06:50:21.435 I/liblog ( 2326): 4
08-22 06:50:21.437 I/liblog ( 2326): 4
08-22 06:50:21.451 I/liblog ( 2326): 238
08-22 06:50:21.451 I/liblog ( 2326): 8
08-22 06:50:21.452 I/liblog ( 2326): 18
08-22 06:50:21.456 I/liblog ( 2326): 55
08-22 06:50:21.456 I/liblog ( 2326): 8
08-22 06:50:21.456 I/liblog ( 2326): 4
08-22 06:50:21.460 I/liblog ( 2326): 54
08-22 06:50:21.462 I/liblog ( 2326): 16
08-22 06:50:21.462 I/liblog ( 2326): 17
08-22 06:50:21.463 I/liblog ( 2326): 3
08-22 06:50:21.463 I/liblog ( 2326): 3
08-22 06:50:21.464 I/liblog ( 2326): 3
08-22 06:50:21.464 I/liblog ( 2326): 2
08-22 06:50:21.464 I/liblog ( 2326): 4
08-22 06:50:21.474 I/liblog ( 2326): 145
08-22 06:50:21.475 I/liblog ( 2326): 7
08-22 06:50:21.477 I/liblog ( 2326): 20
08-22 06:50:21.477 I/liblog ( 2326): 1
08-22 06:50:21.509 I/liblog ( 2326): 27
08-22 06:50:21.623 I/liblog ( 2326): 77
08-22 06:50:21.627 I/dvm_lock_sample( 2326): [com.thundercomm.remotecontrolser,0,Thread-319906,90,Throwable.java,665,void java.lang.Throwable.printStackTrace(java.lang.Throwable$PrintStreamOrWriter),LoggingPrintStream.java,295,void com.android.internal.os.LoggingPrintStream.println(java.lang.Object),18]
08-22 06:50:21.673 I/liblog ( 2326): 12
08-22 06:50:21.677 I/liblog ( 2326): 12
08-22 06:50:21.677 I/liblog ( 2326): 1
08-22 06:50:21.678 I/liblog ( 2326): 7
08-22 06:50:21.678 I/liblog ( 2326): 5
08-22 06:50:21.678 I/liblog ( 2326): 3
08-22 06:50:21.679 I/liblog ( 2326): 8
08-22 06:50:21.679 I/liblog ( 2326): 7
08-22 06:50:21.679 I/liblog ( 2326): 2
08-22 06:50:21.680 I/liblog ( 2326): 8
08-22 06:50:21.680 I/liblog ( 2326): 5
08-22 06:50:21.681 I/liblog ( 2326): 3
08-22 06:50:21.681 I/liblog ( 2326): 8
08-22 06:50:21.682 I/liblog ( 2326): 7
08-22 06:50:21.683 I/liblog ( 2326): 12
08-22 06:50:21.683 I/liblog ( 2326): 4
08-22 06:50:21.683 I/liblog ( 2326): 6
08-22 06:50:21.684 I/liblog ( 2326): 4
08-22 06:50:21.684 I/liblog ( 2326): 6
08-22 06:50:21.685 I/liblog ( 2326): 6
08-22 06:50:21.685 I/liblog ( 2326): 6
08-22 06:50:21.685 I/liblog ( 2326): 6
08-22 06:50:21.686 I/liblog ( 2326): 12
08-22 06:50:21.695 I/liblog ( 2326): 3
08-22 06:50:21.833 I/liblog ( 2326): 55
08-22 06:50:21.833 I/liblog ( 2326): 1
08-22 06:50:21.859 I/liblog ( 2326): 41
08-22 06:50:21.944 I/am_freeze( 1160): [24434,com.android.deskclock]
08-22 06:50:21.954 I/am_kill ( 1160): [0,24434,com.android.deskclock,945,Unable to freeze binder interface]
08-22 06:50:21.957 I/liblog ( 2326): 3
08-22 06:50:21.958 I/liblog ( 2326): 5
08-22 06:50:21.958 I/liblog ( 2326): 1
08-22 06:50:21.959 I/liblog ( 2326): 3
08-22 06:50:21.959 I/liblog ( 2326): 1
08-22 06:50:21.959 I/liblog ( 2326): 6
08-22 06:50:21.959 I/liblog ( 2326): 5
08-22 06:50:21.960 I/liblog ( 2326): 4
08-22 06:50:21.962 I/liblog ( 2326): 1
08-22 06:50:21.962 I/liblog ( 2326): 7
08-22 06:50:21.962 I/liblog ( 2326): 6
08-22 06:50:21.963 I/liblog ( 2326): 5
08-22 06:50:21.963 I/liblog ( 2326): 6
08-22 06:50:21.964 I/liblog ( 2326): 6
08-22 06:50:21.966 I/liblog ( 2326): 2
08-22 06:50:21.966 I/liblog ( 2326): 3
08-22 06:50:21.967 I/liblog ( 2326): 3
08-22 06:50:21.967 I/liblog ( 2326): 5
08-22 06:50:21.968 I/liblog ( 2326): 10
08-22 06:50:21.968 I/liblog ( 2326): 1
08-22 06:50:21.969 I/liblog ( 2326): 3
08-22 06:50:21.969 I/liblog ( 2326): 3
08-22 06:50:21.969 I/liblog ( 2326): 2
08-22 06:50:21.970 I/liblog ( 2326): 2
08-22 06:50:21.970 I/liblog ( 2326): 4
08-22 06:50:21.971 I/liblog ( 2326): 1
08-22 06:50:21.971 I/liblog ( 2326): 5
08-22 06:50:21.971 I/liblog ( 2326): 6
08-22 06:50:21.972 I/liblog ( 2326): 5
08-22 06:50:21.972 I/liblog ( 2326): 1
08-22 06:50:21.973 I/liblog ( 2326): 11
08-22 06:50:21.973 I/liblog ( 2326): 3
08-22 06:50:21.974 I/liblog ( 2326): 3
08-22 06:50:21.974 I/liblog ( 2326): 2
08-22 06:50:21.975 I/liblog ( 2326): 3
08-22 06:50:21.975 I/liblog ( 2326): 2
08-22 06:50:21.975 I/liblog ( 2326): 3
08-22 06:50:21.976 I/liblog ( 2326): 1
08-22 06:50:21.976 I/liblog ( 2326): 4
08-22 06:50:21.976 I/liblog ( 2326): 6
08-22 06:50:21.977 I/liblog ( 2326): 6
08-22 06:50:21.978 I/liblog ( 2326): 1
08-22 06:50:21.978 I/liblog ( 2326): 5
08-22 06:50:21.978 I/liblog ( 2326): 6
08-22 06:50:21.980 I/liblog ( 2326): 3
08-22 06:50:21.981 I/liblog ( 2326): 3
08-22 06:50:21.982 I/liblog ( 2326): 5
08-22 06:50:21.982 I/liblog ( 2326): 4
08-22 06:50:21.983 I/liblog ( 2326): 8
08-22 06:50:21.983 I/liblog ( 2326): 5
08-22 06:50:21.983 I/liblog ( 2326): 5
08-22 06:50:21.984 I/liblog ( 2326): 5
08-22 06:50:21.987 I/liblog ( 2326): 6
08-22 06:50:21.988 I/liblog ( 2326): 2
08-22 06:50:21.992 I/liblog ( 2326): 2
08-22 06:50:21.992 I/liblog ( 2326): 1
08-22 06:50:21.993 I/liblog ( 2326): 4
08-22 06:50:21.999 I/liblog ( 2326): 3
08-22 06:50:22.014 I/liblog ( 2326): 3
08-22 06:50:22.015 I/liblog ( 2326): 1
08-22 06:50:22.016 I/liblog ( 2326): 7
08-22 06:50:22.016 I/liblog ( 2326): 9
08-22 06:50:22.017 I/liblog ( 2326): 7
08-22 06:50:22.017 I/liblog ( 2326): 6
08-22 06:50:22.019 I/liblog ( 2326): 1
08-22 06:50:22.019 I/liblog ( 2326): 5
08-22 06:50:22.024 I/liblog ( 2326): 5
08-22 06:50:22.026 I/liblog ( 2326): 5
08-22 06:50:22.026 I/liblog ( 2326): 5
08-22 06:50:22.033 I/liblog ( 2326): 5
08-22 06:50:22.035 I/liblog ( 2326): 1
08-22 06:50:22.035 I/liblog ( 2326): 6
08-22 06:50:22.035 I/liblog ( 2326): 4
08-22 06:50:22.036 I/liblog ( 2326): 7
08-22 06:50:22.037 I/liblog ( 2326): 6
08-22 06:50:22.038 I/liblog ( 2326): 9
08-22 06:50:22.039 I/liblog ( 2326): 2
08-22 06:50:22.039 I/liblog ( 2326): 1
08-22 06:50:22.039 I/liblog ( 2326): 7
08-22 06:50:22.039 I/liblog ( 2326): 6
08-22 06:50:22.040 I/liblog ( 2326): 4
08-22 06:50:22.040 I/liblog ( 2326): 6
08-22 06:50:22.040 I/liblog ( 2326): 4
08-22 06:50:22.041 I/liblog ( 2326): 5
08-22 06:50:22.042 I/liblog ( 2326): 1
08-22 06:50:22.043 I/liblog ( 2326): 8
08-22 06:50:22.044 I/liblog ( 2326): 4
08-22 06:50:22.044 I/liblog ( 2326): 7
08-22 06:50:22.044 I/liblog ( 2326): 6
08-22 06:50:22.049 I/liblog ( 2326): 3
08-22 06:50:22.078 I/liblog ( 2326): 5
08-22 06:50:22.080 I/liblog ( 2326): 7
08-22 06:50:22.081 I/liblog ( 2326): 3
08-22 06:50:22.083 I/liblog ( 2326): 6
08-22 06:50:22.083 I/liblog ( 2326): 2
08-22 06:50:22.084 I/liblog ( 2326): 7
08-22 06:50:22.086 I/liblog ( 2326): 3
08-22 06:50:22.086 I/liblog ( 2326): 1
08-22 06:50:22.087 I/liblog ( 2326): 7
08-22 06:50:22.088 I/liblog ( 2326): 2
08-22 06:50:22.088 I/liblog ( 2326): 5
08-22 06:50:22.088 I/liblog ( 2326): 4
08-22 06:50:22.090 I/liblog ( 2326): 5
08-22 06:50:22.091 I/liblog ( 2326): 3
08-22 06:50:22.091 I/liblog ( 2326): 6
08-22 06:50:22.092 I/liblog ( 2326): 1
08-22 06:50:22.092 I/liblog ( 2326): 10
08-22 06:50:22.096 I/liblog ( 2326): 6
08-22 06:50:22.102 I/liblog ( 2326): 1
08-22 06:50:22.105 I/liblog ( 2326): 1
08-22 06:50:22.106 I/liblog ( 2326): 6
08-22 06:50:22.106 I/liblog ( 2326): 4
08-22 06:50:22.106 I/liblog ( 2326): 6
08-22 06:50:22.107 I/liblog ( 2326): 6
08-22 06:50:22.107 I/liblog ( 2326): 1
08-22 06:50:22.107 I/liblog ( 2326): 5
08-22 06:50:22.107 I/liblog ( 2326): 5
08-22 06:50:22.109 I/liblog ( 2326): 6
08-22 06:50:22.109 I/liblog ( 2326): 3
08-22 06:50:22.110 I/liblog ( 2326): 10
08-22 06:50:22.110 I/liblog ( 2326): 6
08-22 06:50:22.110 I/liblog ( 2326): 7
08-22 06:50:22.116 I/liblog ( 2326): 4
08-22 06:50:22.129 I/liblog ( 2326): 3
08-22 06:50:22.141 I/liblog ( 2326): 3
08-22 06:50:22.142 I/liblog ( 2326): 9
08-22 06:50:22.142 I/liblog ( 2326): 1
08-22 06:50:22.143 I/liblog ( 2326): 5
08-22 06:50:22.143 I/liblog ( 2326): 5
08-22 06:50:22.145 I/liblog ( 2326): 6
08-22 06:50:22.145 I/liblog ( 2326): 4
08-22 06:50:22.146 I/liblog ( 2326): 8
08-22 06:50:22.146 I/liblog ( 2326): 1
08-22 06:50:22.147 I/liblog ( 2326): 7
08-22 06:50:22.147 I/liblog ( 2326): 6
08-22 06:50:22.149 I/liblog ( 2326): 3
08-22 06:50:22.149 I/liblog ( 2326): 6
08-22 06:50:22.149 I/liblog ( 2326): 4
08-22 06:50:22.150 I/liblog ( 2326): 4
08-22 06:50:22.153 I/liblog ( 2326): 3
08-22 06:50:22.153 I/liblog ( 2326): 5
08-22 06:50:22.154 I/liblog ( 2326): 2
08-22 06:50:22.155 I/liblog ( 2326): 10
08-22 06:50:22.157 I/liblog ( 2326): 1
08-22 06:50:22.158 I/liblog ( 2326): 6
08-22 06:50:22.159 I/liblog ( 2326): 6
08-22 06:50:22.159 I/liblog ( 2326): 5
08-22 06:50:22.160 I/liblog ( 2326): 6
08-22 06:50:22.170 I/liblog ( 2326): 3
08-22 06:50:22.171 I/am_proc_died( 1160): [0,24434,com.android.deskclock,945,19]
08-22 06:50:22.172 I/am_uid_stopped( 1160): 10083
08-22 06:50:22.181 I/liblog ( 2326): 2
08-22 06:50:22.181 I/liblog ( 2326): 5
08-22 06:50:22.182 I/liblog ( 2326): 6
08-22 06:50:22.182 I/liblog ( 2326): 4
08-22 06:50:22.182 I/liblog ( 2326): 6
08-22 06:50:22.192 I/liblog ( 2326): 9
08-22 06:50:22.202 I/liblog ( 2326): 2
08-22 06:50:22.203 I/liblog ( 2326): 2
08-22 06:50:22.204 I/am_pss ( 1160): [12974,10095,com.android.launcher3,110938112,101421056,0,237809664,0,2,15]
08-22 06:50:22.204 I/liblog ( 2326): 4
08-22 06:50:22.213 I/liblog ( 2326): 6
08-22 06:50:22.216 I/am_pss ( 1160): [3801,2000,com.android.shell,6462464,4231168,0,90873856,0,19,9]
08-22 06:50:22.228 I/am_pss ( 1160): [3723,10035,com.android.packageinstaller,7869440,5689344,0,91361280,0,19,10]
08-22 06:50:22.239 I/am_pss ( 1160): [3674,10031,com.android.managedprovisioning,9510912,7245824,0,94453760,0,19,9]
08-22 06:50:22.251 I/liblog ( 2326): 3
08-22 06:50:22.251 I/liblog ( 2326): 5
08-22 06:50:22.251 I/am_pss ( 1160): [3572,1000,com.qti.diagservices,6848512,4096000,0,95625216,0,10,10]
08-22 06:50:22.251 I/liblog ( 2326): 5
08-22 06:50:22.252 I/liblog ( 2326): 6
08-22 06:50:22.252 I/liblog ( 2326): 6
08-22 06:50:22.253 I/liblog ( 2326): 6
08-22 06:50:22.253 I/liblog ( 2326): 6
08-22 06:50:22.254 I/liblog ( 2326): 5
08-22 06:50:22.254 I/liblog ( 2326): 4
08-22 06:50:22.254 I/liblog ( 2326): 5
08-22 06:50:22.254 I/liblog ( 2326): 6
08-22 06:50:22.257 I/liblog ( 2326): 6
08-22 06:50:22.258 I/liblog ( 2326): 3
08-22 06:50:22.259 I/liblog ( 2326): 6
08-22 06:50:22.260 I/liblog ( 2326): 2
08-22 06:50:22.260 I/liblog ( 2326): 5
08-22 06:50:22.261 I/liblog ( 2326): 3
08-22 06:50:22.263 I/liblog ( 2326): 2
08-22 06:50:22.263 I/am_pss ( 1160): [3531,10080,com.qualcomm.qti.devicestatisticsservice,5788672,3575808,0,89239552,0,0,9]
08-22 06:50:22.263 I/liblog ( 2326): 2
08-22 06:50:22.263 I/liblog ( 2326): 2
08-22 06:50:22.263 I/liblog ( 2326): 2
08-22 06:50:22.264 I/liblog ( 2326): 3
08-22 06:50:22.264 I/liblog ( 2326): 1
08-22 06:50:22.265 I/liblog ( 2326): 16
08-22 06:50:22.265 I/liblog ( 2326): 1
08-22 06:50:22.266 I/liblog ( 2326): 6
