08-22 06:51:20.500 I/liblog ( 2326): 4
08-22 06:51:20.502 I/liblog ( 2326): 11
08-22 06:51:20.503 I/liblog ( 2326): 11
08-22 06:51:20.512 I/liblog ( 2326): 3
08-22 06:51:20.513 I/liblog ( 2326): 6
08-22 06:51:20.514 I/liblog ( 2326): 5
08-22 06:51:20.514 I/liblog ( 2326): 3
08-22 06:51:20.514 I/liblog ( 2326): 1
08-22 06:51:20.515 I/liblog ( 2326): 3
08-22 06:51:20.521 I/liblog ( 2326): 3
08-22 06:51:20.560 I/liblog ( 2326): 12
08-22 06:51:20.561 I/liblog ( 2326): 11
08-22 06:51:20.561 I/liblog ( 2326): 6
08-22 06:51:20.561 I/liblog ( 2326): 3
08-22 06:51:20.562 I/liblog ( 2326): 3
08-22 06:51:20.563 I/liblog ( 2326): 5
08-22 06:51:20.567 I/liblog ( 2326): 9
08-22 06:51:20.572 I/liblog ( 2326): 3
08-22 06:51:20.574 I/liblog ( 2326): 2
08-22 06:51:20.575 I/liblog ( 2326): 8
08-22 06:51:20.578 I/liblog ( 2326): 6
08-22 06:51:20.579 I/liblog ( 2326): 6
08-22 06:51:20.579 I/liblog ( 2326): 7
08-22 06:51:20.579 I/liblog ( 2326): 6
08-22 06:51:20.581 I/liblog ( 2326): 6
08-22 06:51:20.586 I/liblog ( 2326): 4
08-22 06:51:20.586 I/liblog ( 2326): 2
08-22 06:51:20.587 I/liblog ( 2326): 11
08-22 06:51:20.588 I/liblog ( 2326): 7
08-22 06:51:20.588 I/liblog ( 2326): 6
08-22 06:51:20.589 I/liblog ( 2326): 2
08-22 06:51:20.589 I/liblog ( 2326): 1
08-22 06:51:20.590 I/liblog ( 2326): 14
08-22 06:51:20.590 I/liblog ( 2326): 5
08-22 06:51:20.592 I/liblog ( 2326): 11
08-22 06:51:20.593 I/liblog ( 2326): 6
08-22 06:51:20.598 I/liblog ( 2326): 8
08-22 06:51:20.604 I/liblog ( 2326): 1
08-22 06:51:20.607 I/liblog ( 2326): 1
08-22 06:51:20.608 I/liblog ( 2326): 1
08-22 06:51:20.608 I/liblog ( 2326): 6
08-22 06:51:20.612 I/liblog ( 2326): 4
08-22 06:51:20.613 I/liblog ( 2326): 3
08-22 06:51:20.618 I/liblog ( 2326): 1
08-22 06:51:20.627 I/liblog ( 2326): 1
08-22 06:51:20.675 I/liblog ( 2326): 3
08-22 06:51:20.679 I/liblog ( 2326): 2
08-22 06:51:20.684 I/liblog ( 2326): 3
01-01 00:38:32.101 W/logd ( 0): Skipping entries from slow reader, pid 32067, fd 15, from LogBuffer::Prune()
08-22 06:51:20.698 I/liblog ( 2326): 2
08-22 06:51:20.698 I/liblog ( 2326): 7
08-22 06:51:20.698 I/liblog ( 2326): 4
08-22 06:51:20.699 I/liblog ( 2326): 5
08-22 06:51:20.699 I/liblog ( 2326): 1
08-22 06:51:20.700 I/liblog ( 2326): 9
08-22 06:51:20.700 I/liblog ( 2326): 7
08-22 06:51:20.700 I/liblog ( 2326): 1
08-22 06:51:20.701 I/liblog ( 2326): 9
08-22 06:51:20.702 I/liblog ( 2326): 6
08-22 06:51:20.703 I/liblog ( 2326): 5
08-22 06:51:20.707 I/liblog ( 2326): 5
08-22 06:51:20.707 I/liblog ( 2326): 1
08-22 06:51:20.720 I/liblog ( 2326): 6
08-22 06:51:20.741 I/liblog ( 2326): 6
08-22 06:51:20.741 I/liblog ( 2326): 9
08-22 06:51:20.744 I/liblog ( 2326): 6
08-22 06:51:20.745 I/liblog ( 2326): 2
08-22 06:51:20.745 I/liblog ( 2326): 3
08-22 06:51:20.749 I/liblog ( 2326): 4
08-22 06:51:20.757 I/liblog ( 2326): 2
08-22 06:51:20.758 I/liblog ( 2326): 2
08-22 06:51:20.760 I/liblog ( 2326): 15
08-22 06:51:20.761 I/liblog ( 2326): 4
08-22 06:51:20.761 I/liblog ( 2326): 7
08-22 06:51:20.765 I/liblog ( 2326): 2
08-22 06:51:20.765 I/liblog ( 2326): 4
08-22 06:51:20.766 I/liblog ( 2326): 2
08-22 06:51:20.766 I/liblog ( 2326): 8
08-22 06:51:20.767 I/liblog ( 2326): 9
08-22 06:51:20.767 I/liblog ( 2326): 2
08-22 06:51:20.769 I/liblog ( 2326): 4
08-22 06:51:20.770 I/liblog ( 2326): 4
08-22 06:51:20.771 I/liblog ( 2326): 8
08-22 06:51:20.771 I/liblog ( 2326): 7
08-22 06:51:20.771 I/liblog ( 2326): 6
08-22 06:51:20.772 I/liblog ( 2326): 8
08-22 06:51:20.774 I/liblog ( 2326): 3
08-22 06:51:20.774 I/liblog ( 2326): 2
08-22 06:51:20.776 I/liblog ( 2326): 9
08-22 06:51:20.777 I/liblog ( 2326): 2
08-22 06:51:20.777 I/liblog ( 2326): 7
08-22 06:51:20.781 I/sysui_multi_action( 1160): [757,128,758,1,793,46836,794,0,795,46836,796,26,798,0,806,android,857,DEVELOPER_IMPORTANT,858,4,947,0,1395,3,1500,46628,1688,1]
08-22 06:51:20.782 I/sysui_multi_action( 1160): [757,804,799,note_freshness,801,46836,802,1]
08-22 06:51:20.782 I/notification_visibility( 1160): [-1|android|26|null|1000,1,46836,46836,0,0]
08-22 06:51:20.782 I/sysui_multi_action( 1160): [757,128,758,1,793,1877964,794,0,795,1877964,796,55,798,1,806,android,857,DEVELOPER,858,2,947,0,1395,3,1500,1877401,1688,1]
08-22 06:51:20.782 I/sysui_multi_action( 1160): [757,804,799,note_freshness,801,1877964,802,1]
08-22 06:51:20.782 I/notification_visibility( 1160): [-1|android|55|null|1000,1,1877964,1877964,0,1]
08-22 06:51:20.783 I/sysui_multi_action( 1160): [757,128,758,1,793,46839,794,0,795,46839,796,32,798,2,806,android,857,USB,858,1,947,0,1395,3,1500,46635,1688,1]
08-22 06:51:20.783 I/sysui_multi_action( 1160): [757,804,799,note_freshness,801,46839,802,1]
08-22 06:51:20.783 I/notification_visibility( 1160): [-1|android|32|null|1000,1,46839,46839,0,2]
08-22 06:51:20.800 I/liblog ( 2326): 182
08-22 06:51:20.801 I/liblog ( 2326): 17
08-22 06:51:20.802 I/liblog ( 2326): 6
08-22 06:51:20.802 I/liblog ( 2326): 6
08-22 06:51:20.803 I/liblog ( 2326): 5
08-22 06:51:20.803 I/liblog ( 2326): 3
08-22 06:51:20.803 I/liblog ( 2326): 6
08-22 06:51:20.804 I/liblog ( 2326): 3
08-22 06:51:20.804 I/liblog ( 2326): 4
08-22 06:51:20.805 I/liblog ( 2326): 4
08-22 06:51:20.805 I/liblog ( 2326): 8
08-22 06:51:20.806 I/liblog ( 2326): 5
08-22 06:51:20.806 I/liblog ( 2326): 9
08-22 06:51:20.807 I/liblog ( 2326): 5
08-22 06:51:20.808 I/liblog ( 2326): 8
08-22 06:51:20.809 I/liblog ( 2326): 5
08-22 06:51:20.809 I/liblog ( 2326): 12
08-22 06:51:20.825 I/liblog ( 2326): 5
08-22 06:51:20.854 I/liblog ( 2326): 2
08-22 06:51:20.854 I/liblog ( 2326): 5
08-22 06:51:20.862 I/liblog ( 2326): 2
08-22 06:51:20.876 I/liblog ( 2326): 4
08-22 06:51:20.876 I/liblog ( 2326): 4
08-22 06:51:20.877 I/liblog ( 2326): 3
08-22 06:51:20.879 I/liblog ( 2326): 7
08-22 06:51:20.880 I/liblog ( 2326): 4
08-22 06:51:20.880 I/liblog ( 2326): 5
08-22 06:51:20.881 I/liblog ( 2326): 1
08-22 06:51:20.881 I/liblog ( 2326): 3
08-22 06:51:20.881 I/liblog ( 2326): 3
08-22 06:51:20.882 I/liblog ( 2326): 3
08-22 06:51:20.883 I/liblog ( 2326): 5
08-22 06:51:20.886 I/liblog ( 2326): 2
08-22 06:51:20.886 I/liblog ( 2326): 4
08-22 06:51:20.887 I/liblog ( 2326): 1
08-22 06:51:20.887 I/liblog ( 2326): 1
08-22 06:51:20.888 I/liblog ( 2326): 6
08-22 06:51:20.888 I/liblog ( 2326): 6
08-22 06:51:20.895 I/liblog ( 2326): 4
08-22 06:51:20.899 I/liblog ( 2326): 3
08-22 06:51:20.900 I/liblog ( 2326): 8
08-22 06:51:20.900 I/liblog ( 2326): 6
08-22 06:51:20.901 I/liblog ( 2326): 1
08-22 06:51:20.902 I/liblog ( 2326): 6
08-22 06:51:20.904 I/liblog ( 2326): 7
08-22 06:51:20.905 I/liblog ( 2326): 5
08-22 06:51:20.905 I/liblog ( 2326): 7
08-22 06:51:20.905 I/liblog ( 2326): 10
08-22 06:51:20.906 I/liblog ( 2326): 4
08-22 06:51:20.906 I/liblog ( 2326): 2
08-22 06:51:20.906 I/liblog ( 2326): 6
08-22 06:51:20.907 I/liblog ( 2326): 4
08-22 06:51:20.907 I/liblog ( 2326): 5
08-22 06:51:20.907 I/liblog ( 2326): 10
08-22 06:51:20.907 I/liblog ( 2326): 8
08-22 06:51:20.908 I/liblog ( 2326): 10
08-22 06:51:20.908 I/liblog ( 2326): 7
08-22 06:51:20.908 I/liblog ( 2326): 6
08-22 06:51:20.911 I/liblog ( 2326): 9
08-22 06:51:20.911 I/liblog ( 2326): 2
08-22 06:51:20.914 I/liblog ( 2326): 8
08-22 06:51:20.915 I/liblog ( 2326): 6
08-22 06:51:20.915 I/liblog ( 2326): 2
08-22 06:51:20.916 I/liblog ( 2326): 11
08-22 06:51:20.916 I/liblog ( 2326): 5
08-22 06:51:20.916 I/liblog ( 2326): 3
08-22 06:51:20.917 I/liblog ( 2326): 8
08-22 06:51:20.917 I/liblog ( 2326): 6
08-22 06:51:20.918 I/liblog ( 2326): 7
08-22 06:51:20.918 I/liblog ( 2326): 4
08-22 06:51:20.919 I/liblog ( 2326): 5
08-22 06:51:20.920 I/liblog ( 2326): 8
08-22 06:51:20.922 I/liblog ( 2326): 3
08-22 06:51:20.922 I/liblog ( 2326): 7
08-22 06:51:20.923 I/liblog ( 2326): 6
08-22 06:51:20.923 I/liblog ( 2326): 6
08-22 06:51:20.924 I/liblog ( 2326): 9
08-22 06:51:20.924 I/liblog ( 2326): 1
08-22 06:51:20.924 I/liblog ( 2326): 10
08-22 06:51:20.926 I/liblog ( 2326): 6
08-22 06:51:20.926 I/liblog ( 2326): 4
08-22 06:51:20.927 I/liblog ( 2326): 8
08-22 06:51:20.927 I/liblog ( 2326): 13
08-22 06:51:20.930 I/liblog ( 2326): 17
08-22 06:51:20.930 I/liblog ( 2326): 3
08-22 06:51:20.931 I/liblog ( 2326): 9
08-22 06:51:20.931 I/liblog ( 2326): 11
08-22 06:51:20.931 I/liblog ( 2326): 6
08-22 06:51:20.932 I/liblog ( 2326): 15
08-22 06:51:20.934 I/liblog ( 2326): 16
08-22 06:51:20.936 I/liblog ( 2326): 3
08-22 06:51:20.936 I/liblog ( 2326): 3
08-22 06:51:20.936 I/liblog ( 2326): 5
01-01 00:38:32.395 W/logd ( 0): Skipping entries from slow reader, pid 32067, fd 15, from LogBuffer::Prune()
08-22 06:51:20.950 I/liblog ( 2326): 1
08-22 06:51:20.950 I/liblog ( 2326): 2
08-22 06:51:20.951 I/liblog ( 2326): 4
08-22 06:51:20.963 I/liblog ( 2326): 146
08-22 06:51:20.963 I/liblog ( 2326): 1
08-22 06:51:20.964 I/liblog ( 2326): 7
08-22 06:51:20.968 I/liblog ( 2326): 6
08-22 06:51:20.969 I/liblog ( 2326): 3
08-22 06:51:20.979 I/liblog ( 2326): 102
08-22 06:51:20.979 I/liblog ( 2326): 1
08-22 06:51:20.979 I/liblog ( 2326): 7
08-22 06:51:20.979 I/liblog ( 2326): 8
08-22 06:51:20.986 I/liblog ( 2326): 1
08-22 06:51:20.996 I/liblog ( 2326): 42
08-22 06:51:21.001 I/liblog ( 2326): 6
08-22 06:51:21.011 I/liblog ( 2326): 3
08-22 06:51:21.012 I/liblog ( 2326): 2
08-22 06:51:21.013 I/liblog ( 2326): 2
08-22 06:51:21.013 I/liblog ( 2326): 4
08-22 06:51:21.013 I/liblog ( 2326): 8
08-22 06:51:21.014 I/liblog ( 2326): 5
08-22 06:51:21.015 I/liblog ( 2326): 1
08-22 06:51:21.015 I/liblog ( 2326): 6
08-22 06:51:21.015 I/liblog ( 2326): 7
08-22 06:51:21.017 I/liblog ( 2326): 1
08-22 06:51:21.018 I/liblog ( 2326): 2
08-22 06:51:21.019 I/liblog ( 2326): 3
08-22 06:51:21.019 I/liblog ( 2326): 2
08-22 06:51:21.019 I/liblog ( 2326): 3
08-22 06:51:21.025 I/liblog ( 2326): 1
08-22 06:51:21.031 I/liblog ( 2326): 1
08-22 06:51:21.032 I/liblog ( 2326): 2
08-22 06:51:21.032 I/liblog ( 2326): 4
08-22 06:51:21.033 I/liblog ( 2326): 3
08-22 06:51:21.033 I/liblog ( 2326): 3
08-22 06:51:21.034 I/liblog ( 2326): 2
08-22 06:51:21.035 I/liblog ( 2326): 4
08-22 06:51:21.035 I/liblog ( 2326): 1
08-22 06:51:21.035 I/liblog ( 2326): 2
08-22 06:51:21.036 I/liblog ( 2326): 4
08-22 06:51:21.038 I/liblog ( 2326): 2
08-22 06:51:21.039 I/liblog ( 2326): 3
08-22 06:51:21.041 I/liblog ( 2326): 6
08-22 06:51:21.044 I/liblog ( 2326): 1
08-22 06:51:21.044 I/liblog ( 2326): 4
08-22 06:51:21.045 I/liblog ( 2326): 8
08-22 06:51:21.045 I/liblog ( 2326): 6
08-22 06:51:21.047 I/liblog ( 2326): 1
08-22 06:51:21.048 I/liblog ( 2326): 5
08-22 06:51:21.051 I/liblog ( 2326): 6
08-22 06:51:21.064 I/liblog ( 2326): 1
08-22 06:51:21.065 I/input_focus( 1160): [Focus request cfa8469 com.android.launcher3/com.android.launcher3.uioverrides.QuickstepLauncher,reason=UpdateInputWindows]
08-22 06:51:21.072 I/liblog ( 2326): 1
08-22 06:51:21.080 I/sysui_multi_action( 1160): [757,128,758,2,793,47135,794,299,795,47135,796,26,798,0,806,android,857,DEVELOPER_IMPORTANT,858,4,947,0,1395,3,1500,46927,1688,1]
08-22 06:51:21.081 I/notification_visibility( 1160): [-1|android|26|null|1000,0,47135,47135,0,0]
08-22 06:51:21.081 I/sysui_multi_action( 1160): [757,128,758,2,793,1878263,794,299,795,1878263,796,55,798,1,806,android,857,DEVELOPER,858,2,947,0,1395,3,1500,1877700,1688,1]
08-22 06:51:21.081 I/notification_visibility( 1160): [-1|android|55|null|1000,0,1878263,1878263,0,1]
08-22 06:51:21.082 I/sysui_multi_action( 1160): [757,128,758,2,793,47138,794,299,795,47138,796,32,798,2,806,android,857,USB,858,1,947,0,1395,3,1500,46934,1688,1]
08-22 06:51:21.082 I/notification_visibility( 1160): [-1|android|32|null|1000,0,47138,47138,0,2]
08-22 06:51:21.083 I/sysui_multi_action( 1160): [757,127,758,2]
08-22 06:51:21.083 I/notification_panel_hidden( 1160):
08-22 06:51:21.085 I/liblog ( 2326): 104
08-22 06:51:21.085 I/liblog ( 2326): 8
08-22 06:51:21.086 I/liblog ( 2326): 13
08-22 06:51:21.086 I/liblog ( 2326): 1
08-22 06:51:21.086 I/liblog ( 2326): 12
08-22 06:51:21.087 I/liblog ( 2326): 8
08-22 06:51:21.087 I/liblog ( 2326): 11
08-22 06:51:21.088 I/liblog ( 2326): 1
08-22 06:51:21.088 I/liblog ( 2326): 4
08-22 06:51:21.088 I/liblog ( 2326): 5
08-22 06:51:21.089 I/liblog ( 2326): 6
08-22 06:51:21.089 I/liblog ( 2326): 6
08-22 06:51:21.089 I/liblog ( 2326): 5
08-22 06:51:21.090 I/liblog ( 2326): 5
08-22 06:51:21.090 I/liblog ( 2326): 3
08-22 06:51:21.090 I/liblog ( 2326): 7
08-22 06:51:21.091 I/liblog ( 2326): 6
08-22 06:51:21.092 I/liblog ( 2326): 2
08-22 06:51:21.092 I/liblog ( 2326): 5
08-22 06:51:21.092 I/liblog ( 2326): 5
08-22 06:51:21.093 I/liblog ( 2326): 2
08-22 06:51:21.093 I/liblog ( 2326): 4
08-22 06:51:21.093 I/liblog ( 2326): 1
08-22 06:51:21.094 I/liblog ( 2326): 10
08-22 06:51:21.094 I/liblog ( 2326): 7
08-22 06:51:21.095 I/liblog ( 2326): 15
08-22 06:51:21.095 I/liblog ( 2326): 2
08-22 06:51:21.095 I/liblog ( 2326): 8
08-22 06:51:21.096 I/liblog ( 2326): 6
08-22 06:51:21.096 I/liblog ( 2326): 1
08-22 06:51:21.096 I/liblog ( 2326): 10
08-22 06:51:21.097 I/liblog ( 2326): 22
08-22 06:51:21.097 I/liblog ( 2326): 2
08-22 06:51:21.098 I/liblog ( 2326): 23
08-22 06:51:21.099 I/liblog ( 2326): 9
08-22 06:51:21.099 I/liblog ( 2326): 7
08-22 06:51:21.099 I/liblog ( 2326): 3
08-22 06:51:21.102 I/liblog ( 2326): 1
08-22 06:51:21.103 I/liblog ( 2326): 15
08-22 06:51:21.103 I/liblog ( 2326): 10
08-22 06:51:21.103 I/liblog ( 2326): 7
08-22 06:51:21.104 I/liblog ( 2326): 6
08-22 06:51:21.104 I/input_focus( 1160): [Focus leaving 7b76b2f NotificationShade (server),reason=NO_WINDOW]
08-22 06:51:21.104 I/input_focus( 1160): [Focus entering cfa8469 com.android.launcher3/com.android.launcher3.uioverrides.QuickstepLauncher (server),reason=setFocusedWindow]
08-22 06:51:21.105 I/liblog ( 2326): 2
08-22 06:51:21.105 I/liblog ( 2326): 2
08-22 06:51:21.108 I/liblog ( 2326): 2
08-22 06:51:21.108 I/liblog ( 2326): 10
08-22 06:51:21.109 I/liblog ( 2326): 7
08-22 06:51:21.109 I/liblog ( 2326): 11
08-22 06:51:21.109 I/liblog ( 2326): 11
08-22 06:51:21.110 I/liblog ( 2326): 9
08-22 06:51:21.110 I/liblog ( 2326): 10
08-22 06:51:21.110 I/liblog ( 2326): 8
08-22 06:51:21.111 I/liblog ( 2326): 14
08-22 06:51:21.112 I/liblog ( 2326): 2
08-22 06:51:21.112 I/liblog ( 2326): 9
08-22 06:51:21.112 I/liblog ( 2326): 7
08-22 06:51:21.112 I/liblog ( 2326): 6
08-22 06:51:21.113 I/liblog ( 2326): 6
08-22 06:51:21.113 I/liblog ( 2326): 5
08-22 06:51:21.113 I/liblog ( 2326): 12
08-22 06:51:21.114 I/liblog ( 2326): 8
08-22 06:51:21.114 I/liblog ( 2326): 9
08-22 06:51:21.114 I/liblog ( 2326): 9
08-22 06:51:21.115 I/liblog ( 2326): 12
08-22 06:51:21.115 I/liblog ( 2326): 12
08-22 06:51:21.115 I/liblog ( 2326): 5
08-22 06:51:21.117 I/liblog ( 2326): 3
08-22 06:51:21.118 I/liblog ( 2326): 6
08-22 06:51:21.119 I/liblog ( 2326): 3
08-22 06:51:21.123 I/liblog ( 2326): 17
08-22 06:51:21.123 I/liblog ( 2326): 8
08-22 06:51:21.124 I/liblog ( 2326): 17
08-22 06:51:21.124 I/liblog ( 2326): 5
08-22 06:51:21.125 I/liblog ( 2326): 11
08-22 06:51:21.126 I/liblog ( 2326): 18
08-22 06:51:21.127 I/liblog ( 2326): 2
08-22 06:51:21.127 I/liblog ( 2326): 10
08-22 06:51:21.128 I/liblog ( 2326): 5
08-22 06:51:21.128 I/liblog ( 2326): 6
08-22 06:51:21.128 I/liblog ( 2326): 7
08-22 06:51:21.129 I/liblog ( 2326): 10
08-22 06:51:21.129 I/liblog ( 2326): 15
08-22 06:51:21.130 I/liblog ( 2326): 8
08-22 06:51:21.130 I/liblog ( 2326): 4
08-22 06:51:21.130 I/liblog ( 2326): 7
08-22 06:51:21.130 I/liblog ( 2326): 6
08-22 06:51:21.131 I/liblog ( 2326): 4
08-22 06:51:21.132 I/liblog ( 2326): 21
01-01 00:38:32.584 D/ ( 0): mv2112_read_status
08-22 06:51:21.132 I/liblog ( 2326): 7
08-22 06:51:21.132 I/liblog ( 2326): 1
08-22 06:51:21.133 I/liblog ( 2326): 12
08-22 06:51:21.133 I/liblog ( 2326): 4
08-22 06:51:21.134 I/liblog ( 2326): 3
08-22 06:51:21.134 I/liblog ( 2326): 4
08-22 06:51:21.135 I/liblog ( 2326): 9
08-22 06:51:21.135 I/liblog ( 2326): 7
08-22 06:51:21.135 I/liblog ( 2326): 6
08-22 06:51:21.136 I/liblog ( 2326): 10
08-22 06:51:21.136 I/liblog ( 2326): 9
01-01 00:38:32.587 D/mv2112_update_link( 0): 3.0x901(1G): 0x80
08-22 06:51:21.136 I/liblog ( 2326): 2
01-01 00:38:32.596 D/mv2112_update_link( 0): 3.0x8109(100M): 0x0
08-22 06:51:21.137 I/liblog ( 2326): 9
01-01 00:38:32.601 D/mv2112_update_link( 0): link 0x0
08-22 06:51:21.137 I/liblog ( 2326): 8
01-01 00:38:32.606 D/mv2112_read_status( 0): autoneg is disabled
08-22 06:51:21.137 I/liblog ( 2326): 7
08-22 06:51:21.138 I/liblog ( 2326): 11
08-22 06:51:21.138 I/liblog ( 2326): 7
08-22 06:51:21.142 I/liblog ( 2326): 95
08-22 06:51:21.143 I/liblog ( 2326): 14
08-22 06:51:21.143 I/liblog ( 2326): 8
08-22 06:51:21.144 I/liblog ( 2326): 9
08-22 06:51:21.145 I/liblog ( 2326): 6
08-22 06:51:21.146 I/liblog ( 2326): 1
08-22 06:51:21.146 I/liblog ( 2326): 5
08-22 06:51:21.147 I/liblog ( 2326): 1
08-22 06:51:21.147 I/liblog ( 2326): 3
08-22 06:51:21.147 I/liblog ( 2326): 7
08-22 06:51:21.147 I/liblog ( 2326): 5
08-22 06:51:21.148 I/liblog ( 2326): 2
08-22 06:51:21.148 I/liblog ( 2326): 5
08-22 06:51:21.149 I/liblog ( 2326): 7
08-22 06:51:21.149 I/liblog ( 2326): 4
08-22 06:51:21.149 I/liblog ( 2326): 2
08-22 06:51:21.150 I/liblog ( 2326): 11
08-22 06:51:21.151 I/liblog ( 2326): 20
08-22 06:51:21.151 I/liblog ( 2326): 1
08-22 06:51:21.152 I/liblog ( 2326): 9
08-22 06:51:21.152 I/liblog ( 2326): 8
08-22 06:51:21.152 I/liblog ( 2326): 7
08-22 06:51:21.153 I/liblog ( 2326): 9
08-22 06:51:21.153 I/liblog ( 2326): 11
08-22 06:51:21.154 I/liblog ( 2326): 7
08-22 06:51:21.154 I/liblog ( 2326): 4
08-22 06:51:21.155 I/liblog ( 2326): 6
08-22 06:51:21.157 I/liblog ( 2326): 2
08-22 06:51:21.158 I/liblog ( 2326): 1
08-22 06:51:21.158 I/liblog ( 2326): 5
08-22 06:51:21.159 I/liblog ( 2326): 7
08-22 06:51:21.159 I/liblog ( 2326): 15
08-22 06:51:21.160 I/liblog ( 2326): 3
08-22 06:51:21.160 I/liblog ( 2326): 13
08-22 06:51:21.161 I/liblog ( 2326): 14
08-22 06:51:21.161 I/liblog ( 2326): 3
08-22 06:51:21.162 I/liblog ( 2326): 3
08-22 06:51:21.163 I/liblog ( 2326): 9
08-22 06:51:21.163 I/liblog ( 2326): 3
08-22 06:51:21.163 I/liblog ( 2326): 7
08-22 06:51:21.163 I/liblog ( 2326): 3
08-22 06:51:21.164 I/liblog ( 2326): 4
08-22 06:51:21.164 I/liblog ( 2326): 5
08-22 06:51:21.164 I/liblog ( 2326): 6
08-22 06:51:21.165 I/liblog ( 2326): 6
08-22 06:51:21.165 I/liblog ( 2326): 4
08-22 06:51:21.165 I/liblog ( 2326): 7
08-22 06:51:21.166 I/liblog ( 2326): 6
08-22 06:51:21.166 I/liblog ( 2326): 2
08-22 06:51:21.167 I/liblog ( 2326): 14
08-22 06:51:21.167 I/liblog ( 2326): 5
08-22 06:51:21.167 I/liblog ( 2326): 6
08-22 06:51:21.168 I/liblog ( 2326): 6
08-22 06:51:21.168 I/liblog ( 2326): 8
08-22 06:51:21.168 I/liblog ( 2326): 6
08-22 06:51:21.169 I/liblog ( 2326): 3
08-22 06:51:21.169 I/liblog ( 2326): 6
08-22 06:51:21.169 I/liblog ( 2326): 8
08-22 06:51:21.170 I/liblog ( 2326): 3
08-22 06:51:21.170 I/liblog ( 2326): 7
08-22 06:51:21.170 I/liblog ( 2326): 4
08-22 06:51:21.172 I/liblog ( 2326): 5
08-22 06:51:21.172 I/liblog ( 2326): 4
08-22 06:51:21.173 I/liblog ( 2326): 8
08-22 06:51:21.173 I/liblog ( 2326): 1
08-22 06:51:21.173 I/liblog ( 2326): 9
08-22 06:51:21.174 I/liblog ( 2326): 10
08-22 06:51:21.174 I/liblog ( 2326): 8
08-22 06:51:21.175 I/liblog ( 2326): 6
08-22 06:51:21.175 I/liblog ( 2326): 1
08-22 06:51:21.175 I/liblog ( 2326): 4
08-22 06:51:21.176 I/liblog ( 2326): 5
08-22 06:51:21.176 I/liblog ( 2326): 4
08-22 06:51:21.178 I/liblog ( 2326): 3
08-22 06:51:21.179 I/liblog ( 2326): 1
08-22 06:51:21.180 I/liblog ( 2326): 3
08-22 06:51:21.181 I/liblog ( 2326): 2
08-22 06:51:21.181 I/liblog ( 2326): 1
08-22 06:51:21.181 I/liblog ( 2326): 6
08-22 06:51:21.181 I/liblog ( 2326): 6
08-22 06:51:21.182 I/liblog ( 2326): 4
08-22 06:51:21.183 I/liblog ( 2326): 3
08-22 06:51:21.185 I/liblog ( 2326): 3
08-22 06:51:21.185 I/liblog ( 2326): 6
08-22 06:51:21.186 I/liblog ( 2326): 1
08-22 06:51:21.186 I/liblog ( 2326): 6
08-22 06:51:21.187 I/liblog ( 2326): 10
08-22 06:51:21.187 I/liblog ( 2326): 5
08-22 06:51:21.187 I/liblog ( 2326): 5
08-22 06:51:21.188 I/liblog ( 2326): 10
08-22 06:51:21.188 I/liblog ( 2326): 7
08-22 06:51:21.189 I/liblog ( 2326): 6
08-22 06:51:21.190 I/liblog ( 2326): 4
08-22 06:51:21.190 I/liblog ( 2326): 5
08-22 06:51:21.190 I/liblog ( 2326): 6
08-22 06:51:21.191 I/liblog ( 2326): 3
08-22 06:51:21.191 I/liblog ( 2326): 6
08-22 06:51:21.191 I/liblog ( 2326): 4
08-22 06:51:21.192 I/liblog ( 2326): 5
08-22 06:51:21.193 I/liblog ( 2326): 3
08-22 06:51:21.193 I/liblog ( 2326): 2
08-22 06:51:21.194 I/liblog ( 2326): 8
08-22 06:51:21.194 I/liblog ( 2326): 3
08-22 06:51:21.194 I/liblog ( 2326): 7
08-22 06:51:21.198 I/liblog ( 2326): 43
08-22 06:51:21.199 I/liblog ( 2326): 4
08-22 06:51:21.199 I/liblog ( 2326): 3
08-22 06:51:21.199 I/liblog ( 2326): 2
08-22 06:51:21.199 I/liblog ( 2326): 4
08-22 06:51:21.200 I/liblog ( 2326): 5
08-22 06:51:21.201 I/liblog ( 2326): 5
08-22 06:51:21.201 I/liblog ( 2326): 3
08-22 06:51:21.308 I/liblog ( 2326): 17
08-22 06:51:21.320 I/dvm_lock_sample( 2326): [com.thundercomm.remotecontrolser,0,Thread-340798,129,Throwable.java,665,void java.lang.Throwable.printStackTrace(java.lang.Throwable$PrintStreamOrWriter),,0,null,25]
08-22 06:51:21.330 I/dvm_lock_sample( 2326): [com.thundercomm.remotecontrolser,0,Thread-340785,171,Throwable.java,665,void java.lang.Throwable.printStackTrace(java.lang.Throwable$PrintStreamOrWriter),,0,null,34]
08-22 06:51:21.342 I/liblog ( 2326): 28
08-22 06:51:21.342 I/dvm_lock_sample( 2326): [com.thundercomm.remotecontrolser,0,Thread-340810,238,Throwable.java,665,void java.lang.Throwable.printStackTrace(java.lang.Throwable$PrintStreamOrWriter),,0,null,47]
08-22 06:51:21.343 I/liblog ( 2326): 1
08-22 06:51:21.350 I/liblog ( 2326): 7
08-22 06:51:21.350 I/dvm_lock_sample( 2326): [com.thundercomm.remotecontrolser,0,Thread-340714,151,Throwable.java,665,void java.lang.Throwable.printStackTrace(java.lang.Throwable$PrintStreamOrWriter),,0,null,30]
08-22 06:51:21.354 I/liblog ( 2326): 1
08-22 06:51:21.354 I/liblog ( 2326): 2
08-22 06:51:21.355 I/liblog ( 2326): 4
08-22 06:51:21.355 I/liblog ( 2326): 6
08-22 06:51:21.355 I/liblog ( 2326): 5
08-22 06:51:21.356 I/liblog ( 2326): 6
08-22 06:51:21.358 I/liblog ( 2326): 16
08-22 06:51:21.359 I/liblog ( 2326): 19
08-22 06:51:21.359 I/liblog ( 2326): 5
08-22 06:51:21.360 I/liblog ( 2326): 5
08-22 06:51:21.360 I/liblog ( 2326): 5
08-22 06:51:21.360 I/liblog ( 2326): 4
08-22 06:51:21.361 I/liblog ( 2326): 11
08-22 06:51:21.361 I/liblog ( 2326): 2
08-22 06:51:21.362 I/liblog ( 2326): 10
08-22 06:51:21.364 I/liblog ( 2326): 6
08-22 06:51:21.364 I/dvm_lock_sample( 2326): [com.thundercomm.remotecontrolser,0,Thread-340791,125,Throwable.java,665,void java.lang.Throwable.printStackTrace(java.lang.Throwable$PrintStreamOrWriter),,0,null,25]
08-22 06:51:21.365 I/liblog ( 2326): 2
08-22 06:51:21.365 I/liblog ( 2326): 6
08-22 06:51:21.367 I/liblog ( 2326): 4
08-22 06:51:21.367 I/dvm_lock_sample( 2326): [com.thundercomm.remotecontrolser,0,Thread-340838,117,Throwable.java,665,void java.lang.Throwable.printStackTrace(java.lang.Throwable$PrintStreamOrWriter),,0,null,23]
08-22 06:51:21.367 I/liblog ( 2326): 2
08-22 06:51:21.368 I/liblog ( 2326): 5
08-22 06:51:21.368 I/liblog ( 2326): 6
08-22 06:51:21.369 I/liblog ( 2326): 17
08-22 06:51:21.369 I/liblog ( 2326): 3
08-22 06:51:21.370 I/liblog ( 2326): 13
08-22 06:51:21.370 I/liblog ( 2326): 1
08-22 06:51:21.376 I/liblog ( 2326): 77
08-22 06:51:21.376 I/liblog ( 2326): 3
08-22 06:51:21.377 I/liblog ( 2326): 5
08-22 06:51:21.378 I/liblog ( 2326): 18
08-22 06:51:21.378 I/liblog ( 2326): 5
08-22 06:51:21.379 I/liblog ( 2326): 4
08-22 06:51:21.379 I/liblog ( 2326): 2
08-22 06:51:21.379 I/liblog ( 2326): 5
08-22 06:51:21.379 I/liblog ( 2326): 6
08-22 06:51:21.380 I/liblog ( 2326): 6
08-22 06:51:21.380 I/liblog ( 2326): 1
08-22 06:51:21.380 I/liblog ( 2326): 10
08-22 06:51:21.381 I/liblog ( 2326): 6
08-22 06:51:21.381 I/liblog ( 2326): 4
08-22 06:51:21.381 I/liblog ( 2326): 6
08-22 06:51:21.382 I/liblog ( 2326): 6
08-22 06:51:21.382 I/liblog ( 2326): 1
08-22 06:51:21.382 I/liblog ( 2326): 5
08-22 06:51:21.383 I/liblog ( 2326): 5
08-22 06:51:21.383 I/liblog ( 2326): 6
08-22 06:51:21.383 I/liblog ( 2326): 2
08-22 06:51:21.384 I/liblog ( 2326): 13
08-22 06:51:21.385 I/liblog ( 2326): 3
08-22 06:51:21.394 I/liblog ( 2326): 101
01-01 00:38:32.869 I/init ( 0): starting service 'qvrd_vndr'...
08-22 06:51:21.408 I/liblog ( 2326): 143
01-01 00:38:32.876 I/init ( 0): Created socket '/dev/socket/qvrservice_vndr', mode 660, user 1000, group 1000
08-22 06:51:21.415 I/liblog ( 2326): 101
08-22 06:51:21.420 I/liblog ( 2326): 8
08-22 06:51:21.420 I/dvm_lock_sample( 2326): [com.thundercomm.remotecontrolser,0,Thread-340813,85,Throwable.java,665,void java.lang.Throwable.printStackTrace(java.lang.Throwable$PrintStreamOrWriter),,0,null,17]
01-01 00:38:32.890 I/init ( 0): Created socket '/dev/socket/qvrservice_vndr_camera', mode 660, user 1000, group 1000
01-01 00:38:32.903 W/logd ( 0): Skipping entries from slow reader, pid 32067, fd 15, from LogBuffer::Prune()
01-01 00:38:32.914 I/init ( 0): starting service 'sxrd'...
01-01 00:38:32.928 I/init ( 0): Service 'qvrd_vndr' (pid 9234) exited with status 1
08-22 06:51:21.461 I/dvm_lock_sample( 2326): [com.thundercomm.remotecontrolser,0,Thread-340697,255,Throwable.java,665,void java.lang.Throwable.printStackTrace(java.lang.Throwable$PrintStreamOrWriter),,0,null,51]
01-01 00:38:32.935 I/init ( 0): Sending signal 9 to service 'qvrd_vndr' (pid 9234) process group...
08-22 06:51:21.501 I/liblog ( 2326): 206
01-01 00:38:32.944 I/libprocessgroup( 0): Successfully killed process cgroup uid 1000 pid 9234 in 0ms
01-01 00:38:32.954 I/init ( 0): Service 'sxrd' (pid 9238) exited with status 1
08-22 06:51:21.593 I/dvm_lock_sample( 2326): [com.thundercomm.remotecontrolser,0,Thread-340821,237,Throwable.java,665,void java.lang.Throwable.printStackTrace(java.lang.Throwable$PrintStreamOrWriter),,0,null,47]
01-01 00:38:32.960 I/init ( 0): Sending signal 9 to service 'sxrd' (pid 9238) process group...
08-22 06:51:21.595 I/input_interaction( 1160): Interaction with: cfa8469 com.android.launcher3/com.android.launcher3.uioverrides.QuickstepLauncher (server), ec90026 com.android.systemui.ImageWallpaper (server), edge-swipe (server), swipe-up (server), PointerEventDispatcher0 (server),
01-01 00:38:32.968 I/libprocessgroup( 0): Successfully killed process cgroup uid 1000 pid 9238 in 0ms
08-22 06:51:21.607 F/linker ( 9234): CANNOT LINK EXECUTABLE "/vendor/bin/hw/qvrservice": library "vendor.qti.hardware.qxr-V1-ndk_platform.so" not found: needed by /vendor/lib64/libqvrservice.so in namespace (default)
08-22 06:51:21.609 I/dvm_lock_sample( 2326): [com.thundercomm.remotecontrolser,0,Thread-340887,250,Throwable.java,665,void java.lang.Throwable.printStackTrace(java.lang.Throwable$PrintStreamOrWriter),,0,null,50]
08-22 06:51:21.617 I/dvm_lock_sample( 2326): [com.thundercomm.remotecontrolser,0,Thread-340878,256,Throwable.java,665,void java.lang.Throwable.printStackTrace(java.lang.Throwable$PrintStreamOrWriter),,0,null,51]
08-22 06:51:21.624 F/linker ( 9238): CANNOT LINK EXECUTABLE "/vendor/bin/hw/sxrservice": library "vendor.qti.hardware.qxr-V1-ndk_platform.so" not found: needed by main executable
08-22 06:51:21.636 I/dvm_lock_sample( 2326): [com.thundercomm.remotecontrolser,0,Thread-340834,389,Throwable.java,665,void java.lang.Throwable.printStackTrace(java.lang.Throwable$PrintStreamOrWriter),,0,null,77]
08-22 06:51:21.666 I/liblog ( 2326): 100
08-22 06:51:21.667 I/liblog ( 2326): 4
08-22 06:51:21.671 I/liblog ( 2326): 4
08-22 06:51:21.675 I/dvm_lock_sample( 2326): [com.thundercomm.remotecontrolser,0,Thread-340907,295,Throwable.java,665,void java.lang.Throwable.printStackTrace(java.lang.Throwable$PrintStreamOrWriter),,0,null,59]
01-01 00:38:33.137 I/IRQ 5 ( 0): no longer affine to CPU7
08-22 06:51:21.684 I/dvm_lock_sample( 2326): [com.thundercomm.remotecontrolser,0,Thread-340905,301,Throwable.java,665,void java.lang.Throwable.printStackTrace(java.lang.Throwable$PrintStreamOrWriter),,0,null,60]
08-22 06:51:21.695 I/sysui_multi_action( 1160): [757,127,758,1]
08-22 06:51:21.695 I/sysui_multi_action( 1160): [757,804,799,note_load,801,3,802,1]
08-22 06:51:21.695 I/notification_panel_revealed( 1160): 3
08-22 06:51:21.697 I/dvm_lock_sample( 2326): [com.thundercomm.remotecontrolser,0,Thread-340920,310,Throwable.java,665,void java.lang.Throwable.printStackTrace(java.lang.Throwable$PrintStreamOrWriter),,0,null,62]
08-22 06:51:21.714 I/dvm_lock_sample( 2326): [com.thundercomm.remotecontrolser,0,Thread-340717,439,Throwable.java,665,void java.lang.Throwable.printStackTrace(java.lang.Throwable$PrintStreamOrWriter),,0,null,87]
08-22 06:51:21.714 I/input_focus( 1160): [Focus request 7b76b2f NotificationShade,reason=UpdateInputWindows]
08-22 06:51:21.719 I/dvm_lock_sample( 2326): [com.thundercomm.remotecontrolser,0,Thread-340847,444,Throwable.java,665,void java.lang.Throwable.printStackTrace(java.lang.Throwable$PrintStreamOrWriter),,0,null,88]
08-22 06:51:21.735 I/dvm_lock_sample( 2326): [com.thundercomm.remotecontrolser,0,Thread-340866,447,Throwable.java,665,void java.lang.Throwable.printStackTrace(java.lang.Throwable$PrintStreamOrWriter),,0,null,89]
08-22 06:51:21.739 I/input_focus( 1160): [Focus leaving cfa8469 com.android.launcher3/com.android.launcher3.uioverrides.QuickstepLauncher (server),reason=setFocusedWindow]
08-22 06:51:21.740 I/input_focus( 1160): [Focus entering 7b76b2f NotificationShade (server),reason=setFocusedWindow]
01-01 00:38:33.205 W/logd ( 0): Skipping entries from slow reader, pid 32067, fd 15, from LogBuffer::Prune()
08-22 06:51:21.746 I/liblog ( 2326): 41
08-22 06:51:21.747 I/liblog ( 2326): 1
08-22 06:51:21.747 I/liblog ( 2326): 1
08-22 06:51:21.750 I/liblog ( 2326): 16
08-22 06:51:21.752 I/input_interaction( 1160): Interaction with: cfa8469 com.android.launcher3/com.android.launcher3.uioverrides.QuickstepLauncher (server), ec90026 com.android.systemui.ImageWallpaper (server), 7b76b2f NotificationShade (server), edge-swipe (server), swipe-up (server), PointerEventDispatcher0 (server),
08-22 06:51:21.752 I/liblog ( 2326): 12
08-22 06:51:21.752 I/view_enqueue_input_event(12974): [Motion - Cancel,com.android.launcher3/com.android.launcher3.uioverrides.QuickstepLauncher]
08-22 06:51:21.755 I/sysui_multi_action( 1935): [757,803,799,panel_open,802,1]
08-22 06:51:21.755 I/sysui_multi_action( 1935): [757,1328,758,4,1326,65,1327,58,1329,0]
08-22 06:51:21.763 I/liblog ( 2326): 19
08-22 06:51:21.763 I/dvm_lock_sample( 2326): [com.thundercomm.remotecontrolser,0,Thread-340675,468,Throwable.java,665,void java.lang.Throwable.printStackTrace(java.lang.Throwable$PrintStreamOrWriter),,0,null,93]
08-22 06:51:21.766 I/input_interaction( 1160): Interaction with: ec90026 com.android.systemui.ImageWallpaper (server), 7b76b2f NotificationShade (server), edge-swipe (server), swipe-up (server), PointerEventDispatcher0 (server),
08-22 06:51:21.766 I/liblog ( 2326): 4
08-22 06:51:21.771 I/liblog ( 2326): 54
08-22 06:51:21.784 I/liblog ( 2326): 84
08-22 06:51:21.788 I/sysui_latency( 1935): [0,140]
08-22 06:51:21.813 I/liblog ( 2326): 137
08-22 06:51:21.813 I/dvm_lock_sample( 2326): [com.thundercomm.remotecontrolser,0,Thread-340863,460,Throwable.java,665,void java.lang.Throwable.printStackTrace(java.lang.Throwable$PrintStreamOrWriter),,0,null,92]
08-22 06:51:21.816 I/dvm_lock_sample( 2326): [com.thundercomm.remotecontrolser,0,Thread-340933,374,Throwable.java,665,void java.lang.Throwable.printStackTrace(java.lang.Throwable$PrintStreamOrWriter),,0,null,74]
08-22 06:51:21.820 I/liblog ( 2326): 10
08-22 06:51:21.821 I/liblog ( 2326): 5
08-22 06:51:21.822 I/liblog ( 2326): 6
08-22 06:51:21.825 I/liblog ( 2326): 52
08-22 06:51:21.825 I/liblog ( 2326): 6
08-22 06:51:21.826 I/liblog ( 2326): 6
08-22 06:51:21.826 I/liblog ( 2326): 5
08-22 06:51:21.826 I/liblog ( 2326): 8
08-22 06:51:21.827 I/liblog ( 2326): 7
08-22 06:51:21.827 I/dvm_lock_sample( 2326): [com.thundercomm.remotecontrolser,0,Thread-340943,329,Throwable.java,665,void java.lang.Throwable.printStackTrace(java.lang.Throwable$PrintStreamOrWriter),,0,null,65]
08-22 06:51:21.827 I/liblog ( 2326): 5
08-22 06:51:21.828 I/liblog ( 2326): 7
08-22 06:51:21.829 I/liblog ( 2326): 5
08-22 06:51:21.830 I/liblog ( 2326): 4
08-22 06:51:21.830 I/liblog ( 2326): 6
08-22 06:51:21.831 I/liblog ( 2326): 4
08-22 06:51:21.839 I/liblog ( 2326): 15
08-22 06:51:21.839 I/dvm_lock_sample( 2326): [com.thundercomm.remotecontrolser,0,Thread-340959,329,Throwable.java,665,void java.lang.Throwable.printStackTrace(java.lang.Throwable$PrintStreamOrWriter),,0,null,65]
08-22 06:51:21.841 I/liblog ( 2326): 14
08-22 06:51:21.856 I/liblog ( 2326): 12
08-22 06:51:21.856 I/dvm_lock_sample( 2326): [com.thundercomm.remotecontrolser,0,Thread-340949,333,Throwable.java,665,void java.lang.Throwable.printStackTrace(java.lang.Throwable$PrintStreamOrWriter),,0,null,66]
08-22 06:51:21.870 I/liblog ( 2326): 30
08-22 06:51:21.870 I/dvm_lock_sample( 2326): [com.thundercomm.remotecontrolser,0,Thread-340953,353,Throwable.java,665,void java.lang.Throwable.printStackTrace(java.lang.Throwable$PrintStreamOrWriter),,0,null,70]
08-22 06:51:21.907 I/liblog ( 2326): 37
08-22 06:51:21.907 I/dvm_lock_sample( 2326): [com.thundercomm.remotecontrolser,0,Thread-340956,368,Throwable.java,665,void java.lang.Throwable.printStackTrace(java.lang.Throwable$PrintStreamOrWriter),,0,null,73]
08-22 06:51:21.928 I/liblog ( 2326): 28
08-22 06:51:21.928 I/dvm_lock_sample( 2326): [com.thundercomm.remotecontrolser,0,Thread-340961,381,Throwable.java,665,void java.lang.Throwable.printStackTrace(java.lang.Throwable$PrintStreamOrWriter),,0,null,76]
08-22 06:51:21.933 I/dvm_lock_sample( 2326): [com.thundercomm.remotecontrolser,0,Thread-340952,399,Throwable.java,665,void java.lang.Throwable.printStackTrace(java.lang.Throwable$PrintStreamOrWriter),,0,null,79]
08-22 06:51:21.935 I/liblog ( 2326): 1
08-22 06:51:21.935 I/liblog ( 2326): 3
08-22 06:51:21.936 I/liblog ( 2326): 13
08-22 06:51:21.937 I/liblog ( 2326): 4
08-22 06:51:21.937 I/liblog ( 2326): 2
08-22 06:51:21.937 I/liblog ( 2326): 8
08-22 06:51:21.938 I/liblog ( 2326): 5
08-22 06:51:21.938 I/liblog ( 2326): 4
08-22 06:51:21.938 I/liblog ( 2326): 4
08-22 06:51:21.938 I/liblog ( 2326): 5
08-22 06:51:21.939 I/liblog ( 2326): 7
08-22 06:51:21.939 I/dvm_lock_sample( 2326): [com.thundercomm.remotecontrolser,0,Thread-340950,401,Throwable.java,665,void java.lang.Throwable.printStackTrace(java.lang.Throwable$PrintStreamOrWriter),,0,null,80]
08-22 06:51:21.939 I/liblog ( 2326): 1
08-22 06:51:21.940 I/liblog ( 2326): 6
08-22 06:51:21.940 I/liblog ( 2326): 6
08-22 06:51:21.944 I/liblog ( 2326): 4
08-22 06:51:21.944 I/dvm_lock_sample( 2326): [com.thundercomm.remotecontrolser,0,Thread-340967,394,Throwable.java,665,void java.lang.Throwable.printStackTrace(java.lang.Throwable$PrintStreamOrWriter),,0,null,78]
08-22 06:51:21.945 I/liblog ( 2326): 6
08-22 06:51:21.945 I/liblog ( 2326): 1
08-22 06:51:21.945 I/dvm_lock_sample( 2326): [com.thundercomm.remotecontrolser,0,Thread-340966,397,Throwable.java,665,void java.lang.Throwable.printStackTrace(java.lang.Throwable$PrintStreamOrWriter),,0,null,79]
08-22 06:51:21.946 I/liblog ( 2326): 1
08-22 06:51:21.946 I/liblog ( 2326): 5
08-22 06:51:21.946 I/liblog ( 2326): 6
08-22 06:51:21.947 I/liblog ( 2326): 5
08-22 06:51:21.947 I/dvm_lock_sample( 2326): [com.thundercomm.remotecontrolser,0,Thread-340963,397,Throwable.java,665,void java.lang.Throwable.printStackTrace(java.lang.Throwable$PrintStreamOrWriter),,0,null,79]
08-22 06:51:21.947 I/liblog ( 2326): 8
08-22 06:51:21.948 I/liblog ( 2326): 7
08-22 06:51:21.948 I/liblog ( 2326): 3
08-22 06:51:21.948 I/liblog ( 2326): 10
08-22 06:51:21.950 I/liblog ( 2326): 5
08-22 06:51:21.950 I/dvm_lock_sample( 2326): [com.thundercomm.remotecontrolser,0,Thread-340965,391,Throwable.java,665,void java.lang.Throwable.printStackTrace(java.lang.Throwable$PrintStreamOrWriter),,0,null,78]
08-22 06:51:21.950 I/liblog ( 2326): 1
08-22 06:51:21.951 I/liblog ( 2326): 5
08-22 06:51:21.951 I/liblog ( 2326): 5
08-22 06:51:21.951 I/liblog ( 2326): 2
08-22 06:51:21.952 I/liblog ( 2326): 4
08-22 06:51:21.953 I/liblog ( 2326): 8
08-22 06:51:21.961 I/dvm_lock_sample( 2326): [com.thundercomm.remotecontrolser,0,Thread-340973,394,Throwable.java,665,void java.lang.Throwable.printStackTrace(java.lang.Throwable$PrintStreamOrWriter),,0,null,78]
08-22 06:51:21.968 I/dvm_lock_sample( 2326): [com.thundercomm.remotecontrolser,0,Thread-340970,399,Throwable.java,665,void java.lang.Throwable.printStackTrace(java.lang.Throwable$PrintStreamOrWriter),,0,null,79]
08-22 06:51:21.982 I/liblog ( 2326): 1
08-22 06:51:21.982 I/dvm_lock_sample( 2326): [com.thundercomm.remotecontrolser,0,Thread-340969,395,Throwable.java,665,void java.lang.Throwable.printStackTrace(java.lang.Throwable$PrintStreamOrWriter),,0,null,79]
08-22 06:51:21.983 I/liblog ( 2326): 5
08-22 06:51:21.984 I/liblog ( 2326): 7
08-22 06:51:21.985 I/liblog ( 2326): 10
08-22 06:51:21.986 I/liblog ( 2326): 2
08-22 06:51:21.986 I/liblog ( 2326): 8
08-22 06:51:21.987 I/liblog ( 2326): 6
08-22 06:51:21.987 I/liblog ( 2326): 1
08-22 06:51:21.987 I/liblog ( 2326): 9
08-22 06:51:21.988 I/liblog ( 2326): 5
08-22 06:51:21.988 I/liblog ( 2326): 2
08-22 06:51:21.988 I/liblog ( 2326): 2
08-22 06:51:21.989 I/liblog ( 2326): 8
08-22 06:51:21.989 I/liblog ( 2326): 5
08-22 06:51:21.990 I/liblog ( 2326): 15
08-22 06:51:21.993 I/liblog ( 2326): 1
08-22 06:51:21.993 I/dvm_lock_sample( 2326): [com.thundercomm.remotecontrolser,0,Thread-340976,408,Throwable.java,665,void java.lang.Throwable.printStackTrace(java.lang.Throwable$PrintStreamOrWriter),,0,null,81]
08-22 06:51:22.023 I/liblog ( 2326): 22
08-22 06:51:22.023 I/dvm_lock_sample( 2326): [com.thundercomm.remotecontrolser,0,Thread-340983,426,Throwable.java,665,void java.lang.Throwable.printStackTrace(java.lang.Throwable$PrintStreamOrWriter),,0,null,85]
08-22 06:51:22.030 I/liblog ( 2326): 3
08-22 06:51:22.030 I/dvm_lock_sample( 2326): [com.thundercomm.remotecontrolser,0,Thread-340988,440,Throwable.java,665,void java.lang.Throwable.printStackTrace(java.lang.Throwable$PrintStreamOrWriter),,0,null,88]
08-22 06:51:22.035 I/dvm_lock_sample( 2326): [com.thundercomm.remotecontrolser,0,Thread-340978,450,Throwable.java,665,void java.lang.Throwable.printStackTrace(java.lang.Throwable$PrintStreamOrWriter),,0,null,90]
08-22 06:51:22.043 I/dvm_lock_sample( 2326): [com.thundercomm.remotecontrolser,0,Thread-340975,453,Throwable.java,665,void java.lang.Throwable.printStackTrace(java.lang.Throwable$PrintStreamOrWriter),,0,null,90]
08-22 06:51:22.044 I/liblog ( 2326): 17
08-22 06:51:22.044 I/liblog ( 2326): 1
08-22 06:51:22.048 I/liblog ( 2326): 3
08-22 06:51:22.049 I/liblog ( 2326): 17
08-22 06:51:22.049 I/liblog ( 2326): 2
08-22 06:51:22.052 I/dvm_lock_sample( 2326): [com.thundercomm.remotecontrolser,0,Thread-340991,463,Throwable.java,665,void java.lang.Throwable.printStackTrace(java.lang.Throwable$PrintStreamOrWriter),,0,null,92]
08-22 06:51:22.056 I/liblog ( 2326): 7
08-22 06:51:22.056 I/dvm_lock_sample( 2326): [com.thundercomm.remotecontrolser,0,Thread-340828,700,Throwable.java,665,void java.lang.Throwable.printStackTrace(java.lang.Throwable$PrintStreamOrWriter),,0,null,100]
08-22 06:51:22.057 I/liblog ( 2326): 1
08-22 06:51:22.075 I/liblog ( 2326): 90
08-22 06:51:22.075 I/dvm_lock_sample( 2326): [com.thundercomm.remotecontrolser,0,Thread-341001,445,Throwable.java,665,void java.lang.Throwable.printStackTrace(java.lang.Throwable$PrintStreamOrWriter),,0,null,89]
08-22 06:51:22.091 I/liblog ( 2326): 17
08-22 06:51:22.091 I/dvm_lock_sample( 2326): [com.thundercomm.remotecontrolser,0,Thread-340994,456,Throwable.java,665,void java.lang.Throwable.printStackTrace(java.lang.Throwable$PrintStreamOrWriter),,0,null,91]
08-22 06:51:22.109 I/liblog ( 2326): 13
08-22 06:51:22.109 I/dvm_lock_sample( 2326): [com.thundercomm.remotecontrolser,0,Thread-341003,471,Throwable.java,665,void java.lang.Throwable.printStackTrace(java.lang.Throwable$PrintStreamOrWriter),,0,null,94]
08-22 06:51:22.111 I/liblog ( 2326): 17
08-22 06:51:22.111 I/liblog ( 2326): 4
08-22 06:51:22.112 I/liblog ( 2326): 2
08-22 06:51:22.112 I/liblog ( 2326): 5
08-22 06:51:22.116 I/liblog ( 2326): 1
08-22 06:51:22.116 I/dvm_lock_sample( 2326): [com.thundercomm.remotecontrolser,0,Thread-340823,755,Throwable.java,665,void java.lang.Throwable.printStackTrace(java.lang.Throwable$PrintStreamOrWriter),,0,null,100]
08-22 06:51:22.117 I/liblog ( 2326): 2
08-22 06:51:22.117 I/liblog ( 2326): 6
08-22 06:51:22.118 I/liblog ( 2326): 1
08-22 06:51:22.118 I/liblog ( 2326): 10
08-22 06:51:22.119 I/liblog ( 2326): 5
08-22 06:51:22.145 I/liblog ( 2326): 154
01-01 00:38:33.608 D/ ( 0): mv2112_read_status
08-22 06:51:22.145 I/dvm_lock_sample( 2326): [com.thundercomm.remotecontrolser,0,Thread-341010,499,Throwable.java,665,void java.lang.Throwable.printStackTrace(java.lang.Throwable$PrintStreamOrWriter),,0,null,99]
08-22 06:51:22.145 I/liblog ( 2326): 5
08-22 06:51:22.148 I/liblog ( 2326): 3
08-22 06:51:22.150 I/liblog ( 2326): 3
08-22 06:51:22.163 I/liblog ( 2326): 84
08-22 06:51:22.164 I/input_focus( 1160): [Focus request cfa8469 com.android.launcher3/com.android.launcher3.uioverrides.QuickstepLauncher,reason=UpdateInputWindows]
08-22 06:51:22.169 I/sysui_multi_action( 1160): [757,127,758,2]
08-22 06:51:22.170 I/notification_panel_hidden( 1160):
08-22 06:51:22.171 I/liblog ( 2326): 4
08-22 06:51:22.171 I/dvm_lock_sample( 2326): [com.thundercomm.remotecontrolser,0,Thread-341014,505,Throwable.java,665,void java.lang.Throwable.printStackTrace(java.lang.Throwable$PrintStreamOrWriter),,0,null,100]
01-01 00:38:33.612 D/mv2112_update_link( 0): 3.0x901(1G): 0x80
01-01 00:38:33.617 I/IRQ 5 ( 0): no longer affine to CPU7
01-01 00:38:33.617 D/mv2112_update_link( 0): 3.0x8109(100M): 0x0
08-22 06:51:22.173 I/liblog ( 2326): 2
08-22 06:51:22.177 I/liblog ( 2326): 6
08-22 06:51:22.177 I/dvm_lock_sample( 2326): [com.thundercomm.remotecontrolser,0,Thread-340799,918,Throwable.java,665,void java.lang.Throwable.printStackTrace(java.lang.Throwable$PrintStreamOrWriter),,0,null,100]
01-01 00:38:33.626 D/mv2112_update_link( 0): link 0x0
08-22 06:51:22.178 I/liblog ( 2326): 2
08-22 06:51:22.179 I/liblog ( 2326): 5
08-22 06:51:22.179 I/liblog ( 2326): 5
08-22 06:51:22.179 I/liblog ( 2326): 6
08-22 06:51:22.180 I/liblog ( 2326): 5
08-22 06:51:22.181 I/liblog ( 2326): 3
08-22 06:51:22.185 I/liblog ( 2326): 10
01-01 00:38:33.632 D/mv2112_read_status( 0): autoneg is disabled
08-22 06:51:22.185 I/dvm_lock_sample( 2326): [com.thundercomm.remotecontrolser,0,Thread-341019,497,Throwable.java,665,void java.lang.Throwable.printStackTrace(java.lang.Throwable$PrintStreamOrWriter),,0,null,99]
08-22 06:51:22.189 I/input_focus( 1160): [Focus leaving 7b76b2f NotificationShade (server),reason=NO_WINDOW]
08-22 06:51:22.189 I/input_focus( 1160): [Focus entering cfa8469 com.android.launcher3/com.android.launcher3.uioverrides.QuickstepLauncher (server),reason=setFocusedWindow]
08-22 06:51:22.203 I/liblog ( 2326): 28
08-22 06:51:22.203 I/dvm_lock_sample( 2326): [com.thundercomm.remotecontrolser,0,Thread-341020,493,Throwable.java,665,void java.lang.Throwable.printStackTrace(java.lang.Throwable$PrintStreamOrWriter),,0,null,98]
08-22 06:51:22.208 I/liblog ( 2326): 3
08-22 06:51:22.211 I/liblog ( 2326): 25
08-22 06:51:22.211 I/liblog ( 2326): 14
08-22 06:51:22.212 I/liblog ( 2326): 3
08-22 06:51:22.213 I/liblog ( 2326): 16
08-22 06:51:22.233 I/liblog ( 2326): 52
08-22 06:51:22.233 I/dvm_lock_sample( 2326): [com.thundercomm.remotecontrolser,0,Thread-341028,474,Throwable.java,665,void java.lang.Throwable.printStackTrace(java.lang.Throwable$PrintStreamOrWriter),,0,null,94]
01-01 00:38:33.694 W/logd ( 0): Skipping entries from slow reader, pid 32067, fd 15, from LogBuffer::Prune()
08-22 06:51:22.235 I/liblog ( 2326): 1
08-22 06:51:22.235 I/liblog ( 2326): 5
08-22 06:51:22.235 I/liblog ( 2326): 5
08-22 06:51:22.236 I/liblog ( 2326): 10
08-22 06:51:22.237 I/liblog ( 2326): 5
08-22 06:51:22.238 I/liblog ( 2326): 17
08-22 06:51:22.239 I/liblog ( 2326): 5
08-22 06:51:22.239 I/liblog ( 2326): 6
08-22 06:51:22.242 I/liblog ( 2326): 6
08-22 06:51:22.242 I/dvm_lock_sample( 2326): [com.thundercomm.remotecontrolser,0,Thread-341033,472,Throwable.java,665,void java.lang.Throwable.printStackTrace(java.lang.Throwable$PrintStreamOrWriter),,0,null,94]
08-22 06:51:22.251 I/liblog ( 2326): 9
08-22 06:51:22.251 I/dvm_lock_sample( 2326): [com.thundercomm.remotecontrolser,0,Thread-341036,474,Throwable.java,665,void java.lang.Throwable.printStackTrace(java.lang.Throwable$PrintStreamOrWriter),,0,null,94]
08-22 06:51:22.259 I/liblog ( 2326): 2
08-22 06:51:22.259 I/liblog ( 2326): 5
08-22 06:51:22.266 I/liblog ( 2326): 5
08-22 06:51:22.266 I/dvm_lock_sample( 2326): [com.thundercomm.remotecontrolser,0,Thread-341058,477,Throwable.java,665,void java.lang.Throwable.printStackTrace(java.lang.Throwable$PrintStreamOrWriter),,0,null,95]
08-22 06:51:22.276 I/dvm_lock_sample( 2326): [com.thundercomm.remotecontrolser,0,Thread-341029,485,Throwable.java,665,void java.lang.Throwable.printStackTrace(java.lang.Throwable$PrintStreamOrWriter),,0,null,97]
08-22 06:51:22.283 I/liblog ( 2326): 3
08-22 06:51:22.298 I/liblog ( 2326): 41
08-22 06:51:22.308 I/liblog ( 2326): 114
08-22 06:51:22.315 I/liblog ( 2326): 25
08-22 06:51:22.316 I/liblog ( 2326): 4
08-22 06:51:22.316 I/dvm_lock_sample( 2326): [com.thundercomm.remotecontrolser,0,Thread-341053,498,Throwable.java,665,void java.lang.Throwable.printStackTrace(java.lang.Throwable$PrintStreamOrWriter),,0,null,99]
08-22 06:51:22.317 I/liblog ( 2326): 11
08-22 06:51:22.322 I/liblog ( 2326): 23
08-22 06:51:22.322 I/dvm_lock_sample( 2326): [com.thundercomm.remotecontrolser,0,Thread-341087,496,Throwable.java,665,void java.lang.Throwable.printStackTrace(java.lang.Throwable$PrintStreamOrWriter),,0,null,99]
08-22 06:51:22.329 I/liblog ( 2326): 58
08-22 06:51:22.330 I/liblog ( 2326): 8
08-22 06:51:22.330 I/liblog ( 2326): 4
08-22 06:51:22.330 I/liblog ( 2326): 2
08-22 06:51:22.337 I/liblog ( 2326): 4
08-22 06:51:22.337 I/dvm_lock_sample( 2326): [com.thundercomm.remotecontrolser,0,Thread-341062,490,Throwable.java,665,void java.lang.Throwable.printStackTrace(java.lang.Throwable$PrintStreamOrWriter),,0,null,98]
08-22 06:51:22.341 I/dvm_lock_sample( 2326): [com.thundercomm.remotecontrolser,0,Thread-340945,832,Throwable.java,665,void java.lang.Throwable.printStackTrace(java.lang.Throwable$PrintStreamOrWriter),,0,null,100]
08-22 06:51:22.343 I/liblog ( 2326): 3
08-22 06:51:22.343 I/liblog ( 2326): 4
08-22 06:51:22.343 I/liblog ( 2326): 6
08-22 06:51:22.344 I/liblog ( 2326): 3
08-22 06:51:22.344 I/liblog ( 2326): 6
08-22 06:51:22.345 I/liblog ( 2326): 10
08-22 06:51:22.345 I/liblog ( 2326): 3
08-22 06:51:22.345 I/liblog ( 2326): 6
08-22 06:51:22.345 I/liblog ( 2326): 6
08-22 06:51:22.349 I/liblog ( 2326): 2
08-22 06:51:22.349 I/dvm_lock_sample( 2326): [com.thundercomm.remotecontrolser,0,Thread-341041,487,Throwable.java,665,void java.lang.Throwable.printStackTrace(java.lang.Throwable$PrintStreamOrWriter),,0,null,97]
08-22 06:51:22.363 I/dvm_lock_sample( 2326): [com.thundercomm.remotecontrolser,0,Thread-341069,494,Throwable.java,665,void java.lang.Throwable.printStackTrace(java.lang.Throwable$PrintStreamOrWriter),,0,null,98]
08-22 06:51:22.366 I/liblog ( 2326): 2
08-22 06:51:22.366 I/dvm_lock_sample( 2326): [com.thundercomm.remotecontrolser,0,Thread-341074,505,Throwable.java,665,void java.lang.Throwable.printStackTrace(java.lang.Throwable$PrintStreamOrWriter),,0,null,100]
08-22 06:51:22.380 I/liblog ( 2326): 16
08-22 06:51:22.380 I/dvm_lock_sample( 2326): [com.thundercomm.remotecontrolser,0,Thread-341067,507,Throwable.java,665,void java.lang.Throwable.printStackTrace(java.lang.Throwable$PrintStreamOrWriter),,0,null,100]
08-22 06:51:22.384 I/liblog ( 2326): 45
08-22 06:51:22.385 I/liblog ( 2326): 5
08-22 06:51:22.386 I/liblog ( 2326): 4
08-22 06:51:22.397 I/liblog ( 2326): 17
08-22 06:51:22.397 I/dvm_lock_sample( 2326): [com.thundercomm.remotecontrolser,0,Thread-341050,527,Throwable.java,665,void java.lang.Throwable.printStackTrace(java.lang.Throwable$PrintStreamOrWriter),,0,null,100]
08-22 06:51:22.402 I/liblog ( 2326): 6
08-22 06:51:22.402 I/dvm_lock_sample( 2326): [com.thundercomm.remotecontrolser,0,Thread-341073,536,Throwable.java,665,void java.lang.Throwable.printStackTrace(java.lang.Throwable$PrintStreamOrWriter),,0,null,100]
08-22 06:51:22.416 I/dvm_lock_sample( 2326): [com.thundercomm.remotecontrolser,0,Thread-341071,552,Throwable.java,665,void java.lang.Throwable.printStackTrace(java.lang.Throwable$PrintStreamOrWriter),,0,null,100]
08-22 06:51:22.432 I/dvm_lock_sample( 2326): [com.thundercomm.remotecontrolser,0,Thread-341079,555,Throwable.java,665,void java.lang.Throwable.printStackTrace(java.lang.Throwable$PrintStreamOrWriter),,0,null,100]
08-22 06:51:22.438 I/dvm_lock_sample( 2326): [com.thundercomm.remotecontrolser,0,Thread-340947,923,Throwable.java,665,void java.lang.Throwable.printStackTrace(java.lang.Throwable$PrintStreamOrWriter),,0,null,100]
08-22 06:51:22.442 I/dvm_lock_sample( 2326): [com.thundercomm.remotecontrolser,0,Thread-341052,574,Throwable.java,665,void java.lang.Throwable.printStackTrace(java.lang.Throwable$PrintStreamOrWriter),,0,null,100]
08-22 06:51:22.454 I/liblog ( 2326): 10
08-22 06:51:22.454 I/liblog ( 2326): 1
08-22 06:51:22.456 I/liblog ( 2326): 12
08-22 06:51:22.459 I/liblog ( 2326): 53
08-22 06:51:22.462 I/liblog ( 2326): 3
08-22 06:51:22.462 I/liblog ( 2326): 6
08-22 06:51:22.464 I/liblog ( 2326): 5
08-22 06:51:22.465 I/liblog ( 2326): 8
08-22 06:51:22.465 I/liblog ( 2326): 6
08-22 06:51:22.466 I/liblog ( 2326): 13
08-22 06:51:22.483 I/dvm_lock_sample( 2326): [com.thundercomm.remotecontrolser,0,Thread-340958,948,Throwable.java,665,void java.lang.Throwable.printStackTrace(java.lang.Throwable$PrintStreamOrWriter),,0,null,100]
08-22 06:51:22.485 I/liblog ( 2326): 11
08-22 06:51:22.492 I/liblog ( 2326): 122
08-22 06:51:22.495 I/liblog ( 2326): 58
08-22 06:51:22.505 I/liblog ( 2326): 112
