08-22 06:51:00.111 I/dvm_lock_sample( 2326): [com.thundercomm.remotecontrolser,0,Thread-333242,332,Throwable.java,665,void java.lang.Throwable.printStackTrace(java.lang.Throwable$PrintStreamOrWriter),,0,null,66]
08-22 06:51:00.112 I/liblog ( 2326): 1
08-22 06:51:00.116 I/liblog ( 2326): 2
08-22 06:51:00.116 I/dvm_lock_sample( 2326): [com.thundercomm.remotecontrolser,0,Thread-333249,333,Throwable.java,665,void java.lang.Throwable.printStackTrace(java.lang.Throwable$PrintStreamOrWriter),,0,null,66]
08-22 06:51:00.118 I/liblog ( 2326): 3
08-22 06:51:00.118 I/liblog ( 2326): 1
08-22 06:51:00.119 I/liblog ( 2326): 10
08-22 06:51:00.119 I/liblog ( 2326): 5
08-22 06:51:00.120 I/liblog ( 2326): 7
08-22 06:51:00.120 I/liblog ( 2326): 7
08-22 06:51:00.120 I/liblog ( 2326): 4
08-22 06:51:00.121 I/liblog ( 2326): 7
08-22 06:51:00.121 I/liblog ( 2326): 6
08-22 06:51:00.121 I/liblog ( 2326): 3
08-22 06:51:00.121 I/liblog ( 2326): 1
08-22 06:51:00.122 I/liblog ( 2326): 2
08-22 06:51:00.122 I/liblog ( 2326): 7
08-22 06:51:00.123 I/liblog ( 2326): 3
08-22 06:51:00.129 I/liblog ( 2326): 2
08-22 06:51:00.129 I/dvm_lock_sample( 2326): [com.thundercomm.remotecontrolser,0,Thread-333250,331,Throwable.java,665,void java.lang.Throwable.printStackTrace(java.lang.Throwable$PrintStreamOrWriter),,0,null,66]
08-22 06:51:00.131 I/liblog ( 2326): 4
08-22 06:51:00.132 I/liblog ( 2326): 6
08-22 06:51:00.132 I/liblog ( 2326): 3
08-22 06:51:00.132 I/liblog ( 2326): 5
08-22 06:51:00.134 I/liblog ( 2326): 9
08-22 06:51:00.135 I/liblog ( 2326): 1
08-22 06:51:00.135 I/liblog ( 2326): 5
08-22 06:51:00.135 I/liblog ( 2326): 6
08-22 06:51:00.136 I/liblog ( 2326): 5
08-22 06:51:00.136 I/liblog ( 2326): 5
08-22 06:51:00.137 I/liblog ( 2326): 6
08-22 06:51:00.138 I/liblog ( 2326): 4
08-22 06:51:00.138 I/liblog ( 2326): 5
08-22 06:51:00.138 I/liblog ( 2326): 6
08-22 06:51:00.139 I/liblog ( 2326): 9
08-22 06:51:00.139 I/liblog ( 2326): 5
08-22 06:51:00.139 I/liblog ( 2326): 3
08-22 06:51:00.140 I/liblog ( 2326): 7
08-22 06:51:00.141 I/liblog ( 2326): 9
08-22 06:51:00.141 I/liblog ( 2326): 6
08-22 06:51:00.141 I/liblog ( 2326): 4
08-22 06:51:00.142 I/liblog ( 2326): 5
08-22 06:51:00.142 I/liblog ( 2326): 5
08-22 06:51:00.143 I/liblog ( 2326): 5
08-22 06:51:00.143 I/liblog ( 2326): 6
08-22 06:51:00.143 I/liblog ( 2326): 5
08-22 06:51:00.144 I/liblog ( 2326): 7
08-22 06:51:00.144 I/liblog ( 2326): 6
08-22 06:51:00.145 I/liblog ( 2326): 5
08-22 06:51:00.145 I/liblog ( 2326): 5
08-22 06:51:00.145 I/liblog ( 2326): 6
08-22 06:51:00.145 I/liblog ( 2326): 3
08-22 06:51:00.146 I/liblog ( 2326): 8
08-22 06:51:00.146 I/liblog ( 2326): 2
08-22 06:51:00.146 I/liblog ( 2326): 4
08-22 06:51:00.147 I/liblog ( 2326): 17
08-22 06:51:00.148 I/liblog ( 2326): 6
08-22 06:51:00.148 I/liblog ( 2326): 4
08-22 06:51:00.148 I/liblog ( 2326): 7
08-22 06:51:00.149 I/liblog ( 2326): 6
08-22 06:51:00.149 I/liblog ( 2326): 6
08-22 06:51:00.162 I/liblog ( 2326): 4
08-22 06:51:00.162 I/dvm_lock_sample( 2326): [com.thundercomm.remotecontrolser,0,Thread-333235,347,Throwable.java,665,void java.lang.Throwable.printStackTrace(java.lang.Throwable$PrintStreamOrWriter),,0,null,69]
08-22 06:51:00.170 I/dvm_lock_sample( 2326): [com.thundercomm.remotecontrolser,0,Thread-333243,362,Throwable.java,665,void java.lang.Throwable.printStackTrace(java.lang.Throwable$PrintStreamOrWriter),,0,null,72]
08-22 06:51:00.178 I/dvm_lock_sample( 2326): [com.thundercomm.remotecontrolser,0,Thread-333253,366,Throwable.java,665,void java.lang.Throwable.printStackTrace(java.lang.Throwable$PrintStreamOrWriter),,0,null,73]
08-22 06:51:00.185 I/dvm_lock_sample( 2326): [com.thundercomm.remotecontrolser,0,Thread-333278,374,Throwable.java,665,void java.lang.Throwable.printStackTrace(java.lang.Throwable$PrintStreamOrWriter),,0,null,74]
08-22 06:51:00.192 I/dvm_lock_sample( 2326): [com.thundercomm.remotecontrolser,0,Thread-333277,379,Throwable.java,665,void java.lang.Throwable.printStackTrace(java.lang.Throwable$PrintStreamOrWriter),,0,null,75]
08-22 06:51:00.194 I/dvm_lock_sample( 2326): [com.thundercomm.remotecontrolser,0,Thread-333270,380,Throwable.java,665,void java.lang.Throwable.printStackTrace(java.lang.Throwable$PrintStreamOrWriter),,0,null,76]
08-22 06:51:00.197 I/dvm_lock_sample( 2326): [com.thundercomm.remotecontrolser,0,Thread-333274,382,Throwable.java,665,void java.lang.Throwable.printStackTrace(java.lang.Throwable$PrintStreamOrWriter),,0,null,76]
08-22 06:51:00.199 I/liblog ( 2326): 3
08-22 06:51:00.199 I/liblog ( 2326): 4
08-22 06:51:00.200 I/liblog ( 2326): 6
08-22 06:51:00.201 I/liblog ( 2326): 9
08-22 06:51:00.201 I/dvm_lock_sample( 2326): [com.thundercomm.remotecontrolser,0,Thread-333280,385,Throwable.java,665,void java.lang.Throwable.printStackTrace(java.lang.Throwable$PrintStreamOrWriter),,0,null,77]
08-22 06:51:00.202 I/liblog ( 2326): 5
08-22 06:51:00.202 I/liblog ( 2326): 7
08-22 06:51:00.203 I/liblog ( 2326): 4
08-22 06:51:00.203 I/liblog ( 2326): 5
08-22 06:51:00.203 I/liblog ( 2326): 5
08-22 06:51:00.204 I/liblog ( 2326): 5
08-22 06:51:00.204 I/liblog ( 2326): 3
08-22 06:51:00.204 I/liblog ( 2326): 8
08-22 06:51:00.205 I/liblog ( 2326): 5
08-22 06:51:00.205 I/liblog ( 2326): 2
08-22 06:51:00.205 I/liblog ( 2326): 1
08-22 06:51:00.206 I/liblog ( 2326): 3
08-22 06:51:00.206 I/liblog ( 2326): 6
08-22 06:51:00.207 I/liblog ( 2326): 3
08-22 06:51:00.207 I/liblog ( 2326): 3
08-22 06:51:00.207 I/liblog ( 2326): 4
08-22 06:51:00.208 I/liblog ( 2326): 7
08-22 06:51:00.211 I/liblog ( 2326): 6
08-22 06:51:00.211 I/dvm_lock_sample( 2326): [com.thundercomm.remotecontrolser,0,Thread-333284,371,Throwable.java,665,void java.lang.Throwable.printStackTrace(java.lang.Throwable$PrintStreamOrWriter),,0,null,74]
08-22 06:51:00.212 I/liblog ( 2326): 2
08-22 06:51:00.212 I/liblog ( 2326): 5
08-22 06:51:00.212 I/liblog ( 2326): 3
08-22 06:51:00.213 I/liblog ( 2326): 8
08-22 06:51:00.213 I/liblog ( 2326): 6
08-22 06:51:00.213 I/liblog ( 2326): 4
08-22 06:51:00.214 I/liblog ( 2326): 8
08-22 06:51:00.214 I/liblog ( 2326): 5
08-22 06:51:00.215 I/liblog ( 2326): 4
08-22 06:51:00.215 I/liblog ( 2326): 7
08-22 06:51:00.215 I/liblog ( 2326): 5
08-22 06:51:00.216 I/liblog ( 2326): 6
08-22 06:51:00.216 I/liblog ( 2326): 5
08-22 06:51:00.220 I/liblog ( 2326): 4
08-22 06:51:00.220 I/dvm_lock_sample( 2326): [com.thundercomm.remotecontrolser,0,Thread-333286,372,Throwable.java,665,void java.lang.Throwable.printStackTrace(java.lang.Throwable$PrintStreamOrWriter),,0,null,74]
08-22 06:51:00.220 I/liblog ( 2326): 1
08-22 06:51:00.221 I/liblog ( 2326): 4
08-22 06:51:00.221 I/liblog ( 2326): 4
08-22 06:51:00.221 I/liblog ( 2326): 6
08-22 06:51:00.222 I/liblog ( 2326): 7
08-22 06:51:00.230 I/liblog ( 2326): 4
08-22 06:51:00.230 I/dvm_lock_sample( 2326): [com.thundercomm.remotecontrolser,0,Thread-333288,374,Throwable.java,665,void java.lang.Throwable.printStackTrace(java.lang.Throwable$PrintStreamOrWriter),,0,null,74]
08-22 06:51:00.239 I/dvm_lock_sample( 2326): [com.thundercomm.remotecontrolser,0,Thread-333289,383,Throwable.java,665,void java.lang.Throwable.printStackTrace(java.lang.Throwable$PrintStreamOrWriter),,0,null,76]
08-22 06:51:00.241 I/dvm_lock_sample( 2326): [com.thundercomm.remotecontrolser,0,Thread-333290,389,Throwable.java,665,void java.lang.Throwable.printStackTrace(java.lang.Throwable$PrintStreamOrWriter),,0,null,77]
08-22 06:51:00.246 I/dvm_lock_sample( 2326): [com.thundercomm.remotecontrolser,0,Thread-333291,394,Throwable.java,665,void java.lang.Throwable.printStackTrace(java.lang.Throwable$PrintStreamOrWriter),,0,null,78]
08-22 06:51:00.248 I/dvm_lock_sample( 2326): [com.thundercomm.remotecontrolser,0,Thread-333293,396,Throwable.java,665,void java.lang.Throwable.printStackTrace(java.lang.Throwable$PrintStreamOrWriter),,0,null,79]
08-22 06:51:00.249 I/liblog ( 2326): 4
08-22 06:51:00.249 I/liblog ( 2326): 7
08-22 06:51:00.251 I/liblog ( 2326): 4
08-22 06:51:00.251 I/dvm_lock_sample( 2326): [com.thundercomm.remotecontrolser,0,Thread-333292,398,Throwable.java,665,void java.lang.Throwable.printStackTrace(java.lang.Throwable$PrintStreamOrWriter),,0,null,79]
08-22 06:51:00.251 I/liblog ( 2326): 1
08-22 06:51:00.252 I/liblog ( 2326): 5
08-22 06:51:00.252 I/liblog ( 2326): 6
08-22 06:51:00.252 I/liblog ( 2326): 8
08-22 06:51:00.253 I/liblog ( 2326): 6
08-22 06:51:00.253 I/liblog ( 2326): 4
08-22 06:51:00.253 I/liblog ( 2326): 6
08-22 06:51:00.254 I/liblog ( 2326): 6
08-22 06:51:00.254 I/liblog ( 2326): 5
08-22 06:51:00.254 I/liblog ( 2326): 2
08-22 06:51:00.255 I/liblog ( 2326): 3
08-22 06:51:00.255 I/liblog ( 2326): 4
08-22 06:51:00.256 I/liblog ( 2326): 4
08-22 06:51:00.256 I/liblog ( 2326): 1
08-22 06:51:00.257 I/liblog ( 2326): 22
08-22 06:51:00.257 I/liblog ( 2326): 6
08-22 06:51:00.259 I/liblog ( 2326): 6
08-22 06:51:00.259 I/dvm_lock_sample( 2326): [com.thundercomm.remotecontrolser,0,Thread-333299,380,Throwable.java,665,void java.lang.Throwable.printStackTrace(java.lang.Throwable$PrintStreamOrWriter),,0,null,76]
08-22 06:51:00.259 I/liblog ( 2326): 7
08-22 06:51:00.260 I/liblog ( 2326): 7
08-22 06:51:00.260 I/liblog ( 2326): 6
08-22 06:51:00.261 I/liblog ( 2326): 4
08-22 06:51:00.261 I/liblog ( 2326): 5
08-22 06:51:00.263 I/liblog ( 2326): 2
08-22 06:51:00.263 I/dvm_lock_sample( 2326): [com.thundercomm.remotecontrolser,0,Thread-333303,379,Throwable.java,665,void java.lang.Throwable.printStackTrace(java.lang.Throwable$PrintStreamOrWriter),,0,null,75]
08-22 06:51:00.263 I/liblog ( 2326): 1
08-22 06:51:00.263 I/liblog ( 2326): 6
08-22 06:51:00.264 I/liblog ( 2326): 6
08-22 06:51:00.264 I/liblog ( 2326): 1
08-22 06:51:00.264 I/liblog ( 2326): 8
08-22 06:51:00.265 I/liblog ( 2326): 6
08-22 06:51:00.266 I/liblog ( 2326): 2
08-22 06:51:00.266 I/dvm_lock_sample( 2326): [com.thundercomm.remotecontrolser,0,Thread-333305,369,Throwable.java,665,void java.lang.Throwable.printStackTrace(java.lang.Throwable$PrintStreamOrWriter),,0,null,73]
08-22 06:51:00.267 I/liblog ( 2326): 4
08-22 06:51:00.267 I/liblog ( 2326): 6
08-22 06:51:00.268 I/liblog ( 2326): 4
08-22 06:51:00.268 I/liblog ( 2326): 4
08-22 06:51:00.269 I/liblog ( 2326): 7
08-22 06:51:00.269 I/liblog ( 2326): 5
08-22 06:51:00.270 I/liblog ( 2326): 5
08-22 06:51:00.270 I/liblog ( 2326): 5
08-22 06:51:00.271 I/liblog ( 2326): 6
08-22 06:51:00.271 I/liblog ( 2326): 3
08-22 06:51:00.272 I/liblog ( 2326): 5
08-22 06:51:00.272 I/liblog ( 2326): 6
08-22 06:51:00.272 I/liblog ( 2326): 1
08-22 06:51:00.273 I/liblog ( 2326): 3
08-22 06:51:00.273 I/liblog ( 2326): 4
08-22 06:51:00.273 I/liblog ( 2326): 3
08-22 06:51:00.274 I/liblog ( 2326): 4
08-22 06:51:00.274 I/liblog ( 2326): 2
08-22 06:51:00.275 I/liblog ( 2326): 2
08-22 06:51:00.275 I/liblog ( 2326): 3
08-22 06:51:00.276 I/liblog ( 2326): 5
08-22 06:51:00.276 I/liblog ( 2326): 3
08-22 06:51:00.276 I/liblog ( 2326): 2
08-22 06:51:00.277 I/liblog ( 2326): 5
08-22 06:51:00.277 I/liblog ( 2326): 7
08-22 06:51:00.278 I/liblog ( 2326): 3
08-22 06:51:00.278 I/liblog ( 2326): 5
08-22 06:51:00.279 I/liblog ( 2326): 11
08-22 06:51:00.279 I/liblog ( 2326): 7
08-22 06:51:00.279 I/liblog ( 2326): 6
08-22 06:51:00.280 I/liblog ( 2326): 10
08-22 06:51:00.280 I/liblog ( 2326): 5
08-22 06:51:00.281 I/liblog ( 2326): 4
08-22 06:51:00.281 I/liblog ( 2326): 1
08-22 06:51:00.281 I/liblog ( 2326): 5
08-22 06:51:00.282 I/liblog ( 2326): 4
08-22 06:51:00.282 I/liblog ( 2326): 4
08-22 06:51:00.286 I/liblog ( 2326): 2
08-22 06:51:00.286 I/dvm_lock_sample( 2326): [com.thundercomm.remotecontrolser,0,Thread-333177,781,Throwable.java,665,void java.lang.Throwable.printStackTrace(java.lang.Throwable$PrintStreamOrWriter),,0,null,100]
08-22 06:51:00.287 I/liblog ( 2326): 1
08-22 06:51:00.287 I/liblog ( 2326): 6
08-22 06:51:00.288 I/liblog ( 2326): 3
08-22 06:51:00.288 I/liblog ( 2326): 7
08-22 06:51:00.288 I/liblog ( 2326): 6
08-22 06:51:00.289 I/liblog ( 2326): 10
08-22 06:51:00.289 I/liblog ( 2326): 6
08-22 06:51:00.290 I/liblog ( 2326): 1
08-22 06:51:00.290 I/liblog ( 2326): 4
08-22 06:51:00.290 I/liblog ( 2326): 3
08-22 06:51:00.291 I/liblog ( 2326): 3
08-22 06:51:00.291 I/liblog ( 2326): 3
08-22 06:51:00.291 I/liblog ( 2326): 2
08-22 06:51:00.291 I/liblog ( 2326): 1
08-22 06:51:00.292 I/liblog ( 2326): 6
08-22 06:51:00.293 I/liblog ( 2326): 10
08-22 06:51:00.294 I/liblog ( 2326): 3
08-22 06:51:00.294 I/liblog ( 2326): 3
08-22 06:51:00.295 I/liblog ( 2326): 3
08-22 06:51:00.295 I/liblog ( 2326): 4
08-22 06:51:00.295 I/liblog ( 2326): 7
08-22 06:51:00.296 I/liblog ( 2326): 6
08-22 06:51:00.296 I/liblog ( 2326): 4
08-22 06:51:00.297 I/liblog ( 2326): 5
08-22 06:51:00.297 I/liblog ( 2326): 3
08-22 06:51:00.297 I/liblog ( 2326): 2
08-22 06:51:00.298 I/liblog ( 2326): 5
08-22 06:51:00.298 I/liblog ( 2326): 7
08-22 06:51:00.298 I/liblog ( 2326): 6
08-22 06:51:00.299 I/liblog ( 2326): 4
08-22 06:51:00.299 I/liblog ( 2326): 6
08-22 06:51:00.305 I/liblog ( 2326): 10
08-22 06:51:00.305 I/dvm_lock_sample( 2326): [com.thundercomm.remotecontrolser,0,Thread-333326,347,Throwable.java,665,void java.lang.Throwable.printStackTrace(java.lang.Throwable$PrintStreamOrWriter),,0,null,69]
08-22 06:51:00.314 I/dvm_lock_sample( 2326): [com.thundercomm.remotecontrolser,0,Thread-333191,736,Throwable.java,665,void java.lang.Throwable.printStackTrace(java.lang.Throwable$PrintStreamOrWriter),,0,null,100]
08-22 06:51:00.317 I/dvm_lock_sample( 2326): [com.thundercomm.remotecontrolser,0,Thread-333193,739,Throwable.java,665,void java.lang.Throwable.printStackTrace(java.lang.Throwable$PrintStreamOrWriter),,0,null,100]
08-22 06:51:00.319 I/liblog ( 2326): 2
08-22 06:51:00.320 I/liblog ( 2326): 5
08-22 06:51:00.320 I/liblog ( 2326): 4
08-22 06:51:00.321 I/liblog ( 2326): 9
08-22 06:51:00.321 I/liblog ( 2326): 4
08-22 06:51:00.321 I/liblog ( 2326): 4
08-22 06:51:00.322 I/liblog ( 2326): 10
08-22 06:51:00.327 I/liblog ( 2326): 5
08-22 06:51:00.327 I/dvm_lock_sample( 2326): [com.thundercomm.remotecontrolser,0,Thread-333330,347,Throwable.java,665,void java.lang.Throwable.printStackTrace(java.lang.Throwable$PrintStreamOrWriter),,0,null,69]
08-22 06:51:00.329 I/liblog ( 2326): 1
08-22 06:51:00.329 I/liblog ( 2326): 6
08-22 06:51:00.332 I/liblog ( 2326): 6
08-22 06:51:00.332 I/dvm_lock_sample( 2326): [com.thundercomm.remotecontrolser,0,Thread-333332,346,Throwable.java,665,void java.lang.Throwable.printStackTrace(java.lang.Throwable$PrintStreamOrWriter),,0,null,69]
08-22 06:51:00.334 I/liblog ( 2326): 1
08-22 06:51:00.335 I/liblog ( 2326): 4
08-22 06:51:00.335 I/liblog ( 2326): 4
08-22 06:51:00.336 I/liblog ( 2326): 7
08-22 06:51:00.336 I/liblog ( 2326): 4
08-22 06:51:00.337 I/liblog ( 2326): 5
08-22 06:51:00.339 I/liblog ( 2326): 44
08-22 06:51:00.340 I/liblog ( 2326): 4
08-22 06:51:00.341 I/liblog ( 2326): 13
08-22 06:51:00.341 I/liblog ( 2326): 1
08-22 06:51:00.342 I/liblog ( 2326): 9
08-22 06:51:00.342 I/liblog ( 2326): 4
08-22 06:51:00.343 I/liblog ( 2326): 2
08-22 06:51:00.343 I/dvm_lock_sample( 2326): [com.thundercomm.remotecontrolser,0,Thread-333224,651,Throwable.java,665,void java.lang.Throwable.printStackTrace(java.lang.Throwable$PrintStreamOrWriter),,0,null,100]
08-22 06:51:00.344 I/liblog ( 2326): 6
08-22 06:51:00.344 I/liblog ( 2326): 7
08-22 06:51:00.345 I/liblog ( 2326): 6
08-22 06:51:00.345 I/liblog ( 2326): 3
08-22 06:51:00.345 I/liblog ( 2326): 4
08-22 06:51:00.346 I/liblog ( 2326): 2
08-22 06:51:00.369 I/liblog ( 2326): 1
08-22 06:51:00.403 I/dvm_lock_sample( 2326): [com.thundercomm.remotecontrolser,0,Thread-333345,356,Throwable.java,665,void java.lang.Throwable.printStackTrace(java.lang.Throwable$PrintStreamOrWriter),,0,null,71]
08-22 06:51:00.409 I/dvm_lock_sample( 2326): [com.thundercomm.remotecontrolser,0,Thread-333346,355,Throwable.java,665,void java.lang.Throwable.printStackTrace(java.lang.Throwable$PrintStreamOrWriter),,0,null,71]
01-01 00:38:11.820 D/ ( 0): mv2112_read_status
01-01 00:38:11.823 D/mv2112_update_link( 0): 3.0x901(1G): 0x80
08-22 06:51:00.433 I/dvm_lock_sample( 2326): [com.thundercomm.remotecontrolser,0,Thread-333354,344,Throwable.java,665,void java.lang.Throwable.printStackTrace(java.lang.Throwable$PrintStreamOrWriter),,0,null,68]
01-01 00:38:11.833 D/mv2112_update_link( 0): 3.0x8109(100M): 0x0
01-01 00:38:11.839 D/mv2112_update_link( 0): link 0x0
08-22 06:51:00.441 I/dvm_lock_sample( 2326): [com.thundercomm.remotecontrolser,0,Thread-333257,661,Throwable.java,665,void java.lang.Throwable.printStackTrace(java.lang.Throwable$PrintStreamOrWriter),,0,null,100]
01-01 00:38:11.843 D/mv2112_read_status( 0): autoneg is disabled
08-22 06:51:00.447 I/dvm_lock_sample( 2326): [com.thundercomm.remotecontrolser,0,Thread-333259,667,Throwable.java,665,void java.lang.Throwable.printStackTrace(java.lang.Throwable$PrintStreamOrWriter),,0,null,100]
08-22 06:51:00.451 I/liblog ( 2326): 1
08-22 06:51:00.451 I/liblog ( 2326): 5
08-22 06:51:00.452 I/liblog ( 2326): 7
08-22 06:51:00.452 I/liblog ( 2326): 13
08-22 06:51:00.453 I/liblog ( 2326): 7
08-22 06:51:00.453 I/liblog ( 2326): 2
08-22 06:51:00.453 I/liblog ( 2326): 6
08-22 06:51:00.454 I/liblog ( 2326): 5
08-22 06:51:00.454 I/liblog ( 2326): 6
08-22 06:51:00.455 I/liblog ( 2326): 14
08-22 06:51:00.462 I/liblog ( 2326): 1
08-22 06:51:00.462 I/dvm_lock_sample( 2326): [com.thundercomm.remotecontrolser,0,Thread-333261,674,Throwable.java,665,void java.lang.Throwable.printStackTrace(java.lang.Throwable$PrintStreamOrWriter),,0,null,100]
08-22 06:51:00.470 I/liblog ( 2326): 1
08-22 06:51:00.470 I/liblog ( 2326): 7
08-22 06:51:00.471 I/liblog ( 2326): 2
08-22 06:51:00.471 I/dvm_lock_sample( 2326): [com.thundercomm.remotecontrolser,0,Thread-333366,335,Throwable.java,665,void java.lang.Throwable.printStackTrace(java.lang.Throwable$PrintStreamOrWriter),,0,null,67]
08-22 06:51:00.472 I/liblog ( 2326): 1
08-22 06:51:00.472 I/liblog ( 2326): 7
08-22 06:51:00.473 I/liblog ( 2326): 8
08-22 06:51:00.473 I/liblog ( 2326): 5
08-22 06:51:00.473 I/liblog ( 2326): 6
08-22 06:51:00.474 I/liblog ( 2326): 5
08-22 06:51:00.474 I/liblog ( 2326): 1
08-22 06:51:00.474 I/liblog ( 2326): 4
08-22 06:51:00.474 I/liblog ( 2326): 4
08-22 06:51:00.475 I/liblog ( 2326): 3
08-22 06:51:00.475 I/liblog ( 2326): 5
08-22 06:51:00.476 I/liblog ( 2326): 7
08-22 06:51:00.476 I/liblog ( 2326): 3
08-22 06:51:00.477 I/liblog ( 2326): 6
08-22 06:51:00.477 I/liblog ( 2326): 3
08-22 06:51:00.478 I/liblog ( 2326): 12
08-22 06:51:00.478 I/liblog ( 2326): 6
08-22 06:51:00.478 I/liblog ( 2326): 6
08-22 06:51:00.479 I/liblog ( 2326): 5
08-22 06:51:00.479 I/liblog ( 2326): 3
08-22 06:51:00.479 I/liblog ( 2326): 5
08-22 06:51:00.480 I/liblog ( 2326): 8
08-22 06:51:00.480 I/liblog ( 2326): 1
08-22 06:51:00.480 I/liblog ( 2326): 3
08-22 06:51:00.481 I/liblog ( 2326): 6
08-22 06:51:00.481 I/liblog ( 2326): 8
08-22 06:51:00.481 I/liblog ( 2326): 4
08-22 06:51:00.482 I/liblog ( 2326): 6
08-22 06:51:00.482 I/liblog ( 2326): 6
08-22 06:51:00.483 I/liblog ( 2326): 4
08-22 06:51:00.483 I/liblog ( 2326): 3
08-22 06:51:00.483 I/liblog ( 2326): 8
08-22 06:51:00.484 I/liblog ( 2326): 1
08-22 06:51:00.484 I/liblog ( 2326): 4
08-22 06:51:00.484 I/liblog ( 2326): 7
08-22 06:51:00.486 I/liblog ( 2326): 6
08-22 06:51:00.486 I/liblog ( 2326): 4
08-22 06:51:00.487 I/liblog ( 2326): 4
08-22 06:51:00.487 I/liblog ( 2326): 5
08-22 06:51:00.487 I/liblog ( 2326): 2
08-22 06:51:00.488 I/liblog ( 2326): 2
08-22 06:51:00.488 I/liblog ( 2326): 3
08-22 06:51:00.488 I/liblog ( 2326): 2
08-22 06:51:00.488 I/liblog ( 2326): 2
08-22 06:51:00.489 I/liblog ( 2326): 1
08-22 06:51:00.489 I/liblog ( 2326): 3
08-22 06:51:00.490 I/liblog ( 2326): 2
08-22 06:51:00.490 I/liblog ( 2326): 7
08-22 06:51:00.491 I/liblog ( 2326): 3
08-22 06:51:00.491 I/liblog ( 2326): 5
08-22 06:51:00.491 I/liblog ( 2326): 1
08-22 06:51:00.492 I/liblog ( 2326): 9
08-22 06:51:00.493 I/liblog ( 2326): 10
08-22 06:51:00.494 I/liblog ( 2326): 11
08-22 06:51:00.496 I/liblog ( 2326): 2
08-22 06:51:00.496 I/dvm_lock_sample( 2326): [com.thundercomm.remotecontrolser,0,Thread-333382,301,Throwable.java,665,void java.lang.Throwable.printStackTrace(java.lang.Throwable$PrintStreamOrWriter),,0,null,60]
08-22 06:51:00.497 I/liblog ( 2326): 4
08-22 06:51:00.498 I/liblog ( 2326): 6
08-22 06:51:00.498 I/liblog ( 2326): 1
08-22 06:51:00.498 I/liblog ( 2326): 9
08-22 06:51:00.499 I/liblog ( 2326): 6
08-22 06:51:00.499 I/liblog ( 2326): 1
08-22 06:51:00.499 I/liblog ( 2326): 1
08-22 06:51:00.499 I/liblog ( 2326): 3
08-22 06:51:00.500 I/liblog ( 2326): 3
08-22 06:51:00.501 I/liblog ( 2326): 9
08-22 06:51:00.501 I/liblog ( 2326): 6
08-22 06:51:00.502 I/liblog ( 2326): 4
08-22 06:51:00.514 I/liblog ( 2326): 6
08-22 06:51:00.514 I/dvm_lock_sample( 2326): [com.thundercomm.remotecontrolser,0,Thread-333386,289,Throwable.java,665,void java.lang.Throwable.printStackTrace(java.lang.Throwable$PrintStreamOrWriter),,0,null,57]
08-22 06:51:00.520 I/liblog ( 2326): 1
08-22 06:51:00.520 I/liblog ( 2326): 3
08-22 06:51:00.521 I/liblog ( 2326): 4
08-22 06:51:00.521 I/liblog ( 2326): 2
08-22 06:51:00.522 I/liblog ( 2326): 5
08-22 06:51:00.522 I/liblog ( 2326): 4
08-22 06:51:00.522 I/liblog ( 2326): 7
08-22 06:51:00.523 I/liblog ( 2326): 6
08-22 06:51:00.524 I/liblog ( 2326): 3
08-22 06:51:00.524 I/liblog ( 2326): 5
08-22 06:51:00.524 I/liblog ( 2326): 6
08-22 06:51:00.525 I/liblog ( 2326): 5
08-22 06:51:00.525 I/liblog ( 2326): 5
08-22 06:51:00.525 I/liblog ( 2326): 4
08-22 06:51:00.526 I/liblog ( 2326): 3
08-22 06:51:00.526 I/liblog ( 2326): 4
08-22 06:51:00.526 I/liblog ( 2326): 7
08-22 06:51:00.527 I/liblog ( 2326): 6
08-22 06:51:00.527 I/liblog ( 2326): 3
08-22 06:51:00.528 I/liblog ( 2326): 3
08-22 06:51:00.528 I/liblog ( 2326): 3
08-22 06:51:00.528 I/liblog ( 2326): 4
08-22 06:51:00.530 I/liblog ( 2326): 2
08-22 06:51:00.531 I/liblog ( 2326): 1
08-22 06:51:00.532 I/liblog ( 2326): 2
08-22 06:51:00.532 I/liblog ( 2326): 3
08-22 06:51:00.537 I/liblog ( 2326): 3
08-22 06:51:00.538 I/liblog ( 2326): 4
08-22 06:51:00.538 I/liblog ( 2326): 1
08-22 06:51:00.539 I/liblog ( 2326): 14
08-22 06:51:00.540 I/liblog ( 2326): 10
08-22 06:51:00.540 I/liblog ( 2326): 6
08-22 06:51:00.541 I/liblog ( 2326): 17
08-22 06:51:00.541 I/liblog ( 2326): 3
08-22 06:51:00.541 I/liblog ( 2326): 8
08-22 06:51:00.542 I/liblog ( 2326): 13
08-22 06:51:00.542 I/liblog ( 2326): 4
08-22 06:51:00.542 I/liblog ( 2326): 2
08-22 06:51:00.543 I/liblog ( 2326): 4
08-22 06:51:00.543 I/liblog ( 2326): 1
08-22 06:51:00.543 I/liblog ( 2326): 5
08-22 06:51:00.544 I/liblog ( 2326): 6
08-22 06:51:00.545 I/liblog ( 2326): 5
08-22 06:51:00.546 I/liblog ( 2326): 6
08-22 06:51:00.546 I/liblog ( 2326): 1
08-22 06:51:00.547 I/liblog ( 2326): 6
08-22 06:51:00.547 I/liblog ( 2326): 4
08-22 06:51:00.548 I/liblog ( 2326): 5
08-22 06:51:00.548 I/liblog ( 2326): 5
08-22 06:51:00.548 I/liblog ( 2326): 4
08-22 06:51:00.549 I/liblog ( 2326): 7
08-22 06:51:00.549 I/liblog ( 2326): 6
08-22 06:51:00.549 I/liblog ( 2326): 3
08-22 06:51:00.549 I/liblog ( 2326): 7
08-22 06:51:00.550 I/liblog ( 2326): 6
08-22 06:51:00.550 I/liblog ( 2326): 3
08-22 06:51:00.554 I/liblog ( 2326): 13
08-22 06:51:00.554 I/dvm_lock_sample( 2326): [com.thundercomm.remotecontrolser,0,Thread-333408,270,Throwable.java,665,void java.lang.Throwable.printStackTrace(java.lang.Throwable$PrintStreamOrWriter),,0,null,54]
01-01 00:38:11.956 I/IRQ 5 ( 0): no longer affine to CPU4
08-22 06:51:00.560 I/liblog ( 2326): 6
08-22 06:51:00.560 I/dvm_lock_sample( 2326): [com.thundercomm.remotecontrolser,0,Thread-333409,267,Throwable.java,665,void java.lang.Throwable.printStackTrace(java.lang.Throwable$PrintStreamOrWriter),,0,null,53]
08-22 06:51:00.561 I/liblog ( 2326): 2
08-22 06:51:00.564 I/liblog ( 2326): 1
08-22 06:51:00.564 I/dvm_lock_sample( 2326): [com.thundercomm.remotecontrolser,0,Thread-333410,271,Throwable.java,665,void java.lang.Throwable.printStackTrace(java.lang.Throwable$PrintStreamOrWriter),,0,null,54]
08-22 06:51:00.564 I/liblog ( 2326): 3
08-22 06:51:00.565 I/liblog ( 2326): 6
08-22 06:51:00.565 I/liblog ( 2326): 10
08-22 06:51:00.568 I/liblog ( 2326): 6
08-22 06:51:00.568 I/dvm_lock_sample( 2326): [com.thundercomm.remotecontrolser,0,Thread-333412,273,Throwable.java,665,void java.lang.Throwable.printStackTrace(java.lang.Throwable$PrintStreamOrWriter),,0,null,54]
08-22 06:51:00.569 I/liblog ( 2326): 2
08-22 06:51:00.569 I/liblog ( 2326): 4
08-22 06:51:00.570 I/liblog ( 2326): 3
08-22 06:51:00.570 I/liblog ( 2326): 4
08-22 06:51:00.570 I/liblog ( 2326): 6
08-22 06:51:00.571 I/liblog ( 2326): 7
08-22 06:51:00.572 I/liblog ( 2326): 1
08-22 06:51:00.572 I/liblog ( 2326): 7
08-22 06:51:00.573 I/liblog ( 2326): 6
08-22 06:51:00.573 I/liblog ( 2326): 3
08-22 06:51:00.573 I/liblog ( 2326): 6
08-22 06:51:00.574 I/liblog ( 2326): 7
08-22 06:51:00.575 I/liblog ( 2326): 4
08-22 06:51:00.576 I/liblog ( 2326): 9
08-22 06:51:00.576 I/liblog ( 2326): 5
08-22 06:51:00.577 I/liblog ( 2326): 6
08-22 06:51:00.577 I/liblog ( 2326): 5
08-22 06:51:00.577 I/liblog ( 2326): 1
08-22 06:51:00.577 I/liblog ( 2326): 7
08-22 06:51:00.578 I/liblog ( 2326): 3
08-22 06:51:00.578 I/liblog ( 2326): 6
08-22 06:51:00.578 I/liblog ( 2326): 3
08-22 06:51:00.579 I/liblog ( 2326): 8
08-22 06:51:00.579 I/liblog ( 2326): 6
08-22 06:51:00.579 I/liblog ( 2326): 5
08-22 06:51:00.580 I/liblog ( 2326): 6
08-22 06:51:00.582 I/liblog ( 2326): 6
08-22 06:51:00.582 I/dvm_lock_sample( 2326): [com.thundercomm.remotecontrolser,0,Thread-333421,252,Throwable.java,665,void java.lang.Throwable.printStackTrace(java.lang.Throwable$PrintStreamOrWriter),,0,null,50]
08-22 06:51:00.582 I/liblog ( 2326): 1
08-22 06:51:00.583 I/liblog ( 2326): 5
08-22 06:51:00.583 I/liblog ( 2326): 6
08-22 06:51:00.584 I/liblog ( 2326): 3
08-22 06:51:00.584 I/liblog ( 2326): 4
08-22 06:51:00.584 I/liblog ( 2326): 9
08-22 06:51:00.585 I/liblog ( 2326): 9
08-22 06:51:00.590 I/liblog ( 2326): 6
08-22 06:51:00.590 I/dvm_lock_sample( 2326): [com.thundercomm.remotecontrolser,0,Thread-333424,248,Throwable.java,665,void java.lang.Throwable.printStackTrace(java.lang.Throwable$PrintStreamOrWriter),,0,null,49]
08-22 06:51:00.596 I/dvm_lock_sample( 2326): [com.thundercomm.remotecontrolser,0,Thread-333338,572,Throwable.java,665,void java.lang.Throwable.printStackTrace(java.lang.Throwable$PrintStreamOrWriter),,0,null,100]
08-22 06:51:00.604 I/dvm_lock_sample( 2326): [com.thundercomm.remotecontrolser,0,Thread-333426,263,Throwable.java,665,void java.lang.Throwable.printStackTrace(java.lang.Throwable$PrintStreamOrWriter),,0,null,52]
08-22 06:51:00.606 I/liblog ( 2326): 1
08-22 06:51:00.606 I/liblog ( 2326): 5
08-22 06:51:00.607 I/liblog ( 2326): 4
08-22 06:51:00.607 I/liblog ( 2326): 8
08-22 06:51:00.608 I/liblog ( 2326): 7
08-22 06:51:00.608 I/liblog ( 2326): 1
08-22 06:51:00.608 I/liblog ( 2326): 4
08-22 06:51:00.609 I/liblog ( 2326): 4
08-22 06:51:00.609 I/liblog ( 2326): 2
08-22 06:51:00.610 I/liblog ( 2326): 5
08-22 06:51:00.611 I/liblog ( 2326): 15
08-22 06:51:00.611 I/liblog ( 2326): 1
08-22 06:51:00.611 I/liblog ( 2326): 7
08-22 06:51:00.612 I/liblog ( 2326): 8
08-22 06:51:00.612 I/liblog ( 2326): 2
08-22 06:51:00.612 I/liblog ( 2326): 7
08-22 06:51:00.613 I/liblog ( 2326): 6
08-22 06:51:00.613 I/liblog ( 2326): 4
08-22 06:51:00.613 I/liblog ( 2326): 7
08-22 06:51:00.618 I/liblog ( 2326): 8
08-22 06:51:00.618 I/dvm_lock_sample( 2326): [com.thundercomm.remotecontrolser,0,Thread-333434,204,Throwable.java,665,void java.lang.Throwable.printStackTrace(java.lang.Throwable$PrintStreamOrWriter),,0,null,40]
08-22 06:51:00.622 I/liblog ( 2326): 3
08-22 06:51:00.622 I/dvm_lock_sample( 2326): [com.thundercomm.remotecontrolser,0,Thread-333435,202,Throwable.java,665,void java.lang.Throwable.printStackTrace(java.lang.Throwable$PrintStreamOrWriter),,0,null,40]
08-22 06:51:00.623 I/liblog ( 2326): 1
08-22 06:51:00.624 I/liblog ( 2326): 6
08-22 06:51:00.624 I/liblog ( 2326): 4
08-22 06:51:00.624 I/liblog ( 2326): 6
08-22 06:51:00.625 I/liblog ( 2326): 2
08-22 06:51:00.625 I/liblog ( 2326): 5
08-22 06:51:00.625 I/liblog ( 2326): 4
08-22 06:51:00.626 I/liblog ( 2326): 7
08-22 06:51:00.626 I/liblog ( 2326): 6
08-22 06:51:00.626 I/liblog ( 2326): 5
08-22 06:51:00.627 I/liblog ( 2326): 6
08-22 06:51:00.627 I/liblog ( 2326): 6
08-22 06:51:00.627 I/liblog ( 2326): 5
08-22 06:51:00.627 I/liblog ( 2326): 6
08-22 06:51:00.628 I/liblog ( 2326): 6
08-22 06:51:00.632 I/liblog ( 2326): 1
08-22 06:51:00.633 I/liblog ( 2326): 9
08-22 06:51:00.633 I/liblog ( 2326): 6
08-22 06:51:00.634 I/liblog ( 2326): 12
08-22 06:51:00.635 I/liblog ( 2326): 14
08-22 06:51:00.635 I/liblog ( 2326): 1
08-22 06:51:00.635 I/liblog ( 2326): 4
08-22 06:51:00.635 I/liblog ( 2326): 3
08-22 06:51:00.636 I/liblog ( 2326): 3
08-22 06:51:00.636 I/liblog ( 2326): 2
08-22 06:51:00.636 I/liblog ( 2326): 1
08-22 06:51:00.643 I/liblog ( 2326): 1
08-22 06:51:00.644 I/liblog ( 2326): 1
08-22 06:51:00.644 I/liblog ( 2326): 3
08-22 06:51:00.645 I/liblog ( 2326): 8
08-22 06:51:00.645 I/liblog ( 2326): 6
08-22 06:51:00.645 I/liblog ( 2326): 10
08-22 06:51:00.646 I/liblog ( 2326): 6
08-22 06:51:00.646 I/liblog ( 2326): 4
08-22 06:51:00.646 I/liblog ( 2326): 7
08-22 06:51:00.648 I/liblog ( 2326): 6
08-22 06:51:00.648 I/liblog ( 2326): 9
08-22 06:51:00.649 I/liblog ( 2326): 5
08-22 06:51:00.649 I/liblog ( 2326): 7
08-22 06:51:00.649 I/liblog ( 2326): 4
08-22 06:51:00.650 I/liblog ( 2326): 6
08-22 06:51:00.650 I/liblog ( 2326): 4
08-22 06:51:00.650 I/liblog ( 2326): 7
08-22 06:51:00.652 I/liblog ( 2326): 5
08-22 06:51:00.652 I/liblog ( 2326): 4
08-22 06:51:00.652 I/liblog ( 2326): 5
08-22 06:51:00.653 I/liblog ( 2326): 5
08-22 06:51:00.653 I/liblog ( 2326): 1
08-22 06:51:00.653 I/liblog ( 2326): 2
08-22 06:51:00.654 I/liblog ( 2326): 3
08-22 06:51:00.654 I/liblog ( 2326): 4
08-22 06:51:00.654 I/liblog ( 2326): 2
08-22 06:51:00.655 I/liblog ( 2326): 4
08-22 06:51:00.655 I/liblog ( 2326): 3
08-22 06:51:00.656 I/liblog ( 2326): 7
08-22 06:51:00.656 I/liblog ( 2326): 6
08-22 06:51:00.657 I/liblog ( 2326): 1
08-22 06:51:00.657 I/liblog ( 2326): 7
08-22 06:51:00.658 I/liblog ( 2326): 14
08-22 06:51:00.658 I/liblog ( 2326): 6
08-22 06:51:00.659 I/liblog ( 2326): 5
08-22 06:51:00.659 I/liblog ( 2326): 1
08-22 06:51:00.660 I/liblog ( 2326): 9
08-22 06:51:00.660 I/liblog ( 2326): 6
08-22 06:51:00.661 I/liblog ( 2326): 7
08-22 06:51:00.661 I/liblog ( 2326): 7
08-22 06:51:00.662 I/liblog ( 2326): 2
08-22 06:51:00.662 I/liblog ( 2326): 8
08-22 06:51:00.662 I/liblog ( 2326): 8
08-22 06:51:00.663 I/liblog ( 2326): 6
08-22 06:51:00.663 I/liblog ( 2326): 9
08-22 06:51:00.663 I/liblog ( 2326): 1
08-22 06:51:00.664 I/liblog ( 2326): 1
08-22 06:51:00.664 I/liblog ( 2326): 10
08-22 06:51:00.665 I/liblog ( 2326): 4
08-22 06:51:00.665 I/liblog ( 2326): 2
08-22 06:51:00.665 I/liblog ( 2326): 1
08-22 06:51:00.667 I/liblog ( 2326): 2
08-22 06:51:00.667 I/liblog ( 2326): 4
08-22 06:51:00.667 I/liblog ( 2326): 2
08-22 06:51:00.667 I/liblog ( 2326): 3
08-22 06:51:00.668 I/liblog ( 2326): 3
08-22 06:51:00.668 I/liblog ( 2326): 10
08-22 06:51:00.669 I/liblog ( 2326): 6
08-22 06:51:00.669 I/liblog ( 2326): 1
08-22 06:51:00.669 I/liblog ( 2326): 7
08-22 06:51:00.670 I/liblog ( 2326): 3
08-22 06:51:00.670 I/liblog ( 2326): 2
08-22 06:51:00.670 I/liblog ( 2326): 5
08-22 06:51:00.671 I/liblog ( 2326): 8
08-22 06:51:00.672 I/liblog ( 2326): 7
08-22 06:51:00.681 I/liblog ( 2326): 80
08-22 06:51:00.685 I/dvm_lock_sample( 2326): [com.thundercomm.remotecontrolser,0,Thread-333472,148,Throwable.java,665,void java.lang.Throwable.printStackTrace(java.lang.Throwable$PrintStreamOrWriter),,0,null,29]
08-22 06:51:00.687 I/liblog ( 2326): 19
08-22 06:51:00.687 I/liblog ( 2326): 2
08-22 06:51:00.688 I/dvm_lock_sample( 2326): [com.thundercomm.remotecontrolser,0,Thread-333396,446,Throwable.java,665,void java.lang.Throwable.printStackTrace(java.lang.Throwable$PrintStreamOrWriter),,0,null,89]
08-22 06:51:00.689 I/liblog ( 2326): 1
08-22 06:51:00.689 I/liblog ( 2326): 8
08-22 06:51:00.691 I/liblog ( 2326): 7
08-22 06:51:00.691 I/liblog ( 2326): 3
08-22 06:51:00.692 I/liblog ( 2326): 11
08-22 06:51:00.692 I/liblog ( 2326): 3
08-22 06:51:00.693 I/liblog ( 2326): 10
08-22 06:51:00.694 I/liblog ( 2326): 5
08-22 06:51:00.694 I/liblog ( 2326): 3
08-22 06:51:00.695 I/liblog ( 2326): 6
08-22 06:51:00.695 I/liblog ( 2326): 4
08-22 06:51:00.695 I/liblog ( 2326): 3
08-22 06:51:00.696 I/liblog ( 2326): 3
08-22 06:51:00.697 I/liblog ( 2326): 15
08-22 06:51:00.697 I/liblog ( 2326): 8
08-22 06:51:00.699 I/liblog ( 2326): 15
08-22 06:51:00.699 I/liblog ( 2326): 5
08-22 06:51:00.702 I/liblog ( 2326): 2
08-22 06:51:00.702 I/dvm_lock_sample( 2326): [com.thundercomm.remotecontrolser,0,Thread-333479,152,Throwable.java,665,void java.lang.Throwable.printStackTrace(java.lang.Throwable$PrintStreamOrWriter),,0,null,30]
08-22 06:51:00.704 I/liblog ( 2326): 5
08-22 06:51:00.710 I/liblog ( 2326): 4
08-22 06:51:00.710 I/dvm_lock_sample( 2326): [com.thundercomm.remotecontrolser,0,Thread-333480,144,Throwable.java,665,void java.lang.Throwable.printStackTrace(java.lang.Throwable$PrintStreamOrWriter),,0,null,28]
08-22 06:51:00.712 I/liblog ( 2326): 1
08-22 06:51:00.712 I/liblog ( 2326): 8
08-22 06:51:00.713 I/liblog ( 2326): 8
08-22 06:51:00.713 I/liblog ( 2326): 2
08-22 06:51:00.714 I/liblog ( 2326): 8
08-22 06:51:00.714 I/liblog ( 2326): 6
08-22 06:51:00.715 I/liblog ( 2326): 11
08-22 06:51:00.715 I/liblog ( 2326): 5
08-22 06:51:00.715 I/liblog ( 2326): 3
08-22 06:51:00.715 I/liblog ( 2326): 7
08-22 06:51:00.716 I/liblog ( 2326): 5
08-22 06:51:00.716 I/liblog ( 2326): 2
08-22 06:51:00.717 I/liblog ( 2326): 8
08-22 06:51:00.717 I/liblog ( 2326): 2
08-22 06:51:00.718 I/liblog ( 2326): 3
08-22 06:51:00.718 I/liblog ( 2326): 3
08-22 06:51:00.718 I/liblog ( 2326): 6
08-22 06:51:00.719 I/liblog ( 2326): 7
08-22 06:51:00.723 I/liblog ( 2326): 4
08-22 06:51:00.723 I/dvm_lock_sample( 2326): [com.thundercomm.remotecontrolser,0,Thread-333487,119,Throwable.java,665,void java.lang.Throwable.printStackTrace(java.lang.Throwable$PrintStreamOrWriter),,0,null,23]
08-22 06:51:00.725 I/liblog ( 2326): 2
08-22 06:51:00.725 I/liblog ( 2326): 4
08-22 06:51:00.726 I/liblog ( 2326): 7
08-22 06:51:00.726 I/liblog ( 2326): 5
08-22 06:51:00.726 I/liblog ( 2326): 6
08-22 06:51:00.726 I/liblog ( 2326): 6
08-22 06:51:00.727 I/liblog ( 2326): 6
08-22 06:51:00.728 I/liblog ( 2326): 5
08-22 06:51:00.731 I/liblog ( 2326): 40
08-22 06:51:00.732 I/liblog ( 2326): 1
08-22 06:51:00.732 I/liblog ( 2326): 4
08-22 06:51:00.733 I/liblog ( 2326): 4
08-22 06:51:00.733 I/liblog ( 2326): 5
08-22 06:51:00.734 I/liblog ( 2326): 3
08-22 06:51:00.734 I/liblog ( 2326): 2
08-22 06:51:00.734 I/liblog ( 2326): 4
08-22 06:51:00.737 I/liblog ( 2326): 25
08-22 06:51:00.743 I/liblog ( 2326): 52
08-22 06:51:00.746 I/dvm_lock_sample( 2326): [com.thundercomm.remotecontrolser,0,Thread-333383,551,Throwable.java,665,void java.lang.Throwable.printStackTrace(java.lang.Throwable$PrintStreamOrWriter),,0,null,100]
08-22 06:51:00.748 I/liblog ( 2326): 1
08-22 06:51:00.749 I/liblog ( 2326): 5
08-22 06:51:00.749 I/liblog ( 2326): 5
08-22 06:51:00.749 I/liblog ( 2326): 2
08-22 06:51:00.749 I/liblog ( 2326): 4
08-22 06:51:00.750 I/liblog ( 2326): 7
08-22 06:51:00.750 I/liblog ( 2326): 6
08-22 06:51:00.751 I/liblog ( 2326): 8
08-22 06:51:00.751 I/liblog ( 2326): 7
08-22 06:51:00.751 I/liblog ( 2326): 4
08-22 06:51:00.752 I/liblog ( 2326): 6
08-22 06:51:00.752 I/liblog ( 2326): 6
08-22 06:51:00.752 I/liblog ( 2326): 5
08-22 06:51:00.757 I/liblog ( 2326): 94
08-22 06:51:00.757 I/liblog ( 2326): 1
08-22 06:51:00.758 I/liblog ( 2326): 6
08-22 06:51:00.759 I/liblog ( 2326): 9
08-22 06:51:00.759 I/liblog ( 2326): 6
08-22 06:51:00.759 I/liblog ( 2326): 3
08-22 06:51:00.759 I/liblog ( 2326): 7
08-22 06:51:00.760 I/liblog ( 2326): 6
08-22 06:51:00.760 I/liblog ( 2326): 4
08-22 06:51:00.762 I/liblog ( 2326): 14
08-22 06:51:00.762 I/liblog ( 2326): 5
08-22 06:51:00.763 I/liblog ( 2326): 4
08-22 06:51:00.763 I/liblog ( 2326): 4
08-22 06:51:00.764 I/liblog ( 2326): 2
08-22 06:51:00.764 I/liblog ( 2326): 15
08-22 06:51:00.765 I/liblog ( 2326): 1
08-22 06:51:00.765 I/liblog ( 2326): 1
08-22 06:51:00.766 I/liblog ( 2326): 3
08-22 06:51:00.766 I/liblog ( 2326): 5
08-22 06:51:00.766 I/liblog ( 2326): 2
08-22 06:51:00.767 I/liblog ( 2326): 11
08-22 06:51:00.768 I/liblog ( 2326): 9
08-22 06:51:00.769 I/liblog ( 2326): 9
08-22 06:51:00.769 I/liblog ( 2326): 6
08-22 06:51:00.770 I/liblog ( 2326): 1
08-22 06:51:00.770 I/liblog ( 2326): 3
08-22 06:51:00.770 I/liblog ( 2326): 2
08-22 06:51:00.772 I/liblog ( 2326): 4
08-22 06:51:00.780 I/liblog ( 2326): 105
08-22 06:51:00.781 I/liblog ( 2326): 12
08-22 06:51:00.782 I/liblog ( 2326): 10
08-22 06:51:00.784 I/liblog ( 2326): 6
08-22 06:51:00.784 I/liblog ( 2326): 7
08-22 06:51:00.784 I/liblog ( 2326): 1
08-22 06:51:00.785 I/liblog ( 2326): 6
08-22 06:51:00.785 I/liblog ( 2326): 4
08-22 06:51:00.785 I/liblog ( 2326): 4
08-22 06:51:00.786 I/liblog ( 2326): 7
08-22 06:51:00.788 I/liblog ( 2326): 45
08-22 06:51:00.790 I/liblog ( 2326): 9
08-22 06:51:00.791 I/liblog ( 2326): 3
08-22 06:51:00.791 I/liblog ( 2326): 5
08-22 06:51:00.792 I/liblog ( 2326): 5
08-22 06:51:00.794 I/liblog ( 2326): 22
08-22 06:51:00.794 I/liblog ( 2326): 1
08-22 06:51:00.795 I/liblog ( 2326): 4
08-22 06:51:00.795 I/liblog ( 2326): 2
08-22 06:51:00.795 I/liblog ( 2326): 6
08-22 06:51:00.796 I/liblog ( 2326): 4
08-22 06:51:00.801 I/liblog ( 2326): 5
08-22 06:51:00.801 I/dvm_lock_sample( 2326): [com.thundercomm.remotecontrolser,0,Thread-333546,29,Throwable.java,665,void java.lang.Throwable.printStackTrace(java.lang.Throwable$PrintStreamOrWriter),,0,null,5]
08-22 06:51:00.812 I/liblog ( 2326): 6
08-22 06:51:00.812 I/dvm_lock_sample( 2326): [com.thundercomm.remotecontrolser,0,Thread-333550,35,Throwable.java,665,void java.lang.Throwable.printStackTrace(java.lang.Throwable$PrintStreamOrWriter),,0,null,7]
08-22 06:51:00.819 I/dvm_lock_sample( 2326): [com.thundercomm.remotecontrolser,0,Thread-333476,268,Throwable.java,665,void java.lang.Throwable.printStackTrace(java.lang.Throwable$PrintStreamOrWriter),,0,null,53]
08-22 06:51:00.820 I/liblog ( 2326): 2
08-22 06:51:00.820 I/liblog ( 2326): 7
08-22 06:51:00.821 I/liblog ( 2326): 7
08-22 06:51:00.821 I/liblog ( 2326): 3
08-22 06:51:00.821 I/liblog ( 2326): 10
08-22 06:51:00.822 I/liblog ( 2326): 6
08-22 06:51:00.822 I/liblog ( 2326): 1
08-22 06:51:00.822 I/liblog ( 2326): 7
08-22 06:51:00.823 I/liblog ( 2326): 3
08-22 06:51:00.828 I/liblog ( 2326): 6
08-22 06:51:00.828 I/dvm_lock_sample( 2326): [com.thundercomm.remotecontrolser,0,Thread-333542,54,Throwable.java,665,void java.lang.Throwable.printStackTrace(java.lang.Throwable$PrintStreamOrWriter),,0,null,10]
08-22 06:51:00.829 I/liblog ( 2326): 1
08-22 06:51:00.829 I/liblog ( 2326): 4
08-22 06:51:00.830 I/liblog ( 2326): 7
08-22 06:51:00.830 I/liblog ( 2326): 6
08-22 06:51:00.830 I/liblog ( 2326): 4
08-22 06:51:00.831 I/liblog ( 2326): 7
08-22 06:51:00.831 I/liblog ( 2326): 6
08-22 06:51:00.831 I/liblog ( 2326): 2
08-22 06:51:00.832 I/liblog ( 2326): 8
08-22 06:51:00.832 I/liblog ( 2326): 6
08-22 06:51:00.838 I/liblog ( 2326): 114
08-22 06:51:00.839 I/liblog ( 2326): 3
08-22 06:51:00.839 I/liblog ( 2326): 5
08-22 06:51:00.840 I/liblog ( 2326): 10
08-22 06:51:00.854 I/liblog ( 2326): 258
08-22 06:51:00.854 I/liblog ( 2326): 6
08-22 06:51:00.856 I/liblog ( 2326): 31
08-22 06:51:00.856 I/liblog ( 2326): 3
08-22 06:51:00.857 I/liblog ( 2326): 5
08-22 06:51:00.857 I/liblog ( 2326): 6
08-22 06:51:00.857 I/liblog ( 2326): 7
08-22 06:51:00.859 I/liblog ( 2326): 28
08-22 06:51:00.866 I/liblog ( 2326): 11
08-22 06:51:00.866 I/dvm_lock_sample( 2326): [com.thundercomm.remotecontrolser,0,Thread-333576,26,Throwable.java,665,void java.lang.Throwable.printStackTrace(java.lang.Throwable$PrintStreamOrWriter),,0,null,5]
08-22 06:51:00.879 I/dvm_lock_sample( 2326): [com.thundercomm.remotecontrolser,0,Thread-333577,30,Throwable.java,665,void java.lang.Throwable.printStackTrace(java.lang.Throwable$PrintStreamOrWriter),,0,null,6]
08-22 06:51:00.882 I/liblog ( 2326): 1
08-22 06:51:00.882 I/dvm_lock_sample( 2326): [com.thundercomm.remotecontrolser,0,Thread-333579,37,Throwable.java,665,void java.lang.Throwable.printStackTrace(java.lang.Throwable$PrintStreamOrWriter),,0,null,7]
08-22 06:51:00.882 I/liblog ( 2326): 2
08-22 06:51:00.883 I/liblog ( 2326): 6
08-22 06:51:00.886 I/liblog ( 2326): 64
08-22 06:51:00.887 I/liblog ( 2326): 1
08-22 06:51:00.888 I/liblog ( 2326): 1
08-22 06:51:00.889 I/liblog ( 2326): 11
08-22 06:51:00.889 I/liblog ( 2326): 6
08-22 06:51:00.890 I/liblog ( 2326): 8
08-22 06:51:00.890 I/liblog ( 2326): 6
08-22 06:51:00.891 I/liblog ( 2326): 2
08-22 06:51:00.891 I/liblog ( 2326): 9
08-22 06:51:00.891 I/liblog ( 2326): 5
08-22 06:51:00.891 I/liblog ( 2326): 2
08-22 06:51:00.892 I/liblog ( 2326): 7
08-22 06:51:00.892 I/liblog ( 2326): 5
08-22 06:51:00.893 I/liblog ( 2326): 14
08-22 06:51:00.894 I/liblog ( 2326): 6
08-22 06:51:00.894 I/liblog ( 2326): 4
08-22 06:51:00.894 I/liblog ( 2326): 7
08-22 06:51:00.894 I/liblog ( 2326): 6
08-22 06:51:00.895 I/liblog ( 2326): 7
08-22 06:51:00.896 I/liblog ( 2326): 4
08-22 06:51:00.896 I/liblog ( 2326): 3
08-22 06:51:00.899 I/liblog ( 2326): 3
08-22 06:51:00.919 I/liblog ( 2326): 26
08-22 06:51:00.925 I/liblog ( 2326): 33
08-22 06:51:00.932 I/liblog ( 2326): 44
08-22 06:51:00.938 I/liblog ( 2326): 10
08-22 06:51:00.953 I/liblog ( 2326): 7
08-22 06:51:00.955 I/liblog ( 2326): 2
08-22 06:51:00.955 I/liblog ( 2326): 8
08-22 06:51:00.957 I/liblog ( 2326): 6
08-22 06:51:00.957 I/liblog ( 2326): 2
08-22 06:51:00.958 I/liblog ( 2326): 6
08-22 06:51:00.959 I/liblog ( 2326): 4
08-22 06:51:00.960 I/liblog ( 2326): 12
08-22 06:51:00.960 I/liblog ( 2326): 3
08-22 06:51:00.960 I/liblog ( 2326): 2
08-22 06:51:00.961 I/liblog ( 2326): 6
08-22 06:51:00.963 I/liblog ( 2326): 12
08-22 06:51:00.963 I/liblog ( 2326): 7
08-22 06:51:00.964 I/liblog ( 2326): 6
08-22 06:51:00.964 I/liblog ( 2326): 1
08-22 06:51:00.965 I/liblog ( 2326): 10
08-22 06:51:00.965 I/liblog ( 2326): 6
08-22 06:51:00.965 I/liblog ( 2326): 6
08-22 06:51:00.966 I/liblog ( 2326): 6
08-22 06:51:00.966 I/liblog ( 2326): 5
08-22 06:51:00.966 I/liblog ( 2326): 1
08-22 06:51:00.967 I/liblog ( 2326): 6
08-22 06:51:00.971 I/liblog ( 2326): 9
08-22 06:51:00.973 I/liblog ( 2326): 4
08-22 06:51:00.974 I/liblog ( 2326): 6
08-22 06:51:00.975 I/liblog ( 2326): 6
08-22 06:51:00.975 I/liblog ( 2326): 1
08-22 06:51:00.975 I/liblog ( 2326): 5
08-22 06:51:00.976 I/liblog ( 2326): 6
08-22 06:51:00.976 I/liblog ( 2326): 3
08-22 06:51:00.977 I/liblog ( 2326): 6
08-22 06:51:00.977 I/liblog ( 2326): 8
08-22 06:51:00.977 I/liblog ( 2326): 4
08-22 06:51:00.977 I/liblog ( 2326): 6
08-22 06:51:00.978 I/liblog ( 2326): 9
08-22 06:51:00.979 I/liblog ( 2326): 1
08-22 06:51:00.994 I/liblog ( 2326): 17
08-22 06:51:01.019 I/liblog ( 2326): 182
08-22 06:51:01.029 I/liblog ( 2326): 12
08-22 06:51:01.068 I/liblog ( 2326): 88
08-22 06:51:01.083 I/liblog ( 2326): 12
08-22 06:51:01.098 I/liblog ( 2326): 3
08-22 06:51:01.102 I/liblog ( 2326): 51
08-22 06:51:01.102 I/liblog ( 2326): 1
08-22 06:51:01.106 I/liblog ( 2326): 13
08-22 06:51:01.119 I/liblog ( 2326): 14
08-22 06:51:01.125 I/liblog ( 2326): 8
08-22 06:51:01.132 I/liblog ( 2326): 32
08-22 06:51:01.139 I/liblog ( 2326): 8
08-22 06:51:01.145 I/liblog ( 2326): 12
01-01 00:38:12.721 I/init ( 0): starting service 'qvrd_vndr'...
01-01 00:38:12.728 I/init ( 0): Created socket '/dev/socket/qvrservice_vndr', mode 660, user 1000, group 1000
01-01 00:38:12.738 I/init ( 0): Created socket '/dev/socket/qvrservice_vndr_camera', mode 660, user 1000, group 1000
01-01 00:38:12.759 I/init ( 0): starting service 'sxrd'...
08-22 06:51:01.366 I/liblog ( 2326): 6
08-22 06:51:01.366 I/liblog ( 2326): 2
08-22 06:51:01.367 I/liblog ( 2326): 4
08-22 06:51:01.367 I/liblog ( 2326): 5
08-22 06:51:01.367 I/liblog ( 2326): 4
08-22 06:51:01.368 I/liblog ( 2326): 2
08-22 06:51:01.369 I/liblog ( 2326): 2
08-22 06:51:01.369 I/liblog ( 2326): 8
08-22 06:51:01.369 I/liblog ( 2326): 4
08-22 06:51:01.370 I/liblog ( 2326): 2
08-22 06:51:01.371 I/liblog ( 2326): 6
08-22 06:51:01.371 I/liblog ( 2326): 6
01-01 00:38:12.774 I/init ( 0): Service 'qvrd_vndr' (pid 685) exited with status 1
01-01 00:38:12.780 I/init ( 0): Sending signal 9 to service 'qvrd_vndr' (pid 685) process group...
01-01 00:38:12.788 I/libprocessgroup( 0): Successfully killed process cgroup uid 1000 pid 685 in 0ms
08-22 06:51:01.371 I/liblog ( 2326): 3
08-22 06:51:01.372 I/liblog ( 2326): 10
08-22 06:51:01.373 I/liblog ( 2326): 6
08-22 06:51:01.374 I/liblog ( 2326): 2
08-22 06:51:01.374 I/liblog ( 2326): 4
08-22 06:51:01.375 I/liblog ( 2326): 10
08-22 06:51:01.375 I/liblog ( 2326): 2
08-22 06:51:01.375 I/liblog ( 2326): 4
08-22 06:51:01.376 I/liblog ( 2326): 5
08-22 06:51:01.376 I/liblog ( 2326): 3
08-22 06:51:01.376 I/liblog ( 2326): 3
08-22 06:51:01.377 I/liblog ( 2326): 3
08-22 06:51:01.377 I/liblog ( 2326): 5
08-22 06:51:01.377 I/liblog ( 2326): 5
08-22 06:51:01.378 I/liblog ( 2326): 4
08-22 06:51:01.378 I/liblog ( 2326): 2
08-22 06:51:01.378 I/liblog ( 2326): 9
08-22 06:51:01.379 I/liblog ( 2326): 7
08-22 06:51:01.379 I/liblog ( 2326): 9
08-22 06:51:01.380 I/liblog ( 2326): 6
08-22 06:51:01.380 I/liblog ( 2326): 5
08-22 06:51:01.381 I/liblog ( 2326): 7
08-22 06:51:01.381 I/liblog ( 2326): 3
08-22 06:51:01.381 I/liblog ( 2326): 1
08-22 06:51:01.381 I/liblog ( 2326): 4
08-22 06:51:01.382 I/liblog ( 2326): 5
08-22 06:51:01.382 I/liblog ( 2326): 5
08-22 06:51:01.383 I/liblog ( 2326): 3
08-22 06:51:01.383 I/liblog ( 2326): 6
08-22 06:51:01.383 I/liblog ( 2326): 11
08-22 06:51:01.384 I/liblog ( 2326): 6
08-22 06:51:01.384 I/liblog ( 2326): 5
08-22 06:51:01.392 I/liblog ( 2326): 6
01-01 00:38:12.798 I/init ( 0): Service 'sxrd' (pid 700) exited with status 1
08-22 06:51:01.395 I/liblog ( 2326): 3
08-22 06:51:01.396 I/liblog ( 2326): 4
08-22 06:51:01.396 I/liblog ( 2326): 5
08-22 06:51:01.396 I/liblog ( 2326): 3
08-22 06:51:01.397 I/liblog ( 2326): 1
08-22 06:51:01.397 I/liblog ( 2326): 2
08-22 06:51:01.397 I/liblog ( 2326): 3
08-22 06:51:01.397 I/liblog ( 2326): 6
08-22 06:51:01.398 I/liblog ( 2326): 6
08-22 06:51:01.398 I/liblog ( 2326): 2
08-22 06:51:01.399 I/liblog ( 2326): 1
08-22 06:51:01.399 I/liblog ( 2326): 6
01-01 00:38:12.805 I/init ( 0): Sending signal 9 to service 'sxrd' (pid 700) process group...
08-22 06:51:01.400 I/liblog ( 2326): 2
08-22 06:51:01.400 I/liblog ( 2326): 5
08-22 06:51:01.400 I/liblog ( 2326): 1
08-22 06:51:01.401 I/liblog ( 2326): 4
01-01 00:38:12.812 I/libprocessgroup( 0): Successfully killed process cgroup uid 1000 pid 700 in 0ms
08-22 06:51:01.401 I/liblog ( 2326): 1
08-22 06:51:01.401 I/liblog ( 2326): 3
08-22 06:51:01.402 I/liblog ( 2326): 5
08-22 06:51:01.402 I/liblog ( 2326): 4
08-22 06:51:01.403 I/liblog ( 2326): 6
08-22 06:51:01.403 I/liblog ( 2326): 5
08-22 06:51:01.403 I/liblog ( 2326): 5
08-22 06:51:01.403 I/liblog ( 2326): 7
08-22 06:51:01.404 I/liblog ( 2326): 6
08-22 06:51:01.404 I/liblog ( 2326): 4
08-22 06:51:01.405 I/liblog ( 2326): 1
08-22 06:51:01.405 I/liblog ( 2326): 3
08-22 06:51:01.405 I/liblog ( 2326): 3
08-22 06:51:01.406 I/liblog ( 2326): 4
08-22 06:51:01.406 I/liblog ( 2326): 3
08-22 06:51:01.406 I/liblog ( 2326): 3
08-22 06:51:01.409 I/liblog ( 2326): 15
08-22 06:51:01.410 I/liblog ( 2326): 1
08-22 06:51:01.410 I/liblog ( 2326): 7
08-22 06:51:01.416 I/liblog ( 2326): 2
08-22 06:51:01.419 I/liblog ( 2326): 3
08-22 06:51:01.420 I/liblog ( 2326): 6
08-22 06:51:01.420 I/liblog ( 2326): 3
08-22 06:51:01.421 I/liblog ( 2326): 5
08-22 06:51:01.421 I/liblog ( 2326): 8
08-22 06:51:01.421 I/liblog ( 2326): 1
08-22 06:51:01.422 I/liblog ( 2326): 12
08-22 06:51:01.422 I/liblog ( 2326): 3
08-22 06:51:01.423 I/liblog ( 2326): 7
08-22 06:51:01.423 I/liblog ( 2326): 5
08-22 06:51:01.424 I/liblog ( 2326): 9
08-22 06:51:01.424 I/liblog ( 2326): 8
08-22 06:51:01.425 I/liblog ( 2326): 4
08-22 06:51:01.425 I/liblog ( 2326): 6
08-22 06:51:01.425 I/liblog ( 2326): 7
08-22 06:51:01.433 I/liblog ( 2326): 3
08-22 06:51:01.435 I/liblog ( 2326): 4
08-22 06:51:01.437 I/liblog ( 2326): 7
08-22 06:51:01.437 I/liblog ( 2326): 5
08-22 06:51:01.438 I/liblog ( 2326): 8
08-22 06:51:01.438 I/liblog ( 2326): 1
08-22 06:51:01.439 I/liblog ( 2326): 9
08-22 06:51:01.440 I/liblog ( 2326): 12
08-22 06:51:01.440 I/liblog ( 2326): 3
08-22 06:51:01.441 I/liblog ( 2326): 6
08-22 06:51:01.441 I/liblog ( 2326): 10
08-22 06:51:01.442 I/liblog ( 2326): 6
08-22 06:51:01.442 I/liblog ( 2326): 5
08-22 06:51:01.442 I/liblog ( 2326): 6
08-22 06:51:01.443 I/liblog ( 2326): 6
08-22 06:51:01.443 I/liblog ( 2326): 9
08-22 06:51:01.444 I/liblog ( 2326): 7
08-22 06:51:01.444 I/liblog ( 2326): 2
08-22 06:51:01.445 I/liblog ( 2326): 5
08-22 06:51:01.445 I/liblog ( 2326): 5
08-22 06:51:01.446 I/liblog ( 2326): 3
08-22 06:51:01.446 I/liblog ( 2326): 1
08-22 06:51:01.446 I/liblog ( 2326): 9
08-22 06:51:01.447 I/liblog ( 2326): 3
08-22 06:51:01.447 I/liblog ( 2326): 6
08-22 06:51:01.447 I/liblog ( 2326): 11
08-22 06:51:01.448 I/liblog ( 2326): 7
08-22 06:51:01.448 I/liblog ( 2326): 8
08-22 06:51:01.449 I/liblog ( 2326): 7
08-22 06:51:01.450 I/liblog ( 2326): 9
08-22 06:51:01.450 I/liblog ( 2326): 5
08-22 06:51:01.451 I/liblog ( 2326): 1
08-22 06:51:01.451 I/liblog ( 2326): 5
08-22 06:51:01.451 I/liblog ( 2326): 6
08-22 06:51:01.452 I/liblog ( 2326): 6
08-22 06:51:01.452 F/linker ( 685): CANNOT LINK EXECUTABLE "/vendor/bin/hw/qvrservice": library "vendor.qti.hardware.qxr-V1-ndk_platform.so" not found: needed by /vendor/lib64/libqvrservice.so in namespace (default)
08-22 06:51:01.453 I/liblog ( 2326): 12
08-22 06:51:01.454 I/liblog ( 2326): 4
01-01 00:38:12.873 D/ ( 0): mv2112_read_status
08-22 06:51:01.454 I/liblog ( 2326): 1
08-22 06:51:01.455 I/liblog ( 2326): 7
08-22 06:51:01.455 I/liblog ( 2326): 7
08-22 06:51:01.455 I/liblog ( 2326): 10
08-22 06:51:01.456 I/liblog ( 2326): 6
08-22 06:51:01.456 I/liblog ( 2326): 19
08-22 06:51:01.457 I/liblog ( 2326): 7
08-22 06:51:01.457 I/liblog ( 2326): 7
08-22 06:51:01.457 I/liblog ( 2326): 2
08-22 06:51:01.458 I/liblog ( 2326): 7
08-22 06:51:01.458 I/liblog ( 2326): 5
08-22 06:51:01.459 I/liblog ( 2326): 4
