08-22 06:51:18.447 I/liblog ( 2326): 11
08-22 06:51:18.448 I/liblog ( 2326): 8
08-22 06:51:18.449 I/liblog ( 2326): 22
08-22 06:51:18.450 I/liblog ( 2326): 7
08-22 06:51:18.450 I/liblog ( 2326): 9
08-22 06:51:18.450 I/liblog ( 2326): 1
08-22 06:51:18.451 I/liblog ( 2326): 4
08-22 06:51:18.451 I/liblog ( 2326): 3
08-22 06:51:18.451 I/liblog ( 2326): 2
08-22 06:51:18.452 I/liblog ( 2326): 4
08-22 06:51:18.452 I/liblog ( 2326): 3
08-22 06:51:18.453 I/liblog ( 2326): 7
08-22 06:51:18.453 I/liblog ( 2326): 5
08-22 06:51:18.454 I/liblog ( 2326): 4
08-22 06:51:18.454 I/liblog ( 2326): 4
08-22 06:51:18.454 I/liblog ( 2326): 6
08-22 06:51:18.455 I/liblog ( 2326): 5
08-22 06:51:18.455 I/liblog ( 2326): 6
08-22 06:51:18.455 I/liblog ( 2326): 6
08-22 06:51:18.456 I/liblog ( 2326): 5
08-22 06:51:18.457 I/liblog ( 2326): 4
08-22 06:51:18.457 I/liblog ( 2326): 6
08-22 06:51:18.457 I/liblog ( 2326): 6
08-22 06:51:18.458 I/liblog ( 2326): 6
08-22 06:51:18.458 I/liblog ( 2326): 7
08-22 06:51:18.460 I/liblog ( 2326): 3
08-22 06:51:18.461 I/liblog ( 2326): 8
08-22 06:51:18.462 I/liblog ( 2326): 2
08-22 06:51:18.463 I/liblog ( 2326): 7
08-22 06:51:18.464 I/liblog ( 2326): 6
08-22 06:51:18.464 I/liblog ( 2326): 1
08-22 06:51:18.465 I/liblog ( 2326): 4
08-22 06:51:18.466 I/liblog ( 2326): 2
08-22 06:51:18.466 I/liblog ( 2326): 1
08-22 06:51:18.467 I/liblog ( 2326): 3
08-22 06:51:18.468 I/liblog ( 2326): 2
08-22 06:51:18.468 I/liblog ( 2326): 3
08-22 06:51:18.469 I/liblog ( 2326): 4
08-22 06:51:18.469 I/liblog ( 2326): 3
08-22 06:51:18.469 I/liblog ( 2326): 2
08-22 06:51:18.470 I/liblog ( 2326): 7
08-22 06:51:18.470 I/liblog ( 2326): 5
08-22 06:51:18.470 I/liblog ( 2326): 5
08-22 06:51:18.471 I/liblog ( 2326): 4
08-22 06:51:18.471 I/liblog ( 2326): 7
08-22 06:51:18.471 I/liblog ( 2326): 5
08-22 06:51:18.474 I/liblog ( 2326): 1
08-22 06:51:18.475 I/liblog ( 2326): 5
08-22 06:51:18.478 I/liblog ( 2326): 3
08-22 06:51:18.478 I/liblog ( 2326): 4
08-22 06:51:18.491 I/liblog ( 2326): 5
08-22 06:51:18.504 I/liblog ( 2326): 1
08-22 06:51:18.505 I/liblog ( 2326): 6
08-22 06:51:18.505 I/liblog ( 2326): 3
08-22 06:51:18.505 I/liblog ( 2326): 8
08-22 06:51:18.506 I/liblog ( 2326): 9
08-22 06:51:18.506 I/liblog ( 2326): 12
08-22 06:51:18.507 I/liblog ( 2326): 4
08-22 06:51:18.507 I/liblog ( 2326): 1
08-22 06:51:18.507 I/liblog ( 2326): 2
08-22 06:51:18.508 I/liblog ( 2326): 4
08-22 06:51:18.508 I/liblog ( 2326): 4
08-22 06:51:18.509 I/liblog ( 2326): 3
08-22 06:51:18.509 I/liblog ( 2326): 3
08-22 06:51:18.510 I/liblog ( 2326): 8
08-22 06:51:18.510 I/liblog ( 2326): 3
08-22 06:51:18.513 I/liblog ( 2326): 2
08-22 06:51:18.513 I/liblog ( 2326): 6
08-22 06:51:18.513 I/liblog ( 2326): 6
08-22 06:51:18.514 I/liblog ( 2326): 6
08-22 06:51:18.514 I/liblog ( 2326): 8
08-22 06:51:18.514 I/liblog ( 2326): 4
08-22 06:51:18.515 I/liblog ( 2326): 3
08-22 06:51:18.515 I/liblog ( 2326): 3
08-22 06:51:18.515 I/liblog ( 2326): 4
08-22 06:51:18.516 I/liblog ( 2326): 2
08-22 06:51:18.527 I/liblog ( 2326): 4
08-22 06:51:18.542 I/liblog ( 2326): 4
08-22 06:51:18.548 I/liblog ( 2326): 6
08-22 06:51:18.550 I/liblog ( 2326): 5
08-22 06:51:18.551 I/liblog ( 2326): 6
08-22 06:51:18.551 I/liblog ( 2326): 3
08-22 06:51:18.551 I/liblog ( 2326): 7
08-22 06:51:18.552 I/liblog ( 2326): 6
08-22 06:51:18.553 I/liblog ( 2326): 2
08-22 06:51:18.553 I/liblog ( 2326): 4
08-22 06:51:18.553 I/liblog ( 2326): 3
08-22 06:51:18.554 I/liblog ( 2326): 5
08-22 06:51:18.554 I/liblog ( 2326): 1
08-22 06:51:18.555 I/liblog ( 2326): 9
08-22 06:51:18.562 I/liblog ( 2326): 6
08-22 06:51:18.566 I/liblog ( 2326): 1
08-22 06:51:18.566 I/liblog ( 2326): 1
08-22 06:51:18.567 I/liblog ( 2326): 1
08-22 06:51:18.568 I/liblog ( 2326): 3
08-22 06:51:18.570 I/liblog ( 2326): 5
08-22 06:51:18.570 I/liblog ( 2326): 3
08-22 06:51:18.572 I/liblog ( 2326): 11
08-22 06:51:18.573 I/liblog ( 2326): 2
08-22 06:51:18.573 I/liblog ( 2326): 6
08-22 06:51:18.573 I/liblog ( 2326): 1
08-22 06:51:18.574 I/liblog ( 2326): 11
08-22 06:51:18.574 I/liblog ( 2326): 5
08-22 06:51:18.574 I/liblog ( 2326): 5
08-22 06:51:18.575 I/liblog ( 2326): 3
08-22 06:51:18.576 I/liblog ( 2326): 2
08-22 06:51:18.576 I/liblog ( 2326): 6
08-22 06:51:18.579 I/liblog ( 2326): 8
08-22 06:51:18.579 I/liblog ( 2326): 6
08-22 06:51:18.579 I/liblog ( 2326): 9
08-22 06:51:18.580 I/liblog ( 2326): 5
08-22 06:51:18.580 I/liblog ( 2326): 3
08-22 06:51:18.581 I/liblog ( 2326): 7
08-22 06:51:18.581 I/liblog ( 2326): 3
08-22 06:51:18.583 I/liblog ( 2326): 6
08-22 06:51:18.583 I/liblog ( 2326): 4
08-22 06:51:18.583 I/liblog ( 2326): 4
08-22 06:51:18.584 I/liblog ( 2326): 5
08-22 06:51:18.586 I/liblog ( 2326): 1
08-22 06:51:18.587 I/liblog ( 2326): 2
08-22 06:51:18.587 I/liblog ( 2326): 5
08-22 06:51:18.587 I/liblog ( 2326): 1
08-22 06:51:18.588 I/liblog ( 2326): 5
08-22 06:51:18.588 I/liblog ( 2326): 3
08-22 06:51:18.589 I/liblog ( 2326): 6
08-22 06:51:18.589 I/liblog ( 2326): 3
08-22 06:51:18.589 I/liblog ( 2326): 1
08-22 06:51:18.590 I/liblog ( 2326): 3
08-22 06:51:18.590 I/liblog ( 2326): 3
08-22 06:51:18.590 I/liblog ( 2326): 3
08-22 06:51:18.591 I/liblog ( 2326): 2
08-22 06:51:18.591 I/liblog ( 2326): 4
08-22 06:51:18.591 I/liblog ( 2326): 3
08-22 06:51:18.607 I/liblog ( 2326): 12
08-22 06:51:18.637 I/liblog ( 2326): 2
08-22 06:51:18.638 I/liblog ( 2326): 1
08-22 06:51:18.639 I/liblog ( 2326): 1
08-22 06:51:18.639 I/liblog ( 2326): 3
08-22 06:51:18.640 I/liblog ( 2326): 3
08-22 06:51:18.641 I/liblog ( 2326): 7
08-22 06:51:18.641 I/liblog ( 2326): 4
08-22 06:51:18.642 I/liblog ( 2326): 4
08-22 06:51:18.643 I/liblog ( 2326): 6
08-22 06:51:18.643 I/liblog ( 2326): 2
08-22 06:51:18.643 I/liblog ( 2326): 8
08-22 06:51:18.644 I/liblog ( 2326): 4
08-22 06:51:18.644 I/liblog ( 2326): 7
08-22 06:51:18.644 I/liblog ( 2326): 9
08-22 06:51:18.645 I/liblog ( 2326): 5
08-22 06:51:18.645 I/liblog ( 2326): 2
08-22 06:51:18.645 I/liblog ( 2326): 4
08-22 06:51:18.646 I/liblog ( 2326): 4
08-22 06:51:18.646 I/liblog ( 2326): 5
08-22 06:51:18.647 I/liblog ( 2326): 9
08-22 06:51:18.647 I/liblog ( 2326): 3
08-22 06:51:18.648 I/liblog ( 2326): 5
08-22 06:51:18.648 I/liblog ( 2326): 4
08-22 06:51:18.648 I/liblog ( 2326): 10
08-22 06:51:18.657 I/liblog ( 2326): 3
01-01 00:38:30.077 I/IRQ 5 ( 0): no longer affine to CPU5
08-22 06:51:18.714 I/liblog ( 2326): 1
08-22 06:51:18.717 I/liblog ( 2326): 8
08-22 06:51:18.718 I/liblog ( 2326): 10
08-22 06:51:18.718 I/liblog ( 2326): 3
08-22 06:51:18.719 I/liblog ( 2326): 8
08-22 06:51:18.720 I/liblog ( 2326): 3
08-22 06:51:18.724 I/liblog ( 2326): 3
08-22 06:51:18.726 I/liblog ( 2326): 5
08-22 06:51:18.727 I/liblog ( 2326): 2
08-22 06:51:18.727 I/liblog ( 2326): 7
08-22 06:51:18.729 I/liblog ( 2326): 2
08-22 06:51:18.730 I/liblog ( 2326): 3
08-22 06:51:18.732 I/liblog ( 2326): 8
08-22 06:51:18.733 I/liblog ( 2326): 4
08-22 06:51:18.734 I/liblog ( 2326): 4
08-22 06:51:18.735 I/liblog ( 2326): 7
08-22 06:51:18.744 I/liblog ( 2326): 8
08-22 06:51:18.754 I/liblog ( 2326): 1
08-22 06:51:18.758 I/liblog ( 2326): 4
08-22 06:51:18.758 I/liblog ( 2326): 1
08-22 06:51:18.758 I/liblog ( 2326): 6
08-22 06:51:18.759 I/liblog ( 2326): 7
08-22 06:51:18.763 I/liblog ( 2326): 3
08-22 06:51:18.764 I/liblog ( 2326): 2
08-22 06:51:18.764 I/liblog ( 2326): 3
08-22 06:51:18.766 I/liblog ( 2326): 17
08-22 06:51:18.766 I/liblog ( 2326): 3
08-22 06:51:18.766 I/liblog ( 2326): 8
08-22 06:51:18.768 I/liblog ( 2326): 6
08-22 06:51:18.768 I/liblog ( 2326): 8
08-22 06:51:18.774 I/liblog ( 2326): 5
08-22 06:51:18.775 I/liblog ( 2326): 1
08-22 06:51:18.776 I/liblog ( 2326): 8
08-22 06:51:18.776 I/liblog ( 2326): 6
08-22 06:51:18.776 I/liblog ( 2326): 3
08-22 06:51:18.777 I/liblog ( 2326): 4
08-22 06:51:18.777 I/liblog ( 2326): 4
08-22 06:51:18.778 I/liblog ( 2326): 3
08-22 06:51:18.778 I/liblog ( 2326): 4
08-22 06:51:18.778 I/liblog ( 2326): 3
08-22 06:51:18.779 I/liblog ( 2326): 7
08-22 06:51:18.779 I/liblog ( 2326): 8
08-22 06:51:18.779 I/liblog ( 2326): 1
08-22 06:51:18.780 I/liblog ( 2326): 5
08-22 06:51:18.780 I/liblog ( 2326): 7
08-22 06:51:18.783 I/liblog ( 2326): 4
08-22 06:51:18.784 I/liblog ( 2326): 4
08-22 06:51:18.792 I/liblog ( 2326): 4
08-22 06:51:18.794 I/liblog ( 2326): 9
08-22 06:51:18.795 I/liblog ( 2326): 1
08-22 06:51:18.795 I/liblog ( 2326): 3
08-22 06:51:18.795 I/liblog ( 2326): 4
08-22 06:51:18.796 I/liblog ( 2326): 3
08-22 06:51:18.796 I/liblog ( 2326): 3
08-22 06:51:18.797 I/liblog ( 2326): 3
08-22 06:51:18.797 I/liblog ( 2326): 7
08-22 06:51:18.797 I/liblog ( 2326): 5
08-22 06:51:18.797 I/liblog ( 2326): 5
08-22 06:51:18.798 I/liblog ( 2326): 5
08-22 06:51:18.798 I/liblog ( 2326): 6
08-22 06:51:18.800 I/input_interaction( 1160): Interaction with: cfa8469 com.android.launcher3/com.android.launcher3.uioverrides.QuickstepLauncher (server), ec90026 com.android.systemui.ImageWallpaper (server), edge-swipe (server), swipe-up (server), PointerEventDispatcher0 (server),
08-22 06:51:18.801 I/liblog ( 2326): 5
08-22 06:51:18.802 I/liblog ( 2326): 6
08-22 06:51:18.805 I/liblog ( 2326): 2
08-22 06:51:18.809 I/liblog ( 2326): 3
08-22 06:51:18.810 I/liblog ( 2326): 1
08-22 06:51:18.810 I/liblog ( 2326): 6
08-22 06:51:18.812 I/liblog ( 2326): 3
08-22 06:51:18.813 I/liblog ( 2326): 3
08-22 06:51:18.813 I/liblog ( 2326): 4
08-22 06:51:18.813 I/liblog ( 2326): 2
08-22 06:51:18.820 I/liblog ( 2326): 5
08-22 06:51:18.831 I/liblog ( 2326): 6
08-22 06:51:18.834 I/liblog ( 2326): 2
08-22 06:51:18.836 I/liblog ( 2326): 1
08-22 06:51:18.836 I/liblog ( 2326): 3
08-22 06:51:18.837 I/liblog ( 2326): 4
08-22 06:51:18.837 I/liblog ( 2326): 2
08-22 06:51:18.837 I/liblog ( 2326): 7
08-22 06:51:18.840 I/liblog ( 2326): 8
08-22 06:51:18.842 I/liblog ( 2326): 2
08-22 06:51:18.846 I/liblog ( 2326): 5
08-22 06:51:18.855 I/liblog ( 2326): 4
08-22 06:51:18.865 I/liblog ( 2326): 1
08-22 06:51:18.865 I/liblog ( 2326): 3
08-22 06:51:18.866 I/liblog ( 2326): 6
08-22 06:51:18.866 I/liblog ( 2326): 4
08-22 06:51:18.867 I/liblog ( 2326): 4
08-22 06:51:18.867 I/liblog ( 2326): 4
08-22 06:51:18.867 I/liblog ( 2326): 7
08-22 06:51:18.868 I/liblog ( 2326): 6
08-22 06:51:18.869 I/liblog ( 2326): 7
08-22 06:51:18.870 I/sysui_multi_action( 1160): [757,127,758,1]
08-22 06:51:18.870 I/sysui_multi_action( 1160): [757,804,799,note_load,801,3,802,1]
08-22 06:51:18.871 I/notification_panel_revealed( 1160): 3
08-22 06:51:18.874 I/liblog ( 2326): 8
08-22 06:51:18.879 I/liblog ( 2326): 2
08-22 06:51:18.884 I/liblog ( 2326): 22
08-22 06:51:18.885 I/liblog ( 2326): 6
08-22 06:51:18.885 I/liblog ( 2326): 5
08-22 06:51:18.885 I/liblog ( 2326): 1
08-22 06:51:18.886 I/liblog ( 2326): 3
08-22 06:51:18.886 I/liblog ( 2326): 7
08-22 06:51:18.888 I/input_focus( 1160): [Focus request 7b76b2f NotificationShade,reason=UpdateInputWindows]
08-22 06:51:18.897 I/liblog ( 2326): 6
08-22 06:51:18.913 I/liblog ( 2326): 1
08-22 06:51:18.915 I/liblog ( 2326): 2
08-22 06:51:18.915 I/input_focus( 1160): [Focus leaving cfa8469 com.android.launcher3/com.android.launcher3.uioverrides.QuickstepLauncher (server),reason=setFocusedWindow]
08-22 06:51:18.915 I/input_focus( 1160): [Focus entering 7b76b2f NotificationShade (server),reason=setFocusedWindow]
08-22 06:51:18.919 I/input_interaction( 1160): Interaction with: cfa8469 com.android.launcher3/com.android.launcher3.uioverrides.QuickstepLauncher (server), ec90026 com.android.systemui.ImageWallpaper (server), 7b76b2f NotificationShade (server), edge-swipe (server), swipe-up (server), PointerEventDispatcher0 (server),
08-22 06:51:18.920 I/view_enqueue_input_event(12974): [Motion - Cancel,com.android.launcher3/com.android.launcher3.uioverrides.QuickstepLauncher]
08-22 06:51:18.922 I/liblog ( 2326): 6
08-22 06:51:18.922 I/sysui_multi_action( 1935): [757,803,799,panel_open,802,1]
08-22 06:51:18.923 I/sysui_multi_action( 1935): [757,1328,758,4,1326,64,1327,23,1329,0]
08-22 06:51:18.925 I/liblog ( 2326): 4
08-22 06:51:18.926 I/liblog ( 2326): 14
08-22 06:51:18.926 I/liblog ( 2326): 8
08-22 06:51:18.927 I/liblog ( 2326): 12
08-22 06:51:18.927 I/liblog ( 2326): 9
08-22 06:51:18.928 I/liblog ( 2326): 4
08-22 06:51:18.929 I/liblog ( 2326): 5
08-22 06:51:18.929 I/liblog ( 2326): 5
08-22 06:51:18.930 I/liblog ( 2326): 1
08-22 06:51:18.930 I/liblog ( 2326): 5
08-22 06:51:18.931 I/liblog ( 2326): 10
08-22 06:51:18.933 I/input_interaction( 1160): Interaction with: ec90026 com.android.systemui.ImageWallpaper (server), 7b76b2f NotificationShade (server), edge-swipe (server), swipe-up (server), PointerEventDispatcher0 (server),
08-22 06:51:18.936 I/liblog ( 2326): 6
08-22 06:51:18.937 I/liblog ( 2326): 4
08-22 06:51:18.938 I/liblog ( 2326): 6
08-22 06:51:18.938 I/liblog ( 2326): 6
08-22 06:51:18.941 I/liblog ( 2326): 2
08-22 06:51:18.942 I/liblog ( 2326): 4
08-22 06:51:18.942 I/liblog ( 2326): 12
08-22 06:51:18.945 I/liblog ( 2326): 11
08-22 06:51:18.948 I/liblog ( 2326): 5
08-22 06:51:18.950 I/liblog ( 2326): 6
08-22 06:51:18.950 I/liblog ( 2326): 7
08-22 06:51:18.952 I/sysui_latency( 1935): [0,89]
08-22 06:51:18.955 I/liblog ( 2326): 2
08-22 06:51:18.959 I/liblog ( 2326): 2
08-22 06:51:18.959 I/liblog ( 2326): 5
08-22 06:51:18.960 I/liblog ( 2326): 5
08-22 06:51:18.960 I/liblog ( 2326): 5
08-22 06:51:18.960 I/liblog ( 2326): 6
08-22 06:51:18.961 I/liblog ( 2326): 5
08-22 06:51:18.962 I/liblog ( 2326): 6
08-22 06:51:18.962 I/liblog ( 2326): 5
08-22 06:51:18.964 I/liblog ( 2326): 2
08-22 06:51:18.965 I/liblog ( 2326): 2
08-22 06:51:18.975 I/liblog ( 2326): 9
08-22 06:51:18.979 I/liblog ( 2326): 2
08-22 06:51:18.979 I/liblog ( 2326): 2
08-22 06:51:18.987 I/liblog ( 2326): 10
08-22 06:51:18.989 I/liblog ( 2326): 1
08-22 06:51:18.990 I/liblog ( 2326): 7
08-22 06:51:18.990 I/liblog ( 2326): 2
08-22 06:51:18.991 I/liblog ( 2326): 5
08-22 06:51:18.991 I/liblog ( 2326): 6
08-22 06:51:18.991 I/liblog ( 2326): 5
08-22 06:51:18.992 I/liblog ( 2326): 6
08-22 06:51:18.992 I/liblog ( 2326): 9
08-22 06:51:18.993 I/liblog ( 2326): 2
08-22 06:51:18.994 I/liblog ( 2326): 8
08-22 06:51:18.999 I/liblog ( 2326): 6
08-22 06:51:19.074 I/liblog ( 2326): 12
08-22 06:51:19.075 I/liblog ( 2326): 5
08-22 06:51:19.075 I/liblog ( 2326): 4
08-22 06:51:19.075 I/liblog ( 2326): 7
08-22 06:51:19.076 I/liblog ( 2326): 5
08-22 06:51:19.076 I/liblog ( 2326): 4
08-22 06:51:19.076 I/liblog ( 2326): 11
08-22 06:51:19.077 I/liblog ( 2326): 3
08-22 06:51:19.077 I/liblog ( 2326): 6
08-22 06:51:19.077 I/liblog ( 2326): 4
08-22 06:51:19.080 I/liblog ( 2326): 6
08-22 06:51:19.097 I/liblog ( 2326): 5
08-22 06:51:19.107 I/liblog ( 2326): 1
08-22 06:51:19.107 I/liblog ( 2326): 4
08-22 06:51:19.109 I/liblog ( 2326): 15
08-22 06:51:19.109 I/liblog ( 2326): 2
08-22 06:51:19.110 I/liblog ( 2326): 4
08-22 06:51:19.110 I/liblog ( 2326): 4
08-22 06:51:19.111 I/liblog ( 2326): 5
08-22 06:51:19.111 I/liblog ( 2326): 5
08-22 06:51:19.112 I/liblog ( 2326): 1
08-22 06:51:19.113 I/liblog ( 2326): 7
08-22 06:51:19.114 I/liblog ( 2326): 8
08-22 06:51:19.115 I/liblog ( 2326): 7
08-22 06:51:19.116 I/liblog ( 2326): 6
08-22 06:51:19.116 I/liblog ( 2326): 7
08-22 06:51:19.123 I/liblog ( 2326): 9
01-01 00:38:30.536 D/ ( 0): mv2112_read_status
01-01 00:38:30.540 D/mv2112_update_link( 0): 3.0x901(1G): 0x80
01-01 00:38:30.545 D/mv2112_update_link( 0): 3.0x8109(100M): 0x0
01-01 00:38:30.552 D/mv2112_update_link( 0): link 0x0
01-01 00:38:30.556 D/mv2112_read_status( 0): autoneg is disabled
08-22 06:51:19.128 I/liblog ( 2326): 2
08-22 06:51:19.129 I/liblog ( 2326): 13
08-22 06:51:19.138 I/liblog ( 2326): 1
08-22 06:51:19.144 I/liblog ( 2326): 3
08-22 06:51:19.144 I/liblog ( 2326): 5
08-22 06:51:19.145 I/liblog ( 2326): 10
08-22 06:51:19.148 I/liblog ( 2326): 6
08-22 06:51:19.152 I/liblog ( 2326): 2
08-22 06:51:19.153 I/liblog ( 2326): 12
08-22 06:51:19.154 I/liblog ( 2326): 5
08-22 06:51:19.154 I/liblog ( 2326): 9
08-22 06:51:19.155 I/liblog ( 2326): 11
08-22 06:51:19.156 I/liblog ( 2326): 7
08-22 06:51:19.156 I/liblog ( 2326): 4
08-22 06:51:19.156 I/liblog ( 2326): 6
08-22 06:51:19.157 I/liblog ( 2326): 5
08-22 06:51:19.157 I/liblog ( 2326): 5
08-22 06:51:19.158 I/liblog ( 2326): 10
08-22 06:51:19.159 I/liblog ( 2326): 2
08-22 06:51:19.160 I/liblog ( 2326): 4
08-22 06:51:19.160 I/liblog ( 2326): 8
08-22 06:51:19.161 I/liblog ( 2326): 1
08-22 06:51:19.161 I/liblog ( 2326): 1
08-22 06:51:19.161 I/liblog ( 2326): 7
08-22 06:51:19.161 I/liblog ( 2326): 3
08-22 06:51:19.162 I/liblog ( 2326): 4
08-22 06:51:19.162 I/liblog ( 2326): 3
08-22 06:51:19.162 I/liblog ( 2326): 6
08-22 06:51:19.163 I/liblog ( 2326): 6
08-22 06:51:19.163 I/liblog ( 2326): 4
08-22 06:51:19.164 I/liblog ( 2326): 3
08-22 06:51:19.164 I/liblog ( 2326): 3
08-22 06:51:19.164 I/liblog ( 2326): 5
08-22 06:51:19.164 I/liblog ( 2326): 4
08-22 06:51:19.167 I/liblog ( 2326): 2
08-22 06:51:19.167 I/liblog ( 2326): 1
08-22 06:51:19.167 I/liblog ( 2326): 9
08-22 06:51:19.169 I/liblog ( 2326): 1
08-22 06:51:19.169 I/liblog ( 2326): 2
08-22 06:51:19.171 I/liblog ( 2326): 10
08-22 06:51:19.171 I/liblog ( 2326): 6
08-22 06:51:19.171 I/liblog ( 2326): 7
08-22 06:51:19.176 I/liblog ( 2326): 2
08-22 06:51:19.179 I/liblog ( 2326): 2
08-22 06:51:19.180 I/liblog ( 2326): 3
08-22 06:51:19.181 I/liblog ( 2326): 1
08-22 06:51:19.181 I/liblog ( 2326): 3
08-22 06:51:19.181 I/liblog ( 2326): 3
08-22 06:51:19.183 I/liblog ( 2326): 33
08-22 06:51:19.183 I/liblog ( 2326): 2
08-22 06:51:19.184 I/liblog ( 2326): 8
08-22 06:51:19.184 I/liblog ( 2326): 6
08-22 06:51:19.184 I/liblog ( 2326): 2
08-22 06:51:19.186 I/liblog ( 2326): 8
08-22 06:51:19.187 I/liblog ( 2326): 1
08-22 06:51:19.187 I/liblog ( 2326): 6
08-22 06:51:19.188 I/liblog ( 2326): 4
08-22 06:51:19.188 I/liblog ( 2326): 6
08-22 06:51:19.188 I/liblog ( 2326): 6
08-22 06:51:19.189 I/liblog ( 2326): 7
08-22 06:51:19.189 I/liblog ( 2326): 4
08-22 06:51:19.190 I/liblog ( 2326): 12
08-22 06:51:19.190 I/liblog ( 2326): 4
08-22 06:51:19.190 I/liblog ( 2326): 1
08-22 06:51:19.191 I/liblog ( 2326): 9
08-22 06:51:19.191 I/liblog ( 2326): 6
08-22 06:51:19.191 I/liblog ( 2326): 3
08-22 06:51:19.194 I/liblog ( 2326): 41
08-22 06:51:19.194 I/liblog ( 2326): 8
08-22 06:51:19.194 I/liblog ( 2326): 5
08-22 06:51:19.195 I/liblog ( 2326): 5
08-22 06:51:19.195 I/liblog ( 2326): 6
08-22 06:51:19.195 I/liblog ( 2326): 2
08-22 06:51:19.196 I/liblog ( 2326): 8
08-22 06:51:19.196 I/liblog ( 2326): 4
08-22 06:51:19.197 I/liblog ( 2326): 6
08-22 06:51:19.197 I/liblog ( 2326): 8
08-22 06:51:19.198 I/liblog ( 2326): 6
08-22 06:51:19.198 I/liblog ( 2326): 1
08-22 06:51:19.199 I/liblog ( 2326): 9
08-22 06:51:19.200 I/liblog ( 2326): 6
08-22 06:51:19.201 I/liblog ( 2326): 4
08-22 06:51:19.201 I/liblog ( 2326): 8
08-22 06:51:19.202 I/liblog ( 2326): 12
08-22 06:51:19.203 I/liblog ( 2326): 3
08-22 06:51:19.204 I/liblog ( 2326): 10
08-22 06:51:19.204 I/liblog ( 2326): 5
08-22 06:51:19.204 I/liblog ( 2326): 11
08-22 06:51:19.205 I/liblog ( 2326): 5
08-22 06:51:19.206 I/liblog ( 2326): 4
08-22 06:51:19.206 I/liblog ( 2326): 5
08-22 06:51:19.207 I/liblog ( 2326): 6
08-22 06:51:19.207 I/liblog ( 2326): 1
08-22 06:51:19.209 I/liblog ( 2326): 6
08-22 06:51:19.209 I/liblog ( 2326): 1
08-22 06:51:19.210 I/liblog ( 2326): 6
08-22 06:51:19.210 I/liblog ( 2326): 6
08-22 06:51:19.210 I/liblog ( 2326): 8
08-22 06:51:19.211 I/liblog ( 2326): 9
08-22 06:51:19.211 I/liblog ( 2326): 9
08-22 06:51:19.211 I/liblog ( 2326): 3
08-22 06:51:19.212 I/liblog ( 2326): 4
08-22 06:51:19.212 I/liblog ( 2326): 1
08-22 06:51:19.213 I/liblog ( 2326): 4
08-22 06:51:19.214 I/liblog ( 2326): 5
08-22 06:51:19.215 I/liblog ( 2326): 4
08-22 06:51:19.215 I/liblog ( 2326): 3
08-22 06:51:19.216 I/liblog ( 2326): 5
08-22 06:51:19.230 I/liblog ( 2326): 165
08-22 06:51:19.231 I/liblog ( 2326): 5
08-22 06:51:19.231 I/liblog ( 2326): 3
08-22 06:51:19.231 I/liblog ( 2326): 7
08-22 06:51:19.232 I/liblog ( 2326): 5
08-22 06:51:19.232 I/liblog ( 2326): 2
08-22 06:51:19.241 I/liblog ( 2326): 117
08-22 06:51:19.241 I/liblog ( 2326): 2
08-22 06:51:19.241 I/liblog ( 2326): 2
08-22 06:51:19.242 I/liblog ( 2326): 5
08-22 06:51:19.242 I/liblog ( 2326): 2
08-22 06:51:19.243 I/liblog ( 2326): 2
08-22 06:51:19.243 I/liblog ( 2326): 3
08-22 06:51:19.243 I/liblog ( 2326): 1
08-22 06:51:19.244 I/liblog ( 2326): 6
08-22 06:51:19.244 I/liblog ( 2326): 6
08-22 06:51:19.244 I/liblog ( 2326): 6
08-22 06:51:19.245 I/liblog ( 2326): 12
08-22 06:51:19.246 I/liblog ( 2326): 2
08-22 06:51:19.247 I/liblog ( 2326): 6
08-22 06:51:19.247 I/liblog ( 2326): 4
08-22 06:51:19.247 I/liblog ( 2326): 4
08-22 06:51:19.248 I/liblog ( 2326): 4
08-22 06:51:19.248 I/liblog ( 2326): 7
08-22 06:51:19.249 I/liblog ( 2326): 6
08-22 06:51:19.249 I/liblog ( 2326): 1
08-22 06:51:19.249 I/liblog ( 2326): 7
08-22 06:51:19.250 I/liblog ( 2326): 5
08-22 06:51:19.250 I/liblog ( 2326): 3
08-22 06:51:19.250 I/liblog ( 2326): 8
08-22 06:51:19.251 I/liblog ( 2326): 6
08-22 06:51:19.266 I/liblog ( 2326): 2
08-22 06:51:19.297 I/liblog ( 2326): 7
08-22 06:51:19.297 I/liblog ( 2326): 1
08-22 06:51:19.298 I/liblog ( 2326): 10
08-22 06:51:19.298 I/liblog ( 2326): 6
08-22 06:51:19.299 I/liblog ( 2326): 1
08-22 06:51:19.299 I/liblog ( 2326): 8
08-22 06:51:19.299 I/liblog ( 2326): 6
08-22 06:51:19.303 I/liblog ( 2326): 1
08-22 06:51:19.310 I/liblog ( 2326): 5
08-22 06:51:19.312 I/liblog ( 2326): 2
08-22 06:51:19.313 I/liblog ( 2326): 2
08-22 06:51:19.316 I/liblog ( 2326): 5
08-22 06:51:19.320 I/liblog ( 2326): 4
08-22 06:51:19.321 I/liblog ( 2326): 2
08-22 06:51:19.321 I/liblog ( 2326): 2
08-22 06:51:19.321 I/liblog ( 2326): 3
08-22 06:51:19.325 I/liblog ( 2326): 3
08-22 06:51:19.328 I/liblog ( 2326): 1
08-22 06:51:19.329 I/liblog ( 2326): 10
08-22 06:51:19.329 I/liblog ( 2326): 4
08-22 06:51:19.329 I/liblog ( 2326): 2
08-22 06:51:19.330 I/liblog ( 2326): 9
08-22 06:51:19.330 I/liblog ( 2326): 6
08-22 06:51:19.333 I/liblog ( 2326): 4
08-22 06:51:19.333 I/liblog ( 2326): 6
08-22 06:51:19.333 I/liblog ( 2326): 1
08-22 06:51:19.340 I/liblog ( 2326): 62
08-22 06:51:19.341 I/input_focus( 1160): [Focus request cfa8469 com.android.launcher3/com.android.launcher3.uioverrides.QuickstepLauncher,reason=UpdateInputWindows]
08-22 06:51:19.345 I/liblog ( 2326): 2
08-22 06:51:19.347 I/liblog ( 2326): 2
08-22 06:51:19.348 I/liblog ( 2326): 4
08-22 06:51:19.348 I/liblog ( 2326): 4
08-22 06:51:19.350 I/sysui_multi_action( 1160): [757,127,758,2]
08-22 06:51:19.351 I/notification_panel_hidden( 1160):
08-22 06:51:19.354 I/liblog ( 2326): 4
08-22 06:51:19.365 I/input_focus( 1160): [Focus leaving 7b76b2f NotificationShade (server),reason=NO_WINDOW]
08-22 06:51:19.367 I/input_focus( 1160): [Focus entering cfa8469 com.android.launcher3/com.android.launcher3.uioverrides.QuickstepLauncher (server),reason=setFocusedWindow]
08-22 06:51:19.369 I/liblog ( 2326): 40
08-22 06:51:19.388 I/liblog ( 2326): 4
08-22 06:51:19.389 I/liblog ( 2326): 6
08-22 06:51:19.397 I/liblog ( 2326): 6
08-22 06:51:19.400 I/liblog ( 2326): 1
08-22 06:51:19.400 I/liblog ( 2326): 3
08-22 06:51:19.401 I/liblog ( 2326): 10
08-22 06:51:19.403 I/liblog ( 2326): 5
08-22 06:51:19.404 I/liblog ( 2326): 8
08-22 06:51:19.413 I/liblog ( 2326): 2
08-22 06:51:19.425 I/liblog ( 2326): 2
08-22 06:51:19.428 I/liblog ( 2326): 8
08-22 06:51:19.432 I/liblog ( 2326): 8
08-22 06:51:19.433 I/liblog ( 2326): 3
08-22 06:51:19.440 I/liblog ( 2326): 3
08-22 06:51:19.462 I/liblog ( 2326): 2
08-22 06:51:19.463 I/liblog ( 2326): 1
08-22 06:51:19.463 I/liblog ( 2326): 9
08-22 06:51:19.467 I/liblog ( 2326): 2
08-22 06:51:19.471 I/liblog ( 2326): 2
08-22 06:51:19.472 I/liblog ( 2326): 3
08-22 06:51:19.474 I/liblog ( 2326): 4
08-22 06:51:19.475 I/liblog ( 2326): 2
08-22 06:51:19.476 I/liblog ( 2326): 5
08-22 06:51:19.476 I/liblog ( 2326): 10
08-22 06:51:19.476 I/liblog ( 2326): 4
08-22 06:51:19.477 I/liblog ( 2326): 1
08-22 06:51:19.477 I/liblog ( 2326): 1
08-22 06:51:19.478 I/liblog ( 2326): 1
08-22 06:51:19.479 I/liblog ( 2326): 16
08-22 06:51:19.479 I/liblog ( 2326): 1
08-22 06:51:19.480 I/liblog ( 2326): 5
08-22 06:51:19.480 I/liblog ( 2326): 5
08-22 06:51:19.480 I/liblog ( 2326): 5
08-22 06:51:19.481 I/liblog ( 2326): 1
08-22 06:51:19.481 I/liblog ( 2326): 4
08-22 06:51:19.481 I/liblog ( 2326): 3
08-22 06:51:19.482 I/liblog ( 2326): 3
08-22 06:51:19.482 I/liblog ( 2326): 2
08-22 06:51:19.482 I/liblog ( 2326): 4
08-22 06:51:19.483 I/liblog ( 2326): 2
08-22 06:51:19.483 I/liblog ( 2326): 14
08-22 06:51:19.484 I/liblog ( 2326): 2
08-22 06:51:19.484 I/liblog ( 2326): 2
08-22 06:51:19.484 I/liblog ( 2326): 4
08-22 06:51:19.485 I/liblog ( 2326): 4
08-22 06:51:19.485 I/liblog ( 2326): 4
08-22 06:51:19.485 I/liblog ( 2326): 2
08-22 06:51:19.486 I/liblog ( 2326): 6
08-22 06:51:19.486 I/liblog ( 2326): 5
08-22 06:51:19.486 I/liblog ( 2326): 6
08-22 06:51:19.486 I/liblog ( 2326): 4
08-22 06:51:19.487 I/liblog ( 2326): 7
08-22 06:51:19.487 I/liblog ( 2326): 6
08-22 06:51:19.487 I/liblog ( 2326): 5
08-22 06:51:19.488 I/liblog ( 2326): 6
08-22 06:51:19.488 I/liblog ( 2326): 6
08-22 06:51:19.488 I/liblog ( 2326): 2
08-22 06:51:19.489 I/liblog ( 2326): 8
08-22 06:51:19.489 I/liblog ( 2326): 3
08-22 06:51:19.508 I/liblog ( 2326): 3
08-22 06:51:19.508 I/liblog ( 2326): 5
08-22 06:51:19.509 I/liblog ( 2326): 13
08-22 06:51:19.510 I/liblog ( 2326): 5
08-22 06:51:19.510 I/liblog ( 2326): 5
08-22 06:51:19.511 I/liblog ( 2326): 2
08-22 06:51:19.511 I/liblog ( 2326): 5
08-22 06:51:19.511 I/liblog ( 2326): 5
08-22 06:51:19.512 I/liblog ( 2326): 5
08-22 06:51:19.512 I/liblog ( 2326): 6
08-22 06:51:19.513 I/liblog ( 2326): 3
08-22 06:51:19.516 I/liblog ( 2326): 3
08-22 06:51:19.560 I/liblog ( 2326): 8
08-22 06:51:19.561 I/liblog ( 2326): 5
08-22 06:51:19.561 I/liblog ( 2326): 3
08-22 06:51:19.562 I/liblog ( 2326): 5
08-22 06:51:19.562 I/liblog ( 2326): 3
08-22 06:51:19.562 I/liblog ( 2326): 2
08-22 06:51:19.563 I/liblog ( 2326): 5
08-22 06:51:19.565 I/liblog ( 2326): 1
08-22 06:51:19.568 I/liblog ( 2326): 2
08-22 06:51:19.568 I/liblog ( 2326): 1
08-22 06:51:19.568 I/liblog ( 2326): 7
08-22 06:51:19.569 I/liblog ( 2326): 7
08-22 06:51:19.593 I/liblog ( 2326): 4
08-22 06:51:19.593 I/liblog ( 2326): 5
08-22 06:51:19.593 I/liblog ( 2326): 2
08-22 06:51:19.594 I/liblog ( 2326): 2
08-22 06:51:19.594 I/liblog ( 2326): 5
08-22 06:51:19.595 I/liblog ( 2326): 2
08-22 06:51:19.595 I/liblog ( 2326): 7
08-22 06:51:19.596 I/liblog ( 2326): 9
08-22 06:51:19.596 I/liblog ( 2326): 5
08-22 06:51:19.597 I/liblog ( 2326): 5
08-22 06:51:19.597 I/liblog ( 2326): 7
08-22 06:51:19.598 I/liblog ( 2326): 5
08-22 06:51:19.598 I/liblog ( 2326): 6
08-22 06:51:19.598 I/liblog ( 2326): 4
08-22 06:51:19.598 I/liblog ( 2326): 4
08-22 06:51:19.599 I/liblog ( 2326): 3
08-22 06:51:19.599 I/liblog ( 2326): 4
08-22 06:51:19.599 I/liblog ( 2326): 6
08-22 06:51:19.600 I/liblog ( 2326): 6
08-22 06:51:19.600 I/liblog ( 2326): 3
08-22 06:51:19.601 I/liblog ( 2326): 8
08-22 06:51:19.601 I/liblog ( 2326): 4
08-22 06:51:19.602 I/liblog ( 2326): 8
08-22 06:51:19.602 I/liblog ( 2326): 5
08-22 06:51:19.603 I/liblog ( 2326): 4
08-22 06:51:19.603 I/liblog ( 2326): 4
08-22 06:51:19.603 I/liblog ( 2326): 6
08-22 06:51:19.604 I/liblog ( 2326): 5
08-22 06:51:19.605 I/liblog ( 2326): 1
08-22 06:51:19.605 I/liblog ( 2326): 2
08-22 06:51:19.606 I/liblog ( 2326): 8
08-22 06:51:19.606 I/liblog ( 2326): 4
08-22 06:51:19.606 I/liblog ( 2326): 3
08-22 06:51:19.607 I/liblog ( 2326): 8
08-22 06:51:19.607 I/liblog ( 2326): 6
08-22 06:51:19.607 I/liblog ( 2326): 3
08-22 06:51:19.608 I/liblog ( 2326): 8
08-22 06:51:19.608 I/liblog ( 2326): 6
08-22 06:51:19.608 I/liblog ( 2326): 5
08-22 06:51:19.609 I/liblog ( 2326): 2
08-22 06:51:19.610 I/liblog ( 2326): 3
08-22 06:51:19.610 I/liblog ( 2326): 6
08-22 06:51:19.611 I/liblog ( 2326): 10
08-22 06:51:19.611 I/liblog ( 2326): 6
08-22 06:51:19.612 I/liblog ( 2326): 1
08-22 06:51:19.612 I/liblog ( 2326): 8
08-22 06:51:19.612 I/liblog ( 2326): 4
08-22 06:51:19.613 I/liblog ( 2326): 3
08-22 06:51:19.613 I/liblog ( 2326): 7
08-22 06:51:19.614 I/liblog ( 2326): 2
08-22 06:51:19.614 I/liblog ( 2326): 6
08-22 06:51:19.615 I/liblog ( 2326): 16
08-22 06:51:19.615 I/liblog ( 2326): 2
08-22 06:51:19.615 I/liblog ( 2326): 8
08-22 06:51:19.616 I/liblog ( 2326): 1
08-22 06:51:19.617 I/liblog ( 2326): 6
08-22 06:51:19.618 I/liblog ( 2326): 2
08-22 06:51:19.618 I/liblog ( 2326): 5
08-22 06:51:19.625 I/liblog ( 2326): 5
01-01 00:38:31.040 W/logd ( 0): Skipping entries from slow reader, pid 32067, fd 15, from LogBuffer::Prune()
08-22 06:51:19.639 I/liblog ( 2326): 2
08-22 06:51:19.639 I/liblog ( 2326): 3
08-22 06:51:19.639 I/liblog ( 2326): 2
08-22 06:51:19.640 I/liblog ( 2326): 5
08-22 06:51:19.640 I/liblog ( 2326): 9
08-22 06:51:19.641 I/liblog ( 2326): 4
08-22 06:51:19.641 I/liblog ( 2326): 7
08-22 06:51:19.642 I/liblog ( 2326): 6
08-22 06:51:19.642 I/liblog ( 2326): 7
08-22 06:51:19.643 I/liblog ( 2326): 9
08-22 06:51:19.643 I/liblog ( 2326): 1
08-22 06:51:19.643 I/liblog ( 2326): 5
08-22 06:51:19.643 I/liblog ( 2326): 6
08-22 06:51:19.644 I/liblog ( 2326): 5
08-22 06:51:19.644 I/liblog ( 2326): 3
08-22 06:51:19.645 I/liblog ( 2326): 14
08-22 06:51:19.647 I/liblog ( 2326): 1
08-22 06:51:19.648 I/liblog ( 2326): 4
08-22 06:51:19.648 I/liblog ( 2326): 3
08-22 06:51:19.649 I/liblog ( 2326): 1
08-22 06:51:19.649 I/liblog ( 2326): 6
08-22 06:51:19.649 I/liblog ( 2326): 4
08-22 06:51:19.649 I/liblog ( 2326): 4
08-22 06:51:19.657 I/liblog ( 2326): 2
08-22 06:51:19.661 I/liblog ( 2326): 2
08-22 06:51:19.661 I/liblog ( 2326): 4
08-22 06:51:19.661 I/liblog ( 2326): 6
08-22 06:51:19.661 I/liblog ( 2326): 5
08-22 06:51:19.662 I/liblog ( 2326): 1
08-22 06:51:19.662 I/liblog ( 2326): 5
08-22 06:51:19.662 I/liblog ( 2326): 6
08-22 06:51:19.663 I/liblog ( 2326): 6
08-22 06:51:19.664 I/liblog ( 2326): 9
08-22 06:51:19.664 I/liblog ( 2326): 6
08-22 06:51:19.664 I/liblog ( 2326): 5
08-22 06:51:19.665 I/liblog ( 2326): 7
08-22 06:51:19.665 I/liblog ( 2326): 5
08-22 06:51:19.665 I/liblog ( 2326): 1
08-22 06:51:19.666 I/liblog ( 2326): 4
08-22 06:51:19.666 I/liblog ( 2326): 6
08-22 06:51:19.666 I/liblog ( 2326): 6
08-22 06:51:19.667 I/liblog ( 2326): 6
08-22 06:51:19.667 I/liblog ( 2326): 6
08-22 06:51:19.668 I/liblog ( 2326): 4
08-22 06:51:19.668 I/liblog ( 2326): 3
08-22 06:51:19.668 I/liblog ( 2326): 5
08-22 06:51:19.669 I/liblog ( 2326): 5
08-22 06:51:19.669 I/liblog ( 2326): 5
08-22 06:51:19.670 I/liblog ( 2326): 14
08-22 06:51:19.671 I/liblog ( 2326): 1
08-22 06:51:19.671 I/liblog ( 2326): 8
08-22 06:51:19.671 I/liblog ( 2326): 6
08-22 06:51:19.672 I/liblog ( 2326): 4
08-22 06:51:19.672 I/liblog ( 2326): 7
08-22 06:51:19.673 I/liblog ( 2326): 6
08-22 06:51:19.673 I/liblog ( 2326): 3
08-22 06:51:19.673 I/liblog ( 2326): 10
08-22 06:51:19.674 I/liblog ( 2326): 3
08-22 06:51:19.674 I/liblog ( 2326): 5
08-22 06:51:19.675 I/liblog ( 2326): 5
08-22 06:51:19.676 I/liblog ( 2326): 5
08-22 06:51:19.676 I/liblog ( 2326): 3
08-22 06:51:19.676 I/liblog ( 2326): 6
08-22 06:51:19.677 I/liblog ( 2326): 6
08-22 06:51:19.678 I/liblog ( 2326): 2
08-22 06:51:19.678 I/liblog ( 2326): 4
08-22 06:51:19.678 I/liblog ( 2326): 4
08-22 06:51:19.679 I/liblog ( 2326): 5
08-22 06:51:19.679 I/liblog ( 2326): 2
08-22 06:51:19.679 I/liblog ( 2326): 9
08-22 06:51:19.680 I/liblog ( 2326): 5
08-22 06:51:19.680 I/liblog ( 2326): 1
08-22 06:51:19.681 I/liblog ( 2326): 10
08-22 06:51:19.682 I/liblog ( 2326): 5
08-22 06:51:19.683 I/liblog ( 2326): 8
08-22 06:51:19.684 I/liblog ( 2326): 6
08-22 06:51:19.687 I/liblog ( 2326): 7
08-22 06:51:19.688 I/liblog ( 2326): 3
08-22 06:51:19.688 I/liblog ( 2326): 7
08-22 06:51:19.689 I/liblog ( 2326): 6
08-22 06:51:19.691 I/liblog ( 2326): 15
08-22 06:51:19.691 I/liblog ( 2326): 7
08-22 06:51:19.692 I/liblog ( 2326): 4
08-22 06:51:19.693 I/liblog ( 2326): 2
08-22 06:51:19.693 I/liblog ( 2326): 5
08-22 06:51:19.693 I/liblog ( 2326): 5
08-22 06:51:19.694 I/liblog ( 2326): 5
08-22 06:51:19.694 I/liblog ( 2326): 4
08-22 06:51:19.694 I/liblog ( 2326): 4
08-22 06:51:19.695 I/liblog ( 2326): 8
08-22 06:51:19.707 I/liblog ( 2326): 14
08-22 06:51:19.733 I/liblog ( 2326): 11
08-22 06:51:19.734 I/liblog ( 2326): 3
08-22 06:51:19.734 I/liblog ( 2326): 5
08-22 06:51:19.734 I/liblog ( 2326): 4
08-22 06:51:19.735 I/liblog ( 2326): 2
08-22 06:51:19.735 I/liblog ( 2326): 10
08-22 06:51:19.743 I/liblog ( 2326): 6
08-22 06:51:19.747 I/liblog ( 2326): 1
08-22 06:51:19.747 I/liblog ( 2326): 6
08-22 06:51:19.748 I/liblog ( 2326): 1
08-22 06:51:19.748 I/liblog ( 2326): 10
08-22 06:51:19.749 I/liblog ( 2326): 6
08-22 06:51:19.749 I/liblog ( 2326): 3
08-22 06:51:19.750 I/liblog ( 2326): 6
08-22 06:51:19.756 I/liblog ( 2326): 6
08-22 06:51:19.763 I/liblog ( 2326): 3
08-22 06:51:19.764 I/liblog ( 2326): 5
08-22 06:51:19.765 I/liblog ( 2326): 4
08-22 06:51:19.766 I/liblog ( 2326): 4
08-22 06:51:19.766 I/liblog ( 2326): 1
08-22 06:51:19.766 I/liblog ( 2326): 5
08-22 06:51:19.767 I/liblog ( 2326): 8
08-22 06:51:19.767 I/liblog ( 2326): 1
08-22 06:51:19.767 I/liblog ( 2326): 1
08-22 06:51:19.767 I/liblog ( 2326): 7
08-22 06:51:19.768 I/liblog ( 2326): 8
08-22 06:51:19.769 I/liblog ( 2326): 7
08-22 06:51:19.769 I/liblog ( 2326): 7
08-22 06:51:19.769 I/liblog ( 2326): 2
08-22 06:51:19.770 I/liblog ( 2326): 7
08-22 06:51:19.771 I/liblog ( 2326): 9
08-22 06:51:19.771 I/liblog ( 2326): 3
08-22 06:51:19.771 I/liblog ( 2326): 6
08-22 06:51:19.772 I/liblog ( 2326): 6
08-22 06:51:19.772 I/liblog ( 2326): 4
08-22 06:51:19.772 I/liblog ( 2326): 8
08-22 06:51:19.779 I/liblog ( 2326): 3
08-22 06:51:19.808 I/liblog ( 2326): 1
08-22 06:51:19.838 I/liblog ( 2326): 1
08-22 06:51:19.841 I/liblog ( 2326): 3
08-22 06:51:19.841 I/liblog ( 2326): 4
08-22 06:51:19.846 I/liblog ( 2326): 5
08-22 06:51:19.863 I/liblog ( 2326): 4
08-22 06:51:19.863 I/liblog ( 2326): 3
08-22 06:51:19.864 I/liblog ( 2326): 5
08-22 06:51:19.864 I/liblog ( 2326): 6
08-22 06:51:19.864 I/liblog ( 2326): 8
08-22 06:51:19.866 I/liblog ( 2326): 3
08-22 06:51:19.868 I/liblog ( 2326): 1
08-22 06:51:19.868 I/liblog ( 2326): 4
08-22 06:51:19.869 I/liblog ( 2326): 3
08-22 06:51:19.869 I/liblog ( 2326): 3
08-22 06:51:19.870 I/liblog ( 2326): 2
08-22 06:51:19.871 I/liblog ( 2326): 6
08-22 06:51:19.871 I/liblog ( 2326): 3
08-22 06:51:19.872 I/liblog ( 2326): 4
08-22 06:51:19.872 I/liblog ( 2326): 1
08-22 06:51:19.873 I/liblog ( 2326): 3
08-22 06:51:19.873 I/liblog ( 2326): 2
08-22 06:51:19.873 I/liblog ( 2326): 3
08-22 06:51:19.873 I/liblog ( 2326): 2
08-22 06:51:19.874 I/liblog ( 2326): 2
08-22 06:51:19.874 I/liblog ( 2326): 1
08-22 06:51:19.875 I/liblog ( 2326): 1
08-22 06:51:19.875 I/liblog ( 2326): 2
08-22 06:51:19.875 I/liblog ( 2326): 8
08-22 06:51:19.876 I/liblog ( 2326): 3
08-22 06:51:19.876 I/liblog ( 2326): 4
08-22 06:51:19.876 I/liblog ( 2326): 6
08-22 06:51:19.877 I/liblog ( 2326): 7
08-22 06:51:19.877 I/liblog ( 2326): 4
08-22 06:51:19.877 I/liblog ( 2326): 5
08-22 06:51:19.877 I/liblog ( 2326): 6
08-22 06:51:19.878 I/liblog ( 2326): 6
08-22 06:51:19.878 I/liblog ( 2326): 2
08-22 06:51:19.878 I/liblog ( 2326): 4
08-22 06:51:19.879 I/liblog ( 2326): 3
08-22 06:51:19.879 I/liblog ( 2326): 3
08-22 06:51:19.879 I/liblog ( 2326): 4
08-22 06:51:19.880 I/liblog ( 2326): 1
08-22 06:51:19.881 I/liblog ( 2326): 25
08-22 06:51:19.881 I/liblog ( 2326): 1
08-22 06:51:19.882 I/liblog ( 2326): 2
08-22 06:51:19.883 I/liblog ( 2326): 6
08-22 06:51:19.883 I/liblog ( 2326): 9
08-22 06:51:19.888 I/liblog ( 2326): 6
08-22 06:51:19.893 I/liblog ( 2326): 1
08-22 06:51:19.904 I/liblog ( 2326): 2
01-01 00:38:31.309 W/logd ( 0): Skipping entries from slow reader, pid 32067, fd 15, from LogBuffer::Prune()
08-22 06:51:19.914 I/liblog ( 2326): 1
08-22 06:51:19.915 I/liblog ( 2326): 2
08-22 06:51:19.915 I/liblog ( 2326): 3
08-22 06:51:19.917 I/liblog ( 2326): 1
08-22 06:51:19.919 I/liblog ( 2326): 6
08-22 06:51:19.920 I/liblog ( 2326): 1
08-22 06:51:19.921 I/liblog ( 2326): 4
08-22 06:51:19.921 I/liblog ( 2326): 1
08-22 06:51:19.925 I/liblog ( 2326): 3
08-22 06:51:19.933 I/liblog ( 2326): 2
08-22 06:51:19.939 I/liblog ( 2326): 4
08-22 06:51:19.939 I/liblog ( 2326): 5
08-22 06:51:19.940 I/liblog ( 2326): 3
08-22 06:51:19.941 I/liblog ( 2326): 7
08-22 06:51:19.942 I/liblog ( 2326): 11
08-22 06:51:19.942 I/liblog ( 2326): 9
08-22 06:51:19.943 I/liblog ( 2326): 5
08-22 06:51:19.943 I/liblog ( 2326): 6
08-22 06:51:19.947 I/liblog ( 2326): 6
08-22 06:51:19.961 I/liblog ( 2326): 2
08-22 06:51:19.972 I/liblog ( 2326): 5
08-22 06:51:19.998 I/liblog ( 2326): 51
08-22 06:51:19.999 I/liblog ( 2326): 3
08-22 06:51:19.999 I/liblog ( 2326): 2
08-22 06:51:19.999 I/liblog ( 2326): 2
08-22 06:51:20.008 I/liblog ( 2326): 27
08-22 06:51:20.008 I/liblog ( 2326): 6
08-22 06:51:20.009 I/liblog ( 2326): 7
08-22 06:51:20.010 I/liblog ( 2326): 3
08-22 06:51:20.019 I/liblog ( 2326): 13
08-22 06:51:20.075 I/liblog ( 2326): 1
08-22 06:51:20.076 I/liblog ( 2326): 4
08-22 06:51:20.077 I/liblog ( 2326): 8
08-22 06:51:20.077 I/liblog ( 2326): 6
08-22 06:51:20.078 I/liblog ( 2326): 6
08-22 06:51:20.078 I/liblog ( 2326): 5
08-22 06:51:20.078 I/liblog ( 2326): 8
08-22 06:51:20.079 I/liblog ( 2326): 2
08-22 06:51:20.079 I/liblog ( 2326): 6
08-22 06:51:20.079 I/liblog ( 2326): 5
08-22 06:51:20.080 I/liblog ( 2326): 6
08-22 06:51:20.080 I/liblog ( 2326): 2
08-22 06:51:20.080 I/liblog ( 2326): 6
08-22 06:51:20.081 I/liblog ( 2326): 7
08-22 06:51:20.081 I/liblog ( 2326): 2
08-22 06:51:20.082 I/liblog ( 2326): 14
08-22 06:51:20.083 I/liblog ( 2326): 2
08-22 06:51:20.084 I/liblog ( 2326): 7
08-22 06:51:20.084 I/liblog ( 2326): 6
08-22 06:51:20.085 I/liblog ( 2326): 6
08-22 06:51:20.090 I/liblog ( 2326): 9
08-22 06:51:20.094 I/liblog ( 2326): 1
08-22 06:51:20.095 I/liblog ( 2326): 6
08-22 06:51:20.095 I/liblog ( 2326): 1
08-22 06:51:20.096 I/liblog ( 2326): 13
08-22 06:51:20.096 I/liblog ( 2326): 9
08-22 06:51:20.097 I/liblog ( 2326): 7
08-22 06:51:20.098 I/liblog ( 2326): 3
08-22 06:51:20.098 I/liblog ( 2326): 3
08-22 06:51:20.099 I/liblog ( 2326): 2
08-22 06:51:20.099 I/liblog ( 2326): 3
08-22 06:51:20.099 I/liblog ( 2326): 2
08-22 06:51:20.100 I/liblog ( 2326): 1
08-22 06:51:20.100 I/liblog ( 2326): 2
08-22 06:51:20.100 I/liblog ( 2326): 1
08-22 06:51:20.104 I/liblog ( 2326): 5
08-22 06:51:20.104 I/liblog ( 2326): 6
08-22 06:51:20.105 I/liblog ( 2326): 5
08-22 06:51:20.107 I/liblog ( 2326): 4
08-22 06:51:20.109 I/liblog ( 2326): 1
08-22 06:51:20.110 I/liblog ( 2326): 3
08-22 06:51:20.111 I/liblog ( 2326): 3
08-22 06:51:20.111 I/liblog ( 2326): 3
08-22 06:51:20.111 I/liblog ( 2326): 4
08-22 06:51:20.112 I/liblog ( 2326): 3
08-22 06:51:20.112 I/liblog ( 2326): 2
08-22 06:51:20.112 I/liblog ( 2326): 9
08-22 06:51:20.113 I/liblog ( 2326): 3
08-22 06:51:20.113 I/liblog ( 2326): 4
08-22 06:51:20.113 I/liblog ( 2326): 5
08-22 06:51:20.114 I/liblog ( 2326): 4
08-22 06:51:20.114 I/liblog ( 2326): 1
08-22 06:51:20.114 I/liblog ( 2326): 2
08-22 06:51:20.115 I/liblog ( 2326): 5
08-22 06:51:20.115 I/liblog ( 2326): 6
08-22 06:51:20.117 I/liblog ( 2326): 2
08-22 06:51:20.117 I/liblog ( 2326): 5
08-22 06:51:20.118 I/liblog ( 2326): 7
08-22 06:51:20.118 I/liblog ( 2326): 11
08-22 06:51:20.119 I/liblog ( 2326): 2
08-22 06:51:20.119 I/liblog ( 2326): 4
08-22 06:51:20.119 I/liblog ( 2326): 8
08-22 06:51:20.120 I/liblog ( 2326): 7
08-22 06:51:20.122 I/liblog ( 2326): 9
08-22 06:51:20.123 I/liblog ( 2326): 4
08-22 06:51:20.123 I/liblog ( 2326): 5
08-22 06:51:20.123 I/liblog ( 2326): 5
08-22 06:51:20.124 I/liblog ( 2326): 6
08-22 06:51:20.124 I/liblog ( 2326): 6
08-22 06:51:20.124 I/liblog ( 2326): 2
08-22 06:51:20.125 I/liblog ( 2326): 1
08-22 06:51:20.125 I/liblog ( 2326): 8
08-22 06:51:20.126 I/liblog ( 2326): 6
08-22 06:51:20.127 I/liblog ( 2326): 7
08-22 06:51:20.127 I/liblog ( 2326): 7
08-22 06:51:20.127 I/liblog ( 2326): 3
08-22 06:51:20.129 I/liblog ( 2326): 12
08-22 06:51:20.130 I/liblog ( 2326): 17
08-22 06:51:20.130 I/liblog ( 2326): 4
08-22 06:51:20.130 I/liblog ( 2326): 16
08-22 06:51:20.131 I/liblog ( 2326): 14
08-22 06:51:20.132 I/liblog ( 2326): 14
08-22 06:51:20.132 I/liblog ( 2326): 6
08-22 06:51:20.132 I/liblog ( 2326): 4
08-22 06:51:20.133 I/liblog ( 2326): 2
08-22 06:51:20.133 I/liblog ( 2326): 5
08-22 06:51:20.133 I/liblog ( 2326): 2
08-22 06:51:20.134 I/liblog ( 2326): 9
08-22 06:51:20.134 I/liblog ( 2326): 4
08-22 06:51:20.135 I/liblog ( 2326): 1
08-22 06:51:20.135 I/liblog ( 2326): 2
08-22 06:51:20.135 I/liblog ( 2326): 8
08-22 06:51:20.136 I/liblog ( 2326): 4
08-22 06:51:20.137 I/liblog ( 2326): 5
08-22 06:51:20.138 I/liblog ( 2326): 10
08-22 06:51:20.138 I/liblog ( 2326): 6
08-22 06:51:20.138 I/liblog ( 2326): 6
08-22 06:51:20.139 I/liblog ( 2326): 4
08-22 06:51:20.139 I/liblog ( 2326): 8
08-22 06:51:20.140 I/liblog ( 2326): 8
08-22 06:51:20.140 I/liblog ( 2326): 3
08-22 06:51:20.141 I/liblog ( 2326): 7
08-22 06:51:20.141 I/liblog ( 2326): 4
08-22 06:51:20.141 I/liblog ( 2326): 3
08-22 06:51:20.142 I/liblog ( 2326): 7
08-22 06:51:20.142 I/liblog ( 2326): 8
08-22 06:51:20.142 I/liblog ( 2326): 2
08-22 06:51:20.142 I/liblog ( 2326): 7
08-22 06:51:20.143 I/liblog ( 2326): 4
01-01 00:38:31.560 D/ ( 0): mv2112_read_status
01-01 00:38:31.563 D/mv2112_update_link( 0): 3.0x901(1G): 0x80
01-01 00:38:31.569 D/mv2112_update_link( 0): 3.0x8109(100M): 0x0
08-22 06:51:20.143 I/liblog ( 2326): 6
08-22 06:51:20.143 I/liblog ( 2326): 7
08-22 06:51:20.144 I/liblog ( 2326): 9
08-22 06:51:20.144 I/input_interaction( 1160): Interaction with: fd8dfd4 StatusBar (server), edge-swipe (server), swipe-up (server), PointerEventDispatcher0 (server),
08-22 06:51:20.145 I/liblog ( 2326): 11
08-22 06:51:20.145 I/liblog ( 2326): 5
08-22 06:51:20.145 I/liblog ( 2326): 8
08-22 06:51:20.146 I/liblog ( 2326): 9
08-22 06:51:20.146 I/liblog ( 2326): 2
08-22 06:51:20.146 I/liblog ( 2326): 7
08-22 06:51:20.147 I/liblog ( 2326): 8
08-22 06:51:20.147 I/liblog ( 2326): 5
08-22 06:51:20.147 I/liblog ( 2326): 5
08-22 06:51:20.148 I/liblog ( 2326): 6
08-22 06:51:20.149 I/liblog ( 2326): 8
08-22 06:51:20.149 I/liblog ( 2326): 6
08-22 06:51:20.151 I/liblog ( 2326): 1
01-01 00:38:31.574 D/mv2112_update_link( 0): link 0x0
08-22 06:51:20.152 I/liblog ( 2326): 3
08-22 06:51:20.153 I/liblog ( 2326): 6
08-22 06:51:20.153 I/liblog ( 2326): 1
08-22 06:51:20.153 I/liblog ( 2326): 8
08-22 06:51:20.153 I/liblog ( 2326): 6
08-22 06:51:20.154 I/liblog ( 2326): 3
08-22 06:51:20.155 I/sysui_multi_action( 1935): [757,803,799,panel_open,802,1]
08-22 06:51:20.155 I/sysui_multi_action( 1935): [757,1328,758,4,1326,66,1327,2,1329,0]
08-22 06:51:20.156 I/liblog ( 2326): 14
08-22 06:51:20.157 I/liblog ( 2326): 6
08-22 06:51:20.157 I/liblog ( 2326): 4
08-22 06:51:20.157 I/liblog ( 2326): 1
08-22 06:51:20.158 I/liblog ( 2326): 6
08-22 06:51:20.158 I/liblog ( 2326): 3
01-01 00:38:31.579 D/mv2112_read_status( 0): autoneg is disabled
08-22 06:51:20.158 I/liblog ( 2326): 5
08-22 06:51:20.159 I/liblog ( 2326): 3
08-22 06:51:20.159 I/liblog ( 2326): 4
08-22 06:51:20.159 I/liblog ( 2326): 9
08-22 06:51:20.159 I/liblog ( 2326): 4
08-22 06:51:20.161 I/liblog ( 2326): 6
08-22 06:51:20.161 I/liblog ( 2326): 5
08-22 06:51:20.162 I/liblog ( 2326): 4
08-22 06:51:20.162 I/liblog ( 2326): 4
08-22 06:51:20.162 I/liblog ( 2326): 4
08-22 06:51:20.163 I/liblog ( 2326): 4
08-22 06:51:20.163 I/liblog ( 2326): 3
08-22 06:51:20.164 I/liblog ( 2326): 7
08-22 06:51:20.170 I/liblog ( 2326): 8
01-01 00:38:31.598 W/logd ( 0): Skipping entries from slow reader, pid 32067, fd 15, from LogBuffer::Prune()
08-22 06:51:20.183 I/liblog ( 2326): 4
08-22 06:51:20.186 I/liblog ( 2326): 8
08-22 06:51:20.187 I/liblog ( 2326): 6
08-22 06:51:20.188 I/liblog ( 2326): 7
08-22 06:51:20.188 I/liblog ( 2326): 6
08-22 06:51:20.189 I/liblog ( 2326): 4
08-22 06:51:20.189 I/liblog ( 2326): 5
08-22 06:51:20.189 I/liblog ( 2326): 8
08-22 06:51:20.190 I/liblog ( 2326): 6
08-22 06:51:20.191 I/liblog ( 2326): 9
08-22 06:51:20.192 I/liblog ( 2326): 5
08-22 06:51:20.192 I/liblog ( 2326): 5
08-22 06:51:20.193 I/liblog ( 2326): 9
08-22 06:51:20.193 I/liblog ( 2326): 9
08-22 06:51:20.194 I/liblog ( 2326): 1
08-22 06:51:20.194 I/liblog ( 2326): 1
08-22 06:51:20.195 I/liblog ( 2326): 6
08-22 06:51:20.195 I/liblog ( 2326): 6
08-22 06:51:20.196 I/liblog ( 2326): 6
08-22 06:51:20.196 I/liblog ( 2326): 4
08-22 06:51:20.197 I/liblog ( 2326): 5
08-22 06:51:20.197 I/liblog ( 2326): 5
08-22 06:51:20.198 I/liblog ( 2326): 2
08-22 06:51:20.198 I/liblog ( 2326): 6
08-22 06:51:20.199 I/liblog ( 2326): 7
08-22 06:51:20.199 I/liblog ( 2326): 7
08-22 06:51:20.200 I/liblog ( 2326): 4
08-22 06:51:20.200 I/liblog ( 2326): 5
08-22 06:51:20.201 I/liblog ( 2326): 3
08-22 06:51:20.202 I/liblog ( 2326): 6
08-22 06:51:20.202 I/liblog ( 2326): 5
08-22 06:51:20.203 I/liblog ( 2326): 12
08-22 06:51:20.204 I/liblog ( 2326): 3
08-22 06:51:20.204 I/liblog ( 2326): 1
08-22 06:51:20.205 I/liblog ( 2326): 3
08-22 06:51:20.205 I/liblog ( 2326): 3
08-22 06:51:20.206 I/liblog ( 2326): 3
08-22 06:51:20.206 I/liblog ( 2326): 2
08-22 06:51:20.206 I/liblog ( 2326): 3
08-22 06:51:20.207 I/liblog ( 2326): 6
08-22 06:51:20.207 I/liblog ( 2326): 4
08-22 06:51:20.207 I/liblog ( 2326): 6
08-22 06:51:20.208 I/liblog ( 2326): 2
08-22 06:51:20.208 I/liblog ( 2326): 12
08-22 06:51:20.209 I/liblog ( 2326): 3
08-22 06:51:20.209 I/liblog ( 2326): 5
08-22 06:51:20.209 I/liblog ( 2326): 6
08-22 06:51:20.212 I/liblog ( 2326): 2
08-22 06:51:20.212 I/liblog ( 2326): 3
08-22 06:51:20.213 I/liblog ( 2326): 4
08-22 06:51:20.213 I/liblog ( 2326): 3
08-22 06:51:20.213 I/liblog ( 2326): 4
08-22 06:51:20.214 I/liblog ( 2326): 1
08-22 06:51:20.214 I/liblog ( 2326): 5
08-22 06:51:20.214 I/liblog ( 2326): 5
08-22 06:51:20.215 I/liblog ( 2326): 5
08-22 06:51:20.216 I/liblog ( 2326): 3
08-22 06:51:20.217 I/liblog ( 2326): 4
08-22 06:51:20.217 I/liblog ( 2326): 5
08-22 06:51:20.217 I/liblog ( 2326): 3
08-22 06:51:20.218 I/liblog ( 2326): 8
08-22 06:51:20.218 I/liblog ( 2326): 8
08-22 06:51:20.218 I/liblog ( 2326): 1
08-22 06:51:20.219 I/liblog ( 2326): 6
08-22 06:51:20.219 I/liblog ( 2326): 9
08-22 06:51:20.220 I/liblog ( 2326): 5
08-22 06:51:20.220 I/liblog ( 2326): 8
08-22 06:51:20.221 I/liblog ( 2326): 3
08-22 06:51:20.228 I/liblog ( 2326): 16
08-22 06:51:20.229 I/sysui_multi_action( 1160): [757,127,758,1]
08-22 06:51:20.229 I/sysui_multi_action( 1160): [757,804,799,note_load,801,3,802,1]
08-22 06:51:20.229 I/notification_panel_revealed( 1160): 3
08-22 06:51:20.230 I/liblog ( 2326): 3
08-22 06:51:20.231 I/liblog ( 2326): 1
08-22 06:51:20.231 I/liblog ( 2326): 4
08-22 06:51:20.231 I/liblog ( 2326): 6
08-22 06:51:20.232 I/liblog ( 2326): 8
08-22 06:51:20.235 I/liblog ( 2326): 3
08-22 06:51:20.236 I/liblog ( 2326): 2
08-22 06:51:20.236 I/liblog ( 2326): 7
08-22 06:51:20.237 I/liblog ( 2326): 8
08-22 06:51:20.237 I/liblog ( 2326): 2
08-22 06:51:20.237 I/liblog ( 2326): 8
08-22 06:51:20.238 I/liblog ( 2326): 9
08-22 06:51:20.238 I/liblog ( 2326): 6
08-22 06:51:20.238 I/liblog ( 2326): 13
08-22 06:51:20.239 I/liblog ( 2326): 3
08-22 06:51:20.239 I/liblog ( 2326): 10
08-22 06:51:20.240 I/liblog ( 2326): 6
08-22 06:51:20.240 I/liblog ( 2326): 5
08-22 06:51:20.249 I/input_focus( 1160): [Focus request 7b76b2f NotificationShade,reason=UpdateInputWindows]
08-22 06:51:20.253 I/liblog ( 2326): 199
08-22 06:51:20.254 I/liblog ( 2326): 2
08-22 06:51:20.262 I/liblog ( 2326): 5
08-22 06:51:20.269 I/liblog ( 2326): 2
08-22 06:51:20.269 I/liblog ( 2326): 1
08-22 06:51:20.269 I/input_focus( 1160): [Focus leaving cfa8469 com.android.launcher3/com.android.launcher3.uioverrides.QuickstepLauncher (server),reason=setFocusedWindow]
08-22 06:51:20.269 I/liblog ( 2326): 12
08-22 06:51:20.269 I/input_focus( 1160): [Focus entering 7b76b2f NotificationShade (server),reason=setFocusedWindow]
08-22 06:51:20.270 I/liblog ( 2326): 4
08-22 06:51:20.271 I/liblog ( 2326): 8
08-22 06:51:20.271 I/liblog ( 2326): 7
08-22 06:51:20.272 I/liblog ( 2326): 16
08-22 06:51:20.272 I/liblog ( 2326): 2
08-22 06:51:20.273 I/liblog ( 2326): 4
08-22 06:51:20.273 I/liblog ( 2326): 3
08-22 06:51:20.275 I/liblog ( 2326): 7
08-22 06:51:20.275 I/liblog ( 2326): 11
08-22 06:51:20.276 I/liblog ( 2326): 21
08-22 06:51:20.288 I/liblog ( 2326): 107
08-22 06:51:20.289 I/liblog ( 2326): 12
08-22 06:51:20.289 I/liblog ( 2326): 2
08-22 06:51:20.289 I/liblog ( 2326): 12
08-22 06:51:20.290 I/liblog ( 2326): 3
08-22 06:51:20.291 I/liblog ( 2326): 8
08-22 06:51:20.291 I/liblog ( 2326): 6
08-22 06:51:20.292 I/liblog ( 2326): 5
08-22 06:51:20.293 I/liblog ( 2326): 12
08-22 06:51:20.293 I/liblog ( 2326): 10
08-22 06:51:20.296 I/liblog ( 2326): 6
08-22 06:51:20.300 I/liblog ( 2326): 8
08-22 06:51:20.300 I/liblog ( 2326): 3
08-22 06:51:20.300 I/liblog ( 2326): 2
08-22 06:51:20.301 I/liblog ( 2326): 1
08-22 06:51:20.301 I/liblog ( 2326): 6
08-22 06:51:20.302 I/liblog ( 2326): 8
08-22 06:51:20.304 I/liblog ( 2326): 8
08-22 06:51:20.305 I/liblog ( 2326): 6
08-22 06:51:20.305 I/liblog ( 2326): 11
08-22 06:51:20.306 I/liblog ( 2326): 11
08-22 06:51:20.307 I/liblog ( 2326): 2
08-22 06:51:20.307 I/liblog ( 2326): 4
08-22 06:51:20.307 I/liblog ( 2326): 4
08-22 06:51:20.308 I/liblog ( 2326): 5
08-22 06:51:20.309 I/liblog ( 2326): 26
08-22 06:51:20.309 I/liblog ( 2326): 7
08-22 06:51:20.309 I/liblog ( 2326): 9
08-22 06:51:20.311 I/liblog ( 2326): 8
08-22 06:51:20.311 I/liblog ( 2326): 6
08-22 06:51:20.313 I/liblog ( 2326): 7
08-22 06:51:20.315 I/liblog ( 2326): 11
08-22 06:51:20.315 I/liblog ( 2326): 5
08-22 06:51:20.316 I/liblog ( 2326): 6
08-22 06:51:20.317 I/liblog ( 2326): 4
08-22 06:51:20.317 I/liblog ( 2326): 5
08-22 06:51:20.318 I/liblog ( 2326): 3
08-22 06:51:20.318 I/liblog ( 2326): 3
08-22 06:51:20.320 I/liblog ( 2326): 3
08-22 06:51:20.328 I/liblog ( 2326): 6
01-01 00:38:31.737 I/IRQ 5 ( 0): no longer affine to CPU7
08-22 06:51:20.399 I/liblog ( 2326): 5
08-22 06:51:20.400 I/liblog ( 2326): 6
08-22 06:51:20.404 I/liblog ( 2326): 26
08-22 06:51:20.404 I/liblog ( 2326): 6
08-22 06:51:20.406 I/liblog ( 2326): 6
08-22 06:51:20.406 I/liblog ( 2326): 1
08-22 06:51:20.423 I/liblog ( 2326): 12
01-01 00:38:31.869 W/logd ( 0): Skipping entries from slow reader, pid 32067, fd 15, from LogBuffer::Prune()
08-22 06:51:20.498 I/liblog ( 2326): 3
08-22 06:51:20.499 I/liblog ( 2326): 6
08-22 06:51:20.500 I/liblog ( 2326): 1
