08-22 06:50:43.440 I/liblog ( 2326): 5
08-22 06:50:43.440 I/liblog ( 2326): 1
08-22 06:50:43.440 I/liblog ( 2326): 7
08-22 06:50:43.441 I/liblog ( 2326): 7
08-22 06:50:43.442 I/liblog ( 2326): 2
08-22 06:50:43.442 I/liblog ( 2326): 7
08-22 06:50:43.443 I/liblog ( 2326): 7
08-22 06:50:43.443 I/liblog ( 2326): 2
08-22 06:50:43.444 I/liblog ( 2326): 11
08-22 06:50:43.444 I/liblog ( 2326): 4
08-22 06:50:43.444 I/liblog ( 2326): 10
08-22 06:50:43.446 I/liblog ( 2326): 6
08-22 06:50:43.462 I/liblog ( 2326): 248
08-22 06:50:43.475 I/liblog ( 2326): 39
08-22 06:50:43.477 I/liblog ( 2326): 10
08-22 06:50:43.477 I/liblog ( 2326): 5
08-22 06:50:43.478 I/liblog ( 2326): 6
08-22 06:50:43.481 I/liblog ( 2326): 29
08-22 06:50:43.482 I/liblog ( 2326): 5
08-22 06:50:43.482 I/liblog ( 2326): 5
08-22 06:50:43.482 I/liblog ( 2326): 7
08-22 06:50:43.483 I/liblog ( 2326): 6
08-22 06:50:43.483 I/liblog ( 2326): 4
08-22 06:50:43.483 I/liblog ( 2326): 7
08-22 06:50:43.484 I/liblog ( 2326): 6
08-22 06:50:43.484 I/liblog ( 2326): 4
08-22 06:50:43.484 I/liblog ( 2326): 8
08-22 06:50:43.485 I/liblog ( 2326): 6
08-22 06:50:43.485 I/liblog ( 2326): 3
08-22 06:50:43.485 I/liblog ( 2326): 6
08-22 06:50:43.485 I/liblog ( 2326): 6
08-22 06:50:43.486 I/liblog ( 2326): 4
08-22 06:50:43.492 I/liblog ( 2326): 102
08-22 06:50:43.492 I/liblog ( 2326): 7
08-22 06:50:43.492 I/liblog ( 2326): 6
08-22 06:50:43.493 I/liblog ( 2326): 3
08-22 06:50:43.493 I/liblog ( 2326): 7
08-22 06:50:43.493 I/liblog ( 2326): 6
08-22 06:50:43.508 I/liblog ( 2326): 2
08-22 06:50:43.556 I/liblog ( 2326): 2
08-22 06:50:43.556 I/liblog ( 2326): 5
08-22 06:50:43.556 I/liblog ( 2326): 6
08-22 06:50:43.561 I/liblog ( 2326): 14
08-22 06:50:43.567 I/liblog ( 2326): 2
08-22 06:50:43.569 I/liblog ( 2326): 1
08-22 06:50:43.569 I/liblog ( 2326): 3
08-22 06:50:43.569 I/liblog ( 2326): 5
08-22 06:50:43.572 I/liblog ( 2326): 6
08-22 06:50:43.573 I/liblog ( 2326): 1
08-22 06:50:43.575 I/liblog ( 2326): 6
08-22 06:50:43.576 I/liblog ( 2326): 4
08-22 06:50:43.580 I/liblog ( 2326): 6
08-22 06:50:43.583 I/liblog ( 2326): 3
08-22 06:50:43.583 I/liblog ( 2326): 3
08-22 06:50:43.606 I/liblog ( 2326): 5
08-22 06:50:43.608 I/liblog ( 2326): 7
08-22 06:50:43.612 I/liblog ( 2326): 16
08-22 06:50:43.614 I/liblog ( 2326): 18
08-22 06:50:43.617 I/liblog ( 2326): 1
08-22 06:50:43.617 I/liblog ( 2326): 6
08-22 06:50:43.619 I/liblog ( 2326): 3
08-22 06:50:43.620 I/liblog ( 2326): 2
08-22 06:50:43.620 I/liblog ( 2326): 5
08-22 06:50:43.622 I/liblog ( 2326): 3
08-22 06:50:43.627 I/liblog ( 2326): 75
08-22 06:50:43.634 I/liblog ( 2326): 22
08-22 06:50:43.737 I/input_interaction( 1160): Interaction with: 7b76b2f NotificationShade (server), edge-swipe (server), swipe-up (server), PointerEventDispatcher0 (server),
08-22 06:50:43.785 I/liblog ( 2326): 3
08-22 06:50:43.786 I/liblog ( 2326): 5
08-22 06:50:43.787 I/liblog ( 2326): 5
08-22 06:50:43.787 I/liblog ( 2326): 4
08-22 06:50:43.787 I/liblog ( 2326): 7
08-22 06:50:43.788 I/liblog ( 2326): 4
08-22 06:50:43.788 I/liblog ( 2326): 6
08-22 06:50:43.788 I/liblog ( 2326): 6
08-22 06:50:43.789 I/liblog ( 2326): 5
08-22 06:50:43.789 I/liblog ( 2326): 7
08-22 06:50:43.790 I/liblog ( 2326): 12
08-22 06:50:43.790 I/liblog ( 2326): 6
08-22 06:50:43.791 I/liblog ( 2326): 6
08-22 06:50:43.791 I/liblog ( 2326): 2
08-22 06:50:43.791 I/liblog ( 2326): 7
08-22 06:50:43.791 I/liblog ( 2326): 6
08-22 06:50:43.792 I/liblog ( 2326): 2
08-22 06:50:43.792 I/liblog ( 2326): 5
08-22 06:50:43.792 I/liblog ( 2326): 6
08-22 06:50:43.793 I/liblog ( 2326): 6
08-22 06:50:43.793 I/liblog ( 2326): 1
08-22 06:50:43.794 I/liblog ( 2326): 3
08-22 06:50:43.794 I/liblog ( 2326): 4
08-22 06:50:43.795 I/liblog ( 2326): 1
08-22 06:50:43.795 I/liblog ( 2326): 3
08-22 06:50:43.797 I/liblog ( 2326): 2
08-22 06:50:43.797 I/liblog ( 2326): 6
08-22 06:50:43.803 I/liblog ( 2326): 6
08-22 06:50:43.842 I/liblog ( 2326): 1
08-22 06:50:43.843 I/liblog ( 2326): 5
08-22 06:50:43.844 I/liblog ( 2326): 3
08-22 06:50:43.844 I/liblog ( 2326): 7
08-22 06:50:43.844 I/liblog ( 2326): 5
08-22 06:50:43.847 I/liblog ( 2326): 3
08-22 06:50:43.849 I/liblog ( 2326): 6
08-22 06:50:43.849 I/liblog ( 2326): 2
08-22 06:50:43.849 I/liblog ( 2326): 6
08-22 06:50:43.850 I/liblog ( 2326): 6
08-22 06:50:43.850 I/liblog ( 2326): 5
08-22 06:50:43.850 I/liblog ( 2326): 5
08-22 06:50:43.851 I/liblog ( 2326): 7
08-22 06:50:43.851 I/liblog ( 2326): 2
08-22 06:50:43.852 I/liblog ( 2326): 3
08-22 06:50:43.852 I/liblog ( 2326): 2
08-22 06:50:43.853 I/liblog ( 2326): 4
08-22 06:50:43.853 I/liblog ( 2326): 3
08-22 06:50:43.854 I/liblog ( 2326): 5
08-22 06:50:43.854 I/liblog ( 2326): 3
08-22 06:50:43.855 I/liblog ( 2326): 5
08-22 06:50:43.855 I/liblog ( 2326): 8
08-22 06:50:43.855 I/liblog ( 2326): 3
08-22 06:50:43.856 I/liblog ( 2326): 6
08-22 06:50:43.856 I/liblog ( 2326): 1
08-22 06:50:43.856 I/liblog ( 2326): 8
08-22 06:50:43.857 I/liblog ( 2326): 8
08-22 06:50:43.857 I/liblog ( 2326): 9
08-22 06:50:43.857 I/liblog ( 2326): 8
08-22 06:50:43.858 I/liblog ( 2326): 4
08-22 06:50:43.858 I/liblog ( 2326): 7
08-22 06:50:43.858 I/liblog ( 2326): 6
08-22 06:50:43.858 I/liblog ( 2326): 1
08-22 06:50:43.859 I/liblog ( 2326): 7
08-22 06:50:43.859 I/liblog ( 2326): 8
08-22 06:50:43.860 I/liblog ( 2326): 4
08-22 06:50:43.860 I/liblog ( 2326): 7
08-22 06:50:43.861 I/liblog ( 2326): 4
08-22 06:50:43.861 I/liblog ( 2326): 1
08-22 06:50:43.861 I/liblog ( 2326): 3
08-22 06:50:43.862 I/liblog ( 2326): 3
08-22 06:50:43.862 I/liblog ( 2326): 3
08-22 06:50:43.865 I/liblog ( 2326): 2
08-22 06:50:43.871 I/liblog ( 2326): 73
08-22 06:50:43.871 I/liblog ( 2326): 6
08-22 06:50:43.872 I/liblog ( 2326): 13
08-22 06:50:43.872 I/liblog ( 2326): 4
08-22 06:50:43.873 I/liblog ( 2326): 15
08-22 06:50:43.873 I/liblog ( 2326): 1
08-22 06:50:43.873 I/liblog ( 2326): 7
08-22 06:50:43.874 I/liblog ( 2326): 8
08-22 06:50:43.874 I/liblog ( 2326): 2
08-22 06:50:43.874 I/liblog ( 2326): 7
08-22 06:50:43.875 I/liblog ( 2326): 6
08-22 06:50:43.875 I/liblog ( 2326): 3
08-22 06:50:43.876 I/liblog ( 2326): 7
08-22 06:50:43.876 I/liblog ( 2326): 8
08-22 06:50:43.877 I/liblog ( 2326): 1
08-22 06:50:43.877 I/liblog ( 2326): 5
08-22 06:50:43.878 I/liblog ( 2326): 10
08-22 06:50:43.878 I/liblog ( 2326): 2
08-22 06:50:43.878 I/liblog ( 2326): 9
08-22 06:50:43.878 I/liblog ( 2326): 6
08-22 06:50:43.879 I/liblog ( 2326): 1
08-22 06:50:43.880 I/liblog ( 2326): 13
08-22 06:50:43.881 I/liblog ( 2326): 28
08-22 06:50:43.881 I/liblog ( 2326): 5
08-22 06:50:43.882 I/liblog ( 2326): 1
08-22 06:50:43.883 I/liblog ( 2326): 9
08-22 06:50:43.883 I/liblog ( 2326): 6
08-22 06:50:43.883 I/liblog ( 2326): 11
08-22 06:50:43.884 I/liblog ( 2326): 5
08-22 06:50:43.885 I/liblog ( 2326): 16
08-22 06:50:43.885 I/liblog ( 2326): 8
08-22 06:50:43.885 I/liblog ( 2326): 8
08-22 06:50:43.886 I/liblog ( 2326): 5
08-22 06:50:43.886 I/liblog ( 2326): 8
08-22 06:50:43.886 I/liblog ( 2326): 6
08-22 06:50:43.887 I/liblog ( 2326): 14
08-22 06:50:43.887 I/liblog ( 2326): 7
08-22 06:50:43.887 I/liblog ( 2326): 10
08-22 06:50:43.888 I/liblog ( 2326): 4
08-22 06:50:43.888 I/liblog ( 2326): 7
08-22 06:50:43.888 I/liblog ( 2326): 6
08-22 06:50:43.889 I/liblog ( 2326): 2
08-22 06:50:43.889 I/liblog ( 2326): 7
08-22 06:50:43.889 I/liblog ( 2326): 5
08-22 06:50:43.889 I/liblog ( 2326): 4
08-22 06:50:43.890 I/liblog ( 2326): 14
08-22 06:50:43.890 I/liblog ( 2326): 4
08-22 06:50:43.891 I/liblog ( 2326): 8
08-22 06:50:43.891 I/liblog ( 2326): 5
08-22 06:50:43.891 I/liblog ( 2326): 2
08-22 06:50:43.891 I/liblog ( 2326): 8
08-22 06:50:43.892 I/liblog ( 2326): 5
08-22 06:50:43.892 I/liblog ( 2326): 9
08-22 06:50:43.896 I/liblog ( 2326): 9
08-22 06:50:43.905 I/liblog ( 2326): 2
08-22 06:50:43.909 I/liblog ( 2326): 6
08-22 06:50:43.909 I/liblog ( 2326): 5
08-22 06:50:43.914 I/liblog ( 2326): 2
08-22 06:50:43.950 I/liblog ( 2326): 3
08-22 06:50:43.954 I/liblog ( 2326): 3
08-22 06:50:43.960 I/liblog ( 2326): 15
08-22 06:50:43.964 I/liblog ( 2326): 29
08-22 06:50:43.965 I/liblog ( 2326): 9
08-22 06:50:43.965 I/liblog ( 2326): 6
08-22 06:50:43.966 I/liblog ( 2326): 10
08-22 06:50:43.966 I/liblog ( 2326): 10
08-22 06:50:43.967 I/liblog ( 2326): 6
08-22 06:50:43.967 I/liblog ( 2326): 2
08-22 06:50:43.967 I/liblog ( 2326): 6
08-22 06:50:43.968 I/liblog ( 2326): 5
08-22 06:50:43.968 I/liblog ( 2326): 3
08-22 06:50:43.971 I/liblog ( 2326): 2
08-22 06:50:43.972 I/liblog ( 2326): 7
08-22 06:50:43.973 I/liblog ( 2326): 3
08-22 06:50:43.978 I/liblog ( 2326): 18
08-22 06:50:43.979 I/liblog ( 2326): 4
08-22 06:50:43.997 I/liblog ( 2326): 53
08-22 06:50:43.998 I/liblog ( 2326): 3
08-22 06:50:44.010 I/liblog ( 2326): 124
08-22 06:50:44.011 I/liblog ( 2326): 5
08-22 06:50:44.011 I/liblog ( 2326): 5
08-22 06:50:44.019 I/liblog ( 2326): 4
08-22 06:50:44.021 I/liblog ( 2326): 18
08-22 06:50:44.021 I/liblog ( 2326): 6
08-22 06:50:44.023 I/liblog ( 2326): 3
08-22 06:50:44.024 I/liblog ( 2326): 1
08-22 06:50:44.024 I/liblog ( 2326): 4
08-22 06:50:44.038 I/liblog ( 2326): 3
08-22 06:50:44.058 I/liblog ( 2326): 2
08-22 06:50:44.058 I/liblog ( 2326): 1
08-22 06:50:44.058 I/liblog ( 2326): 3
08-22 06:50:44.058 I/liblog ( 2326): 3
08-22 06:50:44.059 I/liblog ( 2326): 3
08-22 06:50:44.059 I/liblog ( 2326): 4
08-22 06:50:44.060 I/liblog ( 2326): 2
08-22 06:50:44.060 I/liblog ( 2326): 1
08-22 06:50:44.060 I/liblog ( 2326): 8
08-22 06:50:44.060 I/liblog ( 2326): 2
08-22 06:50:44.062 I/liblog ( 2326): 3
08-22 06:50:44.063 I/liblog ( 2326): 3
08-22 06:50:44.063 I/liblog ( 2326): 11
08-22 06:50:44.063 I/liblog ( 2326): 1
08-22 06:50:44.064 I/liblog ( 2326): 4
08-22 06:50:44.064 I/liblog ( 2326): 7
08-22 06:50:44.064 I/liblog ( 2326): 5
08-22 06:50:44.065 I/liblog ( 2326): 2
08-22 06:50:44.065 I/liblog ( 2326): 6
08-22 06:50:44.065 I/liblog ( 2326): 4
08-22 06:50:44.066 I/liblog ( 2326): 6
08-22 06:50:44.066 I/liblog ( 2326): 2
08-22 06:50:44.067 I/liblog ( 2326): 6
08-22 06:50:44.069 I/liblog ( 2326): 6
08-22 06:50:44.070 I/liblog ( 2326): 3
08-22 06:50:44.075 I/liblog ( 2326): 3
08-22 06:50:44.078 I/liblog ( 2326): 4
08-22 06:50:44.080 I/liblog ( 2326): 6
08-22 06:50:44.080 I/liblog ( 2326): 5
08-22 06:50:44.082 I/liblog ( 2326): 2
08-22 06:50:44.082 I/liblog ( 2326): 4
08-22 06:50:44.083 I/liblog ( 2326): 6
08-22 06:50:44.083 I/liblog ( 2326): 5
08-22 06:50:44.083 I/liblog ( 2326): 3
08-22 06:50:44.084 I/liblog ( 2326): 1
08-22 06:50:44.084 I/liblog ( 2326): 3
08-22 06:50:44.084 I/liblog ( 2326): 4
08-22 06:50:44.085 I/liblog ( 2326): 5
08-22 06:50:44.086 I/liblog ( 2326): 3
08-22 06:50:44.086 I/liblog ( 2326): 1
08-22 06:50:44.087 I/liblog ( 2326): 4
08-22 06:50:44.087 I/liblog ( 2326): 2
08-22 06:50:44.087 I/liblog ( 2326): 4
08-22 06:50:44.088 I/liblog ( 2326): 1
08-22 06:50:44.088 I/liblog ( 2326): 1
08-22 06:50:44.088 I/liblog ( 2326): 2
08-22 06:50:44.089 I/liblog ( 2326): 8
08-22 06:50:44.091 I/liblog ( 2326): 4
08-22 06:50:44.092 I/liblog ( 2326): 3
08-22 06:50:44.092 I/liblog ( 2326): 6
08-22 06:50:44.099 I/liblog ( 2326): 1
08-22 06:50:44.122 I/liblog ( 2326): 74
08-22 06:50:44.126 I/liblog ( 2326): 16
08-22 06:50:44.135 I/liblog ( 2326): 2
08-22 06:50:44.139 I/liblog ( 2326): 2
08-22 06:50:44.165 I/liblog ( 2326): 2
08-22 06:50:44.167 I/liblog ( 2326): 39
08-22 06:50:44.167 I/liblog ( 2326): 1
08-22 06:50:44.168 I/liblog ( 2326): 1
08-22 06:50:44.169 I/liblog ( 2326): 4
08-22 06:50:44.172 I/liblog ( 2326): 36
08-22 06:50:44.172 I/liblog ( 2326): 4
08-22 06:50:44.172 I/liblog ( 2326): 1
08-22 06:50:44.173 I/liblog ( 2326): 3
08-22 06:50:44.173 I/liblog ( 2326): 3
08-22 06:50:44.190 I/liblog ( 2326): 59
08-22 06:50:44.215 I/liblog ( 2326): 1
08-22 06:50:44.225 I/liblog ( 2326): 5
08-22 06:50:44.226 I/liblog ( 2326): 1
08-22 06:50:44.226 I/liblog ( 2326): 6
08-22 06:50:44.226 I/liblog ( 2326): 6
08-22 06:50:44.227 I/liblog ( 2326): 1
08-22 06:50:44.227 I/liblog ( 2326): 6
08-22 06:50:44.227 I/liblog ( 2326): 7
08-22 06:50:44.229 I/liblog ( 2326): 1
08-22 06:50:44.232 I/liblog ( 2326): 1
08-22 06:50:44.233 I/liblog ( 2326): 4
08-22 06:50:44.234 I/liblog ( 2326): 2
08-22 06:50:44.234 I/liblog ( 2326): 2
08-22 06:50:44.234 I/liblog ( 2326): 2
08-22 06:50:44.234 I/liblog ( 2326): 2
08-22 06:50:44.235 I/liblog ( 2326): 2
08-22 06:50:44.235 I/liblog ( 2326): 2
08-22 06:50:44.235 I/liblog ( 2326): 3
08-22 06:50:44.236 I/liblog ( 2326): 12
08-22 06:50:44.239 I/liblog ( 2326): 3
08-22 06:50:44.241 I/liblog ( 2326): 3
08-22 06:50:44.241 I/liblog ( 2326): 4
08-22 06:50:44.242 I/liblog ( 2326): 7
08-22 06:50:44.242 I/liblog ( 2326): 4
08-22 06:50:44.242 I/liblog ( 2326): 2
08-22 06:50:44.242 I/liblog ( 2326): 3
08-22 06:50:44.243 I/liblog ( 2326): 8
08-22 06:50:44.243 I/liblog ( 2326): 5
08-22 06:50:44.251 I/liblog ( 2326): 1
08-22 06:50:44.253 I/liblog ( 2326): 28
08-22 06:50:44.257 I/liblog ( 2326): 5
08-22 06:50:44.257 I/liblog ( 2326): 3
08-22 06:50:44.257 I/liblog ( 2326): 6
08-22 06:50:44.258 I/liblog ( 2326): 6
08-22 06:50:44.259 I/liblog ( 2326): 5
08-22 06:50:44.259 I/liblog ( 2326): 6
08-22 06:50:44.262 I/liblog ( 2326): 4
08-22 06:50:44.266 I/liblog ( 2326): 3
08-22 06:50:44.267 I/liblog ( 2326): 6
08-22 06:50:44.271 I/liblog ( 2326): 7
08-22 06:50:44.275 I/liblog ( 2326): 4
08-22 06:50:44.276 I/liblog ( 2326): 4
08-22 06:50:44.277 I/liblog ( 2326): 10
08-22 06:50:44.278 I/liblog ( 2326): 1
08-22 06:50:44.278 I/liblog ( 2326): 1
08-22 06:50:44.279 I/liblog ( 2326): 3
08-22 06:50:44.279 I/liblog ( 2326): 6
08-22 06:50:44.280 I/liblog ( 2326): 3
08-22 06:50:44.280 I/liblog ( 2326): 2
08-22 06:50:44.281 I/liblog ( 2326): 2
08-22 06:50:44.281 I/liblog ( 2326): 7
08-22 06:50:44.281 I/liblog ( 2326): 4
08-22 06:50:44.282 I/liblog ( 2326): 3
08-22 06:50:44.289 I/liblog ( 2326): 84
08-22 06:50:44.292 I/liblog ( 2326): 1
08-22 06:50:44.293 I/liblog ( 2326): 7
08-22 06:50:44.294 I/liblog ( 2326): 5
08-22 06:50:44.294 I/liblog ( 2326): 6
08-22 06:50:44.294 I/liblog ( 2326): 5
08-22 06:50:44.295 I/liblog ( 2326): 2
08-22 06:50:44.295 I/liblog ( 2326): 5
08-22 06:50:44.296 I/liblog ( 2326): 4
08-22 06:50:44.306 I/liblog ( 2326): 86
08-22 06:50:44.306 I/liblog ( 2326): 3
08-22 06:50:44.307 I/liblog ( 2326): 7
08-22 06:50:44.307 I/liblog ( 2326): 6
08-22 06:50:44.307 I/liblog ( 2326): 10
08-22 06:50:44.308 I/liblog ( 2326): 6
08-22 06:50:44.308 I/liblog ( 2326): 10
08-22 06:50:44.309 I/liblog ( 2326): 6
08-22 06:50:44.310 I/liblog ( 2326): 13
08-22 06:50:44.310 I/liblog ( 2326): 3
08-22 06:50:44.310 I/liblog ( 2326): 7
08-22 06:50:44.310 I/liblog ( 2326): 5
08-22 06:50:44.311 I/sysui_multi_action( 1160): [757,128,758,2,793,10366,794,9418,795,10366,796,26,798,0,806,android,857,DEVELOPER_IMPORTANT,858,4,947,0,1395,3,1500,10158,1688,1]
08-22 06:50:44.311 I/liblog ( 2326): 4
08-22 06:50:44.311 I/notification_visibility( 1160): [-1|android|26|null|1000,0,10366,10366,0,0]
08-22 06:50:44.312 I/sysui_multi_action( 1160): [757,128,758,2,793,1841493,794,44184,795,1841493,796,55,798,1,806,android,857,DEVELOPER,858,2,947,0,1395,3,1500,1840930,1688,1]
08-22 06:50:44.312 I/notification_visibility( 1160): [-1|android|55|null|1000,0,1841493,1841493,0,1]
08-22 06:50:44.312 I/liblog ( 2326): 14
08-22 06:50:44.312 I/liblog ( 2326): 3
08-22 06:50:44.313 I/liblog ( 2326): 1
08-22 06:50:44.313 I/liblog ( 2326): 4
08-22 06:50:44.313 I/liblog ( 2326): 4
08-22 06:50:44.314 I/liblog ( 2326): 6
08-22 06:50:44.316 I/sysui_heads_up_status( 1935): [-1|android|26|null|1000,0]
08-22 06:50:44.312 I/sysui_multi_action( 1160): [757,128,758,2,793,10368,794,9418,795,10368,796,32,798,2,806,android,857,USB,858,1,947,0,1395,3,1500,10164,1688,1]
08-22 06:50:44.320 I/notification_visibility( 1160): [-1|android|32|null|1000,0,10368,10368,0,2]
08-22 06:50:44.323 I/liblog ( 2326): 119
08-22 06:50:44.324 I/liblog ( 2326): 4
08-22 06:50:44.324 I/liblog ( 2326): 6
08-22 06:50:44.326 I/liblog ( 2326): 7
08-22 06:50:44.327 I/liblog ( 2326): 4
08-22 06:50:44.331 I/liblog ( 2326): 6
08-22 06:50:44.334 I/input_focus( 1160): [Focus request cfa8469 com.android.launcher3/com.android.launcher3.uioverrides.QuickstepLauncher,reason=UpdateInputWindows]
08-22 06:50:44.335 I/liblog ( 2326): 2
08-22 06:50:44.337 I/liblog ( 2326): 1
08-22 06:50:44.343 I/liblog ( 2326): 2
08-22 06:50:44.348 I/input_focus( 1160): [Focus leaving 7b76b2f NotificationShade (server),reason=NOT_FOCUSABLE]
08-22 06:50:44.351 I/sysui_multi_action( 1160): [757,127,758,2]
08-22 06:50:44.352 I/notification_panel_hidden( 1160):
08-22 06:50:44.353 I/input_focus( 1160): [Focus entering cfa8469 com.android.launcher3/com.android.launcher3.uioverrides.QuickstepLauncher (server),reason=setFocusedWindow]
08-22 06:50:44.354 I/liblog ( 2326): 31
08-22 06:50:44.356 I/liblog ( 2326): 13
08-22 06:50:44.357 I/liblog ( 2326): 20
08-22 06:50:44.358 I/liblog ( 2326): 13
08-22 06:50:44.358 I/liblog ( 2326): 15
08-22 06:50:44.359 I/liblog ( 2326): 2
08-22 06:50:44.359 I/liblog ( 2326): 7
08-22 06:50:44.359 I/liblog ( 2326): 9
08-22 06:50:44.360 I/liblog ( 2326): 1
08-22 06:50:44.360 I/liblog ( 2326): 5
08-22 06:50:44.360 I/liblog ( 2326): 6
08-22 06:50:44.361 I/liblog ( 2326): 7
08-22 06:50:44.361 I/liblog ( 2326): 11
08-22 06:50:44.362 I/liblog ( 2326): 4
08-22 06:50:44.562 I/liblog ( 2326): 81
08-22 06:50:44.635 I/dvm_lock_sample( 2326): [com.thundercomm.remotecontrolser,0,Thread-327813,249,Throwable.java,665,void java.lang.Throwable.printStackTrace(java.lang.Throwable$PrintStreamOrWriter),,0,null,49]
08-22 06:50:44.644 I/dvm_lock_sample( 2326): [com.thundercomm.remotecontrolser,0,Thread-327818,258,Throwable.java,665,void java.lang.Throwable.printStackTrace(java.lang.Throwable$PrintStreamOrWriter),,0,null,51]
08-22 06:50:44.650 I/dvm_lock_sample( 2326): [com.thundercomm.remotecontrolser,0,Thread-327820,263,Throwable.java,665,void java.lang.Throwable.printStackTrace(java.lang.Throwable$PrintStreamOrWriter),,0,null,52]
08-22 06:50:44.660 I/dvm_lock_sample( 2326): [com.thundercomm.remotecontrolser,0,Thread-327816,275,Throwable.java,665,void java.lang.Throwable.printStackTrace(java.lang.Throwable$PrintStreamOrWriter),,0,null,55]
08-22 06:50:44.661 I/dvm_lock_sample( 2326): [com.thundercomm.remotecontrolser,0,Thread-327770,277,Throwable.java,665,void java.lang.Throwable.printStackTrace(java.lang.Throwable$PrintStreamOrWriter),,0,null,55]
08-22 06:50:44.665 I/dvm_lock_sample( 2326): [com.thundercomm.remotecontrolser,0,Thread-327849,277,Throwable.java,665,void java.lang.Throwable.printStackTrace(java.lang.Throwable$PrintStreamOrWriter),,0,null,55]
08-22 06:50:44.684 I/dvm_lock_sample( 2326): [com.thundercomm.remotecontrolser,0,Thread-327826,281,Throwable.java,665,void java.lang.Throwable.printStackTrace(java.lang.Throwable$PrintStreamOrWriter),,0,null,56]
08-22 06:50:44.687 I/dvm_lock_sample( 2326): [com.thundercomm.remotecontrolser,0,Thread-327830,288,Throwable.java,665,void java.lang.Throwable.printStackTrace(java.lang.Throwable$PrintStreamOrWriter),,0,null,57]
08-22 06:50:44.696 I/dvm_lock_sample( 2326): [com.thundercomm.remotecontrolser,0,Thread-327831,290,Throwable.java,665,void java.lang.Throwable.printStackTrace(java.lang.Throwable$PrintStreamOrWriter),,0,null,58]
08-22 06:50:44.706 I/dvm_lock_sample( 2326): [com.thundercomm.remotecontrolser,0,Thread-327782,299,Throwable.java,665,void java.lang.Throwable.printStackTrace(java.lang.Throwable$PrintStreamOrWriter),,0,null,59]
08-22 06:50:44.709 I/dvm_lock_sample( 2326): [com.thundercomm.remotecontrolser,0,Thread-327762,307,Throwable.java,665,void java.lang.Throwable.printStackTrace(java.lang.Throwable$PrintStreamOrWriter),,0,null,61]
08-22 06:50:44.711 I/dvm_lock_sample( 2326): [com.thundercomm.remotecontrolser,0,Thread-327750,309,Throwable.java,665,void java.lang.Throwable.printStackTrace(java.lang.Throwable$PrintStreamOrWriter),,0,null,61]
08-22 06:50:44.713 I/dvm_lock_sample( 2326): [com.thundercomm.remotecontrolser,0,Thread-327843,311,Throwable.java,665,void java.lang.Throwable.printStackTrace(java.lang.Throwable$PrintStreamOrWriter),,0,null,62]
08-22 06:50:44.716 I/dvm_lock_sample( 2326): [com.thundercomm.remotecontrolser,0,Thread-327834,314,Throwable.java,665,void java.lang.Throwable.printStackTrace(java.lang.Throwable$PrintStreamOrWriter),,0,null,62]
08-22 06:50:44.722 I/dvm_lock_sample( 2326): [com.thundercomm.remotecontrolser,0,Thread-327737,318,Throwable.java,665,void java.lang.Throwable.printStackTrace(java.lang.Throwable$PrintStreamOrWriter),,0,null,63]
08-22 06:50:44.727 I/dvm_lock_sample( 2326): [com.thundercomm.remotecontrolser,0,Thread-327815,322,Throwable.java,665,void java.lang.Throwable.printStackTrace(java.lang.Throwable$PrintStreamOrWriter),,0,null,64]
08-22 06:50:44.735 I/dvm_lock_sample( 2326): [com.thundercomm.remotecontrolser,0,Thread-327853,329,Throwable.java,665,void java.lang.Throwable.printStackTrace(java.lang.Throwable$PrintStreamOrWriter),,0,null,65]
08-22 06:50:44.744 I/dvm_lock_sample( 2326): [com.thundercomm.remotecontrolser,0,Thread-327861,337,Throwable.java,665,void java.lang.Throwable.printStackTrace(java.lang.Throwable$PrintStreamOrWriter),,0,null,67]
08-22 06:50:44.750 I/dvm_lock_sample( 2326): [com.thundercomm.remotecontrolser,0,Thread-327860,338,Throwable.java,665,void java.lang.Throwable.printStackTrace(java.lang.Throwable$PrintStreamOrWriter),,0,null,67]
08-22 06:50:44.756 I/dvm_lock_sample( 2326): [com.thundercomm.remotecontrolser,0,Thread-327857,349,Throwable.java,665,void java.lang.Throwable.printStackTrace(java.lang.Throwable$PrintStreamOrWriter),,0,null,69]
08-22 06:50:44.759 I/dvm_lock_sample( 2326): [com.thundercomm.remotecontrolser,0,Thread-327858,351,Throwable.java,665,void java.lang.Throwable.printStackTrace(java.lang.Throwable$PrintStreamOrWriter),,0,null,70]
08-22 06:50:44.760 I/liblog ( 2326): 1
08-22 06:50:44.760 I/liblog ( 2326): 5
08-22 06:50:44.761 I/liblog ( 2326): 5
08-22 06:50:44.762 I/liblog ( 2326): 6
08-22 06:50:44.762 I/liblog ( 2326): 6
08-22 06:50:44.767 I/liblog ( 2326): 3
08-22 06:50:44.767 I/dvm_lock_sample( 2326): [com.thundercomm.remotecontrolser,0,Thread-327833,356,Throwable.java,665,void java.lang.Throwable.printStackTrace(java.lang.Throwable$PrintStreamOrWriter),,0,null,71]
08-22 06:50:44.770 I/liblog ( 2326): 2
08-22 06:50:44.771 I/liblog ( 2326): 3
08-22 06:50:44.771 I/liblog ( 2326): 3
08-22 06:50:44.771 I/liblog ( 2326): 1
08-22 06:50:44.772 I/liblog ( 2326): 5
08-22 06:50:44.773 I/liblog ( 2326): 4
08-22 06:50:44.773 I/liblog ( 2326): 2
08-22 06:50:44.774 I/liblog ( 2326): 4
08-22 06:50:44.774 I/dvm_lock_sample( 2326): [com.thundercomm.remotecontrolser,0,Thread-327864,365,Throwable.java,665,void java.lang.Throwable.printStackTrace(java.lang.Throwable$PrintStreamOrWriter),,0,null,73]
08-22 06:50:44.774 I/liblog ( 2326): 1
08-22 06:50:44.774 I/liblog ( 2326): 2
08-22 06:50:44.775 I/liblog ( 2326): 3
08-22 06:50:44.775 I/liblog ( 2326): 2
08-22 06:50:44.775 I/liblog ( 2326): 4
08-22 06:50:44.776 I/liblog ( 2326): 3
08-22 06:50:44.777 I/liblog ( 2326): 1
08-22 06:50:44.777 I/dvm_lock_sample( 2326): [com.thundercomm.remotecontrolser,0,Thread-327819,366,Throwable.java,665,void java.lang.Throwable.printStackTrace(java.lang.Throwable$PrintStreamOrWriter),,0,null,73]
08-22 06:50:44.779 I/liblog ( 2326): 1
08-22 06:50:44.779 I/liblog ( 2326): 2
08-22 06:50:44.779 I/liblog ( 2326): 2
08-22 06:50:44.783 I/liblog ( 2326): 4
08-22 06:50:44.783 I/dvm_lock_sample( 2326): [com.thundercomm.remotecontrolser,0,Thread-327862,369,Throwable.java,665,void java.lang.Throwable.printStackTrace(java.lang.Throwable$PrintStreamOrWriter),,0,null,73]
08-22 06:50:44.786 I/liblog ( 2326): 5
08-22 06:50:44.786 I/dvm_lock_sample( 2326): [com.thundercomm.remotecontrolser,0,Thread-327845,375,Throwable.java,665,void java.lang.Throwable.printStackTrace(java.lang.Throwable$PrintStreamOrWriter),,0,null,75]
08-22 06:50:44.786 I/liblog ( 2326): 6
08-22 06:50:44.786 I/liblog ( 2326): 6
08-22 06:50:44.787 I/liblog ( 2326): 2
08-22 06:50:44.787 I/liblog ( 2326): 1
08-22 06:50:44.787 I/liblog ( 2326): 6
08-22 06:50:44.788 I/liblog ( 2326): 4
08-22 06:50:44.793 I/liblog ( 2326): 6
08-22 06:50:44.793 I/dvm_lock_sample( 2326): [com.thundercomm.remotecontrolser,0,Thread-327836,362,Throwable.java,665,void java.lang.Throwable.printStackTrace(java.lang.Throwable$PrintStreamOrWriter),,0,null,72]
08-22 06:50:44.795 I/dvm_lock_sample( 2326): [com.thundercomm.remotecontrolser,0,Thread-327838,367,Throwable.java,665,void java.lang.Throwable.printStackTrace(java.lang.Throwable$PrintStreamOrWriter),,0,null,73]
08-22 06:50:44.800 I/liblog ( 2326): 3
08-22 06:50:44.800 I/liblog ( 2326): 6
08-22 06:50:44.800 I/liblog ( 2326): 6
08-22 06:50:44.801 I/liblog ( 2326): 8
08-22 06:50:44.801 I/liblog ( 2326): 5
08-22 06:50:44.804 I/liblog ( 2326): 4
08-22 06:50:44.806 I/liblog ( 2326): 2
08-22 06:50:44.806 I/liblog ( 2326): 1
08-22 06:50:44.806 I/liblog ( 2326): 4
08-22 06:50:44.806 I/liblog ( 2326): 8
08-22 06:50:44.807 I/liblog ( 2326): 6
08-22 06:50:44.807 I/liblog ( 2326): 1
08-22 06:50:44.808 I/liblog ( 2326): 11
08-22 06:50:44.809 I/liblog ( 2326): 4
08-22 06:50:44.809 I/dvm_lock_sample( 2326): [com.thundercomm.remotecontrolser,0,Thread-327846,367,Throwable.java,665,void java.lang.Throwable.printStackTrace(java.lang.Throwable$PrintStreamOrWriter),,0,null,73]
08-22 06:50:44.810 I/liblog ( 2326): 4
08-22 06:50:44.811 I/liblog ( 2326): 8
08-22 06:50:44.811 I/liblog ( 2326): 6
08-22 06:50:44.811 I/liblog ( 2326): 5
08-22 06:50:44.813 I/liblog ( 2326): 5
08-22 06:50:44.813 I/dvm_lock_sample( 2326): [com.thundercomm.remotecontrolser,0,Thread-327870,363,Throwable.java,665,void java.lang.Throwable.printStackTrace(java.lang.Throwable$PrintStreamOrWriter),,0,null,72]
08-22 06:50:44.814 I/liblog ( 2326): 2
08-22 06:50:44.815 I/liblog ( 2326): 8
08-22 06:50:44.815 I/liblog ( 2326): 1
08-22 06:50:44.815 I/liblog ( 2326): 2
08-22 06:50:44.816 I/liblog ( 2326): 4
08-22 06:50:44.816 I/liblog ( 2326): 2
08-22 06:50:44.816 I/liblog ( 2326): 2
08-22 06:50:44.817 I/liblog ( 2326): 5
08-22 06:50:44.817 I/liblog ( 2326): 3
08-22 06:50:44.818 I/liblog ( 2326): 7
08-22 06:50:44.818 I/liblog ( 2326): 6
08-22 06:50:44.825 I/liblog ( 2326): 1
08-22 06:50:44.825 I/dvm_lock_sample( 2326): [com.thundercomm.remotecontrolser,0,Thread-327871,356,Throwable.java,665,void java.lang.Throwable.printStackTrace(java.lang.Throwable$PrintStreamOrWriter),,0,null,71]
08-22 06:50:44.827 I/liblog ( 2326): 1
08-22 06:50:44.828 I/liblog ( 2326): 5
08-22 06:50:44.828 I/liblog ( 2326): 1
08-22 06:50:44.829 I/liblog ( 2326): 8
08-22 06:50:44.841 I/liblog ( 2326): 6
08-22 06:50:44.841 I/dvm_lock_sample( 2326): [com.thundercomm.remotecontrolser,0,Thread-327874,360,Throwable.java,665,void java.lang.Throwable.printStackTrace(java.lang.Throwable$PrintStreamOrWriter),,0,null,72]
08-22 06:50:44.856 I/dvm_lock_sample( 2326): [com.thundercomm.remotecontrolser,0,Thread-327642,375,Throwable.java,665,void java.lang.Throwable.printStackTrace(java.lang.Throwable$PrintStreamOrWriter),,0,null,75]
08-22 06:50:44.861 I/dvm_lock_sample( 2326): [com.thundercomm.remotecontrolser,0,Thread-327644,386,Throwable.java,665,void java.lang.Throwable.printStackTrace(java.lang.Throwable$PrintStreamOrWriter),,0,null,77]
08-22 06:50:44.864 I/dvm_lock_sample( 2326): [com.thundercomm.remotecontrolser,0,Thread-327873,387,Throwable.java,665,void java.lang.Throwable.printStackTrace(java.lang.Throwable$PrintStreamOrWriter),,0,null,77]
08-22 06:50:44.869 I/dvm_lock_sample( 2326): [com.thundercomm.remotecontrolser,0,Thread-327640,392,Throwable.java,665,void java.lang.Throwable.printStackTrace(java.lang.Throwable$PrintStreamOrWriter),,0,null,78]
08-22 06:50:44.876 I/dvm_lock_sample( 2326): [com.thundercomm.remotecontrolser,0,Thread-327877,391,Throwable.java,665,void java.lang.Throwable.printStackTrace(java.lang.Throwable$PrintStreamOrWriter),,0,null,78]
08-22 06:50:44.881 I/dvm_lock_sample( 2326): [com.thundercomm.remotecontrolser,0,Thread-327880,395,Throwable.java,665,void java.lang.Throwable.printStackTrace(java.lang.Throwable$PrintStreamOrWriter),,0,null,79]
08-22 06:50:44.886 I/liblog ( 2326): 3
08-22 06:50:44.886 I/dvm_lock_sample( 2326): [com.thundercomm.remotecontrolser,0,Thread-327881,397,Throwable.java,665,void java.lang.Throwable.printStackTrace(java.lang.Throwable$PrintStreamOrWriter),,0,null,79]
08-22 06:50:44.887 I/liblog ( 2326): 1
08-22 06:50:44.888 I/liblog ( 2326): 4
08-22 06:50:44.889 I/liblog ( 2326): 3
08-22 06:50:44.889 I/liblog ( 2326): 2
08-22 06:50:44.889 I/liblog ( 2326): 2
08-22 06:50:44.889 I/liblog ( 2326): 3
08-22 06:50:44.890 I/liblog ( 2326): 1
08-22 06:50:44.890 I/liblog ( 2326): 3
08-22 06:50:44.891 I/liblog ( 2326): 2
08-22 06:50:44.891 I/liblog ( 2326): 2
08-22 06:50:44.891 I/liblog ( 2326): 10
08-22 06:50:44.892 I/liblog ( 2326): 2
08-22 06:50:44.892 I/dvm_lock_sample( 2326): [com.thundercomm.remotecontrolser,0,Thread-327882,393,Throwable.java,665,void java.lang.Throwable.printStackTrace(java.lang.Throwable$PrintStreamOrWriter),,0,null,78]
08-22 06:50:44.893 I/liblog ( 2326): 4
08-22 06:50:44.894 I/liblog ( 2326): 1
08-22 06:50:44.894 I/liblog ( 2326): 6
08-22 06:50:44.895 I/liblog ( 2326): 2
08-22 06:50:44.895 I/liblog ( 2326): 5
08-22 06:50:44.895 I/liblog ( 2326): 5
08-22 06:50:44.896 I/liblog ( 2326): 5
08-22 06:50:44.907 I/liblog ( 2326): 1
08-22 06:50:44.907 I/dvm_lock_sample( 2326): [com.thundercomm.remotecontrolser,0,Thread-327883,386,Throwable.java,665,void java.lang.Throwable.printStackTrace(java.lang.Throwable$PrintStreamOrWriter),,0,null,77]
08-22 06:50:44.914 I/dvm_lock_sample( 2326): [com.thundercomm.remotecontrolser,0,Thread-327884,401,Throwable.java,665,void java.lang.Throwable.printStackTrace(java.lang.Throwable$PrintStreamOrWriter),,0,null,80]
08-22 06:50:44.917 I/dvm_lock_sample( 2326): [com.thundercomm.remotecontrolser,0,Thread-327885,401,Throwable.java,665,void java.lang.Throwable.printStackTrace(java.lang.Throwable$PrintStreamOrWriter),,0,null,80]
08-22 06:50:44.920 I/dvm_lock_sample( 2326): [com.thundercomm.remotecontrolser,0,Thread-327808,401,Throwable.java,665,void java.lang.Throwable.printStackTrace(java.lang.Throwable$PrintStreamOrWriter),,0,null,80]
08-22 06:50:44.944 I/dvm_lock_sample( 2326): [com.thundercomm.remotecontrolser,0,Thread-327809,419,Throwable.java,665,void java.lang.Throwable.printStackTrace(java.lang.Throwable$PrintStreamOrWriter),,0,null,83]
08-22 06:50:44.949 I/dvm_lock_sample( 2326): [com.thundercomm.remotecontrolser,0,Thread-327888,421,Throwable.java,665,void java.lang.Throwable.printStackTrace(java.lang.Throwable$PrintStreamOrWriter),,0,null,84]
08-22 06:50:44.957 I/dvm_lock_sample( 2326): [com.thundercomm.remotecontrolser,0,Thread-327810,427,Throwable.java,665,void java.lang.Throwable.printStackTrace(java.lang.Throwable$PrintStreamOrWriter),,0,null,85]
08-22 06:50:44.960 I/dvm_lock_sample( 2326): [com.thundercomm.remotecontrolser,0,Thread-327848,429,Throwable.java,665,void java.lang.Throwable.printStackTrace(java.lang.Throwable$PrintStreamOrWriter),,0,null,85]
08-22 06:50:44.966 I/dvm_lock_sample( 2326): [com.thundercomm.remotecontrolser,0,Thread-327766,435,Throwable.java,665,void java.lang.Throwable.printStackTrace(java.lang.Throwable$PrintStreamOrWriter),,0,null,87]
08-22 06:50:44.972 I/dvm_lock_sample( 2326): [com.thundercomm.remotecontrolser,0,Thread-327886,439,Throwable.java,665,void java.lang.Throwable.printStackTrace(java.lang.Throwable$PrintStreamOrWriter),,0,null,87]
08-22 06:50:44.974 I/dvm_lock_sample( 2326): [com.thundercomm.remotecontrolser,0,Thread-327893,437,Throwable.java,665,void java.lang.Throwable.printStackTrace(java.lang.Throwable$PrintStreamOrWriter),,0,null,87]
08-22 06:50:44.977 I/liblog ( 2326): 12
08-22 06:50:44.989 I/liblog ( 2326): 4
08-22 06:50:44.989 I/dvm_lock_sample( 2326): [com.thundercomm.remotecontrolser,0,Thread-327892,419,Throwable.java,665,void java.lang.Throwable.printStackTrace(java.lang.Throwable$PrintStreamOrWriter),,0,null,83]
08-22 06:50:44.992 I/dvm_lock_sample( 2326): [com.thundercomm.remotecontrolser,0,Thread-327777,639,Throwable.java,665,void java.lang.Throwable.printStackTrace(java.lang.Throwable$PrintStreamOrWriter),,0,null,100]
08-22 06:50:44.998 I/dvm_lock_sample( 2326): [com.thundercomm.remotecontrolser,0,Thread-327908,427,Throwable.java,665,void java.lang.Throwable.printStackTrace(java.lang.Throwable$PrintStreamOrWriter),,0,null,85]
08-22 06:50:45.004 I/dvm_lock_sample( 2326): [com.thundercomm.remotecontrolser,0,Thread-327890,426,Throwable.java,665,void java.lang.Throwable.printStackTrace(java.lang.Throwable$PrintStreamOrWriter),,0,null,85]
08-22 06:50:45.005 I/liblog ( 2326): 1
08-22 06:50:45.005 I/liblog ( 2326): 6
08-22 06:50:45.006 I/liblog ( 2326): 6
08-22 06:50:45.006 I/liblog ( 2326): 4
08-22 06:50:45.006 I/liblog ( 2326): 4
08-22 06:50:45.007 I/liblog ( 2326): 7
08-22 06:50:45.008 I/liblog ( 2326): 6
08-22 06:50:45.009 I/liblog ( 2326): 1
08-22 06:50:45.010 I/liblog ( 2326): 10
08-22 06:50:45.010 I/dvm_lock_sample( 2326): [com.thundercomm.remotecontrolser,0,Thread-327912,421,Throwable.java,665,void java.lang.Throwable.printStackTrace(java.lang.Throwable$PrintStreamOrWriter),,0,null,84]
08-22 06:50:45.010 I/liblog ( 2326): 1
08-22 06:50:45.010 I/liblog ( 2326): 2
08-22 06:50:45.011 I/liblog ( 2326): 9
08-22 06:50:45.024 I/liblog ( 2326): 3
08-22 06:50:45.024 I/dvm_lock_sample( 2326): [com.thundercomm.remotecontrolser,0,Thread-327914,421,Throwable.java,665,void java.lang.Throwable.printStackTrace(java.lang.Throwable$PrintStreamOrWriter),,0,null,84]
08-22 06:50:45.028 I/dvm_lock_sample( 2326): [com.thundercomm.remotecontrolser,0,Thread-327898,435,Throwable.java,665,void java.lang.Throwable.printStackTrace(java.lang.Throwable$PrintStreamOrWriter),,0,null,87]
08-22 06:50:45.029 I/dvm_lock_sample( 2326): [com.thundercomm.remotecontrolser,0,Thread-327902,438,Throwable.java,665,void java.lang.Throwable.printStackTrace(java.lang.Throwable$PrintStreamOrWriter),,0,null,87]
08-22 06:50:45.033 I/dvm_lock_sample( 2326): [com.thundercomm.remotecontrolser,0,Thread-327913,439,Throwable.java,665,void java.lang.Throwable.printStackTrace(java.lang.Throwable$PrintStreamOrWriter),,0,null,87]
08-22 06:50:45.034 I/liblog ( 2326): 1
08-22 06:50:45.035 I/liblog ( 2326): 4
08-22 06:50:45.035 I/liblog ( 2326): 8
08-22 06:50:45.038 I/liblog ( 2326): 6
08-22 06:50:45.038 I/dvm_lock_sample( 2326): [com.thundercomm.remotecontrolser,0,Thread-327895,441,Throwable.java,665,void java.lang.Throwable.printStackTrace(java.lang.Throwable$PrintStreamOrWriter),,0,null,88]
08-22 06:50:45.038 I/liblog ( 2326): 3
08-22 06:50:45.044 I/liblog ( 2326): 6
08-22 06:50:45.044 I/dvm_lock_sample( 2326): [com.thundercomm.remotecontrolser,0,Thread-327905,442,Throwable.java,665,void java.lang.Throwable.printStackTrace(java.lang.Throwable$PrintStreamOrWriter),,0,null,88]
08-22 06:50:45.052 I/dvm_lock_sample( 2326): [com.thundercomm.remotecontrolser,0,Thread-327909,448,Throwable.java,665,void java.lang.Throwable.printStackTrace(java.lang.Throwable$PrintStreamOrWriter),,0,null,89]
08-22 06:50:45.057 I/dvm_lock_sample( 2326): [com.thundercomm.remotecontrolser,0,Thread-327906,458,Throwable.java,665,void java.lang.Throwable.printStackTrace(java.lang.Throwable$PrintStreamOrWriter),,0,null,91]
08-22 06:50:45.059 I/dvm_lock_sample( 2326): [com.thundercomm.remotecontrolser,0,Thread-327900,458,Throwable.java,665,void java.lang.Throwable.printStackTrace(java.lang.Throwable$PrintStreamOrWriter),,0,null,91]
08-22 06:50:45.060 I/liblog ( 2326): 1
08-22 06:50:45.061 I/liblog ( 2326): 1
08-22 06:50:45.061 I/dvm_lock_sample( 2326): [com.thundercomm.remotecontrolser,0,Thread-327899,457,Throwable.java,665,void java.lang.Throwable.printStackTrace(java.lang.Throwable$PrintStreamOrWriter),,0,null,91]
08-22 06:50:45.062 I/liblog ( 2326): 6
08-22 06:50:45.062 I/liblog ( 2326): 5
08-22 06:50:45.063 I/liblog ( 2326): 4
08-22 06:50:45.063 I/dvm_lock_sample( 2326): [com.thundercomm.remotecontrolser,0,Thread-327904,457,Throwable.java,665,void java.lang.Throwable.printStackTrace(java.lang.Throwable$PrintStreamOrWriter),,0,null,91]
08-22 06:50:45.064 I/liblog ( 2326): 3
08-22 06:50:45.064 I/liblog ( 2326): 7
08-22 06:50:45.070 I/liblog ( 2326): 4
08-22 06:50:45.070 I/dvm_lock_sample( 2326): [com.thundercomm.remotecontrolser,0,Thread-327918,453,Throwable.java,665,void java.lang.Throwable.printStackTrace(java.lang.Throwable$PrintStreamOrWriter),,0,null,90]
08-22 06:50:45.074 I/liblog ( 2326): 1
08-22 06:50:45.075 I/liblog ( 2326): 4
08-22 06:50:45.075 I/liblog ( 2326): 8
08-22 06:50:45.075 I/liblog ( 2326): 8
08-22 06:50:45.076 I/liblog ( 2326): 5
08-22 06:50:45.077 I/liblog ( 2326): 7
08-22 06:50:45.078 I/liblog ( 2326): 1
08-22 06:50:45.079 I/liblog ( 2326): 1
08-22 06:50:45.079 I/liblog ( 2326): 8
08-22 06:50:45.087 I/liblog ( 2326): 6
08-22 06:50:45.087 I/dvm_lock_sample( 2326): [com.thundercomm.remotecontrolser,0,Thread-327936,452,Throwable.java,665,void java.lang.Throwable.printStackTrace(java.lang.Throwable$PrintStreamOrWriter),,0,null,90]
08-22 06:50:45.091 I/liblog ( 2326): 1
08-22 06:50:45.091 I/liblog ( 2326): 7
08-22 06:50:45.095 I/liblog ( 2326): 7
08-22 06:50:45.095 I/dvm_lock_sample( 2326): [com.thundercomm.remotecontrolser,0,Thread-327922,453,Throwable.java,665,void java.lang.Throwable.printStackTrace(java.lang.Throwable$PrintStreamOrWriter),,0,null,90]
08-22 06:50:45.096 I/liblog ( 2326): 1
08-22 06:50:45.096 I/liblog ( 2326): 1
08-22 06:50:45.097 I/liblog ( 2326): 2
08-22 06:50:45.097 I/liblog ( 2326): 5
08-22 06:50:45.098 I/liblog ( 2326): 7
08-22 06:50:45.098 I/liblog ( 2326): 4
08-22 06:50:45.099 I/liblog ( 2326): 10
08-22 06:50:45.107 I/liblog ( 2326): 6
08-22 06:50:45.107 I/dvm_lock_sample( 2326): [com.thundercomm.remotecontrolser,0,Thread-327924,445,Throwable.java,665,void java.lang.Throwable.printStackTrace(java.lang.Throwable$PrintStreamOrWriter),,0,null,89]
08-22 06:50:45.109 I/dvm_lock_sample( 2326): [com.thundercomm.remotecontrolser,0,Thread-327926,454,Throwable.java,665,void java.lang.Throwable.printStackTrace(java.lang.Throwable$PrintStreamOrWriter),,0,null,90]
08-22 06:50:45.113 I/dvm_lock_sample( 2326): [com.thundercomm.remotecontrolser,0,Thread-327929,454,Throwable.java,665,void java.lang.Throwable.printStackTrace(java.lang.Throwable$PrintStreamOrWriter),,0,null,90]
08-22 06:50:45.114 I/liblog ( 2326): 1
08-22 06:50:45.121 I/liblog ( 2326): 5
08-22 06:50:45.121 I/dvm_lock_sample( 2326): [com.thundercomm.remotecontrolser,0,Thread-327915,457,Throwable.java,665,void java.lang.Throwable.printStackTrace(java.lang.Throwable$PrintStreamOrWriter),,0,null,91]
08-22 06:50:45.127 I/liblog ( 2326): 4
08-22 06:50:45.127 I/dvm_lock_sample( 2326): [com.thundercomm.remotecontrolser,0,Thread-327919,453,Throwable.java,665,void java.lang.Throwable.printStackTrace(java.lang.Throwable$PrintStreamOrWriter),,0,null,90]
08-22 06:50:45.127 I/liblog ( 2326): 1
08-22 06:50:45.127 I/liblog ( 2326): 6
08-22 06:50:45.129 I/liblog ( 2326): 6
08-22 06:50:45.129 I/dvm_lock_sample( 2326): [com.thundercomm.remotecontrolser,0,Thread-327823,735,Throwable.java,665,void java.lang.Throwable.printStackTrace(java.lang.Throwable$PrintStreamOrWriter),,0,null,100]
08-22 06:50:45.129 I/liblog ( 2326): 2
08-22 06:50:45.129 I/liblog ( 2326): 7
08-22 06:50:45.130 I/liblog ( 2326): 6
08-22 06:50:45.131 I/liblog ( 2326): 6
08-22 06:50:45.131 I/liblog ( 2326): 4
08-22 06:50:45.134 I/liblog ( 2326): 2
08-22 06:50:45.138 I/liblog ( 2326): 1
08-22 06:50:45.138 I/liblog ( 2326): 7
08-22 06:50:45.139 I/liblog ( 2326): 6
08-22 06:50:45.140 I/liblog ( 2326): 7
08-22 06:50:45.140 I/liblog ( 2326): 5
08-22 06:50:45.141 I/liblog ( 2326): 3
08-22 06:50:45.141 I/liblog ( 2326): 6
08-22 06:50:45.142 I/liblog ( 2326): 9
08-22 06:50:45.142 I/liblog ( 2326): 1
08-22 06:50:45.145 I/liblog ( 2326): 14
08-22 06:50:45.145 I/dvm_lock_sample( 2326): [com.thundercomm.remotecontrolser,0,Thread-327952,454,Throwable.java,665,void java.lang.Throwable.printStackTrace(java.lang.Throwable$PrintStreamOrWriter),,0,null,90]
08-22 06:50:45.145 I/liblog ( 2326): 7
08-22 06:50:45.146 I/liblog ( 2326): 3
08-22 06:50:45.146 I/liblog ( 2326): 3
08-22 06:50:45.146 I/liblog ( 2326): 2
08-22 06:50:45.147 I/liblog ( 2326): 3
08-22 06:50:45.147 I/liblog ( 2326): 2
08-22 06:50:45.147 I/liblog ( 2326): 4
08-22 06:50:45.148 I/liblog ( 2326): 1
08-22 06:50:45.148 I/liblog ( 2326): 6
08-22 06:50:45.149 I/liblog ( 2326): 6
08-22 06:50:45.153 I/liblog ( 2326): 3
08-22 06:50:45.157 I/liblog ( 2326): 1
08-22 06:50:45.157 I/liblog ( 2326): 3
08-22 06:50:45.157 I/liblog ( 2326): 3
08-22 06:50:45.165 I/liblog ( 2326): 2
08-22 06:50:45.165 I/dvm_lock_sample( 2326): [com.thundercomm.remotecontrolser,0,Thread-327959,462,Throwable.java,665,void java.lang.Throwable.printStackTrace(java.lang.Throwable$PrintStreamOrWriter),,0,null,92]
08-22 06:50:45.171 I/liblog ( 2326): 7
08-22 06:50:45.171 I/liblog ( 2326): 6
08-22 06:50:45.171 I/liblog ( 2326): 1
08-22 06:50:45.172 I/liblog ( 2326): 13
08-22 06:50:45.174 I/liblog ( 2326): 2
08-22 06:50:45.174 I/dvm_lock_sample( 2326): [com.thundercomm.remotecontrolser,0,Thread-327832,772,Throwable.java,665,void java.lang.Throwable.printStackTrace(java.lang.Throwable$PrintStreamOrWriter),,0,null,100]
08-22 06:50:45.175 I/liblog ( 2326): 5
08-22 06:50:45.175 I/liblog ( 2326): 6
08-22 06:50:45.175 I/liblog ( 2326): 3
08-22 06:50:45.176 I/liblog ( 2326): 8
08-22 06:50:45.176 I/liblog ( 2326): 5
08-22 06:50:45.176 I/liblog ( 2326): 6
08-22 06:50:45.177 I/liblog ( 2326): 5
08-22 06:50:45.178 I/liblog ( 2326): 6
08-22 06:50:45.178 I/liblog ( 2326): 7
08-22 06:50:45.178 I/liblog ( 2326): 6
08-22 06:50:45.180 I/liblog ( 2326): 1
08-22 06:50:45.180 I/dvm_lock_sample( 2326): [com.thundercomm.remotecontrolser,0,Thread-327850,775,Throwable.java,665,void java.lang.Throwable.printStackTrace(java.lang.Throwable$PrintStreamOrWriter),,0,null,100]
08-22 06:50:45.180 I/liblog ( 2326): 1
08-22 06:50:45.181 I/liblog ( 2326): 7
08-22 06:50:45.194 I/liblog ( 2326): 6
08-22 06:50:45.194 I/dvm_lock_sample( 2326): [com.thundercomm.remotecontrolser,0,Thread-327944,450,Throwable.java,665,void java.lang.Throwable.printStackTrace(java.lang.Throwable$PrintStreamOrWriter),,0,null,90]
08-22 06:50:45.198 I/dvm_lock_sample( 2326): [com.thundercomm.remotecontrolser,0,Thread-327855,789,Throwable.java,665,void java.lang.Throwable.printStackTrace(java.lang.Throwable$PrintStreamOrWriter),,0,null,100]
08-22 06:50:45.200 I/dvm_lock_sample( 2326): [com.thundercomm.remotecontrolser,0,Thread-327889,462,Throwable.java,665,void java.lang.Throwable.printStackTrace(java.lang.Throwable$PrintStreamOrWriter),,0,null,92]
08-22 06:50:45.216 I/dvm_lock_sample( 2326): [com.thundercomm.remotecontrolser,0,Thread-327949,456,Throwable.java,665,void java.lang.Throwable.printStackTrace(java.lang.Throwable$PrintStreamOrWriter),,0,null,91]
08-22 06:50:45.224 I/dvm_lock_sample( 2326): [com.thundercomm.remotecontrolser,0,Thread-327990,464,Throwable.java,665,void java.lang.Throwable.printStackTrace(java.lang.Throwable$PrintStreamOrWriter),,0,null,92]
08-22 06:50:45.230 I/dvm_lock_sample( 2326): [com.thundercomm.remotecontrolser,0,Thread-327865,819,Throwable.java,665,void java.lang.Throwable.printStackTrace(java.lang.Throwable$PrintStreamOrWriter),,0,null,100]
08-22 06:50:45.233 I/dvm_lock_sample( 2326): [com.thundercomm.remotecontrolser,0,Thread-327954,476,Throwable.java,665,void java.lang.Throwable.printStackTrace(java.lang.Throwable$PrintStreamOrWriter),,0,null,95]
08-22 06:50:45.238 I/dvm_lock_sample( 2326): [com.thundercomm.remotecontrolser,0,Thread-327863,827,Throwable.java,665,void java.lang.Throwable.printStackTrace(java.lang.Throwable$PrintStreamOrWriter),,0,null,100]
08-22 06:50:45.243 I/liblog ( 2326): 1
08-22 06:50:45.243 I/liblog ( 2326): 7
08-22 06:50:45.245 I/liblog ( 2326): 6
08-22 06:50:45.245 I/dvm_lock_sample( 2326): [com.thundercomm.remotecontrolser,0,Thread-327963,473,Throwable.java,665,void java.lang.Throwable.printStackTrace(java.lang.Throwable$PrintStreamOrWriter),,0,null,94]
08-22 06:50:45.245 I/liblog ( 2326): 9
08-22 06:50:45.248 I/liblog ( 2326): 5
08-22 06:50:45.248 I/dvm_lock_sample( 2326): [com.thundercomm.remotecontrolser,0,Thread-327962,476,Throwable.java,665,void java.lang.Throwable.printStackTrace(java.lang.Throwable$PrintStreamOrWriter),,0,null,95]
08-22 06:50:45.249 I/liblog ( 2326): 5
08-22 06:50:45.251 I/liblog ( 2326): 6
08-22 06:50:45.251 I/dvm_lock_sample( 2326): [com.thundercomm.remotecontrolser,0,Thread-327778,841,Throwable.java,665,void java.lang.Throwable.printStackTrace(java.lang.Throwable$PrintStreamOrWriter),,0,null,100]
08-22 06:50:45.251 I/liblog ( 2326): 5
08-22 06:50:45.252 I/liblog ( 2326): 7
08-22 06:50:45.252 I/liblog ( 2326): 1
08-22 06:50:45.253 I/liblog ( 2326): 4
08-22 06:50:45.253 I/liblog ( 2326): 6
08-22 06:50:45.253 I/liblog ( 2326): 5
08-22 06:50:45.257 I/liblog ( 2326): 1
08-22 06:50:45.257 I/dvm_lock_sample( 2326): [com.thundercomm.remotecontrolser,0,Thread-327964,480,Throwable.java,665,void java.lang.Throwable.printStackTrace(java.lang.Throwable$PrintStreamOrWriter),,0,null,96]
08-22 06:50:45.257 I/liblog ( 2326): 2
08-22 06:50:45.258 I/liblog ( 2326): 6
08-22 06:50:45.263 I/dvm_lock_sample( 2326): [com.thundercomm.remotecontrolser,0,Thread-327965,480,Throwable.java,665,void java.lang.Throwable.printStackTrace(java.lang.Throwable$PrintStreamOrWriter),,0,null,96]
08-22 06:50:45.265 I/liblog ( 2326): 4
08-22 06:50:45.266 I/liblog ( 2326): 7
08-22 06:50:45.267 I/liblog ( 2326): 14
08-22 06:50:45.274 I/dvm_lock_sample( 2326): [com.thundercomm.remotecontrolser,0,Thread-327765,829,Throwable.java,665,void java.lang.Throwable.printStackTrace(java.lang.Throwable$PrintStreamOrWriter),,0,null,100]
08-22 06:50:45.277 I/dvm_lock_sample( 2326): [com.thundercomm.remotecontrolser,0,Thread-327968,468,Throwable.java,665,void java.lang.Throwable.printStackTrace(java.lang.Throwable$PrintStreamOrWriter),,0,null,93]
08-22 06:50:45.281 I/dvm_lock_sample( 2326): [com.thundercomm.remotecontrolser,0,Thread-327852,838,Throwable.java,665,void java.lang.Throwable.printStackTrace(java.lang.Throwable$PrintStreamOrWriter),,0,null,100]
08-22 06:50:45.288 I/dvm_lock_sample( 2326): [com.thundercomm.remotecontrolser,0,Thread-327869,843,Throwable.java,665,void java.lang.Throwable.printStackTrace(java.lang.Throwable$PrintStreamOrWriter),,0,null,100]
08-22 06:50:45.291 I/liblog ( 2326): 1
08-22 06:50:45.296 I/dvm_lock_sample( 2326): [com.thundercomm.remotecontrolser,0,Thread-328012,481,Throwable.java,665,void java.lang.Throwable.printStackTrace(java.lang.Throwable$PrintStreamOrWriter),,0,null,96]
08-22 06:50:45.297 I/liblog ( 2326): 2
08-22 06:50:45.297 I/liblog ( 2326): 2
08-22 06:50:45.309 I/liblog ( 2326): 9
08-22 06:50:45.309 I/dvm_lock_sample( 2326): [com.thundercomm.remotecontrolser,0,Thread-327971,481,Throwable.java,665,void java.lang.Throwable.printStackTrace(java.lang.Throwable$PrintStreamOrWriter),,0,null,96]
08-22 06:50:45.313 I/liblog ( 2326): 1
08-22 06:50:45.314 I/liblog ( 2326): 1
08-22 06:50:45.314 I/liblog ( 2326): 6
08-22 06:50:45.314 I/liblog ( 2326): 4
08-22 06:50:45.315 I/liblog ( 2326): 6
08-22 06:50:45.315 I/liblog ( 2326): 2
08-22 06:50:45.316 I/liblog ( 2326): 8
08-22 06:50:45.316 I/liblog ( 2326): 4
08-22 06:50:45.346 I/dvm_lock_sample( 2326): [com.thundercomm.remotecontrolser,0,Thread-327984,501,Throwable.java,665,void java.lang.Throwable.printStackTrace(java.lang.Throwable$PrintStreamOrWriter),,0,null,100]
08-22 06:50:45.351 I/dvm_lock_sample( 2326): [com.thundercomm.remotecontrolser,0,Thread-327639,877,Throwable.java,665,void java.lang.Throwable.printStackTrace(java.lang.Throwable$PrintStreamOrWriter),,0,null,100]
08-22 06:50:45.360 I/dvm_lock_sample( 2326): [com.thundercomm.remotecontrolser,0,Thread-327948,514,Throwable.java,665,void java.lang.Throwable.printStackTrace(java.lang.Throwable$PrintStreamOrWriter),,0,null,100]
08-22 06:50:45.371 I/dvm_lock_sample( 2326): [com.thundercomm.remotecontrolser,0,Thread-327976,522,Throwable.java,665,void java.lang.Throwable.printStackTrace(java.lang.Throwable$PrintStreamOrWriter),,0,null,100]
08-22 06:50:45.391 I/dvm_lock_sample( 2326): [com.thundercomm.remotecontrolser,0,Thread-327643,902,Throwable.java,665,void java.lang.Throwable.printStackTrace(java.lang.Throwable$PrintStreamOrWriter),,0,null,100]
08-22 06:50:45.405 I/liblog ( 2326): 4
08-22 06:50:45.405 I/liblog ( 2326): 4
08-22 06:50:45.406 I/liblog ( 2326): 14
08-22 06:50:45.406 I/liblog ( 2326): 2
08-22 06:50:45.406 I/liblog ( 2326): 7
08-22 06:50:45.407 I/liblog ( 2326): 9
08-22 06:50:45.407 I/liblog ( 2326): 6
08-22 06:50:45.408 I/liblog ( 2326): 5
08-22 06:50:45.408 I/liblog ( 2326): 5
08-22 06:50:45.408 I/liblog ( 2326): 5
08-22 06:50:45.409 I/liblog ( 2326): 6
08-22 06:50:45.412 I/liblog ( 2326): 6
08-22 06:50:45.412 I/dvm_lock_sample( 2326): [com.thundercomm.remotecontrolser,0,Thread-327999,551,Throwable.java,665,void java.lang.Throwable.printStackTrace(java.lang.Throwable$PrintStreamOrWriter),,0,null,100]
08-22 06:50:45.413 I/liblog ( 2326): 1
08-22 06:50:45.413 I/liblog ( 2326): 5
08-22 06:50:45.414 I/liblog ( 2326): 2
08-22 06:50:45.414 I/liblog ( 2326): 7
08-22 06:50:45.422 I/liblog ( 2326): 7
08-22 06:50:45.422 I/dvm_lock_sample( 2326): [com.thundercomm.remotecontrolser,0,Thread-328001,547,Throwable.java,665,void java.lang.Throwable.printStackTrace(java.lang.Throwable$PrintStreamOrWriter),,0,null,100]
08-22 06:50:45.426 I/dvm_lock_sample( 2326): [com.thundercomm.remotecontrolser,0,Thread-328003,554,Throwable.java,665,void java.lang.Throwable.printStackTrace(java.lang.Throwable$PrintStreamOrWriter),,0,null,100]
08-22 06:50:45.429 I/liblog ( 2326): 6
08-22 06:50:45.429 I/liblog ( 2326): 5
08-22 06:50:45.429 I/liblog ( 2326): 6
08-22 06:50:45.430 I/liblog ( 2326): 6
08-22 06:50:45.430 I/liblog ( 2326): 5
08-22 06:50:45.431 I/liblog ( 2326): 7
08-22 06:50:45.431 I/liblog ( 2326): 5
08-22 06:50:45.432 I/liblog ( 2326): 4
08-22 06:50:45.432 I/liblog ( 2326): 4
08-22 06:50:45.433 I/liblog ( 2326): 7
08-22 06:50:45.438 I/liblog ( 2326): 4
