08-22 06:51:04.770 I/liblog ( 2326): 6
08-22 06:51:04.771 I/liblog ( 2326): 9
08-22 06:51:04.771 I/liblog ( 2326): 4
08-22 06:51:04.772 I/liblog ( 2326): 4
08-22 06:51:04.773 I/liblog ( 2326): 8
08-22 06:51:04.773 I/liblog ( 2326): 2
08-22 06:51:04.774 I/liblog ( 2326): 11
08-22 06:51:04.774 I/liblog ( 2326): 6
08-22 06:51:04.775 I/liblog ( 2326): 2
08-22 06:51:04.775 I/liblog ( 2326): 7
08-22 06:51:04.775 I/liblog ( 2326): 2
08-22 06:51:04.776 I/liblog ( 2326): 3
08-22 06:51:04.776 I/liblog ( 2326): 3
08-22 06:51:04.776 I/liblog ( 2326): 2
08-22 06:51:04.777 I/liblog ( 2326): 1
08-22 06:51:04.777 I/liblog ( 2326): 4
08-22 06:51:04.777 I/liblog ( 2326): 6
08-22 06:51:04.779 I/liblog ( 2326): 6
08-22 06:51:04.779 I/liblog ( 2326): 3
08-22 06:51:04.779 I/liblog ( 2326): 8
08-22 06:51:04.780 I/liblog ( 2326): 3
08-22 06:51:04.782 I/liblog ( 2326): 6
08-22 06:51:04.783 I/liblog ( 2326): 3
08-22 06:51:04.783 I/liblog ( 2326): 3
01-01 00:38:16.197 I/IRQ 5 ( 0): no longer affine to CPU5
08-22 06:51:04.784 I/liblog ( 2326): 16
08-22 06:51:04.785 I/liblog ( 2326): 15
08-22 06:51:04.785 I/liblog ( 2326): 8
08-22 06:51:04.785 I/liblog ( 2326): 7
08-22 06:51:04.786 I/liblog ( 2326): 5
08-22 06:51:04.787 I/liblog ( 2326): 13
08-22 06:51:04.787 I/liblog ( 2326): 6
08-22 06:51:04.789 I/liblog ( 2326): 10
08-22 06:51:04.789 I/liblog ( 2326): 8
08-22 06:51:04.789 I/liblog ( 2326): 5
08-22 06:51:04.790 I/liblog ( 2326): 3
08-22 06:51:04.790 I/liblog ( 2326): 8
08-22 06:51:04.790 I/liblog ( 2326): 6
08-22 06:51:04.791 I/liblog ( 2326): 6
08-22 06:51:04.791 I/liblog ( 2326): 12
08-22 06:51:04.791 I/liblog ( 2326): 2
08-22 06:51:04.792 I/liblog ( 2326): 4
08-22 06:51:04.792 I/liblog ( 2326): 7
08-22 06:51:04.793 I/liblog ( 2326): 8
08-22 06:51:04.793 I/liblog ( 2326): 7
08-22 06:51:04.794 I/liblog ( 2326): 7
08-22 06:51:04.794 I/liblog ( 2326): 10
08-22 06:51:04.795 I/liblog ( 2326): 9
08-22 06:51:04.796 I/liblog ( 2326): 7
08-22 06:51:04.796 I/liblog ( 2326): 6
08-22 06:51:04.797 I/liblog ( 2326): 4
08-22 06:51:04.797 I/liblog ( 2326): 6
08-22 06:51:04.798 I/liblog ( 2326): 8
08-22 06:51:04.800 I/liblog ( 2326): 2
08-22 06:51:04.801 I/liblog ( 2326): 6
08-22 06:51:04.802 I/liblog ( 2326): 4
08-22 06:51:04.803 I/liblog ( 2326): 4
08-22 06:51:04.803 I/liblog ( 2326): 3
08-22 06:51:04.803 I/liblog ( 2326): 1
08-22 06:51:04.804 I/liblog ( 2326): 6
08-22 06:51:04.804 I/liblog ( 2326): 3
08-22 06:51:04.804 I/liblog ( 2326): 5
08-22 06:51:04.805 I/liblog ( 2326): 3
08-22 06:51:04.805 I/liblog ( 2326): 6
08-22 06:51:04.806 I/liblog ( 2326): 11
08-22 06:51:04.811 I/liblog ( 2326): 5
08-22 06:51:04.821 I/liblog ( 2326): 2
08-22 06:51:04.823 I/liblog ( 2326): 5
08-22 06:51:04.824 I/liblog ( 2326): 6
08-22 06:51:04.845 I/liblog ( 2326): 6
08-22 06:51:04.893 I/liblog ( 2326): 2
08-22 06:51:04.893 I/liblog ( 2326): 3
08-22 06:51:04.893 I/liblog ( 2326): 6
08-22 06:51:04.894 I/liblog ( 2326): 8
08-22 06:51:04.895 I/liblog ( 2326): 3
08-22 06:51:04.895 I/liblog ( 2326): 2
08-22 06:51:04.896 I/liblog ( 2326): 6
08-22 06:51:04.896 I/liblog ( 2326): 1
08-22 06:51:04.897 I/liblog ( 2326): 4
08-22 06:51:04.898 I/liblog ( 2326): 14
08-22 06:51:04.898 I/liblog ( 2326): 4
08-22 06:51:04.899 I/liblog ( 2326): 8
08-22 06:51:04.899 I/liblog ( 2326): 6
08-22 06:51:04.900 I/liblog ( 2326): 3
08-22 06:51:04.900 I/liblog ( 2326): 7
08-22 06:51:04.901 I/liblog ( 2326): 6
08-22 06:51:04.901 I/liblog ( 2326): 3
08-22 06:51:04.902 I/liblog ( 2326): 3
08-22 06:51:04.902 I/liblog ( 2326): 3
08-22 06:51:04.903 I/liblog ( 2326): 4
08-22 06:51:04.903 I/liblog ( 2326): 2
08-22 06:51:04.903 I/liblog ( 2326): 5
08-22 06:51:04.904 I/liblog ( 2326): 5
08-22 06:51:04.904 I/liblog ( 2326): 2
08-22 06:51:04.905 I/liblog ( 2326): 5
08-22 06:51:04.906 I/liblog ( 2326): 2
08-22 06:51:04.907 I/liblog ( 2326): 10
08-22 06:51:04.907 I/liblog ( 2326): 4
08-22 06:51:04.907 I/liblog ( 2326): 4
08-22 06:51:04.908 I/liblog ( 2326): 4
08-22 06:51:04.909 I/liblog ( 2326): 5
08-22 06:51:04.909 I/liblog ( 2326): 1
08-22 06:51:04.909 I/liblog ( 2326): 3
08-22 06:51:04.910 I/liblog ( 2326): 2
08-22 06:51:04.910 I/liblog ( 2326): 4
08-22 06:51:04.910 I/liblog ( 2326): 2
08-22 06:51:04.910 I/liblog ( 2326): 3
08-22 06:51:04.911 I/liblog ( 2326): 1
08-22 06:51:04.911 I/liblog ( 2326): 2
08-22 06:51:04.912 I/liblog ( 2326): 6
08-22 06:51:04.912 I/liblog ( 2326): 6
08-22 06:51:04.912 I/liblog ( 2326): 3
08-22 06:51:04.913 I/liblog ( 2326): 1
08-22 06:51:04.913 I/liblog ( 2326): 4
08-22 06:51:04.913 I/liblog ( 2326): 4
08-22 06:51:04.914 I/liblog ( 2326): 2
08-22 06:51:04.914 I/liblog ( 2326): 5
08-22 06:51:04.914 I/liblog ( 2326): 2
08-22 06:51:04.915 I/liblog ( 2326): 3
08-22 06:51:04.915 I/liblog ( 2326): 5
08-22 06:51:04.915 I/liblog ( 2326): 3
08-22 06:51:04.916 I/liblog ( 2326): 5
08-22 06:51:04.916 I/liblog ( 2326): 3
08-22 06:51:04.917 I/liblog ( 2326): 8
08-22 06:51:04.917 I/liblog ( 2326): 6
08-22 06:51:04.918 I/liblog ( 2326): 6
08-22 06:51:04.918 I/liblog ( 2326): 5
08-22 06:51:04.918 I/liblog ( 2326): 5
08-22 06:51:04.919 I/liblog ( 2326): 10
08-22 06:51:04.920 I/liblog ( 2326): 5
08-22 06:51:04.920 I/liblog ( 2326): 1
08-22 06:51:04.920 I/liblog ( 2326): 10
08-22 06:51:04.921 I/liblog ( 2326): 6
08-22 06:51:04.922 I/liblog ( 2326): 3
08-22 06:51:04.922 I/liblog ( 2326): 3
08-22 06:51:04.923 I/liblog ( 2326): 3
08-22 06:51:04.923 I/liblog ( 2326): 5
08-22 06:51:04.924 I/liblog ( 2326): 10
08-22 06:51:04.924 I/liblog ( 2326): 6
08-22 06:51:04.925 I/liblog ( 2326): 5
08-22 06:51:04.925 I/liblog ( 2326): 6
08-22 06:51:04.926 I/liblog ( 2326): 6
08-22 06:51:04.926 I/liblog ( 2326): 3
08-22 06:51:04.927 I/liblog ( 2326): 7
08-22 06:51:04.927 I/liblog ( 2326): 5
08-22 06:51:04.928 I/liblog ( 2326): 3
08-22 06:51:04.928 I/liblog ( 2326): 6
08-22 06:51:04.929 I/liblog ( 2326): 6
08-22 06:51:04.930 I/liblog ( 2326): 2
08-22 06:51:04.931 I/liblog ( 2326): 4
08-22 06:51:04.931 I/liblog ( 2326): 3
08-22 06:51:04.931 I/liblog ( 2326): 4
08-22 06:51:04.932 I/liblog ( 2326): 1
08-22 06:51:04.932 I/liblog ( 2326): 8
08-22 06:51:04.945 I/liblog ( 2326): 8
01-01 00:38:16.357 I/IRQ 5 ( 0): no longer affine to CPU6
08-22 06:51:04.952 I/liblog ( 2326): 6
08-22 06:51:04.952 I/liblog ( 2326): 6
08-22 06:51:04.952 I/liblog ( 2326): 5
08-22 06:51:04.953 I/liblog ( 2326): 7
08-22 06:51:04.953 I/liblog ( 2326): 9
08-22 06:51:04.956 I/liblog ( 2326): 11
01-01 00:38:16.369 W/logd ( 0): Skipping entries from slow reader, pid 32067, fd 15, from LogBuffer::Prune()
08-22 06:51:04.956 I/liblog ( 2326): 3
08-22 06:51:04.958 I/liblog ( 2326): 4
08-22 06:51:04.960 I/liblog ( 2326): 1
08-22 06:51:04.960 I/liblog ( 2326): 7
08-22 06:51:04.961 I/liblog ( 2326): 5
08-22 06:51:04.961 I/liblog ( 2326): 5
08-22 06:51:04.961 I/liblog ( 2326): 6
08-22 06:51:04.961 I/liblog ( 2326): 6
08-22 06:51:04.962 I/liblog ( 2326): 5
08-22 06:51:04.963 I/liblog ( 2326): 1
08-22 06:51:04.964 I/liblog ( 2326): 2
08-22 06:51:04.964 I/liblog ( 2326): 3
08-22 06:51:04.964 I/liblog ( 2326): 3
08-22 06:51:04.965 I/liblog ( 2326): 1
08-22 06:51:04.965 I/liblog ( 2326): 3
08-22 06:51:04.965 I/liblog ( 2326): 4
08-22 06:51:04.966 I/liblog ( 2326): 2
08-22 06:51:04.966 I/liblog ( 2326): 2
08-22 06:51:04.966 I/liblog ( 2326): 4
08-22 06:51:04.967 I/liblog ( 2326): 2
08-22 06:51:04.967 I/liblog ( 2326): 7
08-22 06:51:04.967 I/liblog ( 2326): 7
08-22 06:51:04.971 I/liblog ( 2326): 1
08-22 06:51:04.974 I/liblog ( 2326): 3
08-22 06:51:04.975 I/liblog ( 2326): 1
08-22 06:51:04.975 I/liblog ( 2326): 3
08-22 06:51:04.975 I/liblog ( 2326): 3
08-22 06:51:04.975 I/liblog ( 2326): 2
08-22 06:51:04.976 I/liblog ( 2326): 4
08-22 06:51:04.977 I/liblog ( 2326): 8
08-22 06:51:04.978 I/liblog ( 2326): 6
08-22 06:51:04.978 I/liblog ( 2326): 1
08-22 06:51:04.978 I/liblog ( 2326): 5
08-22 06:51:04.979 I/liblog ( 2326): 7
08-22 06:51:04.980 I/liblog ( 2326): 4
08-22 06:51:04.981 I/liblog ( 2326): 3
08-22 06:51:04.981 I/liblog ( 2326): 5
08-22 06:51:04.982 I/liblog ( 2326): 5
08-22 06:51:04.983 I/liblog ( 2326): 3
08-22 06:51:04.983 I/liblog ( 2326): 3
08-22 06:51:04.983 I/liblog ( 2326): 3
08-22 06:51:04.984 I/liblog ( 2326): 3
08-22 06:51:04.984 I/liblog ( 2326): 4
08-22 06:51:04.984 I/liblog ( 2326): 8
08-22 06:51:04.985 I/liblog ( 2326): 7
08-22 06:51:04.985 I/liblog ( 2326): 1
08-22 06:51:04.985 I/liblog ( 2326): 1
08-22 06:51:04.986 I/liblog ( 2326): 3
08-22 06:51:04.986 I/liblog ( 2326): 4
08-22 06:51:04.986 I/liblog ( 2326): 5
08-22 06:51:04.987 I/liblog ( 2326): 4
08-22 06:51:04.987 I/liblog ( 2326): 3
08-22 06:51:04.988 I/liblog ( 2326): 8
08-22 06:51:04.988 I/liblog ( 2326): 6
08-22 06:51:04.988 I/liblog ( 2326): 1
08-22 06:51:04.989 I/liblog ( 2326): 3
08-22 06:51:04.989 I/liblog ( 2326): 3
08-22 06:51:04.989 I/liblog ( 2326): 4
08-22 06:51:04.990 I/liblog ( 2326): 5
08-22 06:51:04.990 I/liblog ( 2326): 1
08-22 06:51:04.991 I/liblog ( 2326): 3
08-22 06:51:04.991 I/liblog ( 2326): 4
08-22 06:51:04.991 I/liblog ( 2326): 3
08-22 06:51:04.992 I/liblog ( 2326): 2
08-22 06:51:04.992 I/liblog ( 2326): 4
08-22 06:51:04.998 I/liblog ( 2326): 16
08-22 06:51:05.002 I/liblog ( 2326): 2
08-22 06:51:05.002 I/liblog ( 2326): 7
08-22 06:51:05.008 I/liblog ( 2326): 1
08-22 06:51:05.015 I/liblog ( 2326): 7
08-22 06:51:05.015 I/liblog ( 2326): 6
08-22 06:51:05.015 I/liblog ( 2326): 1
08-22 06:51:05.016 I/liblog ( 2326): 2
08-22 06:51:05.016 I/liblog ( 2326): 4
08-22 06:51:05.017 I/liblog ( 2326): 3
08-22 06:51:05.017 I/liblog ( 2326): 4
08-22 06:51:05.025 I/liblog ( 2326): 2
08-22 06:51:05.045 I/liblog ( 2326): 3
08-22 06:51:05.070 I/liblog ( 2326): 4
08-22 06:51:05.086 I/liblog ( 2326): 1
08-22 06:51:05.087 I/liblog ( 2326): 4
08-22 06:51:05.087 I/liblog ( 2326): 1
08-22 06:51:05.088 I/liblog ( 2326): 6
08-22 06:51:05.092 I/liblog ( 2326): 8
08-22 06:51:05.102 I/liblog ( 2326): 1
08-22 06:51:05.114 I/liblog ( 2326): 11
08-22 06:51:05.115 I/liblog ( 2326): 6
08-22 06:51:05.115 I/liblog ( 2326): 7
08-22 06:51:05.116 I/liblog ( 2326): 1
08-22 06:51:05.124 I/liblog ( 2326): 5
08-22 06:51:05.124 I/liblog ( 2326): 5
08-22 06:51:05.125 I/liblog ( 2326): 1
08-22 06:51:05.127 I/liblog ( 2326): 2
08-22 06:51:05.138 I/liblog ( 2326): 4
08-22 06:51:05.150 I/liblog ( 2326): 4
08-22 06:51:05.152 I/liblog ( 2326): 4
08-22 06:51:05.152 I/liblog ( 2326): 8
08-22 06:51:05.153 I/liblog ( 2326): 3
08-22 06:51:05.153 I/liblog ( 2326): 8
08-22 06:51:05.153 I/liblog ( 2326): 6
08-22 06:51:05.153 I/liblog ( 2326): 1
08-22 06:51:05.154 I/liblog ( 2326): 6
08-22 06:51:05.154 I/liblog ( 2326): 4
08-22 06:51:05.160 I/liblog ( 2326): 5
08-22 06:51:05.163 I/liblog ( 2326): 2
08-22 06:51:05.163 I/liblog ( 2326): 8
08-22 06:51:05.164 I/liblog ( 2326): 1
08-22 06:51:05.164 I/liblog ( 2326): 7
08-22 06:51:05.165 I/liblog ( 2326): 7
08-22 06:51:05.165 I/liblog ( 2326): 14
08-22 06:51:05.166 I/liblog ( 2326): 4
08-22 06:51:05.167 I/liblog ( 2326): 12
08-22 06:51:05.168 I/liblog ( 2326): 3
08-22 06:51:05.169 I/liblog ( 2326): 1
08-22 06:51:05.169 I/liblog ( 2326): 9
08-22 06:51:05.169 I/liblog ( 2326): 6
08-22 06:51:05.170 I/liblog ( 2326): 9
08-22 06:51:05.170 I/liblog ( 2326): 4
08-22 06:51:05.171 I/liblog ( 2326): 14
08-22 06:51:05.171 I/liblog ( 2326): 4
08-22 06:51:05.171 I/liblog ( 2326): 7
08-22 06:51:05.172 I/liblog ( 2326): 10
08-22 06:51:05.172 I/liblog ( 2326): 1
08-22 06:51:05.173 I/liblog ( 2326): 5
08-22 06:51:05.173 I/liblog ( 2326): 10
08-22 06:51:05.174 I/liblog ( 2326): 9
08-22 06:51:05.175 I/liblog ( 2326): 5
08-22 06:51:05.175 I/liblog ( 2326): 2
08-22 06:51:05.176 I/liblog ( 2326): 5
08-22 06:51:05.176 I/liblog ( 2326): 5
08-22 06:51:05.176 I/liblog ( 2326): 5
08-22 06:51:05.177 I/liblog ( 2326): 9
08-22 06:51:05.182 I/liblog ( 2326): 6
08-22 06:51:05.182 I/dvm_lock_sample( 2326): [com.thundercomm.remotecontrolser,0,Thread-335053,54,Throwable.java,665,void java.lang.Throwable.printStackTrace(java.lang.Throwable$PrintStreamOrWriter),,0,null,10]
08-22 06:51:05.185 I/liblog ( 2326): 7
08-22 06:51:05.186 I/liblog ( 2326): 7
08-22 06:51:05.186 I/liblog ( 2326): 1
08-22 06:51:05.186 I/liblog ( 2326): 8
08-22 06:51:05.187 I/liblog ( 2326): 7
08-22 06:51:05.187 I/liblog ( 2326): 5
08-22 06:51:05.187 I/liblog ( 2326): 7
08-22 06:51:05.188 I/liblog ( 2326): 6
08-22 06:51:05.188 I/liblog ( 2326): 5
08-22 06:51:05.189 I/liblog ( 2326): 11
08-22 06:51:05.190 I/liblog ( 2326): 6
08-22 06:51:05.190 I/liblog ( 2326): 6
08-22 06:51:05.190 I/liblog ( 2326): 4
08-22 06:51:05.191 I/liblog ( 2326): 3
08-22 06:51:05.191 I/liblog ( 2326): 5
08-22 06:51:05.191 I/liblog ( 2326): 6
08-22 06:51:05.192 I/liblog ( 2326): 2
08-22 06:51:05.192 I/liblog ( 2326): 6
08-22 06:51:05.193 I/liblog ( 2326): 4
08-22 06:51:05.193 I/liblog ( 2326): 6
08-22 06:51:05.193 I/liblog ( 2326): 2
08-22 06:51:05.194 I/liblog ( 2326): 7
08-22 06:51:05.194 I/liblog ( 2326): 6
08-22 06:51:05.195 I/liblog ( 2326): 9
08-22 06:51:05.195 I/liblog ( 2326): 8
08-22 06:51:05.196 I/liblog ( 2326): 10
08-22 06:51:05.196 I/liblog ( 2326): 6
08-22 06:51:05.197 I/liblog ( 2326): 1
08-22 06:51:05.197 I/liblog ( 2326): 4
08-22 06:51:05.197 I/liblog ( 2326): 6
08-22 06:51:05.197 I/liblog ( 2326): 6
08-22 06:51:05.198 I/liblog ( 2326): 10
08-22 06:51:05.199 I/liblog ( 2326): 6
08-22 06:51:05.199 I/liblog ( 2326): 11
08-22 06:51:05.200 I/liblog ( 2326): 15
08-22 06:51:05.201 I/liblog ( 2326): 6
08-22 06:51:05.202 I/liblog ( 2326): 4
08-22 06:51:05.202 I/liblog ( 2326): 7
08-22 06:51:05.203 I/liblog ( 2326): 3
08-22 06:51:05.203 I/liblog ( 2326): 7
08-22 06:51:05.204 I/liblog ( 2326): 5
08-22 06:51:05.205 I/liblog ( 2326): 2
08-22 06:51:05.205 I/liblog ( 2326): 2
08-22 06:51:05.206 I/liblog ( 2326): 5
08-22 06:51:05.206 I/liblog ( 2326): 2
08-22 06:51:05.206 I/liblog ( 2326): 2
08-22 06:51:05.208 I/liblog ( 2326): 4
08-22 06:51:05.210 I/liblog ( 2326): 7
08-22 06:51:05.210 I/liblog ( 2326): 4
08-22 06:51:05.210 I/liblog ( 2326): 4
08-22 06:51:05.210 I/liblog ( 2326): 7
08-22 06:51:05.211 I/liblog ( 2326): 6
08-22 06:51:05.211 I/liblog ( 2326): 3
08-22 06:51:05.212 I/liblog ( 2326): 7
08-22 06:51:05.212 I/liblog ( 2326): 6
08-22 06:51:05.212 I/liblog ( 2326): 4
08-22 06:51:05.213 I/liblog ( 2326): 3
08-22 06:51:05.213 I/liblog ( 2326): 3
08-22 06:51:05.213 I/liblog ( 2326): 3
08-22 06:51:05.214 I/liblog ( 2326): 4
08-22 06:51:05.214 I/liblog ( 2326): 10
08-22 06:51:05.215 I/liblog ( 2326): 6
08-22 06:51:05.218 I/liblog ( 2326): 7
08-22 06:51:05.218 I/liblog ( 2326): 2
08-22 06:51:05.219 I/liblog ( 2326): 6
08-22 06:51:05.219 I/liblog ( 2326): 10
08-22 06:51:05.220 I/liblog ( 2326): 4
08-22 06:51:05.223 I/liblog ( 2326): 2
08-22 06:51:05.224 I/liblog ( 2326): 1
08-22 06:51:05.225 I/liblog ( 2326): 11
08-22 06:51:05.225 I/liblog ( 2326): 4
08-22 06:51:05.226 I/liblog ( 2326): 8
08-22 06:51:05.226 I/liblog ( 2326): 7
08-22 06:51:05.228 I/liblog ( 2326): 1
08-22 06:51:05.229 I/liblog ( 2326): 3
08-22 06:51:05.231 I/liblog ( 2326): 6
08-22 06:51:05.232 I/liblog ( 2326): 4
08-22 06:51:05.232 I/liblog ( 2326): 4
08-22 06:51:05.233 I/liblog ( 2326): 3
08-22 06:51:05.233 I/liblog ( 2326): 13
08-22 06:51:05.234 I/liblog ( 2326): 2
08-22 06:51:05.235 I/liblog ( 2326): 8
08-22 06:51:05.239 I/liblog ( 2326): 7
08-22 06:51:05.245 I/liblog ( 2326): 4
01-01 00:38:16.668 W/logd ( 0): Skipping entries from slow reader, pid 32067, fd 15, from LogBuffer::Prune()
08-22 06:51:05.250 I/liblog ( 2326): 4
08-22 06:51:05.250 I/liblog ( 2326): 1
08-22 06:51:05.251 I/liblog ( 2326): 16
08-22 06:51:05.251 I/liblog ( 2326): 1
08-22 06:51:05.251 I/liblog ( 2326): 6
08-22 06:51:05.252 I/liblog ( 2326): 6
08-22 06:51:05.252 I/liblog ( 2326): 4
08-22 06:51:05.253 I/liblog ( 2326): 3
08-22 06:51:05.253 I/liblog ( 2326): 8
08-22 06:51:05.255 I/liblog ( 2326): 6
08-22 06:51:05.255 I/liblog ( 2326): 4
08-22 06:51:05.256 I/liblog ( 2326): 6
08-22 06:51:05.256 I/liblog ( 2326): 1
08-22 06:51:05.257 I/liblog ( 2326): 3
08-22 06:51:05.257 I/liblog ( 2326): 3
08-22 06:51:05.258 I/liblog ( 2326): 4
08-22 06:51:05.258 I/liblog ( 2326): 2
08-22 06:51:05.259 I/liblog ( 2326): 8
08-22 06:51:05.259 I/liblog ( 2326): 6
08-22 06:51:05.259 I/liblog ( 2326): 6
08-22 06:51:05.261 I/liblog ( 2326): 15
08-22 06:51:05.262 I/liblog ( 2326): 3
08-22 06:51:05.262 I/liblog ( 2326): 6
08-22 06:51:05.264 I/liblog ( 2326): 4
08-22 06:51:05.265 I/liblog ( 2326): 4
08-22 06:51:05.265 I/liblog ( 2326): 6
08-22 06:51:05.266 I/liblog ( 2326): 1
08-22 06:51:05.266 I/liblog ( 2326): 4
08-22 06:51:05.266 I/liblog ( 2326): 3
08-22 06:51:05.267 I/liblog ( 2326): 2
08-22 06:51:05.267 I/liblog ( 2326): 3
08-22 06:51:05.268 I/liblog ( 2326): 3
08-22 06:51:05.268 I/liblog ( 2326): 11
08-22 06:51:05.270 I/liblog ( 2326): 4
08-22 06:51:05.271 I/liblog ( 2326): 1
08-22 06:51:05.271 I/liblog ( 2326): 5
08-22 06:51:05.272 I/liblog ( 2326): 4
08-22 06:51:05.272 I/liblog ( 2326): 3
08-22 06:51:05.272 I/liblog ( 2326): 7
08-22 06:51:05.273 I/liblog ( 2326): 6
08-22 06:51:05.273 I/liblog ( 2326): 1
08-22 06:51:05.273 I/liblog ( 2326): 2
08-22 06:51:05.274 I/liblog ( 2326): 7
08-22 06:51:05.274 I/liblog ( 2326): 10
08-22 06:51:05.275 I/liblog ( 2326): 12
08-22 06:51:05.275 I/liblog ( 2326): 1
08-22 06:51:05.276 I/liblog ( 2326): 1
08-22 06:51:05.276 I/liblog ( 2326): 8
08-22 06:51:05.276 I/liblog ( 2326): 6
08-22 06:51:05.280 I/liblog ( 2326): 2
08-22 06:51:05.280 I/dvm_lock_sample( 2326): [com.thundercomm.remotecontrolser,0,Thread-335112,10,Throwable.java,665,void java.lang.Throwable.printStackTrace(java.lang.Throwable$PrintStreamOrWriter),,0,null,2]
08-22 06:51:05.289 I/liblog ( 2326): 35
08-22 06:51:05.289 I/liblog ( 2326): 6
08-22 06:51:05.289 I/liblog ( 2326): 4
08-22 06:51:05.290 I/liblog ( 2326): 7
08-22 06:51:05.294 I/liblog ( 2326): 6
08-22 06:51:05.297 I/liblog ( 2326): 8
08-22 06:51:05.298 I/liblog ( 2326): 3
08-22 06:51:05.299 I/liblog ( 2326): 6
08-22 06:51:05.301 I/liblog ( 2326): 1
08-22 06:51:05.306 I/liblog ( 2326): 7
08-22 06:51:05.312 I/liblog ( 2326): 5
08-22 06:51:05.318 I/liblog ( 2326): 1
08-22 06:51:05.318 I/liblog ( 2326): 12
08-22 06:51:05.323 I/liblog ( 2326): 2
08-22 06:51:05.324 I/liblog ( 2326): 1
08-22 06:51:05.324 I/liblog ( 2326): 4
08-22 06:51:05.326 I/liblog ( 2326): 1
08-22 06:51:05.326 I/liblog ( 2326): 7
08-22 06:51:05.329 I/liblog ( 2326): 6
08-22 06:51:05.331 I/liblog ( 2326): 1
08-22 06:51:05.331 I/liblog ( 2326): 4
08-22 06:51:05.335 I/liblog ( 2326): 2
08-22 06:51:05.338 I/liblog ( 2326): 5
08-22 06:51:05.338 I/liblog ( 2326): 5
08-22 06:51:05.340 I/liblog ( 2326): 6
08-22 06:51:05.340 I/liblog ( 2326): 8
08-22 06:51:05.341 I/liblog ( 2326): 6
08-22 06:51:05.341 I/liblog ( 2326): 11
08-22 06:51:05.342 I/liblog ( 2326): 6
08-22 06:51:05.342 I/liblog ( 2326): 2
08-22 06:51:05.343 I/liblog ( 2326): 8
08-22 06:51:05.343 I/liblog ( 2326): 5
08-22 06:51:05.344 I/liblog ( 2326): 6
08-22 06:51:05.344 I/liblog ( 2326): 6
08-22 06:51:05.346 I/liblog ( 2326): 3
08-22 06:51:05.346 I/liblog ( 2326): 4
08-22 06:51:05.347 I/liblog ( 2326): 9
08-22 06:51:05.358 I/liblog ( 2326): 119
08-22 06:51:05.358 I/liblog ( 2326): 1
08-22 06:51:05.358 I/liblog ( 2326): 6
08-22 06:51:05.359 I/liblog ( 2326): 9
08-22 06:51:05.359 I/liblog ( 2326): 10
08-22 06:51:05.360 I/liblog ( 2326): 6
08-22 06:51:05.360 I/liblog ( 2326): 1
08-22 06:51:05.361 I/liblog ( 2326): 26
08-22 06:51:05.361 I/liblog ( 2326): 6
08-22 06:51:05.362 I/liblog ( 2326): 2
08-22 06:51:05.362 I/liblog ( 2326): 14
08-22 06:51:05.364 I/liblog ( 2326): 2
08-22 06:51:05.364 I/liblog ( 2326): 1
08-22 06:51:05.364 I/liblog ( 2326): 7
08-22 06:51:05.369 I/liblog ( 2326): 6
08-22 06:51:05.370 I/liblog ( 2326): 5
08-22 06:51:05.371 I/liblog ( 2326): 3
08-22 06:51:05.371 I/liblog ( 2326): 6
08-22 06:51:05.372 I/liblog ( 2326): 6
08-22 06:51:05.380 I/liblog ( 2326): 114
08-22 06:51:05.381 I/liblog ( 2326): 1
08-22 06:51:05.384 I/liblog ( 2326): 27
08-22 06:51:05.385 I/liblog ( 2326): 1
08-22 06:51:05.385 I/liblog ( 2326): 7
08-22 06:51:05.386 I/liblog ( 2326): 6
08-22 06:51:05.386 I/liblog ( 2326): 5
08-22 06:51:05.386 I/liblog ( 2326): 6
08-22 06:51:05.387 I/liblog ( 2326): 6
08-22 06:51:05.387 I/liblog ( 2326): 5
08-22 06:51:05.387 I/liblog ( 2326): 6
08-22 06:51:05.388 I/liblog ( 2326): 7
08-22 06:51:05.388 I/liblog ( 2326): 6
08-22 06:51:05.388 I/liblog ( 2326): 6
08-22 06:51:05.389 I/liblog ( 2326): 4
08-22 06:51:05.389 I/liblog ( 2326): 3
08-22 06:51:05.390 I/liblog ( 2326): 9
08-22 06:51:05.391 I/liblog ( 2326): 5
08-22 06:51:05.391 I/liblog ( 2326): 9
08-22 06:51:05.391 I/liblog ( 2326): 6
08-22 06:51:05.392 I/liblog ( 2326): 11
08-22 06:51:05.392 I/liblog ( 2326): 5
08-22 06:51:05.393 I/liblog ( 2326): 11
08-22 06:51:05.394 I/liblog ( 2326): 6
08-22 06:51:05.394 I/liblog ( 2326): 2
08-22 06:51:05.395 I/liblog ( 2326): 4
08-22 06:51:05.395 I/liblog ( 2326): 3
08-22 06:51:05.396 I/liblog ( 2326): 5
08-22 06:51:05.396 I/liblog ( 2326): 4
08-22 06:51:05.396 I/liblog ( 2326): 7
08-22 06:51:05.414 I/liblog ( 2326): 6
08-22 06:51:05.428 I/liblog ( 2326): 6
08-22 06:51:05.429 I/liblog ( 2326): 1
08-22 06:51:05.430 I/liblog ( 2326): 4
08-22 06:51:05.430 I/liblog ( 2326): 6
08-22 06:51:05.431 I/liblog ( 2326): 7
08-22 06:51:05.431 I/liblog ( 2326): 1
08-22 06:51:05.432 I/liblog ( 2326): 3
08-22 06:51:05.432 I/liblog ( 2326): 4
08-22 06:51:05.433 I/liblog ( 2326): 2
08-22 06:51:05.433 I/liblog ( 2326): 4
08-22 06:51:05.434 I/liblog ( 2326): 2
08-22 06:51:05.434 I/liblog ( 2326): 3
08-22 06:51:05.434 I/liblog ( 2326): 7
08-22 06:51:05.435 I/liblog ( 2326): 6
08-22 06:51:05.435 I/liblog ( 2326): 3
08-22 06:51:05.436 I/liblog ( 2326): 13
08-22 06:51:05.471 I/liblog ( 2326): 9
08-22 06:51:05.475 I/liblog ( 2326): 1
08-22 06:51:05.475 I/liblog ( 2326): 2
08-22 06:51:05.475 I/liblog ( 2326): 2
08-22 06:51:05.481 I/liblog ( 2326): 5
08-22 06:51:05.484 I/liblog ( 2326): 7
08-22 06:51:05.487 I/liblog ( 2326): 6
08-22 06:51:05.491 I/liblog ( 2326): 9
08-22 06:51:05.505 I/liblog ( 2326): 29
01-01 00:38:16.957 W/logd ( 0): Skipping entries from slow reader, pid 32067, fd 15, from LogBuffer::Prune()
08-22 06:51:05.561 I/liblog ( 2326): 4
08-22 06:51:05.562 I/liblog ( 2326): 6
08-22 06:51:05.562 I/liblog ( 2326): 6
08-22 06:51:05.562 I/liblog ( 2326): 5
08-22 06:51:05.563 I/liblog ( 2326): 6
08-22 06:51:05.563 I/liblog ( 2326): 2
08-22 06:51:05.563 I/liblog ( 2326): 11
08-22 06:51:05.566 I/liblog ( 2326): 3
08-22 06:51:05.566 I/liblog ( 2326): 4
08-22 06:51:05.567 I/liblog ( 2326): 6
08-22 06:51:05.567 I/liblog ( 2326): 1
08-22 06:51:05.568 I/liblog ( 2326): 4
08-22 06:51:05.568 I/liblog ( 2326): 4
08-22 06:51:05.569 I/liblog ( 2326): 3
08-22 06:51:05.569 I/liblog ( 2326): 3
08-22 06:51:05.570 I/liblog ( 2326): 5
08-22 06:51:05.570 I/liblog ( 2326): 6
08-22 06:51:05.570 I/liblog ( 2326): 6
08-22 06:51:05.572 I/liblog ( 2326): 15
08-22 06:51:05.573 I/liblog ( 2326): 3
08-22 06:51:05.573 I/liblog ( 2326): 3
08-22 06:51:05.574 I/liblog ( 2326): 1
01-01 00:38:16.997 I/IRQ 5 ( 0): no longer affine to CPU4
08-22 06:51:05.574 I/liblog ( 2326): 4
08-22 06:51:05.574 I/liblog ( 2326): 1
08-22 06:51:05.575 I/liblog ( 2326): 5
08-22 06:51:05.575 I/liblog ( 2326): 6
08-22 06:51:05.575 I/liblog ( 2326): 6
08-22 06:51:05.575 I/liblog ( 2326): 4
08-22 06:51:05.576 I/liblog ( 2326): 7
08-22 06:51:05.577 I/liblog ( 2326): 6
08-22 06:51:05.578 I/liblog ( 2326): 5
08-22 06:51:05.583 I/liblog ( 2326): 6
01-01 00:38:17.000 D/ ( 0): mv2112_read_status
01-01 00:38:17.005 D/mv2112_update_link( 0): 3.0x901(1G): 0x80
01-01 00:38:17.010 D/mv2112_update_link( 0): 3.0x8109(100M): 0x0
01-01 00:38:17.015 D/mv2112_update_link( 0): link 0x0
01-01 00:38:17.020 D/mv2112_read_status( 0): autoneg is disabled
08-22 06:51:05.605 I/liblog ( 2326): 1
08-22 06:51:05.606 I/liblog ( 2326): 6
08-22 06:51:05.606 I/liblog ( 2326): 7
08-22 06:51:05.607 I/liblog ( 2326): 9
08-22 06:51:05.607 I/liblog ( 2326): 5
08-22 06:51:05.608 I/liblog ( 2326): 4
08-22 06:51:05.609 I/liblog ( 2326): 15
08-22 06:51:05.610 I/liblog ( 2326): 3
08-22 06:51:05.610 I/liblog ( 2326): 4
08-22 06:51:05.611 I/liblog ( 2326): 1
08-22 06:51:05.611 I/liblog ( 2326): 3
08-22 06:51:05.612 I/liblog ( 2326): 7
08-22 06:51:05.615 I/liblog ( 2326): 4
08-22 06:51:05.619 I/liblog ( 2326): 3
08-22 06:51:05.619 I/liblog ( 2326): 6
08-22 06:51:05.625 I/liblog ( 2326): 6
08-22 06:51:05.648 I/liblog ( 2326): 85
08-22 06:51:05.648 I/liblog ( 2326): 3
08-22 06:51:05.649 I/liblog ( 2326): 13
08-22 06:51:05.650 I/liblog ( 2326): 10
08-22 06:51:05.651 I/liblog ( 2326): 21
08-22 06:51:05.652 I/liblog ( 2326): 3
08-22 06:51:05.652 I/liblog ( 2326): 9
08-22 06:51:05.653 I/liblog ( 2326): 5
08-22 06:51:05.653 I/liblog ( 2326): 6
08-22 06:51:05.654 I/liblog ( 2326): 7
08-22 06:51:05.666 I/liblog ( 2326): 3
08-22 06:51:05.675 I/liblog ( 2326): 3
08-22 06:51:05.676 I/liblog ( 2326): 6
08-22 06:51:05.677 I/liblog ( 2326): 5
08-22 06:51:05.678 I/liblog ( 2326): 6
08-22 06:51:05.678 I/liblog ( 2326): 3
08-22 06:51:05.678 I/liblog ( 2326): 9
08-22 06:51:05.683 I/liblog ( 2326): 5
08-22 06:51:05.687 I/liblog ( 2326): 13
08-22 06:51:05.687 I/liblog ( 2326): 2
08-22 06:51:05.687 I/liblog ( 2326): 6
08-22 06:51:05.688 I/liblog ( 2326): 7
08-22 06:51:05.688 I/liblog ( 2326): 7
08-22 06:51:05.688 I/liblog ( 2326): 6
08-22 06:51:05.690 I/liblog ( 2326): 3
08-22 06:51:05.691 I/liblog ( 2326): 10
08-22 06:51:05.691 I/liblog ( 2326): 2
08-22 06:51:05.691 I/liblog ( 2326): 3
08-22 06:51:05.694 I/liblog ( 2326): 12
08-22 06:51:05.695 I/liblog ( 2326): 2
08-22 06:51:05.695 I/liblog ( 2326): 6
08-22 06:51:05.696 I/liblog ( 2326): 3
08-22 06:51:05.697 I/liblog ( 2326): 9
08-22 06:51:05.697 I/liblog ( 2326): 5
08-22 06:51:05.697 I/liblog ( 2326): 5
08-22 06:51:05.697 I/liblog ( 2326): 6
08-22 06:51:05.698 I/liblog ( 2326): 6
08-22 06:51:05.698 I/liblog ( 2326): 2
08-22 06:51:05.698 I/liblog ( 2326): 7
08-22 06:51:05.700 I/liblog ( 2326): 7
08-22 06:51:05.700 I/liblog ( 2326): 1
08-22 06:51:05.700 I/liblog ( 2326): 2
08-22 06:51:05.701 I/liblog ( 2326): 5
08-22 06:51:05.701 I/liblog ( 2326): 3
08-22 06:51:05.703 I/liblog ( 2326): 3
08-22 06:51:05.704 I/liblog ( 2326): 4
08-22 06:51:05.711 I/liblog ( 2326): 5
08-22 06:51:05.729 I/liblog ( 2326): 5
08-22 06:51:05.736 I/liblog ( 2326): 12
08-22 06:51:05.737 I/liblog ( 2326): 4
08-22 06:51:05.738 I/liblog ( 2326): 4
08-22 06:51:05.738 I/liblog ( 2326): 3
08-22 06:51:05.739 I/liblog ( 2326): 7
08-22 06:51:05.739 I/liblog ( 2326): 6
08-22 06:51:05.740 I/liblog ( 2326): 7
08-22 06:51:05.741 I/liblog ( 2326): 3
08-22 06:51:05.741 I/liblog ( 2326): 3
08-22 06:51:05.743 I/liblog ( 2326): 3
08-22 06:51:05.744 I/liblog ( 2326): 5
08-22 06:51:05.744 I/liblog ( 2326): 2
08-22 06:51:05.745 I/liblog ( 2326): 2
08-22 06:51:05.745 I/liblog ( 2326): 6
08-22 06:51:05.745 I/liblog ( 2326): 5
08-22 06:51:05.748 I/liblog ( 2326): 6
08-22 06:51:05.749 I/liblog ( 2326): 4
08-22 06:51:05.756 I/liblog ( 2326): 3
08-22 06:51:05.797 I/liblog ( 2326): 3
08-22 06:51:05.798 I/liblog ( 2326): 3
08-22 06:51:05.798 I/liblog ( 2326): 3
08-22 06:51:05.799 I/liblog ( 2326): 3
08-22 06:51:05.799 I/liblog ( 2326): 3
08-22 06:51:05.799 I/liblog ( 2326): 3
08-22 06:51:05.799 I/liblog ( 2326): 4
08-22 06:51:05.800 I/liblog ( 2326): 7
08-22 06:51:05.800 I/liblog ( 2326): 6
08-22 06:51:05.801 I/liblog ( 2326): 2
08-22 06:51:05.801 I/liblog ( 2326): 9
08-22 06:51:05.801 I/liblog ( 2326): 5
08-22 06:51:05.802 I/liblog ( 2326): 1
08-22 06:51:05.802 I/liblog ( 2326): 1
08-22 06:51:05.802 I/liblog ( 2326): 8
08-22 06:51:05.802 I/liblog ( 2326): 4
08-22 06:51:05.813 I/liblog ( 2326): 4
01-01 00:38:17.221 W/logd ( 0): Skipping entries from slow reader, pid 32067, fd 15, from LogBuffer::Prune()
08-22 06:51:05.834 I/liblog ( 2326): 1
08-22 06:51:05.835 I/liblog ( 2326): 4
08-22 06:51:05.837 I/liblog ( 2326): 1
08-22 06:51:05.838 I/liblog ( 2326): 8
08-22 06:51:05.843 I/liblog ( 2326): 3
08-22 06:51:05.855 I/liblog ( 2326): 3
08-22 06:51:05.945 I/liblog ( 2326): 2
08-22 06:51:05.948 I/liblog ( 2326): 5
08-22 06:51:05.949 I/liblog ( 2326): 5
08-22 06:51:05.950 I/liblog ( 2326): 5
08-22 06:51:05.950 I/liblog ( 2326): 5
08-22 06:51:05.950 I/liblog ( 2326): 5
08-22 06:51:05.951 I/liblog ( 2326): 3
08-22 06:51:05.951 I/liblog ( 2326): 3
08-22 06:51:05.951 I/liblog ( 2326): 8
08-22 06:51:05.951 I/liblog ( 2326): 2
08-22 06:51:05.954 I/liblog ( 2326): 7
08-22 06:51:05.954 I/liblog ( 2326): 5
08-22 06:51:05.955 I/liblog ( 2326): 18
08-22 06:51:05.956 I/liblog ( 2326): 2
08-22 06:51:05.956 I/liblog ( 2326): 7
08-22 06:51:05.956 I/liblog ( 2326): 6
08-22 06:51:05.957 I/liblog ( 2326): 2
08-22 06:51:05.958 I/liblog ( 2326): 4
08-22 06:51:05.958 I/liblog ( 2326): 3
08-22 06:51:05.958 I/liblog ( 2326): 2
08-22 06:51:05.959 I/liblog ( 2326): 3
08-22 06:51:05.959 I/liblog ( 2326): 3
08-22 06:51:05.959 I/liblog ( 2326): 2
08-22 06:51:05.959 I/liblog ( 2326): 4
08-22 06:51:05.960 I/liblog ( 2326): 5
08-22 06:51:05.962 I/liblog ( 2326): 6
08-22 06:51:05.962 I/liblog ( 2326): 5
08-22 06:51:05.963 I/liblog ( 2326): 5
08-22 06:51:05.963 I/liblog ( 2326): 1
08-22 06:51:05.964 I/liblog ( 2326): 12
08-22 06:51:05.972 I/liblog ( 2326): 4
08-22 06:51:05.991 I/liblog ( 2326): 1
08-22 06:51:05.993 I/liblog ( 2326): 3
08-22 06:51:05.994 I/liblog ( 2326): 6
08-22 06:51:06.003 I/liblog ( 2326): 4
01-01 00:38:17.446 W/logd ( 0): Skipping entries from slow reader, pid 32067, fd 15, from LogBuffer::Prune()
08-22 06:51:06.039 I/liblog ( 2326): 4
08-22 06:51:06.040 I/liblog ( 2326): 13
08-22 06:51:06.041 I/liblog ( 2326): 7
08-22 06:51:06.042 I/liblog ( 2326): 19
08-22 06:51:06.042 I/liblog ( 2326): 3
08-22 06:51:06.042 I/liblog ( 2326): 7
08-22 06:51:06.042 I/liblog ( 2326): 7
08-22 06:51:06.043 I/liblog ( 2326): 3
08-22 06:51:06.043 I/liblog ( 2326): 7
08-22 06:51:06.047 I/liblog ( 2326): 7
08-22 06:51:06.048 I/liblog ( 2326): 3
08-22 06:51:06.048 I/liblog ( 2326): 11
08-22 06:51:06.049 I/liblog ( 2326): 10
08-22 06:51:06.049 I/liblog ( 2326): 7
08-22 06:51:06.050 I/liblog ( 2326): 6
08-22 06:51:06.050 I/liblog ( 2326): 7
08-22 06:51:06.050 I/liblog ( 2326): 6
08-22 06:51:06.051 I/liblog ( 2326): 20
08-22 06:51:06.052 I/liblog ( 2326): 16
08-22 06:51:06.053 I/liblog ( 2326): 11
08-22 06:51:06.053 I/liblog ( 2326): 4
08-22 06:51:06.054 I/liblog ( 2326): 1
08-22 06:51:06.054 I/liblog ( 2326): 7
08-22 06:51:06.054 I/liblog ( 2326): 9
08-22 06:51:06.056 I/liblog ( 2326): 15
08-22 06:51:06.057 I/liblog ( 2326): 7
08-22 06:51:06.057 I/liblog ( 2326): 2
08-22 06:51:06.068 I/liblog ( 2326): 4
08-22 06:51:06.085 I/liblog ( 2326): 2
08-22 06:51:06.085 I/liblog ( 2326): 2
08-22 06:51:06.086 I/liblog ( 2326): 2
08-22 06:51:06.086 I/liblog ( 2326): 3
08-22 06:51:06.086 I/liblog ( 2326): 3
08-22 06:51:06.087 I/liblog ( 2326): 1
08-22 06:51:06.087 I/liblog ( 2326): 5
08-22 06:51:06.088 I/liblog ( 2326): 4
08-22 06:51:06.088 I/liblog ( 2326): 7
08-22 06:51:06.089 I/liblog ( 2326): 11
08-22 06:51:06.089 I/liblog ( 2326): 5
08-22 06:51:06.089 I/liblog ( 2326): 6
08-22 06:51:06.090 I/liblog ( 2326): 1
08-22 06:51:06.090 I/liblog ( 2326): 3
08-22 06:51:06.090 I/liblog ( 2326): 4
08-22 06:51:06.091 I/liblog ( 2326): 9
08-22 06:51:06.092 I/liblog ( 2326): 3
08-22 06:51:06.092 I/liblog ( 2326): 8
08-22 06:51:06.093 I/liblog ( 2326): 5
08-22 06:51:06.094 I/liblog ( 2326): 3
08-22 06:51:06.094 I/liblog ( 2326): 4
08-22 06:51:06.094 I/liblog ( 2326): 3
08-22 06:51:06.095 I/liblog ( 2326): 4
08-22 06:51:06.095 I/liblog ( 2326): 5
08-22 06:51:06.095 I/liblog ( 2326): 6
08-22 06:51:06.096 I/liblog ( 2326): 6
08-22 06:51:06.096 I/liblog ( 2326): 2
08-22 06:51:06.097 I/liblog ( 2326): 13
08-22 06:51:06.097 I/liblog ( 2326): 1
08-22 06:51:06.097 I/liblog ( 2326): 4
08-22 06:51:06.098 I/liblog ( 2326): 1
08-22 06:51:06.098 I/liblog ( 2326): 4
08-22 06:51:06.099 I/liblog ( 2326): 6
08-22 06:51:06.099 I/liblog ( 2326): 6
08-22 06:51:06.099 I/liblog ( 2326): 6
01-01 00:38:17.516 I/IRQ 5 ( 0): no longer affine to CPU5
08-22 06:51:06.100 I/liblog ( 2326): 5
08-22 06:51:06.100 I/liblog ( 2326): 4
08-22 06:51:06.101 I/liblog ( 2326): 3
08-22 06:51:06.101 I/liblog ( 2326): 4
08-22 06:51:06.101 I/liblog ( 2326): 2
08-22 06:51:06.102 I/liblog ( 2326): 4
08-22 06:51:06.102 I/liblog ( 2326): 9
08-22 06:51:06.103 I/liblog ( 2326): 7
08-22 06:51:06.103 I/liblog ( 2326): 4
08-22 06:51:06.103 I/liblog ( 2326): 7
08-22 06:51:06.104 I/liblog ( 2326): 6
08-22 06:51:06.104 I/liblog ( 2326): 2
08-22 06:51:06.105 I/liblog ( 2326): 16
08-22 06:51:06.106 I/liblog ( 2326): 13
08-22 06:51:06.106 I/liblog ( 2326): 4
08-22 06:51:06.106 I/liblog ( 2326): 7
08-22 06:51:06.107 I/liblog ( 2326): 7
08-22 06:51:06.107 I/liblog ( 2326): 1
08-22 06:51:06.108 I/liblog ( 2326): 1
08-22 06:51:06.108 I/liblog ( 2326): 3
08-22 06:51:06.108 I/liblog ( 2326): 6
08-22 06:51:06.109 I/liblog ( 2326): 5
08-22 06:51:06.110 I/liblog ( 2326): 1
08-22 06:51:06.110 I/liblog ( 2326): 5
08-22 06:51:06.110 I/liblog ( 2326): 4
08-22 06:51:06.111 I/liblog ( 2326): 2
08-22 06:51:06.111 I/liblog ( 2326): 4
08-22 06:51:06.111 I/liblog ( 2326): 2
08-22 06:51:06.112 I/liblog ( 2326): 7
08-22 06:51:06.113 I/liblog ( 2326): 2
08-22 06:51:06.113 I/liblog ( 2326): 3
08-22 06:51:06.113 I/liblog ( 2326): 2
08-22 06:51:06.113 I/liblog ( 2326): 4
08-22 06:51:06.114 I/liblog ( 2326): 6
08-22 06:51:06.114 I/liblog ( 2326): 6
08-22 06:51:06.114 I/liblog ( 2326): 3
08-22 06:51:06.115 I/liblog ( 2326): 7
08-22 06:51:06.116 I/liblog ( 2326): 16
08-22 06:51:06.116 I/liblog ( 2326): 6
08-22 06:51:06.117 I/liblog ( 2326): 1
08-22 06:51:06.117 I/liblog ( 2326): 10
08-22 06:51:06.117 I/liblog ( 2326): 4
08-22 06:51:06.118 I/liblog ( 2326): 3
08-22 06:51:06.118 I/liblog ( 2326): 3
08-22 06:51:06.119 I/liblog ( 2326): 5
08-22 06:51:06.119 I/liblog ( 2326): 4
08-22 06:51:06.119 I/liblog ( 2326): 1
08-22 06:51:06.120 I/liblog ( 2326): 5
08-22 06:51:06.120 I/liblog ( 2326): 3
08-22 06:51:06.120 I/liblog ( 2326): 7
08-22 06:51:06.121 I/liblog ( 2326): 3
08-22 06:51:06.121 I/liblog ( 2326): 5
08-22 06:51:06.121 I/liblog ( 2326): 5
08-22 06:51:06.122 I/liblog ( 2326): 6
08-22 06:51:06.122 I/liblog ( 2326): 3
08-22 06:51:06.122 I/liblog ( 2326): 7
08-22 06:51:06.123 I/liblog ( 2326): 7
08-22 06:51:06.123 I/liblog ( 2326): 5
08-22 06:51:06.123 I/liblog ( 2326): 6
08-22 06:51:06.123 I/liblog ( 2326): 6
08-22 06:51:06.124 I/liblog ( 2326): 7
08-22 06:51:06.124 I/liblog ( 2326): 5
08-22 06:51:06.125 I/liblog ( 2326): 5
08-22 06:51:06.138 I/liblog ( 2326): 64
08-22 06:51:06.138 I/liblog ( 2326): 3
08-22 06:51:06.142 I/liblog ( 2326): 10
08-22 06:51:06.146 I/liblog ( 2326): 1
08-22 06:51:06.146 I/liblog ( 2326): 5
08-22 06:51:06.147 I/liblog ( 2326): 4
08-22 06:51:06.148 I/liblog ( 2326): 1
08-22 06:51:06.148 I/liblog ( 2326): 2
08-22 06:51:06.148 I/liblog ( 2326): 3
08-22 06:51:06.148 I/liblog ( 2326): 4
08-22 06:51:06.149 I/liblog ( 2326): 2
08-22 06:51:06.149 I/liblog ( 2326): 5
08-22 06:51:06.150 I/liblog ( 2326): 6
08-22 06:51:06.150 I/liblog ( 2326): 5
08-22 06:51:06.150 I/liblog ( 2326): 5
08-22 06:51:06.151 I/liblog ( 2326): 1
08-22 06:51:06.151 I/liblog ( 2326): 7
08-22 06:51:06.151 I/liblog ( 2326): 5
08-22 06:51:06.152 I/liblog ( 2326): 5
08-22 06:51:06.152 I/liblog ( 2326): 7
08-22 06:51:06.153 I/liblog ( 2326): 8
08-22 06:51:06.154 I/liblog ( 2326): 3
08-22 06:51:06.154 I/liblog ( 2326): 3
08-22 06:51:06.154 I/liblog ( 2326): 3
08-22 06:51:06.154 I/liblog ( 2326): 2
08-22 06:51:06.155 I/liblog ( 2326): 4
08-22 06:51:06.155 I/liblog ( 2326): 4
08-22 06:51:06.156 I/liblog ( 2326): 3
08-22 06:51:06.156 I/liblog ( 2326): 6
08-22 06:51:06.157 I/liblog ( 2326): 3
08-22 06:51:06.157 I/liblog ( 2326): 7
08-22 06:51:06.157 I/liblog ( 2326): 10
08-22 06:51:06.158 I/liblog ( 2326): 4
08-22 06:51:06.158 I/liblog ( 2326): 2
08-22 06:51:06.159 I/liblog ( 2326): 3
08-22 06:51:06.159 I/liblog ( 2326): 4
08-22 06:51:06.160 I/liblog ( 2326): 2
08-22 06:51:06.160 I/liblog ( 2326): 1
08-22 06:51:06.161 I/liblog ( 2326): 5
08-22 06:51:06.161 I/liblog ( 2326): 3
08-22 06:51:06.161 I/liblog ( 2326): 2
08-22 06:51:06.162 I/liblog ( 2326): 5
08-22 06:51:06.162 I/liblog ( 2326): 5
08-22 06:51:06.163 I/liblog ( 2326): 7
08-22 06:51:06.163 I/liblog ( 2326): 4
08-22 06:51:06.163 I/liblog ( 2326): 6
08-22 06:51:06.164 I/liblog ( 2326): 5
08-22 06:51:06.166 I/liblog ( 2326): 5
08-22 06:51:06.171 I/liblog ( 2326): 8
08-22 06:51:06.173 I/liblog ( 2326): 1
08-22 06:51:06.174 I/liblog ( 2326): 13
08-22 06:51:06.174 I/liblog ( 2326): 6
08-22 06:51:06.175 I/liblog ( 2326): 11
08-22 06:51:06.176 I/liblog ( 2326): 4
08-22 06:51:06.177 I/liblog ( 2326): 13
08-22 06:51:06.177 I/liblog ( 2326): 3
08-22 06:51:06.177 I/liblog ( 2326): 7
08-22 06:51:06.178 I/liblog ( 2326): 6
08-22 06:51:06.178 I/liblog ( 2326): 5
08-22 06:51:06.179 I/liblog ( 2326): 5
08-22 06:51:06.179 I/liblog ( 2326): 6
08-22 06:51:06.180 I/liblog ( 2326): 2
08-22 06:51:06.180 I/liblog ( 2326): 4
08-22 06:51:06.181 I/liblog ( 2326): 2
08-22 06:51:06.182 I/liblog ( 2326): 12
08-22 06:51:06.182 I/liblog ( 2326): 6
08-22 06:51:06.183 I/liblog ( 2326): 3
08-22 06:51:06.184 I/liblog ( 2326): 10
08-22 06:51:06.184 I/liblog ( 2326): 3
08-22 06:51:06.185 I/liblog ( 2326): 6
08-22 06:51:06.185 I/liblog ( 2326): 6
08-22 06:51:06.186 I/liblog ( 2326): 5
08-22 06:51:06.186 I/liblog ( 2326): 2
08-22 06:51:06.187 I/liblog ( 2326): 3
08-22 06:51:06.187 I/liblog ( 2326): 3
08-22 06:51:06.187 I/liblog ( 2326): 2
08-22 06:51:06.188 I/liblog ( 2326): 4
08-22 06:51:06.188 I/liblog ( 2326): 1
08-22 06:51:06.189 I/liblog ( 2326): 5
08-22 06:51:06.190 I/liblog ( 2326): 2
08-22 06:51:06.191 I/liblog ( 2326): 5
08-22 06:51:06.192 I/liblog ( 2326): 8
08-22 06:51:06.193 I/liblog ( 2326): 6
08-22 06:51:06.193 I/liblog ( 2326): 2
08-22 06:51:06.194 I/liblog ( 2326): 7
08-22 06:51:06.194 I/liblog ( 2326): 5
08-22 06:51:06.195 I/liblog ( 2326): 5
08-22 06:51:06.195 I/liblog ( 2326): 4
08-22 06:51:06.195 I/liblog ( 2326): 4
08-22 06:51:06.196 I/liblog ( 2326): 3
08-22 06:51:06.196 I/liblog ( 2326): 8
08-22 06:51:06.197 I/liblog ( 2326): 8
08-22 06:51:06.197 I/liblog ( 2326): 3
08-22 06:51:06.197 I/liblog ( 2326): 2
08-22 06:51:06.198 I/liblog ( 2326): 3
08-22 06:51:06.198 I/liblog ( 2326): 2
08-22 06:51:06.198 I/liblog ( 2326): 2
08-22 06:51:06.199 I/liblog ( 2326): 6
08-22 06:51:06.199 I/liblog ( 2326): 8
08-22 06:51:06.200 I/liblog ( 2326): 6
08-22 06:51:06.200 I/liblog ( 2326): 7
08-22 06:51:06.201 I/liblog ( 2326): 6
08-22 06:51:06.201 I/liblog ( 2326): 3
08-22 06:51:06.201 I/liblog ( 2326): 4
08-22 06:51:06.202 I/liblog ( 2326): 7
08-22 06:51:06.202 I/liblog ( 2326): 3
08-22 06:51:06.202 I/liblog ( 2326): 3
08-22 06:51:06.202 I/liblog ( 2326): 1
08-22 06:51:06.203 I/liblog ( 2326): 4
08-22 06:51:06.203 I/liblog ( 2326): 3
08-22 06:51:06.204 I/liblog ( 2326): 3
08-22 06:51:06.204 I/liblog ( 2326): 4
08-22 06:51:06.204 I/liblog ( 2326): 3
08-22 06:51:06.205 I/liblog ( 2326): 11
08-22 06:51:06.205 I/liblog ( 2326): 6
01-01 00:38:17.637 I/IRQ 5 ( 0): no longer affine to CPU6
08-22 06:51:06.205 I/liblog ( 2326): 8
08-22 06:51:06.206 I/liblog ( 2326): 6
08-22 06:51:06.206 I/liblog ( 2326): 6
08-22 06:51:06.206 I/liblog ( 2326): 5
08-22 06:51:06.207 I/liblog ( 2326): 6
08-22 06:51:06.207 I/liblog ( 2326): 2
08-22 06:51:06.208 I/liblog ( 2326): 3
08-22 06:51:06.208 I/liblog ( 2326): 4
08-22 06:51:06.208 I/liblog ( 2326): 4
08-22 06:51:06.211 I/liblog ( 2326): 1
08-22 06:51:06.212 I/liblog ( 2326): 5
08-22 06:51:06.212 I/liblog ( 2326): 6
08-22 06:51:06.213 I/liblog ( 2326): 3
08-22 06:51:06.213 I/liblog ( 2326): 2
08-22 06:51:06.214 I/liblog ( 2326): 3
08-22 06:51:06.214 I/liblog ( 2326): 2
08-22 06:51:06.214 I/liblog ( 2326): 4
08-22 06:51:06.214 I/liblog ( 2326): 1
08-22 06:51:06.215 I/liblog ( 2326): 6
08-22 06:51:06.215 I/liblog ( 2326): 6
08-22 06:51:06.216 I/liblog ( 2326): 6
08-22 06:51:06.216 I/liblog ( 2326): 6
08-22 06:51:06.217 I/liblog ( 2326): 10
08-22 06:51:06.217 I/liblog ( 2326): 1
08-22 06:51:06.217 I/liblog ( 2326): 8
08-22 06:51:06.217 I/liblog ( 2326): 6
08-22 06:51:06.218 I/liblog ( 2326): 13
08-22 06:51:06.219 I/liblog ( 2326): 4
08-22 06:51:06.219 I/liblog ( 2326): 7
08-22 06:51:06.221 I/liblog ( 2326): 8
08-22 06:51:06.221 I/liblog ( 2326): 11
08-22 06:51:06.222 I/liblog ( 2326): 3
08-22 06:51:06.222 I/liblog ( 2326): 11
08-22 06:51:06.223 I/liblog ( 2326): 5
08-22 06:51:06.223 I/liblog ( 2326): 6
08-22 06:51:06.223 I/liblog ( 2326): 4
08-22 06:51:06.224 I/liblog ( 2326): 6
08-22 06:51:06.224 I/liblog ( 2326): 6
08-22 06:51:06.224 I/liblog ( 2326): 4
08-22 06:51:06.225 I/liblog ( 2326): 6
08-22 06:51:06.225 I/liblog ( 2326): 5
08-22 06:51:06.226 I/liblog ( 2326): 5
08-22 06:51:06.226 I/liblog ( 2326): 6
08-22 06:51:06.232 I/liblog ( 2326): 118
08-22 06:51:06.233 I/liblog ( 2326): 4
08-22 06:51:06.233 I/liblog ( 2326): 8
08-22 06:51:06.234 I/liblog ( 2326): 7
08-22 06:51:06.234 I/liblog ( 2326): 5
08-22 06:51:06.234 I/liblog ( 2326): 5
08-22 06:51:06.234 I/liblog ( 2326): 4
08-22 06:51:06.235 I/liblog ( 2326): 4
08-22 06:51:06.236 I/liblog ( 2326): 3
08-22 06:51:06.237 I/liblog ( 2326): 3
08-22 06:51:06.237 I/liblog ( 2326): 1
08-22 06:51:06.237 I/liblog ( 2326): 7
08-22 06:51:06.238 I/liblog ( 2326): 12
08-22 06:51:06.239 I/liblog ( 2326): 7
08-22 06:51:06.240 I/liblog ( 2326): 4
08-22 06:51:06.240 I/liblog ( 2326): 7
08-22 06:51:06.241 I/liblog ( 2326): 7
08-22 06:51:06.241 I/liblog ( 2326): 2
08-22 06:51:06.242 I/liblog ( 2326): 8
08-22 06:51:06.242 I/liblog ( 2326): 3
08-22 06:51:06.242 I/liblog ( 2326): 3
08-22 06:51:06.329 I/liblog ( 2326): 11
08-22 06:51:06.346 I/dvm_lock_sample( 2326): [com.thundercomm.remotecontrolser,0,Thread-335444,125,Throwable.java,665,void java.lang.Throwable.printStackTrace(java.lang.Throwable$PrintStreamOrWriter),,0,null,25]
08-22 06:51:06.357 I/liblog ( 2326): 1
08-22 06:51:06.357 I/liblog ( 2326): 4
08-22 06:51:06.358 I/liblog ( 2326): 8
08-22 06:51:06.358 I/liblog ( 2326): 7
08-22 06:51:06.359 I/liblog ( 2326): 2
08-22 06:51:06.359 I/liblog ( 2326): 1
08-22 06:51:06.359 I/liblog ( 2326): 2
08-22 06:51:06.359 I/liblog ( 2326): 3
08-22 06:51:06.360 I/liblog ( 2326): 3
08-22 06:51:06.360 I/liblog ( 2326): 3
08-22 06:51:06.361 I/liblog ( 2326): 3
08-22 06:51:06.361 I/liblog ( 2326): 2
08-22 06:51:06.361 I/liblog ( 2326): 8
08-22 06:51:06.362 I/liblog ( 2326): 5
08-22 06:51:06.362 I/liblog ( 2326): 3
08-22 06:51:06.362 I/liblog ( 2326): 4
08-22 06:51:06.363 I/liblog ( 2326): 6
08-22 06:51:06.363 I/liblog ( 2326): 6
08-22 06:51:06.370 I/liblog ( 2326): 1
01-01 00:38:17.757 I/init ( 0): starting service 'qvrd_vndr'...
01-01 00:38:17.764 I/init ( 0): Created socket '/dev/socket/qvrservice_vndr', mode 660, user 1000, group 1000
01-01 00:38:17.773 I/init ( 0): Created socket '/dev/socket/qvrservice_vndr_camera', mode 660, user 1000, group 1000
01-01 00:38:17.784 W/logd ( 0): Skipping entries from slow reader, pid 32067, fd 15, from LogBuffer::Prune()
01-01 00:38:17.792 I/init ( 0): starting service 'sxrd'...
01-01 00:38:17.794 W/logd ( 0): Skipping entries from slow reader, pid 32067, fd 15, from LogBuffer::Prune()
01-01 00:38:17.806 I/init ( 0): Service 'qvrd_vndr' (pid 3778) exited with status 1
01-01 00:38:17.813 I/init ( 0): Sending signal 9 to service 'qvrd_vndr' (pid 3778) process group...
01-01 00:38:17.821 I/libprocessgroup( 0): Successfully killed process cgroup uid 1000 pid 3778 in 0ms
08-22 06:51:06.422 I/dvm_lock_sample( 2326): [com.thundercomm.remotecontrolser,0,Thread-335482,141,Throwable.java,665,void java.lang.Throwable.printStackTrace(java.lang.Throwable$PrintStreamOrWriter),,0,null,28]
01-01 00:38:17.832 I/init ( 0): starting service 'vendor.light-hal-2-0'...
01-01 00:38:17.846 I/init ( 0): Service 'sxrd' (pid 3783) exited with status 1
01-01 00:38:17.852 I/init ( 0): Sending signal 9 to service 'sxrd' (pid 3783) process group...
08-22 06:51:06.455 I/dvm_lock_sample( 2326): [com.thundercomm.remotecontrolser,0,Thread-335487,180,Throwable.java,665,void java.lang.Throwable.printStackTrace(java.lang.Throwable$PrintStreamOrWriter),,0,null,36]
08-22 06:51:06.461 I/dvm_lock_sample( 2326): [com.thundercomm.remotecontrolser,0,Thread-335457,176,Throwable.java,665,void java.lang.Throwable.printStackTrace(java.lang.Throwable$PrintStreamOrWriter),,0,null,35]
08-22 06:51:06.471 I/dvm_lock_sample( 2326): [com.thundercomm.remotecontrolser,0,Thread-335492,185,Throwable.java,665,void java.lang.Throwable.printStackTrace(java.lang.Throwable$PrintStreamOrWriter),,0,null,37]
08-22 06:51:06.483 F/linker ( 3778): CANNOT LINK EXECUTABLE "/vendor/bin/hw/qvrservice": library "vendor.qti.hardware.qxr-V1-ndk_platform.so" not found: needed by /vendor/lib64/libqvrservice.so in namespace (default)
08-22 06:51:06.487 I/liblog ( 2326): 148
08-22 06:51:06.488 I/liblog ( 2326): 11
08-22 06:51:06.488 I/liblog ( 2326): 6
08-22 06:51:06.488 I/liblog ( 2326): 6
08-22 06:51:06.499 I/liblog ( 2326): 11
08-22 06:51:06.499 I/dvm_lock_sample( 2326): [com.thundercomm.remotecontrolser,0,Thread-335510,200,Throwable.java,665,void java.lang.Throwable.printStackTrace(java.lang.Throwable$PrintStreamOrWriter),,0,null,40]
08-22 06:51:06.501 I/dvm_lock_sample( 2326): [com.thundercomm.remotecontrolser,0,Thread-335501,210,Throwable.java,665,void java.lang.Throwable.printStackTrace(java.lang.Throwable$PrintStreamOrWriter),,0,null,42]
08-22 06:51:06.503 I/liblog ( 2326): 1
08-22 06:51:06.503 I/liblog ( 2326): 1
08-22 06:51:06.504 I/liblog ( 2326): 14
08-22 06:51:06.506 I/liblog ( 2326): 1
08-22 06:51:06.506 I/dvm_lock_sample( 2326): [com.thundercomm.remotecontrolser,0,Thread-335433,215,Throwable.java,665,void java.lang.Throwable.printStackTrace(java.lang.Throwable$PrintStreamOrWriter),,0,null,43]
08-22 06:51:06.507 I/liblog ( 2326): 3
08-22 06:51:06.508 I/liblog ( 2326): 8
08-22 06:51:06.511 I/liblog ( 2326): 16
08-22 06:51:06.511 I/dvm_lock_sample( 2326): [com.thundercomm.remotecontrolser,0,Thread-335500,217,Throwable.java,665,void java.lang.Throwable.printStackTrace(java.lang.Throwable$PrintStreamOrWriter),,0,null,43]
08-22 06:51:06.521 F/linker ( 3783): CANNOT LINK EXECUTABLE "/vendor/bin/hw/sxrservice": library "vendor.qti.hardware.qxr-V1-ndk_platform.so" not found: needed by main executable
08-22 06:51:06.522 I/liblog ( 2326): 5
08-22 06:51:06.522 I/dvm_lock_sample( 2326): [com.thundercomm.remotecontrolser,0,Thread-335498,221,Throwable.java,665,void java.lang.Throwable.printStackTrace(java.lang.Throwable$PrintStreamOrWriter),,0,null,44]
08-22 06:51:06.525 I/liblog ( 2326): 14
08-22 06:51:06.526 I/liblog ( 2326): 11
08-22 06:51:06.527 I/liblog ( 2326): 6
08-22 06:51:06.527 I/dvm_lock_sample( 2326): [com.thundercomm.remotecontrolser,0,Thread-335512,230,Throwable.java,665,void java.lang.Throwable.printStackTrace(java.lang.Throwable$PrintStreamOrWriter),,0,null,46]
08-22 06:51:06.527 I/liblog ( 2326): 2
08-22 06:51:06.528 I/liblog ( 2326): 4
08-22 06:51:06.528 I/liblog ( 2326): 3
08-22 06:51:06.528 I/liblog ( 2326): 2
08-22 06:51:06.529 I/liblog ( 2326): 4
08-22 06:51:06.529 I/liblog ( 2326): 2
08-22 06:51:06.530 I/liblog ( 2326): 4
08-22 06:51:06.530 I/liblog ( 2326): 4
08-22 06:51:06.531 I/liblog ( 2326): 5
08-22 06:51:06.531 I/liblog ( 2326): 3
08-22 06:51:06.531 I/liblog ( 2326): 8
08-22 06:51:06.532 I/liblog ( 2326): 6
08-22 06:51:06.532 I/liblog ( 2326): 3
08-22 06:51:06.532 I/liblog ( 2326): 7
08-22 06:51:06.533 I/liblog ( 2326): 6
08-22 06:51:06.533 I/liblog ( 2326): 4
08-22 06:51:06.533 I/liblog ( 2326): 8
08-22 06:51:06.534 I/liblog ( 2326): 6
08-22 06:51:06.534 I/liblog ( 2326): 3
08-22 06:51:06.535 I/liblog ( 2326): 8
08-22 06:51:06.536 I/liblog ( 2326): 6
08-22 06:51:06.536 I/dvm_lock_sample( 2326): [com.thundercomm.remotecontrolser,0,Thread-335515,233,Throwable.java,665,void java.lang.Throwable.printStackTrace(java.lang.Throwable$PrintStreamOrWriter),,0,null,46]
08-22 06:51:06.537 I/liblog ( 2326): 4
08-22 06:51:06.538 I/liblog ( 2326): 9
08-22 06:51:06.538 I/liblog ( 2326): 10
08-22 06:51:06.538 I/liblog ( 2326): 6
08-22 06:51:06.539 I/liblog ( 2326): 8
08-22 06:51:06.543 I/liblog ( 2326): 8
08-22 06:51:06.543 I/dvm_lock_sample( 2326): [com.thundercomm.remotecontrolser,0,Thread-335518,226,Throwable.java,665,void java.lang.Throwable.printStackTrace(java.lang.Throwable$PrintStreamOrWriter),,0,null,45]
08-22 06:51:06.545 I/liblog ( 2326): 1
08-22 06:51:06.545 I/liblog ( 2326): 1
08-22 06:51:06.546 I/liblog ( 2326): 10
08-22 06:51:06.547 I/liblog ( 2326): 3
08-22 06:51:06.548 I/liblog ( 2326): 6
08-22 06:51:06.548 I/liblog ( 2326): 4
08-22 06:51:06.549 I/liblog ( 2326): 5
08-22 06:51:06.549 I/liblog ( 2326): 5
08-22 06:51:06.550 I/liblog ( 2326): 6
08-22 06:51:06.550 I/liblog ( 2326): 6
08-22 06:51:06.550 I/liblog ( 2326): 3
08-22 06:51:06.552 I/liblog ( 2326): 12
08-22 06:51:06.552 I/liblog ( 2326): 4
08-22 06:51:06.553 I/liblog ( 2326): 7
08-22 06:51:06.553 I/liblog ( 2326): 1
08-22 06:51:06.558 I/liblog ( 2326): 5
08-22 06:51:06.558 I/dvm_lock_sample( 2326): [com.thundercomm.remotecontrolser,0,Thread-335522,211,Throwable.java,665,void java.lang.Throwable.printStackTrace(java.lang.Throwable$PrintStreamOrWriter),,0,null,42]
08-22 06:51:06.559 I/liblog ( 2326): 1
08-22 06:51:06.559 I/liblog ( 2326): 1
08-22 06:51:06.560 I/liblog ( 2326): 2
08-22 06:51:06.560 I/liblog ( 2326): 1
08-22 06:51:06.561 I/liblog ( 2326): 5
08-22 06:51:06.563 I/liblog ( 2326): 8
08-22 06:51:06.563 I/dvm_lock_sample( 2326): [com.thundercomm.remotecontrolser,0,Thread-335524,202,Throwable.java,665,void java.lang.Throwable.printStackTrace(java.lang.Throwable$PrintStreamOrWriter),,0,null,40]
08-22 06:51:06.564 I/liblog ( 2326): 3
08-22 06:51:06.565 I/liblog ( 2326): 6
08-22 06:51:06.565 I/liblog ( 2326): 2
08-22 06:51:06.565 I/liblog ( 2326): 7
08-22 06:51:06.568 I/liblog ( 2326): 6
08-22 06:51:06.568 I/dvm_lock_sample( 2326): [com.thundercomm.remotecontrolser,0,Thread-335529,195,Throwable.java,665,void java.lang.Throwable.printStackTrace(java.lang.Throwable$PrintStreamOrWriter),,0,null,39]
08-22 06:51:06.569 I/liblog ( 2326): 4
08-22 06:51:06.570 I/liblog ( 2326): 4
08-22 06:51:06.572 I/liblog ( 2326): 1
08-22 06:51:06.573 I/liblog ( 2326): 7
08-22 06:51:06.573 I/liblog ( 2326): 3
08-22 06:51:06.574 I/liblog ( 2326): 13
08-22 06:51:06.574 I/liblog ( 2326): 2
08-22 06:51:06.574 I/liblog ( 2326): 12
