01-01 00:38:22.873 I/init ( 0): Service 'sxrd' (pid 5650) exited with status 1
08-22 06:51:11.466 I/liblog ( 2326): 8
08-22 06:51:11.466 I/liblog ( 2326): 6
08-22 06:51:11.466 I/liblog ( 2326): 2
01-01 00:38:22.886 I/init ( 0): Sending signal 9 to service 'sxrd' (pid 5650) process group...
08-22 06:51:11.467 I/liblog ( 2326): 2
08-22 06:51:11.467 I/liblog ( 2326): 4
08-22 06:51:11.467 I/liblog ( 2326): 3
08-22 06:51:11.468 I/liblog ( 2326): 3
08-22 06:51:11.468 I/liblog ( 2326): 3
08-22 06:51:11.468 I/liblog ( 2326): 1
08-22 06:51:11.469 I/liblog ( 2326): 6
08-22 06:51:11.469 I/liblog ( 2326): 4
08-22 06:51:11.470 I/liblog ( 2326): 6
08-22 06:51:11.472 I/liblog ( 2326): 5
08-22 06:51:11.472 I/liblog ( 2326): 4
08-22 06:51:11.472 I/liblog ( 2326): 2
08-22 06:51:11.473 I/liblog ( 2326): 5
08-22 06:51:11.473 I/liblog ( 2326): 6
08-22 06:51:11.474 I/liblog ( 2326): 5
08-22 06:51:11.474 I/liblog ( 2326): 5
08-22 06:51:11.474 I/liblog ( 2326): 6
08-22 06:51:11.475 I/liblog ( 2326): 6
08-22 06:51:11.476 I/liblog ( 2326): 4
08-22 06:51:11.477 I/liblog ( 2326): 3
08-22 06:51:11.477 I/liblog ( 2326): 6
08-22 06:51:11.477 I/liblog ( 2326): 2
08-22 06:51:11.477 I/liblog ( 2326): 7
08-22 06:51:11.478 I/liblog ( 2326): 6
08-22 06:51:11.479 I/liblog ( 2326): 2
08-22 06:51:11.480 I/liblog ( 2326): 4
08-22 06:51:11.480 I/liblog ( 2326): 6
08-22 06:51:11.484 I/liblog ( 2326): 3
01-01 00:38:22.895 I/libprocessgroup( 0): Successfully killed process cgroup uid 1000 pid 5650 in 0ms
08-22 06:51:11.485 I/liblog ( 2326): 2
08-22 06:51:11.495 I/liblog ( 2326): 1
01-01 00:38:22.904 I/init ( 0): Service 'qvrd_vndr' (pid 5647) exited with status 1
01-01 00:38:22.911 I/init ( 0): Sending signal 9 to service 'qvrd_vndr' (pid 5647) process group...
08-22 06:51:11.517 I/liblog ( 2326): 1
08-22 06:51:11.517 I/liblog ( 2326): 6
08-22 06:51:11.518 I/liblog ( 2326): 6
08-22 06:51:11.520 I/liblog ( 2326): 4
08-22 06:51:11.521 I/liblog ( 2326): 3
08-22 06:51:11.525 I/liblog ( 2326): 6
08-22 06:51:11.526 I/liblog ( 2326): 1
08-22 06:51:11.527 I/liblog ( 2326): 2
08-22 06:51:11.528 I/liblog ( 2326): 4
08-22 06:51:11.528 I/liblog ( 2326): 3
08-22 06:51:11.528 I/liblog ( 2326): 1
08-22 06:51:11.530 I/liblog ( 2326): 1
08-22 06:51:11.530 I/liblog ( 2326): 5
08-22 06:51:11.531 I/liblog ( 2326): 6
08-22 06:51:11.531 I/liblog ( 2326): 6
08-22 06:51:11.531 I/liblog ( 2326): 5
08-22 06:51:11.532 I/liblog ( 2326): 11
08-22 06:51:11.533 I/liblog ( 2326): 10
08-22 06:51:11.533 I/liblog ( 2326): 6
08-22 06:51:11.533 I/liblog ( 2326): 3
08-22 06:51:11.534 I/liblog ( 2326): 8
08-22 06:51:11.534 I/liblog ( 2326): 6
08-22 06:51:11.534 I/liblog ( 2326): 3
08-22 06:51:11.535 I/liblog ( 2326): 5
08-22 06:51:11.535 I/liblog ( 2326): 3
08-22 06:51:11.535 I/liblog ( 2326): 4
08-22 06:51:11.536 I/liblog ( 2326): 2
08-22 06:51:11.536 I/liblog ( 2326): 5
08-22 06:51:11.536 I/liblog ( 2326): 5
08-22 06:51:11.537 I/liblog ( 2326): 4
08-22 06:51:11.537 I/liblog ( 2326): 6
08-22 06:51:11.537 I/liblog ( 2326): 10
08-22 06:51:11.538 I/liblog ( 2326): 4
08-22 06:51:11.538 I/liblog ( 2326): 15
08-22 06:51:11.539 I/liblog ( 2326): 11
08-22 06:51:11.539 I/liblog ( 2326): 6
08-22 06:51:11.539 I/liblog ( 2326): 2
08-22 06:51:11.539 I/liblog ( 2326): 7
08-22 06:51:11.540 I/liblog ( 2326): 6
08-22 06:51:11.540 I/liblog ( 2326): 3
08-22 06:51:11.541 I/liblog ( 2326): 12
08-22 06:51:11.541 I/liblog ( 2326): 3
08-22 06:51:11.542 I/liblog ( 2326): 5
08-22 06:51:11.542 I/liblog ( 2326): 6
08-22 06:51:11.542 I/liblog ( 2326): 5
08-22 06:51:11.542 I/liblog ( 2326): 3
08-22 06:51:11.543 I/liblog ( 2326): 6
08-22 06:51:11.543 I/liblog ( 2326): 6
08-22 06:51:11.546 I/liblog ( 2326): 3
08-22 06:51:11.546 I/liblog ( 2326): 1
08-22 06:51:11.548 I/liblog ( 2326): 7
08-22 06:51:11.549 I/liblog ( 2326): 5
08-22 06:51:11.552 F/linker ( 5650): CANNOT LINK EXECUTABLE "/vendor/bin/hw/sxrservice": library "vendor.qti.hardware.qxr-V1-ndk_platform.so" not found: needed by main executable
08-22 06:51:11.553 F/linker ( 5647): CANNOT LINK EXECUTABLE "/vendor/bin/hw/qvrservice": library "vendor.qti.hardware.qxr-V1-ndk_platform.so" not found: needed by /vendor/lib64/libqvrservice.so in namespace (default)
08-22 06:51:11.553 I/liblog ( 2326): 6
08-22 06:51:11.562 I/liblog ( 2326): 31
08-22 06:51:11.564 I/liblog ( 2326): 31
01-01 00:38:22.976 I/IRQ 5 ( 0): no longer affine to CPU6
08-22 06:51:11.570 I/liblog ( 2326): 19
08-22 06:51:11.579 I/liblog ( 2326): 53
08-22 06:51:11.580 I/liblog ( 2326): 4
08-22 06:51:11.582 I/liblog ( 2326): 6
08-22 06:51:11.584 I/liblog ( 2326): 8
08-22 06:51:11.584 I/liblog ( 2326): 1
08-22 06:51:11.584 I/liblog ( 2326): 6
08-22 06:51:11.585 I/liblog ( 2326): 9
08-22 06:51:11.585 I/liblog ( 2326): 11
08-22 06:51:11.586 I/liblog ( 2326): 5
08-22 06:51:11.586 I/liblog ( 2326): 4
08-22 06:51:11.586 I/liblog ( 2326): 7
08-22 06:51:11.586 I/liblog ( 2326): 6
08-22 06:51:11.587 I/liblog ( 2326): 4
08-22 06:51:11.587 I/liblog ( 2326): 7
08-22 06:51:11.590 I/liblog ( 2326): 6
08-22 06:51:11.598 I/liblog ( 2326): 4
08-22 06:51:11.609 I/liblog ( 2326): 4
08-22 06:51:11.618 I/liblog ( 2326): 3
08-22 06:51:11.618 I/liblog ( 2326): 6
08-22 06:51:11.619 I/liblog ( 2326): 9
08-22 06:51:11.619 I/liblog ( 2326): 7
08-22 06:51:11.624 I/liblog ( 2326): 8
08-22 06:51:11.626 I/liblog ( 2326): 1
08-22 06:51:11.627 I/liblog ( 2326): 5
08-22 06:51:11.627 I/liblog ( 2326): 6
08-22 06:51:11.627 I/liblog ( 2326): 4
08-22 06:51:11.628 I/liblog ( 2326): 7
08-22 06:51:11.628 I/liblog ( 2326): 7
08-22 06:51:11.628 I/liblog ( 2326): 3
08-22 06:51:11.629 I/liblog ( 2326): 4
08-22 06:51:11.629 I/liblog ( 2326): 5
08-22 06:51:11.630 I/liblog ( 2326): 6
08-22 06:51:11.630 I/liblog ( 2326): 3
08-22 06:51:11.631 I/liblog ( 2326): 3
08-22 06:51:11.631 I/liblog ( 2326): 4
08-22 06:51:11.631 I/liblog ( 2326): 2
08-22 06:51:11.631 I/liblog ( 2326): 4
08-22 06:51:11.632 I/liblog ( 2326): 9
08-22 06:51:11.633 I/liblog ( 2326): 6
08-22 06:51:11.633 I/liblog ( 2326): 4
08-22 06:51:11.633 I/liblog ( 2326): 7
08-22 06:51:11.634 I/liblog ( 2326): 6
08-22 06:51:11.634 I/liblog ( 2326): 4
08-22 06:51:11.634 I/liblog ( 2326): 6
08-22 06:51:11.635 I/liblog ( 2326): 7
08-22 06:51:11.635 I/liblog ( 2326): 6
08-22 06:51:11.635 I/liblog ( 2326): 4
08-22 06:51:11.636 I/liblog ( 2326): 6
08-22 06:51:11.636 I/liblog ( 2326): 2
08-22 06:51:11.637 I/liblog ( 2326): 14
08-22 06:51:11.637 I/liblog ( 2326): 3
08-22 06:51:11.637 I/liblog ( 2326): 7
08-22 06:51:11.638 I/liblog ( 2326): 6
08-22 06:51:11.638 I/liblog ( 2326): 1
08-22 06:51:11.638 I/liblog ( 2326): 1
08-22 06:51:11.639 I/liblog ( 2326): 4
08-22 06:51:11.639 I/liblog ( 2326): 3
08-22 06:51:11.639 I/liblog ( 2326): 2
08-22 06:51:11.640 I/liblog ( 2326): 3
08-22 06:51:11.640 I/liblog ( 2326): 3
08-22 06:51:11.641 I/liblog ( 2326): 6
08-22 06:51:11.641 I/liblog ( 2326): 2
08-22 06:51:11.641 I/liblog ( 2326): 6
08-22 06:51:11.642 I/liblog ( 2326): 2
08-22 06:51:11.642 I/liblog ( 2326): 1
08-22 06:51:11.643 I/liblog ( 2326): 3
08-22 06:51:11.643 I/liblog ( 2326): 2
08-22 06:51:11.643 I/liblog ( 2326): 4
08-22 06:51:11.643 I/liblog ( 2326): 3
08-22 06:51:11.645 I/liblog ( 2326): 3
08-22 06:51:11.645 I/dvm_lock_sample( 2326): [com.thundercomm.remotecontrolser,0,Thread-337387,5,Throwable.java,665,void java.lang.Throwable.printStackTrace(java.lang.Throwable$PrintStreamOrWriter),LoggingPrintStream.java,295,void com.android.internal.os.LoggingPrintStream.println(java.lang.Object),1]
08-22 06:51:11.645 I/liblog ( 2326): 5
08-22 06:51:11.646 I/liblog ( 2326): 6
08-22 06:51:11.646 I/liblog ( 2326): 4
08-22 06:51:11.647 I/liblog ( 2326): 1
08-22 06:51:11.647 I/liblog ( 2326): 3
08-22 06:51:11.647 I/liblog ( 2326): 4
08-22 06:51:11.648 I/liblog ( 2326): 2
08-22 06:51:11.648 I/liblog ( 2326): 3
08-22 06:51:11.652 I/liblog ( 2326): 3
08-22 06:51:11.661 I/liblog ( 2326): 4
08-22 06:51:11.664 I/liblog ( 2326): 11
08-22 06:51:11.665 I/liblog ( 2326): 4
08-22 06:51:11.666 I/liblog ( 2326): 6
08-22 06:51:11.666 I/liblog ( 2326): 6
08-22 06:51:11.667 I/liblog ( 2326): 11
08-22 06:51:11.667 I/liblog ( 2326): 8
08-22 06:51:11.672 I/liblog ( 2326): 5
08-22 06:51:11.675 I/liblog ( 2326): 5
08-22 06:51:11.676 I/liblog ( 2326): 6
08-22 06:51:11.676 I/liblog ( 2326): 7
08-22 06:51:11.677 I/liblog ( 2326): 2
08-22 06:51:11.677 I/liblog ( 2326): 3
08-22 06:51:11.678 I/liblog ( 2326): 3
08-22 06:51:11.678 I/liblog ( 2326): 3
08-22 06:51:11.679 I/liblog ( 2326): 6
08-22 06:51:11.679 I/liblog ( 2326): 6
08-22 06:51:11.679 I/liblog ( 2326): 1
08-22 06:51:11.679 I/liblog ( 2326): 4
08-22 06:51:11.680 I/liblog ( 2326): 6
08-22 06:51:11.680 I/liblog ( 2326): 5
08-22 06:51:11.680 I/liblog ( 2326): 2
08-22 06:51:11.681 I/liblog ( 2326): 8
08-22 06:51:11.681 I/liblog ( 2326): 7
08-22 06:51:11.681 I/liblog ( 2326): 2
08-22 06:51:11.682 I/liblog ( 2326): 7
08-22 06:51:11.682 I/liblog ( 2326): 6
08-22 06:51:11.682 I/liblog ( 2326): 4
08-22 06:51:11.683 I/liblog ( 2326): 10
08-22 06:51:11.685 I/liblog ( 2326): 5
08-22 06:51:11.686 I/liblog ( 2326): 1
08-22 06:51:11.686 I/liblog ( 2326): 2
08-22 06:51:11.686 I/liblog ( 2326): 3
08-22 06:51:11.687 I/liblog ( 2326): 3
08-22 06:51:11.687 I/liblog ( 2326): 2
08-22 06:51:11.688 I/liblog ( 2326): 9
08-22 06:51:11.688 I/liblog ( 2326): 6
08-22 06:51:11.688 I/liblog ( 2326): 4
08-22 06:51:11.689 I/liblog ( 2326): 7
08-22 06:51:11.689 I/liblog ( 2326): 6
08-22 06:51:11.689 I/liblog ( 2326): 3
08-22 06:51:11.689 I/liblog ( 2326): 7
08-22 06:51:11.690 I/liblog ( 2326): 6
08-22 06:51:11.690 I/liblog ( 2326): 1
08-22 06:51:11.690 I/liblog ( 2326): 3
08-22 06:51:11.691 I/liblog ( 2326): 3
08-22 06:51:11.691 I/liblog ( 2326): 5
08-22 06:51:11.692 I/liblog ( 2326): 5
08-22 06:51:11.719 I/liblog ( 2326): 12
01-01 00:38:23.155 W/logd ( 0): Skipping entries from slow reader, pid 32067, fd 15, from LogBuffer::Prune()
08-22 06:51:11.743 I/liblog ( 2326): 1
08-22 06:51:11.744 I/liblog ( 2326): 1
08-22 06:51:11.744 I/liblog ( 2326): 2
08-22 06:51:11.744 I/liblog ( 2326): 5
08-22 06:51:11.745 I/liblog ( 2326): 4
08-22 06:51:11.766 I/liblog ( 2326): 5
08-22 06:51:11.785 I/liblog ( 2326): 1
08-22 06:51:11.785 I/liblog ( 2326): 1
08-22 06:51:11.786 I/liblog ( 2326): 7
08-22 06:51:11.786 I/liblog ( 2326): 5
08-22 06:51:11.791 I/liblog ( 2326): 4
01-01 00:38:23.214 D/ ( 0): mv2112_read_status
01-01 00:38:23.218 D/mv2112_update_link( 0): 3.0x901(1G): 0x80
08-22 06:51:11.797 I/liblog ( 2326): 1
08-22 06:51:11.798 I/liblog ( 2326): 3
08-22 06:51:11.798 I/liblog ( 2326): 8
08-22 06:51:11.798 I/liblog ( 2326): 6
08-22 06:51:11.801 I/liblog ( 2326): 3
08-22 06:51:11.802 I/liblog ( 2326): 1
08-22 06:51:11.805 I/liblog ( 2326): 6
08-22 06:51:11.805 I/liblog ( 2326): 5
08-22 06:51:11.807 I/liblog ( 2326): 2
08-22 06:51:11.807 I/dvm_lock_sample( 2326): [com.thundercomm.remotecontrolser,0,Thread-337430,39,Throwable.java,665,void java.lang.Throwable.printStackTrace(java.lang.Throwable$PrintStreamOrWriter),,0,null,7]
08-22 06:51:11.807 I/liblog ( 2326): 1
08-22 06:51:11.809 I/liblog ( 2326): 1
01-01 00:38:23.227 D/mv2112_update_link( 0): 3.0x8109(100M): 0x0
08-22 06:51:11.809 I/liblog ( 2326): 5
08-22 06:51:11.809 I/liblog ( 2326): 6
08-22 06:51:11.812 I/liblog ( 2326): 3
08-22 06:51:11.813 I/liblog ( 2326): 5
08-22 06:51:11.813 I/liblog ( 2326): 5
08-22 06:51:11.814 I/liblog ( 2326): 6
08-22 06:51:11.814 I/liblog ( 2326): 6
01-01 00:38:23.232 D/mv2112_update_link( 0): link 0x0
08-22 06:51:11.814 I/liblog ( 2326): 3
08-22 06:51:11.815 I/liblog ( 2326): 7
08-22 06:51:11.815 I/liblog ( 2326): 4
08-22 06:51:11.815 I/liblog ( 2326): 3
08-22 06:51:11.815 I/liblog ( 2326): 5
08-22 06:51:11.816 I/liblog ( 2326): 8
08-22 06:51:11.816 I/liblog ( 2326): 4
08-22 06:51:11.817 I/liblog ( 2326): 9
08-22 06:51:11.817 I/liblog ( 2326): 8
08-22 06:51:11.817 I/liblog ( 2326): 6
08-22 06:51:11.818 I/liblog ( 2326): 5
08-22 06:51:11.818 I/liblog ( 2326): 6
08-22 06:51:11.818 I/liblog ( 2326): 8
08-22 06:51:11.819 I/liblog ( 2326): 4
08-22 06:51:11.819 I/liblog ( 2326): 4
08-22 06:51:11.819 I/liblog ( 2326): 1
08-22 06:51:11.820 I/liblog ( 2326): 7
08-22 06:51:11.820 I/liblog ( 2326): 5
08-22 06:51:11.821 I/liblog ( 2326): 4
08-22 06:51:11.821 I/liblog ( 2326): 1
08-22 06:51:11.821 I/liblog ( 2326): 10
08-22 06:51:11.821 I/liblog ( 2326): 6
08-22 06:51:11.822 I/liblog ( 2326): 10
08-22 06:51:11.822 I/liblog ( 2326): 6
08-22 06:51:11.823 I/liblog ( 2326): 4
08-22 06:51:11.823 I/liblog ( 2326): 6
01-01 00:38:23.237 D/mv2112_read_status( 0): autoneg is disabled
08-22 06:51:11.823 I/liblog ( 2326): 6
08-22 06:51:11.823 I/liblog ( 2326): 5
08-22 06:51:11.824 I/liblog ( 2326): 7
08-22 06:51:11.825 I/liblog ( 2326): 6
08-22 06:51:11.826 I/liblog ( 2326): 5
08-22 06:51:11.827 I/liblog ( 2326): 7
08-22 06:51:11.827 I/liblog ( 2326): 1
08-22 06:51:11.827 I/liblog ( 2326): 9
08-22 06:51:11.828 I/liblog ( 2326): 7
08-22 06:51:11.828 I/liblog ( 2326): 1
08-22 06:51:11.829 I/liblog ( 2326): 8
08-22 06:51:11.829 I/liblog ( 2326): 6
08-22 06:51:11.829 I/liblog ( 2326): 3
08-22 06:51:11.830 I/liblog ( 2326): 7
08-22 06:51:11.830 I/liblog ( 2326): 8
08-22 06:51:11.831 I/liblog ( 2326): 15
08-22 06:51:11.831 I/liblog ( 2326): 1
08-22 06:51:11.832 I/liblog ( 2326): 6
08-22 06:51:11.832 I/liblog ( 2326): 4
08-22 06:51:11.832 I/liblog ( 2326): 6
08-22 06:51:11.833 I/liblog ( 2326): 5
08-22 06:51:11.833 I/liblog ( 2326): 6
08-22 06:51:11.834 I/liblog ( 2326): 6
08-22 06:51:11.834 I/liblog ( 2326): 1
08-22 06:51:11.834 I/liblog ( 2326): 7
08-22 06:51:11.845 I/liblog ( 2326): 95
08-22 06:51:11.848 I/liblog ( 2326): 27
08-22 06:51:11.850 I/liblog ( 2326): 7
08-22 06:51:11.852 I/liblog ( 2326): 1
08-22 06:51:11.852 I/liblog ( 2326): 4
08-22 06:51:11.853 I/liblog ( 2326): 2
08-22 06:51:11.853 I/liblog ( 2326): 3
08-22 06:51:11.853 I/liblog ( 2326): 7
08-22 06:51:11.854 I/liblog ( 2326): 6
08-22 06:51:11.854 I/liblog ( 2326): 1
08-22 06:51:11.854 I/liblog ( 2326): 8
08-22 06:51:11.855 I/liblog ( 2326): 8
08-22 06:51:11.856 I/liblog ( 2326): 9
08-22 06:51:11.857 I/liblog ( 2326): 6
08-22 06:51:11.858 I/liblog ( 2326): 3
08-22 06:51:11.858 I/liblog ( 2326): 5
08-22 06:51:11.860 I/liblog ( 2326): 5
08-22 06:51:11.860 I/liblog ( 2326): 9
08-22 06:51:11.861 I/liblog ( 2326): 3
08-22 06:51:11.861 I/liblog ( 2326): 2
08-22 06:51:11.861 I/liblog ( 2326): 3
08-22 06:51:11.862 I/liblog ( 2326): 4
08-22 06:51:11.862 I/liblog ( 2326): 4
08-22 06:51:11.863 I/liblog ( 2326): 2
08-22 06:51:11.863 I/liblog ( 2326): 6
08-22 06:51:11.863 I/liblog ( 2326): 6
08-22 06:51:11.872 I/liblog ( 2326): 5
08-22 06:51:11.879 I/liblog ( 2326): 5
08-22 06:51:11.879 I/liblog ( 2326): 1
08-22 06:51:11.880 I/liblog ( 2326): 5
08-22 06:51:11.881 I/liblog ( 2326): 9
08-22 06:51:11.882 I/liblog ( 2326): 2
08-22 06:51:11.882 I/liblog ( 2326): 7
08-22 06:51:11.883 I/liblog ( 2326): 6
08-22 06:51:11.884 I/liblog ( 2326): 3
08-22 06:51:11.884 I/liblog ( 2326): 5
08-22 06:51:11.885 I/liblog ( 2326): 5
08-22 06:51:11.885 I/liblog ( 2326): 4
08-22 06:51:11.885 I/liblog ( 2326): 7
08-22 06:51:11.887 I/liblog ( 2326): 6
08-22 06:51:11.887 I/liblog ( 2326): 6
08-22 06:51:11.888 I/liblog ( 2326): 6
08-22 06:51:11.888 I/liblog ( 2326): 5
08-22 06:51:11.888 I/liblog ( 2326): 7
08-22 06:51:11.893 I/liblog ( 2326): 5
08-22 06:51:11.895 I/liblog ( 2326): 2
08-22 06:51:11.895 I/liblog ( 2326): 6
08-22 06:51:11.895 I/liblog ( 2326): 5
08-22 06:51:11.904 I/liblog ( 2326): 3
08-22 06:51:11.950 I/liblog ( 2326): 3
08-22 06:51:11.952 I/liblog ( 2326): 3
08-22 06:51:11.952 I/liblog ( 2326): 7
08-22 06:51:11.953 I/liblog ( 2326): 4
08-22 06:51:11.953 I/liblog ( 2326): 3
08-22 06:51:11.953 I/liblog ( 2326): 3
08-22 06:51:11.954 I/liblog ( 2326): 4
08-22 06:51:11.954 I/liblog ( 2326): 3
08-22 06:51:11.955 I/liblog ( 2326): 3
08-22 06:51:11.955 I/liblog ( 2326): 3
08-22 06:51:11.956 I/liblog ( 2326): 6
08-22 06:51:11.956 I/liblog ( 2326): 6
08-22 06:51:11.957 I/liblog ( 2326): 5
08-22 06:51:11.957 I/liblog ( 2326): 6
08-22 06:51:11.960 I/liblog ( 2326): 5
08-22 06:51:11.960 I/liblog ( 2326): 3
08-22 06:51:11.962 I/liblog ( 2326): 6
08-22 06:51:11.963 I/liblog ( 2326): 6
08-22 06:51:11.965 I/liblog ( 2326): 6
08-22 06:51:11.966 I/liblog ( 2326): 5
08-22 06:51:11.968 I/liblog ( 2326): 2
08-22 06:51:11.969 I/liblog ( 2326): 5
08-22 06:51:11.971 I/liblog ( 2326): 6
08-22 06:51:11.972 I/liblog ( 2326): 4
08-22 06:51:11.978 I/liblog ( 2326): 6
08-22 06:51:11.982 I/liblog ( 2326): 1
08-22 06:51:11.983 I/liblog ( 2326): 2
08-22 06:51:11.984 I/liblog ( 2326): 1
08-22 06:51:11.984 I/liblog ( 2326): 7
08-22 06:51:11.985 I/liblog ( 2326): 5
08-22 06:51:11.987 I/liblog ( 2326): 1
08-22 06:51:11.992 I/liblog ( 2326): 5
08-22 06:51:11.994 I/liblog ( 2326): 6
08-22 06:51:11.995 I/liblog ( 2326): 7
08-22 06:51:11.995 I/liblog ( 2326): 6
08-22 06:51:11.996 I/liblog ( 2326): 1
08-22 06:51:11.996 I/liblog ( 2326): 4
08-22 06:51:11.997 I/liblog ( 2326): 7
08-22 06:51:11.998 I/liblog ( 2326): 3
08-22 06:51:11.999 I/liblog ( 2326): 2
08-22 06:51:11.999 I/liblog ( 2326): 3
08-22 06:51:12.000 I/liblog ( 2326): 1
08-22 06:51:12.001 I/liblog ( 2326): 2
08-22 06:51:12.002 I/liblog ( 2326): 3
08-22 06:51:12.003 I/liblog ( 2326): 6
08-22 06:51:12.003 I/liblog ( 2326): 6
08-22 06:51:12.003 I/liblog ( 2326): 4
08-22 06:51:12.004 I/liblog ( 2326): 7
08-22 06:51:12.010 I/liblog ( 2326): 6
01-01 00:38:23.421 W/logd ( 0): Skipping entries from slow reader, pid 32067, fd 15, from LogBuffer::Prune()
08-22 06:51:12.024 I/liblog ( 2326): 3
08-22 06:51:12.026 I/liblog ( 2326): 2
08-22 06:51:12.027 I/liblog ( 2326): 1
08-22 06:51:12.027 I/liblog ( 2326): 9
08-22 06:51:12.028 I/liblog ( 2326): 3
08-22 06:51:12.029 I/liblog ( 2326): 15
08-22 06:51:12.030 I/liblog ( 2326): 3
08-22 06:51:12.030 I/liblog ( 2326): 6
08-22 06:51:12.031 I/liblog ( 2326): 6
08-22 06:51:12.031 I/liblog ( 2326): 4
08-22 06:51:12.031 I/liblog ( 2326): 7
08-22 06:51:12.032 I/liblog ( 2326): 6
08-22 06:51:12.032 I/liblog ( 2326): 3
08-22 06:51:12.033 I/liblog ( 2326): 6
08-22 06:51:12.033 I/liblog ( 2326): 3
08-22 06:51:12.034 I/liblog ( 2326): 2
08-22 06:51:12.035 I/liblog ( 2326): 10
08-22 06:51:12.035 I/liblog ( 2326): 6
08-22 06:51:12.037 I/liblog ( 2326): 11
08-22 06:51:12.037 I/liblog ( 2326): 3
08-22 06:51:12.037 I/liblog ( 2326): 2
08-22 06:51:12.038 I/liblog ( 2326): 2
08-22 06:51:12.038 I/liblog ( 2326): 4
08-22 06:51:12.039 I/liblog ( 2326): 3
08-22 06:51:12.039 I/liblog ( 2326): 3
08-22 06:51:12.045 I/liblog ( 2326): 3
08-22 06:51:12.059 I/liblog ( 2326): 3
08-22 06:51:12.060 I/liblog ( 2326): 6
08-22 06:51:12.060 I/liblog ( 2326): 2
08-22 06:51:12.060 I/liblog ( 2326): 6
08-22 06:51:12.062 I/liblog ( 2326): 6
08-22 06:51:12.064 I/liblog ( 2326): 10
08-22 06:51:12.064 I/liblog ( 2326): 6
08-22 06:51:12.069 I/liblog ( 2326): 4
08-22 06:51:12.075 I/liblog ( 2326): 9
08-22 06:51:12.114 I/liblog ( 2326): 72
08-22 06:51:12.115 I/liblog ( 2326): 3
08-22 06:51:12.115 I/liblog ( 2326): 7
08-22 06:51:12.115 I/liblog ( 2326): 2
08-22 06:51:12.116 I/liblog ( 2326): 2
08-22 06:51:12.117 I/liblog ( 2326): 15
08-22 06:51:12.117 I/liblog ( 2326): 1
08-22 06:51:12.118 I/liblog ( 2326): 3
08-22 06:51:12.118 I/liblog ( 2326): 7
08-22 06:51:12.119 I/liblog ( 2326): 8
08-22 06:51:12.119 I/liblog ( 2326): 9
08-22 06:51:12.120 I/liblog ( 2326): 5
08-22 06:51:12.120 I/liblog ( 2326): 6
08-22 06:51:12.121 I/liblog ( 2326): 6
08-22 06:51:12.121 I/liblog ( 2326): 5
08-22 06:51:12.121 I/liblog ( 2326): 6
08-22 06:51:12.122 I/liblog ( 2326): 10
08-22 06:51:12.122 I/liblog ( 2326): 1
08-22 06:51:12.123 I/liblog ( 2326): 2
08-22 06:51:12.123 I/liblog ( 2326): 3
08-22 06:51:12.123 I/liblog ( 2326): 3
08-22 06:51:12.124 I/liblog ( 2326): 2
08-22 06:51:12.124 I/liblog ( 2326): 2
08-22 06:51:12.124 I/liblog ( 2326): 4
08-22 06:51:12.125 I/liblog ( 2326): 3
08-22 06:51:12.125 I/liblog ( 2326): 7
08-22 06:51:12.125 I/liblog ( 2326): 7
08-22 06:51:12.126 I/liblog ( 2326): 1
08-22 06:51:12.126 I/liblog ( 2326): 5
08-22 06:51:12.127 I/liblog ( 2326): 5
08-22 06:51:12.127 I/liblog ( 2326): 4
08-22 06:51:12.127 I/liblog ( 2326): 2
08-22 06:51:12.128 I/liblog ( 2326): 8
08-22 06:51:12.128 I/liblog ( 2326): 6
08-22 06:51:12.128 I/liblog ( 2326): 3
08-22 06:51:12.128 I/liblog ( 2326): 6
08-22 06:51:12.129 I/liblog ( 2326): 7
08-22 06:51:12.129 I/liblog ( 2326): 5
08-22 06:51:12.130 I/liblog ( 2326): 8
08-22 06:51:12.130 I/liblog ( 2326): 7
08-22 06:51:12.130 I/liblog ( 2326): 1
08-22 06:51:12.131 I/liblog ( 2326): 4
08-22 06:51:12.131 I/liblog ( 2326): 3
08-22 06:51:12.131 I/liblog ( 2326): 3
08-22 06:51:12.131 I/liblog ( 2326): 2
08-22 06:51:12.132 I/liblog ( 2326): 2
08-22 06:51:12.132 I/liblog ( 2326): 3
08-22 06:51:12.133 I/liblog ( 2326): 2
08-22 06:51:12.133 I/liblog ( 2326): 3
08-22 06:51:12.133 I/liblog ( 2326): 3
08-22 06:51:12.134 I/liblog ( 2326): 5
08-22 06:51:12.134 I/liblog ( 2326): 2
08-22 06:51:12.135 I/liblog ( 2326): 3
08-22 06:51:12.135 I/liblog ( 2326): 3
08-22 06:51:12.136 I/liblog ( 2326): 3
08-22 06:51:12.136 I/liblog ( 2326): 3
08-22 06:51:12.136 I/liblog ( 2326): 2
08-22 06:51:12.139 I/liblog ( 2326): 1
08-22 06:51:12.139 I/dvm_lock_sample( 2326): [com.thundercomm.remotecontrolser,0,Thread-337551,24,Throwable.java,665,void java.lang.Throwable.printStackTrace(java.lang.Throwable$PrintStreamOrWriter),,0,null,4]
08-22 06:51:12.141 I/liblog ( 2326): 1
08-22 06:51:12.141 I/liblog ( 2326): 4
08-22 06:51:12.143 I/liblog ( 2326): 2
08-22 06:51:12.143 I/dvm_lock_sample( 2326): [com.thundercomm.remotecontrolser,0,Thread-337525,28,Throwable.java,665,void java.lang.Throwable.printStackTrace(java.lang.Throwable$PrintStreamOrWriter),,0,null,5]
08-22 06:51:12.143 I/liblog ( 2326): 1
08-22 06:51:12.143 I/liblog ( 2326): 7
08-22 06:51:12.144 I/liblog ( 2326): 6
08-22 06:51:12.144 I/liblog ( 2326): 3
08-22 06:51:12.144 I/liblog ( 2326): 7
08-22 06:51:12.145 I/liblog ( 2326): 6
08-22 06:51:12.145 I/liblog ( 2326): 3
08-22 06:51:12.145 I/liblog ( 2326): 2
08-22 06:51:12.146 I/liblog ( 2326): 6
08-22 06:51:12.146 I/liblog ( 2326): 4
08-22 06:51:12.147 I/liblog ( 2326): 4
08-22 06:51:12.147 I/liblog ( 2326): 9
08-22 06:51:12.148 I/liblog ( 2326): 6
08-22 06:51:12.149 I/liblog ( 2326): 1
08-22 06:51:12.149 I/liblog ( 2326): 7
08-22 06:51:12.149 I/liblog ( 2326): 5
08-22 06:51:12.149 I/liblog ( 2326): 4
08-22 06:51:12.150 I/liblog ( 2326): 8
08-22 06:51:12.150 I/liblog ( 2326): 5
08-22 06:51:12.151 I/liblog ( 2326): 3
08-22 06:51:12.151 I/liblog ( 2326): 1
08-22 06:51:12.152 I/liblog ( 2326): 5
08-22 06:51:12.152 I/liblog ( 2326): 3
08-22 06:51:12.152 I/liblog ( 2326): 2
08-22 06:51:12.153 I/liblog ( 2326): 3
08-22 06:51:12.153 I/liblog ( 2326): 2
08-22 06:51:12.153 I/liblog ( 2326): 7
08-22 06:51:12.154 I/liblog ( 2326): 7
08-22 06:51:12.154 I/liblog ( 2326): 4
08-22 06:51:12.155 I/liblog ( 2326): 4
08-22 06:51:12.155 I/liblog ( 2326): 3
08-22 06:51:12.155 I/liblog ( 2326): 2
08-22 06:51:12.156 I/liblog ( 2326): 4
08-22 06:51:12.156 I/liblog ( 2326): 2
08-22 06:51:12.157 I/liblog ( 2326): 9
08-22 06:51:12.158 I/liblog ( 2326): 6
08-22 06:51:12.159 I/liblog ( 2326): 7
08-22 06:51:12.159 I/liblog ( 2326): 2
08-22 06:51:12.159 I/liblog ( 2326): 4
08-22 06:51:12.160 I/liblog ( 2326): 6
08-22 06:51:12.160 I/liblog ( 2326): 5
08-22 06:51:12.161 I/liblog ( 2326): 6
08-22 06:51:12.161 I/liblog ( 2326): 1
08-22 06:51:12.161 I/liblog ( 2326): 9
08-22 06:51:12.162 I/liblog ( 2326): 6
08-22 06:51:12.162 I/liblog ( 2326): 5
08-22 06:51:12.162 I/liblog ( 2326): 6
08-22 06:51:12.163 I/liblog ( 2326): 6
08-22 06:51:12.163 I/liblog ( 2326): 2
08-22 06:51:12.163 I/liblog ( 2326): 8
08-22 06:51:12.164 I/liblog ( 2326): 7
08-22 06:51:12.164 I/liblog ( 2326): 10
08-22 06:51:12.165 I/liblog ( 2326): 6
08-22 06:51:12.165 I/liblog ( 2326): 4
08-22 06:51:12.166 I/liblog ( 2326): 8
08-22 06:51:12.166 I/liblog ( 2326): 5
08-22 06:51:12.166 I/liblog ( 2326): 3
08-22 06:51:12.166 I/liblog ( 2326): 7
08-22 06:51:12.167 I/liblog ( 2326): 6
08-22 06:51:12.179 I/liblog ( 2326): 1
08-22 06:51:12.210 I/liblog ( 2326): 5
08-22 06:51:12.211 I/liblog ( 2326): 5
08-22 06:51:12.211 I/liblog ( 2326): 1
08-22 06:51:12.212 I/liblog ( 2326): 3
08-22 06:51:12.212 I/liblog ( 2326): 1
08-22 06:51:12.212 I/liblog ( 2326): 4
08-22 06:51:12.213 I/liblog ( 2326): 2
08-22 06:51:12.213 I/liblog ( 2326): 4
08-22 06:51:12.213 I/liblog ( 2326): 2
08-22 06:51:12.214 I/liblog ( 2326): 7
08-22 06:51:12.214 I/liblog ( 2326): 4
08-22 06:51:12.215 I/liblog ( 2326): 2
08-22 06:51:12.215 I/liblog ( 2326): 3
08-22 06:51:12.216 I/liblog ( 2326): 1
08-22 06:51:12.216 I/liblog ( 2326): 3
08-22 06:51:12.216 I/liblog ( 2326): 4
08-22 06:51:12.217 I/liblog ( 2326): 2
08-22 06:51:12.217 I/liblog ( 2326): 6
08-22 06:51:12.218 I/liblog ( 2326): 10
08-22 06:51:12.218 I/liblog ( 2326): 1
08-22 06:51:12.219 I/liblog ( 2326): 2
08-22 06:51:12.219 I/liblog ( 2326): 3
08-22 06:51:12.219 I/liblog ( 2326): 10
08-22 06:51:12.220 I/liblog ( 2326): 6
08-22 06:51:12.220 I/liblog ( 2326): 8
08-22 06:51:12.221 I/liblog ( 2326): 7
08-22 06:51:12.221 I/liblog ( 2326): 2
08-22 06:51:12.221 I/liblog ( 2326): 1
08-22 06:51:12.222 I/liblog ( 2326): 2
08-22 06:51:12.222 I/liblog ( 2326): 4
08-22 06:51:12.222 I/liblog ( 2326): 3
08-22 06:51:12.223 I/liblog ( 2326): 2
08-22 06:51:12.223 I/liblog ( 2326): 3
08-22 06:51:12.223 I/liblog ( 2326): 2
08-22 06:51:12.224 I/liblog ( 2326): 1
08-22 06:51:12.224 I/liblog ( 2326): 3
08-22 06:51:12.224 I/liblog ( 2326): 3
08-22 06:51:12.225 I/liblog ( 2326): 4
08-22 06:51:12.225 I/liblog ( 2326): 2
08-22 06:51:12.225 I/liblog ( 2326): 3
08-22 06:51:12.226 I/liblog ( 2326): 2
08-22 06:51:12.226 I/liblog ( 2326): 2
08-22 06:51:12.226 I/liblog ( 2326): 6
08-22 06:51:12.227 I/liblog ( 2326): 4
08-22 06:51:12.227 I/liblog ( 2326): 4
08-22 06:51:12.228 I/liblog ( 2326): 8
08-22 06:51:12.228 I/liblog ( 2326): 6
08-22 06:51:12.228 I/liblog ( 2326): 3
08-22 06:51:12.229 I/liblog ( 2326): 6
08-22 06:51:12.229 I/liblog ( 2326): 7
08-22 06:51:12.229 I/liblog ( 2326): 3
08-22 06:51:12.230 I/liblog ( 2326): 7
08-22 06:51:12.230 I/liblog ( 2326): 5
08-22 06:51:12.231 I/liblog ( 2326): 17
08-22 06:51:12.231 I/liblog ( 2326): 2
08-22 06:51:12.232 I/liblog ( 2326): 2
08-22 06:51:12.232 I/liblog ( 2326): 4
08-22 06:51:12.233 I/liblog ( 2326): 4
08-22 06:51:12.233 I/liblog ( 2326): 2
08-22 06:51:12.233 I/liblog ( 2326): 3
08-22 06:51:12.234 I/liblog ( 2326): 1
08-22 06:51:12.234 I/liblog ( 2326): 1
08-22 06:51:12.234 I/liblog ( 2326): 4
08-22 06:51:12.235 I/liblog ( 2326): 3
08-22 06:51:12.235 I/liblog ( 2326): 2
08-22 06:51:12.235 I/liblog ( 2326): 3
08-22 06:51:12.236 I/liblog ( 2326): 2
08-22 06:51:12.236 I/liblog ( 2326): 8
08-22 06:51:12.237 I/liblog ( 2326): 8
08-22 06:51:12.237 I/liblog ( 2326): 8
08-22 06:51:12.238 I/liblog ( 2326): 7
08-22 06:51:12.238 I/liblog ( 2326): 3
08-22 06:51:12.239 I/liblog ( 2326): 13
08-22 06:51:12.239 I/liblog ( 2326): 2
08-22 06:51:12.239 I/liblog ( 2326): 2
08-22 06:51:12.240 I/liblog ( 2326): 7
08-22 06:51:12.240 I/liblog ( 2326): 5
08-22 06:51:12.241 I/liblog ( 2326): 1
08-22 06:51:12.241 I/liblog ( 2326): 6
08-22 06:51:12.242 I/liblog ( 2326): 10
08-22 06:51:12.243 I/liblog ( 2326): 6
08-22 06:51:12.243 I/liblog ( 2326): 5
08-22 06:51:12.243 I/liblog ( 2326): 4
08-22 06:51:12.244 I/liblog ( 2326): 6
08-22 06:51:12.244 I/liblog ( 2326): 5
08-22 06:51:12.245 I/liblog ( 2326): 5
08-22 06:51:12.250 I/liblog ( 2326): 1
08-22 06:51:12.250 I/dvm_lock_sample( 2326): [com.thundercomm.remotecontrolser,0,Thread-337583,42,Throwable.java,665,void java.lang.Throwable.printStackTrace(java.lang.Throwable$PrintStreamOrWriter),,0,null,8]
08-22 06:51:12.251 I/liblog ( 2326): 1
08-22 06:51:12.252 I/liblog ( 2326): 12
08-22 06:51:12.253 I/liblog ( 2326): 4
08-22 06:51:12.253 I/liblog ( 2326): 7
08-22 06:51:12.253 I/liblog ( 2326): 6
08-22 06:51:12.253 I/liblog ( 2326): 3
08-22 06:51:12.254 I/liblog ( 2326): 3
08-22 06:51:12.254 I/liblog ( 2326): 7
08-22 06:51:12.254 I/liblog ( 2326): 3
08-22 06:51:12.255 I/liblog ( 2326): 4
08-22 06:51:12.255 I/liblog ( 2326): 6
08-22 06:51:12.255 I/liblog ( 2326): 5
08-22 06:51:12.256 I/liblog ( 2326): 6
08-22 06:51:12.256 I/liblog ( 2326): 7
08-22 06:51:12.257 I/liblog ( 2326): 4
08-22 06:51:12.257 I/liblog ( 2326): 6
08-22 06:51:12.257 I/liblog ( 2326): 6
08-22 06:51:12.258 I/liblog ( 2326): 7
08-22 06:51:12.258 I/liblog ( 2326): 4
08-22 06:51:12.258 I/liblog ( 2326): 3
08-22 06:51:12.259 I/liblog ( 2326): 6
08-22 06:51:12.259 I/liblog ( 2326): 8
08-22 06:51:12.260 I/liblog ( 2326): 5
08-22 06:51:12.260 I/liblog ( 2326): 5
08-22 06:51:12.260 I/liblog ( 2326): 6
08-22 06:51:12.261 I/liblog ( 2326): 1
08-22 06:51:12.261 I/liblog ( 2326): 4
08-22 06:51:12.261 I/liblog ( 2326): 4
08-22 06:51:12.262 I/liblog ( 2326): 3
08-22 06:51:12.263 I/liblog ( 2326): 5
08-22 06:51:12.263 I/liblog ( 2326): 4
08-22 06:51:12.263 I/liblog ( 2326): 6
08-22 06:51:12.267 I/liblog ( 2326): 5
08-22 06:51:12.268 I/liblog ( 2326): 3
08-22 06:51:12.269 I/liblog ( 2326): 5
08-22 06:51:12.269 I/liblog ( 2326): 5
08-22 06:51:12.269 I/liblog ( 2326): 4
08-22 06:51:12.270 I/liblog ( 2326): 4
08-22 06:51:12.270 I/liblog ( 2326): 2
08-22 06:51:12.270 I/liblog ( 2326): 3
08-22 06:51:12.271 I/liblog ( 2326): 11
08-22 06:51:12.272 I/liblog ( 2326): 1
08-22 06:51:12.273 I/liblog ( 2326): 4
08-22 06:51:12.273 I/liblog ( 2326): 4
08-22 06:51:12.277 I/liblog ( 2326): 1
08-22 06:51:12.277 I/liblog ( 2326): 4
08-22 06:51:12.278 I/liblog ( 2326): 3
08-22 06:51:12.278 I/liblog ( 2326): 5
08-22 06:51:12.278 I/liblog ( 2326): 1
08-22 06:51:12.279 I/liblog ( 2326): 3
08-22 06:51:12.279 I/liblog ( 2326): 5
08-22 06:51:12.279 I/liblog ( 2326): 5
08-22 06:51:12.280 I/liblog ( 2326): 4
08-22 06:51:12.280 I/liblog ( 2326): 5
08-22 06:51:12.280 I/liblog ( 2326): 6
08-22 06:51:12.281 I/liblog ( 2326): 5
08-22 06:51:12.281 I/liblog ( 2326): 1
08-22 06:51:12.281 I/liblog ( 2326): 6
08-22 06:51:12.283 I/liblog ( 2326): 9
08-22 06:51:12.286 I/liblog ( 2326): 10
08-22 06:51:12.286 I/liblog ( 2326): 1
08-22 06:51:12.292 I/liblog ( 2326): 10
08-22 06:51:12.303 I/liblog ( 2326): 2
08-22 06:51:12.305 I/liblog ( 2326): 2
08-22 06:51:12.305 I/liblog ( 2326): 1
08-22 06:51:12.306 I/liblog ( 2326): 4
08-22 06:51:12.306 I/liblog ( 2326): 3
08-22 06:51:12.307 I/liblog ( 2326): 4
08-22 06:51:12.307 I/liblog ( 2326): 2
08-22 06:51:12.307 I/liblog ( 2326): 3
08-22 06:51:12.308 I/liblog ( 2326): 4
08-22 06:51:12.308 I/liblog ( 2326): 3
08-22 06:51:12.317 I/liblog ( 2326): 3
08-22 06:51:12.342 I/liblog ( 2326): 1
08-22 06:51:12.344 I/liblog ( 2326): 1
08-22 06:51:12.345 I/liblog ( 2326): 3
08-22 06:51:12.347 I/liblog ( 2326): 4
08-22 06:51:12.347 I/liblog ( 2326): 6
08-22 06:51:12.349 I/liblog ( 2326): 10
08-22 06:51:12.350 I/liblog ( 2326): 7
08-22 06:51:12.350 I/liblog ( 2326): 6
08-22 06:51:12.350 I/liblog ( 2326): 3
08-22 06:51:12.351 I/liblog ( 2326): 9
08-22 06:51:12.351 I/liblog ( 2326): 5
08-22 06:51:12.352 I/liblog ( 2326): 4
08-22 06:51:12.352 I/liblog ( 2326): 11
08-22 06:51:12.353 I/liblog ( 2326): 4
08-22 06:51:12.354 I/liblog ( 2326): 5
08-22 06:51:12.361 I/liblog ( 2326): 2
01-01 00:38:23.776 I/IRQ 5 ( 0): no longer affine to CPU6
08-22 06:51:12.408 I/liblog ( 2326): 1
08-22 06:51:12.408 I/liblog ( 2326): 7
08-22 06:51:12.409 I/liblog ( 2326): 6
08-22 06:51:12.409 I/liblog ( 2326): 3
08-22 06:51:12.410 I/liblog ( 2326): 6
08-22 06:51:12.410 I/liblog ( 2326): 5
08-22 06:51:12.410 I/liblog ( 2326): 1
08-22 06:51:12.410 I/liblog ( 2326): 4
08-22 06:51:12.411 I/liblog ( 2326): 5
08-22 06:51:12.411 I/liblog ( 2326): 6
08-22 06:51:12.412 I/liblog ( 2326): 8
08-22 06:51:12.412 I/liblog ( 2326): 4
08-22 06:51:12.415 I/liblog ( 2326): 4
08-22 06:51:12.415 I/dvm_lock_sample( 2326): [com.thundercomm.remotecontrolser,0,Thread-337674,26,Throwable.java,665,void java.lang.Throwable.printStackTrace(java.lang.Throwable$PrintStreamOrWriter),,0,null,5]
08-22 06:51:12.421 I/liblog ( 2326): 3
08-22 06:51:12.423 I/liblog ( 2326): 1
08-22 06:51:12.423 I/liblog ( 2326): 6
08-22 06:51:12.424 I/liblog ( 2326): 3
08-22 06:51:12.424 I/liblog ( 2326): 7
08-22 06:51:12.426 I/liblog ( 2326): 6
08-22 06:51:12.426 I/liblog ( 2326): 2
08-22 06:51:12.427 I/liblog ( 2326): 15
08-22 06:51:12.427 I/liblog ( 2326): 5
08-22 06:51:12.428 I/liblog ( 2326): 5
08-22 06:51:12.435 I/liblog ( 2326): 6
08-22 06:51:12.435 I/dvm_lock_sample( 2326): [com.thundercomm.remotecontrolser,0,Thread-337683,32,Throwable.java,665,void java.lang.Throwable.printStackTrace(java.lang.Throwable$PrintStreamOrWriter),,0,null,6]
08-22 06:51:12.437 I/liblog ( 2326): 1
08-22 06:51:12.437 I/liblog ( 2326): 5
08-22 06:51:12.438 I/liblog ( 2326): 2
08-22 06:51:12.438 I/liblog ( 2326): 11
08-22 06:51:12.439 I/liblog ( 2326): 5
08-22 06:51:12.439 I/liblog ( 2326): 1
08-22 06:51:12.439 I/liblog ( 2326): 7
08-22 06:51:12.441 I/liblog ( 2326): 8
08-22 06:51:12.441 I/liblog ( 2326): 4
08-22 06:51:12.442 I/liblog ( 2326): 7
08-22 06:51:12.442 I/liblog ( 2326): 5
08-22 06:51:12.443 I/liblog ( 2326): 1
08-22 06:51:12.443 I/liblog ( 2326): 2
08-22 06:51:12.443 I/liblog ( 2326): 6
08-22 06:51:12.443 I/liblog ( 2326): 4
08-22 06:51:12.444 I/liblog ( 2326): 5
08-22 06:51:12.444 I/liblog ( 2326): 5
08-22 06:51:12.444 I/liblog ( 2326): 5
08-22 06:51:12.445 I/liblog ( 2326): 6
08-22 06:51:12.445 I/liblog ( 2326): 1
08-22 06:51:12.445 I/liblog ( 2326): 6
08-22 06:51:12.446 I/liblog ( 2326): 4
08-22 06:51:12.446 I/liblog ( 2326): 14
08-22 06:51:12.447 I/liblog ( 2326): 10
08-22 06:51:12.447 I/liblog ( 2326): 5
08-22 06:51:12.448 I/liblog ( 2326): 7
08-22 06:51:12.452 I/liblog ( 2326): 4
08-22 06:51:12.452 I/dvm_lock_sample( 2326): [com.thundercomm.remotecontrolser,0,Thread-337668,40,Throwable.java,665,void java.lang.Throwable.printStackTrace(java.lang.Throwable$PrintStreamOrWriter),,0,null,8]
08-22 06:51:12.453 I/liblog ( 2326): 4
08-22 06:51:12.454 I/liblog ( 2326): 10
08-22 06:51:12.454 I/liblog ( 2326): 6
08-22 06:51:12.456 I/liblog ( 2326): 24
08-22 06:51:12.456 I/liblog ( 2326): 6
08-22 06:51:12.456 I/liblog ( 2326): 4
08-22 06:51:12.457 I/liblog ( 2326): 15
08-22 06:51:12.458 I/liblog ( 2326): 3
08-22 06:51:12.458 I/liblog ( 2326): 5
08-22 06:51:12.458 I/liblog ( 2326): 4
08-22 06:51:12.459 I/liblog ( 2326): 5
08-22 06:51:12.460 I/liblog ( 2326): 4
08-22 06:51:12.460 I/liblog ( 2326): 6
08-22 06:51:12.462 I/liblog ( 2326): 2
08-22 06:51:12.463 I/liblog ( 2326): 14
08-22 06:51:12.463 I/liblog ( 2326): 4
08-22 06:51:12.464 I/liblog ( 2326): 7
08-22 06:51:12.464 I/liblog ( 2326): 5
08-22 06:51:12.464 I/liblog ( 2326): 2
08-22 06:51:12.465 I/liblog ( 2326): 6
08-22 06:51:12.465 I/liblog ( 2326): 9
08-22 06:51:12.466 I/liblog ( 2326): 15
08-22 06:51:12.467 I/liblog ( 2326): 4
08-22 06:51:12.467 I/liblog ( 2326): 7
08-22 06:51:12.467 I/liblog ( 2326): 6
08-22 06:51:12.468 I/liblog ( 2326): 5
08-22 06:51:12.468 I/liblog ( 2326): 6
08-22 06:51:12.468 I/liblog ( 2326): 6
08-22 06:51:12.469 I/liblog ( 2326): 2
08-22 06:51:12.469 I/liblog ( 2326): 8
08-22 06:51:12.470 I/liblog ( 2326): 2
08-22 06:51:12.470 I/liblog ( 2326): 1
08-22 06:51:12.471 I/liblog ( 2326): 13
08-22 06:51:12.471 I/liblog ( 2326): 6
08-22 06:51:12.472 I/liblog ( 2326): 9
08-22 06:51:12.472 I/liblog ( 2326): 6
08-22 06:51:12.473 I/liblog ( 2326): 1
08-22 06:51:12.473 I/liblog ( 2326): 1
08-22 06:51:12.473 I/liblog ( 2326): 3
08-22 06:51:12.474 I/liblog ( 2326): 11
08-22 06:51:12.474 I/liblog ( 2326): 6
08-22 06:51:12.475 I/liblog ( 2326): 11
08-22 06:51:12.475 I/liblog ( 2326): 5
08-22 06:51:12.476 I/liblog ( 2326): 5
08-22 06:51:12.476 I/liblog ( 2326): 6
08-22 06:51:12.476 I/liblog ( 2326): 3
08-22 06:51:12.477 I/liblog ( 2326): 7
08-22 06:51:12.477 I/liblog ( 2326): 4
08-22 06:51:12.478 I/liblog ( 2326): 3
08-22 06:51:12.479 I/liblog ( 2326): 6
08-22 06:51:12.479 I/liblog ( 2326): 8
08-22 06:51:12.480 I/liblog ( 2326): 9
08-22 06:51:12.480 I/liblog ( 2326): 10
08-22 06:51:12.481 I/liblog ( 2326): 6
08-22 06:51:12.481 I/liblog ( 2326): 7
08-22 06:51:12.481 I/liblog ( 2326): 1
08-22 06:51:12.482 I/liblog ( 2326): 8
08-22 06:51:12.483 I/liblog ( 2326): 3
08-22 06:51:12.483 I/liblog ( 2326): 3
08-22 06:51:12.483 I/liblog ( 2326): 1
08-22 06:51:12.483 I/liblog ( 2326): 5
08-22 06:51:12.484 I/liblog ( 2326): 7
08-22 06:51:12.484 I/liblog ( 2326): 4
08-22 06:51:12.485 I/liblog ( 2326): 6
08-22 06:51:12.485 I/liblog ( 2326): 5
08-22 06:51:12.485 I/liblog ( 2326): 6
08-22 06:51:12.486 I/liblog ( 2326): 2
08-22 06:51:12.486 I/liblog ( 2326): 8
08-22 06:51:12.487 I/liblog ( 2326): 12
08-22 06:51:12.487 I/liblog ( 2326): 6
08-22 06:51:12.488 I/liblog ( 2326): 4
08-22 06:51:12.488 I/liblog ( 2326): 3
08-22 06:51:12.488 I/liblog ( 2326): 3
08-22 06:51:12.489 I/liblog ( 2326): 4
08-22 06:51:12.489 I/liblog ( 2326): 2
08-22 06:51:12.490 I/liblog ( 2326): 5
08-22 06:51:12.490 I/liblog ( 2326): 3
08-22 06:51:12.491 I/liblog ( 2326): 4
08-22 06:51:12.491 I/liblog ( 2326): 2
08-22 06:51:12.491 I/liblog ( 2326): 3
08-22 06:51:12.492 I/liblog ( 2326): 3
08-22 06:51:12.492 I/liblog ( 2326): 7
08-22 06:51:12.493 I/liblog ( 2326): 6
08-22 06:51:12.493 I/liblog ( 2326): 3
08-22 06:51:12.493 I/liblog ( 2326): 5
08-22 06:51:12.494 I/liblog ( 2326): 6
08-22 06:51:12.494 I/liblog ( 2326): 6
08-22 06:51:12.494 I/liblog ( 2326): 4
08-22 06:51:12.495 I/liblog ( 2326): 7
08-22 06:51:12.496 I/liblog ( 2326): 6
08-22 06:51:12.496 I/liblog ( 2326): 2
08-22 06:51:12.497 I/liblog ( 2326): 11
08-22 06:51:12.497 I/liblog ( 2326): 1
08-22 06:51:12.498 I/liblog ( 2326): 1
08-22 06:51:12.498 I/liblog ( 2326): 3
08-22 06:51:12.498 I/liblog ( 2326): 3
08-22 06:51:12.499 I/liblog ( 2326): 3
08-22 06:51:12.499 I/liblog ( 2326): 2
08-22 06:51:12.500 I/liblog ( 2326): 3
08-22 06:51:12.500 I/liblog ( 2326): 3
08-22 06:51:12.501 I/liblog ( 2326): 13
08-22 06:51:12.501 I/liblog ( 2326): 4
08-22 06:51:12.501 I/liblog ( 2326): 6
08-22 06:51:12.511 I/liblog ( 2326): 6
08-22 06:51:12.511 I/dvm_lock_sample( 2326): [com.thundercomm.remotecontrolser,0,Thread-337689,14,Throwable.java,665,void java.lang.Throwable.printStackTrace(java.lang.Throwable$PrintStreamOrWriter),,0,null,2]
01-01 00:38:23.937 I/IRQ 5 ( 0): no longer affine to CPU4
08-22 06:51:12.515 I/liblog ( 2326): 1
08-22 06:51:12.515 I/liblog ( 2326): 3
08-22 06:51:12.516 I/liblog ( 2326): 3
08-22 06:51:12.516 I/liblog ( 2326): 2
08-22 06:51:12.516 I/liblog ( 2326): 3
08-22 06:51:12.517 I/liblog ( 2326): 4
08-22 06:51:12.517 I/liblog ( 2326): 7
08-22 06:51:12.517 I/liblog ( 2326): 7
08-22 06:51:12.517 I/liblog ( 2326): 2
08-22 06:51:12.518 I/liblog ( 2326): 6
08-22 06:51:12.518 I/liblog ( 2326): 9
08-22 06:51:12.521 I/liblog ( 2326): 6
08-22 06:51:12.524 I/liblog ( 2326): 1
08-22 06:51:12.525 I/liblog ( 2326): 5
08-22 06:51:12.525 I/liblog ( 2326): 3
08-22 06:51:12.526 I/liblog ( 2326): 3
08-22 06:51:12.526 I/liblog ( 2326): 3
08-22 06:51:12.527 I/liblog ( 2326): 7
08-22 06:51:12.527 I/liblog ( 2326): 6
08-22 06:51:12.527 I/liblog ( 2326): 5
08-22 06:51:12.527 I/liblog ( 2326): 6
08-22 06:51:12.528 I/liblog ( 2326): 7
08-22 06:51:12.529 I/liblog ( 2326): 16
08-22 06:51:12.529 I/liblog ( 2326): 1
08-22 06:51:12.530 I/liblog ( 2326): 3
08-22 06:51:12.530 I/liblog ( 2326): 3
08-22 06:51:12.531 I/liblog ( 2326): 4
08-22 06:51:12.531 I/liblog ( 2326): 1
08-22 06:51:12.531 I/liblog ( 2326): 4
08-22 06:51:12.531 I/liblog ( 2326): 1
08-22 06:51:12.532 I/liblog ( 2326): 3
08-22 06:51:12.532 I/liblog ( 2326): 8
08-22 06:51:12.533 I/liblog ( 2326): 6
08-22 06:51:12.533 I/liblog ( 2326): 6
08-22 06:51:12.534 I/liblog ( 2326): 1
08-22 06:51:12.534 I/liblog ( 2326): 2
08-22 06:51:12.535 I/liblog ( 2326): 4
08-22 06:51:12.535 I/liblog ( 2326): 1
08-22 06:51:12.536 I/liblog ( 2326): 3
08-22 06:51:12.536 I/liblog ( 2326): 7
08-22 06:51:12.537 I/liblog ( 2326): 6
08-22 06:51:12.537 I/liblog ( 2326): 7
08-22 06:51:12.537 I/liblog ( 2326): 6
08-22 06:51:12.538 I/liblog ( 2326): 3
08-22 06:51:12.538 I/liblog ( 2326): 1
08-22 06:51:12.538 I/liblog ( 2326): 2
08-22 06:51:12.538 I/liblog ( 2326): 2
08-22 06:51:12.539 I/liblog ( 2326): 3
08-22 06:51:12.539 I/liblog ( 2326): 3
08-22 06:51:12.539 I/liblog ( 2326): 2
08-22 06:51:12.540 I/liblog ( 2326): 4
08-22 06:51:12.541 I/liblog ( 2326): 2
08-22 06:51:12.542 I/liblog ( 2326): 6
08-22 06:51:12.542 I/liblog ( 2326): 2
08-22 06:51:12.543 I/liblog ( 2326): 1
08-22 06:51:12.543 I/liblog ( 2326): 6
08-22 06:51:12.543 I/liblog ( 2326): 10
08-22 06:51:12.544 I/liblog ( 2326): 2
08-22 06:51:12.544 I/liblog ( 2326): 5
08-22 06:51:12.544 I/liblog ( 2326): 4
08-22 06:51:12.545 I/liblog ( 2326): 15
08-22 06:51:12.546 I/liblog ( 2326): 6
08-22 06:51:12.547 I/liblog ( 2326): 6
08-22 06:51:12.547 I/liblog ( 2326): 6
08-22 06:51:12.547 I/liblog ( 2326): 3
08-22 06:51:12.559 I/liblog ( 2326): 200
08-22 06:51:12.560 I/liblog ( 2326): 3
08-22 06:51:12.561 I/liblog ( 2326): 3
08-22 06:51:12.561 I/liblog ( 2326): 4
08-22 06:51:12.561 I/liblog ( 2326): 2
08-22 06:51:12.562 I/liblog ( 2326): 4
08-22 06:51:12.562 I/liblog ( 2326): 4
08-22 06:51:12.563 I/liblog ( 2326): 7
08-22 06:51:12.563 I/liblog ( 2326): 6
08-22 06:51:12.564 I/liblog ( 2326): 6
08-22 06:51:12.566 I/liblog ( 2326): 9
08-22 06:51:12.566 I/dvm_lock_sample( 2326): [com.thundercomm.remotecontrolser,0,Thread-337743,27,Throwable.java,665,void java.lang.Throwable.printStackTrace(java.lang.Throwable$PrintStreamOrWriter),,0,null,5]
08-22 06:51:12.566 I/liblog ( 2326): 10
08-22 06:51:12.567 I/liblog ( 2326): 4
08-22 06:51:12.567 I/liblog ( 2326): 3
08-22 06:51:12.567 I/liblog ( 2326): 7
08-22 06:51:12.568 I/liblog ( 2326): 8
08-22 06:51:12.569 I/liblog ( 2326): 11
08-22 06:51:12.569 I/liblog ( 2326): 6
08-22 06:51:12.569 I/liblog ( 2326): 2
08-22 06:51:12.570 I/liblog ( 2326): 14
08-22 06:51:12.571 I/liblog ( 2326): 1
08-22 06:51:12.572 I/liblog ( 2326): 6
08-22 06:51:12.572 I/liblog ( 2326): 3
08-22 06:51:12.578 I/liblog ( 2326): 3
08-22 06:51:12.581 I/liblog ( 2326): 3
08-22 06:51:12.590 I/liblog ( 2326): 6
08-22 06:51:12.604 I/liblog ( 2326): 71
08-22 06:51:12.605 I/liblog ( 2326): 1
08-22 06:51:12.606 I/liblog ( 2326): 5
08-22 06:51:12.606 I/liblog ( 2326): 4
08-22 06:51:12.606 I/liblog ( 2326): 3
08-22 06:51:12.608 I/liblog ( 2326): 3
08-22 06:51:12.609 I/liblog ( 2326): 1
08-22 06:51:12.609 I/liblog ( 2326): 7
08-22 06:51:12.617 I/liblog ( 2326): 4
08-22 06:51:12.621 I/liblog ( 2326): 1
08-22 06:51:12.621 I/liblog ( 2326): 6
08-22 06:51:12.622 I/liblog ( 2326): 3
08-22 06:51:12.622 I/liblog ( 2326): 8
08-22 06:51:12.627 I/liblog ( 2326): 8
08-22 06:51:12.629 I/liblog ( 2326): 11
08-22 06:51:12.629 I/liblog ( 2326): 7
08-22 06:51:12.629 I/liblog ( 2326): 2
08-22 06:51:12.630 I/liblog ( 2326): 2
08-22 06:51:12.630 I/liblog ( 2326): 3
08-22 06:51:12.630 I/liblog ( 2326): 2
08-22 06:51:12.631 I/liblog ( 2326): 3
08-22 06:51:12.632 I/liblog ( 2326): 5
08-22 06:51:12.632 I/liblog ( 2326): 1
08-22 06:51:12.632 I/liblog ( 2326): 2
08-22 06:51:12.633 I/liblog ( 2326): 10
08-22 06:51:12.634 I/liblog ( 2326): 3
08-22 06:51:12.635 I/liblog ( 2326): 9
08-22 06:51:12.635 I/liblog ( 2326): 4
08-22 06:51:12.636 I/liblog ( 2326): 3
08-22 06:51:12.636 I/liblog ( 2326): 6
08-22 06:51:12.637 I/liblog ( 2326): 7
08-22 06:51:12.638 I/liblog ( 2326): 4
08-22 06:51:12.639 I/liblog ( 2326): 2
08-22 06:51:12.640 I/liblog ( 2326): 9
08-22 06:51:12.640 I/liblog ( 2326): 1
08-22 06:51:12.641 I/liblog ( 2326): 5
08-22 06:51:12.641 I/liblog ( 2326): 3
08-22 06:51:12.642 I/liblog ( 2326): 4
08-22 06:51:12.643 I/liblog ( 2326): 3
08-22 06:51:12.643 I/liblog ( 2326): 7
08-22 06:51:12.645 I/liblog ( 2326): 7
08-22 06:51:12.645 I/liblog ( 2326): 8
08-22 06:51:12.646 I/liblog ( 2326): 6
08-22 06:51:12.646 I/liblog ( 2326): 2
08-22 06:51:12.647 I/liblog ( 2326): 7
08-22 06:51:12.648 I/liblog ( 2326): 6
08-22 06:51:12.648 I/liblog ( 2326): 3
08-22 06:51:12.648 I/liblog ( 2326): 7
08-22 06:51:12.649 I/liblog ( 2326): 6
08-22 06:51:12.657 I/liblog ( 2326): 14
08-22 06:51:12.708 I/liblog ( 2326): 2
08-22 06:51:12.709 I/liblog ( 2326): 3
08-22 06:51:12.709 I/liblog ( 2326): 5
08-22 06:51:12.710 I/liblog ( 2326): 10
08-22 06:51:12.710 I/liblog ( 2326): 2
08-22 06:51:12.710 I/liblog ( 2326): 3
08-22 06:51:12.710 I/liblog ( 2326): 3
08-22 06:51:12.711 I/liblog ( 2326): 3
08-22 06:51:12.711 I/liblog ( 2326): 2
08-22 06:51:12.711 I/liblog ( 2326): 4
08-22 06:51:12.712 I/liblog ( 2326): 4
08-22 06:51:12.712 I/liblog ( 2326): 8
08-22 06:51:12.713 I/liblog ( 2326): 6
08-22 06:51:12.713 I/liblog ( 2326): 3
08-22 06:51:12.713 I/liblog ( 2326): 2
08-22 06:51:12.714 I/liblog ( 2326): 7
08-22 06:51:12.720 I/liblog ( 2326): 2
08-22 06:51:12.731 I/liblog ( 2326): 2
08-22 06:51:12.736 I/liblog ( 2326): 2
08-22 06:51:12.739 I/liblog ( 2326): 2
08-22 06:51:12.739 I/liblog ( 2326): 5
08-22 06:51:12.740 I/liblog ( 2326): 3
08-22 06:51:12.740 I/liblog ( 2326): 1
08-22 06:51:12.741 I/liblog ( 2326): 3
08-22 06:51:12.741 I/liblog ( 2326): 5
08-22 06:51:12.746 I/liblog ( 2326): 5
08-22 06:51:12.749 I/liblog ( 2326): 2
08-22 06:51:12.756 I/liblog ( 2326): 10
08-22 06:51:12.810 I/liblog ( 2326): 1
08-22 06:51:12.811 I/liblog ( 2326): 5
08-22 06:51:12.811 I/liblog ( 2326): 5
08-22 06:51:12.814 I/liblog ( 2326): 6
08-22 06:51:12.815 I/liblog ( 2326): 3
08-22 06:51:12.817 I/liblog ( 2326): 6
08-22 06:51:12.818 I/liblog ( 2326): 4
08-22 06:51:12.821 I/liblog ( 2326): 5
08-22 06:51:12.822 I/liblog ( 2326): 3
08-22 06:51:12.825 I/liblog ( 2326): 4
08-22 06:51:12.825 I/liblog ( 2326): 2
08-22 06:51:12.831 I/liblog ( 2326): 5
01-01 00:38:24.268 D/ ( 0): mv2112_read_status
08-22 06:51:12.881 I/liblog ( 2326): 4
01-01 00:38:24.272 D/mv2112_update_link( 0): 3.0x901(1G): 0x80
01-01 00:38:24.278 D/mv2112_update_link( 0): 3.0x8109(100M): 0x0
01-01 00:38:24.283 D/mv2112_update_link( 0): link 0x0
01-01 00:38:24.289 D/mv2112_read_status( 0): autoneg is disabled
08-22 06:51:12.881 I/liblog ( 2326): 7
08-22 06:51:12.882 I/liblog ( 2326): 6
08-22 06:51:12.882 I/liblog ( 2326): 6
08-22 06:51:12.883 I/liblog ( 2326): 15
08-22 06:51:12.884 I/liblog ( 2326): 5
08-22 06:51:12.885 I/liblog ( 2326): 5
08-22 06:51:12.886 I/liblog ( 2326): 11
08-22 06:51:12.886 I/liblog ( 2326): 3
08-22 06:51:12.887 I/liblog ( 2326): 8
08-22 06:51:12.888 I/liblog ( 2326): 7
08-22 06:51:12.888 I/liblog ( 2326): 2
08-22 06:51:12.891 I/liblog ( 2326): 2
08-22 06:51:12.891 I/liblog ( 2326): 4
08-22 06:51:12.891 I/liblog ( 2326): 1
08-22 06:51:12.892 I/liblog ( 2326): 4
08-22 06:51:12.892 I/liblog ( 2326): 7
08-22 06:51:12.892 I/liblog ( 2326): 2
08-22 06:51:12.893 I/liblog ( 2326): 5
08-22 06:51:12.893 I/liblog ( 2326): 9
08-22 06:51:12.894 I/liblog ( 2326): 7
08-22 06:51:12.894 I/liblog ( 2326): 5
08-22 06:51:12.894 I/liblog ( 2326): 5
08-22 06:51:12.894 I/liblog ( 2326): 6
08-22 06:51:12.895 I/liblog ( 2326): 2
08-22 06:51:12.895 I/liblog ( 2326): 5
08-22 06:51:12.896 I/liblog ( 2326): 4
08-22 06:51:12.896 I/liblog ( 2326): 3
08-22 06:51:12.966 I/liblog ( 2326): 4
08-22 06:51:12.968 I/liblog ( 2326): 7
08-22 06:51:12.968 I/liblog ( 2326): 9
08-22 06:51:12.969 I/liblog ( 2326): 7
08-22 06:51:12.969 I/liblog ( 2326): 10
08-22 06:51:12.970 I/liblog ( 2326): 7
08-22 06:51:12.970 I/liblog ( 2326): 10
08-22 06:51:12.971 I/liblog ( 2326): 6
08-22 06:51:12.975 I/liblog ( 2326): 6
08-22 06:51:12.976 I/liblog ( 2326): 5
08-22 06:51:12.977 I/liblog ( 2326): 7
08-22 06:51:12.977 I/liblog ( 2326): 6
08-22 06:51:12.977 I/liblog ( 2326): 1
08-22 06:51:12.978 I/liblog ( 2326): 7
08-22 06:51:12.978 I/liblog ( 2326): 3
08-22 06:51:12.984 I/liblog ( 2326): 6
08-22 06:51:12.992 I/liblog ( 2326): 1
08-22 06:51:12.993 I/liblog ( 2326): 2
08-22 06:51:12.993 I/liblog ( 2326): 1
08-22 06:51:12.994 I/liblog ( 2326): 18
08-22 06:51:12.994 I/liblog ( 2326): 7
08-22 06:51:12.995 I/liblog ( 2326): 6
08-22 06:51:12.995 I/liblog ( 2326): 7
08-22 06:51:12.995 I/liblog ( 2326): 3
08-22 06:51:12.996 I/liblog ( 2326): 4
08-22 06:51:12.996 I/liblog ( 2326): 9
08-22 06:51:12.998 I/liblog ( 2326): 4
08-22 06:51:12.999 I/liblog ( 2326): 6
08-22 06:51:12.999 I/liblog ( 2326): 6
08-22 06:51:13.000 I/liblog ( 2326): 11
08-22 06:51:13.000 I/liblog ( 2326): 5
08-22 06:51:13.000 I/liblog ( 2326): 6
08-22 06:51:13.001 I/liblog ( 2326): 6
08-22 06:51:13.001 I/liblog ( 2326): 4
08-22 06:51:13.001 I/liblog ( 2326): 2
08-22 06:51:13.002 I/liblog ( 2326): 7
08-22 06:51:13.002 I/liblog ( 2326): 2
08-22 06:51:13.003 I/liblog ( 2326): 5
08-22 06:51:13.004 I/liblog ( 2326): 4
08-22 06:51:13.004 I/liblog ( 2326): 7
08-22 06:51:13.005 I/liblog ( 2326): 2
08-22 06:51:13.005 I/liblog ( 2326): 3
08-22 06:51:13.005 I/liblog ( 2326): 7
08-22 06:51:13.006 I/liblog ( 2326): 9
08-22 06:51:13.006 I/liblog ( 2326): 8
08-22 06:51:13.007 I/liblog ( 2326): 9
08-22 06:51:13.007 I/liblog ( 2326): 6
08-22 06:51:13.007 I/liblog ( 2326): 4
08-22 06:51:13.008 I/liblog ( 2326): 6
08-22 06:51:13.009 I/liblog ( 2326): 13
08-22 06:51:13.009 I/liblog ( 2326): 4
08-22 06:51:13.010 I/liblog ( 2326): 6
08-22 06:51:13.010 I/liblog ( 2326): 7
08-22 06:51:13.014 I/liblog ( 2326): 2
08-22 06:51:13.016 I/liblog ( 2326): 3
08-22 06:51:13.017 I/liblog ( 2326): 6
08-22 06:51:13.017 I/liblog ( 2326): 3
08-22 06:51:13.017 I/liblog ( 2326): 3
08-22 06:51:13.018 I/liblog ( 2326): 4
08-22 06:51:13.018 I/liblog ( 2326): 3
08-22 06:51:13.019 I/liblog ( 2326): 4
08-22 06:51:13.019 I/liblog ( 2326): 3
08-22 06:51:13.020 I/liblog ( 2326): 2
08-22 06:51:13.021 I/liblog ( 2326): 2
08-22 06:51:13.021 I/liblog ( 2326): 1
08-22 06:51:13.021 I/liblog ( 2326): 2
08-22 06:51:13.022 I/liblog ( 2326): 4
08-22 06:51:13.022 I/liblog ( 2326): 4
08-22 06:51:13.023 I/liblog ( 2326): 4
08-22 06:51:13.023 I/liblog ( 2326): 2
08-22 06:51:13.023 I/liblog ( 2326): 1
08-22 06:51:13.024 I/liblog ( 2326): 11
08-22 06:51:13.024 I/liblog ( 2326): 10
08-22 06:51:13.025 I/liblog ( 2326): 6
08-22 06:51:13.025 I/liblog ( 2326): 5
08-22 06:51:13.026 I/liblog ( 2326): 3
08-22 06:51:13.026 I/liblog ( 2326): 7
08-22 06:51:13.026 I/liblog ( 2326): 6
08-22 06:51:13.027 I/liblog ( 2326): 7
08-22 06:51:13.027 I/liblog ( 2326): 8
08-22 06:51:13.027 I/liblog ( 2326): 4
08-22 06:51:13.028 I/liblog ( 2326): 9
08-22 06:51:13.029 I/liblog ( 2326): 6
08-22 06:51:13.031 I/liblog ( 2326): 14
08-22 06:51:13.031 I/liblog ( 2326): 2
