08-22 06:51:24.687 I/dvm_lock_sample( 2326): [com.thundercomm.remotecontrolser,0,Thread-341809,860,Throwable.java,665,void java.lang.Throwable.printStackTrace(java.lang.Throwable$PrintStreamOrWriter),,0,null,100]
08-22 06:51:24.692 I/dvm_lock_sample( 2326): [com.thundercomm.remotecontrolser,0,Thread-341810,868,Throwable.java,665,void java.lang.Throwable.printStackTrace(java.lang.Throwable$PrintStreamOrWriter),,0,null,100]
08-22 06:51:24.696 I/dvm_lock_sample( 2326): [com.thundercomm.remotecontrolser,0,Thread-341811,865,Throwable.java,665,void java.lang.Throwable.printStackTrace(java.lang.Throwable$PrintStreamOrWriter),,0,null,100]
08-22 06:51:24.706 I/dvm_lock_sample( 2326): [com.thundercomm.remotecontrolser,0,Thread-341813,861,Throwable.java,665,void java.lang.Throwable.printStackTrace(java.lang.Throwable$PrintStreamOrWriter),,0,null,100]
08-22 06:51:24.707 I/input_focus( 1160): [Focus request cfa8469 com.android.launcher3/com.android.launcher3.uioverrides.QuickstepLauncher,reason=UpdateInputWindows]
08-22 06:51:24.717 I/sysui_multi_action( 1160): [757,127,758,2]
08-22 06:51:24.717 I/notification_panel_hidden( 1160):
08-22 06:51:24.721 I/dvm_lock_sample( 2326): [com.thundercomm.remotecontrolser,0,Thread-341814,868,Throwable.java,665,void java.lang.Throwable.printStackTrace(java.lang.Throwable$PrintStreamOrWriter),,0,null,100]
08-22 06:51:24.728 I/liblog ( 2326): 3
08-22 06:51:24.729 I/liblog ( 2326): 13
08-22 06:51:24.729 I/liblog ( 2326): 9
08-22 06:51:24.730 I/liblog ( 2326): 5
08-22 06:51:24.730 I/input_focus( 1160): [Focus leaving 7b76b2f NotificationShade (server),reason=NOT_FOCUSABLE]
08-22 06:51:24.730 I/input_focus( 1160): [Focus entering cfa8469 com.android.launcher3/com.android.launcher3.uioverrides.QuickstepLauncher (server),reason=setFocusedWindow]
08-22 06:51:24.730 I/liblog ( 2326): 9
08-22 06:51:24.731 I/liblog ( 2326): 7
08-22 06:51:24.732 I/liblog ( 2326): 5
08-22 06:51:24.732 I/liblog ( 2326): 6
08-22 06:51:24.732 I/liblog ( 2326): 3
08-22 06:51:24.733 I/liblog ( 2326): 3
08-22 06:51:24.733 I/liblog ( 2326): 7
08-22 06:51:24.733 I/liblog ( 2326): 5
08-22 06:51:24.734 I/liblog ( 2326): 3
08-22 06:51:24.734 I/liblog ( 2326): 7
08-22 06:51:24.734 I/liblog ( 2326): 4
08-22 06:51:24.735 I/liblog ( 2326): 4
08-22 06:51:24.735 I/liblog ( 2326): 4
08-22 06:51:24.735 I/liblog ( 2326): 12
08-22 06:51:24.737 I/liblog ( 2326): 1
08-22 06:51:24.737 I/liblog ( 2326): 4
08-22 06:51:24.738 I/liblog ( 2326): 6
08-22 06:51:24.738 I/liblog ( 2326): 2
08-22 06:51:24.738 I/liblog ( 2326): 8
08-22 06:51:24.746 I/liblog ( 2326): 9
08-22 06:51:24.746 I/dvm_lock_sample( 2326): [com.thundercomm.remotecontrolser,0,Thread-341827,852,Throwable.java,665,void java.lang.Throwable.printStackTrace(java.lang.Throwable$PrintStreamOrWriter),,0,null,100]
01-01 00:38:36.172 W/logd ( 0): Skipping entries from slow reader, pid 32067, fd 15, from LogBuffer::Prune()
08-22 06:51:24.760 I/dvm_lock_sample( 2326): [com.thundercomm.remotecontrolser,0,Thread-341828,854,Throwable.java,665,void java.lang.Throwable.printStackTrace(java.lang.Throwable$PrintStreamOrWriter),,0,null,100]
08-22 06:51:24.771 I/liblog ( 2326): 88
08-22 06:51:24.771 I/dvm_lock_sample( 2326): [com.thundercomm.remotecontrolser,0,Thread-341835,823,Throwable.java,665,void java.lang.Throwable.printStackTrace(java.lang.Throwable$PrintStreamOrWriter),,0,null,100]
08-22 06:51:24.771 I/liblog ( 2326): 9
08-22 06:51:24.775 I/liblog ( 2326): 7
08-22 06:51:24.775 I/dvm_lock_sample( 2326): [com.thundercomm.remotecontrolser,0,Thread-341542,1761,Throwable.java,665,void java.lang.Throwable.printStackTrace(java.lang.Throwable$PrintStreamOrWriter),,0,null,100]
08-22 06:51:24.776 I/liblog ( 2326): 4
08-22 06:51:24.776 I/liblog ( 2326): 3
08-22 06:51:24.777 I/liblog ( 2326): 9
08-22 06:51:24.778 I/liblog ( 2326): 3
08-22 06:51:24.788 I/liblog ( 2326): 21
08-22 06:51:24.788 I/dvm_lock_sample( 2326): [com.thundercomm.remotecontrolser,0,Thread-341842,824,Throwable.java,665,void java.lang.Throwable.printStackTrace(java.lang.Throwable$PrintStreamOrWriter),,0,null,100]
08-22 06:51:24.788 I/liblog ( 2326): 2
08-22 06:51:24.788 I/liblog ( 2326): 7
08-22 06:51:24.789 I/liblog ( 2326): 6
08-22 06:51:24.789 I/liblog ( 2326): 6
08-22 06:51:24.790 I/liblog ( 2326): 4
08-22 06:51:24.790 I/liblog ( 2326): 6
08-22 06:51:24.791 I/liblog ( 2326): 7
08-22 06:51:24.791 I/liblog ( 2326): 6
08-22 06:51:24.795 I/liblog ( 2326): 3
08-22 06:51:24.795 I/dvm_lock_sample( 2326): [com.thundercomm.remotecontrolser,0,Thread-341841,824,Throwable.java,665,void java.lang.Throwable.printStackTrace(java.lang.Throwable$PrintStreamOrWriter),,0,null,100]
08-22 06:51:24.797 I/liblog ( 2326): 4
08-22 06:51:24.797 I/liblog ( 2326): 3
08-22 06:51:24.811 I/liblog ( 2326): 12
08-22 06:51:24.811 I/dvm_lock_sample( 2326): [com.thundercomm.remotecontrolser,0,Thread-341840,830,Throwable.java,665,void java.lang.Throwable.printStackTrace(java.lang.Throwable$PrintStreamOrWriter),,0,null,100]
08-22 06:51:24.815 I/liblog ( 2326): 1
08-22 06:51:24.816 I/liblog ( 2326): 6
08-22 06:51:24.816 I/dvm_lock_sample( 2326): [com.thundercomm.remotecontrolser,0,Thread-341850,842,Throwable.java,665,void java.lang.Throwable.printStackTrace(java.lang.Throwable$PrintStreamOrWriter),,0,null,100]
08-22 06:51:24.817 I/liblog ( 2326): 4
08-22 06:51:24.817 I/liblog ( 2326): 7
08-22 06:51:24.817 I/liblog ( 2326): 5
08-22 06:51:24.818 I/liblog ( 2326): 11
08-22 06:51:24.820 I/liblog ( 2326): 6
08-22 06:51:24.820 I/dvm_lock_sample( 2326): [com.thundercomm.remotecontrolser,0,Thread-341849,846,Throwable.java,665,void java.lang.Throwable.printStackTrace(java.lang.Throwable$PrintStreamOrWriter),,0,null,100]
08-22 06:51:24.821 I/liblog ( 2326): 4
08-22 06:51:24.822 I/liblog ( 2326): 8
08-22 06:51:24.822 I/dvm_lock_sample( 2326): [com.thundercomm.remotecontrolser,0,Thread-341851,845,Throwable.java,665,void java.lang.Throwable.printStackTrace(java.lang.Throwable$PrintStreamOrWriter),,0,null,100]
08-22 06:51:24.823 I/liblog ( 2326): 11
08-22 06:51:24.824 I/liblog ( 2326): 4
08-22 06:51:24.824 I/dvm_lock_sample( 2326): [com.thundercomm.remotecontrolser,0,Thread-341852,844,Throwable.java,665,void java.lang.Throwable.printStackTrace(java.lang.Throwable$PrintStreamOrWriter),,0,null,100]
08-22 06:51:24.824 I/liblog ( 2326): 1
08-22 06:51:24.824 I/liblog ( 2326): 6
08-22 06:51:24.825 I/liblog ( 2326): 4
08-22 06:51:24.825 I/liblog ( 2326): 6
08-22 06:51:24.826 I/liblog ( 2326): 8
08-22 06:51:24.826 I/liblog ( 2326): 3
08-22 06:51:24.826 I/liblog ( 2326): 5
08-22 06:51:24.827 I/liblog ( 2326): 8
08-22 06:51:24.827 I/liblog ( 2326): 8
08-22 06:51:24.833 I/liblog ( 2326): 1
08-22 06:51:24.840 I/liblog ( 2326): 5
08-22 06:51:24.840 I/liblog ( 2326): 6
08-22 06:51:24.855 I/liblog ( 2326): 3
08-22 06:51:24.855 I/dvm_lock_sample( 2326): [com.thundercomm.remotecontrolser,0,Thread-341563,1737,Throwable.java,665,void java.lang.Throwable.printStackTrace(java.lang.Throwable$PrintStreamOrWriter),,0,null,100]
08-22 06:51:24.868 I/dvm_lock_sample( 2326): [com.thundercomm.remotecontrolser,0,Thread-341859,861,Throwable.java,665,void java.lang.Throwable.printStackTrace(java.lang.Throwable$PrintStreamOrWriter),,0,null,100]
08-22 06:51:24.878 I/liblog ( 2326): 1
08-22 06:51:24.878 I/liblog ( 2326): 5
08-22 06:51:24.878 I/liblog ( 2326): 1
08-22 06:51:24.879 I/liblog ( 2326): 6
08-22 06:51:24.881 I/liblog ( 2326): 6
08-22 06:51:24.883 I/dvm_lock_sample( 2326): [com.thundercomm.remotecontrolser,0,Thread-341864,839,Throwable.java,665,void java.lang.Throwable.printStackTrace(java.lang.Throwable$PrintStreamOrWriter),,0,null,100]
08-22 06:51:24.887 I/liblog ( 2326): 4
08-22 06:51:24.888 I/liblog ( 2326): 10
08-22 06:51:24.889 I/liblog ( 2326): 8
08-22 06:51:24.890 I/liblog ( 2326): 6
08-22 06:51:24.890 I/dvm_lock_sample( 2326): [com.thundercomm.remotecontrolser,0,Thread-341867,819,Throwable.java,665,void java.lang.Throwable.printStackTrace(java.lang.Throwable$PrintStreamOrWriter),,0,null,100]
08-22 06:51:24.890 I/liblog ( 2326): 2
08-22 06:51:24.891 I/liblog ( 2326): 4
08-22 06:51:24.891 I/liblog ( 2326): 3
08-22 06:51:24.892 I/liblog ( 2326): 6
08-22 06:51:24.892 I/liblog ( 2326): 2
08-22 06:51:24.893 I/liblog ( 2326): 7
08-22 06:51:24.895 I/liblog ( 2326): 9
08-22 06:51:24.898 I/liblog ( 2326): 2
08-22 06:51:24.908 I/liblog ( 2326): 4
08-22 06:51:24.909 I/liblog ( 2326): 1
08-22 06:51:24.909 I/liblog ( 2326): 1
08-22 06:51:24.910 I/liblog ( 2326): 2
08-22 06:51:24.910 I/liblog ( 2326): 7
08-22 06:51:24.911 I/liblog ( 2326): 3
08-22 06:51:24.911 I/liblog ( 2326): 4
08-22 06:51:24.919 I/liblog ( 2326): 120
08-22 06:51:24.920 I/liblog ( 2326): 5
08-22 06:51:24.920 I/liblog ( 2326): 5
08-22 06:51:24.921 I/liblog ( 2326): 4
08-22 06:51:24.921 I/liblog ( 2326): 6
08-22 06:51:24.922 I/liblog ( 2326): 6
08-22 06:51:24.922 I/liblog ( 2326): 4
08-22 06:51:24.923 I/liblog ( 2326): 11
08-22 06:51:24.923 I/liblog ( 2326): 6
08-22 06:51:24.923 I/liblog ( 2326): 1
08-22 06:51:24.923 I/liblog ( 2326): 4
08-22 06:51:24.924 I/liblog ( 2326): 3
08-22 06:51:24.924 I/liblog ( 2326): 9
08-22 06:51:24.925 I/liblog ( 2326): 3
08-22 06:51:24.925 I/liblog ( 2326): 5
08-22 06:51:24.925 I/liblog ( 2326): 5
08-22 06:51:24.926 I/liblog ( 2326): 6
08-22 06:51:24.926 I/liblog ( 2326): 10
08-22 06:51:24.926 I/liblog ( 2326): 6
08-22 06:51:24.928 I/liblog ( 2326): 24
08-22 06:51:24.940 I/liblog ( 2326): 57
08-22 06:51:24.940 I/dvm_lock_sample( 2326): [com.thundercomm.remotecontrolser,0,Thread-341891,789,Throwable.java,665,void java.lang.Throwable.printStackTrace(java.lang.Throwable$PrintStreamOrWriter),,0,null,100]
08-22 06:51:24.951 I/liblog ( 2326): 1
08-22 06:51:24.951 I/dvm_lock_sample( 2326): [com.thundercomm.remotecontrolser,0,Thread-341888,795,Throwable.java,665,void java.lang.Throwable.printStackTrace(java.lang.Throwable$PrintStreamOrWriter),,0,null,100]
08-22 06:51:24.958 I/liblog ( 2326): 1
08-22 06:51:24.958 I/liblog ( 2326): 2
08-22 06:51:24.959 I/liblog ( 2326): 10
08-22 06:51:24.964 I/liblog ( 2326): 5
08-22 06:51:24.964 I/dvm_lock_sample( 2326): [com.thundercomm.remotecontrolser,0,Thread-341636,1651,Throwable.java,665,void java.lang.Throwable.printStackTrace(java.lang.Throwable$PrintStreamOrWriter),,0,null,100]
08-22 06:51:24.965 I/liblog ( 2326): 2
08-22 06:51:24.966 I/liblog ( 2326): 3
08-22 06:51:24.966 I/liblog ( 2326): 7
08-22 06:51:24.966 I/liblog ( 2326): 6
08-22 06:51:24.967 I/liblog ( 2326): 1
08-22 06:51:24.967 I/liblog ( 2326): 3
08-22 06:51:24.967 I/liblog ( 2326): 7
08-22 06:51:24.968 I/liblog ( 2326): 8
08-22 06:51:24.968 I/liblog ( 2326): 5
08-22 06:51:24.969 I/liblog ( 2326): 6
08-22 06:51:24.969 I/liblog ( 2326): 4
08-22 06:51:24.970 I/liblog ( 2326): 2
08-22 06:51:24.970 I/liblog ( 2326): 13
08-22 06:51:24.970 I/liblog ( 2326): 1
08-22 06:51:24.971 I/liblog ( 2326): 7
08-22 06:51:24.971 I/liblog ( 2326): 7
08-22 06:51:24.973 I/liblog ( 2326): 2
08-22 06:51:24.973 I/dvm_lock_sample( 2326): [com.thundercomm.remotecontrolser,0,Thread-341902,758,Throwable.java,665,void java.lang.Throwable.printStackTrace(java.lang.Throwable$PrintStreamOrWriter),,0,null,100]
08-22 06:51:24.974 I/liblog ( 2326): 3
08-22 06:51:24.974 I/liblog ( 2326): 6
08-22 06:51:24.974 I/liblog ( 2326): 3
08-22 06:51:24.975 I/liblog ( 2326): 4
08-22 06:51:24.975 I/liblog ( 2326): 7
08-22 06:51:24.980 I/liblog ( 2326): 6
08-22 06:51:24.980 I/dvm_lock_sample( 2326): [com.thundercomm.remotecontrolser,0,Thread-341930,749,Throwable.java,665,void java.lang.Throwable.printStackTrace(java.lang.Throwable$PrintStreamOrWriter),,0,null,100]
08-22 06:51:24.983 I/liblog ( 2326): 2
08-22 06:51:24.983 I/liblog ( 2326): 6
08-22 06:51:24.985 I/liblog ( 2326): 6
08-22 06:51:24.986 I/liblog ( 2326): 7
08-22 06:51:24.987 I/liblog ( 2326): 6
08-22 06:51:24.991 I/dvm_lock_sample( 2326): [com.thundercomm.remotecontrolser,0,Thread-341906,725,Throwable.java,665,void java.lang.Throwable.printStackTrace(java.lang.Throwable$PrintStreamOrWriter),,0,null,100]
08-22 06:51:25.009 I/liblog ( 2326): 1
08-22 06:51:25.009 I/dvm_lock_sample( 2326): [com.thundercomm.remotecontrolser,0,Thread-341933,725,Throwable.java,665,void java.lang.Throwable.printStackTrace(java.lang.Throwable$PrintStreamOrWriter),,0,null,100]
08-22 06:51:25.017 I/dvm_lock_sample( 2326): [com.thundercomm.remotecontrolser,0,Thread-341920,744,Throwable.java,665,void java.lang.Throwable.printStackTrace(java.lang.Throwable$PrintStreamOrWriter),,0,null,100]
08-22 06:51:25.021 I/liblog ( 2326): 1
08-22 06:51:25.021 I/liblog ( 2326): 5
08-22 06:51:25.021 I/liblog ( 2326): 6
08-22 06:51:25.022 I/liblog ( 2326): 5
08-22 06:51:25.025 I/liblog ( 2326): 6
08-22 06:51:25.025 I/dvm_lock_sample( 2326): [com.thundercomm.remotecontrolser,0,Thread-341922,742,Throwable.java,665,void java.lang.Throwable.printStackTrace(java.lang.Throwable$PrintStreamOrWriter),,0,null,100]
08-22 06:51:25.026 I/liblog ( 2326): 1
08-22 06:51:25.027 I/liblog ( 2326): 6
08-22 06:51:25.027 I/liblog ( 2326): 2
08-22 06:51:25.027 I/liblog ( 2326): 7
08-22 06:51:25.028 I/liblog ( 2326): 9
08-22 06:51:25.029 I/liblog ( 2326): 1
08-22 06:51:25.040 I/liblog ( 2326): 54
08-22 06:51:25.040 I/dvm_lock_sample( 2326): [com.thundercomm.remotecontrolser,0,Thread-341656,1649,Throwable.java,665,void java.lang.Throwable.printStackTrace(java.lang.Throwable$PrintStreamOrWriter),,0,null,100]
08-22 06:51:25.041 I/liblog ( 2326): 4
08-22 06:51:25.042 I/liblog ( 2326): 2
08-22 06:51:25.043 I/liblog ( 2326): 3
08-22 06:51:25.043 I/liblog ( 2326): 2
08-22 06:51:25.044 I/liblog ( 2326): 2
08-22 06:51:25.053 I/liblog ( 2326): 10
01-01 00:38:36.464 W/logd ( 0): Skipping entries from slow reader, pid 32067, fd 15, from LogBuffer::Prune()
08-22 06:51:25.057 I/dvm_lock_sample( 2326): [com.thundercomm.remotecontrolser,0,Thread-341937,767,Throwable.java,665,void java.lang.Throwable.printStackTrace(java.lang.Throwable$PrintStreamOrWriter),,0,null,100]
08-22 06:51:25.057 I/liblog ( 2326): 2
08-22 06:51:25.058 I/liblog ( 2326): 5
08-22 06:51:25.060 I/liblog ( 2326): 5
08-22 06:51:25.060 I/dvm_lock_sample( 2326): [com.thundercomm.remotecontrolser,0,Thread-341941,749,Throwable.java,665,void java.lang.Throwable.printStackTrace(java.lang.Throwable$PrintStreamOrWriter),,0,null,100]
08-22 06:51:25.061 I/liblog ( 2326): 4
08-22 06:51:25.062 I/liblog ( 2326): 6
08-22 06:51:25.062 I/dvm_lock_sample( 2326): [com.thundercomm.remotecontrolser,0,Thread-341675,1642,Throwable.java,665,void java.lang.Throwable.printStackTrace(java.lang.Throwable$PrintStreamOrWriter),,0,null,100]
08-22 06:51:25.063 I/liblog ( 2326): 8
08-22 06:51:25.063 I/liblog ( 2326): 7
08-22 06:51:25.063 I/liblog ( 2326): 1
08-22 06:51:25.063 I/dvm_lock_sample( 2326): [com.thundercomm.remotecontrolser,0,Thread-341926,737,Throwable.java,665,void java.lang.Throwable.printStackTrace(java.lang.Throwable$PrintStreamOrWriter),,0,null,100]
08-22 06:51:25.064 I/liblog ( 2326): 11
08-22 06:51:25.070 I/liblog ( 2326): 6
08-22 06:51:25.070 I/dvm_lock_sample( 2326): [com.thundercomm.remotecontrolser,0,Thread-341916,734,Throwable.java,665,void java.lang.Throwable.printStackTrace(java.lang.Throwable$PrintStreamOrWriter),,0,null,100]
08-22 06:51:25.072 I/liblog ( 2326): 4
08-22 06:51:25.072 I/liblog ( 2326): 1
08-22 06:51:25.073 I/liblog ( 2326): 7
08-22 06:51:25.074 I/liblog ( 2326): 2
08-22 06:51:25.074 I/liblog ( 2326): 7
08-22 06:51:25.074 I/liblog ( 2326): 7
08-22 06:51:25.075 I/liblog ( 2326): 3
08-22 06:51:25.075 I/liblog ( 2326): 8
08-22 06:51:25.076 I/liblog ( 2326): 7
08-22 06:51:25.076 I/liblog ( 2326): 6
08-22 06:51:25.077 I/liblog ( 2326): 3
08-22 06:51:25.077 I/liblog ( 2326): 4
08-22 06:51:25.077 I/liblog ( 2326): 2
08-22 06:51:25.077 I/liblog ( 2326): 1
08-22 06:51:25.078 I/liblog ( 2326): 3
08-22 06:51:25.078 I/liblog ( 2326): 4
08-22 06:51:25.079 I/liblog ( 2326): 2
08-22 06:51:25.079 I/liblog ( 2326): 4
08-22 06:51:25.079 I/liblog ( 2326): 2
08-22 06:51:25.080 I/liblog ( 2326): 6
08-22 06:51:25.080 I/liblog ( 2326): 7
08-22 06:51:25.081 I/liblog ( 2326): 3
08-22 06:51:25.081 I/liblog ( 2326): 3
08-22 06:51:25.081 I/liblog ( 2326): 3
08-22 06:51:25.082 I/liblog ( 2326): 8
08-22 06:51:25.082 I/liblog ( 2326): 2
08-22 06:51:25.083 I/liblog ( 2326): 4
08-22 06:51:25.083 I/liblog ( 2326): 7
08-22 06:51:25.084 I/liblog ( 2326): 6
08-22 06:51:25.084 I/liblog ( 2326): 4
08-22 06:51:25.085 I/liblog ( 2326): 4
08-22 06:51:25.086 I/liblog ( 2326): 6
08-22 06:51:25.086 I/dvm_lock_sample( 2326): [com.thundercomm.remotecontrolser,0,Thread-341982,738,Throwable.java,665,void java.lang.Throwable.printStackTrace(java.lang.Throwable$PrintStreamOrWriter),,0,null,100]
08-22 06:51:25.086 I/liblog ( 2326): 10
08-22 06:51:25.087 I/liblog ( 2326): 6
08-22 06:51:25.090 I/liblog ( 2326): 1
08-22 06:51:25.090 I/dvm_lock_sample( 2326): [com.thundercomm.remotecontrolser,0,Thread-341688,1633,Throwable.java,665,void java.lang.Throwable.printStackTrace(java.lang.Throwable$PrintStreamOrWriter),,0,null,100]
08-22 06:51:25.091 I/liblog ( 2326): 1
08-22 06:51:25.091 I/liblog ( 2326): 4
08-22 06:51:25.093 I/liblog ( 2326): 2
08-22 06:51:25.093 I/dvm_lock_sample( 2326): [com.thundercomm.remotecontrolser,0,Thread-341919,727,Throwable.java,665,void java.lang.Throwable.printStackTrace(java.lang.Throwable$PrintStreamOrWriter),,0,null,100]
08-22 06:51:25.093 I/liblog ( 2326): 3
08-22 06:51:25.094 I/liblog ( 2326): 5
08-22 06:51:25.096 I/liblog ( 2326): 5
08-22 06:51:25.097 I/liblog ( 2326): 1
08-22 06:51:25.098 I/liblog ( 2326): 6
08-22 06:51:25.098 I/liblog ( 2326): 9
08-22 06:51:25.099 I/liblog ( 2326): 5
08-22 06:51:25.099 I/liblog ( 2326): 2
08-22 06:51:25.099 I/liblog ( 2326): 3
08-22 06:51:25.100 I/liblog ( 2326): 4
08-22 06:51:25.100 I/liblog ( 2326): 4
08-22 06:51:25.100 I/liblog ( 2326): 2
08-22 06:51:25.101 I/liblog ( 2326): 3
08-22 06:51:25.101 I/liblog ( 2326): 6
08-22 06:51:25.102 I/liblog ( 2326): 5
08-22 06:51:25.102 I/liblog ( 2326): 6
08-22 06:51:25.102 I/liblog ( 2326): 4
08-22 06:51:25.103 I/liblog ( 2326): 3
08-22 06:51:25.103 I/liblog ( 2326): 3
08-22 06:51:25.104 I/liblog ( 2326): 5
08-22 06:51:25.104 I/liblog ( 2326): 3
08-22 06:51:25.104 I/liblog ( 2326): 5
08-22 06:51:25.105 I/liblog ( 2326): 3
08-22 06:51:25.105 I/liblog ( 2326): 5
08-22 06:51:25.105 I/liblog ( 2326): 1
08-22 06:51:25.106 I/liblog ( 2326): 6
08-22 06:51:25.106 I/liblog ( 2326): 5
08-22 06:51:25.106 I/liblog ( 2326): 5
08-22 06:51:25.107 I/liblog ( 2326): 3
08-22 06:51:25.107 I/liblog ( 2326): 8
08-22 06:51:25.107 I/liblog ( 2326): 6
08-22 06:51:25.108 I/liblog ( 2326): 2
08-22 06:51:25.108 I/liblog ( 2326): 5
08-22 06:51:25.120 I/liblog ( 2326): 10
08-22 06:51:25.120 I/dvm_lock_sample( 2326): [com.thundercomm.remotecontrolser,0,Thread-341956,731,Throwable.java,665,void java.lang.Throwable.printStackTrace(java.lang.Throwable$PrintStreamOrWriter),,0,null,100]
08-22 06:51:25.221 I/sysui_multi_action( 1935): [757,803,799,panel_open,802,1]
08-22 06:51:25.221 I/sysui_multi_action( 1935): [757,1328,758,4,1326,70,1327,2,1329,0]
08-22 06:51:25.228 I/dvm_lock_sample( 2326): [com.thundercomm.remotecontrolser,0,Thread-341705,1710,Throwable.java,665,void java.lang.Throwable.printStackTrace(java.lang.Throwable$PrintStreamOrWriter),,0,null,100]
08-22 06:51:25.231 I/liblog ( 2326): 3
08-22 06:51:25.231 I/liblog ( 2326): 8
08-22 06:51:25.232 I/liblog ( 2326): 7
08-22 06:51:25.238 I/liblog ( 2326): 17
08-22 06:51:25.238 I/dvm_lock_sample( 2326): [com.thundercomm.remotecontrolser,0,Thread-341964,821,Throwable.java,665,void java.lang.Throwable.printStackTrace(java.lang.Throwable$PrintStreamOrWriter),,0,null,100]
08-22 06:51:25.239 I/liblog ( 2326): 2
08-22 06:51:25.239 I/liblog ( 2326): 6
08-22 06:51:25.239 I/liblog ( 2326): 2
08-22 06:51:25.240 I/liblog ( 2326): 9
08-22 06:51:25.246 I/liblog ( 2326): 6
08-22 06:51:25.246 I/dvm_lock_sample( 2326): [com.thundercomm.remotecontrolser,0,Thread-341950,827,Throwable.java,665,void java.lang.Throwable.printStackTrace(java.lang.Throwable$PrintStreamOrWriter),,0,null,100]
08-22 06:51:25.247 I/liblog ( 2326): 7
08-22 06:51:25.247 I/liblog ( 2326): 6
08-22 06:51:25.248 I/liblog ( 2326): 7
08-22 06:51:25.261 I/liblog ( 2326): 3
08-22 06:51:25.261 I/dvm_lock_sample( 2326): [com.thundercomm.remotecontrolser,0,Thread-341968,821,Throwable.java,665,void java.lang.Throwable.printStackTrace(java.lang.Throwable$PrintStreamOrWriter),,0,null,100]
08-22 06:51:25.269 I/liblog ( 2326): 2
08-22 06:51:25.269 I/liblog ( 2326): 9
08-22 06:51:25.269 I/liblog ( 2326): 1
08-22 06:51:25.269 I/liblog ( 2326): 6
08-22 06:51:25.270 I/liblog ( 2326): 9
08-22 06:51:25.271 I/liblog ( 2326): 6
08-22 06:51:25.271 I/liblog ( 2326): 8
08-22 06:51:25.272 I/liblog ( 2326): 5
08-22 06:51:25.272 I/liblog ( 2326): 11
08-22 06:51:25.273 I/liblog ( 2326): 2
08-22 06:51:25.273 I/liblog ( 2326): 8
08-22 06:51:25.274 I/sysui_multi_action( 1160): [757,127,758,1]
08-22 06:51:25.274 I/sysui_multi_action( 1160): [757,804,799,note_load,801,3,802,1]
08-22 06:51:25.274 I/notification_panel_revealed( 1160): 3
08-22 06:51:25.276 I/liblog ( 2326): 9
08-22 06:51:25.276 I/dvm_lock_sample( 2326): [com.thundercomm.remotecontrolser,0,Thread-341957,835,Throwable.java,665,void java.lang.Throwable.printStackTrace(java.lang.Throwable$PrintStreamOrWriter),,0,null,100]
08-22 06:51:25.277 I/liblog ( 2326): 11
08-22 06:51:25.277 I/liblog ( 2326): 7
08-22 06:51:25.278 I/liblog ( 2326): 8
08-22 06:51:25.279 I/liblog ( 2326): 2
08-22 06:51:25.282 I/input_focus( 1160): [Focus request 7b76b2f NotificationShade,reason=UpdateInputWindows]
08-22 06:51:25.287 I/dvm_lock_sample( 2326): [com.thundercomm.remotecontrolser,0,Thread-341986,839,Throwable.java,665,void java.lang.Throwable.printStackTrace(java.lang.Throwable$PrintStreamOrWriter),,0,null,100]
01-01 00:38:36.736 I/IRQ 5 ( 0): no longer affine to CPU7
08-22 06:51:25.294 I/dvm_lock_sample( 2326): [com.thundercomm.remotecontrolser,0,Thread-341972,843,Throwable.java,665,void java.lang.Throwable.printStackTrace(java.lang.Throwable$PrintStreamOrWriter),,0,null,100]
08-22 06:51:25.299 I/input_focus( 1160): [Focus leaving cfa8469 com.android.launcher3/com.android.launcher3.uioverrides.QuickstepLauncher (server),reason=setFocusedWindow]
08-22 06:51:25.300 I/input_focus( 1160): [Focus entering 7b76b2f NotificationShade (server),reason=setFocusedWindow]
08-22 06:51:25.302 I/liblog ( 2326): 6
08-22 06:51:25.303 I/liblog ( 2326): 3
08-22 06:51:25.303 I/liblog ( 2326): 4
08-22 06:51:25.303 I/liblog ( 2326): 7
08-22 06:51:25.303 I/liblog ( 2326): 6
08-22 06:51:25.304 I/liblog ( 2326): 14
08-22 06:51:25.305 I/liblog ( 2326): 10
08-22 06:51:25.306 I/liblog ( 2326): 9
08-22 06:51:25.306 I/dvm_lock_sample( 2326): [com.thundercomm.remotecontrolser,0,Thread-341984,853,Throwable.java,665,void java.lang.Throwable.printStackTrace(java.lang.Throwable$PrintStreamOrWriter),,0,null,100]
08-22 06:51:25.307 I/liblog ( 2326): 17
08-22 06:51:25.317 I/liblog ( 2326): 33
08-22 06:51:25.317 I/dvm_lock_sample( 2326): [com.thundercomm.remotecontrolser,0,Thread-341945,854,Throwable.java,665,void java.lang.Throwable.printStackTrace(java.lang.Throwable$PrintStreamOrWriter),,0,null,100]
08-22 06:51:25.319 I/liblog ( 2326): 6
08-22 06:51:25.320 I/liblog ( 2326): 9
08-22 06:51:25.321 I/liblog ( 2326): 7
08-22 06:51:25.324 I/liblog ( 2326): 8
08-22 06:51:25.324 I/dvm_lock_sample( 2326): [com.thundercomm.remotecontrolser,0,Thread-342002,862,Throwable.java,665,void java.lang.Throwable.printStackTrace(java.lang.Throwable$PrintStreamOrWriter),,0,null,100]
08-22 06:51:25.325 I/liblog ( 2326): 4
08-22 06:51:25.325 I/liblog ( 2326): 9
08-22 06:51:25.325 I/liblog ( 2326): 10
08-22 06:51:25.326 I/liblog ( 2326): 5
08-22 06:51:25.326 I/liblog ( 2326): 8
01-01 00:38:36.777 D/ ( 0): mv2112_read_status
08-22 06:51:25.333 I/liblog ( 2326): 5
08-22 06:51:25.337 I/liblog ( 2326): 2
08-22 06:51:25.338 I/liblog ( 2326): 3
08-22 06:51:25.338 I/liblog ( 2326): 7
01-01 00:38:36.785 D/mv2112_update_link( 0): 3.0x901(1G): 0x80
01-01 00:38:36.790 W/logd ( 0): Skipping entries from slow reader, pid 32067, fd 15, from LogBuffer::Prune()
01-01 00:38:36.791 D/mv2112_update_link( 0): 3.0x8109(100M): 0x0
01-01 00:38:36.805 D/mv2112_update_link( 0): link 0x0
08-22 06:51:25.340 I/liblog ( 2326): 1
08-22 06:51:25.340 I/liblog ( 2326): 3
08-22 06:51:25.340 I/liblog ( 2326): 3
08-22 06:51:25.341 I/liblog ( 2326): 6
08-22 06:51:25.341 I/liblog ( 2326): 10
08-22 06:51:25.342 I/liblog ( 2326): 4
08-22 06:51:25.342 I/liblog ( 2326): 10
08-22 06:51:25.347 I/liblog ( 2326): 9
08-22 06:51:25.347 I/dvm_lock_sample( 2326): [com.thundercomm.remotecontrolser,0,Thread-341987,879,Throwable.java,665,void java.lang.Throwable.printStackTrace(java.lang.Throwable$PrintStreamOrWriter),,0,null,100]
01-01 00:38:36.809 D/mv2112_read_status( 0): autoneg is disabled
08-22 06:51:25.360 I/liblog ( 2326): 39
08-22 06:51:25.360 I/dvm_lock_sample( 2326): [com.thundercomm.remotecontrolser,0,Thread-342008,870,Throwable.java,665,void java.lang.Throwable.printStackTrace(java.lang.Throwable$PrintStreamOrWriter),,0,null,100]
08-22 06:51:25.360 I/liblog ( 2326): 1
08-22 06:51:25.361 I/liblog ( 2326): 6
08-22 06:51:25.364 I/liblog ( 2326): 5
08-22 06:51:25.364 I/dvm_lock_sample( 2326): [com.thundercomm.remotecontrolser,0,Thread-341733,1781,Throwable.java,665,void java.lang.Throwable.printStackTrace(java.lang.Throwable$PrintStreamOrWriter),,0,null,100]
08-22 06:51:25.374 I/liblog ( 2326): 82
08-22 06:51:25.374 I/dvm_lock_sample( 2326): [com.thundercomm.remotecontrolser,0,Thread-342022,856,Throwable.java,665,void java.lang.Throwable.printStackTrace(java.lang.Throwable$PrintStreamOrWriter),,0,null,100]
08-22 06:51:25.374 I/liblog ( 2326): 3
08-22 06:51:25.380 I/liblog ( 2326): 10
08-22 06:51:25.380 I/dvm_lock_sample( 2326): [com.thundercomm.remotecontrolser,0,Thread-342012,862,Throwable.java,665,void java.lang.Throwable.printStackTrace(java.lang.Throwable$PrintStreamOrWriter),,0,null,100]
08-22 06:51:25.382 I/liblog ( 2326): 1
08-22 06:51:25.383 I/liblog ( 2326): 4
08-22 06:51:25.383 I/liblog ( 2326): 6
08-22 06:51:25.385 I/liblog ( 2326): 5
08-22 06:51:25.385 I/dvm_lock_sample( 2326): [com.thundercomm.remotecontrolser,0,Thread-342020,868,Throwable.java,665,void java.lang.Throwable.printStackTrace(java.lang.Throwable$PrintStreamOrWriter),,0,null,100]
08-22 06:51:25.386 I/liblog ( 2326): 5
08-22 06:51:25.386 I/liblog ( 2326): 7
08-22 06:51:25.387 I/liblog ( 2326): 2
08-22 06:51:25.387 I/dvm_lock_sample( 2326): [com.thundercomm.remotecontrolser,0,Thread-342018,871,Throwable.java,665,void java.lang.Throwable.printStackTrace(java.lang.Throwable$PrintStreamOrWriter),,0,null,100]
08-22 06:51:25.388 I/liblog ( 2326): 1
08-22 06:51:25.388 I/liblog ( 2326): 2
08-22 06:51:25.388 I/liblog ( 2326): 6
08-22 06:51:25.389 I/liblog ( 2326): 4
08-22 06:51:25.389 I/liblog ( 2326): 4
08-22 06:51:25.389 I/liblog ( 2326): 8
08-22 06:51:25.390 I/liblog ( 2326): 6
08-22 06:51:25.390 I/liblog ( 2326): 3
08-22 06:51:25.394 I/liblog ( 2326): 1
08-22 06:51:25.396 I/liblog ( 2326): 6
08-22 06:51:25.396 I/dvm_lock_sample( 2326): [com.thundercomm.remotecontrolser,0,Thread-342023,874,Throwable.java,665,void java.lang.Throwable.printStackTrace(java.lang.Throwable$PrintStreamOrWriter),,0,null,100]
08-22 06:51:25.396 I/liblog ( 2326): 1
08-22 06:51:25.397 I/liblog ( 2326): 7
08-22 06:51:25.413 I/liblog ( 2326): 59
08-22 06:51:25.413 I/dvm_lock_sample( 2326): [com.thundercomm.remotecontrolser,0,Thread-342024,878,Throwable.java,665,void java.lang.Throwable.printStackTrace(java.lang.Throwable$PrintStreamOrWriter),,0,null,100]
08-22 06:51:25.423 I/liblog ( 2326): 91
08-22 06:51:25.424 I/liblog ( 2326): 8
08-22 06:51:25.425 I/liblog ( 2326): 7
08-22 06:51:25.425 I/liblog ( 2326): 7
08-22 06:51:25.425 I/liblog ( 2326): 2
08-22 06:51:25.425 I/liblog ( 2326): 5
08-22 06:51:25.426 I/liblog ( 2326): 5
08-22 06:51:25.430 I/liblog ( 2326): 6
08-22 06:51:25.430 I/dvm_lock_sample( 2326): [com.thundercomm.remotecontrolser,0,Thread-342034,873,Throwable.java,665,void java.lang.Throwable.printStackTrace(java.lang.Throwable$PrintStreamOrWriter),,0,null,100]
08-22 06:51:25.434 I/liblog ( 2326): 1
08-22 06:51:25.434 I/liblog ( 2326): 7
08-22 06:51:25.435 I/liblog ( 2326): 2
08-22 06:51:25.435 I/liblog ( 2326): 11
08-22 06:51:25.437 I/liblog ( 2326): 3
08-22 06:51:25.437 I/dvm_lock_sample( 2326): [com.thundercomm.remotecontrolser,0,Thread-342036,879,Throwable.java,665,void java.lang.Throwable.printStackTrace(java.lang.Throwable$PrintStreamOrWriter),,0,null,100]
08-22 06:51:25.438 I/liblog ( 2326): 3
08-22 06:51:25.438 I/liblog ( 2326): 7
08-22 06:51:25.445 I/liblog ( 2326): 19
08-22 06:51:25.445 I/dvm_lock_sample( 2326): [com.thundercomm.remotecontrolser,0,Thread-342038,870,Throwable.java,665,void java.lang.Throwable.printStackTrace(java.lang.Throwable$PrintStreamOrWriter),,0,null,100]
08-22 06:51:25.455 I/dvm_lock_sample( 2326): [com.thundercomm.remotecontrolser,0,Thread-342039,884,Throwable.java,665,void java.lang.Throwable.printStackTrace(java.lang.Throwable$PrintStreamOrWriter),,0,null,100]
08-22 06:51:25.461 I/dvm_lock_sample( 2326): [com.thundercomm.remotecontrolser,0,Thread-342040,883,Throwable.java,665,void java.lang.Throwable.printStackTrace(java.lang.Throwable$PrintStreamOrWriter),,0,null,100]
08-22 06:51:25.465 I/dvm_lock_sample( 2326): [com.thundercomm.remotecontrolser,0,Thread-341766,1809,Throwable.java,665,void java.lang.Throwable.printStackTrace(java.lang.Throwable$PrintStreamOrWriter),,0,null,100]
08-22 06:51:25.469 I/liblog ( 2326): 1
08-22 06:51:25.469 I/dvm_lock_sample( 2326): [com.thundercomm.remotecontrolser,0,Thread-342043,887,Throwable.java,665,void java.lang.Throwable.printStackTrace(java.lang.Throwable$PrintStreamOrWriter),,0,null,100]
08-22 06:51:25.491 I/liblog ( 2326): 78
08-22 06:51:25.493 I/dvm_lock_sample( 2326): [com.thundercomm.remotecontrolser,0,Thread-341778,1776,Throwable.java,665,void java.lang.Throwable.printStackTrace(java.lang.Throwable$PrintStreamOrWriter),,0,null,100]
01-01 00:38:36.916 I/IRQ 5 ( 0): no longer affine to CPU7
08-22 06:51:25.496 I/dvm_lock_sample( 2326): [com.thundercomm.remotecontrolser,0,Thread-341790,1732,Throwable.java,665,void java.lang.Throwable.printStackTrace(java.lang.Throwable$PrintStreamOrWriter),,0,null,100]
08-22 06:51:25.498 I/liblog ( 2326): 2
08-22 06:51:25.498 I/dvm_lock_sample( 2326): [com.thundercomm.remotecontrolser,0,Thread-342055,861,Throwable.java,665,void java.lang.Throwable.printStackTrace(java.lang.Throwable$PrintStreamOrWriter),,0,null,100]
08-22 06:51:25.498 I/liblog ( 2326): 7
08-22 06:51:25.498 I/liblog ( 2326): 3
08-22 06:51:25.499 I/liblog ( 2326): 15
08-22 06:51:25.500 I/liblog ( 2326): 7
08-22 06:51:25.500 I/dvm_lock_sample( 2326): [com.thundercomm.remotecontrolser,0,Thread-342054,848,Throwable.java,665,void java.lang.Throwable.printStackTrace(java.lang.Throwable$PrintStreamOrWriter),,0,null,100]
08-22 06:51:25.500 I/liblog ( 2326): 8
08-22 06:51:25.501 I/liblog ( 2326): 9
08-22 06:51:25.501 I/dvm_lock_sample( 2326): [com.thundercomm.remotecontrolser,0,Thread-342060,845,Throwable.java,665,void java.lang.Throwable.printStackTrace(java.lang.Throwable$PrintStreamOrWriter),,0,null,100]
08-22 06:51:25.502 I/liblog ( 2326): 10
08-22 06:51:25.503 I/liblog ( 2326): 6
08-22 06:51:25.503 I/liblog ( 2326): 1
08-22 06:51:25.503 I/liblog ( 2326): 9
08-22 06:51:25.505 I/liblog ( 2326): 7
08-22 06:51:25.505 I/dvm_lock_sample( 2326): [com.thundercomm.remotecontrolser,0,Thread-342050,848,Throwable.java,665,void java.lang.Throwable.printStackTrace(java.lang.Throwable$PrintStreamOrWriter),,0,null,100]
08-22 06:51:25.506 I/liblog ( 2326): 3
08-22 06:51:25.506 I/liblog ( 2326): 4
08-22 06:51:25.507 I/liblog ( 2326): 4
08-22 06:51:25.507 I/dvm_lock_sample( 2326): [com.thundercomm.remotecontrolser,0,Thread-342056,849,Throwable.java,665,void java.lang.Throwable.printStackTrace(java.lang.Throwable$PrintStreamOrWriter),,0,null,100]
08-22 06:51:25.507 I/liblog ( 2326): 4
08-22 06:51:25.508 I/liblog ( 2326): 11
08-22 06:51:25.509 I/liblog ( 2326): 11
08-22 06:51:25.511 I/liblog ( 2326): 5
08-22 06:51:25.511 I/dvm_lock_sample( 2326): [com.thundercomm.remotecontrolser,0,Thread-341805,1697,Throwable.java,665,void java.lang.Throwable.printStackTrace(java.lang.Throwable$PrintStreamOrWriter),,0,null,100]
08-22 06:51:25.512 I/liblog ( 2326): 1
08-22 06:51:25.512 I/liblog ( 2326): 1
08-22 06:51:25.514 I/liblog ( 2326): 1
08-22 06:51:25.516 I/liblog ( 2326): 22
08-22 06:51:25.516 I/liblog ( 2326): 1
08-22 06:51:25.517 I/liblog ( 2326): 7
08-22 06:51:25.517 I/liblog ( 2326): 6
08-22 06:51:25.518 I/liblog ( 2326): 9
08-22 06:51:25.518 I/liblog ( 2326): 5
08-22 06:51:25.518 I/liblog ( 2326): 2
08-22 06:51:25.519 I/liblog ( 2326): 3
08-22 06:51:25.520 I/liblog ( 2326): 8
08-22 06:51:25.521 I/liblog ( 2326): 4
08-22 06:51:25.522 I/liblog ( 2326): 11
08-22 06:51:25.522 I/liblog ( 2326): 1
08-22 06:51:25.523 I/liblog ( 2326): 1
08-22 06:51:25.524 I/liblog ( 2326): 2
08-22 06:51:25.524 I/liblog ( 2326): 7
08-22 06:51:25.527 I/liblog ( 2326): 3
08-22 06:51:25.527 I/dvm_lock_sample( 2326): [com.thundercomm.remotecontrolser,0,Thread-342074,849,Throwable.java,665,void java.lang.Throwable.printStackTrace(java.lang.Throwable$PrintStreamOrWriter),,0,null,100]
08-22 06:51:25.528 I/liblog ( 2326): 5
08-22 06:51:25.530 I/liblog ( 2326): 16
08-22 06:51:25.530 I/liblog ( 2326): 5
08-22 06:51:25.530 I/liblog ( 2326): 4
08-22 06:51:25.531 I/liblog ( 2326): 7
08-22 06:51:25.531 I/liblog ( 2326): 6
08-22 06:51:25.531 I/liblog ( 2326): 2
08-22 06:51:25.532 I/liblog ( 2326): 9
08-22 06:51:25.532 I/liblog ( 2326): 6
08-22 06:51:25.533 I/liblog ( 2326): 2
08-22 06:51:25.533 I/liblog ( 2326): 7
08-22 06:51:25.534 I/liblog ( 2326): 2
08-22 06:51:25.536 I/liblog ( 2326): 4
08-22 06:51:25.536 I/dvm_lock_sample( 2326): [com.thundercomm.remotecontrolser,0,Thread-342073,846,Throwable.java,665,void java.lang.Throwable.printStackTrace(java.lang.Throwable$PrintStreamOrWriter),,0,null,100]
08-22 06:51:25.536 I/liblog ( 2326): 4
08-22 06:51:25.545 I/liblog ( 2326): 9
08-22 06:51:25.545 I/dvm_lock_sample( 2326): [com.thundercomm.remotecontrolser,0,Thread-342070,849,Throwable.java,665,void java.lang.Throwable.printStackTrace(java.lang.Throwable$PrintStreamOrWriter),,0,null,100]
08-22 06:51:25.549 I/dvm_lock_sample( 2326): [com.thundercomm.remotecontrolser,0,Thread-342064,860,Throwable.java,665,void java.lang.Throwable.printStackTrace(java.lang.Throwable$PrintStreamOrWriter),,0,null,100]
08-22 06:51:25.556 I/liblog ( 2326): 88
08-22 06:51:25.556 I/liblog ( 2326): 4
08-22 06:51:25.557 I/liblog ( 2326): 6
08-22 06:51:25.558 I/liblog ( 2326): 5
08-22 06:51:25.558 I/liblog ( 2326): 1
08-22 06:51:25.558 I/liblog ( 2326): 7
08-22 06:51:25.559 I/liblog ( 2326): 6
08-22 06:51:25.559 I/liblog ( 2326): 4
08-22 06:51:25.559 I/liblog ( 2326): 3
08-22 06:51:25.561 I/liblog ( 2326): 3
08-22 06:51:25.565 I/liblog ( 2326): 5
08-22 06:51:25.565 I/dvm_lock_sample( 2326): [com.thundercomm.remotecontrolser,0,Thread-342100,854,Throwable.java,665,void java.lang.Throwable.printStackTrace(java.lang.Throwable$PrintStreamOrWriter),,0,null,100]
08-22 06:51:25.574 I/liblog ( 2326): 71
08-22 06:51:25.592 I/dvm_lock_sample( 2326): [com.thundercomm.remotecontrolser,0,Thread-342097,854,Throwable.java,665,void java.lang.Throwable.printStackTrace(java.lang.Throwable$PrintStreamOrWriter),,0,null,100]
08-22 06:51:25.601 I/dvm_lock_sample( 2326): [com.thundercomm.remotecontrolser,0,Thread-342087,870,Throwable.java,665,void java.lang.Throwable.printStackTrace(java.lang.Throwable$PrintStreamOrWriter),,0,null,100]
08-22 06:51:25.604 I/dvm_lock_sample( 2326): [com.thundercomm.remotecontrolser,0,Thread-342085,876,Throwable.java,665,void java.lang.Throwable.printStackTrace(java.lang.Throwable$PrintStreamOrWriter),,0,null,100]
08-22 06:51:25.614 I/dvm_lock_sample( 2326): [com.thundercomm.remotecontrolser,0,Thread-342077,879,Throwable.java,665,void java.lang.Throwable.printStackTrace(java.lang.Throwable$PrintStreamOrWriter),,0,null,100]
08-22 06:51:25.622 I/dvm_lock_sample( 2326): [com.thundercomm.remotecontrolser,0,Thread-342089,887,Throwable.java,665,void java.lang.Throwable.printStackTrace(java.lang.Throwable$PrintStreamOrWriter),,0,null,100]
08-22 06:51:25.623 I/dvm_lock_sample( 2326): [com.thundercomm.remotecontrolser,0,Thread-342092,892,Throwable.java,665,void java.lang.Throwable.printStackTrace(java.lang.Throwable$PrintStreamOrWriter),,0,null,100]
08-22 06:51:25.628 I/liblog ( 2326): 2
08-22 06:51:25.628 I/liblog ( 2326): 4
08-22 06:51:25.628 I/liblog ( 2326): 5
08-22 06:51:25.629 I/liblog ( 2326): 5
08-22 06:51:25.629 I/liblog ( 2326): 4
08-22 06:51:25.629 I/liblog ( 2326): 3
08-22 06:51:25.630 I/liblog ( 2326): 7
08-22 06:51:25.630 I/liblog ( 2326): 7
08-22 06:51:25.634 I/liblog ( 2326): 2
01-01 00:38:37.080 W/logd ( 0): Skipping entries from slow reader, pid 32067, fd 15, from LogBuffer::Prune()
08-22 06:51:25.673 I/liblog ( 2326): 3
08-22 06:51:25.711 I/dvm_lock_sample( 2326): [com.thundercomm.remotecontrolser,0,Thread-342107,947,Throwable.java,665,void java.lang.Throwable.printStackTrace(java.lang.Throwable$PrintStreamOrWriter),,0,null,100]
08-22 06:51:25.723 I/dvm_lock_sample( 2326): [com.thundercomm.remotecontrolser,0,Thread-342112,958,Throwable.java,665,void java.lang.Throwable.printStackTrace(java.lang.Throwable$PrintStreamOrWriter),,0,null,100]
08-22 06:51:25.734 I/dvm_lock_sample( 2326): [com.thundercomm.remotecontrolser,0,Thread-342108,969,Throwable.java,665,void java.lang.Throwable.printStackTrace(java.lang.Throwable$PrintStreamOrWriter),,0,null,100]
08-22 06:51:25.748 I/liblog ( 2326): 1
01-01 00:38:37.177 I/IRQ 5 ( 0): no longer affine to CPU7
08-22 06:51:25.749 I/liblog ( 2326): 4
08-22 06:51:25.749 I/liblog ( 2326): 5
08-22 06:51:25.749 I/liblog ( 2326): 6
08-22 06:51:25.750 I/liblog ( 2326): 10
08-22 06:51:25.750 I/liblog ( 2326): 6
08-22 06:51:25.751 I/liblog ( 2326): 13
08-22 06:51:25.751 I/liblog ( 2326): 8
08-22 06:51:25.752 I/liblog ( 2326): 5
08-22 06:51:25.752 I/liblog ( 2326): 6
08-22 06:51:25.752 I/liblog ( 2326): 11
08-22 06:51:25.753 I/liblog ( 2326): 7
08-22 06:51:25.753 I/liblog ( 2326): 11
08-22 06:51:25.754 I/liblog ( 2326): 5
08-22 06:51:25.754 I/dvm_lock_sample( 2326): [com.thundercomm.remotecontrolser,0,Thread-342123,964,Throwable.java,665,void java.lang.Throwable.printStackTrace(java.lang.Throwable$PrintStreamOrWriter),,0,null,100]
08-22 06:51:25.754 I/liblog ( 2326): 5
08-22 06:51:25.755 I/liblog ( 2326): 11
08-22 06:51:25.755 I/liblog ( 2326): 10
08-22 06:51:25.755 I/liblog ( 2326): 11
08-22 06:51:25.756 I/liblog ( 2326): 13
08-22 06:51:25.756 I/liblog ( 2326): 3
08-22 06:51:25.757 I/liblog ( 2326): 8
08-22 06:51:25.758 I/liblog ( 2326): 6
08-22 06:51:25.758 I/liblog ( 2326): 4
08-22 06:51:25.763 I/liblog ( 2326): 9
08-22 06:51:25.770 I/liblog ( 2326): 72
08-22 06:51:25.770 I/liblog ( 2326): 11
08-22 06:51:25.773 I/liblog ( 2326): 6
08-22 06:51:25.773 I/dvm_lock_sample( 2326): [com.thundercomm.remotecontrolser,0,Thread-342130,912,Throwable.java,665,void java.lang.Throwable.printStackTrace(java.lang.Throwable$PrintStreamOrWriter),,0,null,100]
08-22 06:51:25.774 I/liblog ( 2326): 8
08-22 06:51:25.778 I/liblog ( 2326): 8
08-22 06:51:25.778 I/dvm_lock_sample( 2326): [com.thundercomm.remotecontrolser,0,Thread-342133,916,Throwable.java,665,void java.lang.Throwable.printStackTrace(java.lang.Throwable$PrintStreamOrWriter),,0,null,100]
08-22 06:51:25.783 I/liblog ( 2326): 3
08-22 06:51:25.783 I/dvm_lock_sample( 2326): [com.thundercomm.remotecontrolser,0,Thread-341568,2669,Throwable.java,665,void java.lang.Throwable.printStackTrace(java.lang.Throwable$PrintStreamOrWriter),,0,null,100]
08-22 06:51:25.794 I/liblog ( 2326): 33
08-22 06:51:25.794 I/dvm_lock_sample( 2326): [com.thundercomm.remotecontrolser,0,Thread-342138,898,Throwable.java,665,void java.lang.Throwable.printStackTrace(java.lang.Throwable$PrintStreamOrWriter),,0,null,100]
08-22 06:51:25.797 I/liblog ( 2326): 1
08-22 06:51:25.797 I/dvm_lock_sample( 2326): [com.thundercomm.remotecontrolser,0,Thread-342141,908,Throwable.java,665,void java.lang.Throwable.printStackTrace(java.lang.Throwable$PrintStreamOrWriter),,0,null,100]
08-22 06:51:25.799 I/liblog ( 2326): 2
08-22 06:51:25.801 I/liblog ( 2326): 7
08-22 06:51:25.801 I/dvm_lock_sample( 2326): [com.thundercomm.remotecontrolser,0,Thread-342139,911,Throwable.java,665,void java.lang.Throwable.printStackTrace(java.lang.Throwable$PrintStreamOrWriter),,0,null,100]
08-22 06:51:25.802 I/liblog ( 2326): 4
08-22 06:51:25.802 I/liblog ( 2326): 5
08-22 06:51:25.802 I/liblog ( 2326): 4
08-22 06:51:25.803 I/liblog ( 2326): 5
08-22 06:51:25.803 I/liblog ( 2326): 5
08-22 06:51:25.808 I/liblog ( 2326): 6
08-22 06:51:25.808 I/dvm_lock_sample( 2326): [com.thundercomm.remotecontrolser,0,Thread-342148,910,Throwable.java,665,void java.lang.Throwable.printStackTrace(java.lang.Throwable$PrintStreamOrWriter),,0,null,100]
08-22 06:51:25.814 I/dvm_lock_sample( 2326): [com.thundercomm.remotecontrolser,0,Thread-342140,914,Throwable.java,665,void java.lang.Throwable.printStackTrace(java.lang.Throwable$PrintStreamOrWriter),,0,null,100]
08-22 06:51:25.815 I/liblog ( 2326): 1
08-22 06:51:25.816 I/liblog ( 2326): 3
08-22 06:51:25.816 I/liblog ( 2326): 6
08-22 06:51:25.816 I/liblog ( 2326): 4
08-22 06:51:25.823 I/liblog ( 2326): 6
08-22 06:51:25.823 I/dvm_lock_sample( 2326): [com.thundercomm.remotecontrolser,0,Thread-342147,920,Throwable.java,665,void java.lang.Throwable.printStackTrace(java.lang.Throwable$PrintStreamOrWriter),,0,null,100]
08-22 06:51:25.838 I/dvm_lock_sample( 2326): [com.thundercomm.remotecontrolser,0,Thread-342152,928,Throwable.java,665,void java.lang.Throwable.printStackTrace(java.lang.Throwable$PrintStreamOrWriter),,0,null,100]
08-22 06:51:25.842 I/dvm_lock_sample( 2326): [com.thundercomm.remotecontrolser,0,Thread-342145,943,Throwable.java,665,void java.lang.Throwable.printStackTrace(java.lang.Throwable$PrintStreamOrWriter),,0,null,100]
08-22 06:51:25.847 I/dvm_lock_sample( 2326): [com.thundercomm.remotecontrolser,0,Thread-342143,937,Throwable.java,665,void java.lang.Throwable.printStackTrace(java.lang.Throwable$PrintStreamOrWriter),,0,null,100]
08-22 06:51:25.850 I/dvm_lock_sample( 2326): [com.thundercomm.remotecontrolser,0,Thread-342149,940,Throwable.java,665,void java.lang.Throwable.printStackTrace(java.lang.Throwable$PrintStreamOrWriter),,0,null,100]
08-22 06:51:25.851 I/liblog ( 2326): 5
08-22 06:51:25.852 I/liblog ( 2326): 3
08-22 06:51:25.852 I/dvm_lock_sample( 2326): [com.thundercomm.remotecontrolser,0,Thread-342153,942,Throwable.java,665,void java.lang.Throwable.printStackTrace(java.lang.Throwable$PrintStreamOrWriter),,0,null,100]
08-22 06:51:25.852 I/liblog ( 2326): 3
08-22 06:51:25.853 I/liblog ( 2326): 12
08-22 06:51:25.853 I/liblog ( 2326): 1
08-22 06:51:25.853 I/liblog ( 2326): 1
08-22 06:51:25.855 I/liblog ( 2326): 2
08-22 06:51:25.855 I/liblog ( 2326): 1
08-22 06:51:25.856 I/liblog ( 2326): 8
08-22 06:51:25.856 I/dvm_lock_sample( 2326): [com.thundercomm.remotecontrolser,0,Thread-342154,942,Throwable.java,665,void java.lang.Throwable.printStackTrace(java.lang.Throwable$PrintStreamOrWriter),,0,null,100]
08-22 06:51:25.857 I/liblog ( 2326): 3
08-22 06:51:25.857 I/liblog ( 2326): 3
08-22 06:51:25.857 I/liblog ( 2326): 3
08-22 06:51:25.858 I/liblog ( 2326): 2
08-22 06:51:25.858 I/liblog ( 2326): 6
08-22 06:51:25.859 I/liblog ( 2326): 2
08-22 06:51:25.859 I/liblog ( 2326): 4
08-22 06:51:25.859 I/liblog ( 2326): 3
08-22 06:51:25.860 I/liblog ( 2326): 2
08-22 06:51:25.860 I/liblog ( 2326): 3
08-22 06:51:25.862 I/liblog ( 2326): 2
08-22 06:51:25.867 I/liblog ( 2326): 2
08-22 06:51:25.868 I/liblog ( 2326): 6
08-22 06:51:25.877 I/liblog ( 2326): 6
08-22 06:51:25.877 I/dvm_lock_sample( 2326): [com.thundercomm.remotecontrolser,0,Thread-342156,952,Throwable.java,665,void java.lang.Throwable.printStackTrace(java.lang.Throwable$PrintStreamOrWriter),,0,null,100]
08-22 06:51:25.880 I/dvm_lock_sample( 2326): [com.thundercomm.remotecontrolser,0,Thread-342157,956,Throwable.java,665,void java.lang.Throwable.printStackTrace(java.lang.Throwable$PrintStreamOrWriter),,0,null,100]
08-22 06:51:25.884 I/liblog ( 2326): 1
08-22 06:51:25.884 I/dvm_lock_sample( 2326): [com.thundercomm.remotecontrolser,0,Thread-342158,958,Throwable.java,665,void java.lang.Throwable.printStackTrace(java.lang.Throwable$PrintStreamOrWriter),,0,null,100]
08-22 06:51:25.885 I/liblog ( 2326): 2
08-22 06:51:25.885 I/liblog ( 2326): 1
08-22 06:51:25.891 I/liblog ( 2326): 5
08-22 06:51:25.891 I/dvm_lock_sample( 2326): [com.thundercomm.remotecontrolser,0,Thread-342159,959,Throwable.java,665,void java.lang.Throwable.printStackTrace(java.lang.Throwable$PrintStreamOrWriter),,0,null,100]
08-22 06:51:25.893 I/liblog ( 2326): 2
08-22 06:51:25.893 I/liblog ( 2326): 5
08-22 06:51:25.894 I/liblog ( 2326): 10
08-22 06:51:25.895 I/liblog ( 2326): 9
08-22 06:51:25.895 I/liblog ( 2326): 7
08-22 06:51:25.896 I/liblog ( 2326): 4
08-22 06:51:25.896 I/liblog ( 2326): 5
08-22 06:51:25.897 I/liblog ( 2326): 3
08-22 06:51:25.897 I/liblog ( 2326): 7
08-22 06:51:25.897 I/liblog ( 2326): 6
08-22 06:51:25.897 I/liblog ( 2326): 1
08-22 06:51:25.898 I/liblog ( 2326): 5
08-22 06:51:25.898 I/liblog ( 2326): 6
08-22 06:51:25.899 I/liblog ( 2326): 6
08-22 06:51:25.899 I/liblog ( 2326): 2
08-22 06:51:25.899 I/liblog ( 2326): 8
08-22 06:51:25.902 I/liblog ( 2326): 6
08-22 06:51:25.902 I/dvm_lock_sample( 2326): [com.thundercomm.remotecontrolser,0,Thread-342166,943,Throwable.java,665,void java.lang.Throwable.printStackTrace(java.lang.Throwable$PrintStreamOrWriter),,0,null,100]
08-22 06:51:25.903 I/liblog ( 2326): 3
08-22 06:51:25.903 I/liblog ( 2326): 6
08-22 06:51:25.903 I/liblog ( 2326): 4
08-22 06:51:25.903 I/liblog ( 2326): 7
08-22 06:51:25.904 I/liblog ( 2326): 5
08-22 06:51:25.905 I/liblog ( 2326): 1
08-22 06:51:25.905 I/dvm_lock_sample( 2326): [com.thundercomm.remotecontrolser,0,Thread-342168,938,Throwable.java,665,void java.lang.Throwable.printStackTrace(java.lang.Throwable$PrintStreamOrWriter),,0,null,100]
08-22 06:51:25.906 I/liblog ( 2326): 11
08-22 06:51:25.907 I/liblog ( 2326): 2
08-22 06:51:25.907 I/liblog ( 2326): 8
08-22 06:51:25.907 I/liblog ( 2326): 5
08-22 06:51:25.910 I/liblog ( 2326): 2
08-22 06:51:25.910 I/dvm_lock_sample( 2326): [com.thundercomm.remotecontrolser,0,Thread-342169,942,Throwable.java,665,void java.lang.Throwable.printStackTrace(java.lang.Throwable$PrintStreamOrWriter),,0,null,100]
08-22 06:51:25.911 I/liblog ( 2326): 4
08-22 06:51:25.912 I/liblog ( 2326): 5
08-22 06:51:25.913 I/liblog ( 2326): 4
08-22 06:51:25.913 I/liblog ( 2326): 6
08-22 06:51:25.915 I/liblog ( 2326): 1
08-22 06:51:25.916 I/liblog ( 2326): 1
08-22 06:51:25.917 I/liblog ( 2326): 7
08-22 06:51:25.917 I/liblog ( 2326): 5
08-22 06:51:25.917 I/liblog ( 2326): 7
08-22 06:51:25.918 I/liblog ( 2326): 8
08-22 06:51:25.918 I/liblog ( 2326): 3
08-22 06:51:25.918 I/liblog ( 2326): 5
08-22 06:51:25.919 I/liblog ( 2326): 5
08-22 06:51:25.919 I/liblog ( 2326): 4
08-22 06:51:25.919 I/liblog ( 2326): 5
08-22 06:51:25.920 I/liblog ( 2326): 6
08-22 06:51:25.920 I/liblog ( 2326): 7
08-22 06:51:25.921 I/liblog ( 2326): 6
08-22 06:51:25.921 I/liblog ( 2326): 5
08-22 06:51:25.921 I/liblog ( 2326): 5
08-22 06:51:25.921 I/liblog ( 2326): 3
08-22 06:51:25.922 I/liblog ( 2326): 12
08-22 06:51:25.922 I/liblog ( 2326): 2
08-22 06:51:25.923 I/liblog ( 2326): 9
08-22 06:51:25.923 I/liblog ( 2326): 6
08-22 06:51:25.923 I/liblog ( 2326): 4
08-22 06:51:25.924 I/liblog ( 2326): 8
08-22 06:51:25.925 I/liblog ( 2326): 4
08-22 06:51:25.925 I/liblog ( 2326): 2
08-22 06:51:25.925 I/liblog ( 2326): 7
08-22 06:51:25.926 I/liblog ( 2326): 6
08-22 06:51:25.926 I/liblog ( 2326): 1
08-22 06:51:25.927 I/liblog ( 2326): 4
08-22 06:51:25.927 I/liblog ( 2326): 7
08-22 06:51:25.927 I/liblog ( 2326): 6
08-22 06:51:25.928 I/liblog ( 2326): 3
08-22 06:51:25.931 I/liblog ( 2326): 5
08-22 06:51:25.933 I/liblog ( 2326): 8
08-22 06:51:25.934 I/liblog ( 2326): 4
08-22 06:51:25.934 I/liblog ( 2326): 4
08-22 06:51:25.935 I/liblog ( 2326): 9
08-22 06:51:25.941 I/liblog ( 2326): 3
08-22 06:51:25.941 I/dvm_lock_sample( 2326): [com.thundercomm.remotecontrolser,0,Thread-342185,892,Throwable.java,665,void java.lang.Throwable.printStackTrace(java.lang.Throwable$PrintStreamOrWriter),,0,null,100]
08-22 06:51:25.948 I/dvm_lock_sample( 2326): [com.thundercomm.remotecontrolser,0,Thread-342187,889,Throwable.java,665,void java.lang.Throwable.printStackTrace(java.lang.Throwable$PrintStreamOrWriter),,0,null,100]
08-22 06:51:25.954 I/dvm_lock_sample( 2326): [com.thundercomm.remotecontrolser,0,Thread-342186,892,Throwable.java,665,void java.lang.Throwable.printStackTrace(java.lang.Throwable$PrintStreamOrWriter),,0,null,100]
01-01 00:38:37.387 W/logd ( 0): Skipping entries from slow reader, pid 32067, fd 15, from LogBuffer::Prune()
08-22 06:51:25.973 I/dvm_lock_sample( 2326): [com.thundercomm.remotecontrolser,0,Thread-342188,898,Throwable.java,665,void java.lang.Throwable.printStackTrace(java.lang.Throwable$PrintStreamOrWriter),,0,null,100]
08-22 06:51:25.976 I/dvm_lock_sample( 2326): [com.thundercomm.remotecontrolser,0,Thread-342190,905,Throwable.java,665,void java.lang.Throwable.printStackTrace(java.lang.Throwable$PrintStreamOrWriter),,0,null,100]
08-22 06:51:25.984 I/dvm_lock_sample( 2326): [com.thundercomm.remotecontrolser,0,Thread-342191,906,Throwable.java,665,void java.lang.Throwable.printStackTrace(java.lang.Throwable$PrintStreamOrWriter),,0,null,100]
08-22 06:51:25.987 I/dvm_lock_sample( 2326): [com.thundercomm.remotecontrolser,0,Thread-342189,912,Throwable.java,665,void java.lang.Throwable.printStackTrace(java.lang.Throwable$PrintStreamOrWriter),,0,null,100]
08-22 06:51:25.992 I/input_focus( 1160): [Focus request cfa8469 com.android.launcher3/com.android.launcher3.uioverrides.QuickstepLauncher,reason=UpdateInputWindows]
08-22 06:51:25.995 I/dvm_lock_sample( 2326): [com.thundercomm.remotecontrolser,0,Thread-342192,911,Throwable.java,665,void java.lang.Throwable.printStackTrace(java.lang.Throwable$PrintStreamOrWriter),,0,null,100]
08-22 06:51:25.997 I/sysui_multi_action( 1160): [757,127,758,2]
