08-22 06:51:23.763 I/liblog ( 2326): 7
08-22 06:51:23.768 I/liblog ( 2326): 1
08-22 06:51:23.768 I/dvm_lock_sample( 2326): [com.thundercomm.remotecontrolser,0,Thread-341499,825,Throwable.java,665,void java.lang.Throwable.printStackTrace(java.lang.Throwable$PrintStreamOrWriter),,0,null,100]
08-22 06:51:23.772 I/liblog ( 2326): 2
08-22 06:51:23.772 I/dvm_lock_sample( 2326): [com.thundercomm.remotecontrolser,0,Thread-341514,828,Throwable.java,665,void java.lang.Throwable.printStackTrace(java.lang.Throwable$PrintStreamOrWriter),,0,null,100]
08-22 06:51:23.772 I/liblog ( 2326): 3
08-22 06:51:23.774 I/liblog ( 2326): 1
08-22 06:51:23.774 I/liblog ( 2326): 6
08-22 06:51:23.775 I/liblog ( 2326): 7
08-22 06:51:23.775 I/liblog ( 2326): 5
08-22 06:51:23.784 I/liblog ( 2326): 4
08-22 06:51:23.784 I/dvm_lock_sample( 2326): [com.thundercomm.remotecontrolser,0,Thread-341504,834,Throwable.java,665,void java.lang.Throwable.printStackTrace(java.lang.Throwable$PrintStreamOrWriter),,0,null,100]
08-22 06:51:23.788 I/dvm_lock_sample( 2326): [com.thundercomm.remotecontrolser,0,Thread-340914,2416,Throwable.java,665,void java.lang.Throwable.printStackTrace(java.lang.Throwable$PrintStreamOrWriter),,0,null,100]
08-22 06:51:23.794 I/dvm_lock_sample( 2326): [com.thundercomm.remotecontrolser,0,Thread-341502,848,Throwable.java,665,void java.lang.Throwable.printStackTrace(java.lang.Throwable$PrintStreamOrWriter),,0,null,100]
08-22 06:51:23.797 I/dvm_lock_sample( 2326): [com.thundercomm.remotecontrolser,0,Thread-341007,2156,Throwable.java,665,void java.lang.Throwable.printStackTrace(java.lang.Throwable$PrintStreamOrWriter),,0,null,100]
08-22 06:51:23.798 I/liblog ( 2326): 1
08-22 06:51:23.798 I/liblog ( 2326): 6
08-22 06:51:23.798 I/dvm_lock_sample( 2326): [com.thundercomm.remotecontrolser,0,Thread-341444,856,Throwable.java,665,void java.lang.Throwable.printStackTrace(java.lang.Throwable$PrintStreamOrWriter),,0,null,100]
08-22 06:51:23.799 I/liblog ( 2326): 4
08-22 06:51:23.799 I/liblog ( 2326): 5
08-22 06:51:23.802 I/liblog ( 2326): 2
08-22 06:51:23.810 I/dvm_lock_sample( 2326): [com.thundercomm.remotecontrolser,0,Thread-341488,859,Throwable.java,665,void java.lang.Throwable.printStackTrace(java.lang.Throwable$PrintStreamOrWriter),,0,null,100]
08-22 06:51:23.812 I/dvm_lock_sample( 2326): [com.thundercomm.remotecontrolser,0,Thread-341506,865,Throwable.java,665,void java.lang.Throwable.printStackTrace(java.lang.Throwable$PrintStreamOrWriter),,0,null,100]
08-22 06:51:23.813 I/liblog ( 2326): 8
08-22 06:51:23.814 I/liblog ( 2326): 15
08-22 06:51:23.823 I/liblog ( 2326): 1
08-22 06:51:23.825 I/liblog ( 2326): 1
08-22 06:51:23.826 I/liblog ( 2326): 4
08-22 06:51:23.826 I/liblog ( 2326): 6
08-22 06:51:23.827 I/liblog ( 2326): 3
08-22 06:51:23.827 I/liblog ( 2326): 3
08-22 06:51:23.830 I/liblog ( 2326): 1
08-22 06:51:23.836 I/liblog ( 2326): 3
08-22 06:51:23.837 I/liblog ( 2326): 1
08-22 06:51:23.837 I/liblog ( 2326): 5
08-22 06:51:23.838 I/liblog ( 2326): 5
08-22 06:51:23.838 I/liblog ( 2326): 8
08-22 06:51:23.839 I/liblog ( 2326): 4
08-22 06:51:23.839 I/liblog ( 2326): 11
08-22 06:51:23.840 I/liblog ( 2326): 4
08-22 06:51:23.840 I/liblog ( 2326): 3
08-22 06:51:23.840 I/liblog ( 2326): 5
08-22 06:51:23.841 I/liblog ( 2326): 9
08-22 06:51:23.854 I/liblog ( 2326): 15
08-22 06:51:23.854 I/dvm_lock_sample( 2326): [com.thundercomm.remotecontrolser,0,Thread-341513,875,Throwable.java,665,void java.lang.Throwable.printStackTrace(java.lang.Throwable$PrintStreamOrWriter),,0,null,100]
08-22 06:51:23.866 I/liblog ( 2326): 7
08-22 06:51:23.866 I/dvm_lock_sample( 2326): [com.thundercomm.remotecontrolser,0,Thread-341515,889,Throwable.java,665,void java.lang.Throwable.printStackTrace(java.lang.Throwable$PrintStreamOrWriter),,0,null,100]
08-22 06:51:23.868 I/dvm_lock_sample( 2326): [com.thundercomm.remotecontrolser,0,Thread-341519,898,Throwable.java,665,void java.lang.Throwable.printStackTrace(java.lang.Throwable$PrintStreamOrWriter),,0,null,100]
08-22 06:51:23.869 I/liblog ( 2326): 3
08-22 06:51:23.870 I/liblog ( 2326): 7
08-22 06:51:23.870 I/liblog ( 2326): 8
08-22 06:51:23.870 I/liblog ( 2326): 6
08-22 06:51:23.871 I/liblog ( 2326): 3
08-22 06:51:23.871 I/liblog ( 2326): 8
08-22 06:51:23.871 I/liblog ( 2326): 1
08-22 06:51:23.876 I/liblog ( 2326): 7
08-22 06:51:23.876 I/dvm_lock_sample( 2326): [com.thundercomm.remotecontrolser,0,Thread-341524,897,Throwable.java,665,void java.lang.Throwable.printStackTrace(java.lang.Throwable$PrintStreamOrWriter),,0,null,100]
08-22 06:51:23.877 I/liblog ( 2326): 1
08-22 06:51:23.879 I/liblog ( 2326): 5
08-22 06:51:23.879 I/dvm_lock_sample( 2326): [com.thundercomm.remotecontrolser,0,Thread-341528,902,Throwable.java,665,void java.lang.Throwable.printStackTrace(java.lang.Throwable$PrintStreamOrWriter),,0,null,100]
08-22 06:51:23.880 I/liblog ( 2326): 4
08-22 06:51:23.887 I/liblog ( 2326): 6
08-22 06:51:23.887 I/dvm_lock_sample( 2326): [com.thundercomm.remotecontrolser,0,Thread-341526,903,Throwable.java,665,void java.lang.Throwable.printStackTrace(java.lang.Throwable$PrintStreamOrWriter),,0,null,100]
08-22 06:51:23.890 I/dvm_lock_sample( 2326): [com.thundercomm.remotecontrolser,0,Thread-341503,911,Throwable.java,665,void java.lang.Throwable.printStackTrace(java.lang.Throwable$PrintStreamOrWriter),,0,null,100]
08-22 06:51:23.892 I/liblog ( 2326): 3
08-22 06:51:23.892 I/dvm_lock_sample( 2326): [com.thundercomm.remotecontrolser,0,Thread-341530,912,Throwable.java,665,void java.lang.Throwable.printStackTrace(java.lang.Throwable$PrintStreamOrWriter),,0,null,100]
08-22 06:51:23.892 I/liblog ( 2326): 1
08-22 06:51:23.894 I/liblog ( 2326): 1
08-22 06:51:23.895 I/liblog ( 2326): 6
08-22 06:51:23.895 I/liblog ( 2326): 4
08-22 06:51:23.895 I/liblog ( 2326): 1
08-22 06:51:23.896 I/liblog ( 2326): 10
08-22 06:51:23.898 I/liblog ( 2326): 6
08-22 06:51:23.898 I/dvm_lock_sample( 2326): [com.thundercomm.remotecontrolser,0,Thread-341533,918,Throwable.java,665,void java.lang.Throwable.printStackTrace(java.lang.Throwable$PrintStreamOrWriter),,0,null,100]
08-22 06:51:23.899 I/liblog ( 2326): 5
08-22 06:51:23.899 I/liblog ( 2326): 6
08-22 06:51:23.899 I/dvm_lock_sample( 2326): [com.thundercomm.remotecontrolser,0,Thread-341529,919,Throwable.java,665,void java.lang.Throwable.printStackTrace(java.lang.Throwable$PrintStreamOrWriter),,0,null,100]
08-22 06:51:23.900 I/liblog ( 2326): 16
08-22 06:51:23.901 I/liblog ( 2326): 8
08-22 06:51:23.903 I/liblog ( 2326): 28
08-22 06:51:23.909 I/liblog ( 2326): 14
08-22 06:51:23.909 I/dvm_lock_sample( 2326): [com.thundercomm.remotecontrolser,0,Thread-341236,1696,Throwable.java,665,void java.lang.Throwable.printStackTrace(java.lang.Throwable$PrintStreamOrWriter),,0,null,100]
08-22 06:51:23.911 I/liblog ( 2326): 2
08-22 06:51:23.912 I/liblog ( 2326): 6
08-22 06:51:23.912 I/liblog ( 2326): 6
08-22 06:51:23.912 I/liblog ( 2326): 5
08-22 06:51:23.913 I/liblog ( 2326): 6
08-22 06:51:23.913 I/liblog ( 2326): 6
08-22 06:51:23.914 I/liblog ( 2326): 5
08-22 06:51:23.914 I/liblog ( 2326): 7
08-22 06:51:23.914 I/liblog ( 2326): 4
08-22 06:51:23.915 I/liblog ( 2326): 9
08-22 06:51:23.915 I/liblog ( 2326): 5
08-22 06:51:23.916 I/liblog ( 2326): 9
08-22 06:51:23.917 I/liblog ( 2326): 4
08-22 06:51:23.919 I/liblog ( 2326): 4
08-22 06:51:23.919 I/dvm_lock_sample( 2326): [com.thundercomm.remotecontrolser,0,Thread-341541,908,Throwable.java,665,void java.lang.Throwable.printStackTrace(java.lang.Throwable$PrintStreamOrWriter),,0,null,100]
08-22 06:51:23.920 I/liblog ( 2326): 1
08-22 06:51:23.920 I/liblog ( 2326): 4
08-22 06:51:23.934 I/liblog ( 2326): 6
08-22 06:51:23.934 I/dvm_lock_sample( 2326): [com.thundercomm.remotecontrolser,0,Thread-341544,912,Throwable.java,665,void java.lang.Throwable.printStackTrace(java.lang.Throwable$PrintStreamOrWriter),,0,null,100]
08-22 06:51:23.942 I/dvm_lock_sample( 2326): [com.thundercomm.remotecontrolser,0,Thread-341543,926,Throwable.java,665,void java.lang.Throwable.printStackTrace(java.lang.Throwable$PrintStreamOrWriter),,0,null,100]
08-22 06:51:23.954 I/dvm_lock_sample( 2326): [com.thundercomm.remotecontrolser,0,Thread-341546,940,Throwable.java,665,void java.lang.Throwable.printStackTrace(java.lang.Throwable$PrintStreamOrWriter),,0,null,100]
08-22 06:51:23.958 I/sysui_multi_action( 1935): [757,803,799,panel_open,802,1]
08-22 06:51:23.959 I/sysui_multi_action( 1935): [757,1328,758,4,1326,68,1327,2,1329,0]
08-22 06:51:23.962 I/liblog ( 2326): 1
08-22 06:51:23.963 I/liblog ( 2326): 7
08-22 06:51:23.964 I/liblog ( 2326): 9
08-22 06:51:23.965 I/liblog ( 2326): 8
08-22 06:51:23.965 I/liblog ( 2326): 6
08-22 06:51:23.965 I/liblog ( 2326): 3
08-22 06:51:23.966 I/liblog ( 2326): 7
08-22 06:51:23.967 I/liblog ( 2326): 5
08-22 06:51:23.967 I/liblog ( 2326): 14
08-22 06:51:23.968 I/liblog ( 2326): 4
08-22 06:51:23.968 I/liblog ( 2326): 13
08-22 06:51:23.969 I/liblog ( 2326): 7
08-22 06:51:23.969 I/liblog ( 2326): 4
08-22 06:51:23.969 I/liblog ( 2326): 7
08-22 06:51:23.970 I/liblog ( 2326): 7
08-22 06:51:23.971 I/liblog ( 2326): 9
08-22 06:51:23.973 I/liblog ( 2326): 4
08-22 06:51:23.973 I/liblog ( 2326): 1
08-22 06:51:23.973 I/liblog ( 2326): 7
08-22 06:51:23.974 I/liblog ( 2326): 8
08-22 06:51:23.974 I/liblog ( 2326): 7
08-22 06:51:23.975 I/liblog ( 2326): 2
08-22 06:51:23.976 I/liblog ( 2326): 7
08-22 06:51:23.979 I/liblog ( 2326): 6
08-22 06:51:23.979 I/sysui_multi_action( 1160): [757,127,758,1]
08-22 06:51:23.979 I/liblog ( 2326): 6
08-22 06:51:23.979 I/sysui_multi_action( 1160): [757,804,799,note_load,801,3,802,1]
08-22 06:51:23.979 I/notification_panel_revealed( 1160): 3
08-22 06:51:23.980 I/liblog ( 2326): 3
08-22 06:51:23.980 I/liblog ( 2326): 9
08-22 06:51:23.981 I/liblog ( 2326): 7
08-22 06:51:23.982 I/liblog ( 2326): 3
08-22 06:51:23.983 I/liblog ( 2326): 6
08-22 06:51:23.983 I/liblog ( 2326): 3
08-22 06:51:23.984 I/liblog ( 2326): 11
08-22 06:51:23.991 I/input_focus( 1160): [Focus request 7b76b2f NotificationShade,reason=UpdateInputWindows]
08-22 06:51:23.997 I/liblog ( 2326): 21
08-22 06:51:23.997 I/dvm_lock_sample( 2326): [com.thundercomm.remotecontrolser,0,Thread-341562,881,Throwable.java,665,void java.lang.Throwable.printStackTrace(java.lang.Throwable$PrintStreamOrWriter),,0,null,100]
08-22 06:51:24.002 I/liblog ( 2326): 7
08-22 06:51:24.003 I/liblog ( 2326): 4
08-22 06:51:24.003 I/liblog ( 2326): 11
08-22 06:51:24.006 I/liblog ( 2326): 2
08-22 06:51:24.006 I/dvm_lock_sample( 2326): [com.thundercomm.remotecontrolser,0,Thread-341570,891,Throwable.java,665,void java.lang.Throwable.printStackTrace(java.lang.Throwable$PrintStreamOrWriter),,0,null,100]
08-22 06:51:24.008 I/liblog ( 2326): 1
08-22 06:51:24.010 I/liblog ( 2326): 7
08-22 06:51:24.010 I/dvm_lock_sample( 2326): [com.thundercomm.remotecontrolser,0,Thread-341567,895,Throwable.java,665,void java.lang.Throwable.printStackTrace(java.lang.Throwable$PrintStreamOrWriter),,0,null,100]
08-22 06:51:24.011 I/input_focus( 1160): [Focus leaving cfa8469 com.android.launcher3/com.android.launcher3.uioverrides.QuickstepLauncher (server),reason=setFocusedWindow]
08-22 06:51:24.011 I/input_focus( 1160): [Focus entering 7b76b2f NotificationShade (server),reason=setFocusedWindow]
08-22 06:51:24.012 I/liblog ( 2326): 2
08-22 06:51:24.014 I/liblog ( 2326): 7
08-22 06:51:24.014 I/dvm_lock_sample( 2326): [com.thundercomm.remotecontrolser,0,Thread-341566,900,Throwable.java,665,void java.lang.Throwable.printStackTrace(java.lang.Throwable$PrintStreamOrWriter),,0,null,100]
08-22 06:51:24.017 I/liblog ( 2326): 8
08-22 06:51:24.017 I/dvm_lock_sample( 2326): [com.thundercomm.remotecontrolser,0,Thread-341572,896,Throwable.java,665,void java.lang.Throwable.printStackTrace(java.lang.Throwable$PrintStreamOrWriter),,0,null,100]
08-22 06:51:24.018 I/liblog ( 2326): 17
08-22 06:51:24.018 I/liblog ( 2326): 15
08-22 06:51:24.018 I/liblog ( 2326): 9
08-22 06:51:24.019 I/liblog ( 2326): 8
08-22 06:51:24.019 I/liblog ( 2326): 4
08-22 06:51:24.020 I/liblog ( 2326): 4
08-22 06:51:24.020 I/liblog ( 2326): 2
08-22 06:51:24.021 I/liblog ( 2326): 4
08-22 06:51:24.022 I/liblog ( 2326): 13
08-22 06:51:24.025 I/liblog ( 2326): 4
08-22 06:51:24.025 I/dvm_lock_sample( 2326): [com.thundercomm.remotecontrolser,0,Thread-341577,890,Throwable.java,665,void java.lang.Throwable.printStackTrace(java.lang.Throwable$PrintStreamOrWriter),,0,null,100]
08-22 06:51:24.026 I/liblog ( 2326): 1
08-22 06:51:24.026 I/liblog ( 2326): 2
08-22 06:51:24.026 I/liblog ( 2326): 7
08-22 06:51:24.027 I/liblog ( 2326): 3
08-22 06:51:24.030 I/liblog ( 2326): 13
08-22 06:51:24.030 I/dvm_lock_sample( 2326): [com.thundercomm.remotecontrolser,0,Thread-341578,882,Throwable.java,665,void java.lang.Throwable.printStackTrace(java.lang.Throwable$PrintStreamOrWriter),,0,null,100]
08-22 06:51:24.031 I/liblog ( 2326): 2
08-22 06:51:24.031 I/liblog ( 2326): 5
08-22 06:51:24.032 I/liblog ( 2326): 19
08-22 06:51:24.033 I/liblog ( 2326): 2
08-22 06:51:24.033 I/liblog ( 2326): 13
08-22 06:51:24.035 I/liblog ( 2326): 3
08-22 06:51:24.035 I/dvm_lock_sample( 2326): [com.thundercomm.remotecontrolser,0,Thread-341581,877,Throwable.java,665,void java.lang.Throwable.printStackTrace(java.lang.Throwable$PrintStreamOrWriter),,0,null,100]
08-22 06:51:24.036 I/liblog ( 2326): 12
08-22 06:51:24.036 I/liblog ( 2326): 1
08-22 06:51:24.037 I/liblog ( 2326): 17
08-22 06:51:24.037 I/liblog ( 2326): 3
08-22 06:51:24.038 I/liblog ( 2326): 15
08-22 06:51:24.038 I/liblog ( 2326): 6
08-22 06:51:24.039 I/liblog ( 2326): 9
08-22 06:51:24.039 I/liblog ( 2326): 8
08-22 06:51:24.043 I/liblog ( 2326): 9
08-22 06:51:24.043 I/dvm_lock_sample( 2326): [com.thundercomm.remotecontrolser,0,Thread-341586,858,Throwable.java,665,void java.lang.Throwable.printStackTrace(java.lang.Throwable$PrintStreamOrWriter),,0,null,100]
08-22 06:51:24.043 I/liblog ( 2326): 1
08-22 06:51:24.043 I/liblog ( 2326): 6
08-22 06:51:24.044 I/liblog ( 2326): 4
08-22 06:51:24.049 I/liblog ( 2326): 1
08-22 06:51:24.050 I/liblog ( 2326): 1
08-22 06:51:24.051 I/liblog ( 2326): 11
08-22 06:51:24.051 I/liblog ( 2326): 1
08-22 06:51:24.051 I/liblog ( 2326): 4
08-22 06:51:24.052 I/liblog ( 2326): 12
08-22 06:51:24.052 I/liblog ( 2326): 6
08-22 06:51:24.052 I/liblog ( 2326): 1
08-22 06:51:24.053 I/liblog ( 2326): 6
08-22 06:51:24.053 I/liblog ( 2326): 3
08-22 06:51:24.054 I/liblog ( 2326): 6
08-22 06:51:24.054 I/liblog ( 2326): 3
08-22 06:51:24.054 I/liblog ( 2326): 12
08-22 06:51:24.058 I/liblog ( 2326): 2
08-22 06:51:24.058 I/dvm_lock_sample( 2326): [com.thundercomm.remotecontrolser,0,Thread-341590,822,Throwable.java,665,void java.lang.Throwable.printStackTrace(java.lang.Throwable$PrintStreamOrWriter),,0,null,100]
08-22 06:51:24.058 I/liblog ( 2326): 1
08-22 06:51:24.059 I/liblog ( 2326): 4
08-22 06:51:24.063 I/liblog ( 2326): 6
08-22 06:51:24.063 I/dvm_lock_sample( 2326): [com.thundercomm.remotecontrolser,0,Thread-341592,818,Throwable.java,665,void java.lang.Throwable.printStackTrace(java.lang.Throwable$PrintStreamOrWriter),,0,null,100]
08-22 06:51:24.069 I/liblog ( 2326): 4
08-22 06:51:24.069 I/dvm_lock_sample( 2326): [com.thundercomm.remotecontrolser,0,Thread-341594,822,Throwable.java,665,void java.lang.Throwable.printStackTrace(java.lang.Throwable$PrintStreamOrWriter),,0,null,100]
08-22 06:51:24.070 I/liblog ( 2326): 1
08-22 06:51:24.072 I/liblog ( 2326): 4
08-22 06:51:24.072 I/dvm_lock_sample( 2326): [com.thundercomm.remotecontrolser,0,Thread-341593,826,Throwable.java,665,void java.lang.Throwable.printStackTrace(java.lang.Throwable$PrintStreamOrWriter),,0,null,100]
08-22 06:51:24.072 I/liblog ( 2326): 14
08-22 06:51:24.074 I/liblog ( 2326): 1
08-22 06:51:24.074 I/dvm_lock_sample( 2326): [com.thundercomm.remotecontrolser,0,Thread-341595,827,Throwable.java,665,void java.lang.Throwable.printStackTrace(java.lang.Throwable$PrintStreamOrWriter),,0,null,100]
08-22 06:51:24.075 I/liblog ( 2326): 9
08-22 06:51:24.078 I/liblog ( 2326): 61
08-22 06:51:24.078 I/liblog ( 2326): 9
08-22 06:51:24.080 I/liblog ( 2326): 5
08-22 06:51:24.080 I/dvm_lock_sample( 2326): [com.thundercomm.remotecontrolser,0,Thread-341615,813,Throwable.java,665,void java.lang.Throwable.printStackTrace(java.lang.Throwable$PrintStreamOrWriter),,0,null,100]
08-22 06:51:24.081 I/liblog ( 2326): 1
08-22 06:51:24.082 I/liblog ( 2326): 5
08-22 06:51:24.082 I/liblog ( 2326): 3
08-22 06:51:24.088 I/liblog ( 2326): 3
08-22 06:51:24.088 I/dvm_lock_sample( 2326): [com.thundercomm.remotecontrolser,0,Thread-341606,816,Throwable.java,665,void java.lang.Throwable.printStackTrace(java.lang.Throwable$PrintStreamOrWriter),,0,null,100]
08-22 06:51:24.090 I/liblog ( 2326): 3
08-22 06:51:24.091 I/liblog ( 2326): 9
08-22 06:51:24.097 I/liblog ( 2326): 15
08-22 06:51:24.097 I/dvm_lock_sample( 2326): [com.thundercomm.remotecontrolser,0,Thread-341610,804,Throwable.java,665,void java.lang.Throwable.printStackTrace(java.lang.Throwable$PrintStreamOrWriter),,0,null,100]
08-22 06:51:24.105 I/liblog ( 2326): 4
08-22 06:51:24.105 I/dvm_lock_sample( 2326): [com.thundercomm.remotecontrolser,0,Thread-341616,811,Throwable.java,665,void java.lang.Throwable.printStackTrace(java.lang.Throwable$PrintStreamOrWriter),,0,null,100]
01-01 00:38:35.516 I/IRQ 5 ( 0): no longer affine to CPU7
08-22 06:51:24.108 I/dvm_lock_sample( 2326): [com.thundercomm.remotecontrolser,0,Thread-341607,819,Throwable.java,665,void java.lang.Throwable.printStackTrace(java.lang.Throwable$PrintStreamOrWriter),,0,null,100]
08-22 06:51:24.109 I/liblog ( 2326): 2
08-22 06:51:24.110 I/liblog ( 2326): 8
08-22 06:51:24.110 I/dvm_lock_sample( 2326): [com.thundercomm.remotecontrolser,0,Thread-341602,821,Throwable.java,665,void java.lang.Throwable.printStackTrace(java.lang.Throwable$PrintStreamOrWriter),,0,null,100]
08-22 06:51:24.110 I/liblog ( 2326): 6
08-22 06:51:24.111 I/liblog ( 2326): 9
08-22 06:51:24.111 I/dvm_lock_sample( 2326): [com.thundercomm.remotecontrolser,0,Thread-341611,821,Throwable.java,665,void java.lang.Throwable.printStackTrace(java.lang.Throwable$PrintStreamOrWriter),,0,null,100]
08-22 06:51:24.111 I/liblog ( 2326): 1
08-22 06:51:24.112 I/liblog ( 2326): 7
08-22 06:51:24.113 I/liblog ( 2326): 17
08-22 06:51:24.114 I/liblog ( 2326): 3
08-22 06:51:24.114 I/liblog ( 2326): 5
08-22 06:51:24.114 I/liblog ( 2326): 2
08-22 06:51:24.115 I/liblog ( 2326): 9
08-22 06:51:24.117 I/liblog ( 2326): 8
08-22 06:51:24.117 I/dvm_lock_sample( 2326): [com.thundercomm.remotecontrolser,0,Thread-341613,818,Throwable.java,665,void java.lang.Throwable.printStackTrace(java.lang.Throwable$PrintStreamOrWriter),,0,null,100]
08-22 06:51:24.118 I/liblog ( 2326): 4
08-22 06:51:24.119 I/liblog ( 2326): 6
08-22 06:51:24.119 I/dvm_lock_sample( 2326): [com.thundercomm.remotecontrolser,0,Thread-341609,821,Throwable.java,665,void java.lang.Throwable.printStackTrace(java.lang.Throwable$PrintStreamOrWriter),,0,null,100]
08-22 06:51:24.120 I/liblog ( 2326): 1
08-22 06:51:24.121 I/liblog ( 2326): 14
08-22 06:51:24.121 I/dvm_lock_sample( 2326): [com.thundercomm.remotecontrolser,0,Thread-341630,821,Throwable.java,665,void java.lang.Throwable.printStackTrace(java.lang.Throwable$PrintStreamOrWriter),,0,null,100]
08-22 06:51:24.122 I/liblog ( 2326): 4
08-22 06:51:24.122 I/liblog ( 2326): 6
08-22 06:51:24.124 I/liblog ( 2326): 5
08-22 06:51:24.124 I/dvm_lock_sample( 2326): [com.thundercomm.remotecontrolser,0,Thread-341619,823,Throwable.java,665,void java.lang.Throwable.printStackTrace(java.lang.Throwable$PrintStreamOrWriter),,0,null,100]
08-22 06:51:24.125 I/liblog ( 2326): 7
08-22 06:51:24.126 I/liblog ( 2326): 5
08-22 06:51:24.141 I/dvm_lock_sample( 2326): [com.thundercomm.remotecontrolser,0,Thread-341618,828,Throwable.java,665,void java.lang.Throwable.printStackTrace(java.lang.Throwable$PrintStreamOrWriter),,0,null,100]
08-22 06:51:24.145 I/dvm_lock_sample( 2326): [com.thundercomm.remotecontrolser,0,Thread-341628,841,Throwable.java,665,void java.lang.Throwable.printStackTrace(java.lang.Throwable$PrintStreamOrWriter),,0,null,100]
08-22 06:51:24.148 I/dvm_lock_sample( 2326): [com.thundercomm.remotecontrolser,0,Thread-341633,844,Throwable.java,665,void java.lang.Throwable.printStackTrace(java.lang.Throwable$PrintStreamOrWriter),,0,null,100]
08-22 06:51:24.153 I/dvm_lock_sample( 2326): [com.thundercomm.remotecontrolser,0,Thread-341621,846,Throwable.java,665,void java.lang.Throwable.printStackTrace(java.lang.Throwable$PrintStreamOrWriter),,0,null,100]
08-22 06:51:24.157 I/dvm_lock_sample( 2326): [com.thundercomm.remotecontrolser,0,Thread-341617,851,Throwable.java,665,void java.lang.Throwable.printStackTrace(java.lang.Throwable$PrintStreamOrWriter),,0,null,100]
08-22 06:51:24.158 I/liblog ( 2326): 2
08-22 06:51:24.159 I/liblog ( 2326): 6
08-22 06:51:24.159 I/liblog ( 2326): 2
08-22 06:51:24.159 I/liblog ( 2326): 5
08-22 06:51:24.160 I/liblog ( 2326): 10
08-22 06:51:24.161 I/liblog ( 2326): 5
08-22 06:51:24.163 I/liblog ( 2326): 10
08-22 06:51:24.163 I/dvm_lock_sample( 2326): [com.thundercomm.remotecontrolser,0,Thread-341627,853,Throwable.java,665,void java.lang.Throwable.printStackTrace(java.lang.Throwable$PrintStreamOrWriter),,0,null,100]
08-22 06:51:24.163 I/liblog ( 2326): 5
08-22 06:51:24.166 I/liblog ( 2326): 7
08-22 06:51:24.166 I/dvm_lock_sample( 2326): [com.thundercomm.remotecontrolser,0,Thread-341624,854,Throwable.java,665,void java.lang.Throwable.printStackTrace(java.lang.Throwable$PrintStreamOrWriter),,0,null,100]
08-22 06:51:24.167 I/liblog ( 2326): 1
08-22 06:51:24.167 I/liblog ( 2326): 3
08-22 06:51:24.167 I/liblog ( 2326): 3
08-22 06:51:24.171 I/liblog ( 2326): 3
08-22 06:51:24.171 I/dvm_lock_sample( 2326): [com.thundercomm.remotecontrolser,0,Thread-341629,857,Throwable.java,665,void java.lang.Throwable.printStackTrace(java.lang.Throwable$PrintStreamOrWriter),,0,null,100]
08-22 06:51:24.173 I/liblog ( 2326): 7
08-22 06:51:24.173 I/dvm_lock_sample( 2326): [com.thundercomm.remotecontrolser,0,Thread-341623,861,Throwable.java,665,void java.lang.Throwable.printStackTrace(java.lang.Throwable$PrintStreamOrWriter),,0,null,100]
08-22 06:51:24.174 I/liblog ( 2326): 11
08-22 06:51:24.174 I/liblog ( 2326): 6
08-22 06:51:24.174 I/dvm_lock_sample( 2326): [com.thundercomm.remotecontrolser,0,Thread-341625,861,Throwable.java,665,void java.lang.Throwable.printStackTrace(java.lang.Throwable$PrintStreamOrWriter),,0,null,100]
08-22 06:51:24.175 I/liblog ( 2326): 10
08-22 06:51:24.176 I/liblog ( 2326): 3
08-22 06:51:24.177 I/liblog ( 2326): 3
08-22 06:51:24.177 I/dvm_lock_sample( 2326): [com.thundercomm.remotecontrolser,0,Thread-341631,863,Throwable.java,665,void java.lang.Throwable.printStackTrace(java.lang.Throwable$PrintStreamOrWriter),,0,null,100]
08-22 06:51:24.177 I/liblog ( 2326): 5
08-22 06:51:24.178 I/liblog ( 2326): 4
08-22 06:51:24.178 I/liblog ( 2326): 3
08-22 06:51:24.187 I/liblog ( 2326): 4
08-22 06:51:24.187 I/dvm_lock_sample( 2326): [com.thundercomm.remotecontrolser,0,Thread-341622,863,Throwable.java,665,void java.lang.Throwable.printStackTrace(java.lang.Throwable$PrintStreamOrWriter),,0,null,100]
08-22 06:51:24.196 I/dvm_lock_sample( 2326): [com.thundercomm.remotecontrolser,0,Thread-341614,870,Throwable.java,665,void java.lang.Throwable.printStackTrace(java.lang.Throwable$PrintStreamOrWriter),,0,null,100]
08-22 06:51:24.199 I/dvm_lock_sample( 2326): [com.thundercomm.remotecontrolser,0,Thread-341634,870,Throwable.java,665,void java.lang.Throwable.printStackTrace(java.lang.Throwable$PrintStreamOrWriter),,0,null,100]
08-22 06:51:24.203 I/dvm_lock_sample( 2326): [com.thundercomm.remotecontrolser,0,Thread-341605,873,Throwable.java,665,void java.lang.Throwable.printStackTrace(java.lang.Throwable$PrintStreamOrWriter),,0,null,100]
08-22 06:51:24.204 I/liblog ( 2326): 1
08-22 06:51:24.204 I/liblog ( 2326): 6
08-22 06:51:24.204 I/dvm_lock_sample( 2326): [com.thundercomm.remotecontrolser,0,Thread-341651,874,Throwable.java,665,void java.lang.Throwable.printStackTrace(java.lang.Throwable$PrintStreamOrWriter),,0,null,100]
08-22 06:51:24.206 I/liblog ( 2326): 16
08-22 06:51:24.206 I/liblog ( 2326): 2
08-22 06:51:24.206 I/liblog ( 2326): 6
08-22 06:51:24.206 I/liblog ( 2326): 6
08-22 06:51:24.207 I/liblog ( 2326): 3
08-22 06:51:24.207 I/liblog ( 2326): 1
08-22 06:51:24.207 I/liblog ( 2326): 6
08-22 06:51:24.208 I/liblog ( 2326): 6
08-22 06:51:24.211 I/liblog ( 2326): 5
08-22 06:51:24.211 I/dvm_lock_sample( 2326): [com.thundercomm.remotecontrolser,0,Thread-341638,875,Throwable.java,665,void java.lang.Throwable.printStackTrace(java.lang.Throwable$PrintStreamOrWriter),,0,null,100]
08-22 06:51:24.212 I/liblog ( 2326): 7
08-22 06:51:24.212 I/dvm_lock_sample( 2326): [com.thundercomm.remotecontrolser,0,Thread-341632,872,Throwable.java,665,void java.lang.Throwable.printStackTrace(java.lang.Throwable$PrintStreamOrWriter),,0,null,100]
08-22 06:51:24.213 I/liblog ( 2326): 7
08-22 06:51:24.214 I/liblog ( 2326): 4
08-22 06:51:24.215 I/liblog ( 2326): 5
08-22 06:51:24.215 I/dvm_lock_sample( 2326): [com.thundercomm.remotecontrolser,0,Thread-341603,875,Throwable.java,665,void java.lang.Throwable.printStackTrace(java.lang.Throwable$PrintStreamOrWriter),,0,null,100]
08-22 06:51:24.216 I/liblog ( 2326): 5
08-22 06:51:24.216 I/liblog ( 2326): 7
08-22 06:51:24.217 I/liblog ( 2326): 2
08-22 06:51:24.217 I/liblog ( 2326): 7
08-22 06:51:24.217 I/liblog ( 2326): 6
08-22 06:51:24.218 I/liblog ( 2326): 3
08-22 06:51:24.218 I/liblog ( 2326): 6
08-22 06:51:24.218 I/liblog ( 2326): 4
08-22 06:51:24.221 I/liblog ( 2326): 5
08-22 06:51:24.221 I/liblog ( 2326): 1
08-22 06:51:24.221 I/liblog ( 2326): 6
08-22 06:51:24.222 I/liblog ( 2326): 4
08-22 06:51:24.222 I/liblog ( 2326): 7
08-22 06:51:24.222 I/liblog ( 2326): 4
08-22 06:51:24.223 I/liblog ( 2326): 7
08-22 06:51:24.223 I/liblog ( 2326): 4
08-22 06:51:24.224 I/liblog ( 2326): 5
08-22 06:51:24.225 I/liblog ( 2326): 6
08-22 06:51:24.226 I/liblog ( 2326): 6
08-22 06:51:24.227 I/liblog ( 2326): 7
08-22 06:51:24.227 I/liblog ( 2326): 1
08-22 06:51:24.228 I/liblog ( 2326): 4
08-22 06:51:24.228 I/liblog ( 2326): 7
08-22 06:51:24.239 I/liblog ( 2326): 6
08-22 06:51:24.239 I/dvm_lock_sample( 2326): [com.thundercomm.remotecontrolser,0,Thread-341650,856,Throwable.java,665,void java.lang.Throwable.printStackTrace(java.lang.Throwable$PrintStreamOrWriter),,0,null,100]
08-22 06:51:24.242 I/dvm_lock_sample( 2326): [com.thundercomm.remotecontrolser,0,Thread-341346,1788,Throwable.java,665,void java.lang.Throwable.printStackTrace(java.lang.Throwable$PrintStreamOrWriter),,0,null,100]
08-22 06:51:24.246 I/dvm_lock_sample( 2326): [com.thundercomm.remotecontrolser,0,Thread-341649,868,Throwable.java,665,void java.lang.Throwable.printStackTrace(java.lang.Throwable$PrintStreamOrWriter),,0,null,100]
08-22 06:51:24.253 I/dvm_lock_sample( 2326): [com.thundercomm.remotecontrolser,0,Thread-341666,871,Throwable.java,665,void java.lang.Throwable.printStackTrace(java.lang.Throwable$PrintStreamOrWriter),,0,null,100]
08-22 06:51:24.256 I/dvm_lock_sample( 2326): [com.thundercomm.remotecontrolser,0,Thread-341347,1799,Throwable.java,665,void java.lang.Throwable.printStackTrace(java.lang.Throwable$PrintStreamOrWriter),,0,null,100]
08-22 06:51:24.257 I/liblog ( 2326): 7
08-22 06:51:24.258 I/liblog ( 2326): 7
08-22 06:51:24.258 I/liblog ( 2326): 8
08-22 06:51:24.259 I/liblog ( 2326): 4
08-22 06:51:24.266 I/liblog ( 2326): 4
08-22 06:51:24.268 I/liblog ( 2326): 3
08-22 06:51:24.269 I/liblog ( 2326): 7
08-22 06:51:24.269 I/liblog ( 2326): 8
08-22 06:51:24.270 I/liblog ( 2326): 5
08-22 06:51:24.270 I/liblog ( 2326): 1
08-22 06:51:24.270 I/liblog ( 2326): 4
01-01 00:38:35.717 I/IRQ 5 ( 0): no longer affine to CPU7
08-22 06:51:24.271 I/liblog ( 2326): 2
08-22 06:51:24.271 I/liblog ( 2326): 2
08-22 06:51:24.272 I/liblog ( 2326): 3
08-22 06:51:24.280 I/liblog ( 2326): 3
08-22 06:51:24.280 I/dvm_lock_sample( 2326): [com.thundercomm.remotecontrolser,0,Thread-341654,886,Throwable.java,665,void java.lang.Throwable.printStackTrace(java.lang.Throwable$PrintStreamOrWriter),,0,null,100]
08-22 06:51:24.283 I/dvm_lock_sample( 2326): [com.thundercomm.remotecontrolser,0,Thread-341655,896,Throwable.java,665,void java.lang.Throwable.printStackTrace(java.lang.Throwable$PrintStreamOrWriter),,0,null,100]
01-01 00:38:35.724 D/ ( 0): mv2112_read_status
08-22 06:51:24.285 I/liblog ( 2326): 10
08-22 06:51:24.288 I/liblog ( 2326): 4
08-22 06:51:24.288 I/dvm_lock_sample( 2326): [com.thundercomm.remotecontrolser,0,Thread-341661,897,Throwable.java,665,void java.lang.Throwable.printStackTrace(java.lang.Throwable$PrintStreamOrWriter),,0,null,100]
08-22 06:51:24.289 I/liblog ( 2326): 1
08-22 06:51:24.290 I/liblog ( 2326): 7
08-22 06:51:24.290 I/dvm_lock_sample( 2326): [com.thundercomm.remotecontrolser,0,Thread-341660,902,Throwable.java,665,void java.lang.Throwable.printStackTrace(java.lang.Throwable$PrintStreamOrWriter),,0,null,100]
08-22 06:51:24.290 I/liblog ( 2326): 9
08-22 06:51:24.291 I/liblog ( 2326): 7
08-22 06:51:24.291 I/liblog ( 2326): 8
08-22 06:51:24.294 I/liblog ( 2326): 9
08-22 06:51:24.294 I/dvm_lock_sample( 2326): [com.thundercomm.remotecontrolser,0,Thread-341643,904,Throwable.java,665,void java.lang.Throwable.printStackTrace(java.lang.Throwable$PrintStreamOrWriter),,0,null,100]
01-01 00:38:35.734 D/mv2112_update_link( 0): 3.0x901(1G): 0x80
08-22 06:51:24.301 I/dvm_lock_sample( 2326): [com.thundercomm.remotecontrolser,0,Thread-341353,1810,Throwable.java,665,void java.lang.Throwable.printStackTrace(java.lang.Throwable$PrintStreamOrWriter),,0,null,100]
08-22 06:51:24.301 I/liblog ( 2326): 1
08-22 06:51:24.303 I/liblog ( 2326): 8
01-01 00:38:35.742 D/mv2112_update_link( 0): 3.0x8109(100M): 0x0
08-22 06:51:24.304 I/liblog ( 2326): 3
08-22 06:51:24.304 I/dvm_lock_sample( 2326): [com.thundercomm.remotecontrolser,0,Thread-341664,915,Throwable.java,665,void java.lang.Throwable.printStackTrace(java.lang.Throwable$PrintStreamOrWriter),,0,null,100]
08-22 06:51:24.305 I/liblog ( 2326): 9
01-01 00:38:35.748 D/mv2112_update_link( 0): link 0x0
08-22 06:51:24.306 I/liblog ( 2326): 5
08-22 06:51:24.306 I/dvm_lock_sample( 2326): [com.thundercomm.remotecontrolser,0,Thread-341668,913,Throwable.java,665,void java.lang.Throwable.printStackTrace(java.lang.Throwable$PrintStreamOrWriter),,0,null,100]
08-22 06:51:24.307 I/liblog ( 2326): 1
08-22 06:51:24.307 I/liblog ( 2326): 7
08-22 06:51:24.307 I/liblog ( 2326): 1
08-22 06:51:24.308 I/liblog ( 2326): 6
01-01 00:38:35.753 D/mv2112_read_status( 0): autoneg is disabled
08-22 06:51:24.308 I/liblog ( 2326): 1
08-22 06:51:24.309 I/liblog ( 2326): 4
08-22 06:51:24.309 I/liblog ( 2326): 5
08-22 06:51:24.309 I/liblog ( 2326): 3
08-22 06:51:24.310 I/liblog ( 2326): 4
08-22 06:51:24.318 I/liblog ( 2326): 85
08-22 06:51:24.318 I/dvm_lock_sample( 2326): [com.thundercomm.remotecontrolser,0,Thread-341670,905,Throwable.java,665,void java.lang.Throwable.printStackTrace(java.lang.Throwable$PrintStreamOrWriter),,0,null,100]
08-22 06:51:24.319 I/liblog ( 2326): 11
08-22 06:51:24.319 I/liblog ( 2326): 6
08-22 06:51:24.320 I/liblog ( 2326): 6
08-22 06:51:24.320 I/liblog ( 2326): 5
08-22 06:51:24.322 I/liblog ( 2326): 6
08-22 06:51:24.322 I/dvm_lock_sample( 2326): [com.thundercomm.remotecontrolser,0,Thread-341677,902,Throwable.java,665,void java.lang.Throwable.printStackTrace(java.lang.Throwable$PrintStreamOrWriter),,0,null,100]
08-22 06:51:24.323 I/liblog ( 2326): 2
08-22 06:51:24.323 I/liblog ( 2326): 8
08-22 06:51:24.324 I/liblog ( 2326): 4
08-22 06:51:24.324 I/liblog ( 2326): 5
08-22 06:51:24.324 I/liblog ( 2326): 5
08-22 06:51:24.327 I/liblog ( 2326): 4
08-22 06:51:24.327 I/dvm_lock_sample( 2326): [com.thundercomm.remotecontrolser,0,Thread-341372,1732,Throwable.java,665,void java.lang.Throwable.printStackTrace(java.lang.Throwable$PrintStreamOrWriter),,0,null,100]
08-22 06:51:24.335 I/liblog ( 2326): 118
08-22 06:51:24.335 I/liblog ( 2326): 9
08-22 06:51:24.339 I/liblog ( 2326): 6
08-22 06:51:24.339 I/dvm_lock_sample( 2326): [com.thundercomm.remotecontrolser,0,Thread-341390,1682,Throwable.java,665,void java.lang.Throwable.printStackTrace(java.lang.Throwable$PrintStreamOrWriter),,0,null,100]
08-22 06:51:24.341 I/liblog ( 2326): 2
08-22 06:51:24.341 I/liblog ( 2326): 1
08-22 06:51:24.341 I/liblog ( 2326): 5
08-22 06:51:24.342 I/liblog ( 2326): 6
08-22 06:51:24.342 I/liblog ( 2326): 4
08-22 06:51:24.347 I/liblog ( 2326): 2
08-22 06:51:24.347 I/dvm_lock_sample( 2326): [com.thundercomm.remotecontrolser,0,Thread-341691,890,Throwable.java,665,void java.lang.Throwable.printStackTrace(java.lang.Throwable$PrintStreamOrWriter),,0,null,100]
08-22 06:51:24.351 I/liblog ( 2326): 50
08-22 06:51:24.351 I/liblog ( 2326): 2
08-22 06:51:24.351 I/liblog ( 2326): 6
08-22 06:51:24.352 I/liblog ( 2326): 8
08-22 06:51:24.352 I/liblog ( 2326): 1
08-22 06:51:24.352 I/liblog ( 2326): 7
08-22 06:51:24.353 I/liblog ( 2326): 4
08-22 06:51:24.353 I/liblog ( 2326): 5
08-22 06:51:24.353 I/liblog ( 2326): 3
08-22 06:51:24.354 I/liblog ( 2326): 11
08-22 06:51:24.355 I/liblog ( 2326): 2
08-22 06:51:24.355 I/dvm_lock_sample( 2326): [com.thundercomm.remotecontrolser,0,Thread-341696,877,Throwable.java,665,void java.lang.Throwable.printStackTrace(java.lang.Throwable$PrintStreamOrWriter),,0,null,100]
08-22 06:51:24.356 I/liblog ( 2326): 2
08-22 06:51:24.356 I/liblog ( 2326): 7
08-22 06:51:24.356 I/liblog ( 2326): 6
08-22 06:51:24.357 I/liblog ( 2326): 4
08-22 06:51:24.357 I/liblog ( 2326): 5
08-22 06:51:24.358 I/liblog ( 2326): 6
08-22 06:51:24.358 I/liblog ( 2326): 6
08-22 06:51:24.359 I/liblog ( 2326): 11
08-22 06:51:24.359 I/liblog ( 2326): 1
08-22 06:51:24.359 I/liblog ( 2326): 4
08-22 06:51:24.360 I/liblog ( 2326): 4
08-22 06:51:24.360 I/liblog ( 2326): 8
08-22 06:51:24.373 I/liblog ( 2326): 32
08-22 06:51:24.373 I/dvm_lock_sample( 2326): [com.thundercomm.remotecontrolser,0,Thread-341694,866,Throwable.java,665,void java.lang.Throwable.printStackTrace(java.lang.Throwable$PrintStreamOrWriter),,0,null,100]
08-22 06:51:24.378 I/liblog ( 2326): 8
08-22 06:51:24.378 I/dvm_lock_sample( 2326): [com.thundercomm.remotecontrolser,0,Thread-341695,873,Throwable.java,665,void java.lang.Throwable.printStackTrace(java.lang.Throwable$PrintStreamOrWriter),,0,null,100]
08-22 06:51:24.388 I/liblog ( 2326): 64
08-22 06:51:24.388 I/dvm_lock_sample( 2326): [com.thundercomm.remotecontrolser,0,Thread-341702,871,Throwable.java,665,void java.lang.Throwable.printStackTrace(java.lang.Throwable$PrintStreamOrWriter),,0,null,100]
08-22 06:51:24.389 I/liblog ( 2326): 3
08-22 06:51:24.403 I/liblog ( 2326): 6
08-22 06:51:24.403 I/dvm_lock_sample( 2326): [com.thundercomm.remotecontrolser,0,Thread-341697,875,Throwable.java,665,void java.lang.Throwable.printStackTrace(java.lang.Throwable$PrintStreamOrWriter),,0,null,100]
08-22 06:51:24.412 I/dvm_lock_sample( 2326): [com.thundercomm.remotecontrolser,0,Thread-341708,889,Throwable.java,665,void java.lang.Throwable.printStackTrace(java.lang.Throwable$PrintStreamOrWriter),,0,null,100]
08-22 06:51:24.414 I/dvm_lock_sample( 2326): [com.thundercomm.remotecontrolser,0,Thread-341707,894,Throwable.java,665,void java.lang.Throwable.printStackTrace(java.lang.Throwable$PrintStreamOrWriter),,0,null,100]
08-22 06:51:24.417 I/liblog ( 2326): 2
08-22 06:51:24.417 I/dvm_lock_sample( 2326): [com.thundercomm.remotecontrolser,0,Thread-341416,1633,Throwable.java,665,void java.lang.Throwable.printStackTrace(java.lang.Throwable$PrintStreamOrWriter),,0,null,100]
08-22 06:51:24.417 I/liblog ( 2326): 2
08-22 06:51:24.417 I/liblog ( 2326): 11
08-22 06:51:24.418 I/liblog ( 2326): 3
08-22 06:51:24.419 I/liblog ( 2326): 12
08-22 06:51:24.423 I/liblog ( 2326): 6
08-22 06:51:24.423 I/dvm_lock_sample( 2326): [com.thundercomm.remotecontrolser,0,Thread-341711,895,Throwable.java,665,void java.lang.Throwable.printStackTrace(java.lang.Throwable$PrintStreamOrWriter),,0,null,100]
08-22 06:51:24.424 I/liblog ( 2326): 4
08-22 06:51:24.425 I/liblog ( 2326): 2
08-22 06:51:24.425 I/dvm_lock_sample( 2326): [com.thundercomm.remotecontrolser,0,Thread-341710,899,Throwable.java,665,void java.lang.Throwable.printStackTrace(java.lang.Throwable$PrintStreamOrWriter),,0,null,100]
08-22 06:51:24.428 I/liblog ( 2326): 5
08-22 06:51:24.429 I/liblog ( 2326): 3
08-22 06:51:24.430 I/liblog ( 2326): 2
08-22 06:51:24.430 I/liblog ( 2326): 12
01-01 00:38:35.857 I/IRQ 5 ( 0): no longer affine to CPU7
08-22 06:51:24.434 I/liblog ( 2326): 1
08-22 06:51:24.434 I/dvm_lock_sample( 2326): [com.thundercomm.remotecontrolser,0,Thread-341715,898,Throwable.java,665,void java.lang.Throwable.printStackTrace(java.lang.Throwable$PrintStreamOrWriter),,0,null,100]
08-22 06:51:24.435 I/liblog ( 2326): 4
08-22 06:51:24.437 I/liblog ( 2326): 1
08-22 06:51:24.437 I/liblog ( 2326): 14
08-22 06:51:24.438 I/liblog ( 2326): 3
08-22 06:51:24.438 I/liblog ( 2326): 5
08-22 06:51:24.438 I/liblog ( 2326): 5
08-22 06:51:24.439 I/liblog ( 2326): 4
08-22 06:51:24.439 I/liblog ( 2326): 3
08-22 06:51:24.441 I/liblog ( 2326): 28
08-22 06:51:24.442 I/liblog ( 2326): 4
08-22 06:51:24.443 I/liblog ( 2326): 6
08-22 06:51:24.444 I/liblog ( 2326): 6
08-22 06:51:24.444 I/liblog ( 2326): 9
08-22 06:51:24.444 I/liblog ( 2326): 7
08-22 06:51:24.455 I/liblog ( 2326): 85
08-22 06:51:24.455 I/dvm_lock_sample( 2326): [com.thundercomm.remotecontrolser,0,Thread-341730,892,Throwable.java,665,void java.lang.Throwable.printStackTrace(java.lang.Throwable$PrintStreamOrWriter),,0,null,100]
08-22 06:51:24.455 I/liblog ( 2326): 8
08-22 06:51:24.456 I/liblog ( 2326): 6
08-22 06:51:24.457 I/liblog ( 2326): 3
08-22 06:51:24.457 I/dvm_lock_sample( 2326): [com.thundercomm.remotecontrolser,0,Thread-341414,1646,Throwable.java,665,void java.lang.Throwable.printStackTrace(java.lang.Throwable$PrintStreamOrWriter),,0,null,100]
08-22 06:51:24.458 I/liblog ( 2326): 6
08-22 06:51:24.458 I/liblog ( 2326): 3
08-22 06:51:24.459 I/liblog ( 2326): 5
08-22 06:51:24.459 I/dvm_lock_sample( 2326): [com.thundercomm.remotecontrolser,0,Thread-341727,897,Throwable.java,665,void java.lang.Throwable.printStackTrace(java.lang.Throwable$PrintStreamOrWriter),,0,null,100]
08-22 06:51:24.459 I/liblog ( 2326): 11
08-22 06:51:24.463 I/liblog ( 2326): 5
08-22 06:51:24.463 I/dvm_lock_sample( 2326): [com.thundercomm.remotecontrolser,0,Thread-343025,1648,Throwable.java,665,void java.lang.Throwable.printStackTrace(java.lang.Throwable$PrintStreamOrWriter),,0,null,100]
08-22 06:51:24.472 I/liblog ( 2326): 82
08-22 06:51:24.472 I/liblog ( 2326): 1
08-22 06:51:24.472 I/liblog ( 2326): 5
08-22 06:51:24.473 I/liblog ( 2326): 6
08-22 06:51:24.479 I/liblog ( 2326): 4
08-22 06:51:24.479 I/dvm_lock_sample( 2326): [com.thundercomm.remotecontrolser,0,Thread-341736,896,Throwable.java,665,void java.lang.Throwable.printStackTrace(java.lang.Throwable$PrintStreamOrWriter),,0,null,100]
08-22 06:51:24.482 I/liblog ( 2326): 1
08-22 06:51:24.482 I/liblog ( 2326): 3
08-22 06:51:24.483 I/liblog ( 2326): 3
08-22 06:51:24.484 I/liblog ( 2326): 3
08-22 06:51:24.485 I/liblog ( 2326): 13
08-22 06:51:24.485 I/dvm_lock_sample( 2326): [com.thundercomm.remotecontrolser,0,Thread-341438,1670,Throwable.java,665,void java.lang.Throwable.printStackTrace(java.lang.Throwable$PrintStreamOrWriter),,0,null,100]
08-22 06:51:24.486 I/liblog ( 2326): 12
08-22 06:51:24.489 I/liblog ( 2326): 5
08-22 06:51:24.489 I/dvm_lock_sample( 2326): [com.thundercomm.remotecontrolser,0,Thread-341737,907,Throwable.java,665,void java.lang.Throwable.printStackTrace(java.lang.Throwable$PrintStreamOrWriter),,0,null,100]
08-22 06:51:24.490 I/liblog ( 2326): 1
08-22 06:51:24.497 I/liblog ( 2326): 6
08-22 06:51:24.497 I/dvm_lock_sample( 2326): [com.thundercomm.remotecontrolser,0,Thread-341738,905,Throwable.java,665,void java.lang.Throwable.printStackTrace(java.lang.Throwable$PrintStreamOrWriter),,0,null,100]
08-22 06:51:24.505 I/dvm_lock_sample( 2326): [com.thundercomm.remotecontrolser,0,Thread-341742,911,Throwable.java,665,void java.lang.Throwable.printStackTrace(java.lang.Throwable$PrintStreamOrWriter),,0,null,100]
08-22 06:51:24.507 I/dvm_lock_sample( 2326): [com.thundercomm.remotecontrolser,0,Thread-341739,915,Throwable.java,665,void java.lang.Throwable.printStackTrace(java.lang.Throwable$PrintStreamOrWriter),,0,null,100]
08-22 06:51:24.510 I/liblog ( 2326): 8
08-22 06:51:24.511 I/liblog ( 2326): 8
08-22 06:51:24.511 I/liblog ( 2326): 2
08-22 06:51:24.511 I/liblog ( 2326): 7
08-22 06:51:24.512 I/liblog ( 2326): 6
08-22 06:51:24.512 I/liblog ( 2326): 4
08-22 06:51:24.513 I/liblog ( 2326): 12
08-22 06:51:24.513 I/liblog ( 2326): 1
08-22 06:51:24.513 I/liblog ( 2326): 4
08-22 06:51:24.513 I/liblog ( 2326): 2
08-22 06:51:24.514 I/liblog ( 2326): 9
08-22 06:51:24.515 I/liblog ( 2326): 12
08-22 06:51:24.515 I/liblog ( 2326): 6
08-22 06:51:24.515 I/liblog ( 2326): 1
08-22 06:51:24.515 I/liblog ( 2326): 6
08-22 06:51:24.516 I/liblog ( 2326): 7
08-22 06:51:24.518 I/liblog ( 2326): 3
08-22 06:51:24.518 I/dvm_lock_sample( 2326): [com.thundercomm.remotecontrolser,0,Thread-341743,910,Throwable.java,665,void java.lang.Throwable.printStackTrace(java.lang.Throwable$PrintStreamOrWriter),,0,null,100]
08-22 06:51:24.519 I/liblog ( 2326): 3
08-22 06:51:24.520 I/liblog ( 2326): 6
08-22 06:51:24.520 I/liblog ( 2326): 6
08-22 06:51:24.520 I/liblog ( 2326): 6
08-22 06:51:24.521 I/liblog ( 2326): 5
08-22 06:51:24.521 I/liblog ( 2326): 7
08-22 06:51:24.521 I/liblog ( 2326): 9
08-22 06:51:24.523 I/liblog ( 2326): 2
08-22 06:51:24.523 I/liblog ( 2326): 2
08-22 06:51:24.523 I/liblog ( 2326): 6
08-22 06:51:24.524 I/liblog ( 2326): 5
08-22 06:51:24.524 I/liblog ( 2326): 3
08-22 06:51:24.524 I/liblog ( 2326): 5
08-22 06:51:24.525 I/liblog ( 2326): 8
08-22 06:51:24.525 I/liblog ( 2326): 8
08-22 06:51:24.526 I/liblog ( 2326): 4
08-22 06:51:24.527 I/liblog ( 2326): 3
08-22 06:51:24.527 I/liblog ( 2326): 4
08-22 06:51:24.527 I/liblog ( 2326): 7
08-22 06:51:24.529 I/liblog ( 2326): 4
08-22 06:51:24.529 I/dvm_lock_sample( 2326): [com.thundercomm.remotecontrolser,0,Thread-341755,904,Throwable.java,665,void java.lang.Throwable.printStackTrace(java.lang.Throwable$PrintStreamOrWriter),,0,null,100]
08-22 06:51:24.531 I/liblog ( 2326): 2
08-22 06:51:24.532 I/liblog ( 2326): 6
08-22 06:51:24.532 I/liblog ( 2326): 1
08-22 06:51:24.532 I/liblog ( 2326): 7
08-22 06:51:24.537 I/liblog ( 2326): 8
08-22 06:51:24.537 I/dvm_lock_sample( 2326): [com.thundercomm.remotecontrolser,0,Thread-341757,902,Throwable.java,665,void java.lang.Throwable.printStackTrace(java.lang.Throwable$PrintStreamOrWriter),,0,null,100]
08-22 06:51:24.554 I/dvm_lock_sample( 2326): [com.thundercomm.remotecontrolser,0,Thread-341758,918,Throwable.java,665,void java.lang.Throwable.printStackTrace(java.lang.Throwable$PrintStreamOrWriter),,0,null,100]
08-22 06:51:24.558 I/dvm_lock_sample( 2326): [com.thundercomm.remotecontrolser,0,Thread-341762,913,Throwable.java,665,void java.lang.Throwable.printStackTrace(java.lang.Throwable$PrintStreamOrWriter),,0,null,100]
08-22 06:51:24.562 I/dvm_lock_sample( 2326): [com.thundercomm.remotecontrolser,0,Thread-341425,1695,Throwable.java,665,void java.lang.Throwable.printStackTrace(java.lang.Throwable$PrintStreamOrWriter),,0,null,100]
08-22 06:51:24.565 I/dvm_lock_sample( 2326): [com.thundercomm.remotecontrolser,0,Thread-341760,918,Throwable.java,665,void java.lang.Throwable.printStackTrace(java.lang.Throwable$PrintStreamOrWriter),,0,null,100]
08-22 06:51:24.571 I/liblog ( 2326): 2
08-22 06:51:24.572 I/liblog ( 2326): 2
08-22 06:51:24.572 I/liblog ( 2326): 2
08-22 06:51:24.573 I/liblog ( 2326): 9
08-22 06:51:24.573 I/liblog ( 2326): 6
08-22 06:51:24.574 I/liblog ( 2326): 4
08-22 06:51:24.574 I/liblog ( 2326): 10
08-22 06:51:24.574 I/liblog ( 2326): 6
08-22 06:51:24.575 I/liblog ( 2326): 8
08-22 06:51:24.576 I/liblog ( 2326): 6
08-22 06:51:24.576 I/dvm_lock_sample( 2326): [com.thundercomm.remotecontrolser,0,Thread-341767,919,Throwable.java,665,void java.lang.Throwable.printStackTrace(java.lang.Throwable$PrintStreamOrWriter),,0,null,100]
08-22 06:51:24.578 I/liblog ( 2326): 9
08-22 06:51:24.579 I/liblog ( 2326): 6
08-22 06:51:24.579 I/dvm_lock_sample( 2326): [com.thundercomm.remotecontrolser,0,Thread-341768,923,Throwable.java,665,void java.lang.Throwable.printStackTrace(java.lang.Throwable$PrintStreamOrWriter),,0,null,100]
08-22 06:51:24.580 I/liblog ( 2326): 17
08-22 06:51:24.580 I/liblog ( 2326): 2
08-22 06:51:24.581 I/liblog ( 2326): 15
08-22 06:51:24.581 I/liblog ( 2326): 10
08-22 06:51:24.581 I/liblog ( 2326): 6
08-22 06:51:24.582 I/liblog ( 2326): 7
08-22 06:51:24.582 I/liblog ( 2326): 6
08-22 06:51:24.583 I/liblog ( 2326): 3
08-22 06:51:24.583 I/liblog ( 2326): 1
08-22 06:51:24.583 I/liblog ( 2326): 10
08-22 06:51:24.590 I/liblog ( 2326): 6
08-22 06:51:24.590 I/dvm_lock_sample( 2326): [com.thundercomm.remotecontrolser,0,Thread-341772,896,Throwable.java,665,void java.lang.Throwable.printStackTrace(java.lang.Throwable$PrintStreamOrWriter),,0,null,100]
08-22 06:51:24.594 I/liblog ( 2326): 7
08-22 06:51:24.605 I/liblog ( 2326): 12
08-22 06:51:24.605 I/dvm_lock_sample( 2326): [com.thundercomm.remotecontrolser,0,Thread-341775,889,Throwable.java,665,void java.lang.Throwable.printStackTrace(java.lang.Throwable$PrintStreamOrWriter),,0,null,100]
08-22 06:51:24.608 I/dvm_lock_sample( 2326): [com.thundercomm.remotecontrolser,0,Thread-341777,892,Throwable.java,665,void java.lang.Throwable.printStackTrace(java.lang.Throwable$PrintStreamOrWriter),,0,null,100]
08-22 06:51:24.612 I/dvm_lock_sample( 2326): [com.thundercomm.remotecontrolser,0,Thread-341435,1717,Throwable.java,665,void java.lang.Throwable.printStackTrace(java.lang.Throwable$PrintStreamOrWriter),,0,null,100]
08-22 06:51:24.614 I/liblog ( 2326): 1
08-22 06:51:24.615 I/liblog ( 2326): 8
08-22 06:51:24.615 I/dvm_lock_sample( 2326): [com.thundercomm.remotecontrolser,0,Thread-341779,893,Throwable.java,665,void java.lang.Throwable.printStackTrace(java.lang.Throwable$PrintStreamOrWriter),,0,null,100]
08-22 06:51:24.616 I/liblog ( 2326): 1
08-22 06:51:24.616 I/liblog ( 2326): 4
08-22 06:51:24.616 I/liblog ( 2326): 6
08-22 06:51:24.617 I/liblog ( 2326): 5
08-22 06:51:24.617 I/liblog ( 2326): 1
08-22 06:51:24.617 I/liblog ( 2326): 1
08-22 06:51:24.617 I/liblog ( 2326): 9
08-22 06:51:24.618 I/liblog ( 2326): 8
08-22 06:51:24.618 I/liblog ( 2326): 5
08-22 06:51:24.618 I/liblog ( 2326): 10
08-22 06:51:24.619 I/liblog ( 2326): 3
08-22 06:51:24.619 I/liblog ( 2326): 3
08-22 06:51:24.620 I/liblog ( 2326): 13
08-22 06:51:24.620 I/liblog ( 2326): 1
08-22 06:51:24.620 I/dvm_lock_sample( 2326): [com.thundercomm.remotecontrolser,0,Thread-341783,888,Throwable.java,665,void java.lang.Throwable.printStackTrace(java.lang.Throwable$PrintStreamOrWriter),,0,null,100]
08-22 06:51:24.621 I/liblog ( 2326): 13
08-22 06:51:24.621 I/liblog ( 2326): 5
08-22 06:51:24.622 I/liblog ( 2326): 8
08-22 06:51:24.623 I/liblog ( 2326): 7
08-22 06:51:24.623 I/dvm_lock_sample( 2326): [com.thundercomm.remotecontrolser,0,Thread-341785,884,Throwable.java,665,void java.lang.Throwable.printStackTrace(java.lang.Throwable$PrintStreamOrWriter),,0,null,100]
08-22 06:51:24.623 I/liblog ( 2326): 1
08-22 06:51:24.623 I/liblog ( 2326): 8
08-22 06:51:24.624 I/liblog ( 2326): 7
08-22 06:51:24.624 I/dvm_lock_sample( 2326): [com.thundercomm.remotecontrolser,0,Thread-341479,1718,Throwable.java,665,void java.lang.Throwable.printStackTrace(java.lang.Throwable$PrintStreamOrWriter),,0,null,100]
08-22 06:51:24.625 I/liblog ( 2326): 5
08-22 06:51:24.625 I/liblog ( 2326): 6
08-22 06:51:24.626 I/liblog ( 2326): 4
08-22 06:51:24.626 I/liblog ( 2326): 1
08-22 06:51:24.627 I/liblog ( 2326): 3
08-22 06:51:24.627 I/liblog ( 2326): 7
08-22 06:51:24.627 I/liblog ( 2326): 6
08-22 06:51:24.628 I/liblog ( 2326): 4
08-22 06:51:24.628 I/liblog ( 2326): 6
08-22 06:51:24.633 I/liblog ( 2326): 6
08-22 06:51:24.633 I/dvm_lock_sample( 2326): [com.thundercomm.remotecontrolser,0,Thread-341789,869,Throwable.java,665,void java.lang.Throwable.printStackTrace(java.lang.Throwable$PrintStreamOrWriter),,0,null,100]
08-22 06:51:24.635 I/liblog ( 2326): 5
08-22 06:51:24.636 I/liblog ( 2326): 4
08-22 06:51:24.636 I/liblog ( 2326): 6
08-22 06:51:24.637 I/liblog ( 2326): 11
08-22 06:51:24.637 I/liblog ( 2326): 2
08-22 06:51:24.638 I/liblog ( 2326): 2
08-22 06:51:24.638 I/liblog ( 2326): 7
08-22 06:51:24.638 I/liblog ( 2326): 6
08-22 06:51:24.639 I/liblog ( 2326): 4
08-22 06:51:24.639 I/liblog ( 2326): 6
08-22 06:51:24.639 I/liblog ( 2326): 4
08-22 06:51:24.640 I/liblog ( 2326): 6
08-22 06:51:24.640 I/liblog ( 2326): 8
08-22 06:51:24.640 I/liblog ( 2326): 8
08-22 06:51:24.641 I/liblog ( 2326): 4
08-22 06:51:24.641 I/liblog ( 2326): 7
08-22 06:51:24.642 I/liblog ( 2326): 3
08-22 06:51:24.642 I/liblog ( 2326): 4
08-22 06:51:24.642 I/liblog ( 2326): 9
08-22 06:51:24.643 I/liblog ( 2326): 7
08-22 06:51:24.643 I/liblog ( 2326): 1
08-22 06:51:24.645 I/liblog ( 2326): 3
08-22 06:51:24.648 I/liblog ( 2326): 6
08-22 06:51:24.648 I/dvm_lock_sample( 2326): [com.thundercomm.remotecontrolser,0,Thread-341800,856,Throwable.java,665,void java.lang.Throwable.printStackTrace(java.lang.Throwable$PrintStreamOrWriter),,0,null,100]
08-22 06:51:24.654 I/liblog ( 2326): 1
08-22 06:51:24.654 I/liblog ( 2326): 6
08-22 06:51:24.655 I/liblog ( 2326): 5
08-22 06:51:24.655 I/liblog ( 2326): 7
08-22 06:51:24.655 I/liblog ( 2326): 5
08-22 06:51:24.656 I/liblog ( 2326): 7
08-22 06:51:24.657 I/liblog ( 2326): 8
08-22 06:51:24.657 I/liblog ( 2326): 4
08-22 06:51:24.658 I/liblog ( 2326): 10
08-22 06:51:24.658 I/liblog ( 2326): 5
08-22 06:51:24.659 I/liblog ( 2326): 6
08-22 06:51:24.660 I/liblog ( 2326): 6
08-22 06:51:24.667 I/liblog ( 2326): 33
08-22 06:51:24.667 I/dvm_lock_sample( 2326): [com.thundercomm.remotecontrolser,0,Thread-341803,847,Throwable.java,665,void java.lang.Throwable.printStackTrace(java.lang.Throwable$PrintStreamOrWriter),,0,null,100]
08-22 06:51:24.675 I/liblog ( 2326): 8
08-22 06:51:24.675 I/dvm_lock_sample( 2326): [com.thundercomm.remotecontrolser,0,Thread-341507,1722,Throwable.java,665,void java.lang.Throwable.printStackTrace(java.lang.Throwable$PrintStreamOrWriter),,0,null,100]
