08-22 06:50:54.076 I/liblog ( 2326): 6
08-22 06:50:54.077 I/liblog ( 2326): 11
08-22 06:50:54.077 I/liblog ( 2326): 6
08-22 06:50:54.077 I/liblog ( 2326): 7
08-22 06:50:54.078 I/liblog ( 2326): 6
08-22 06:50:54.078 I/liblog ( 2326): 1
08-22 06:50:54.094 I/liblog ( 2326): 2
08-22 06:50:54.107 I/liblog ( 2326): 16
08-22 06:50:54.124 I/liblog ( 2326): 62
08-22 06:50:54.140 I/liblog ( 2326): 50
08-22 06:50:54.153 I/liblog ( 2326): 43
08-22 06:50:54.157 I/liblog ( 2326): 29
08-22 06:50:54.162 I/liblog ( 2326): 16
08-22 06:50:54.172 I/liblog ( 2326): 96
08-22 06:50:54.174 I/liblog ( 2326): 3
08-22 06:50:54.175 I/liblog ( 2326): 5
08-22 06:50:54.175 I/liblog ( 2326): 6
08-22 06:50:54.182 I/liblog ( 2326): 75
08-22 06:50:54.699 I/liblog ( 2326): 1
08-22 06:50:54.699 I/liblog ( 2326): 4
08-22 06:50:54.699 I/liblog ( 2326): 1
08-22 06:50:54.700 I/liblog ( 2326): 1
08-22 06:50:54.700 I/liblog ( 2326): 3
08-22 06:50:54.700 I/liblog ( 2326): 1
08-22 06:50:54.702 I/liblog ( 2326): 6
08-22 06:50:54.702 I/liblog ( 2326): 4
08-22 06:50:54.702 I/liblog ( 2326): 5
08-22 06:50:54.703 I/liblog ( 2326): 4
08-22 06:50:54.703 I/liblog ( 2326): 7
08-22 06:50:54.703 I/liblog ( 2326): 6
08-22 06:50:54.703 I/liblog ( 2326): 2
08-22 06:50:54.704 I/liblog ( 2326): 9
08-22 06:50:54.704 I/liblog ( 2326): 6
08-22 06:50:54.705 I/liblog ( 2326): 6
08-22 06:50:54.705 I/liblog ( 2326): 6
08-22 06:50:54.706 I/liblog ( 2326): 3
08-22 06:50:54.707 I/liblog ( 2326): 2
08-22 06:50:54.707 I/liblog ( 2326): 3
08-22 06:50:54.708 I/liblog ( 2326): 2
08-22 06:50:54.708 I/liblog ( 2326): 4
08-22 06:50:54.709 I/liblog ( 2326): 3
08-22 06:50:54.709 I/liblog ( 2326): 11
08-22 06:50:54.709 I/liblog ( 2326): 5
08-22 06:50:54.710 I/liblog ( 2326): 6
08-22 06:50:54.710 I/liblog ( 2326): 5
08-22 06:50:54.710 I/liblog ( 2326): 5
08-22 06:50:54.711 I/liblog ( 2326): 7
08-22 06:50:54.711 I/liblog ( 2326): 7
08-22 06:50:54.711 I/liblog ( 2326): 3
08-22 06:50:54.711 I/liblog ( 2326): 1
08-22 06:50:54.712 I/liblog ( 2326): 7
08-22 06:50:54.712 I/liblog ( 2326): 6
08-22 06:50:54.712 I/liblog ( 2326): 4
08-22 06:50:54.713 I/liblog ( 2326): 7
08-22 06:50:54.713 I/liblog ( 2326): 9
08-22 06:50:54.714 I/liblog ( 2326): 6
08-22 06:50:54.714 I/liblog ( 2326): 5
08-22 06:50:54.714 I/liblog ( 2326): 5
08-22 06:50:54.714 I/liblog ( 2326): 6
08-22 06:50:54.715 I/liblog ( 2326): 10
08-22 06:50:54.715 I/liblog ( 2326): 4
08-22 06:50:54.716 I/liblog ( 2326): 12
08-22 06:50:54.716 I/liblog ( 2326): 1
08-22 06:50:54.717 I/liblog ( 2326): 7
08-22 06:50:54.717 I/liblog ( 2326): 9
08-22 06:50:54.717 I/liblog ( 2326): 5
08-22 06:50:54.718 I/liblog ( 2326): 5
08-22 06:50:54.718 I/liblog ( 2326): 6
08-22 06:50:54.718 I/liblog ( 2326): 4
08-22 06:50:54.719 I/liblog ( 2326): 7
08-22 06:50:54.719 I/liblog ( 2326): 6
08-22 06:50:54.719 I/liblog ( 2326): 7
08-22 06:50:54.720 I/liblog ( 2326): 5
08-22 06:50:54.720 I/liblog ( 2326): 5
08-22 06:50:54.720 I/liblog ( 2326): 6
08-22 06:50:54.721 I/liblog ( 2326): 6
08-22 06:50:54.721 I/liblog ( 2326): 5
08-22 06:50:54.723 I/liblog ( 2326): 5
08-22 06:50:54.723 I/liblog ( 2326): 5
08-22 06:50:54.724 I/liblog ( 2326): 4
08-22 06:50:54.724 I/liblog ( 2326): 7
08-22 06:50:54.725 I/liblog ( 2326): 6
08-22 06:50:54.725 I/liblog ( 2326): 1
08-22 06:50:54.726 I/liblog ( 2326): 7
08-22 06:50:54.726 I/liblog ( 2326): 6
08-22 06:50:54.726 I/liblog ( 2326): 1
08-22 06:50:54.726 I/liblog ( 2326): 6
08-22 06:50:54.727 I/liblog ( 2326): 9
08-22 06:50:54.729 I/liblog ( 2326): 14
08-22 06:50:54.729 I/liblog ( 2326): 6
08-22 06:50:54.730 I/liblog ( 2326): 14
08-22 06:50:54.730 I/liblog ( 2326): 6
08-22 06:50:54.730 I/liblog ( 2326): 5
08-22 06:50:54.731 I/liblog ( 2326): 5
08-22 06:50:54.731 I/liblog ( 2326): 6
08-22 06:50:54.733 I/liblog ( 2326): 6
08-22 06:50:54.734 I/liblog ( 2326): 6
08-22 06:50:54.739 I/liblog ( 2326): 2
08-22 06:50:54.741 I/liblog ( 2326): 3
08-22 06:50:54.742 I/liblog ( 2326): 6
08-22 06:50:54.748 I/liblog ( 2326): 4
08-22 06:50:54.750 I/liblog ( 2326): 2
08-22 06:50:54.751 I/liblog ( 2326): 6
08-22 06:50:54.751 I/liblog ( 2326): 10
08-22 06:50:54.752 I/liblog ( 2326): 6
08-22 06:50:54.753 I/liblog ( 2326): 4
08-22 06:50:54.753 I/liblog ( 2326): 6
08-22 06:50:54.753 I/liblog ( 2326): 5
08-22 06:50:54.754 I/liblog ( 2326): 3
08-22 06:50:54.754 I/liblog ( 2326): 7
08-22 06:50:54.754 I/liblog ( 2326): 5
08-22 06:50:54.755 I/liblog ( 2326): 1
08-22 06:50:54.755 I/liblog ( 2326): 3
08-22 06:50:54.756 I/liblog ( 2326): 7
08-22 06:50:54.756 I/liblog ( 2326): 6
08-22 06:50:54.756 I/liblog ( 2326): 2
08-22 06:50:54.757 I/liblog ( 2326): 8
08-22 06:50:54.757 I/liblog ( 2326): 6
08-22 06:50:54.758 I/liblog ( 2326): 1
08-22 06:50:54.758 I/liblog ( 2326): 6
08-22 06:50:54.758 I/liblog ( 2326): 5
08-22 06:50:54.763 I/liblog ( 2326): 4
08-22 06:50:54.772 I/liblog ( 2326): 3
08-22 06:50:54.780 I/liblog ( 2326): 6
08-22 06:50:54.787 I/liblog ( 2326): 4
08-22 06:50:54.787 I/liblog ( 2326): 4
08-22 06:50:54.787 I/liblog ( 2326): 7
08-22 06:50:54.788 I/liblog ( 2326): 6
08-22 06:50:54.789 I/liblog ( 2326): 13
08-22 06:50:54.793 I/liblog ( 2326): 1
08-22 06:50:54.795 I/liblog ( 2326): 4
08-22 06:50:54.795 I/liblog ( 2326): 6
08-22 06:50:54.800 I/liblog ( 2326): 6
08-22 06:50:54.802 I/liblog ( 2326): 3
08-22 06:50:54.803 I/liblog ( 2326): 1
08-22 06:50:54.804 I/liblog ( 2326): 2
08-22 06:50:54.804 I/liblog ( 2326): 2
08-22 06:50:54.806 I/liblog ( 2326): 3
08-22 06:50:54.807 I/liblog ( 2326): 6
08-22 06:50:54.812 I/liblog ( 2326): 2
08-22 06:50:54.816 I/liblog ( 2326): 5
08-22 06:50:54.816 I/liblog ( 2326): 5
08-22 06:50:54.816 I/liblog ( 2326): 4
08-22 06:50:54.817 I/liblog ( 2326): 8
08-22 06:50:54.817 I/liblog ( 2326): 6
08-22 06:50:54.817 I/liblog ( 2326): 2
08-22 06:50:54.818 I/liblog ( 2326): 7
08-22 06:50:54.818 I/liblog ( 2326): 5
08-22 06:50:54.820 I/liblog ( 2326): 4
08-22 06:50:54.821 I/liblog ( 2326): 8
08-22 06:50:54.821 I/liblog ( 2326): 3
08-22 06:50:54.822 I/liblog ( 2326): 8
08-22 06:50:54.822 I/liblog ( 2326): 6
08-22 06:50:54.823 I/liblog ( 2326): 7
08-22 06:50:54.823 I/liblog ( 2326): 4
08-22 06:50:54.823 I/liblog ( 2326): 6
08-22 06:50:54.823 I/liblog ( 2326): 6
08-22 06:50:54.824 I/liblog ( 2326): 5
08-22 06:50:54.825 I/liblog ( 2326): 5
08-22 06:50:54.825 I/liblog ( 2326): 2
08-22 06:50:54.825 I/liblog ( 2326): 7
08-22 06:50:54.826 I/liblog ( 2326): 6
08-22 06:50:54.826 I/liblog ( 2326): 3
08-22 06:50:54.826 I/liblog ( 2326): 7
08-22 06:50:54.827 I/liblog ( 2326): 6
08-22 06:50:54.828 I/liblog ( 2326): 8
08-22 06:50:54.829 I/liblog ( 2326): 6
08-22 06:50:54.864 I/liblog ( 2326): 5
08-22 06:50:54.864 I/liblog ( 2326): 1
08-22 06:50:54.865 I/liblog ( 2326): 10
08-22 06:50:54.866 I/liblog ( 2326): 6
08-22 06:50:54.866 I/dvm_lock_sample( 2326): [com.thundercomm.remotecontrolser,0,Thread-331468,42,Throwable.java,665,void java.lang.Throwable.printStackTrace(java.lang.Throwable$PrintStreamOrWriter),,0,null,8]
08-22 06:50:54.869 I/liblog ( 2326): 3
08-22 06:50:54.869 I/liblog ( 2326): 5
08-22 06:50:54.870 I/liblog ( 2326): 6
08-22 06:50:54.870 I/liblog ( 2326): 5
08-22 06:50:54.870 I/liblog ( 2326): 6
08-22 06:50:54.870 I/liblog ( 2326): 3
08-22 06:50:54.871 I/liblog ( 2326): 7
08-22 06:50:54.871 I/liblog ( 2326): 5
08-22 06:50:54.871 I/liblog ( 2326): 3
08-22 06:50:54.872 I/liblog ( 2326): 6
08-22 06:50:54.872 I/liblog ( 2326): 5
08-22 06:50:54.872 I/liblog ( 2326): 5
08-22 06:50:54.873 I/liblog ( 2326): 4
08-22 06:50:54.873 I/liblog ( 2326): 10
08-22 06:50:54.873 I/liblog ( 2326): 3
08-22 06:50:54.874 I/liblog ( 2326): 4
08-22 06:50:54.874 I/liblog ( 2326): 7
08-22 06:50:54.874 I/liblog ( 2326): 6
08-22 06:50:54.875 I/liblog ( 2326): 10
08-22 06:50:54.875 I/liblog ( 2326): 6
08-22 06:50:54.875 I/liblog ( 2326): 5
08-22 06:50:54.876 I/liblog ( 2326): 6
08-22 06:50:54.877 I/liblog ( 2326): 3
08-22 06:50:54.877 I/liblog ( 2326): 1
08-22 06:50:54.877 I/liblog ( 2326): 5
08-22 06:50:54.878 I/liblog ( 2326): 6
08-22 06:50:54.878 I/liblog ( 2326): 5
08-22 06:50:54.878 I/liblog ( 2326): 2
08-22 06:50:54.879 I/liblog ( 2326): 6
08-22 06:50:54.879 I/liblog ( 2326): 7
08-22 06:50:54.885 I/liblog ( 2326): 3
08-22 06:50:54.887 I/liblog ( 2326): 4
08-22 06:50:54.887 I/liblog ( 2326): 6
08-22 06:50:54.888 I/liblog ( 2326): 10
08-22 06:50:54.893 I/liblog ( 2326): 6
08-22 06:50:54.921 I/liblog ( 2326): 1
08-22 06:50:54.921 I/liblog ( 2326): 1
08-22 06:50:54.922 I/liblog ( 2326): 6
08-22 06:50:54.922 I/liblog ( 2326): 7
08-22 06:50:54.923 I/liblog ( 2326): 4
08-22 06:50:54.923 I/liblog ( 2326): 8
08-22 06:50:54.924 I/liblog ( 2326): 7
08-22 06:50:54.925 I/liblog ( 2326): 15
08-22 06:50:54.926 I/liblog ( 2326): 2
08-22 06:50:54.926 I/liblog ( 2326): 9
08-22 06:50:54.926 I/liblog ( 2326): 6
08-22 06:50:54.927 I/liblog ( 2326): 4
08-22 06:50:54.927 I/liblog ( 2326): 7
08-22 06:50:54.927 I/liblog ( 2326): 6
08-22 06:50:54.927 I/liblog ( 2326): 4
08-22 06:50:54.928 I/liblog ( 2326): 7
08-22 06:50:54.928 I/liblog ( 2326): 6
08-22 06:50:54.929 I/liblog ( 2326): 4
08-22 06:50:54.929 I/liblog ( 2326): 10
08-22 06:50:54.930 I/liblog ( 2326): 12
08-22 06:50:54.949 I/liblog ( 2326): 6
08-22 06:50:55.079 I/liblog ( 2326): 1
08-22 06:50:55.084 I/liblog ( 2326): 2
08-22 06:50:55.085 I/liblog ( 2326): 5
08-22 06:50:55.085 I/liblog ( 2326): 6
08-22 06:50:55.085 I/liblog ( 2326): 4
08-22 06:50:55.085 I/liblog ( 2326): 7
08-22 06:50:55.087 I/liblog ( 2326): 6
08-22 06:50:55.088 I/liblog ( 2326): 2
08-22 06:50:55.088 I/liblog ( 2326): 3
08-22 06:50:55.088 I/liblog ( 2326): 2
08-22 06:50:55.088 I/liblog ( 2326): 3
08-22 06:50:55.089 I/liblog ( 2326): 2
08-22 06:50:55.089 I/liblog ( 2326): 5
08-22 06:50:55.089 I/liblog ( 2326): 6
08-22 06:50:55.091 I/liblog ( 2326): 6
08-22 06:50:55.091 I/liblog ( 2326): 4
08-22 06:50:55.092 I/liblog ( 2326): 6
08-22 06:50:55.097 I/liblog ( 2326): 2
08-22 06:50:55.104 I/liblog ( 2326): 7
08-22 06:50:55.114 I/liblog ( 2326): 6
08-22 06:50:55.152 I/liblog ( 2326): 1
08-22 06:50:55.152 I/liblog ( 2326): 3
08-22 06:50:55.153 I/liblog ( 2326): 7
08-22 06:50:55.153 I/liblog ( 2326): 5
08-22 06:50:55.153 I/liblog ( 2326): 4
08-22 06:50:55.154 I/liblog ( 2326): 5
08-22 06:50:55.154 I/liblog ( 2326): 6
08-22 06:50:55.154 I/liblog ( 2326): 5
08-22 06:50:55.154 I/liblog ( 2326): 2
08-22 06:50:55.155 I/liblog ( 2326): 7
08-22 06:50:55.165 I/liblog ( 2326): 8
08-22 06:50:55.185 I/liblog ( 2326): 2
08-22 06:50:55.185 I/liblog ( 2326): 6
08-22 06:50:55.187 I/liblog ( 2326): 3
08-22 06:50:55.188 I/liblog ( 2326): 6
08-22 06:50:55.188 I/liblog ( 2326): 6
08-22 06:50:55.188 I/liblog ( 2326): 8
08-22 06:50:55.189 I/liblog ( 2326): 8
08-22 06:50:55.189 I/liblog ( 2326): 4
08-22 06:50:55.189 I/liblog ( 2326): 7
08-22 06:50:55.201 I/liblog ( 2326): 6
08-22 06:50:55.220 I/liblog ( 2326): 1
08-22 06:50:55.220 I/liblog ( 2326): 5
08-22 06:50:55.221 I/liblog ( 2326): 3
08-22 06:50:55.221 I/liblog ( 2326): 8
08-22 06:50:55.221 I/liblog ( 2326): 6
08-22 06:50:55.222 I/liblog ( 2326): 3
08-22 06:50:55.222 I/liblog ( 2326): 8
08-22 06:50:55.223 I/liblog ( 2326): 6
08-22 06:50:55.224 I/liblog ( 2326): 1
08-22 06:50:55.229 I/liblog ( 2326): 11
08-22 06:50:55.232 I/liblog ( 2326): 9
08-22 06:50:55.233 I/liblog ( 2326): 5
08-22 06:50:55.233 I/liblog ( 2326): 6
08-22 06:50:55.237 I/liblog ( 2326): 6
08-22 06:50:55.239 I/liblog ( 2326): 2
08-22 06:50:55.240 I/liblog ( 2326): 5
08-22 06:50:55.241 I/liblog ( 2326): 7
08-22 06:50:55.242 I/liblog ( 2326): 3
08-22 06:50:55.242 I/liblog ( 2326): 6
08-22 06:50:55.249 I/liblog ( 2326): 5
08-22 06:50:55.254 I/liblog ( 2326): 4
08-22 06:50:55.254 I/liblog ( 2326): 7
08-22 06:50:55.254 I/liblog ( 2326): 4
08-22 06:50:55.255 I/liblog ( 2326): 6
08-22 06:50:55.255 I/liblog ( 2326): 6
08-22 06:50:55.258 I/liblog ( 2326): 5
08-22 06:50:55.262 I/liblog ( 2326): 4
08-22 06:50:55.264 I/liblog ( 2326): 4
08-22 06:50:55.264 I/liblog ( 2326): 6
08-22 06:50:55.265 I/liblog ( 2326): 6
08-22 06:50:55.266 I/liblog ( 2326): 4
08-22 06:50:55.267 I/liblog ( 2326): 4
08-22 06:50:55.267 I/liblog ( 2326): 6
08-22 06:50:55.268 I/liblog ( 2326): 6
08-22 06:50:55.268 I/liblog ( 2326): 6
08-22 06:50:55.276 I/liblog ( 2326): 5
08-22 06:50:55.285 I/liblog ( 2326): 4
08-22 06:50:55.285 I/liblog ( 2326): 6
08-22 06:50:55.286 I/liblog ( 2326): 5
08-22 06:50:55.286 I/liblog ( 2326): 5
08-22 06:50:55.287 I/liblog ( 2326): 7
08-22 06:50:55.296 I/liblog ( 2326): 4
08-22 06:50:55.303 I/liblog ( 2326): 1
08-22 06:50:55.304 I/liblog ( 2326): 5
08-22 06:50:55.304 I/liblog ( 2326): 6
08-22 06:50:55.304 I/liblog ( 2326): 5
08-22 06:50:55.305 I/liblog ( 2326): 1
08-22 06:50:55.305 I/liblog ( 2326): 2
08-22 06:50:55.305 I/liblog ( 2326): 3
08-22 06:50:55.306 I/liblog ( 2326): 4
08-22 06:50:55.307 I/liblog ( 2326): 6
08-22 06:50:55.307 I/liblog ( 2326): 6
08-22 06:50:55.307 I/liblog ( 2326): 6
08-22 06:50:55.307 I/liblog ( 2326): 4
08-22 06:50:55.308 I/liblog ( 2326): 5
08-22 06:50:55.308 I/liblog ( 2326): 6
08-22 06:50:55.318 I/liblog ( 2326): 5
08-22 06:50:55.328 I/liblog ( 2326): 3
08-22 06:50:55.328 I/liblog ( 2326): 3
08-22 06:50:55.333 I/liblog ( 2326): 1
08-22 06:50:55.335 I/liblog ( 2326): 1
08-22 06:50:55.335 I/liblog ( 2326): 3
08-22 06:50:55.336 I/liblog ( 2326): 3
08-22 06:50:55.336 I/liblog ( 2326): 3
08-22 06:50:55.337 I/liblog ( 2326): 2
08-22 06:50:55.337 I/liblog ( 2326): 2
08-22 06:50:55.337 I/liblog ( 2326): 8
08-22 06:50:55.357 I/liblog ( 2326): 6
08-22 06:50:55.367 I/liblog ( 2326): 4
08-22 06:50:55.375 I/liblog ( 2326): 7
08-22 06:50:55.496 I/liblog ( 2326): 1
08-22 06:50:55.497 I/liblog ( 2326): 5
08-22 06:50:55.497 I/liblog ( 2326): 4
08-22 06:50:55.498 I/liblog ( 2326): 6
08-22 06:50:55.498 I/liblog ( 2326): 6
08-22 06:50:55.499 I/liblog ( 2326): 6
08-22 06:50:55.499 I/liblog ( 2326): 6
08-22 06:50:55.499 I/liblog ( 2326): 4
08-22 06:50:55.499 I/liblog ( 2326): 7
08-22 06:50:55.500 I/liblog ( 2326): 6
08-22 06:50:55.500 I/liblog ( 2326): 4
08-22 06:50:55.500 I/liblog ( 2326): 5
08-22 06:50:55.501 I/liblog ( 2326): 6
08-22 06:50:55.502 I/liblog ( 2326): 6
08-22 06:50:55.502 I/liblog ( 2326): 4
08-22 06:50:55.502 I/liblog ( 2326): 7
08-22 06:50:55.503 I/liblog ( 2326): 4
08-22 06:50:55.503 I/liblog ( 2326): 6
08-22 06:50:55.504 I/liblog ( 2326): 10
08-22 06:50:55.505 I/liblog ( 2326): 2
08-22 06:50:55.507 I/liblog ( 2326): 11
08-22 06:50:55.509 I/liblog ( 2326): 7
08-22 06:50:55.509 I/liblog ( 2326): 2
08-22 06:50:55.510 I/liblog ( 2326): 7
08-22 06:50:55.510 I/liblog ( 2326): 6
08-22 06:50:55.510 I/liblog ( 2326): 5
08-22 06:50:55.511 I/liblog ( 2326): 7
08-22 06:50:55.512 I/liblog ( 2326): 5
08-22 06:50:55.513 I/liblog ( 2326): 6
08-22 06:50:55.513 I/liblog ( 2326): 5
08-22 06:50:55.518 I/liblog ( 2326): 1
08-22 06:50:55.530 I/liblog ( 2326): 2
08-22 06:50:55.530 I/liblog ( 2326): 8
08-22 06:50:55.531 I/liblog ( 2326): 5
08-22 06:50:55.531 I/liblog ( 2326): 5
08-22 06:50:55.532 I/liblog ( 2326): 10
08-22 06:50:55.533 I/liblog ( 2326): 15
08-22 06:50:55.534 I/liblog ( 2326): 6
08-22 06:50:55.534 I/liblog ( 2326): 6
08-22 06:50:55.534 I/liblog ( 2326): 3
08-22 06:50:55.535 I/liblog ( 2326): 10
08-22 06:50:55.535 I/liblog ( 2326): 6
08-22 06:50:55.536 I/liblog ( 2326): 2
08-22 06:50:55.536 I/liblog ( 2326): 3
08-22 06:50:55.537 I/liblog ( 2326): 3
08-22 06:50:55.537 I/liblog ( 2326): 2
08-22 06:50:55.537 I/liblog ( 2326): 4
08-22 06:50:55.539 I/liblog ( 2326): 1
08-22 06:50:55.539 I/liblog ( 2326): 6
08-22 06:50:55.540 I/liblog ( 2326): 6
08-22 06:50:55.540 I/liblog ( 2326): 4
08-22 06:50:55.540 I/liblog ( 2326): 7
08-22 06:50:55.556 I/liblog ( 2326): 6
08-22 06:50:55.649 I/liblog ( 2326): 1
08-22 06:50:55.650 I/liblog ( 2326): 5
08-22 06:50:55.650 I/liblog ( 2326): 4
08-22 06:50:55.650 I/liblog ( 2326): 6
08-22 06:50:55.650 I/liblog ( 2326): 6
08-22 06:50:55.651 I/liblog ( 2326): 4
08-22 06:50:55.651 I/liblog ( 2326): 7
08-22 06:50:55.651 I/liblog ( 2326): 7
08-22 06:50:55.653 I/liblog ( 2326): 2
08-22 06:50:55.654 I/liblog ( 2326): 6
08-22 06:50:55.654 I/liblog ( 2326): 6
08-22 06:50:55.655 I/liblog ( 2326): 12
08-22 06:50:55.656 I/liblog ( 2326): 3
08-22 06:50:55.656 I/liblog ( 2326): 6
08-22 06:50:55.656 I/liblog ( 2326): 4
08-22 06:50:55.658 I/liblog ( 2326): 5
08-22 06:50:55.658 I/liblog ( 2326): 2
08-22 06:50:55.658 I/liblog ( 2326): 6
08-22 06:50:55.661 I/liblog ( 2326): 5
08-22 06:50:55.663 I/liblog ( 2326): 5
08-22 06:50:55.663 I/liblog ( 2326): 5
08-22 06:50:55.664 I/liblog ( 2326): 6
08-22 06:50:55.671 I/liblog ( 2326): 5
08-22 06:50:55.675 I/liblog ( 2326): 3
08-22 06:50:55.675 I/liblog ( 2326): 6
08-22 06:50:55.676 I/liblog ( 2326): 6
08-22 06:50:55.677 I/liblog ( 2326): 4
08-22 06:50:55.677 I/liblog ( 2326): 8
08-22 06:50:55.678 I/liblog ( 2326): 2
08-22 06:50:55.678 I/liblog ( 2326): 1
08-22 06:50:55.679 I/liblog ( 2326): 12
08-22 06:50:55.680 I/liblog ( 2326): 1
08-22 06:50:55.681 I/liblog ( 2326): 7
08-22 06:50:55.681 I/liblog ( 2326): 7
08-22 06:50:55.681 I/liblog ( 2326): 6
08-22 06:50:55.682 I/liblog ( 2326): 6
08-22 06:50:55.684 I/liblog ( 2326): 5
08-22 06:50:55.685 I/liblog ( 2326): 5
08-22 06:50:55.688 I/liblog ( 2326): 4
08-22 06:50:55.689 I/liblog ( 2326): 2
08-22 06:50:55.690 I/liblog ( 2326): 4
08-22 06:50:55.691 I/liblog ( 2326): 6
08-22 06:50:55.694 I/liblog ( 2326): 6
08-22 06:50:55.698 I/liblog ( 2326): 5
08-22 06:50:55.698 I/liblog ( 2326): 3
08-22 06:50:55.702 I/liblog ( 2326): 4
08-22 06:50:55.703 I/liblog ( 2326): 4
08-22 06:50:55.704 I/liblog ( 2326): 8
08-22 06:50:55.704 I/liblog ( 2326): 5
08-22 06:50:55.704 I/liblog ( 2326): 4
08-22 06:50:55.705 I/liblog ( 2326): 1
08-22 06:50:55.705 I/liblog ( 2326): 13
08-22 06:50:55.706 I/liblog ( 2326): 2
08-22 06:50:55.706 I/liblog ( 2326): 5
08-22 06:50:55.707 I/liblog ( 2326): 4
08-22 06:50:55.708 I/liblog ( 2326): 6
08-22 06:50:55.708 I/liblog ( 2326): 1
08-22 06:50:55.709 I/liblog ( 2326): 9
08-22 06:50:55.709 I/liblog ( 2326): 4
08-22 06:50:55.709 I/liblog ( 2326): 3
08-22 06:50:55.710 I/liblog ( 2326): 7
08-22 06:50:55.710 I/liblog ( 2326): 9
08-22 06:50:55.711 I/liblog ( 2326): 5
08-22 06:50:55.711 I/liblog ( 2326): 3
08-22 06:50:55.712 I/liblog ( 2326): 2
08-22 06:50:55.712 I/liblog ( 2326): 2
08-22 06:50:55.712 I/liblog ( 2326): 4
08-22 06:50:55.712 I/liblog ( 2326): 5
08-22 06:50:55.713 I/liblog ( 2326): 6
08-22 06:50:55.713 I/liblog ( 2326): 6
08-22 06:50:55.713 I/liblog ( 2326): 3
08-22 06:50:55.714 I/liblog ( 2326): 7
08-22 06:50:55.714 I/liblog ( 2326): 7
08-22 06:50:55.714 I/liblog ( 2326): 2
08-22 06:50:55.714 I/liblog ( 2326): 7
08-22 06:50:55.715 I/liblog ( 2326): 7
08-22 06:50:55.715 I/liblog ( 2326): 4
08-22 06:50:55.715 I/liblog ( 2326): 8
08-22 06:50:55.716 I/liblog ( 2326): 6
08-22 06:50:55.716 I/liblog ( 2326): 2
08-22 06:50:55.716 I/liblog ( 2326): 8
08-22 06:50:55.717 I/liblog ( 2326): 5
08-22 06:50:55.717 I/liblog ( 2326): 2
08-22 06:50:55.717 I/liblog ( 2326): 4
08-22 06:50:55.717 I/liblog ( 2326): 7
08-22 06:50:55.718 I/liblog ( 2326): 1
08-22 06:50:55.718 I/liblog ( 2326): 4
08-22 06:50:55.719 I/liblog ( 2326): 3
08-22 06:50:55.719 I/liblog ( 2326): 12
08-22 06:50:55.720 I/liblog ( 2326): 6
08-22 06:50:55.720 I/liblog ( 2326): 6
08-22 06:50:55.721 I/liblog ( 2326): 6
08-22 06:50:55.722 I/liblog ( 2326): 1
08-22 06:50:55.723 I/liblog ( 2326): 7
08-22 06:50:55.723 I/liblog ( 2326): 2
08-22 06:50:55.724 I/liblog ( 2326): 1
08-22 06:50:55.724 I/liblog ( 2326): 3
08-22 06:50:55.724 I/liblog ( 2326): 2
08-22 06:50:55.725 I/liblog ( 2326): 4
08-22 06:50:55.725 I/liblog ( 2326): 2
08-22 06:50:55.725 I/liblog ( 2326): 2
08-22 06:50:55.725 I/liblog ( 2326): 3
08-22 06:50:55.726 I/liblog ( 2326): 6
08-22 06:50:55.726 I/liblog ( 2326): 5
08-22 06:50:55.726 I/liblog ( 2326): 6
08-22 06:50:55.727 I/liblog ( 2326): 6
08-22 06:50:55.727 I/liblog ( 2326): 7
08-22 06:50:55.727 I/liblog ( 2326): 5
08-22 06:50:55.728 I/liblog ( 2326): 8
08-22 06:50:55.728 I/liblog ( 2326): 5
08-22 06:50:55.729 I/liblog ( 2326): 3
08-22 06:50:55.730 I/liblog ( 2326): 14
08-22 06:50:55.731 I/liblog ( 2326): 4
08-22 06:50:55.731 I/liblog ( 2326): 5
08-22 06:50:55.731 I/liblog ( 2326): 5
08-22 06:50:55.732 I/liblog ( 2326): 10
08-22 06:50:55.732 I/liblog ( 2326): 6
08-22 06:50:55.733 I/liblog ( 2326): 2
08-22 06:50:55.733 I/liblog ( 2326): 3
08-22 06:50:55.733 I/liblog ( 2326): 2
08-22 06:50:55.734 I/liblog ( 2326): 3
08-22 06:50:55.734 I/liblog ( 2326): 2
08-22 06:50:55.734 I/liblog ( 2326): 4
08-22 06:50:55.734 I/liblog ( 2326): 1
08-22 06:50:55.735 I/liblog ( 2326): 8
08-22 06:50:55.735 I/liblog ( 2326): 6
08-22 06:50:55.735 I/liblog ( 2326): 4
08-22 06:50:55.736 I/liblog ( 2326): 7
08-22 06:50:55.736 I/liblog ( 2326): 7
08-22 06:50:55.736 I/liblog ( 2326): 4
08-22 06:50:55.737 I/liblog ( 2326): 8
08-22 06:50:55.737 I/liblog ( 2326): 6
08-22 06:50:55.737 I/liblog ( 2326): 4
08-22 06:50:55.738 I/liblog ( 2326): 7
08-22 06:50:55.738 I/liblog ( 2326): 6
08-22 06:50:55.738 I/liblog ( 2326): 4
08-22 06:50:55.739 I/liblog ( 2326): 7
08-22 06:50:55.739 I/liblog ( 2326): 6
08-22 06:50:55.739 I/liblog ( 2326): 3
08-22 06:50:55.739 I/liblog ( 2326): 7
08-22 06:50:55.746 I/liblog ( 2326): 6
08-22 06:50:55.750 I/liblog ( 2326): 2
08-22 06:50:55.751 I/liblog ( 2326): 1
08-22 06:50:55.751 I/liblog ( 2326): 3
08-22 06:50:55.751 I/liblog ( 2326): 4
08-22 06:50:55.752 I/liblog ( 2326): 3
08-22 06:50:55.752 I/liblog ( 2326): 3
08-22 06:50:55.753 I/liblog ( 2326): 3
08-22 06:50:55.753 I/liblog ( 2326): 7
08-22 06:50:55.754 I/liblog ( 2326): 6
08-22 06:50:55.754 I/liblog ( 2326): 6
08-22 06:50:55.755 I/liblog ( 2326): 6
08-22 06:50:55.756 I/liblog ( 2326): 5
08-22 06:50:55.756 I/liblog ( 2326): 6
08-22 06:50:55.756 I/liblog ( 2326): 7
08-22 06:50:55.758 I/liblog ( 2326): 2
08-22 06:50:55.758 I/liblog ( 2326): 1
08-22 06:50:55.763 I/liblog ( 2326): 10
08-22 06:50:55.763 I/liblog ( 2326): 2
08-22 06:50:55.768 I/liblog ( 2326): 6
08-22 06:50:55.772 I/liblog ( 2326): 1
08-22 06:50:55.772 I/liblog ( 2326): 5
08-22 06:50:55.777 I/liblog ( 2326): 2
08-22 06:50:55.790 I/liblog ( 2326): 1
08-22 06:50:55.791 I/liblog ( 2326): 6
08-22 06:50:55.791 I/liblog ( 2326): 4
08-22 06:50:55.791 I/liblog ( 2326): 4
08-22 06:50:55.792 I/liblog ( 2326): 6
08-22 06:50:55.793 I/liblog ( 2326): 16
08-22 06:50:55.793 I/liblog ( 2326): 6
08-22 06:50:55.794 I/liblog ( 2326): 1
08-22 06:50:55.794 I/liblog ( 2326): 2
08-22 06:50:55.794 I/liblog ( 2326): 4
08-22 06:50:55.795 I/liblog ( 2326): 2
08-22 06:50:55.795 I/liblog ( 2326): 1
08-22 06:50:55.795 I/liblog ( 2326): 3
08-22 06:50:55.795 I/liblog ( 2326): 3
08-22 06:50:55.796 I/liblog ( 2326): 2
08-22 06:50:55.796 I/liblog ( 2326): 6
08-22 06:50:55.796 I/liblog ( 2326): 7
08-22 06:50:55.797 I/liblog ( 2326): 3
08-22 06:50:55.797 I/liblog ( 2326): 15
08-22 06:50:55.798 I/liblog ( 2326): 4
08-22 06:50:55.798 I/liblog ( 2326): 7
08-22 06:50:55.798 I/liblog ( 2326): 6
08-22 06:50:55.799 I/liblog ( 2326): 5
08-22 06:50:55.799 I/liblog ( 2326): 7
08-22 06:50:55.801 I/liblog ( 2326): 5
08-22 06:50:55.801 I/liblog ( 2326): 3
08-22 06:50:55.812 I/liblog ( 2326): 7
08-22 06:50:55.859 I/liblog ( 2326): 5
08-22 06:50:55.895 I/liblog ( 2326): 2
08-22 06:50:55.922 I/liblog ( 2326): 3
08-22 06:50:55.923 I/liblog ( 2326): 6
08-22 06:50:55.924 I/liblog ( 2326): 6
08-22 06:50:55.925 I/liblog ( 2326): 5
08-22 06:50:55.928 I/liblog ( 2326): 1
08-22 06:50:55.934 I/liblog ( 2326): 4
08-22 06:50:55.942 I/liblog ( 2326): 1
08-22 06:50:55.943 I/liblog ( 2326): 2
08-22 06:50:55.944 I/liblog ( 2326): 6
08-22 06:50:55.944 I/liblog ( 2326): 2
08-22 06:50:55.946 I/liblog ( 2326): 11
08-22 06:50:55.946 I/liblog ( 2326): 1
08-22 06:50:55.947 I/liblog ( 2326): 3
08-22 06:50:55.947 I/liblog ( 2326): 2
08-22 06:50:55.947 I/liblog ( 2326): 4
08-22 06:50:55.948 I/liblog ( 2326): 2
08-22 06:50:55.948 I/liblog ( 2326): 2
08-22 06:50:55.949 I/liblog ( 2326): 8
08-22 06:50:55.949 I/liblog ( 2326): 6
08-22 06:50:55.949 I/liblog ( 2326): 5
08-22 06:50:55.949 I/liblog ( 2326): 6
08-22 06:50:55.950 I/liblog ( 2326): 6
08-22 06:50:55.950 I/liblog ( 2326): 1
08-22 06:50:55.950 I/liblog ( 2326): 2
08-22 06:50:55.951 I/liblog ( 2326): 3
08-22 06:50:55.951 I/liblog ( 2326): 3
08-22 06:50:55.951 I/liblog ( 2326): 2
08-22 06:50:55.952 I/liblog ( 2326): 3
08-22 06:50:55.952 I/liblog ( 2326): 2
08-22 06:50:55.952 I/liblog ( 2326): 5
08-22 06:50:55.953 I/liblog ( 2326): 6
08-22 06:50:55.954 I/liblog ( 2326): 6
08-22 06:50:55.954 I/liblog ( 2326): 3
08-22 06:50:55.954 I/liblog ( 2326): 6
08-22 06:50:55.955 I/liblog ( 2326): 6
08-22 06:50:55.956 I/liblog ( 2326): 1
08-22 06:50:55.956 I/liblog ( 2326): 7
08-22 06:50:55.957 I/liblog ( 2326): 1
08-22 06:50:55.957 I/liblog ( 2326): 3
08-22 06:50:55.960 I/liblog ( 2326): 3
08-22 06:50:55.962 I/liblog ( 2326): 6
08-22 06:50:55.962 I/liblog ( 2326): 3
08-22 06:50:55.967 I/liblog ( 2326): 7
08-22 06:50:55.969 I/liblog ( 2326): 2
08-22 06:50:55.969 I/liblog ( 2326): 2
08-22 06:50:55.969 I/liblog ( 2326): 6
08-22 06:50:55.970 I/liblog ( 2326): 6
08-22 06:50:55.970 I/liblog ( 2326): 5
08-22 06:50:55.970 I/liblog ( 2326): 6
08-22 06:50:55.971 I/liblog ( 2326): 6
08-22 06:50:55.972 I/liblog ( 2326): 6
08-22 06:50:55.972 I/liblog ( 2326): 6
08-22 06:50:55.973 I/liblog ( 2326): 1
08-22 06:50:55.973 I/liblog ( 2326): 6
08-22 06:50:55.973 I/liblog ( 2326): 6
08-22 06:50:55.979 I/liblog ( 2326): 5
08-22 06:50:55.981 I/liblog ( 2326): 1
08-22 06:50:55.982 I/liblog ( 2326): 7
08-22 06:50:55.982 I/liblog ( 2326): 2
08-22 06:50:55.983 I/liblog ( 2326): 7
08-22 06:50:55.983 I/liblog ( 2326): 6
08-22 06:50:55.983 I/liblog ( 2326): 3
08-22 06:50:55.984 I/liblog ( 2326): 7
08-22 06:50:55.984 I/liblog ( 2326): 7
08-22 06:50:55.985 I/liblog ( 2326): 2
08-22 06:50:55.986 I/liblog ( 2326): 1
08-22 06:50:55.986 I/liblog ( 2326): 7
08-22 06:50:55.986 I/liblog ( 2326): 6
08-22 06:50:55.986 I/liblog ( 2326): 3
08-22 06:50:55.987 I/liblog ( 2326): 8
08-22 06:50:55.987 I/liblog ( 2326): 6
08-22 06:50:55.988 I/liblog ( 2326): 4
08-22 06:50:55.988 I/liblog ( 2326): 6
08-22 06:50:55.995 I/liblog ( 2326): 6
08-22 06:50:56.000 I/liblog ( 2326): 1
08-22 06:50:56.004 I/liblog ( 2326): 1
08-22 06:50:56.006 I/liblog ( 2326): 11
08-22 06:50:56.006 I/liblog ( 2326): 3
08-22 06:50:56.008 I/liblog ( 2326): 2
08-22 06:50:56.008 I/liblog ( 2326): 7
08-22 06:50:56.015 I/liblog ( 2326): 5
08-22 06:50:56.045 I/liblog ( 2326): 5
08-22 06:50:56.045 I/liblog ( 2326): 4
08-22 06:50:56.045 I/liblog ( 2326): 6
08-22 06:50:56.046 I/liblog ( 2326): 6
08-22 06:50:56.046 I/liblog ( 2326): 4
08-22 06:50:56.046 I/liblog ( 2326): 7
08-22 06:50:56.049 I/liblog ( 2326): 6
08-22 06:50:56.050 I/liblog ( 2326): 4
08-22 06:50:56.050 I/liblog ( 2326): 5
08-22 06:50:56.050 I/liblog ( 2326): 8
08-22 06:50:56.050 I/liblog ( 2326): 7
08-22 06:50:56.051 I/liblog ( 2326): 1
08-22 06:50:56.051 I/liblog ( 2326): 1
08-22 06:50:56.052 I/liblog ( 2326): 8
08-22 06:50:56.052 I/liblog ( 2326): 6
08-22 06:50:56.053 I/liblog ( 2326): 1
08-22 06:50:56.053 I/liblog ( 2326): 5
08-22 06:50:56.054 I/liblog ( 2326): 4
08-22 06:50:56.055 I/liblog ( 2326): 5
08-22 06:50:56.055 I/liblog ( 2326): 4
08-22 06:50:56.055 I/liblog ( 2326): 2
08-22 06:50:56.056 I/liblog ( 2326): 2
08-22 06:50:56.057 I/liblog ( 2326): 5
08-22 06:50:56.057 I/liblog ( 2326): 5
08-22 06:50:56.057 I/liblog ( 2326): 6
08-22 06:50:56.058 I/liblog ( 2326): 6
08-22 06:50:56.058 I/liblog ( 2326): 6
08-22 06:50:56.058 I/liblog ( 2326): 8
08-22 06:50:56.078 I/liblog ( 2326): 2
08-22 06:50:56.143 I/liblog ( 2326): 15
08-22 06:50:56.153 I/liblog ( 2326): 5
08-22 06:50:56.176 I/liblog ( 2326): 54
08-22 06:50:56.191 I/liblog ( 2326): 3
08-22 06:50:56.220 I/liblog ( 2326): 2
08-22 06:50:56.221 I/liblog ( 2326): 3
08-22 06:50:56.221 I/liblog ( 2326): 8
08-22 06:50:56.221 I/liblog ( 2326): 6
08-22 06:50:56.221 I/liblog ( 2326): 4
08-22 06:50:56.222 I/liblog ( 2326): 7
08-22 06:50:56.228 I/liblog ( 2326): 6
08-22 06:50:56.233 I/liblog ( 2326): 1
08-22 06:50:56.237 I/liblog ( 2326): 1
08-22 06:50:56.247 I/liblog ( 2326): 3
08-22 06:50:56.248 I/liblog ( 2326): 2
08-22 06:50:56.250 I/liblog ( 2326): 12
08-22 06:50:56.251 I/liblog ( 2326): 3
08-22 06:50:56.251 I/liblog ( 2326): 7
08-22 06:50:56.252 I/liblog ( 2326): 4
08-22 06:50:56.252 I/liblog ( 2326): 4
08-22 06:50:56.253 I/liblog ( 2326): 10
08-22 06:50:56.254 I/liblog ( 2326): 11
08-22 06:50:56.254 I/liblog ( 2326): 4
08-22 06:50:56.254 I/liblog ( 2326): 5
08-22 06:50:56.255 I/liblog ( 2326): 5
08-22 06:50:56.255 I/liblog ( 2326): 6
08-22 06:50:56.256 I/liblog ( 2326): 1
08-22 06:50:56.257 I/liblog ( 2326): 4
08-22 06:50:56.257 I/liblog ( 2326): 9
08-22 06:50:56.258 I/liblog ( 2326): 2
08-22 06:50:56.258 I/liblog ( 2326): 7
08-22 06:50:56.258 I/liblog ( 2326): 5
08-22 06:50:56.258 I/liblog ( 2326): 3
08-22 06:50:56.259 I/liblog ( 2326): 4
08-22 06:50:56.259 I/liblog ( 2326): 7
08-22 06:50:56.260 I/liblog ( 2326): 6
08-22 06:50:56.260 I/liblog ( 2326): 8
08-22 06:50:56.261 I/liblog ( 2326): 6
08-22 06:50:56.262 I/liblog ( 2326): 3
08-22 06:50:56.262 I/liblog ( 2326): 7
08-22 06:50:56.264 I/liblog ( 2326): 6
08-22 06:50:56.265 I/liblog ( 2326): 6
08-22 06:50:56.265 I/liblog ( 2326): 14
08-22 06:50:56.266 I/liblog ( 2326): 5
08-22 06:50:56.266 I/liblog ( 2326): 12
08-22 06:50:56.267 I/liblog ( 2326): 5
08-22 06:50:56.267 I/liblog ( 2326): 4
08-22 06:50:56.268 I/liblog ( 2326): 2
08-22 06:50:56.268 I/liblog ( 2326): 3
08-22 06:50:56.268 I/liblog ( 2326): 3
08-22 06:50:56.269 I/liblog ( 2326): 3
08-22 06:50:56.269 I/liblog ( 2326): 1
08-22 06:50:56.270 I/liblog ( 2326): 6
08-22 06:50:56.270 I/liblog ( 2326): 6
08-22 06:50:56.270 I/liblog ( 2326): 4
08-22 06:50:56.271 I/liblog ( 2326): 3
08-22 06:50:56.271 I/liblog ( 2326): 3
08-22 06:50:56.271 I/liblog ( 2326): 3
08-22 06:50:56.271 I/liblog ( 2326): 3
08-22 06:50:56.272 I/liblog ( 2326): 3
08-22 06:50:56.273 I/liblog ( 2326): 2
08-22 06:50:56.273 I/liblog ( 2326): 2
08-22 06:50:56.273 I/liblog ( 2326): 2
08-22 06:50:56.274 I/liblog ( 2326): 3
08-22 06:50:56.274 I/liblog ( 2326): 2
08-22 06:50:56.274 I/liblog ( 2326): 3
08-22 06:50:56.275 I/liblog ( 2326): 3
08-22 06:50:56.275 I/liblog ( 2326): 1
08-22 06:50:56.275 I/liblog ( 2326): 7
08-22 06:50:56.276 I/liblog ( 2326): 9
08-22 06:50:56.276 I/liblog ( 2326): 10
08-22 06:50:56.277 I/liblog ( 2326): 6
08-22 06:50:56.277 I/liblog ( 2326): 9
08-22 06:50:56.277 I/liblog ( 2326): 6
08-22 06:50:56.278 I/liblog ( 2326): 7
08-22 06:50:56.278 I/liblog ( 2326): 11
08-22 06:50:56.279 I/liblog ( 2326): 5
08-22 06:50:56.279 I/liblog ( 2326): 2 --------- beginning of kernel
01-01 00:38:07.681 I/init ( 0): starting service 'qvrd_vndr'...
08-22 06:50:56.279 I/liblog ( 2326): 1
08-22 06:50:56.280 I/liblog ( 2326): 1
08-22 06:50:56.280 I/liblog ( 2326): 1
08-22 06:50:56.281 I/liblog ( 2326): 4
08-22 06:50:56.281 I/liblog ( 2326): 4
08-22 06:50:56.281 I/liblog ( 2326): 6
08-22 06:50:56.282 I/liblog ( 2326): 6
08-22 06:50:56.282 I/liblog ( 2326): 3
08-22 06:50:56.282 I/liblog ( 2326): 8
08-22 06:50:56.282 I/liblog ( 2326): 6
08-22 06:50:56.283 I/liblog ( 2326): 2
08-22 06:50:56.283 I/liblog ( 2326): 10
08-22 06:50:56.283 I/liblog ( 2326): 6
08-22 06:50:56.284 I/liblog ( 2326): 3
08-22 06:50:56.284 I/liblog ( 2326): 8
08-22 06:50:56.285 I/liblog ( 2326): 18
08-22 06:50:56.285 I/liblog ( 2326): 6
08-22 06:50:56.286 I/liblog ( 2326): 7
08-22 06:50:56.286 I/liblog ( 2326): 5
08-22 06:50:56.286 I/liblog ( 2326): 4
08-22 06:50:56.287 I/liblog ( 2326): 6
08-22 06:50:56.287 I/liblog ( 2326): 6
08-22 06:50:56.287 I/liblog ( 2326): 5
08-22 06:50:56.288 I/liblog ( 2326): 6
08-22 06:50:56.288 I/liblog ( 2326): 6
08-22 06:50:56.289 I/liblog ( 2326): 22
08-22 06:50:56.289 I/liblog ( 2326): 4
08-22 06:50:56.290 I/liblog ( 2326): 7
08-22 06:50:56.290 I/liblog ( 2326): 6
08-22 06:50:56.291 I/liblog ( 2326): 2
08-22 06:50:56.291 I/liblog ( 2326): 4
08-22 06:50:56.292 I/liblog ( 2326): 3
08-22 06:50:56.292 I/liblog ( 2326): 3
08-22 06:50:56.293 I/liblog ( 2326): 4
08-22 06:50:56.293 I/liblog ( 2326): 7
08-22 06:50:56.293 I/liblog ( 2326): 5
08-22 06:50:56.293 I/liblog ( 2326): 4
08-22 06:50:56.294 I/liblog ( 2326): 1
08-22 06:50:56.294 I/liblog ( 2326): 7
08-22 06:50:56.294 I/liblog ( 2326): 6
08-22 06:50:56.294 I/liblog ( 2326): 3
08-22 06:50:56.295 I/liblog ( 2326): 5
08-22 06:50:56.295 I/liblog ( 2326): 2
08-22 06:50:56.296 I/liblog ( 2326): 3
08-22 06:50:56.296 I/liblog ( 2326): 2
08-22 06:50:56.298 I/liblog ( 2326): 4
01-01 00:38:07.688 I/init ( 0): Created socket '/dev/socket/qvrservice_vndr', mode 660, user 1000, group 1000
08-22 06:50:56.298 I/liblog ( 2326): 2
08-22 06:50:56.298 I/liblog ( 2326): 5
08-22 06:50:56.299 I/liblog ( 2326): 6
08-22 06:50:56.299 I/liblog ( 2326): 8
01-01 00:38:07.688 D/ ( 0): mv2112_read_status
08-22 06:50:56.300 I/liblog ( 2326): 11
01-01 00:38:07.699 I/init ( 0): Created socket '/dev/socket/qvrservice_vndr_camera', mode 660, user 1000, group 1000
08-22 06:50:56.300 I/liblog ( 2326): 8
01-01 00:38:07.702 D/mv2112_update_link( 0): 3.0x901(1G): 0x80
08-22 06:50:56.301 I/liblog ( 2326): 6
08-22 06:50:56.301 I/liblog ( 2326): 2
08-22 06:50:56.301 I/liblog ( 2326): 7
08-22 06:50:56.301 I/liblog ( 2326): 6
08-22 06:50:56.302 I/liblog ( 2326): 3
08-22 06:50:56.302 I/liblog ( 2326): 12
08-22 06:50:56.303 I/liblog ( 2326): 3
08-22 06:50:56.303 I/liblog ( 2326): 6
08-22 06:50:56.303 I/liblog ( 2326): 5
08-22 06:50:56.303 I/liblog ( 2326): 6
08-22 06:50:56.304 I/liblog ( 2326): 5
08-22 06:50:56.304 I/liblog ( 2326): 7
08-22 06:50:56.305 I/liblog ( 2326): 6
08-22 06:50:56.305 I/liblog ( 2326): 5
08-22 06:50:56.305 I/liblog ( 2326): 7
08-22 06:50:56.306 I/liblog ( 2326): 4
08-22 06:50:56.307 I/liblog ( 2326): 4
08-22 06:50:56.307 I/liblog ( 2326): 5
08-22 06:50:56.307 I/liblog ( 2326): 5
08-22 06:50:56.308 I/liblog ( 2326): 5
08-22 06:50:56.308 I/liblog ( 2326): 5
08-22 06:50:56.309 I/liblog ( 2326): 6
08-22 06:50:56.309 I/liblog ( 2326): 4
08-22 06:50:56.310 I/liblog ( 2326): 3
08-22 06:50:56.310 I/liblog ( 2326): 2
08-22 06:50:56.310 I/liblog ( 2326): 2
08-22 06:50:56.311 I/liblog ( 2326): 11
08-22 06:50:56.311 I/liblog ( 2326): 5
08-22 06:50:56.312 I/liblog ( 2326): 4
08-22 06:50:56.312 I/liblog ( 2326): 9
08-22 06:50:56.319 I/liblog ( 2326): 6
01-01 00:38:07.715 D/mv2112_update_link( 0): 3.0x8109(100M): 0x0
01-01 00:38:07.720 I/init ( 0): starting service 'sxrd'...
01-01 00:38:07.720 D/mv2112_update_link( 0): link 0x0
01-01 00:38:07.729 D/mv2112_read_status( 0): autoneg is disabled
08-22 06:50:56.324 I/liblog ( 2326): 4
08-22 06:50:56.326 I/liblog ( 2326): 8
08-22 06:50:56.327 I/liblog ( 2326): 3
08-22 06:50:56.327 I/liblog ( 2326): 5
08-22 06:50:56.327 I/liblog ( 2326): 5
08-22 06:50:56.328 I/liblog ( 2326): 5
08-22 06:50:56.328 I/liblog ( 2326): 5
08-22 06:50:56.329 I/liblog ( 2326): 4
08-22 06:50:56.331 I/liblog ( 2326): 2
08-22 06:50:56.343 I/liblog ( 2326): 8
01-01 00:38:07.735 I/init ( 0): Service 'qvrd_vndr' (pid 31094) exited with status 1
01-01 00:38:07.742 I/init ( 0): Sending signal 9 to service 'qvrd_vndr' (pid 31094) process group...
01-01 00:38:07.751 I/libprocessgroup( 0): Successfully killed process cgroup uid 1000 pid 31094 in 0ms
01-01 00:38:07.761 I/init ( 0): Service 'sxrd' (pid 31104) exited with status 1
01-01 00:38:07.767 I/init ( 0): Sending signal 9 to service 'sxrd' (pid 31104) process group...
01-01 00:38:07.775 I/libprocessgroup( 0): Successfully killed process cgroup uid 1000 pid 31104 in 0ms
08-22 06:50:56.382 I/liblog ( 2326): 4
08-22 06:50:56.382 I/liblog ( 2326): 6
08-22 06:50:56.382 I/liblog ( 2326): 1
08-22 06:50:56.383 I/liblog ( 2326): 6
08-22 06:50:56.383 I/liblog ( 2326): 6
08-22 06:50:56.383 I/liblog ( 2326): 6
08-22 06:50:56.383 I/liblog ( 2326): 8
08-22 06:50:56.384 I/liblog ( 2326): 6
08-22 06:50:56.384 I/liblog ( 2326): 3
08-22 06:50:56.384 I/liblog ( 2326): 7
08-22 06:50:56.387 I/liblog ( 2326): 7
08-22 06:50:56.388 I/liblog ( 2326): 3
08-22 06:50:56.390 I/liblog ( 2326): 6
08-22 06:50:56.392 I/liblog ( 2326): 7
08-22 06:50:56.392 I/liblog ( 2326): 13
08-22 06:50:56.394 I/liblog ( 2326): 2
08-22 06:50:56.394 I/liblog ( 2326): 5
08-22 06:50:56.395 I/liblog ( 2326): 8
08-22 06:50:56.395 I/liblog ( 2326): 2
08-22 06:50:56.396 I/liblog ( 2326): 9
08-22 06:50:56.397 I/liblog ( 2326): 1
08-22 06:50:56.397 I/liblog ( 2326): 4
08-22 06:50:56.397 I/liblog ( 2326): 12
08-22 06:50:56.398 I/liblog ( 2326): 5
08-22 06:50:56.400 I/liblog ( 2326): 12 --------- beginning of crash
08-22 06:50:56.415 F/linker (31094): CANNOT LINK EXECUTABLE "/vendor/bin/hw/qvrservice": library "vendor.qti.hardware.qxr-V1-ndk_platform.so" not found: needed by /vendor/lib64/libqvrservice.so in namespace (default)
08-22 06:50:56.422 F/linker (31104): CANNOT LINK EXECUTABLE "/vendor/bin/hw/sxrservice": library "vendor.qti.hardware.qxr-V1-ndk_platform.so" not found: needed by main executable
08-22 06:50:56.435 I/liblog ( 2326): 4
08-22 06:50:56.436 I/liblog ( 2326): 3
08-22 06:50:56.436 I/liblog ( 2326): 4
08-22 06:50:56.436 I/liblog ( 2326): 6
08-22 06:50:56.445 I/liblog ( 2326): 6
08-22 06:50:56.463 I/liblog ( 2326): 3
08-22 06:50:56.464 I/liblog ( 2326): 5
08-22 06:50:56.464 I/liblog ( 2326): 5
08-22 06:50:56.465 I/liblog ( 2326): 12
08-22 06:50:56.466 I/liblog ( 2326): 4
08-22 06:50:56.467 I/liblog ( 2326): 4
08-22 06:50:56.468 I/liblog ( 2326): 6
08-22 06:50:56.468 I/liblog ( 2326): 2
08-22 06:50:56.469 I/liblog ( 2326): 8
08-22 06:50:56.469 I/liblog ( 2326): 6
08-22 06:50:56.469 I/liblog ( 2326): 10
08-22 06:50:56.470 I/liblog ( 2326): 8
08-22 06:50:56.470 I/liblog ( 2326): 14
08-22 06:50:56.471 I/liblog ( 2326): 18
08-22 06:50:56.475 I/liblog ( 2326): 3
08-22 06:50:56.476 I/liblog ( 2326): 10
08-22 06:50:56.476 I/liblog ( 2326): 6
08-22 06:50:56.477 I/liblog ( 2326): 2
08-22 06:50:56.477 I/liblog ( 2326): 6
08-22 06:50:56.477 I/liblog ( 2326): 6
08-22 06:50:56.478 I/liblog ( 2326): 5
08-22 06:50:56.478 I/liblog ( 2326): 7
08-22 06:50:56.478 I/liblog ( 2326): 6
08-22 06:50:56.479 I/liblog ( 2326): 1
08-22 06:50:56.479 I/liblog ( 2326): 1
08-22 06:50:56.479 I/liblog ( 2326): 8
08-22 06:50:56.480 I/liblog ( 2326): 6
08-22 06:50:56.480 I/liblog ( 2326): 3
08-22 06:50:56.480 I/liblog ( 2326): 7
08-22 06:50:56.480 I/liblog ( 2326): 5
08-22 06:50:56.481 I/liblog ( 2326): 4
08-22 06:50:56.482 I/liblog ( 2326): 9
08-22 06:50:56.482 I/liblog ( 2326): 10
08-22 06:50:56.482 I/liblog ( 2326): 12
08-22 06:50:56.484 I/liblog ( 2326): 1
08-22 06:50:56.484 I/liblog ( 2326): 4
08-22 06:50:56.485 I/liblog ( 2326): 9
08-22 06:50:56.485 I/liblog ( 2326): 13
08-22 06:50:56.486 I/liblog ( 2326): 3
08-22 06:50:56.486 I/liblog ( 2326): 9
08-22 06:50:56.489 I/liblog ( 2326): 6
08-22 06:50:56.492 I/liblog ( 2326): 6
08-22 06:50:56.498 I/liblog ( 2326): 11
08-22 06:50:56.607 I/liblog ( 2326): 3
08-22 06:50:56.609 I/liblog ( 2326): 3
08-22 06:50:56.610 I/liblog ( 2326): 7
08-22 06:50:56.614 I/liblog ( 2326): 3
08-22 06:50:56.622 I/liblog ( 2326): 2
08-22 06:50:56.627 I/liblog ( 2326): 1
08-22 06:50:56.628 I/liblog ( 2326): 7
08-22 06:50:56.631 I/liblog ( 2326): 6
08-22 06:50:56.632 I/liblog ( 2326): 4
08-22 06:50:56.635 I/liblog ( 2326): 1
08-22 06:50:56.642 I/liblog ( 2326): 4
08-22 06:50:56.673 I/liblog ( 2326): 3
08-22 06:50:56.673 I/liblog ( 2326): 5
08-22 06:50:56.675 I/liblog ( 2326): 5
08-22 06:50:56.676 I/liblog ( 2326): 2
08-22 06:50:56.676 I/liblog ( 2326): 3
08-22 06:50:56.676 I/liblog ( 2326): 1
08-22 06:50:56.677 I/liblog ( 2326): 4
08-22 06:50:56.677 I/liblog ( 2326): 1
08-22 06:50:56.677 I/liblog ( 2326): 1
08-22 06:50:56.678 I/liblog ( 2326): 6
08-22 06:50:56.678 I/liblog ( 2326): 5
08-22 06:50:56.678 I/liblog ( 2326): 5
08-22 06:50:56.679 I/liblog ( 2326): 10
08-22 06:50:56.679 I/liblog ( 2326): 6
08-22 06:50:56.679 I/liblog ( 2326): 5
08-22 06:50:56.680 I/liblog ( 2326): 6
08-22 06:50:56.681 I/liblog ( 2326): 6
08-22 06:50:56.682 I/liblog ( 2326): 2
08-22 06:50:56.683 I/liblog ( 2326): 2
08-22 06:50:56.683 I/liblog ( 2326): 4
08-22 06:50:56.684 I/liblog ( 2326): 1
08-22 06:50:56.684 I/liblog ( 2326): 5
08-22 06:50:56.684 I/liblog ( 2326): 4
08-22 06:50:56.685 I/liblog ( 2326): 3
08-22 06:50:56.686 I/liblog ( 2326): 2
08-22 06:50:56.686 I/liblog ( 2326): 5
08-22 06:50:56.686 I/liblog ( 2326): 5
08-22 06:50:56.687 I/liblog ( 2326): 5
08-22 06:50:56.687 I/liblog ( 2326): 6
08-22 06:50:56.687 I/liblog ( 2326): 5
08-22 06:50:56.689 I/liblog ( 2326): 6
08-22 06:50:56.690 I/liblog ( 2326): 4
08-22 06:50:56.691 I/liblog ( 2326): 6
08-22 06:50:56.692 I/liblog ( 2326): 7
08-22 06:50:56.698 I/liblog ( 2326): 5
08-22 06:50:56.700 I/liblog ( 2326): 1
08-22 06:50:56.703 I/liblog ( 2326): 8
08-22 06:50:56.704 I/liblog ( 2326): 1
08-22 06:50:56.706 I/liblog ( 2326): 6
08-22 06:50:56.707 I/liblog ( 2326): 3
08-22 06:50:56.708 I/liblog ( 2326): 6
08-22 06:50:56.708 I/liblog ( 2326): 5
08-22 06:50:56.708 I/liblog ( 2326): 6
08-22 06:50:56.714 I/liblog ( 2326): 5
08-22 06:50:56.757 I/liblog ( 2326): 1
08-22 06:50:56.758 I/liblog ( 2326): 5
08-22 06:50:56.758 I/liblog ( 2326): 4
08-22 06:50:56.759 I/liblog ( 2326): 7
08-22 06:50:56.759 I/liblog ( 2326): 8
08-22 06:50:56.760 I/liblog ( 2326): 12
08-22 06:50:56.761 I/liblog ( 2326): 3
08-22 06:50:56.762 I/liblog ( 2326): 7
08-22 06:50:56.762 I/liblog ( 2326): 6
08-22 06:50:56.762 I/liblog ( 2326): 6
08-22 06:50:56.763 I/liblog ( 2326): 6
08-22 06:50:56.774 I/liblog ( 2326): 5
08-22 06:50:56.778 I/liblog ( 2326): 1
08-22 06:50:56.780 I/liblog ( 2326): 2
08-22 06:50:56.781 I/liblog ( 2326): 3
08-22 06:50:56.784 I/liblog ( 2326): 6
08-22 06:50:56.785 I/liblog ( 2326): 3
08-22 06:50:56.789 I/liblog ( 2326): 4
08-22 06:50:56.790 I/liblog ( 2326): 12
08-22 06:50:56.791 I/liblog ( 2326): 6
08-22 06:50:56.791 I/liblog ( 2326): 7
08-22 06:50:56.791 I/liblog ( 2326): 6
08-22 06:50:56.795 I/liblog ( 2326): 4
08-22 06:50:56.799 I/liblog ( 2326): 3
08-22 06:50:56.802 I/liblog ( 2326): 3
08-22 06:50:56.802 I/liblog ( 2326): 1
08-22 06:50:56.802 I/liblog ( 2326): 6
08-22 06:50:56.804 I/liblog ( 2326): 6
08-22 06:50:56.805 I/liblog ( 2326): 2
08-22 06:50:56.806 I/liblog ( 2326): 9
08-22 06:50:56.806 I/liblog ( 2326): 6
08-22 06:50:56.807 I/liblog ( 2326): 7
08-22 06:50:56.808 I/liblog ( 2326): 2
08-22 06:50:56.808 I/liblog ( 2326): 3
08-22 06:50:56.814 I/liblog ( 2326): 9
08-22 06:50:56.825 I/liblog ( 2326): 1
08-22 06:50:56.831 I/liblog ( 2326): 6
08-22 06:50:56.831 I/liblog ( 2326): 6
08-22 06:50:56.836 I/liblog ( 2326): 4
08-22 06:50:56.844 I/liblog ( 2326): 11
08-22 06:50:56.850 I/liblog ( 2326): 6
08-22 06:50:56.852 I/liblog ( 2326): 6
08-22 06:50:56.853 I/liblog ( 2326): 12
08-22 06:50:56.853 I/liblog ( 2326): 9
08-22 06:50:56.854 I/liblog ( 2326): 6
08-22 06:50:56.854 I/liblog ( 2326): 1
08-22 06:50:56.854 I/liblog ( 2326): 7
08-22 06:50:56.855 I/liblog ( 2326): 8
08-22 06:50:56.855 I/liblog ( 2326): 1
08-22 06:50:56.855 I/liblog ( 2326): 1
08-22 06:50:56.856 I/liblog ( 2326): 1
08-22 06:50:56.856 I/liblog ( 2326): 6
08-22 06:50:56.856 I/liblog ( 2326): 5
08-22 06:50:56.857 I/liblog ( 2326): 5
08-22 06:50:56.857 I/liblog ( 2326): 1
08-22 06:50:56.857 I/liblog ( 2326): 11
08-22 06:50:56.858 I/liblog ( 2326): 2
08-22 06:50:56.858 I/liblog ( 2326): 6
08-22 06:50:56.858 I/liblog ( 2326): 5
08-22 06:50:56.859 I/liblog ( 2326): 6
08-22 06:50:56.859 I/liblog ( 2326): 4
08-22 06:50:56.859 I/liblog ( 2326): 7
08-22 06:50:56.860 I/liblog ( 2326): 5
08-22 06:50:56.860 I/liblog ( 2326): 1
08-22 06:50:56.860 I/liblog ( 2326): 5
08-22 06:50:56.861 I/liblog ( 2326): 5
08-22 06:50:56.861 I/liblog ( 2326): 6
08-22 06:50:56.861 I/liblog ( 2326): 2
08-22 06:50:56.862 I/liblog ( 2326): 5
08-22 06:50:56.862 I/liblog ( 2326): 5
08-22 06:50:56.862 I/liblog ( 2326): 5
08-22 06:50:56.863 I/liblog ( 2326): 6
08-22 06:50:56.863 I/liblog ( 2326): 6
08-22 06:50:56.863 I/liblog ( 2326): 10
08-22 06:50:56.865 I/liblog ( 2326): 10
08-22 06:50:56.867 I/liblog ( 2326): 1
08-22 06:50:56.867 I/liblog ( 2326): 6
08-22 06:50:56.867 I/liblog ( 2326): 5
08-22 06:50:56.868 I/liblog ( 2326): 10
08-22 06:50:56.868 I/liblog ( 2326): 6
08-22 06:50:56.868 I/liblog ( 2326): 1
08-22 06:50:56.869 I/liblog ( 2326): 8
08-22 06:50:56.869 I/liblog ( 2326): 2
08-22 06:50:56.869 I/liblog ( 2326): 6
08-22 06:50:56.870 I/liblog ( 2326): 6
08-22 06:50:56.870 I/liblog ( 2326): 6
08-22 06:50:56.870 I/liblog ( 2326): 5
08-22 06:50:56.870 I/liblog ( 2326): 2
08-22 06:50:56.871 I/liblog ( 2326): 3
08-22 06:50:56.871 I/liblog ( 2326): 3
08-22 06:50:56.871 I/liblog ( 2326): 3
08-22 06:50:56.872 I/liblog ( 2326): 2
08-22 06:50:56.873 I/liblog ( 2326): 4
08-22 06:50:56.874 I/liblog ( 2326): 12
08-22 06:50:56.874 I/liblog ( 2326): 1
08-22 06:50:56.875 I/liblog ( 2326): 2
08-22 06:50:56.875 I/liblog ( 2326): 4
08-22 06:50:56.875 I/liblog ( 2326): 3
08-22 06:50:56.876 I/liblog ( 2326): 2
08-22 06:50:56.876 I/liblog ( 2326): 3
08-22 06:50:56.877 I/liblog ( 2326): 2
08-22 06:50:56.879 I/liblog ( 2326): 2
08-22 06:50:56.879 I/liblog ( 2326): 2
08-22 06:50:56.879 I/liblog ( 2326): 2
08-22 06:50:56.879 I/liblog ( 2326): 2
08-22 06:50:56.880 I/liblog ( 2326): 3
08-22 06:50:56.881 I/liblog ( 2326): 2
08-22 06:50:56.881 I/liblog ( 2326): 6
08-22 06:50:56.882 I/liblog ( 2326): 6
08-22 06:50:56.884 I/liblog ( 2326): 1
08-22 06:50:56.885 I/liblog ( 2326): 2
01-01 00:38:08.296 I/IRQ 5 ( 0): no longer affine to CPU6
08-22 06:50:56.914 I/dvm_lock_sample( 2326): [com.thundercomm.remotecontrolser,0,Thread-332127,55,Throwable.java,665,void java.lang.Throwable.printStackTrace(java.lang.Throwable$PrintStreamOrWriter),,0,null,11]
08-22 06:50:56.947 I/liblog ( 2326): 1
08-22 06:50:56.949 I/liblog ( 2326): 2
08-22 06:50:56.949 I/dvm_lock_sample( 2326): [com.thundercomm.remotecontrolser,0,Thread-332077,77,Throwable.java,665,void java.lang.Throwable.printStackTrace(java.lang.Throwable$PrintStreamOrWriter),,0,null,15]
08-22 06:50:56.959 I/liblog ( 2326): 1
08-22 06:50:56.959 I/liblog ( 2326): 8
08-22 06:50:56.959 I/liblog ( 2326): 6
08-22 06:50:56.960 I/liblog ( 2326): 2
08-22 06:50:56.960 I/liblog ( 2326): 1
08-22 06:50:56.961 I/liblog ( 2326): 3
08-22 06:50:56.961 I/liblog ( 2326): 8
08-22 06:50:56.962 I/liblog ( 2326): 5
08-22 06:50:56.962 I/liblog ( 2326): 6
08-22 06:50:56.962 I/liblog ( 2326): 6
08-22 06:50:56.963 I/liblog ( 2326): 3
08-22 06:50:56.963 I/liblog ( 2326): 6
08-22 06:50:56.963 I/liblog ( 2326): 6
08-22 06:50:56.963 I/liblog ( 2326): 4
08-22 06:50:56.964 I/liblog ( 2326): 8
08-22 06:50:56.965 I/liblog ( 2326): 3
08-22 06:50:56.966 I/liblog ( 2326): 13
08-22 06:50:56.966 I/liblog ( 2326): 6
08-22 06:50:56.966 I/liblog ( 2326): 5
08-22 06:50:56.972 I/liblog ( 2326): 6
08-22 06:50:56.972 I/dvm_lock_sample( 2326): [com.thundercomm.remotecontrolser,0,Thread-332102,69,Throwable.java,665,void java.lang.Throwable.printStackTrace(java.lang.Throwable$PrintStreamOrWriter),,0,null,13]
08-22 06:50:56.973 I/liblog ( 2326): 2
08-22 06:50:56.973 I/liblog ( 2326): 5
08-22 06:50:56.974 I/liblog ( 2326): 8
08-22 06:50:56.974 I/liblog ( 2326): 5
08-22 06:50:56.976 I/liblog ( 2326): 5
08-22 06:50:56.976 I/liblog ( 2326): 3
08-22 06:50:56.976 I/liblog ( 2326): 6
08-22 06:50:56.977 I/liblog ( 2326): 4
08-22 06:50:56.978 I/liblog ( 2326): 5
08-22 06:50:56.978 I/liblog ( 2326): 6
08-22 06:50:56.978 I/liblog ( 2326): 3
08-22 06:50:56.979 I/liblog ( 2326): 11
08-22 06:50:56.979 I/liblog ( 2326): 5
08-22 06:50:56.980 I/liblog ( 2326): 3
08-22 06:50:56.980 I/liblog ( 2326): 8
08-22 06:50:56.980 I/liblog ( 2326): 6
08-22 06:50:56.981 I/liblog ( 2326): 10
08-22 06:50:56.981 I/liblog ( 2326): 6
08-22 06:50:56.982 I/liblog ( 2326): 4
08-22 06:50:56.983 I/liblog ( 2326): 2
08-22 06:50:56.983 I/liblog ( 2326): 3
08-22 06:50:56.986 I/liblog ( 2326): 6
08-22 06:50:56.987 I/liblog ( 2326): 2
08-22 06:50:56.992 I/liblog ( 2326): 1
08-22 06:50:56.994 I/liblog ( 2326): 1
08-22 06:50:56.994 I/liblog ( 2326): 1
08-22 06:50:56.995 I/liblog ( 2326): 4
08-22 06:50:56.995 I/liblog ( 2326): 6
08-22 06:50:56.996 I/liblog ( 2326): 1
08-22 06:50:56.997 I/liblog ( 2326): 8
08-22 06:50:56.998 I/liblog ( 2326): 6
08-22 06:50:57.000 I/liblog ( 2326): 3
08-22 06:50:57.001 I/liblog ( 2326): 6
08-22 06:50:57.002 I/liblog ( 2326): 9
08-22 06:50:57.002 I/liblog ( 2326): 4
08-22 06:50:57.002 I/liblog ( 2326): 3
08-22 06:50:57.002 I/liblog ( 2326): 5
08-22 06:50:57.003 I/liblog ( 2326): 5
08-22 06:50:57.004 I/liblog ( 2326): 6
08-22 06:50:57.005 I/liblog ( 2326): 12
08-22 06:50:57.005 I/liblog ( 2326): 2
08-22 06:50:57.005 I/liblog ( 2326): 8
08-22 06:50:57.006 I/liblog ( 2326): 7
08-22 06:50:57.007 I/liblog ( 2326): 3
08-22 06:50:57.008 I/liblog ( 2326): 4
08-22 06:50:57.009 I/liblog ( 2326): 5
08-22 06:50:57.009 I/liblog ( 2326): 1
08-22 06:50:57.010 I/liblog ( 2326): 3
08-22 06:50:57.010 I/liblog ( 2326): 3
08-22 06:50:57.020 I/liblog ( 2326): 1
08-22 06:50:57.037 I/liblog ( 2326): 2
08-22 06:50:57.037 I/dvm_lock_sample( 2326): [com.thundercomm.remotecontrolser,0,Thread-332128,92,Throwable.java,665,void java.lang.Throwable.printStackTrace(java.lang.Throwable$PrintStreamOrWriter),,0,null,18]
08-22 06:50:57.038 I/liblog ( 2326): 1
08-22 06:50:57.039 I/liblog ( 2326): 1
08-22 06:50:57.039 I/liblog ( 2326): 9
08-22 06:50:57.039 I/liblog ( 2326): 6
08-22 06:50:57.040 I/liblog ( 2326): 2
08-22 06:50:57.040 I/liblog ( 2326): 9
08-22 06:50:57.040 I/liblog ( 2326): 3
08-22 06:50:57.041 I/liblog ( 2326): 4
08-22 06:50:57.041 I/liblog ( 2326): 2
08-22 06:50:57.041 I/liblog ( 2326): 4
08-22 06:50:57.044 I/liblog ( 2326): 4
08-22 06:50:57.045 I/liblog ( 2326): 1
08-22 06:50:57.046 I/liblog ( 2326): 6
08-22 06:50:57.046 I/liblog ( 2326): 6
08-22 06:50:57.046 I/liblog ( 2326): 4
08-22 06:50:57.047 I/liblog ( 2326): 7
08-22 06:50:57.048 I/liblog ( 2326): 22
08-22 06:50:57.048 I/liblog ( 2326): 6
08-22 06:50:57.048 I/liblog ( 2326): 5
08-22 06:50:57.049 I/liblog ( 2326): 6
08-22 06:50:57.050 I/liblog ( 2326): 3
08-22 06:50:57.050 I/liblog ( 2326): 6
08-22 06:50:57.050 I/liblog ( 2326): 6
08-22 06:50:57.051 I/liblog ( 2326): 1
08-22 06:50:57.051 I/liblog ( 2326): 8
08-22 06:50:57.051 I/liblog ( 2326): 4
08-22 06:50:57.058 I/liblog ( 2326): 4
01-01 00:38:08.458 I/IRQ 5 ( 0): no longer affine to CPU4
