08-22 06:51:09.927 I/dvm_lock_sample( 2326): [com.thundercomm.remotecontrolser,0,Thread-336666,401,Throwable.java,665,void java.lang.Throwable.printStackTrace(java.lang.Throwable$PrintStreamOrWriter),,0,null,80]
08-22 06:51:09.929 I/liblog ( 2326): 1
08-22 06:51:09.929 I/liblog ( 2326): 3
08-22 06:51:09.929 I/liblog ( 2326): 6
08-22 06:51:09.930 I/liblog ( 2326): 6
08-22 06:51:09.936 I/liblog ( 2326): 4
08-22 06:51:09.936 I/dvm_lock_sample( 2326): [com.thundercomm.remotecontrolser,0,Thread-336672,393,Throwable.java,665,void java.lang.Throwable.printStackTrace(java.lang.Throwable$PrintStreamOrWriter),,0,null,78]
01-01 00:38:21.352 W/logd ( 0): Skipping entries from slow reader, pid 32067, fd 15, from LogBuffer::Prune()
08-22 06:51:09.939 I/liblog ( 2326): 5
08-22 06:51:09.940 I/liblog ( 2326): 2
08-22 06:51:09.940 I/liblog ( 2326): 9
08-22 06:51:09.940 I/liblog ( 2326): 6
08-22 06:51:09.941 I/liblog ( 2326): 1
08-22 06:51:09.942 I/liblog ( 2326): 4
08-22 06:51:09.942 I/liblog ( 2326): 5
08-22 06:51:09.942 I/liblog ( 2326): 6
08-22 06:51:09.943 I/liblog ( 2326): 8
08-22 06:51:09.943 I/liblog ( 2326): 7
08-22 06:51:09.944 I/liblog ( 2326): 2
08-22 06:51:09.946 I/liblog ( 2326): 2
08-22 06:51:09.946 I/liblog ( 2326): 3
08-22 06:51:09.946 I/liblog ( 2326): 6
08-22 06:51:09.947 I/liblog ( 2326): 9
08-22 06:51:09.947 I/liblog ( 2326): 7
08-22 06:51:09.947 I/liblog ( 2326): 1
08-22 06:51:09.948 I/liblog ( 2326): 4
08-22 06:51:09.948 I/liblog ( 2326): 4
08-22 06:51:09.949 I/liblog ( 2326): 2
08-22 06:51:09.949 I/liblog ( 2326): 4
08-22 06:51:09.949 I/liblog ( 2326): 2
08-22 06:51:09.950 I/liblog ( 2326): 6
08-22 06:51:09.950 I/liblog ( 2326): 6
08-22 06:51:09.951 I/liblog ( 2326): 5
08-22 06:51:09.951 I/liblog ( 2326): 1
08-22 06:51:09.951 I/liblog ( 2326): 5
08-22 06:51:09.952 I/liblog ( 2326): 7
08-22 06:51:09.953 I/liblog ( 2326): 3
08-22 06:51:09.953 I/liblog ( 2326): 2
08-22 06:51:09.953 I/liblog ( 2326): 7
08-22 06:51:09.954 I/liblog ( 2326): 6
08-22 06:51:09.954 I/liblog ( 2326): 5
08-22 06:51:09.954 I/liblog ( 2326): 6
08-22 06:51:09.954 I/liblog ( 2326): 5
08-22 06:51:09.955 I/liblog ( 2326): 1
08-22 06:51:09.955 I/liblog ( 2326): 6
08-22 06:51:09.955 I/liblog ( 2326): 4
08-22 06:51:09.956 I/liblog ( 2326): 2
08-22 06:51:09.956 I/liblog ( 2326): 5
08-22 06:51:09.957 I/liblog ( 2326): 5
08-22 06:51:09.957 I/liblog ( 2326): 11
08-22 06:51:09.958 I/liblog ( 2326): 2
08-22 06:51:09.958 I/liblog ( 2326): 4
08-22 06:51:09.958 I/liblog ( 2326): 3
08-22 06:51:09.959 I/liblog ( 2326): 2
08-22 06:51:09.959 I/liblog ( 2326): 3
08-22 06:51:09.959 I/liblog ( 2326): 4
08-22 06:51:09.960 I/liblog ( 2326): 5
08-22 06:51:09.962 I/liblog ( 2326): 21
08-22 06:51:09.962 I/liblog ( 2326): 6
08-22 06:51:09.964 I/liblog ( 2326): 7
08-22 06:51:09.965 I/liblog ( 2326): 6
08-22 06:51:09.965 I/liblog ( 2326): 5
08-22 06:51:09.965 I/liblog ( 2326): 6
08-22 06:51:09.968 I/liblog ( 2326): 5
08-22 06:51:09.968 I/dvm_lock_sample( 2326): [com.thundercomm.remotecontrolser,0,Thread-336771,153,Throwable.java,665,void java.lang.Throwable.printStackTrace(java.lang.Throwable$PrintStreamOrWriter),,0,null,30]
08-22 06:51:09.969 I/liblog ( 2326): 2
08-22 06:51:09.970 I/liblog ( 2326): 6
08-22 06:51:09.970 I/liblog ( 2326): 6
08-22 06:51:09.971 I/liblog ( 2326): 10
08-22 06:51:09.972 I/liblog ( 2326): 3
08-22 06:51:09.972 I/liblog ( 2326): 7
08-22 06:51:09.973 I/liblog ( 2326): 3
08-22 06:51:09.974 I/liblog ( 2326): 1
08-22 06:51:09.975 I/liblog ( 2326): 1
08-22 06:51:09.975 I/liblog ( 2326): 5
08-22 06:51:09.976 I/liblog ( 2326): 5
08-22 06:51:09.977 I/liblog ( 2326): 1
08-22 06:51:09.977 I/liblog ( 2326): 7
08-22 06:51:09.977 I/liblog ( 2326): 6
08-22 06:51:09.978 I/liblog ( 2326): 3
08-22 06:51:09.979 I/liblog ( 2326): 9
08-22 06:51:09.980 I/liblog ( 2326): 5
08-22 06:51:09.980 I/dvm_lock_sample( 2326): [com.thundercomm.remotecontrolser,0,Thread-336780,150,Throwable.java,665,void java.lang.Throwable.printStackTrace(java.lang.Throwable$PrintStreamOrWriter),,0,null,30]
08-22 06:51:09.980 I/liblog ( 2326): 4
08-22 06:51:09.981 I/liblog ( 2326): 6
08-22 06:51:09.981 I/liblog ( 2326): 6
08-22 06:51:09.982 I/liblog ( 2326): 3
08-22 06:51:09.983 I/liblog ( 2326): 6
08-22 06:51:09.984 I/liblog ( 2326): 5
08-22 06:51:09.984 I/liblog ( 2326): 3
08-22 06:51:09.984 I/liblog ( 2326): 8
08-22 06:51:09.985 I/liblog ( 2326): 4
08-22 06:51:09.985 I/liblog ( 2326): 3
08-22 06:51:09.986 I/liblog ( 2326): 7
08-22 06:51:09.986 I/liblog ( 2326): 2
08-22 06:51:09.987 I/liblog ( 2326): 3
08-22 06:51:09.987 I/liblog ( 2326): 2
08-22 06:51:09.988 I/liblog ( 2326): 8
08-22 06:51:09.989 I/liblog ( 2326): 3
08-22 06:51:09.989 I/liblog ( 2326): 2
08-22 06:51:09.989 I/liblog ( 2326): 2
08-22 06:51:10.000 I/liblog ( 2326): 3
08-22 06:51:10.000 I/dvm_lock_sample( 2326): [com.thundercomm.remotecontrolser,0,Thread-336708,329,Throwable.java,665,void java.lang.Throwable.printStackTrace(java.lang.Throwable$PrintStreamOrWriter),,0,null,65]
08-22 06:51:10.002 I/liblog ( 2326): 1
08-22 06:51:10.002 I/liblog ( 2326): 6
08-22 06:51:10.003 I/liblog ( 2326): 5
08-22 06:51:10.003 I/liblog ( 2326): 6
08-22 06:51:10.003 I/liblog ( 2326): 7
08-22 06:51:10.004 I/liblog ( 2326): 3
08-22 06:51:10.004 I/liblog ( 2326): 6
08-22 06:51:10.005 I/liblog ( 2326): 7
08-22 06:51:10.005 I/liblog ( 2326): 4
08-22 06:51:10.005 I/liblog ( 2326): 5
08-22 06:51:10.006 I/liblog ( 2326): 6
08-22 06:51:10.006 I/liblog ( 2326): 6
08-22 06:51:10.006 I/liblog ( 2326): 4
08-22 06:51:10.007 I/liblog ( 2326): 7
08-22 06:51:10.007 I/liblog ( 2326): 6
08-22 06:51:10.007 I/liblog ( 2326): 5
08-22 06:51:10.007 I/liblog ( 2326): 5
08-22 06:51:10.008 I/liblog ( 2326): 6
08-22 06:51:10.009 I/liblog ( 2326): 4
08-22 06:51:10.010 I/liblog ( 2326): 7
08-22 06:51:10.010 I/liblog ( 2326): 7
08-22 06:51:10.011 I/liblog ( 2326): 6
08-22 06:51:10.011 I/liblog ( 2326): 6
08-22 06:51:10.011 I/liblog ( 2326): 3
08-22 06:51:10.012 I/liblog ( 2326): 3
08-22 06:51:10.012 I/liblog ( 2326): 3
08-22 06:51:10.012 I/liblog ( 2326): 3
08-22 06:51:10.013 I/liblog ( 2326): 4
08-22 06:51:10.013 I/liblog ( 2326): 2
08-22 06:51:10.013 I/liblog ( 2326): 4
08-22 06:51:10.014 I/liblog ( 2326): 5
08-22 06:51:10.015 I/liblog ( 2326): 5
08-22 06:51:10.015 I/liblog ( 2326): 2
08-22 06:51:10.015 I/liblog ( 2326): 4
08-22 06:51:10.015 I/liblog ( 2326): 3
08-22 06:51:10.016 I/liblog ( 2326): 2
08-22 06:51:10.016 I/liblog ( 2326): 4
08-22 06:51:10.019 I/liblog ( 2326): 2
08-22 06:51:10.019 I/dvm_lock_sample( 2326): [com.thundercomm.remotecontrolser,0,Thread-336784,161,Throwable.java,665,void java.lang.Throwable.printStackTrace(java.lang.Throwable$PrintStreamOrWriter),,0,null,32]
08-22 06:51:10.022 I/liblog ( 2326): 3
08-22 06:51:10.022 I/liblog ( 2326): 2
08-22 06:51:10.022 I/liblog ( 2326): 9
08-22 06:51:10.023 I/liblog ( 2326): 7
08-22 06:51:10.023 I/liblog ( 2326): 8
08-22 06:51:10.024 I/liblog ( 2326): 7
08-22 06:51:10.024 I/liblog ( 2326): 2
08-22 06:51:10.025 I/liblog ( 2326): 3
08-22 06:51:10.025 I/liblog ( 2326): 3
08-22 06:51:10.025 I/liblog ( 2326): 6
08-22 06:51:10.026 I/liblog ( 2326): 1
08-22 06:51:10.026 I/liblog ( 2326): 5
08-22 06:51:10.026 I/liblog ( 2326): 6
08-22 06:51:10.027 I/liblog ( 2326): 6
08-22 06:51:10.027 I/liblog ( 2326): 9
08-22 06:51:10.028 I/liblog ( 2326): 7
08-22 06:51:10.028 I/liblog ( 2326): 2
08-22 06:51:10.029 I/liblog ( 2326): 4
08-22 06:51:10.029 I/liblog ( 2326): 2
08-22 06:51:10.029 I/liblog ( 2326): 3
08-22 06:51:10.030 I/liblog ( 2326): 7
08-22 06:51:10.031 I/liblog ( 2326): 11
08-22 06:51:10.031 I/liblog ( 2326): 3
08-22 06:51:10.031 I/liblog ( 2326): 2
08-22 06:51:10.042 I/liblog ( 2326): 99
08-22 06:51:10.043 I/liblog ( 2326): 18
08-22 06:51:10.044 I/liblog ( 2326): 7
08-22 06:51:10.050 I/liblog ( 2326): 8
08-22 06:51:10.050 I/dvm_lock_sample( 2326): [com.thundercomm.remotecontrolser,0,Thread-336799,154,Throwable.java,665,void java.lang.Throwable.printStackTrace(java.lang.Throwable$PrintStreamOrWriter),,0,null,30]
08-22 06:51:10.052 I/dvm_lock_sample( 2326): [com.thundercomm.remotecontrolser,0,Thread-336730,369,Throwable.java,665,void java.lang.Throwable.printStackTrace(java.lang.Throwable$PrintStreamOrWriter),,0,null,73]
08-22 06:51:10.054 I/liblog ( 2326): 1
08-22 06:51:10.054 I/liblog ( 2326): 2
08-22 06:51:10.054 I/liblog ( 2326): 2
08-22 06:51:10.055 I/liblog ( 2326): 2
08-22 06:51:10.055 I/liblog ( 2326): 3
08-22 06:51:10.056 I/liblog ( 2326): 6
08-22 06:51:10.056 I/liblog ( 2326): 3
08-22 06:51:10.057 I/liblog ( 2326): 6
08-22 06:51:10.057 I/liblog ( 2326): 1
08-22 06:51:10.057 I/liblog ( 2326): 3
08-22 06:51:10.058 I/liblog ( 2326): 3
08-22 06:51:10.058 I/liblog ( 2326): 3
08-22 06:51:10.058 I/liblog ( 2326): 3
08-22 06:51:10.059 I/liblog ( 2326): 4
08-22 06:51:10.059 I/liblog ( 2326): 1
08-22 06:51:10.059 I/liblog ( 2326): 2
08-22 06:51:10.061 I/liblog ( 2326): 12
08-22 06:51:10.061 I/liblog ( 2326): 6
08-22 06:51:10.062 I/liblog ( 2326): 7
08-22 06:51:10.062 I/liblog ( 2326): 10
08-22 06:51:10.063 I/liblog ( 2326): 6
08-22 06:51:10.063 I/liblog ( 2326): 2
08-22 06:51:10.064 I/liblog ( 2326): 7
08-22 06:51:10.066 I/liblog ( 2326): 8
08-22 06:51:10.066 I/dvm_lock_sample( 2326): [com.thundercomm.remotecontrolser,0,Thread-336808,156,Throwable.java,665,void java.lang.Throwable.printStackTrace(java.lang.Throwable$PrintStreamOrWriter),,0,null,31]
08-22 06:51:10.067 I/liblog ( 2326): 1
08-22 06:51:10.067 I/liblog ( 2326): 3
08-22 06:51:10.067 I/liblog ( 2326): 3
08-22 06:51:10.068 I/liblog ( 2326): 5
08-22 06:51:10.069 I/liblog ( 2326): 3
08-22 06:51:10.069 I/liblog ( 2326): 2
08-22 06:51:10.069 I/liblog ( 2326): 3
08-22 06:51:10.070 I/liblog ( 2326): 6
08-22 06:51:10.070 I/liblog ( 2326): 1
08-22 06:51:10.071 I/liblog ( 2326): 6
08-22 06:51:10.071 I/liblog ( 2326): 3
08-22 06:51:10.071 I/liblog ( 2326): 5
08-22 06:51:10.072 I/liblog ( 2326): 2
08-22 06:51:10.072 I/dvm_lock_sample( 2326): [com.thundercomm.remotecontrolser,0,Thread-336810,156,Throwable.java,665,void java.lang.Throwable.printStackTrace(java.lang.Throwable$PrintStreamOrWriter),,0,null,31]
08-22 06:51:10.073 I/liblog ( 2326): 1
08-22 06:51:10.073 I/liblog ( 2326): 5
08-22 06:51:10.077 I/liblog ( 2326): 52
08-22 06:51:10.079 I/liblog ( 2326): 3
08-22 06:51:10.079 I/liblog ( 2326): 1
01-01 00:38:21.517 I/IRQ 5 ( 0): no longer affine to CPU4
08-22 06:51:10.080 I/liblog ( 2326): 4
08-22 06:51:10.080 I/liblog ( 2326): 2
08-22 06:51:10.080 I/liblog ( 2326): 4
08-22 06:51:10.081 I/liblog ( 2326): 2
08-22 06:51:10.081 I/liblog ( 2326): 2
08-22 06:51:10.082 I/liblog ( 2326): 8
08-22 06:51:10.082 I/liblog ( 2326): 6
08-22 06:51:10.082 I/liblog ( 2326): 5
08-22 06:51:10.083 I/liblog ( 2326): 6
08-22 06:51:10.084 I/liblog ( 2326): 6
08-22 06:51:10.086 I/liblog ( 2326): 15
08-22 06:51:10.086 I/liblog ( 2326): 13
08-22 06:51:10.094 I/liblog ( 2326): 3
08-22 06:51:10.094 I/dvm_lock_sample( 2326): [com.thundercomm.remotecontrolser,0,Thread-336745,322,Throwable.java,665,void java.lang.Throwable.printStackTrace(java.lang.Throwable$PrintStreamOrWriter),,0,null,64]
08-22 06:51:10.102 I/liblog ( 2326): 63
08-22 06:51:10.102 I/dvm_lock_sample( 2326): [com.thundercomm.remotecontrolser,0,Thread-336685,532,Throwable.java,665,void java.lang.Throwable.printStackTrace(java.lang.Throwable$PrintStreamOrWriter),,0,null,100]
08-22 06:51:10.104 I/liblog ( 2326): 11
08-22 06:51:10.104 I/liblog ( 2326): 4
08-22 06:51:10.105 I/liblog ( 2326): 3
08-22 06:51:10.106 I/liblog ( 2326): 2
08-22 06:51:10.106 I/liblog ( 2326): 5
08-22 06:51:10.107 I/liblog ( 2326): 2
08-22 06:51:10.107 I/liblog ( 2326): 3
08-22 06:51:10.108 I/liblog ( 2326): 1
08-22 06:51:10.108 I/dvm_lock_sample( 2326): [com.thundercomm.remotecontrolser,0,Thread-336829,149,Throwable.java,665,void java.lang.Throwable.printStackTrace(java.lang.Throwable$PrintStreamOrWriter),,0,null,29]
08-22 06:51:10.108 I/liblog ( 2326): 8
08-22 06:51:10.109 I/liblog ( 2326): 4
08-22 06:51:10.109 I/liblog ( 2326): 5
08-22 06:51:10.110 I/liblog ( 2326): 4
08-22 06:51:10.110 I/liblog ( 2326): 6
08-22 06:51:10.110 I/liblog ( 2326): 6
08-22 06:51:10.111 I/liblog ( 2326): 5
08-22 06:51:10.116 I/liblog ( 2326): 13
08-22 06:51:10.119 I/liblog ( 2326): 15
08-22 06:51:10.120 I/liblog ( 2326): 11
08-22 06:51:10.122 I/liblog ( 2326): 3
08-22 06:51:10.122 I/dvm_lock_sample( 2326): [com.thundercomm.remotecontrolser,0,Thread-336830,146,Throwable.java,665,void java.lang.Throwable.printStackTrace(java.lang.Throwable$PrintStreamOrWriter),,0,null,29]
08-22 06:51:10.123 I/liblog ( 2326): 4
08-22 06:51:10.123 I/liblog ( 2326): 6
08-22 06:51:10.124 I/liblog ( 2326): 4
08-22 06:51:10.124 I/liblog ( 2326): 12
08-22 06:51:10.125 I/liblog ( 2326): 4
08-22 06:51:10.127 I/liblog ( 2326): 14
08-22 06:51:10.127 I/liblog ( 2326): 6
08-22 06:51:10.128 I/liblog ( 2326): 6
08-22 06:51:10.128 I/liblog ( 2326): 3
08-22 06:51:10.129 I/liblog ( 2326): 4
08-22 06:51:10.129 I/liblog ( 2326): 5
08-22 06:51:10.129 I/liblog ( 2326): 4
08-22 06:51:10.130 I/liblog ( 2326): 1
08-22 06:51:10.130 I/liblog ( 2326): 8
08-22 06:51:10.130 I/liblog ( 2326): 6
08-22 06:51:10.131 I/liblog ( 2326): 2
08-22 06:51:10.131 I/liblog ( 2326): 6
08-22 06:51:10.131 I/liblog ( 2326): 6
08-22 06:51:10.132 I/liblog ( 2326): 5
08-22 06:51:10.132 I/liblog ( 2326): 5
08-22 06:51:10.132 I/liblog ( 2326): 6
08-22 06:51:10.133 I/liblog ( 2326): 6
08-22 06:51:10.133 I/liblog ( 2326): 4
08-22 06:51:10.134 I/liblog ( 2326): 6
08-22 06:51:10.134 I/liblog ( 2326): 5
08-22 06:51:10.134 I/liblog ( 2326): 2
08-22 06:51:10.134 I/liblog ( 2326): 8
08-22 06:51:10.135 I/liblog ( 2326): 7
08-22 06:51:10.135 I/liblog ( 2326): 6
08-22 06:51:10.135 I/liblog ( 2326): 7
08-22 06:51:10.136 I/liblog ( 2326): 5
08-22 06:51:10.136 I/liblog ( 2326): 5
08-22 06:51:10.136 I/liblog ( 2326): 6
08-22 06:51:10.137 I/liblog ( 2326): 6
08-22 06:51:10.137 I/liblog ( 2326): 7
08-22 06:51:10.138 I/liblog ( 2326): 7
08-22 06:51:10.143 I/liblog ( 2326): 72
08-22 06:51:10.144 I/liblog ( 2326): 11
08-22 06:51:10.144 I/liblog ( 2326): 5
08-22 06:51:10.145 I/liblog ( 2326): 6
08-22 06:51:10.146 I/liblog ( 2326): 6
08-22 06:51:10.147 I/liblog ( 2326): 5
08-22 06:51:10.148 I/liblog ( 2326): 2
08-22 06:51:10.148 I/liblog ( 2326): 4
08-22 06:51:10.148 I/liblog ( 2326): 7
08-22 06:51:10.149 I/liblog ( 2326): 9
08-22 06:51:10.149 I/liblog ( 2326): 5
08-22 06:51:10.150 I/liblog ( 2326): 6
08-22 06:51:10.150 I/liblog ( 2326): 6
08-22 06:51:10.151 I/liblog ( 2326): 1
08-22 06:51:10.151 I/liblog ( 2326): 3
08-22 06:51:10.156 I/liblog ( 2326): 66
08-22 06:51:10.162 I/liblog ( 2326): 97
08-22 06:51:10.162 I/liblog ( 2326): 1
08-22 06:51:10.162 I/liblog ( 2326): 5
08-22 06:51:10.163 I/liblog ( 2326): 6
08-22 06:51:10.163 I/liblog ( 2326): 3
08-22 06:51:10.163 I/liblog ( 2326): 5
08-22 06:51:10.167 I/liblog ( 2326): 10
08-22 06:51:10.167 I/dvm_lock_sample( 2326): [com.thundercomm.remotecontrolser,0,Thread-336677,608,Throwable.java,665,void java.lang.Throwable.printStackTrace(java.lang.Throwable$PrintStreamOrWriter),,0,null,100]
08-22 06:51:10.168 I/liblog ( 2326): 16
08-22 06:51:10.168 I/liblog ( 2326): 6
08-22 06:51:10.170 I/liblog ( 2326): 8
08-22 06:51:10.171 I/liblog ( 2326): 2
08-22 06:51:10.171 I/liblog ( 2326): 3
08-22 06:51:10.171 I/liblog ( 2326): 2
08-22 06:51:10.172 I/liblog ( 2326): 4
08-22 06:51:10.172 I/liblog ( 2326): 4
08-22 06:51:10.173 I/liblog ( 2326): 6
08-22 06:51:10.173 I/liblog ( 2326): 6
08-22 06:51:10.173 I/liblog ( 2326): 3
08-22 06:51:10.174 I/liblog ( 2326): 8
08-22 06:51:10.176 I/liblog ( 2326): 6
08-22 06:51:10.176 I/liblog ( 2326): 4
08-22 06:51:10.177 I/liblog ( 2326): 8
08-22 06:51:10.177 I/liblog ( 2326): 10
08-22 06:51:10.178 I/liblog ( 2326): 8
08-22 06:51:10.178 I/liblog ( 2326): 9
08-22 06:51:10.180 I/liblog ( 2326): 6
08-22 06:51:10.180 I/dvm_lock_sample( 2326): [com.thundercomm.remotecontrolser,0,Thread-336782,340,Throwable.java,665,void java.lang.Throwable.printStackTrace(java.lang.Throwable$PrintStreamOrWriter),,0,null,68]
08-22 06:51:10.181 I/liblog ( 2326): 2
08-22 06:51:10.182 I/liblog ( 2326): 11
08-22 06:51:10.182 I/liblog ( 2326): 8
08-22 06:51:10.182 I/liblog ( 2326): 7
08-22 06:51:10.183 I/liblog ( 2326): 5
08-22 06:51:10.183 I/liblog ( 2326): 7
08-22 06:51:10.183 I/liblog ( 2326): 6
08-22 06:51:10.184 I/liblog ( 2326): 5
08-22 06:51:10.184 I/liblog ( 2326): 6
08-22 06:51:10.186 I/liblog ( 2326): 5
08-22 06:51:10.186 I/dvm_lock_sample( 2326): [com.thundercomm.remotecontrolser,0,Thread-336848,172,Throwable.java,665,void java.lang.Throwable.printStackTrace(java.lang.Throwable$PrintStreamOrWriter),,0,null,34]
08-22 06:51:10.186 I/liblog ( 2326): 6
08-22 06:51:10.186 I/liblog ( 2326): 6
08-22 06:51:10.188 I/liblog ( 2326): 24
08-22 06:51:10.189 I/liblog ( 2326): 9
08-22 06:51:10.189 I/liblog ( 2326): 4
08-22 06:51:10.189 I/liblog ( 2326): 8
08-22 06:51:10.190 I/liblog ( 2326): 7
08-22 06:51:10.194 I/liblog ( 2326): 52
08-22 06:51:10.197 I/liblog ( 2326): 10
08-22 06:51:10.197 I/dvm_lock_sample( 2326): [com.thundercomm.remotecontrolser,0,Thread-336886,25,Throwable.java,665,void java.lang.Throwable.printStackTrace(java.lang.Throwable$PrintStreamOrWriter),,0,null,5]
08-22 06:51:10.198 I/liblog ( 2326): 1
08-22 06:51:10.198 I/liblog ( 2326): 5
08-22 06:51:10.198 I/liblog ( 2326): 5
08-22 06:51:10.199 I/liblog ( 2326): 3
08-22 06:51:10.199 I/liblog ( 2326): 5
08-22 06:51:10.199 I/liblog ( 2326): 11
08-22 06:51:10.200 I/liblog ( 2326): 4
08-22 06:51:10.200 I/liblog ( 2326): 10
08-22 06:51:10.201 I/liblog ( 2326): 17
08-22 06:51:10.207 I/liblog ( 2326): 3
08-22 06:51:10.210 I/liblog ( 2326): 19
08-22 06:51:10.211 I/liblog ( 2326): 9
08-22 06:51:10.211 I/liblog ( 2326): 8
08-22 06:51:10.222 I/liblog ( 2326): 7
08-22 06:51:10.359 I/liblog ( 2326): 69
01-01 00:38:21.749 W/logd ( 0): Skipping entries from slow reader, pid 32067, fd 15, from LogBuffer::Prune()
08-22 06:51:10.375 I/liblog ( 2326): 4
08-22 06:51:10.375 I/liblog ( 2326): 5
08-22 06:51:10.376 I/liblog ( 2326): 3
08-22 06:51:10.376 I/liblog ( 2326): 7
08-22 06:51:10.376 I/liblog ( 2326): 10
08-22 06:51:10.385 I/liblog ( 2326): 3
08-22 06:51:10.394 I/liblog ( 2326): 3
08-22 06:51:10.394 I/liblog ( 2326): 5
08-22 06:51:10.394 I/liblog ( 2326): 3
08-22 06:51:10.395 I/liblog ( 2326): 7
08-22 06:51:10.395 I/liblog ( 2326): 4
08-22 06:51:10.399 I/liblog ( 2326): 2
08-22 06:51:10.401 I/liblog ( 2326): 1
08-22 06:51:10.401 I/liblog ( 2326): 10
08-22 06:51:10.401 I/liblog ( 2326): 7
08-22 06:51:10.402 I/liblog ( 2326): 4
08-22 06:51:10.402 I/liblog ( 2326): 8
08-22 06:51:10.403 I/liblog ( 2326): 4
08-22 06:51:10.404 I/liblog ( 2326): 4
08-22 06:51:10.405 I/liblog ( 2326): 11
08-22 06:51:10.405 I/liblog ( 2326): 9
08-22 06:51:10.405 I/liblog ( 2326): 7
08-22 06:51:10.406 I/liblog ( 2326): 7
08-22 06:51:10.406 I/liblog ( 2326): 9
08-22 06:51:10.406 I/liblog ( 2326): 7
08-22 06:51:10.407 I/liblog ( 2326): 17
08-22 06:51:10.407 I/liblog ( 2326): 5
08-22 06:51:10.408 I/liblog ( 2326): 6
08-22 06:51:10.409 I/liblog ( 2326): 12
08-22 06:51:10.409 I/liblog ( 2326): 13
08-22 06:51:10.409 I/liblog ( 2326): 6
08-22 06:51:10.410 I/liblog ( 2326): 6
08-22 06:51:10.410 I/liblog ( 2326): 7
08-22 06:51:10.410 I/liblog ( 2326): 5
08-22 06:51:10.411 I/liblog ( 2326): 8
08-22 06:51:10.411 I/liblog ( 2326): 8
08-22 06:51:10.411 I/liblog ( 2326): 5
08-22 06:51:10.412 I/liblog ( 2326): 10
08-22 06:51:10.413 I/liblog ( 2326): 1
08-22 06:51:10.413 I/liblog ( 2326): 8
08-22 06:51:10.418 I/liblog ( 2326): 2
08-22 06:51:10.424 I/liblog ( 2326): 41
08-22 06:51:10.426 I/liblog ( 2326): 1
08-22 06:51:10.426 I/liblog ( 2326): 3
08-22 06:51:10.426 I/liblog ( 2326): 8
08-22 06:51:10.427 I/liblog ( 2326): 7
08-22 06:51:10.427 I/liblog ( 2326): 4
08-22 06:51:10.427 I/liblog ( 2326): 4
08-22 06:51:10.428 I/liblog ( 2326): 5
08-22 06:51:10.428 I/liblog ( 2326): 4
08-22 06:51:10.439 I/liblog ( 2326): 85
08-22 06:51:10.439 I/liblog ( 2326): 3
08-22 06:51:10.440 I/liblog ( 2326): 7
08-22 06:51:10.441 I/liblog ( 2326): 7
08-22 06:51:10.441 I/liblog ( 2326): 5
08-22 06:51:10.441 I/liblog ( 2326): 7
08-22 06:51:10.442 I/liblog ( 2326): 5
08-22 06:51:10.442 I/liblog ( 2326): 4
08-22 06:51:10.442 I/liblog ( 2326): 7
08-22 06:51:10.443 I/liblog ( 2326): 6
08-22 06:51:10.443 I/liblog ( 2326): 4
08-22 06:51:10.445 I/liblog ( 2326): 7
08-22 06:51:10.447 I/liblog ( 2326): 8
08-22 06:51:10.452 I/liblog ( 2326): 6
08-22 06:51:10.453 I/liblog ( 2326): 3
08-22 06:51:10.454 I/liblog ( 2326): 5
08-22 06:51:10.454 I/liblog ( 2326): 9
08-22 06:51:10.458 I/liblog ( 2326): 7
08-22 06:51:10.459 I/liblog ( 2326): 3
08-22 06:51:10.460 I/liblog ( 2326): 2
08-22 06:51:10.460 I/liblog ( 2326): 3
08-22 06:51:10.460 I/liblog ( 2326): 5
08-22 06:51:10.461 I/liblog ( 2326): 3
08-22 06:51:10.461 I/liblog ( 2326): 5
08-22 06:51:10.461 I/liblog ( 2326): 3
08-22 06:51:10.464 I/liblog ( 2326): 7
08-22 06:51:10.465 I/liblog ( 2326): 2
08-22 06:51:10.465 I/liblog ( 2326): 3
08-22 06:51:10.466 I/liblog ( 2326): 8
08-22 06:51:10.466 I/liblog ( 2326): 3
08-22 06:51:10.466 I/liblog ( 2326): 3
08-22 06:51:10.467 I/liblog ( 2326): 7
08-22 06:51:10.467 I/liblog ( 2326): 9
08-22 06:51:10.468 I/liblog ( 2326): 3
08-22 06:51:10.468 I/liblog ( 2326): 5
08-22 06:51:10.469 I/liblog ( 2326): 2
08-22 06:51:10.469 I/liblog ( 2326): 4
08-22 06:51:10.469 I/liblog ( 2326): 2
08-22 06:51:10.470 I/liblog ( 2326): 2
08-22 06:51:10.470 I/liblog ( 2326): 4
08-22 06:51:10.470 I/liblog ( 2326): 5
08-22 06:51:10.471 I/liblog ( 2326): 8
08-22 06:51:10.472 I/liblog ( 2326): 6
08-22 06:51:10.472 I/liblog ( 2326): 8
08-22 06:51:10.473 I/liblog ( 2326): 2
08-22 06:51:10.474 I/liblog ( 2326): 2
08-22 06:51:10.474 I/liblog ( 2326): 8
08-22 06:51:10.475 I/liblog ( 2326): 5
08-22 06:51:10.475 I/liblog ( 2326): 3
08-22 06:51:10.475 I/liblog ( 2326): 4
08-22 06:51:10.476 I/liblog ( 2326): 4
08-22 06:51:10.476 I/liblog ( 2326): 4
08-22 06:51:10.477 I/liblog ( 2326): 4
08-22 06:51:10.477 I/liblog ( 2326): 3
08-22 06:51:10.478 I/liblog ( 2326): 5
08-22 06:51:10.478 I/liblog ( 2326): 4
08-22 06:51:10.479 I/liblog ( 2326): 4
08-22 06:51:10.479 I/liblog ( 2326): 5
08-22 06:51:10.479 I/liblog ( 2326): 8
08-22 06:51:10.481 I/liblog ( 2326): 15
08-22 06:51:10.482 I/liblog ( 2326): 5
08-22 06:51:10.487 I/liblog ( 2326): 10
08-22 06:51:10.487 I/liblog ( 2326): 3
08-22 06:51:10.495 I/liblog ( 2326): 3
08-22 06:51:10.498 I/liblog ( 2326): 5
08-22 06:51:10.499 I/liblog ( 2326): 1
08-22 06:51:10.500 I/liblog ( 2326): 8
08-22 06:51:10.501 I/liblog ( 2326): 6
08-22 06:51:10.501 I/liblog ( 2326): 6
08-22 06:51:10.501 I/liblog ( 2326): 1
08-22 06:51:10.502 I/liblog ( 2326): 4
08-22 06:51:10.503 I/liblog ( 2326): 4
08-22 06:51:10.503 I/liblog ( 2326): 1
08-22 06:51:10.503 I/liblog ( 2326): 6
08-22 06:51:10.503 I/liblog ( 2326): 4
08-22 06:51:10.505 I/liblog ( 2326): 4
08-22 06:51:10.505 I/liblog ( 2326): 2
08-22 06:51:10.505 I/liblog ( 2326): 4
08-22 06:51:10.506 I/liblog ( 2326): 5
08-22 06:51:10.506 I/liblog ( 2326): 3
08-22 06:51:10.506 I/liblog ( 2326): 2
08-22 06:51:10.507 I/liblog ( 2326): 8
08-22 06:51:10.507 I/liblog ( 2326): 6
08-22 06:51:10.508 I/liblog ( 2326): 4
08-22 06:51:10.508 I/liblog ( 2326): 7
08-22 06:51:10.509 I/liblog ( 2326): 3
08-22 06:51:10.509 I/liblog ( 2326): 3
08-22 06:51:10.509 I/liblog ( 2326): 3
08-22 06:51:10.510 I/liblog ( 2326): 1
08-22 06:51:10.510 I/liblog ( 2326): 5
08-22 06:51:10.511 I/liblog ( 2326): 3
08-22 06:51:10.511 I/liblog ( 2326): 1
08-22 06:51:10.511 I/liblog ( 2326): 3
08-22 06:51:10.512 I/liblog ( 2326): 4
08-22 06:51:10.512 I/liblog ( 2326): 8
08-22 06:51:10.513 I/liblog ( 2326): 8
08-22 06:51:10.513 I/liblog ( 2326): 3
08-22 06:51:10.514 I/liblog ( 2326): 6
08-22 06:51:10.514 I/liblog ( 2326): 6
08-22 06:51:10.514 I/liblog ( 2326): 3
08-22 06:51:10.515 I/liblog ( 2326): 7
08-22 06:51:10.515 I/liblog ( 2326): 4
08-22 06:51:10.516 I/liblog ( 2326): 3
08-22 06:51:10.516 I/liblog ( 2326): 3
08-22 06:51:10.516 I/liblog ( 2326): 7
08-22 06:51:10.517 I/liblog ( 2326): 7
08-22 06:51:10.517 I/liblog ( 2326): 7
08-22 06:51:10.517 I/liblog ( 2326): 6
08-22 06:51:10.518 I/liblog ( 2326): 9
08-22 06:51:10.518 I/liblog ( 2326): 9
08-22 06:51:10.520 I/liblog ( 2326): 2
08-22 06:51:10.520 I/liblog ( 2326): 7
08-22 06:51:10.523 I/liblog ( 2326): 6
08-22 06:51:10.524 I/liblog ( 2326): 3
08-22 06:51:10.526 I/liblog ( 2326): 6
08-22 06:51:10.527 I/liblog ( 2326): 6
08-22 06:51:10.527 I/liblog ( 2326): 6
08-22 06:51:10.528 I/liblog ( 2326): 9
08-22 06:51:10.528 I/liblog ( 2326): 6
08-22 06:51:10.529 I/liblog ( 2326): 11
08-22 06:51:10.530 I/liblog ( 2326): 4
08-22 06:51:10.531 I/liblog ( 2326): 9
08-22 06:51:10.531 I/liblog ( 2326): 8
08-22 06:51:10.531 I/liblog ( 2326): 3
08-22 06:51:10.532 I/liblog ( 2326): 6
08-22 06:51:10.532 I/liblog ( 2326): 7
08-22 06:51:10.533 I/liblog ( 2326): 7
08-22 06:51:10.533 I/liblog ( 2326): 9
08-22 06:51:10.533 I/liblog ( 2326): 6
08-22 06:51:10.534 I/liblog ( 2326): 5
08-22 06:51:10.534 I/liblog ( 2326): 6
08-22 06:51:10.535 I/liblog ( 2326): 10
08-22 06:51:10.535 I/liblog ( 2326): 6
08-22 06:51:10.535 I/liblog ( 2326): 8
08-22 06:51:10.536 I/liblog ( 2326): 9
08-22 06:51:10.536 I/liblog ( 2326): 8
08-22 06:51:10.537 I/liblog ( 2326): 7
08-22 06:51:10.537 I/liblog ( 2326): 3
08-22 06:51:10.537 I/liblog ( 2326): 3
08-22 06:51:10.538 I/liblog ( 2326): 8
08-22 06:51:10.539 I/liblog ( 2326): 8
08-22 06:51:10.539 I/liblog ( 2326): 5
08-22 06:51:10.540 I/liblog ( 2326): 6
08-22 06:51:10.540 I/liblog ( 2326): 2
08-22 06:51:10.541 I/liblog ( 2326): 8
08-22 06:51:10.541 I/liblog ( 2326): 6
08-22 06:51:10.541 I/liblog ( 2326): 1
08-22 06:51:10.542 I/liblog ( 2326): 5
08-22 06:51:10.542 I/liblog ( 2326): 4
08-22 06:51:10.543 I/liblog ( 2326): 3
08-22 06:51:10.543 I/liblog ( 2326): 4
08-22 06:51:10.543 I/liblog ( 2326): 2
08-22 06:51:10.543 I/liblog ( 2326): 5
08-22 06:51:10.544 I/liblog ( 2326): 6
08-22 06:51:10.545 I/liblog ( 2326): 4
08-22 06:51:10.546 I/liblog ( 2326): 1
08-22 06:51:10.546 I/liblog ( 2326): 4
08-22 06:51:10.546 I/liblog ( 2326): 4
08-22 06:51:10.547 I/liblog ( 2326): 3
08-22 06:51:10.547 I/liblog ( 2326): 3
08-22 06:51:10.547 I/liblog ( 2326): 4
08-22 06:51:10.548 I/liblog ( 2326): 5
08-22 06:51:10.548 I/liblog ( 2326): 3
08-22 06:51:10.548 I/liblog ( 2326): 4
08-22 06:51:10.549 I/liblog ( 2326): 8
08-22 06:51:10.549 I/liblog ( 2326): 9
08-22 06:51:10.550 I/liblog ( 2326): 7
08-22 06:51:10.550 I/liblog ( 2326): 7
08-22 06:51:10.550 I/liblog ( 2326): 4
08-22 06:51:10.551 I/liblog ( 2326): 8
08-22 06:51:10.552 I/liblog ( 2326): 6
08-22 06:51:10.552 I/liblog ( 2326): 2
08-22 06:51:10.552 I/liblog ( 2326): 13
08-22 06:51:10.553 I/liblog ( 2326): 3
08-22 06:51:10.553 I/liblog ( 2326): 11
08-22 06:51:10.554 I/liblog ( 2326): 3
08-22 06:51:10.555 I/liblog ( 2326): 13
08-22 06:51:10.555 I/liblog ( 2326): 3
08-22 06:51:10.555 I/liblog ( 2326): 1
08-22 06:51:10.556 I/liblog ( 2326): 5
08-22 06:51:10.557 I/liblog ( 2326): 10
08-22 06:51:10.557 I/liblog ( 2326): 1
08-22 06:51:10.557 I/liblog ( 2326): 5
08-22 06:51:10.558 I/liblog ( 2326): 3
08-22 06:51:10.558 I/liblog ( 2326): 7
08-22 06:51:10.559 I/liblog ( 2326): 3
01-01 00:38:21.977 I/IRQ 5 ( 0): no longer affine to CPU5
08-22 06:51:10.559 I/liblog ( 2326): 8
08-22 06:51:10.560 I/liblog ( 2326): 7
08-22 06:51:10.560 I/liblog ( 2326): 9
08-22 06:51:10.561 I/liblog ( 2326): 4
08-22 06:51:10.561 I/liblog ( 2326): 3
08-22 06:51:10.561 I/liblog ( 2326): 7
08-22 06:51:10.562 I/liblog ( 2326): 6
08-22 06:51:10.562 I/liblog ( 2326): 3
08-22 06:51:10.563 I/liblog ( 2326): 9
08-22 06:51:10.563 I/liblog ( 2326): 5
08-22 06:51:10.564 I/liblog ( 2326): 6
08-22 06:51:10.564 I/liblog ( 2326): 7
08-22 06:51:10.564 I/liblog ( 2326): 6
08-22 06:51:10.565 I/liblog ( 2326): 6
08-22 06:51:10.565 I/liblog ( 2326): 7
08-22 06:51:10.566 I/liblog ( 2326): 5
08-22 06:51:10.566 I/liblog ( 2326): 6
08-22 06:51:10.566 I/liblog ( 2326): 4
08-22 06:51:10.567 I/liblog ( 2326): 4
08-22 06:51:10.567 I/liblog ( 2326): 3
08-22 06:51:10.567 I/liblog ( 2326): 6
08-22 06:51:10.568 I/liblog ( 2326): 6
08-22 06:51:10.568 I/liblog ( 2326): 5
08-22 06:51:10.569 I/liblog ( 2326): 4
08-22 06:51:10.569 I/liblog ( 2326): 7
08-22 06:51:10.570 I/liblog ( 2326): 3
08-22 06:51:10.571 I/liblog ( 2326): 10
08-22 06:51:10.571 I/liblog ( 2326): 6
08-22 06:51:10.572 I/liblog ( 2326): 5
08-22 06:51:10.572 I/liblog ( 2326): 4
08-22 06:51:10.573 I/liblog ( 2326): 3
08-22 06:51:10.573 I/liblog ( 2326): 6
08-22 06:51:10.574 I/liblog ( 2326): 7
08-22 06:51:10.574 I/liblog ( 2326): 6
08-22 06:51:10.574 I/liblog ( 2326): 4
08-22 06:51:10.576 I/liblog ( 2326): 7
08-22 06:51:10.577 I/liblog ( 2326): 8
08-22 06:51:10.577 I/liblog ( 2326): 10
08-22 06:51:10.578 I/liblog ( 2326): 2
08-22 06:51:10.578 I/liblog ( 2326): 5
08-22 06:51:10.579 I/liblog ( 2326): 4
08-22 06:51:10.579 I/liblog ( 2326): 3
08-22 06:51:10.580 I/liblog ( 2326): 3
08-22 06:51:10.581 I/liblog ( 2326): 21
08-22 06:51:10.582 I/liblog ( 2326): 6
08-22 06:51:10.582 I/liblog ( 2326): 4
08-22 06:51:10.583 I/liblog ( 2326): 10
08-22 06:51:10.583 I/liblog ( 2326): 6
08-22 06:51:10.584 I/liblog ( 2326): 6
08-22 06:51:10.584 I/liblog ( 2326): 5
08-22 06:51:10.584 I/liblog ( 2326): 7
08-22 06:51:10.585 I/liblog ( 2326): 8
08-22 06:51:10.585 I/liblog ( 2326): 8
08-22 06:51:10.585 I/liblog ( 2326): 4
08-22 06:51:10.586 I/liblog ( 2326): 12
08-22 06:51:10.586 I/liblog ( 2326): 1
08-22 06:51:10.587 I/liblog ( 2326): 2
08-22 06:51:10.587 I/liblog ( 2326): 5
08-22 06:51:10.587 I/liblog ( 2326): 4
08-22 06:51:10.588 I/liblog ( 2326): 4
08-22 06:51:10.588 I/liblog ( 2326): 5
08-22 06:51:10.589 I/liblog ( 2326): 6
08-22 06:51:10.589 I/liblog ( 2326): 11
08-22 06:51:10.590 I/liblog ( 2326): 7
08-22 06:51:10.590 I/liblog ( 2326): 5
08-22 06:51:10.591 I/liblog ( 2326): 8
08-22 06:51:10.591 I/liblog ( 2326): 8
08-22 06:51:10.592 I/liblog ( 2326): 9
08-22 06:51:10.592 I/liblog ( 2326): 7
08-22 06:51:10.592 I/liblog ( 2326): 2
08-22 06:51:10.593 I/liblog ( 2326): 9
08-22 06:51:10.593 I/liblog ( 2326): 7
08-22 06:51:10.593 I/liblog ( 2326): 4
08-22 06:51:10.594 I/liblog ( 2326): 6
08-22 06:51:10.594 I/liblog ( 2326): 6
08-22 06:51:10.594 I/liblog ( 2326): 8
08-22 06:51:10.595 I/liblog ( 2326): 9
08-22 06:51:10.595 I/liblog ( 2326): 4
08-22 06:51:10.595 I/liblog ( 2326): 6
08-22 06:51:10.596 I/liblog ( 2326): 6
08-22 06:51:10.596 I/liblog ( 2326): 1
08-22 06:51:10.597 I/liblog ( 2326): 10
08-22 06:51:10.597 I/liblog ( 2326): 6
08-22 06:51:10.598 I/liblog ( 2326): 4
08-22 06:51:10.598 I/liblog ( 2326): 7
08-22 06:51:10.598 I/liblog ( 2326): 4
08-22 06:51:10.599 I/liblog ( 2326): 6
08-22 06:51:10.603 I/liblog ( 2326): 11
08-22 06:51:10.605 I/liblog ( 2326): 2
08-22 06:51:10.610 I/liblog ( 2326): 1
08-22 06:51:10.613 I/liblog ( 2326): 4
08-22 06:51:10.613 I/liblog ( 2326): 3
08-22 06:51:10.614 I/liblog ( 2326): 2
08-22 06:51:10.615 I/liblog ( 2326): 6
08-22 06:51:10.615 I/liblog ( 2326): 6
08-22 06:51:10.615 I/liblog ( 2326): 6
08-22 06:51:10.616 I/liblog ( 2326): 8
08-22 06:51:10.617 I/liblog ( 2326): 7
08-22 06:51:10.618 I/liblog ( 2326): 6
08-22 06:51:10.618 I/liblog ( 2326): 8
08-22 06:51:10.620 I/liblog ( 2326): 14
08-22 06:51:10.621 I/liblog ( 2326): 1
08-22 06:51:10.621 I/liblog ( 2326): 4
08-22 06:51:10.622 I/liblog ( 2326): 3
08-22 06:51:10.622 I/liblog ( 2326): 2
08-22 06:51:10.623 I/liblog ( 2326): 4
08-22 06:51:10.623 I/liblog ( 2326): 3
08-22 06:51:10.624 I/liblog ( 2326): 8
08-22 06:51:10.632 I/liblog ( 2326): 3
08-22 06:51:10.643 I/liblog ( 2326): 2
08-22 06:51:10.643 I/liblog ( 2326): 2
08-22 06:51:10.643 I/liblog ( 2326): 7
08-22 06:51:10.648 I/liblog ( 2326): 7
08-22 06:51:10.654 I/liblog ( 2326): 28
08-22 06:51:10.657 I/liblog ( 2326): 5
08-22 06:51:10.658 I/liblog ( 2326): 2
08-22 06:51:10.658 I/liblog ( 2326): 7
08-22 06:51:10.661 I/liblog ( 2326): 3
08-22 06:51:10.665 I/liblog ( 2326): 1
08-22 06:51:10.665 I/liblog ( 2326): 2
08-22 06:51:10.666 I/liblog ( 2326): 4
08-22 06:51:10.666 I/liblog ( 2326): 3
08-22 06:51:10.666 I/liblog ( 2326): 4
08-22 06:51:10.667 I/liblog ( 2326): 1
08-22 06:51:10.667 I/liblog ( 2326): 4
08-22 06:51:10.668 I/liblog ( 2326): 3
08-22 06:51:10.672 I/liblog ( 2326): 42
08-22 06:51:10.673 I/liblog ( 2326): 3
08-22 06:51:10.675 I/liblog ( 2326): 3
08-22 06:51:10.675 I/liblog ( 2326): 6
08-22 06:51:10.680 I/liblog ( 2326): 6
08-22 06:51:10.682 I/liblog ( 2326): 5
08-22 06:51:10.682 I/liblog ( 2326): 7
08-22 06:51:10.682 I/liblog ( 2326): 6
08-22 06:51:10.683 I/liblog ( 2326): 3
08-22 06:51:10.689 I/liblog ( 2326): 12
08-22 06:51:10.693 I/liblog ( 2326): 34
01-01 00:38:22.113 W/logd ( 0): Skipping entries from slow reader, pid 32067, fd 15, from LogBuffer::Prune()
08-22 06:51:10.698 I/liblog ( 2326): 1
08-22 06:51:10.698 I/liblog ( 2326): 1
08-22 06:51:10.698 I/liblog ( 2326): 7
08-22 06:51:10.704 I/liblog ( 2326): 3
08-22 06:51:10.706 I/liblog ( 2326): 1
08-22 06:51:10.706 I/liblog ( 2326): 5
08-22 06:51:10.707 I/liblog ( 2326): 6
08-22 06:51:10.707 I/liblog ( 2326): 1
08-22 06:51:10.707 I/liblog ( 2326): 8
08-22 06:51:10.707 I/liblog ( 2326): 5
08-22 06:51:10.709 I/liblog ( 2326): 3
08-22 06:51:10.711 I/liblog ( 2326): 2
08-22 06:51:10.711 I/liblog ( 2326): 4
08-22 06:51:10.722 I/liblog ( 2326): 70
08-22 06:51:10.730 I/liblog ( 2326): 1
08-22 06:51:10.734 I/liblog ( 2326): 5
08-22 06:51:10.749 I/liblog ( 2326): 44
08-22 06:51:10.749 I/liblog ( 2326): 3
08-22 06:51:10.750 I/liblog ( 2326): 6
08-22 06:51:10.753 I/liblog ( 2326): 4
08-22 06:51:10.754 I/liblog ( 2326): 6
08-22 06:51:10.755 I/liblog ( 2326): 1
08-22 06:51:10.755 I/liblog ( 2326): 4
08-22 06:51:10.760 I/liblog ( 2326): 9
08-22 06:51:10.770 I/liblog ( 2326): 1
01-01 00:38:22.184 D/ ( 0): mv2112_read_status
01-01 00:38:22.188 D/mv2112_update_link( 0): 3.0x901(1G): 0x80
01-01 00:38:22.193 D/mv2112_update_link( 0): 3.0x8109(100M): 0x0
01-01 00:38:22.199 D/mv2112_update_link( 0): link 0x0
08-22 06:51:10.803 I/liblog ( 2326): 10
08-22 06:51:10.804 I/liblog ( 2326): 33
08-22 06:51:10.805 I/liblog ( 2326): 1
08-22 06:51:10.806 I/liblog ( 2326): 13
08-22 06:51:10.806 I/liblog ( 2326): 1
08-22 06:51:10.806 I/liblog ( 2326): 4
08-22 06:51:10.806 I/liblog ( 2326): 7
01-01 00:38:22.203 D/mv2112_read_status( 0): autoneg is disabled
08-22 06:51:10.807 I/liblog ( 2326): 6
08-22 06:51:10.808 I/liblog ( 2326): 1
08-22 06:51:10.808 I/liblog ( 2326): 5
08-22 06:51:10.809 I/liblog ( 2326): 9
08-22 06:51:10.809 I/liblog ( 2326): 1
08-22 06:51:10.809 I/liblog ( 2326): 3
08-22 06:51:10.810 I/liblog ( 2326): 4
08-22 06:51:10.810 I/liblog ( 2326): 2
08-22 06:51:10.810 I/liblog ( 2326): 1
08-22 06:51:10.811 I/liblog ( 2326): 1
08-22 06:51:10.811 I/liblog ( 2326): 4
08-22 06:51:10.818 I/liblog ( 2326): 1
08-22 06:51:10.836 I/liblog ( 2326): 2
08-22 06:51:10.839 I/liblog ( 2326): 6
08-22 06:51:10.842 I/liblog ( 2326): 1
08-22 06:51:10.842 I/liblog ( 2326): 1
08-22 06:51:10.843 I/liblog ( 2326): 3
08-22 06:51:10.843 I/liblog ( 2326): 4
08-22 06:51:10.843 I/liblog ( 2326): 2
08-22 06:51:10.844 I/liblog ( 2326): 4
08-22 06:51:10.847 I/liblog ( 2326): 2
08-22 06:51:10.848 I/liblog ( 2326): 2
08-22 06:51:10.861 I/liblog ( 2326): 4
01-01 00:38:22.337 W/logd ( 0): Skipping entries from slow reader, pid 32067, fd 15, from LogBuffer::Prune()
08-22 06:51:11.005 I/liblog ( 2326): 4
08-22 06:51:11.006 I/liblog ( 2326): 3
08-22 06:51:11.006 I/liblog ( 2326): 4
08-22 06:51:11.008 I/liblog ( 2326): 1
08-22 06:51:11.009 I/liblog ( 2326): 5
08-22 06:51:11.009 I/liblog ( 2326): 4
08-22 06:51:11.009 I/liblog ( 2326): 2
08-22 06:51:11.010 I/liblog ( 2326): 2
08-22 06:51:11.010 I/liblog ( 2326): 5
08-22 06:51:11.010 I/liblog ( 2326): 6
08-22 06:51:11.010 I/liblog ( 2326): 5
08-22 06:51:11.011 I/liblog ( 2326): 8
08-22 06:51:11.012 I/liblog ( 2326): 7
08-22 06:51:11.012 I/liblog ( 2326): 2
08-22 06:51:11.012 I/liblog ( 2326): 9
08-22 06:51:11.014 I/liblog ( 2326): 6
08-22 06:51:11.015 I/liblog ( 2326): 4
08-22 06:51:11.022 I/liblog ( 2326): 5
08-22 06:51:11.043 I/liblog ( 2326): 14
08-22 06:51:11.053 I/liblog ( 2326): 4
08-22 06:51:11.054 I/liblog ( 2326): 4
08-22 06:51:11.054 I/liblog ( 2326): 6
08-22 06:51:11.060 I/liblog ( 2326): 6
08-22 06:51:11.064 I/liblog ( 2326): 4
08-22 06:51:11.068 I/liblog ( 2326): 1
08-22 06:51:11.095 I/liblog ( 2326): 2
08-22 06:51:11.118 I/liblog ( 2326): 3
08-22 06:51:11.119 I/liblog ( 2326): 5
08-22 06:51:11.119 I/liblog ( 2326): 1
08-22 06:51:11.120 I/liblog ( 2326): 10
08-22 06:51:11.120 I/liblog ( 2326): 5
08-22 06:51:11.121 I/liblog ( 2326): 16
08-22 06:51:11.122 I/liblog ( 2326): 10
08-22 06:51:11.122 I/liblog ( 2326): 6
08-22 06:51:11.123 I/liblog ( 2326): 1
08-22 06:51:11.123 I/liblog ( 2326): 8
08-22 06:51:11.123 I/liblog ( 2326): 6
08-22 06:51:11.124 I/liblog ( 2326): 2
08-22 06:51:11.125 I/liblog ( 2326): 8
08-22 06:51:11.125 I/liblog ( 2326): 6
08-22 06:51:11.126 I/liblog ( 2326): 5
08-22 06:51:11.126 I/liblog ( 2326): 4
08-22 06:51:11.127 I/liblog ( 2326): 5
08-22 06:51:11.127 I/liblog ( 2326): 4
08-22 06:51:11.140 I/liblog ( 2326): 13
01-01 00:38:22.564 W/logd ( 0): Skipping entries from slow reader, pid 32067, fd 15, from LogBuffer::Prune()
08-22 06:51:11.159 I/liblog ( 2326): 2
08-22 06:51:11.163 I/liblog ( 2326): 5
08-22 06:51:11.165 I/liblog ( 2326): 1
08-22 06:51:11.165 I/liblog ( 2326): 1
08-22 06:51:11.165 I/liblog ( 2326): 1
08-22 06:51:11.166 I/liblog ( 2326): 3
08-22 06:51:11.166 I/liblog ( 2326): 2
08-22 06:51:11.166 I/liblog ( 2326): 4
08-22 06:51:11.170 I/liblog ( 2326): 6
08-22 06:51:11.171 I/liblog ( 2326): 2
08-22 06:51:11.172 I/liblog ( 2326): 3
08-22 06:51:11.172 I/liblog ( 2326): 4
08-22 06:51:11.172 I/liblog ( 2326): 3
08-22 06:51:11.173 I/liblog ( 2326): 4
08-22 06:51:11.173 I/liblog ( 2326): 2
01-01 00:38:22.597 I/IRQ 5 ( 0): no longer affine to CPU4
08-22 06:51:11.181 I/liblog ( 2326): 1
08-22 06:51:11.181 I/liblog ( 2326): 1
08-22 06:51:11.181 I/liblog ( 2326): 9
08-22 06:51:11.184 I/liblog ( 2326): 6
08-22 06:51:11.184 I/dvm_lock_sample( 2326): [com.thundercomm.remotecontrolser,0,Thread-337226,11,Throwable.java,665,void java.lang.Throwable.printStackTrace(java.lang.Throwable$PrintStreamOrWriter),,0,null,2]
08-22 06:51:11.185 I/liblog ( 2326): 1
08-22 06:51:11.185 I/liblog ( 2326): 7
08-22 06:51:11.186 I/liblog ( 2326): 3
08-22 06:51:11.186 I/liblog ( 2326): 7
08-22 06:51:11.186 I/liblog ( 2326): 9
08-22 06:51:11.187 I/liblog ( 2326): 1
08-22 06:51:11.187 I/liblog ( 2326): 9
08-22 06:51:11.187 I/liblog ( 2326): 7
08-22 06:51:11.189 I/liblog ( 2326): 15
08-22 06:51:11.189 I/liblog ( 2326): 2
08-22 06:51:11.190 I/liblog ( 2326): 8
08-22 06:51:11.190 I/liblog ( 2326): 6
08-22 06:51:11.190 I/liblog ( 2326): 2
08-22 06:51:11.191 I/liblog ( 2326): 8
08-22 06:51:11.191 I/liblog ( 2326): 7
08-22 06:51:11.191 I/liblog ( 2326): 1
08-22 06:51:11.191 I/liblog ( 2326): 5
08-22 06:51:11.192 I/liblog ( 2326): 5
08-22 06:51:11.193 I/liblog ( 2326): 5
08-22 06:51:11.193 I/liblog ( 2326): 1
08-22 06:51:11.193 I/liblog ( 2326): 4
08-22 06:51:11.194 I/liblog ( 2326): 4
08-22 06:51:11.194 I/liblog ( 2326): 2
08-22 06:51:11.194 I/liblog ( 2326): 3
08-22 06:51:11.195 I/liblog ( 2326): 2
08-22 06:51:11.195 I/liblog ( 2326): 1
08-22 06:51:11.195 I/liblog ( 2326): 5
08-22 06:51:11.196 I/liblog ( 2326): 5
08-22 06:51:11.196 I/liblog ( 2326): 3
08-22 06:51:11.196 I/liblog ( 2326): 3
08-22 06:51:11.197 I/liblog ( 2326): 6
08-22 06:51:11.197 I/liblog ( 2326): 6
08-22 06:51:11.197 I/liblog ( 2326): 5
08-22 06:51:11.198 I/liblog ( 2326): 3
08-22 06:51:11.198 I/liblog ( 2326): 4
08-22 06:51:11.199 I/liblog ( 2326): 4
08-22 06:51:11.199 I/liblog ( 2326): 3
08-22 06:51:11.199 I/liblog ( 2326): 3
08-22 06:51:11.201 I/liblog ( 2326): 14
08-22 06:51:11.202 I/liblog ( 2326): 2
08-22 06:51:11.202 I/liblog ( 2326): 8
08-22 06:51:11.202 I/liblog ( 2326): 7
08-22 06:51:11.203 I/liblog ( 2326): 1
08-22 06:51:11.203 I/liblog ( 2326): 1
08-22 06:51:11.203 I/liblog ( 2326): 11
08-22 06:51:11.204 I/liblog ( 2326): 4
08-22 06:51:11.204 I/liblog ( 2326): 1
08-22 06:51:11.205 I/liblog ( 2326): 12
08-22 06:51:11.207 I/liblog ( 2326): 4
08-22 06:51:11.208 I/liblog ( 2326): 2
08-22 06:51:11.208 I/liblog ( 2326): 9
08-22 06:51:11.209 I/liblog ( 2326): 4
08-22 06:51:11.209 I/liblog ( 2326): 4
08-22 06:51:11.209 I/liblog ( 2326): 2
08-22 06:51:11.210 I/liblog ( 2326): 4
08-22 06:51:11.211 I/liblog ( 2326): 2
08-22 06:51:11.211 I/liblog ( 2326): 6
08-22 06:51:11.211 I/liblog ( 2326): 7
08-22 06:51:11.212 I/liblog ( 2326): 3
08-22 06:51:11.212 I/liblog ( 2326): 8
08-22 06:51:11.213 I/liblog ( 2326): 9
08-22 06:51:11.213 I/liblog ( 2326): 9
08-22 06:51:11.221 I/liblog ( 2326): 6
08-22 06:51:11.254 I/liblog ( 2326): 15
08-22 06:51:11.255 I/liblog ( 2326): 6
08-22 06:51:11.255 I/liblog ( 2326): 6
08-22 06:51:11.255 I/liblog ( 2326): 3
08-22 06:51:11.255 I/liblog ( 2326): 5
08-22 06:51:11.256 I/liblog ( 2326): 6
08-22 06:51:11.263 I/liblog ( 2326): 6
08-22 06:51:11.282 I/liblog ( 2326): 5
08-22 06:51:11.283 I/liblog ( 2326): 2
08-22 06:51:11.283 I/liblog ( 2326): 8
08-22 06:51:11.284 I/liblog ( 2326): 5
08-22 06:51:11.284 I/liblog ( 2326): 4
08-22 06:51:11.284 I/liblog ( 2326): 7
08-22 06:51:11.284 I/liblog ( 2326): 6
08-22 06:51:11.285 I/liblog ( 2326): 6
08-22 06:51:11.285 I/liblog ( 2326): 6
08-22 06:51:11.286 I/liblog ( 2326): 5
08-22 06:51:11.287 I/liblog ( 2326): 1
08-22 06:51:11.288 I/liblog ( 2326): 3
08-22 06:51:11.290 I/liblog ( 2326): 3
08-22 06:51:11.293 I/liblog ( 2326): 4
08-22 06:51:11.293 I/liblog ( 2326): 3
08-22 06:51:11.294 I/liblog ( 2326): 2
08-22 06:51:11.294 I/liblog ( 2326): 3
08-22 06:51:11.295 I/liblog ( 2326): 3
08-22 06:51:11.295 I/liblog ( 2326): 2
08-22 06:51:11.295 I/liblog ( 2326): 4
08-22 06:51:11.303 I/liblog ( 2326): 1
08-22 06:51:11.308 I/liblog ( 2326): 4
08-22 06:51:11.308 I/liblog ( 2326): 6
08-22 06:51:11.311 I/liblog ( 2326): 5
08-22 06:51:11.318 I/liblog ( 2326): 12
08-22 06:51:11.323 I/liblog ( 2326): 3
08-22 06:51:11.331 I/liblog ( 2326): 5
08-22 06:51:11.344 I/liblog ( 2326): 6
08-22 06:51:11.344 I/liblog ( 2326): 2
08-22 06:51:11.345 I/liblog ( 2326): 3
08-22 06:51:11.345 I/liblog ( 2326): 3
08-22 06:51:11.346 I/liblog ( 2326): 3
08-22 06:51:11.346 I/liblog ( 2326): 2
08-22 06:51:11.347 I/liblog ( 2326): 3
08-22 06:51:11.347 I/liblog ( 2326): 1
08-22 06:51:11.347 I/liblog ( 2326): 11
08-22 06:51:11.348 I/liblog ( 2326): 4
08-22 06:51:11.348 I/liblog ( 2326): 5
08-22 06:51:11.348 I/liblog ( 2326): 8
08-22 06:51:11.349 I/liblog ( 2326): 4
08-22 06:51:11.349 I/liblog ( 2326): 1
08-22 06:51:11.350 I/liblog ( 2326): 12
08-22 06:51:11.350 I/liblog ( 2326): 2
08-22 06:51:11.350 I/liblog ( 2326): 2
08-22 06:51:11.351 I/liblog ( 2326): 2
08-22 06:51:11.351 I/liblog ( 2326): 3
08-22 06:51:11.351 I/liblog ( 2326): 3
08-22 06:51:11.352 I/liblog ( 2326): 3
08-22 06:51:11.352 I/liblog ( 2326): 3
08-22 06:51:11.352 I/liblog ( 2326): 2
08-22 06:51:11.352 I/liblog ( 2326): 2
08-22 06:51:11.354 I/liblog ( 2326): 2
08-22 06:51:11.354 I/liblog ( 2326): 3
08-22 06:51:11.355 I/liblog ( 2326): 3
08-22 06:51:11.355 I/liblog ( 2326): 2
08-22 06:51:11.356 I/liblog ( 2326): 13
08-22 06:51:11.356 I/liblog ( 2326): 5
08-22 06:51:11.356 I/liblog ( 2326): 6
08-22 06:51:11.357 I/liblog ( 2326): 6
08-22 06:51:11.357 I/liblog ( 2326): 3
08-22 06:51:11.357 I/liblog ( 2326): 1
08-22 06:51:11.358 I/liblog ( 2326): 1
08-22 06:51:11.358 I/liblog ( 2326): 1
08-22 06:51:11.358 I/liblog ( 2326): 6
08-22 06:51:11.359 I/liblog ( 2326): 1
08-22 06:51:11.359 I/liblog ( 2326): 2
08-22 06:51:11.360 I/liblog ( 2326): 3
08-22 06:51:11.360 I/liblog ( 2326): 3
08-22 06:51:11.360 I/liblog ( 2326): 5
08-22 06:51:11.361 I/liblog ( 2326): 6
08-22 06:51:11.361 I/liblog ( 2326): 3
08-22 06:51:11.361 I/liblog ( 2326): 4
08-22 06:51:11.362 I/liblog ( 2326): 7
08-22 06:51:11.362 I/liblog ( 2326): 3
08-22 06:51:11.363 I/liblog ( 2326): 3
08-22 06:51:11.363 I/liblog ( 2326): 3
08-22 06:51:11.363 I/liblog ( 2326): 3
08-22 06:51:11.363 I/liblog ( 2326): 4
08-22 06:51:11.364 I/liblog ( 2326): 3
08-22 06:51:11.364 I/liblog ( 2326): 3
08-22 06:51:11.365 I/liblog ( 2326): 10
08-22 06:51:11.365 I/liblog ( 2326): 5
08-22 06:51:11.365 I/liblog ( 2326): 4
08-22 06:51:11.366 I/liblog ( 2326): 8
08-22 06:51:11.366 I/liblog ( 2326): 6
08-22 06:51:11.367 I/liblog ( 2326): 2
08-22 06:51:11.367 I/liblog ( 2326): 4
08-22 06:51:11.367 I/liblog ( 2326): 4
08-22 06:51:11.367 I/liblog ( 2326): 2
08-22 06:51:11.368 I/liblog ( 2326): 4
08-22 06:51:11.368 I/liblog ( 2326): 2
08-22 06:51:11.368 I/liblog ( 2326): 5
08-22 06:51:11.369 I/liblog ( 2326): 4
08-22 06:51:11.369 I/liblog ( 2326): 6
08-22 06:51:11.369 I/liblog ( 2326): 5
08-22 06:51:11.370 I/liblog ( 2326): 6
08-22 06:51:11.370 I/liblog ( 2326): 6
08-22 06:51:11.371 I/liblog ( 2326): 14
08-22 06:51:11.371 I/liblog ( 2326): 2
08-22 06:51:11.372 I/liblog ( 2326): 8
08-22 06:51:11.372 I/liblog ( 2326): 5
08-22 06:51:11.372 I/liblog ( 2326): 2
08-22 06:51:11.373 I/liblog ( 2326): 1
08-22 06:51:11.373 I/liblog ( 2326): 8
08-22 06:51:11.373 I/liblog ( 2326): 7
08-22 06:51:11.373 I/liblog ( 2326): 2
08-22 06:51:11.374 I/liblog ( 2326): 11
08-22 06:51:11.374 I/liblog ( 2326): 4
08-22 06:51:11.375 I/liblog ( 2326): 3
08-22 06:51:11.375 I/liblog ( 2326): 1
08-22 06:51:11.375 I/liblog ( 2326): 6
08-22 06:51:11.376 I/liblog ( 2326): 9
08-22 06:51:11.377 I/liblog ( 2326): 11
08-22 06:51:11.377 I/liblog ( 2326): 9
08-22 06:51:11.378 I/liblog ( 2326): 4
08-22 06:51:11.378 I/liblog ( 2326): 4
08-22 06:51:11.378 I/liblog ( 2326): 2
08-22 06:51:11.379 I/liblog ( 2326): 9
08-22 06:51:11.379 I/liblog ( 2326): 7
08-22 06:51:11.379 I/liblog ( 2326): 2
08-22 06:51:11.380 I/liblog ( 2326): 8
08-22 06:51:11.380 I/liblog ( 2326): 5
08-22 06:51:11.380 I/liblog ( 2326): 3
08-22 06:51:11.381 I/liblog ( 2326): 5
08-22 06:51:11.382 I/liblog ( 2326): 10
08-22 06:51:11.383 I/liblog ( 2326): 3
08-22 06:51:11.383 I/liblog ( 2326): 3
08-22 06:51:11.383 I/liblog ( 2326): 3
08-22 06:51:11.384 I/liblog ( 2326): 4
08-22 06:51:11.384 I/liblog ( 2326): 4
08-22 06:51:11.385 I/liblog ( 2326): 6
08-22 06:51:11.385 I/liblog ( 2326): 6
08-22 06:51:11.386 I/liblog ( 2326): 4
01-01 00:38:22.793 I/init ( 0): starting service 'qvrd_vndr'...
08-22 06:51:11.387 I/liblog ( 2326): 7
08-22 06:51:11.387 I/liblog ( 2326): 3
08-22 06:51:11.387 I/liblog ( 2326): 6
01-01 00:38:22.797 I/IRQ 5 ( 0): no longer affine to CPU5
08-22 06:51:11.388 I/liblog ( 2326): 10
08-22 06:51:11.388 I/liblog ( 2326): 6
08-22 06:51:11.389 I/liblog ( 2326): 6
08-22 06:51:11.389 I/liblog ( 2326): 5
08-22 06:51:11.389 I/liblog ( 2326): 1
08-22 06:51:11.390 I/liblog ( 2326): 3
08-22 06:51:11.390 I/liblog ( 2326): 3
08-22 06:51:11.390 I/liblog ( 2326): 3
08-22 06:51:11.390 I/liblog ( 2326): 3
08-22 06:51:11.391 I/liblog ( 2326): 4
08-22 06:51:11.391 I/liblog ( 2326): 1
08-22 06:51:11.391 I/liblog ( 2326): 1
08-22 06:51:11.396 I/liblog ( 2326): 5
01-01 00:38:22.801 I/init ( 0): Created socket '/dev/socket/qvrservice_vndr', mode 660, user 1000, group 1000
08-22 06:51:11.397 I/liblog ( 2326): 1
08-22 06:51:11.397 I/liblog ( 2326): 5
08-22 06:51:11.398 I/liblog ( 2326): 5
08-22 06:51:11.398 I/liblog ( 2326): 3
08-22 06:51:11.398 I/liblog ( 2326): 8
08-22 06:51:11.399 I/liblog ( 2326): 4
08-22 06:51:11.399 I/liblog ( 2326): 3
08-22 06:51:11.399 I/liblog ( 2326): 7
08-22 06:51:11.400 I/liblog ( 2326): 5
08-22 06:51:11.400 I/liblog ( 2326): 4
08-22 06:51:11.401 I/liblog ( 2326): 5
08-22 06:51:11.401 I/liblog ( 2326): 4
08-22 06:51:11.402 I/liblog ( 2326): 5
08-22 06:51:11.402 I/liblog ( 2326): 6
08-22 06:51:11.403 I/liblog ( 2326): 5
08-22 06:51:11.403 I/liblog ( 2326): 6
08-22 06:51:11.404 I/liblog ( 2326): 10
08-22 06:51:11.404 I/liblog ( 2326): 5
08-22 06:51:11.405 I/liblog ( 2326): 11
08-22 06:51:11.405 I/liblog ( 2326): 5
08-22 06:51:11.406 I/liblog ( 2326): 10
08-22 06:51:11.406 I/liblog ( 2326): 6
08-22 06:51:11.406 I/liblog ( 2326): 2
08-22 06:51:11.407 I/liblog ( 2326): 7
08-22 06:51:11.407 I/liblog ( 2326): 5
08-22 06:51:11.408 I/liblog ( 2326): 3
08-22 06:51:11.409 I/liblog ( 2326): 2
08-22 06:51:11.409 I/liblog ( 2326): 3
08-22 06:51:11.409 I/liblog ( 2326): 3
08-22 06:51:11.410 I/liblog ( 2326): 4
08-22 06:51:11.410 I/liblog ( 2326): 1
08-22 06:51:11.410 I/liblog ( 2326): 4
08-22 06:51:11.411 I/liblog ( 2326): 6
08-22 06:51:11.411 I/liblog ( 2326): 4
08-22 06:51:11.411 I/liblog ( 2326): 4
08-22 06:51:11.412 I/liblog ( 2326): 11
08-22 06:51:11.412 I/liblog ( 2326): 4
01-01 00:38:22.813 I/init ( 0): Created socket '/dev/socket/qvrservice_vndr_camera', mode 660, user 1000, group 1000
08-22 06:51:11.413 I/liblog ( 2326): 15
08-22 06:51:11.414 I/liblog ( 2326): 3
08-22 06:51:11.415 I/liblog ( 2326): 11
08-22 06:51:11.415 I/liblog ( 2326): 1
08-22 06:51:11.415 I/liblog ( 2326): 4
08-22 06:51:11.416 I/liblog ( 2326): 4
08-22 06:51:11.416 I/liblog ( 2326): 3
08-22 06:51:11.416 I/liblog ( 2326): 4
08-22 06:51:11.417 I/liblog ( 2326): 2
08-22 06:51:11.417 I/liblog ( 2326): 4
08-22 06:51:11.417 I/liblog ( 2326): 7
08-22 06:51:11.418 I/liblog ( 2326): 2
08-22 06:51:11.418 I/liblog ( 2326): 5
08-22 06:51:11.418 I/liblog ( 2326): 8
08-22 06:51:11.419 I/liblog ( 2326): 8
08-22 06:51:11.419 I/liblog ( 2326): 4
08-22 06:51:11.419 I/liblog ( 2326): 7
08-22 06:51:11.426 I/liblog ( 2326): 6
01-01 00:38:22.833 I/init ( 0): starting service 'sxrd'...
08-22 06:51:11.440 I/liblog ( 2326): 1
08-22 06:51:11.441 I/liblog ( 2326): 3
08-22 06:51:11.442 I/liblog ( 2326): 5
08-22 06:51:11.443 I/liblog ( 2326): 3
08-22 06:51:11.443 I/liblog ( 2326): 3
01-01 00:38:22.847 I/init ( 0): starting service 'vendor.light-hal-2-0'...
08-22 06:51:11.443 I/liblog ( 2326): 3
08-22 06:51:11.444 I/liblog ( 2326): 1
08-22 06:51:11.444 I/liblog ( 2326): 7
08-22 06:51:11.444 I/liblog ( 2326): 8
08-22 06:51:11.446 I/liblog ( 2326): 1
08-22 06:51:11.451 I/liblog ( 2326): 80
08-22 06:51:11.452 I/liblog ( 2326): 4
08-22 06:51:11.452 I/liblog ( 2326): 6
08-22 06:51:11.453 I/liblog ( 2326): 2
08-22 06:51:11.453 I/liblog ( 2326): 7
08-22 06:51:11.453 I/liblog ( 2326): 2
08-22 06:51:11.453 I/liblog ( 2326): 2
08-22 06:51:11.458 I/liblog ( 2326): 4
08-22 06:51:11.463 I/liblog ( 2326): 1
01-01 00:38:22.871 W/logd ( 0): Skipping entries from slow reader, pid 32067, fd 15, from LogBuffer::Prune()
