01-01 02:15:08.903 0 0 I IRQ 5 : no longer affine to CPU4
01-01 02:15:09.018 0 0 W logd : Skipping entries from slow reader, pid 1286, fd 14, from LogBuffer::Prune()
01-01 02:15:09.457 0 0 W logd : Skipping entries from slow reader, pid 1286, fd 14, from LogBuffer::Prune()
01-01 02:15:09.704 0 0 I IRQ 5 : no longer affine to CPU5
01-01 02:15:09.840 0 0 W logd : Skipping entries from slow reader, pid 1286, fd 14, from LogBuffer::Prune()
01-01 02:15:09.851 0 0 W logd : Skipping entries from slow reader, pid 1286, fd 14, from LogBuffer::Prune()
01-01 02:15:09.899 0 0 D : mv2112_read_status
01-01 02:15:09.899 0 0 D mv2112_update_link: 3.0x901(1G): 0x80
01-01 02:15:09.899 0 0 D mv2112_update_link: 3.0x8109(100M): 0x0
01-01 02:15:09.899 0 0 D mv2112_update_link: link 0x0
01-01 02:15:09.899 0 0 D mv2112_read_status: autoneg is disabled
01-01 02:15:10.923 0 0 D : mv2112_read_status
01-01 02:15:10.923 0 0 D mv2112_update_link: 3.0x901(1G): 0x80
01-01 02:15:10.923 0 0 D mv2112_update_link: 3.0x8109(100M): 0x0
01-01 02:15:10.923 0 0 D mv2112_update_link: link 0x0
01-01 02:15:10.923 0 0 D mv2112_read_status: autoneg is disabled
01-01 02:15:11.316 0 0 I init : starting service 'qvrd_vndr'...
01-01 02:15:11.319 0 0 I init : Created socket '/dev/socket/qvrservice_vndr', mode 660, user 1000, group 1000
01-01 02:15:11.324 0 0 I init : Created socket '/dev/socket/qvrservice_vndr_camera', mode 660, user 1000, group 1000
01-01 02:15:11.363 0 0 I init : starting service 'sxrd'...
01-01 02:15:11.414 0 0 I init : Service 'qvrd_vndr' (pid 7761) exited with status 1
01-01 02:15:11.414 0 0 I init : Sending signal 9 to service 'qvrd_vndr' (pid 7761) process group...
01-01 02:15:11.415 0 0 I libprocessgroup: Successfully killed process cgroup uid 1000 pid 7761 in 0ms
01-01 02:15:11.437 0 0 I init : Service 'sxrd' (pid 7769) exited with status 1
01-01 02:15:11.437 0 0 I init : Sending signal 9 to service 'sxrd' (pid 7769) process group...
01-01 02:15:11.438 0 0 I libprocessgroup: Successfully killed process cgroup uid 1000 pid 7769 in 0ms
08-24 14:29:45.223 7761 7761 F linker : CANNOT LINK EXECUTABLE "/vendor/bin/hw/qvrservice": library "vendor.qti.hardware.qxr-V1-ndk_platform.so" not found: needed by /vendor/lib64/libqvrservice.so in namespace (default)
08-24 14:29:45.245 7769 7769 F linker : CANNOT LINK EXECUTABLE "/vendor/bin/hw/sxrservice": library "vendor.qti.hardware.qxr-V1-ndk_platform.so" not found: needed by main executable
01-01 02:15:11.623 0 0 I IRQ 5 : no longer affine to CPU5
01-01 02:15:11.743 0 0 I IRQ 5 : no longer affine to CPU4
01-01 02:15:11.947 0 0 D : mv2112_read_status
01-01 02:15:11.947 0 0 D mv2112_update_link: 3.0x901(1G): 0x80
01-01 02:15:11.947 0 0 D mv2112_update_link: 3.0x8109(100M): 0x0
01-01 02:15:11.947 0 0 D mv2112_update_link: link 0x0
01-01 02:15:11.947 0 0 D mv2112_read_status: autoneg is disabled
01-01 02:15:12.516 0 0 W logd : Skipping entries from slow reader, pid 1286, fd 14, from LogBuffer::Prune()
01-01 02:15:12.878 0 0 W logd : Skipping entries from slow reader, pid 1286, fd 14, from LogBuffer::Prune()
01-01 02:15:12.971 0 0 D : mv2112_read_status
01-01 02:15:12.971 0 0 D mv2112_update_link: 3.0x901(1G): 0x80
01-01 02:15:12.971 0 0 D mv2112_update_link: 3.0x8109(100M): 0x0
01-01 02:15:12.971 0 0 D mv2112_update_link: link 0x0
01-01 02:15:12.971 0 0 D mv2112_read_status: autoneg is disabled
01-01 02:15:13.139 0 0 W logd : Skipping entries from slow reader, pid 1286, fd 14, from LogBuffer::Prune()
01-01 02:15:13.194 0 0 W logd : Skipping entries from slow reader, pid 1286, fd 14, from LogBuffer::Prune()
01-01 02:15:13.593 0 0 W logd : Skipping entries from slow reader, pid 1286, fd 14, from LogBuffer::Prune()
01-01 02:15:13.878 0 0 W logd : Skipping entries from slow reader, pid 1286, fd 14, from LogBuffer::Prune()
01-01 02:15:13.995 0 0 D : mv2112_read_status
01-01 02:15:13.995 0 0 D mv2112_update_link: 3.0x901(1G): 0x80
01-01 02:15:13.995 0 0 D mv2112_update_link: 3.0x8109(100M): 0x0
01-01 02:15:13.995 0 0 D mv2112_update_link: link 0x0
01-01 02:15:13.995 0 0 D mv2112_read_status: autoneg is disabled
01-01 02:15:14.207 0 0 W logd : Skipping entries from slow reader, pid 1286, fd 14, from LogBuffer::Prune()
01-01 02:15:14.679 0 0 W logd : Skipping entries from slow reader, pid 1286, fd 14, from LogBuffer::Prune()
01-01 02:15:14.683 0 0 I IRQ 5 : no longer affine to CPU4
01-01 02:15:14.857 0 0 W logd : Skipping entries from slow reader, pid 1286, fd 14, from LogBuffer::Prune()
01-01 02:15:15.019 0 0 D : mv2112_read_status
01-01 02:15:15.019 0 0 D mv2112_update_link: 3.0x901(1G): 0x80
01-01 02:15:15.019 0 0 D mv2112_update_link: 3.0x8109(100M): 0x0
01-01 02:15:15.019 0 0 D mv2112_update_link: link 0x0
01-01 02:15:15.019 0 0 D mv2112_read_status: autoneg is disabled
01-01 02:15:15.254 0 0 W logd : Skipping entries from slow reader, pid 1286, fd 14, from LogBuffer::Prune()
01-01 02:15:16.043 0 0 D : mv2112_read_status
01-01 02:15:16.043 0 0 D mv2112_update_link: 3.0x901(1G): 0x80
01-01 02:15:16.044 0 0 D mv2112_update_link: 3.0x8109(100M): 0x0
01-01 02:15:16.044 0 0 D mv2112_update_link: link 0x0
01-01 02:15:16.044 0 0 D mv2112_read_status: autoneg is disabled
01-01 02:15:16.103 0 0 I IRQ 5 : no longer affine to CPU6
01-01 02:15:16.352 0 0 I init : starting service 'qvrd_vndr'...
01-01 02:15:16.355 0 0 I init : Created socket '/dev/socket/qvrservice_vndr', mode 660, user 1000, group 1000
01-01 02:15:16.357 0 0 I init : Created socket '/dev/socket/qvrservice_vndr_camera', mode 660, user 1000, group 1000
01-01 02:15:16.403 0 0 I init : starting service 'sxrd'...
01-01 02:15:16.462 0 0 I init : Service 'sxrd' (pid 9048) exited with status 1
01-01 02:15:16.462 0 0 I init : Sending signal 9 to service 'sxrd' (pid 9048) process group...
01-01 02:15:16.463 0 0 I libprocessgroup: Successfully killed process cgroup uid 1000 pid 9048 in 1ms
01-01 02:15:16.468 0 0 I init : Service 'qvrd_vndr' (pid 9039) exited with status 1
01-01 02:15:16.468 0 0 I init : Sending signal 9 to service 'qvrd_vndr' (pid 9039) process group...
01-01 02:15:16.469 0 0 I libprocessgroup: Successfully killed process cgroup uid 1000 pid 9039 in 0ms
08-24 14:29:50.271 9048 9048 F linker : CANNOT LINK EXECUTABLE "/vendor/bin/hw/sxrservice": library "vendor.qti.hardware.qxr-V1-ndk_platform.so" not found: needed by main executable
08-24 14:29:50.273 9039 9039 F linker : CANNOT LINK EXECUTABLE "/vendor/bin/hw/qvrservice": library "vendor.qti.hardware.qxr-V1-ndk_platform.so" not found: needed by /vendor/lib64/libqvrservice.so in namespace (default)
01-01 02:15:17.067 0 0 D : mv2112_read_status
01-01 02:15:17.067 0 0 D mv2112_update_link: 3.0x901(1G): 0x80
01-01 02:15:17.067 0 0 D mv2112_update_link: 3.0x8109(100M): 0x0
01-01 02:15:17.067 0 0 D mv2112_update_link: link 0x0
01-01 02:15:17.067 0 0 D mv2112_read_status: autoneg is disabled
01-01 02:15:17.800 0 0 W logd : Skipping entries from slow reader, pid 1286, fd 14, from LogBuffer::Prune()
01-01 02:15:18.078 0 0 W logd : Skipping entries from slow reader, pid 1286, fd 14, from LogBuffer::Prune()
01-01 02:15:18.091 0 0 D : mv2112_read_status
01-01 02:15:18.091 0 0 D mv2112_update_link: 3.0x901(1G): 0x80
01-01 02:15:18.091 0 0 D mv2112_update_link: 3.0x8109(100M): 0x0
01-01 02:15:18.091 0 0 D mv2112_update_link: link 0x0
01-01 02:15:18.091 0 0 D mv2112_read_status: autoneg is disabled
01-01 02:15:18.508 0 0 W logd : Skipping entries from slow reader, pid 1286, fd 14, from LogBuffer::Prune()
01-01 02:15:18.866 0 0 W logd : Skipping entries from slow reader, pid 1286, fd 14, from LogBuffer::Prune()
01-01 02:15:18.947 0 0 W logd : Skipping entries from slow reader, pid 1286, fd 14, from LogBuffer::Prune()
01-01 02:15:18.983 0 0 I IRQ 5 : no longer affine to CPU4
01-01 02:15:19.115 0 0 D : mv2112_read_status
01-01 02:15:19.115 0 0 D mv2112_update_link: 3.0x901(1G): 0x80
01-01 02:15:19.115 0 0 D mv2112_update_link: 3.0x8109(100M): 0x0
01-01 02:15:19.115 0 0 D mv2112_update_link: link 0x0
01-01 02:15:19.115 0 0 D mv2112_read_status: autoneg is disabled
01-01 02:15:19.213 0 0 W logd : Skipping entries from slow reader, pid 1286, fd 14, from LogBuffer::Prune()
01-01 02:15:19.523 0 0 I IRQ 5 : no longer affine to CPU6
01-01 02:15:19.571 0 0 W logd : Skipping entries from slow reader, pid 1286, fd 14, from LogBuffer::Prune()
01-01 02:15:19.836 0 0 W logd : Skipping entries from slow reader, pid 1286, fd 14, from LogBuffer::Prune()
01-01 02:15:20.140 0 0 D : mv2112_read_status
01-01 02:15:20.140 0 0 D mv2112_update_link: 3.0x901(1G): 0x80
01-01 02:15:20.140 0 0 D mv2112_update_link: 3.0x8109(100M): 0x0
01-01 02:15:20.140 0 0 D mv2112_update_link: link 0x0
01-01 02:15:20.140 0 0 D mv2112_read_status: autoneg is disabled
01-01 02:15:20.257 0 0 W logd : Skipping entries from slow reader, pid 1286, fd 14, from LogBuffer::Prune()
01-01 02:15:20.676 0 0 W logd : Skipping entries from slow reader, pid 1286, fd 14, from LogBuffer::Prune()
01-01 02:15:21.164 0 0 D : mv2112_read_status
01-01 02:15:21.164 0 0 D mv2112_update_link: 3.0x901(1G): 0x80
01-01 02:15:21.164 0 0 D mv2112_update_link: 3.0x8109(100M): 0x0
01-01 02:15:21.164 0 0 D mv2112_update_link: link 0x0
01-01 02:15:21.164 0 0 D mv2112_read_status: autoneg is disabled
01-01 02:15:21.388 0 0 I init : starting service 'qvrd_vndr'...
01-01 02:15:21.392 0 0 I init : Created socket '/dev/socket/qvrservice_vndr', mode 660, user 1000, group 1000
01-01 02:15:21.394 0 0 I init : Created socket '/dev/socket/qvrservice_vndr_camera', mode 660, user 1000, group 1000
01-01 02:15:21.404 0 0 I IRQ 5 : no longer affine to CPU5
01-01 02:15:21.444 0 0 I init : starting service 'sxrd'...
01-01 02:15:21.488 0 0 I init : Service 'qvrd_vndr' (pid 10393) exited with status 1
01-01 02:15:21.488 0 0 I init : Sending signal 9 to service 'qvrd_vndr' (pid 10393) process group...
01-01 02:15:21.489 0 0 I libprocessgroup: Successfully killed process cgroup uid 1000 pid 10393 in 0ms
01-01 02:15:21.516 0 0 I init : Service 'sxrd' (pid 10402) exited with status 1
01-01 02:15:21.516 0 0 I init : Sending signal 9 to service 'sxrd' (pid 10402) process group...
01-01 02:15:21.516 0 0 I libprocessgroup: Successfully killed process cgroup uid 1000 pid 10402 in 0ms
08-24 14:29:55.297 10393 10393 F linker : CANNOT LINK EXECUTABLE "/vendor/bin/hw/qvrservice": library "vendor.qti.hardware.qxr-V1-ndk_platform.so" not found: needed by /vendor/lib64/libqvrservice.so in namespace (default)
08-24 14:29:55.325 10402 10402 F linker : CANNOT LINK EXECUTABLE "/vendor/bin/hw/sxrservice": library "vendor.qti.hardware.qxr-V1-ndk_platform.so" not found: needed by main executable
01-01 02:15:22.187 0 0 D : mv2112_read_status
01-01 02:15:22.187 0 0 D mv2112_update_link: 3.0x901(1G): 0x80
01-01 02:15:22.187 0 0 D mv2112_update_link: 3.0x8109(100M): 0x0
01-01 02:15:22.188 0 0 D mv2112_update_link: link 0x0
01-01 02:15:22.188 0 0 D mv2112_read_status: autoneg is disabled
01-01 02:15:22.823 0 0 I IRQ 5 : no longer affine to CPU5
01-01 02:15:23.012 0 0 W logd : Skipping entries from slow reader, pid 1286, fd 14, from LogBuffer::Prune()
01-01 02:15:23.212 0 0 D : mv2112_read_status
01-01 02:15:23.212 0 0 D mv2112_update_link: 3.0x901(1G): 0x80
01-01 02:15:23.212 0 0 D mv2112_update_link: 3.0x8109(100M): 0x0
01-01 02:15:23.212 0 0 D mv2112_update_link: link 0x0
01-01 02:15:23.212 0 0 D mv2112_read_status: autoneg is disabled
01-01 02:15:23.426 0 0 W logd : Skipping entries from slow reader, pid 1286, fd 14, from LogBuffer::Prune()
01-01 02:15:23.804 0 0 W logd : Skipping entries from slow reader, pid 1286, fd 14, from LogBuffer::Prune()
01-01 02:15:24.083 0 0 I IRQ 5 : no longer affine to CPU4
01-01 02:15:24.167 0 0 W logd : Skipping entries from slow reader, pid 1286, fd 14, from LogBuffer::Prune()
01-01 02:15:24.223 0 0 I IRQ 5 : no longer affine to CPU6
01-01 02:15:24.236 0 0 D : mv2112_read_status
01-01 02:15:24.236 0 0 D mv2112_update_link: 3.0x901(1G): 0x80
01-01 02:15:24.237 0 0 D mv2112_update_link: 3.0x8109(100M): 0x0
01-01 02:15:24.237 0 0 D mv2112_update_link: link 0x0
01-01 02:15:24.237 0 0 D mv2112_read_status: autoneg is disabled
01-01 02:15:24.381 0 0 W logd : Skipping entries from slow reader, pid 1286, fd 14, from LogBuffer::Prune()
01-01 02:15:24.383 0 0 I IRQ 5 : no longer affine to CPU5
01-01 02:15:24.472 0 0 W logd : Skipping entries from slow reader, pid 1286, fd 14, from LogBuffer::Prune()
01-01 02:15:24.755 0 0 W logd : Skipping entries from slow reader, pid 1286, fd 14, from LogBuffer::Prune()
01-01 02:15:25.074 0 0 W logd : Skipping entries from slow reader, pid 1286, fd 14, from LogBuffer::Prune()
01-01 02:15:25.259 0 0 D : mv2112_read_status
01-01 02:15:25.260 0 0 D mv2112_update_link: 3.0x901(1G): 0x80
01-01 02:15:25.260 0 0 D mv2112_update_link: 3.0x8109(100M): 0x0
01-01 02:15:25.260 0 0 D mv2112_update_link: link 0x0
01-01 02:15:25.260 0 0 D mv2112_read_status: autoneg is disabled
01-01 02:15:25.401 0 0 W logd : Skipping entries from slow reader, pid 1286, fd 14, from LogBuffer::Prune()
01-01 02:15:25.788 0 0 W logd : Skipping entries from slow reader, pid 1286, fd 14, from LogBuffer::Prune()
01-01 02:15:26.123 0 0 I IRQ 5 : no longer affine to CPU4
01-01 02:15:26.283 0 0 D : mv2112_read_status
01-01 02:15:26.283 0 0 D mv2112_update_link: 3.0x901(1G): 0x80
01-01 02:15:26.283 0 0 D mv2112_update_link: 3.0x8109(100M): 0x0
01-01 02:15:26.283 0 0 D mv2112_update_link: link 0x0
01-01 02:15:26.283 0 0 D mv2112_read_status: autoneg is disabled
01-01 02:15:26.423 0 0 I init : starting service 'qvrd_vndr'...
01-01 02:15:26.426 0 0 I init : Created socket '/dev/socket/qvrservice_vndr', mode 660, user 1000, group 1000
01-01 02:15:26.428 0 0 I init : Created socket '/dev/socket/qvrservice_vndr_camera', mode 660, user 1000, group 1000
01-01 02:15:26.443 0 0 I IRQ 5 : no longer affine to CPU6
01-01 02:15:26.467 0 0 I init : starting service 'sxrd'...
01-01 02:15:26.500 0 0 I init : Service 'qvrd_vndr' (pid 11572) exited with status 1
01-01 02:15:26.500 0 0 I init : Sending signal 9 to service 'qvrd_vndr' (pid 11572) process group...
01-01 02:15:26.500 0 0 I libprocessgroup: Successfully killed process cgroup uid 1000 pid 11572 in 0ms
01-01 02:15:26.522 0 0 I init : Service 'sxrd' (pid 11582) exited with status 1
01-01 02:15:26.522 0 0 I init : Sending signal 9 to service 'sxrd' (pid 11582) process group...
01-01 02:15:26.522 0 0 I libprocessgroup: Successfully killed process cgroup uid 1000 pid 11582 in 0ms
01-01 02:15:26.603 0 0 I IRQ 5 : no longer affine to CPU5
08-24 14:30:00.308 11572 11572 F linker : CANNOT LINK EXECUTABLE "/vendor/bin/hw/qvrservice": library "vendor.qti.hardware.qxr-V1-ndk_platform.so" not found: needed by /vendor/lib64/libqvrservice.so in namespace (default)
08-24 14:30:00.331 11582 11582 F linker : CANNOT LINK EXECUTABLE "/vendor/bin/hw/sxrservice": library "vendor.qti.hardware.qxr-V1-ndk_platform.so" not found: needed by main executable
01-01 02:15:27.308 0 0 D : mv2112_read_status
01-01 02:15:27.308 0 0 D mv2112_update_link: 3.0x901(1G): 0x80
01-01 02:15:27.309 0 0 D mv2112_update_link: 3.0x8109(100M): 0x0
01-01 02:15:27.309 0 0 D mv2112_update_link: link 0x0
01-01 02:15:27.309 0 0 D mv2112_read_status: autoneg is disabled
01-01 02:15:28.022 0 0 W logd : Skipping entries from slow reader, pid 1286, fd 14, from LogBuffer::Prune()
01-01 02:15:28.043 0 0 I IRQ 5 : no longer affine to CPU5
01-01 02:15:28.273 0 0 W logd : Skipping entries from slow reader, pid 1286, fd 14, from LogBuffer::Prune()
01-01 02:15:28.331 0 0 D : mv2112_read_status
01-01 02:15:28.331 0 0 D mv2112_update_link: 3.0x901(1G): 0x80
01-01 02:15:28.331 0 0 D mv2112_update_link: 3.0x8109(100M): 0x0
01-01 02:15:28.331 0 0 D mv2112_update_link: link 0x0
01-01 02:15:28.331 0 0 D mv2112_read_status: autoneg is disabled
01-01 02:15:28.643 0 0 I IRQ 5 : no longer affine to CPU5
01-01 02:15:28.700 0 0 W logd : Skipping entries from slow reader, pid 1286, fd 14, from LogBuffer::Prune()
01-01 02:15:28.725 0 0 W logd : Skipping entries from slow reader, pid 1286, fd 14, from LogBuffer::Prune()
01-01 02:15:28.726 0 0 W logd : Skipping entries from slow reader, pid 1286, fd 14, from LogBuffer::Prune()
01-01 02:15:29.093 0 0 W logd : Skipping entries from slow reader, pid 1286, fd 14, from LogBuffer::Prune()
01-01 02:15:29.093 0 0 W logd : Skipping entries from slow reader, pid 1286, fd 14, from LogBuffer::Prune()
01-01 02:15:29.355 0 0 D : mv2112_read_status
01-01 02:15:29.355 0 0 D mv2112_update_link: 3.0x901(1G): 0x80
01-01 02:15:29.356 0 0 D mv2112_update_link: 3.0x8109(100M): 0x0
01-01 02:15:29.356 0 0 D mv2112_update_link: link 0x0
01-01 02:15:29.356 0 0 D mv2112_read_status: autoneg is disabled
01-01 02:15:29.403 0 0 I IRQ 5 : no longer affine to CPU5
01-01 02:15:29.694 0 0 W logd : Skipping entries from slow reader, pid 1286, fd 14, from LogBuffer::Prune()
01-01 02:15:30.033 0 0 W logd : Skipping entries from slow reader, pid 1286, fd 14, from LogBuffer::Prune()
01-01 02:15:30.303 0 0 I IRQ 5 : no longer affine to CPU4
01-01 02:15:30.321 0 0 W logd : Skipping entries from slow reader, pid 1286, fd 14, from LogBuffer::Prune()
01-01 02:15:30.380 0 0 D : mv2112_read_status
01-01 02:15:30.380 0 0 D mv2112_update_link: 3.0x901(1G): 0x80
01-01 02:15:30.380 0 0 D mv2112_update_link: 3.0x8109(100M): 0x0
01-01 02:15:30.380 0 0 D mv2112_update_link: link 0x0
01-01 02:15:30.380 0 0 D mv2112_read_status: autoneg is disabled
01-01 02:15:31.403 0 0 D : mv2112_read_status
01-01 02:15:31.403 0 0 D mv2112_update_link: 3.0x901(1G): 0x80
01-01 02:15:31.404 0 0 D mv2112_update_link: 3.0x8109(100M): 0x0
01-01 02:15:31.404 0 0 D mv2112_update_link: link 0x0
01-01 02:15:31.404 0 0 D mv2112_read_status: autoneg is disabled
01-01 02:15:31.449 0 0 I init : starting service 'qvrd_vndr'...
01-01 02:15:31.452 0 0 I init : Created socket '/dev/socket/qvrservice_vndr', mode 660, user 1000, group 1000
01-01 02:15:31.454 0 0 I init : Created socket '/dev/socket/qvrservice_vndr_camera', mode 660, user 1000, group 1000
01-01 02:15:31.485 0 0 I init : starting service 'sxrd'...
01-01 02:15:31.532 0 0 I init : Service 'qvrd_vndr' (pid 12792) exited with status 1
01-01 02:15:31.532 0 0 I init : Sending signal 9 to service 'qvrd_vndr' (pid 12792) process group...
01-01 02:15:31.533 0 0 I libprocessgroup: Successfully killed process cgroup uid 1000 pid 12792 in 0ms
01-01 02:15:31.553 0 0 I init : Service 'sxrd' (pid 12805) exited with status 1
01-01 02:15:31.553 0 0 I init : Sending signal 9 to service 'sxrd' (pid 12805) process group...
01-01 02:15:31.554 0 0 I libprocessgroup: Successfully killed process cgroup uid 1000 pid 12805 in 0ms
08-24 14:30:05.341 12792 12792 F linker : CANNOT LINK EXECUTABLE "/vendor/bin/hw/qvrservice": library "vendor.qti.hardware.qxr-V1-ndk_platform.so" not found: needed by /vendor/lib64/libqvrservice.so in namespace (default)
08-24 14:30:05.362 12805 12805 F linker : CANNOT LINK EXECUTABLE "/vendor/bin/hw/sxrservice": library "vendor.qti.hardware.qxr-V1-ndk_platform.so" not found: needed by main executable
01-01 02:15:31.803 0 0 I IRQ 5 : no longer affine to CPU4
01-01 02:15:32.427 0 0 D : mv2112_read_status
01-01 02:15:32.427 0 0 D mv2112_update_link: 3.0x901(1G): 0x80
01-01 02:15:32.427 0 0 D mv2112_update_link: 3.0x8109(100M): 0x0
01-01 02:15:32.427 0 0 D mv2112_update_link: link 0x0
01-01 02:15:32.427 0 0 D mv2112_read_status: autoneg is disabled
01-01 02:15:32.623 0 0 I IRQ 5 : no longer affine to CPU5
01-01 02:15:33.128 0 0 W logd : Skipping entries from slow reader, pid 1286, fd 14, from LogBuffer::Prune()
01-01 02:15:33.137 0 0 W logd : Skipping entries from slow reader, pid 1286, fd 14, from LogBuffer::Prune()
01-01 02:15:33.423 0 0 W logd : Skipping entries from slow reader, pid 1286, fd 14, from LogBuffer::Prune()
01-01 02:15:33.452 0 0 D : mv2112_read_status
01-01 02:15:33.453 0 0 D mv2112_update_link: 3.0x901(1G): 0x80
01-01 02:15:33.453 0 0 D mv2112_update_link: 3.0x8109(100M): 0x0
01-01 02:15:33.453 0 0 D mv2112_update_link: link 0x0
01-01 02:15:33.453 0 0 D mv2112_read_status: autoneg is disabled
01-01 02:15:33.754 0 0 W logd : Skipping entries from slow reader, pid 1286, fd 14, from LogBuffer::Prune()
01-01 02:15:34.043 0 0 I IRQ 5 : no longer affine to CPU5
01-01 02:15:34.119 0 0 W logd : Skipping entries from slow reader, pid 1286, fd 14, from LogBuffer::Prune()
01-01 02:15:34.385 0 0 W logd : Skipping entries from slow reader, pid 1286, fd 14, from LogBuffer::Prune()
01-01 02:15:34.476 0 0 D : mv2112_read_status
01-01 02:15:34.477 0 0 D mv2112_update_link: 3.0x901(1G): 0x80
01-01 02:15:34.477 0 0 D mv2112_update_link: 3.0x8109(100M): 0x0
01-01 02:15:34.477 0 0 D mv2112_update_link: link 0x0
01-01 02:15:34.477 0 0 D mv2112_read_status: autoneg is disabled
01-01 02:15:34.603 0 0 I IRQ 5 : no longer affine to CPU4
01-01 02:15:34.669 0 0 W logd : Skipping entries from slow reader, pid 1286, fd 14, from LogBuffer::Prune()
01-01 02:15:34.706 0 0 W logd : Skipping entries from slow reader, pid 1286, fd 14, from LogBuffer::Prune()
01-01 02:15:34.823 0 0 I IRQ 5 : no longer affine to CPU5
01-01 02:15:34.943 0 0 I IRQ 5 : no longer affine to CPU6
01-01 02:15:35.026 0 0 W logd : Skipping entries from slow reader, pid 1286, fd 14, from LogBuffer::Prune()
01-01 02:15:35.380 0 0 W logd : Skipping entries from slow reader, pid 1286, fd 14, from LogBuffer::Prune()
01-01 02:15:35.499 0 0 D : mv2112_read_status
01-01 02:15:35.499 0 0 D mv2112_update_link: 3.0x901(1G): 0x80
01-01 02:15:35.499 0 0 D mv2112_update_link: 3.0x8109(100M): 0x0
01-01 02:15:35.499 0 0 D mv2112_update_link: link 0x0
01-01 02:15:35.499 0 0 D mv2112_read_status: autoneg is disabled
01-01 02:15:35.663 0 0 I IRQ 5 : no longer affine to CPU5
01-01 02:15:36.043 0 0 I IRQ 5 : no longer affine to CPU6
01-01 02:15:36.443 0 0 I IRQ 5 : no longer affine to CPU5
01-01 02:15:36.473 0 0 I init : starting service 'qvrd_vndr'...
01-01 02:15:36.475 0 0 I init : Created socket '/dev/socket/qvrservice_vndr', mode 660, user 1000, group 1000
01-01 02:15:36.477 0 0 I init : Created socket '/dev/socket/qvrservice_vndr_camera', mode 660, user 1000, group 1000
01-01 02:15:36.522 0 0 I init : starting service 'sxrd'...
01-01 02:15:36.523 0 0 D : mv2112_read_status
01-01 02:15:36.524 0 0 D mv2112_update_link: 3.0x901(1G): 0x80
01-01 02:15:36.524 0 0 D mv2112_update_link: 3.0x8109(100M): 0x0
01-01 02:15:36.524 0 0 D mv2112_update_link: link 0x0
01-01 02:15:36.524 0 0 D mv2112_read_status: autoneg is disabled
01-01 02:15:36.583 0 0 I init : Service 'qvrd_vndr' (pid 14070) exited with status 1
01-01 02:15:36.583 0 0 I init : Sending signal 9 to service 'qvrd_vndr' (pid 14070) process group...
01-01 02:15:36.584 0 0 I libprocessgroup: Successfully killed process cgroup uid 1000 pid 14070 in 0ms
01-01 02:15:36.600 0 0 I init : Service 'sxrd' (pid 14081) exited with status 1
01-01 02:15:36.600 0 0 I init : Sending signal 9 to service 'sxrd' (pid 14081) process group...
01-01 02:15:36.600 0 0 I libprocessgroup: Successfully killed process cgroup uid 1000 pid 14081 in 0ms
08-24 14:30:10.388 14070 14070 F linker : CANNOT LINK EXECUTABLE "/vendor/bin/hw/qvrservice": library "vendor.qti.hardware.qxr-V1-ndk_platform.so" not found: needed by /vendor/lib64/libqvrservice.so in namespace (default)
01-01 02:15:36.703 0 0 I IRQ 5 : no longer affine to CPU6
08-24 14:30:10.409 14081 14081 F linker : CANNOT LINK EXECUTABLE "/vendor/bin/hw/sxrservice": library "vendor.qti.hardware.qxr-V1-ndk_platform.so" not found: needed by main executable
01-01 02:15:37.523 0 0 I IRQ 5 : no longer affine to CPU4
01-01 02:15:37.547 0 0 D : mv2112_read_status
01-01 02:15:37.547 0 0 D mv2112_update_link: 3.0x901(1G): 0x80
01-01 02:15:37.547 0 0 D mv2112_update_link: 3.0x8109(100M): 0x0
01-01 02:15:37.547 0 0 D mv2112_update_link: link 0x0
01-01 02:15:37.547 0 0 D mv2112_read_status: autoneg is disabled
01-01 02:15:37.683 0 0 I IRQ 5 : no longer affine to CPU5
01-01 02:15:38.237 0 0 W logd : Skipping entries from slow reader, pid 1286, fd 14, from LogBuffer::Prune()
01-01 02:15:38.565 0 0 W logd : Skipping entries from slow reader, pid 1286, fd 14, from LogBuffer::Prune()
01-01 02:15:38.571 0 0 D : mv2112_read_status
01-01 02:15:38.571 0 0 D mv2112_update_link: 3.0x901(1G): 0x80
01-01 02:15:38.571 0 0 D mv2112_update_link: 3.0x8109(100M): 0x0
01-01 02:15:38.571 0 0 D mv2112_update_link: link 0x0
01-01 02:15:38.571 0 0 D mv2112_read_status: autoneg is disabled
01-01 02:15:38.816 0 0 W logd : Skipping entries from slow reader, pid 1286, fd 14, from LogBuffer::Prune()
01-01 02:15:39.043 0 0 I IRQ 5 : no longer affine to CPU5
01-01 02:15:39.135 0 0 W logd : Skipping entries from slow reader, pid 1286, fd 14, from LogBuffer::Prune()
01-01 02:15:39.244 0 0 W logd : Skipping entries from slow reader, pid 1286, fd 14, from LogBuffer::Prune()
01-01 02:15:39.507 0 0 W logd : Skipping entries from slow reader, pid 1286, fd 14, from LogBuffer::Prune()
01-01 02:15:39.595 0 0 D : mv2112_read_status
01-01 02:15:39.595 0 0 D mv2112_update_link: 3.0x901(1G): 0x80
01-01 02:15:39.595 0 0 D mv2112_update_link: 3.0x8109(100M): 0x0
01-01 02:15:39.595 0 0 D mv2112_update_link: link 0x0
01-01 02:15:39.595 0 0 D mv2112_read_status: autoneg is disabled
01-01 02:15:39.744 0 0 I IRQ 5 : no longer affine to CPU4
01-01 02:15:39.822 0 0 W logd : Skipping entries from slow reader, pid 1286, fd 14, from LogBuffer::Prune()
01-01 02:15:40.229 0 0 W logd : Skipping entries from slow reader, pid 1286, fd 14, from LogBuffer::Prune()
01-01 02:15:40.620 0 0 D : mv2112_read_status
01-01 02:15:40.620 0 0 D mv2112_update_link: 3.0x901(1G): 0x80
01-01 02:15:40.620 0 0 D mv2112_update_link: 3.0x8109(100M): 0x0
01-01 02:15:40.620 0 0 D mv2112_update_link: link 0x0
01-01 02:15:40.620 0 0 D mv2112_read_status: autoneg is disabled
01-01 02:15:40.666 0 0 W logd : Skipping entries from slow reader, pid 1286, fd 14, from LogBuffer::Prune()
01-01 02:15:40.723 0 0 I IRQ 5 : no longer affine to CPU6
01-01 02:15:40.992 0 0 W logd : Skipping entries from slow reader, pid 1286, fd 14, from LogBuffer::Prune()
01-01 02:15:41.500 0 0 I init : starting service 'qvrd_vndr'...
01-01 02:15:41.504 0 0 I init : Created socket '/dev/socket/qvrservice_vndr', mode 660, user 1000, group 1000
01-01 02:15:41.506 0 0 I init : Created socket '/dev/socket/qvrservice_vndr_camera', mode 660, user 1000, group 1000
01-01 02:15:41.549 0 0 I init : starting service 'sxrd'...
01-01 02:15:41.608 0 0 I init : Service 'qvrd_vndr' (pid 15436) exited with status 1
01-01 02:15:41.608 0 0 I init : Sending signal 9 to service 'qvrd_vndr' (pid 15436) process group...
01-01 02:15:41.609 0 0 I libprocessgroup: Successfully killed process cgroup uid 1000 pid 15436 in 0ms
01-01 02:15:41.617 0 0 I init : Service 'sxrd' (pid 15448) exited with status 1
01-01 02:15:41.617 0 0 I init : Sending signal 9 to service 'sxrd' (pid 15448) process group...
01-01 02:15:41.618 0 0 I libprocessgroup: Successfully killed process cgroup uid 1000 pid 15448 in 0ms
01-01 02:15:41.643 0 0 D : mv2112_read_status
01-01 02:15:41.643 0 0 D mv2112_update_link: 3.0x901(1G): 0x80
01-01 02:15:41.644 0 0 D mv2112_update_link: 3.0x8109(100M): 0x0
01-01 02:15:41.644 0 0 D mv2112_update_link: link 0x0
01-01 02:15:41.644 0 0 D mv2112_read_status: autoneg is disabled
01-01 02:15:41.703 0 0 I IRQ 5 : no longer affine to CPU4
08-24 14:30:15.416 15436 15436 F linker : CANNOT LINK EXECUTABLE "/vendor/bin/hw/qvrservice": library "vendor.qti.hardware.qxr-V1-ndk_platform.so" not found: needed by /vendor/lib64/libqvrservice.so in namespace (default)
08-24 14:30:15.420 15448 15448 F linker : CANNOT LINK EXECUTABLE "/vendor/bin/hw/sxrservice": library "vendor.qti.hardware.qxr-V1-ndk_platform.so" not found: needed by main executable
01-01 02:15:42.668 0 0 D : mv2112_read_status
01-01 02:15:42.668 0 0 D mv2112_update_link: 3.0x901(1G): 0x80
01-01 02:15:42.669 0 0 D mv2112_update_link: 3.0x8109(100M): 0x0
01-01 02:15:42.669 0 0 D mv2112_update_link: link 0x0
01-01 02:15:42.669 0 0 D mv2112_read_status: autoneg is disabled
01-01 02:15:43.223 0 0 I IRQ 5 : no longer affine to CPU5
01-01 02:15:43.316 0 0 W logd : Skipping entries from slow reader, pid 1286, fd 14, from LogBuffer::Prune()
01-01 02:15:43.623 0 0 W logd : Skipping entries from slow reader, pid 1286, fd 14, from LogBuffer::Prune()
01-01 02:15:43.691 0 0 D : mv2112_read_status
01-01 02:15:43.691 0 0 D mv2112_update_link: 3.0x901(1G): 0x80
01-01 02:15:43.692 0 0 D mv2112_update_link: 3.0x8109(100M): 0x0
01-01 02:15:43.692 0 0 D mv2112_update_link: link 0x0
01-01 02:15:43.692 0 0 D mv2112_read_status: autoneg is disabled
01-01 02:15:44.024 0 0 W logd : Skipping entries from slow reader, pid 1286, fd 14, from LogBuffer::Prune()
01-01 02:15:44.316 0 0 W logd : Skipping entries from slow reader, pid 1286, fd 14, from LogBuffer::Prune()
01-01 02:15:44.607 0 0 W logd : Skipping entries from slow reader, pid 1286, fd 14, from LogBuffer::Prune()
01-01 02:15:44.715 0 0 D : mv2112_read_status
01-01 02:15:44.715 0 0 D mv2112_update_link: 3.0x901(1G): 0x80
01-01 02:15:44.716 0 0 D mv2112_update_link: 3.0x8109(100M): 0x0
01-01 02:15:44.716 0 0 D mv2112_update_link: link 0x0
01-01 02:15:44.716 0 0 D mv2112_read_status: autoneg is disabled
01-01 02:15:44.750 0 0 W logd : Skipping entries from slow reader, pid 1286, fd 14, from LogBuffer::Prune()
01-01 02:15:44.943 0 0 W logd : Skipping entries from slow reader, pid 1286, fd 14, from LogBuffer::Prune()
01-01 02:15:45.204 0 0 W logd : Skipping entries from slow reader, pid 1286, fd 14, from LogBuffer::Prune()
01-01 02:15:45.523 0 0 I IRQ 5 : no longer affine to CPU6
01-01 02:15:45.548 0 0 W logd : Skipping entries from slow reader, pid 1286, fd 14, from LogBuffer::Prune()
01-01 02:15:45.703 0 0 I IRQ 5 : no longer affine to CPU5
01-01 02:15:45.739 0 0 D : mv2112_read_status
01-01 02:15:45.739 0 0 D mv2112_update_link: 3.0x901(1G): 0x80
01-01 02:15:45.740 0 0 D mv2112_update_link: 3.0x8109(100M): 0x0
01-01 02:15:45.740 0 0 D mv2112_update_link: link 0x0
01-01 02:15:45.740 0 0 D mv2112_read_status: autoneg is disabled
01-01 02:15:45.863 0 0 W logd : Skipping entries from slow reader, pid 1286, fd 14, from LogBuffer::Prune()
01-01 02:15:45.883 0 0 I IRQ 5 : no longer affine to CPU4
01-01 02:15:46.532 0 0 I init : starting service 'qvrd_vndr'...
01-01 02:15:46.536 0 0 I init : Created socket '/dev/socket/qvrservice_vndr', mode 660, user 1000, group 1000
01-01 02:15:46.538 0 0 I init : Created socket '/dev/socket/qvrservice_vndr_camera', mode 660, user 1000, group 1000
01-01 02:15:46.577 0 0 I init : starting service 'sxrd'...
01-01 02:15:46.626 0 0 I init : Service 'qvrd_vndr' (pid 16751) exited with status 1
01-01 02:15:46.626 0 0 I init : Sending signal 9 to service 'qvrd_vndr' (pid 16751) process group...
01-01 02:15:46.627 0 0 I libprocessgroup: Successfully killed process cgroup uid 1000 pid 16751 in 0ms
01-01 02:15:46.644 0 0 I init : Service 'sxrd' (pid 16754) exited with status 1
01-01 02:15:46.644 0 0 I init : Sending signal 9 to service 'sxrd' (pid 16754) process group...
01-01 02:15:46.644 0 0 I libprocessgroup: Successfully killed process cgroup uid 1000 pid 16754 in 0ms
08-24 14:30:20.435 16751 16751 F linker : CANNOT LINK EXECUTABLE "/vendor/bin/hw/qvrservice": library "vendor.qti.hardware.qxr-V1-ndk_platform.so" not found: needed by /vendor/lib64/libqvrservice.so in namespace (default)
08-24 14:30:20.453 16754 16754 F linker : CANNOT LINK EXECUTABLE "/vendor/bin/hw/sxrservice": library "vendor.qti.hardware.qxr-V1-ndk_platform.so" not found: needed by main executable
01-01 02:15:46.763 0 0 D : mv2112_read_status
01-01 02:15:46.763 0 0 D mv2112_update_link: 3.0x901(1G): 0x80
01-01 02:15:46.763 0 0 D mv2112_update_link: 3.0x8109(100M): 0x0
01-01 02:15:46.763 0 0 D mv2112_update_link: link 0x0
01-01 02:15:46.763 0 0 D mv2112_read_status: autoneg is disabled
01-01 02:15:46.923 0 0 I IRQ 5 : no longer affine to CPU6
01-01 02:15:47.787 0 0 D : mv2112_read_status
01-01 02:15:47.788 0 0 D mv2112_update_link: 3.0x901(1G): 0x80
01-01 02:15:47.788 0 0 D mv2112_update_link: 3.0x8109(100M): 0x0
01-01 02:15:47.788 0 0 D mv2112_update_link: link 0x0
01-01 02:15:47.788 0 0 D mv2112_read_status: autoneg is disabled
01-01 02:15:48.503 0 0 I IRQ 5 : no longer affine to CPU5
01-01 02:15:48.697 0 0 W logd : Skipping entries from slow reader, pid 1286, fd 14, from LogBuffer::Prune()
01-01 02:15:48.811 0 0 D : mv2112_read_status
01-01 02:15:48.811 0 0 D mv2112_update_link: 3.0x901(1G): 0x80
01-01 02:15:48.811 0 0 D mv2112_update_link: 3.0x8109(100M): 0x0
01-01 02:15:48.811 0 0 D mv2112_update_link: link 0x0
01-01 02:15:48.811 0 0 D mv2112_read_status: autoneg is disabled
01-01 02:15:49.123 0 0 I IRQ 5 : no longer affine to CPU6
01-01 02:15:49.134 0 0 W logd : Skipping entries from slow reader, pid 1286, fd 14, from LogBuffer::Prune()
01-01 02:15:49.455 0 0 W logd : Skipping entries from slow reader, pid 1286, fd 14, from LogBuffer::Prune()
01-01 02:15:49.835 0 0 D : mv2112_read_status
01-01 02:15:49.835 0 0 D mv2112_update_link: 3.0x901(1G): 0x80
01-01 02:15:49.836 0 0 D mv2112_update_link: 3.0x8109(100M): 0x0
01-01 02:15:49.836 0 0 D mv2112_update_link: link 0x0
01-01 02:15:49.836 0 0 D mv2112_read_status: autoneg is disabled
01-01 02:15:49.957 0 0 W logd : Skipping entries from slow reader, pid 1286, fd 14, from LogBuffer::Prune()
01-01 02:15:50.022 0 0 W logd : Skipping entries from slow reader, pid 1286, fd 14, from LogBuffer::Prune()
01-01 02:15:50.403 0 0 W logd : Skipping entries from slow reader, pid 1286, fd 14, from LogBuffer::Prune()
01-01 02:15:50.765 0 0 W logd : Skipping entries from slow reader, pid 1286, fd 14, from LogBuffer::Prune()
01-01 02:15:50.860 0 0 D : mv2112_read_status
01-01 02:15:50.860 0 0 D mv2112_update_link: 3.0x901(1G): 0x80
01-01 02:15:50.860 0 0 D mv2112_update_link: 3.0x8109(100M): 0x0
01-01 02:15:50.860 0 0 D mv2112_update_link: link 0x0
01-01 02:15:50.860 0 0 D mv2112_read_status: autoneg is disabled
01-01 02:15:51.007 0 0 W logd : Skipping entries from slow reader, pid 1286, fd 14, from LogBuffer::Prune()
01-01 02:15:51.240 0 0 W logd : Skipping entries from slow reader, pid 1286, fd 14, from LogBuffer::Prune()
01-01 02:15:51.544 0 0 W logd : Skipping entries from slow reader, pid 1286, fd 14, from LogBuffer::Prune()
01-01 02:15:51.567 0 0 I init : starting service 'qvrd_vndr'...
01-01 02:15:51.572 0 0 I init : Created socket '/dev/socket/qvrservice_vndr', mode 660, user 1000, group 1000
01-01 02:15:51.575 0 0 I init : Created socket '/dev/socket/qvrservice_vndr_camera', mode 660, user 1000, group 1000
01-01 02:15:51.605 0 0 I init : starting service 'sxrd'...
01-01 02:15:51.659 0 0 I init : Service 'sxrd' (pid 18166) exited with status 1
01-01 02:15:51.659 0 0 I init : Sending signal 9 to service 'sxrd' (pid 18166) process group...
01-01 02:15:51.660 0 0 I libprocessgroup: Successfully killed process cgroup uid 1000 pid 18166 in 0ms
01-01 02:15:51.676 0 0 I init : Service 'qvrd_vndr' (pid 18160) exited with status 1
01-01 02:15:51.676 0 0 I init : Sending signal 9 to service 'qvrd_vndr' (pid 18160) process group...
01-01 02:15:51.677 0 0 I libprocessgroup: Successfully killed process cgroup uid 1000 pid 18160 in 0ms
08-24 14:30:25.469 18166 18166 F linker : CANNOT LINK EXECUTABLE "/vendor/bin/hw/sxrservice": library "vendor.qti.hardware.qxr-V1-ndk_platform.so" not found: needed by main executable
08-24 14:30:25.484 18160 18160 F linker : CANNOT LINK EXECUTABLE "/vendor/bin/hw/qvrservice": library "vendor.qti.hardware.qxr-V1-ndk_platform.so" not found: needed by /vendor/lib64/libqvrservice.so in namespace (default)
01-01 02:15:51.883 0 0 D : mv2112_read_status
01-01 02:15:51.884 0 0 D mv2112_update_link: 3.0x901(1G): 0x80
01-01 02:15:51.884 0 0 D mv2112_update_link: 3.0x8109(100M): 0x0
01-01 02:15:51.884 0 0 D mv2112_update_link: link 0x0
01-01 02:15:51.884 0 0 D mv2112_read_status: autoneg is disabled
01-01 02:15:52.908 0 0 D : mv2112_read_status
01-01 02:15:52.908 0 0 D mv2112_update_link: 3.0x901(1G): 0x80
01-01 02:15:52.909 0 0 D mv2112_update_link: 3.0x8109(100M): 0x0
01-01 02:15:52.909 0 0 D mv2112_update_link: link 0x0
01-01 02:15:52.909 0 0 D mv2112_read_status: autoneg is disabled
01-01 02:15:52.983 0 0 I IRQ 5 : no longer affine to CPU5
01-01 02:15:53.883 0 0 W logd : Skipping entries from slow reader, pid 1286, fd 14, from LogBuffer::Prune()
01-01 02:15:53.931 0 0 D : mv2112_read_status
01-01 02:15:53.931 0 0 D mv2112_update_link: 3.0x901(1G): 0x80
01-01 02:15:53.931 0 0 D mv2112_update_link: 3.0x8109(100M): 0x0
01-01 02:15:53.931 0 0 D mv2112_update_link: link 0x0
01-01 02:15:53.931 0 0 D mv2112_read_status: autoneg is disabled
01-01 02:15:54.180 0 0 W logd : Skipping entries from slow reader, pid 1286, fd 14, from LogBuffer::Prune()
01-01 02:15:54.523 0 0 W logd : Skipping entries from slow reader, pid 1286, fd 14, from LogBuffer::Prune()
01-01 02:15:54.834 0 0 W logd : Skipping entries from slow reader, pid 1286, fd 14, from LogBuffer::Prune()
01-01 02:15:54.955 0 0 D : mv2112_read_status
01-01 02:15:54.955 0 0 D mv2112_update_link: 3.0x901(1G): 0x80
01-01 02:15:54.955 0 0 D mv2112_update_link: 3.0x8109(100M): 0x0
01-01 02:15:54.955 0 0 D mv2112_update_link: link 0x0
01-01 02:15:54.955 0 0 D mv2112_read_status: autoneg is disabled
01-01 02:15:55.145 0 0 W logd : Skipping entries from slow reader, pid 1286, fd 14, from LogBuffer::Prune()
01-01 02:15:55.498 0 0 W logd : Skipping entries from slow reader, pid 1286, fd 14, from LogBuffer::Prune()
01-01 02:15:55.542 0 0 W logd : Skipping entries from slow reader, pid 1286, fd 14, from LogBuffer::Prune()
01-01 02:15:55.927 0 0 W logd : Skipping entries from slow reader, pid 1286, fd 14, from LogBuffer::Prune()
01-01 02:15:55.980 0 0 D : mv2112_read_status
01-01 02:15:55.980 0 0 D mv2112_update_link: 3.0x901(1G): 0x80
01-01 02:15:55.980 0 0 D mv2112_update_link: 3.0x8109(100M): 0x0
01-01 02:15:55.980 0 0 D mv2112_update_link: link 0x0
01-01 02:15:55.980 0 0 D mv2112_read_status: autoneg is disabled
01-01 02:15:56.003 0 0 I IRQ 5 : no longer affine to CPU5
01-01 02:15:56.254 0 0 W logd : Skipping entries from slow reader, pid 1286, fd 14, from LogBuffer::Prune()
01-01 02:15:56.595 0 0 W logd : Skipping entries from slow reader, pid 1286, fd 14, from LogBuffer::Prune()
01-01 02:15:56.595 0 0 I init : starting service 'qvrd_vndr'...
01-01 02:15:56.598 0 0 I init : Created socket '/dev/socket/qvrservice_vndr', mode 660, user 1000, group 1000
01-01 02:15:56.601 0 0 I init : Created socket '/dev/socket/qvrservice_vndr_camera', mode 660, user 1000, group 1000
01-01 02:15:56.642 0 0 I init : starting service 'sxrd'...
01-01 02:15:56.691 0 0 I init : Service 'qvrd_vndr' (pid 19469) exited with status 1
01-01 02:15:56.691 0 0 I init : Sending signal 9 to service 'qvrd_vndr' (pid 19469) process group...
01-01 02:15:56.692 0 0 I libprocessgroup: Successfully killed process cgroup uid 1000 pid 19469 in 0ms
01-01 02:15:56.697 0 0 I init : Service 'sxrd' (pid 19479) exited with status 1
01-01 02:15:56.697 0 0 I init : Sending signal 9 to service 'sxrd' (pid 19479) process group...
01-01 02:15:56.697 0 0 I libprocessgroup: Successfully killed process cgroup uid 1000 pid 19479 in 0ms
08-24 14:30:30.500 19469 19469 F linker : CANNOT LINK EXECUTABLE "/vendor/bin/hw/qvrservice": library "vendor.qti.hardware.qxr-V1-ndk_platform.so" not found: needed by /vendor/lib64/libqvrservice.so in namespace (default)
08-24 14:30:30.506 19479 19479 F linker : CANNOT LINK EXECUTABLE "/vendor/bin/hw/sxrservice": library "vendor.qti.hardware.qxr-V1-ndk_platform.so" not found: needed by main executable
01-01 02:15:57.003 0 0 D : mv2112_read_status
01-01 02:15:57.003 0 0 D mv2112_update_link: 3.0x901(1G): 0x80
01-01 02:15:57.004 0 0 D mv2112_update_link: 3.0x8109(100M): 0x0
01-01 02:15:57.004 0 0 D mv2112_update_link: link 0x0
01-01 02:15:57.004 0 0 D mv2112_read_status: autoneg is disabled
01-01 02:15:57.923 0 0 I IRQ 5 : no longer affine to CPU4
01-01 02:15:58.027 0 0 D : mv2112_read_status
01-01 02:15:58.027 0 0 D mv2112_update_link: 3.0x901(1G): 0x80
01-01 02:15:58.028 0 0 D mv2112_update_link: 3.0x8109(100M): 0x0
01-01 02:15:58.028 0 0 D mv2112_update_link: link 0x0
01-01 02:15:58.028 0 0 D mv2112_read_status: autoneg is disabled
01-01 02:15:58.957 0 0 W logd : Skipping entries from slow reader, pid 1286, fd 14, from LogBuffer::Prune()
01-01 02:15:59.051 0 0 D : mv2112_read_status
01-01 02:15:59.051 0 0 D mv2112_update_link: 3.0x901(1G): 0x80
01-01 02:15:59.051 0 0 D mv2112_update_link: 3.0x8109(100M): 0x0
01-01 02:15:59.051 0 0 D mv2112_update_link: link 0x0
01-01 02:15:59.051 0 0 D mv2112_read_status: autoneg is disabled
01-01 02:15:59.068 0 0 W logd : Skipping entries from slow reader, pid 1286, fd 14, from LogBuffer::Prune()
01-01 02:15:59.396 0 0 W logd : Skipping entries from slow reader, pid 1286, fd 14, from LogBuffer::Prune()
01-01 02:15:59.750 0 0 W logd : Skipping entries from slow reader, pid 1286, fd 14, from LogBuffer::Prune()
01-01 02:16:00.051 0 0 W logd : Skipping entries from slow reader, pid 1286, fd 14, from LogBuffer::Prune()
01-01 02:16:00.075 0 0 D : mv2112_read_status
01-01 02:16:00.075 0 0 D mv2112_update_link: 3.0x901(1G): 0x80
01-01 02:16:00.076 0 0 D mv2112_update_link: 3.0x8109(100M): 0x0
01-01 02:16:00.076 0 0 D mv2112_update_link: link 0x0
01-01 02:16:00.076 0 0 D mv2112_read_status: autoneg is disabled
01-01 02:16:00.320 0 0 W logd : Skipping entries from slow reader, pid 1286, fd 14, from LogBuffer::Prune()
01-01 02:16:00.580 0 0 W logd : Skipping entries from slow reader, pid 1286, fd 14, from LogBuffer::Prune()
01-01 02:16:00.875 0 0 W logd : Skipping entries from slow reader, pid 1286, fd 14, from LogBuffer::Prune()
01-01 02:16:01.083 0 0 I IRQ 5 : no longer affine to CPU6
01-01 02:16:01.099 0 0 D : mv2112_read_status
01-01 02:16:01.099 0 0 D mv2112_update_link: 3.0x901(1G): 0x80
01-01 02:16:01.100 0 0 D mv2112_update_link: 3.0x8109(100M): 0x0
01-01 02:16:01.100 0 0 D mv2112_update_link: link 0x0
01-01 02:16:01.100 0 0 D mv2112_read_status: autoneg is disabled
01-01 02:16:01.211 0 0 W logd : Skipping entries from slow reader, pid 1286, fd 14, from LogBuffer::Prune()
01-01 02:16:01.586 0 0 W logd : Skipping entries from slow reader, pid 1286, fd 14, from LogBuffer::Prune()
01-01 02:16:01.632 0 0 I init : starting service 'qvrd_vndr'...
01-01 02:16:01.634 0 0 I init : Created socket '/dev/socket/qvrservice_vndr', mode 660, user 1000, group 1000
01-01 02:16:01.636 0 0 I init : Created socket '/dev/socket/qvrservice_vndr_camera', mode 660, user 1000, group 1000
01-01 02:16:01.672 0 0 I init : starting service 'sxrd'...
01-01 02:16:01.714 0 0 I init : Service 'qvrd_vndr' (pid 20784) exited with status 1
01-01 02:16:01.714 0 0 I init : Sending signal 9 to service 'qvrd_vndr' (pid 20784) process group...
01-01 02:16:01.714 0 0 I libprocessgroup: Successfully killed process cgroup uid 1000 pid 20784 in 0ms
01-01 02:16:01.765 0 0 I init : Service 'sxrd' (pid 20795) exited with status 1
01-01 02:16:01.765 0 0 I init : Sending signal 9 to service 'sxrd' (pid 20795) process group...
01-01 02:16:01.765 0 0 I libprocessgroup: Successfully killed process cgroup uid 1000 pid 20795 in 0ms
08-24 14:30:35.522 20784 20784 F linker : CANNOT LINK EXECUTABLE "/vendor/bin/hw/qvrservice": library "vendor.qti.hardware.qxr-V1-ndk_platform.so" not found: needed by /vendor/lib64/libqvrservice.so in namespace (default)
01-01 02:16:01.864 0 0 I IRQ 5 : no longer affine to CPU4
08-24 14:30:35.574 20795 20795 F linker : CANNOT LINK EXECUTABLE "/vendor/bin/hw/sxrservice": library "vendor.qti.hardware.qxr-V1-ndk_platform.so" not found: needed by main executable
01-01 02:16:02.063 0 0 I IRQ 5 : no longer affine to CPU5
01-01 02:16:02.124 0 0 D : mv2112_read_status
01-01 02:16:02.124 0 0 D mv2112_update_link: 3.0x901(1G): 0x80
01-01 02:16:02.125 0 0 D mv2112_update_link: 3.0x8109(100M): 0x0
01-01 02:16:02.125 0 0 D mv2112_update_link: link 0x0
01-01 02:16:02.125 0 0 D mv2112_read_status: autoneg is disabled
01-01 02:16:03.147 0 0 D : mv2112_read_status
01-01 02:16:03.147 0 0 D mv2112_update_link: 3.0x901(1G): 0x80
01-01 02:16:03.148 0 0 D mv2112_update_link: 3.0x8109(100M): 0x0
01-01 02:16:03.148 0 0 D mv2112_update_link: link 0x0
01-01 02:16:03.148 0 0 D mv2112_read_status: autoneg is disabled
01-01 02:16:04.121 0 0 W logd : Skipping entries from slow reader, pid 1286, fd 14, from LogBuffer::Prune()
01-01 02:16:04.171 0 0 D : mv2112_read_status
01-01 02:16:04.171 0 0 D mv2112_update_link: 3.0x901(1G): 0x80
01-01 02:16:04.171 0 0 D mv2112_update_link: 3.0x8109(100M): 0x0
01-01 02:16:04.171 0 0 D mv2112_update_link: link 0x0
01-01 02:16:04.171 0 0 D mv2112_read_status: autoneg is disabled
01-01 02:16:04.243 0 0 I IRQ 5 : no longer affine to CPU5
01-01 02:16:04.483 0 0 W logd : Skipping entries from slow reader, pid 1286, fd 14, from LogBuffer::Prune()
01-01 02:16:04.851 0 0 W logd : Skipping entries from slow reader, pid 1286, fd 14, from LogBuffer::Prune()
01-01 02:16:05.120 0 0 W logd : Skipping entries from slow reader, pid 1286, fd 14, from LogBuffer::Prune()
01-01 02:16:05.143 0 0 I IRQ 5 : no longer affine to CPU6
01-01 02:16:05.159 0 0 W logd : Skipping entries from slow reader, pid 1286, fd 14, from LogBuffer::Prune()
01-01 02:16:05.195 0 0 D : mv2112_read_status
01-01 02:16:05.195 0 0 D mv2112_update_link: 3.0x901(1G): 0x80
01-01 02:16:05.195 0 0 D mv2112_update_link: 3.0x8109(100M): 0x0
01-01 02:16:05.195 0 0 D mv2112_update_link: link 0x0
01-01 02:16:05.195 0 0 D mv2112_read_status: autoneg is disabled
01-01 02:16:05.343 0 0 I IRQ 5 : no longer affine to CPU4
01-01 02:16:05.503 0 0 W logd : Skipping entries from slow reader, pid 1286, fd 14, from LogBuffer::Prune()
01-01 02:16:05.802 0 0 W logd : Skipping entries from slow reader, pid 1286, fd 14, from LogBuffer::Prune()
01-01 02:16:06.219 0 0 D : mv2112_read_status
01-01 02:16:06.219 0 0 D mv2112_update_link: 3.0x901(1G): 0x80
01-01 02:16:06.220 0 0 D mv2112_update_link: 3.0x8109(100M): 0x0
01-01 02:16:06.220 0 0 D mv2112_update_link: link 0x0
01-01 02:16:06.220 0 0 D mv2112_read_status: autoneg is disabled
01-01 02:16:06.296 0 0 W logd : Skipping entries from slow reader, pid 1286, fd 14, from LogBuffer::Prune()
01-01 02:16:06.463 0 0 I IRQ 5 : no longer affine to CPU5
01-01 02:16:06.608 0 0 W logd : Skipping entries from slow reader, pid 1286, fd 14, from LogBuffer::Prune()
01-01 02:16:06.613 0 0 W logd : Skipping entries from slow reader, pid 1286, fd 14, from LogBuffer::Prune()
01-01 02:16:06.652 0 0 I init : starting service 'qvrd_vndr'...
01-01 02:16:06.655 0 0 I init : Created socket '/dev/socket/qvrservice_vndr', mode 660, user 1000, group 1000
01-01 02:16:06.662 0 0 I init : Created socket '/dev/socket/qvrservice_vndr_camera', mode 660, user 1000, group 1000
01-01 02:16:06.698 0 0 I init : starting service 'sxrd'...
01-01 02:16:06.741 0 0 I init : Service 'qvrd_vndr' (pid 22126) exited with status 1
01-01 02:16:06.741 0 0 I init : Sending signal 9 to service 'qvrd_vndr' (pid 22126) process group...
01-01 02:16:06.742 0 0 I libprocessgroup: Successfully killed process cgroup uid 1000 pid 22126 in 0ms
01-01 02:16:06.781 0 0 I init : Service 'sxrd' (pid 22137) exited with status 1
01-01 02:16:06.781 0 0 I init : Sending signal 9 to service 'sxrd' (pid 22137) process group...
01-01 02:16:06.782 0 0 I libprocessgroup: Successfully killed process cgroup uid 1000 pid 22137 in 0ms
08-24 14:30:40.551 22126 22126 F linker : CANNOT LINK EXECUTABLE "/vendor/bin/hw/qvrservice": library "vendor.qti.hardware.qxr-V1-ndk_platform.so" not found: needed by /vendor/lib64/libqvrservice.so in namespace (default)
08-24 14:30:40.589 22137 22137 F linker : CANNOT LINK EXECUTABLE "/vendor/bin/hw/sxrservice": library "vendor.qti.hardware.qxr-V1-ndk_platform.so" not found: needed by main executable
01-01 02:16:07.243 0 0 D : mv2112_read_status
01-01 02:16:07.243 0 0 D mv2112_update_link: 3.0x901(1G): 0x80
01-01 02:16:07.244 0 0 D mv2112_update_link: 3.0x8109(100M): 0x0
01-01 02:16:07.244 0 0 D mv2112_update_link: link 0x0
01-01 02:16:07.244 0 0 D mv2112_read_status: autoneg is disabled
01-01 02:16:07.784 0 0 I IRQ 5 : no longer affine to CPU5
01-01 02:16:08.123 0 0 I IRQ 5 : no longer affine to CPU6
01-01 02:16:08.267 0 0 D : mv2112_read_status
01-01 02:16:08.267 0 0 D mv2112_update_link: 3.0x901(1G): 0x80
01-01 02:16:08.267 0 0 D mv2112_update_link: 3.0x8109(100M): 0x0
01-01 02:16:08.267 0 0 D mv2112_update_link: link 0x0
01-01 02:16:08.267 0 0 D mv2112_read_status: autoneg is disabled
01-01 02:16:08.783 0 0 I IRQ 5 : no longer affine to CPU5
01-01 02:16:09.292 0 0 D : mv2112_read_status
01-01 02:16:09.292 0 0 D mv2112_update_link: 3.0x901(1G): 0x80
01-01 02:16:09.292 0 0 D mv2112_update_link: 3.0x8109(100M): 0x0
01-01 02:16:09.292 0 0 D mv2112_update_link: link 0x0
01-01 02:16:09.292 0 0 D mv2112_read_status: autoneg is disabled
01-01 02:16:09.495 0 0 W logd : Skipping entries from slow reader, pid 1286, fd 14, from LogBuffer::Prune()
01-01 02:16:09.930 0 0 W logd : Skipping entries from slow reader, pid 1286, fd 14, from LogBuffer::Prune()
01-01 02:16:10.030 0 0 W logd : Skipping entries from slow reader, pid 1286, fd 14, from LogBuffer::Prune()
01-01 02:16:10.186 0 0 W logd : Skipping entries from slow reader, pid 1286, fd 14, from LogBuffer::Prune()
01-01 02:16:10.315 0 0 D : mv2112_read_status
01-01 02:16:10.315 0 0 D mv2112_update_link: 3.0x901(1G): 0x80
01-01 02:16:10.315 0 0 D mv2112_update_link: 3.0x8109(100M): 0x0
01-01 02:16:10.315 0 0 D mv2112_update_link: link 0x0
01-01 02:16:10.315 0 0 D mv2112_read_status: autoneg is disabled
01-01 02:16:10.506 0 0 W logd : Skipping entries from slow reader, pid 1286, fd 14, from LogBuffer::Prune()
01-01 02:16:10.813 0 0 W logd : Skipping entries from slow reader, pid 1286, fd 14, from LogBuffer::Prune()
01-01 02:16:11.136 0 0 W logd : Skipping entries from slow reader, pid 1286, fd 14, from LogBuffer::Prune()
01-01 02:16:11.283 0 0 I IRQ 5 : no longer affine to CPU6
01-01 02:16:11.339 0 0 D : mv2112_read_status
01-01 02:16:11.340 0 0 D mv2112_update_link: 3.0x901(1G): 0x80
01-01 02:16:11.340 0 0 D mv2112_update_link: 3.0x8109(100M): 0x0
