01-01 02:16:11.340 0 0 D mv2112_update_link: link 0x0
01-01 02:16:11.340 0 0 D mv2112_read_status: autoneg is disabled
01-01 02:16:11.426 0 0 W logd : Skipping entries from slow reader, pid 1286, fd 14, from LogBuffer::Prune()
01-01 02:16:11.443 0 0 I IRQ 5 : no longer affine to CPU4
01-01 02:16:11.680 0 0 I init : starting service 'qvrd_vndr'...
01-01 02:16:11.684 0 0 I init : Created socket '/dev/socket/qvrservice_vndr', mode 660, user 1000, group 1000
01-01 02:16:11.688 0 0 I init : Created socket '/dev/socket/qvrservice_vndr_camera', mode 660, user 1000, group 1000
01-01 02:16:11.729 0 0 I init : starting service 'sxrd'...
01-01 02:16:11.792 0 0 I init : Service 'qvrd_vndr' (pid 23422) exited with status 1
01-01 02:16:11.792 0 0 I init : Sending signal 9 to service 'qvrd_vndr' (pid 23422) process group...
01-01 02:16:11.793 0 0 I libprocessgroup: Successfully killed process cgroup uid 1000 pid 23422 in 0ms
01-01 02:16:11.806 0 0 I init : Service 'sxrd' (pid 23433) exited with status 1
01-01 02:16:11.806 0 0 I init : Sending signal 9 to service 'sxrd' (pid 23433) process group...
01-01 02:16:11.807 0 0 I libprocessgroup: Successfully killed process cgroup uid 1000 pid 23433 in 0ms
01-01 02:16:11.833 0 0 W logd : Skipping entries from slow reader, pid 1286, fd 14, from LogBuffer::Prune()
01-01 02:16:11.839 0 0 W logd : Skipping entries from slow reader, pid 1286, fd 14, from LogBuffer::Prune()
08-24 14:30:45.600 23422 23422 F linker : CANNOT LINK EXECUTABLE "/vendor/bin/hw/qvrservice": library "vendor.qti.hardware.qxr-V1-ndk_platform.so" not found: needed by /vendor/lib64/libqvrservice.so in namespace (default)
08-24 14:30:45.616 23433 23433 F linker : CANNOT LINK EXECUTABLE "/vendor/bin/hw/sxrservice": library "vendor.qti.hardware.qxr-V1-ndk_platform.so" not found: needed by main executable
01-01 02:16:12.363 0 0 D : mv2112_read_status
01-01 02:16:12.363 0 0 D mv2112_update_link: 3.0x901(1G): 0x80
01-01 02:16:12.363 0 0 D mv2112_update_link: 3.0x8109(100M): 0x0
01-01 02:16:12.363 0 0 D mv2112_update_link: link 0x0
01-01 02:16:12.363 0 0 D mv2112_read_status: autoneg is disabled
01-01 02:16:13.387 0 0 D : mv2112_read_status
01-01 02:16:13.387 0 0 D mv2112_update_link: 3.0x901(1G): 0x80
01-01 02:16:13.388 0 0 D mv2112_update_link: 3.0x8109(100M): 0x0
01-01 02:16:13.388 0 0 D mv2112_update_link: link 0x0
01-01 02:16:13.388 0 0 D mv2112_read_status: autoneg is disabled
01-01 02:16:13.685 0 0 I qcom_rpmh DRV: apps_rsc TCS Busy, retrying RPMH message send: addr=0x40d00
01-01 02:16:13.685 0 0 I qcom_rpmh DRV: apps_rsc TCS Busy, retrying RPMH message send: addr=0x40d00
01-01 02:16:13.685 0 0 I qcom_rpmh DRV: apps_rsc TCS Busy, retrying RPMH message send: addr=0x40d00
01-01 02:16:13.685 0 0 I qcom_rpmh DRV: apps_rsc TCS Busy, retrying RPMH message send: addr=0x40d00
01-01 02:16:13.685 0 0 I qcom_rpmh DRV: apps_rsc TCS Busy, retrying RPMH message send: addr=0x40d00
01-01 02:16:13.685 0 0 I qcom_rpmh DRV: apps_rsc TCS Busy, retrying RPMH message send: addr=0x40d00
01-01 02:16:13.685 0 0 I qcom_rpmh DRV: apps_rsc TCS Busy, retrying RPMH message send: addr=0x40d00
01-01 02:16:13.685 0 0 I qcom_rpmh DRV: apps_rsc TCS Busy, retrying RPMH message send: addr=0x40d00
01-01 02:16:13.783 0 0 I IRQ 5 : no longer affine to CPU6
01-01 02:16:14.063 0 0 I IRQ 5 : no longer affine to CPU4
01-01 02:16:14.411 0 0 D : mv2112_read_status
01-01 02:16:14.411 0 0 D mv2112_update_link: 3.0x901(1G): 0x80
01-01 02:16:14.412 0 0 D mv2112_update_link: 3.0x8109(100M): 0x0
01-01 02:16:14.412 0 0 D mv2112_update_link: link 0x0
01-01 02:16:14.412 0 0 D mv2112_read_status: autoneg is disabled
01-01 02:16:15.106 0 0 W logd : Skipping entries from slow reader, pid 1286, fd 14, from LogBuffer::Prune()
01-01 02:16:15.435 0 0 D : mv2112_read_status
01-01 02:16:15.435 0 0 D mv2112_update_link: 3.0x901(1G): 0x80
01-01 02:16:15.435 0 0 D mv2112_update_link: 3.0x8109(100M): 0x0
01-01 02:16:15.435 0 0 D mv2112_update_link: link 0x0
01-01 02:16:15.435 0 0 D mv2112_read_status: autoneg is disabled
01-01 02:16:15.716 0 0 W logd : Skipping entries from slow reader, pid 1286, fd 14, from LogBuffer::Prune()
01-01 02:16:16.049 0 0 W logd : Skipping entries from slow reader, pid 1286, fd 14, from LogBuffer::Prune()
01-01 02:16:16.384 0 0 W logd : Skipping entries from slow reader, pid 1286, fd 14, from LogBuffer::Prune()
01-01 02:16:16.460 0 0 D : mv2112_read_status
01-01 02:16:16.460 0 0 D mv2112_update_link: 3.0x901(1G): 0x80
01-01 02:16:16.461 0 0 D mv2112_update_link: 3.0x8109(100M): 0x0
01-01 02:16:16.461 0 0 D mv2112_update_link: link 0x0
01-01 02:16:16.461 0 0 D mv2112_read_status: autoneg is disabled
01-01 02:16:16.715 0 0 I init : starting service 'qvrd_vndr'...
01-01 02:16:16.718 0 0 I init : Created socket '/dev/socket/qvrservice_vndr', mode 660, user 1000, group 1000
01-01 02:16:16.720 0 0 I init : Created socket '/dev/socket/qvrservice_vndr_camera', mode 660, user 1000, group 1000
01-01 02:16:16.756 0 0 I init : starting service 'sxrd'...
01-01 02:16:16.805 0 0 I init : Service 'qvrd_vndr' (pid 24662) exited with status 1
01-01 02:16:16.805 0 0 I init : Sending signal 9 to service 'qvrd_vndr' (pid 24662) process group...
01-01 02:16:16.806 0 0 I libprocessgroup: Successfully killed process cgroup uid 1000 pid 24662 in 0ms
01-01 02:16:16.823 0 0 I init : Service 'sxrd' (pid 24669) exited with status 1
01-01 02:16:16.823 0 0 I init : Sending signal 9 to service 'sxrd' (pid 24669) process group...
01-01 02:16:16.823 0 0 I libprocessgroup: Successfully killed process cgroup uid 1000 pid 24669 in 0ms
01-01 02:16:16.960 0 0 W logd : Skipping entries from slow reader, pid 1286, fd 14, from LogBuffer::Prune()
08-24 14:30:50.614 24662 24662 F linker : CANNOT LINK EXECUTABLE "/vendor/bin/hw/qvrservice": library "vendor.qti.hardware.qxr-V1-ndk_platform.so" not found: needed by /vendor/lib64/libqvrservice.so in namespace (default)
01-01 02:16:17.018 0 0 W logd : Skipping entries from slow reader, pid 1286, fd 14, from LogBuffer::Prune()
08-24 14:30:50.632 24669 24669 F linker : CANNOT LINK EXECUTABLE "/vendor/bin/hw/sxrservice": library "vendor.qti.hardware.qxr-V1-ndk_platform.so" not found: needed by main executable
01-01 02:16:17.305 0 0 W logd : Skipping entries from slow reader, pid 1286, fd 14, from LogBuffer::Prune()
01-01 02:16:17.363 0 0 I IRQ 5 : no longer affine to CPU6
01-01 02:16:17.483 0 0 D : mv2112_read_status
01-01 02:16:17.483 0 0 D mv2112_update_link: 3.0x901(1G): 0x80
01-01 02:16:17.483 0 0 D mv2112_update_link: 3.0x8109(100M): 0x0
01-01 02:16:17.484 0 0 D mv2112_update_link: link 0x0
01-01 02:16:17.484 0 0 D mv2112_read_status: autoneg is disabled
01-01 02:16:17.575 0 0 W logd : Skipping entries from slow reader, pid 1286, fd 14, from LogBuffer::Prune()
01-01 02:16:17.881 0 0 W logd : Skipping entries from slow reader, pid 1286, fd 14, from LogBuffer::Prune()
01-01 02:16:18.063 0 0 I IRQ 5 : no longer affine to CPU6
01-01 02:16:18.191 0 0 W logd : Skipping entries from slow reader, pid 1286, fd 14, from LogBuffer::Prune()
01-01 02:16:18.363 0 0 I IRQ 5 : no longer affine to CPU4
01-01 02:16:18.507 0 0 D : mv2112_read_status
01-01 02:16:18.507 0 0 D mv2112_update_link: 3.0x901(1G): 0x80
01-01 02:16:18.507 0 0 D mv2112_update_link: 3.0x8109(100M): 0x0
01-01 02:16:18.507 0 0 D mv2112_update_link: link 0x0
01-01 02:16:18.507 0 0 D mv2112_read_status: autoneg is disabled
01-01 02:16:19.063 0 0 I IRQ 5 : no longer affine to CPU5
01-01 02:16:19.243 0 0 I IRQ 5 : no longer affine to CPU6
01-01 02:16:19.531 0 0 D : mv2112_read_status
01-01 02:16:19.531 0 0 D mv2112_update_link: 3.0x901(1G): 0x80
01-01 02:16:19.531 0 0 D mv2112_update_link: 3.0x8109(100M): 0x0
01-01 02:16:19.531 0 0 D mv2112_update_link: link 0x0
01-01 02:16:19.531 0 0 D mv2112_read_status: autoneg is disabled
01-01 02:16:20.103 0 0 I IRQ 5 : no longer affine to CPU5
01-01 02:16:20.257 0 0 W logd : Skipping entries from slow reader, pid 1286, fd 14, from LogBuffer::Prune()
01-01 02:16:20.555 0 0 D : mv2112_read_status
01-01 02:16:20.555 0 0 D mv2112_update_link: 3.0x901(1G): 0x80
01-01 02:16:20.555 0 0 D mv2112_update_link: 3.0x8109(100M): 0x0
01-01 02:16:20.555 0 0 D mv2112_update_link: link 0x0
01-01 02:16:20.555 0 0 D mv2112_read_status: autoneg is disabled
01-01 02:16:20.643 0 0 I IRQ 5 : no longer affine to CPU4
01-01 02:16:20.646 0 0 W logd : Skipping entries from slow reader, pid 1286, fd 14, from LogBuffer::Prune()
01-01 02:16:21.087 0 0 W logd : Skipping entries from slow reader, pid 1286, fd 14, from LogBuffer::Prune()
01-01 02:16:21.399 0 0 W logd : Skipping entries from slow reader, pid 1286, fd 14, from LogBuffer::Prune()
01-01 02:16:21.544 0 0 I IRQ 5 : no longer affine to CPU6
01-01 02:16:21.579 0 0 D : mv2112_read_status
01-01 02:16:21.579 0 0 D mv2112_update_link: 3.0x901(1G): 0x80
01-01 02:16:21.579 0 0 D mv2112_update_link: 3.0x8109(100M): 0x0
01-01 02:16:21.580 0 0 D mv2112_update_link: link 0x0
01-01 02:16:21.580 0 0 D mv2112_read_status: autoneg is disabled
01-01 02:16:21.658 0 0 W logd : Skipping entries from slow reader, pid 1286, fd 14, from LogBuffer::Prune()
01-01 02:16:21.706 0 0 W logd : Skipping entries from slow reader, pid 1286, fd 14, from LogBuffer::Prune()
01-01 02:16:21.740 0 0 I init : starting service 'qvrd_vndr'...
01-01 02:16:21.745 0 0 I init : Created socket '/dev/socket/qvrservice_vndr', mode 660, user 1000, group 1000
01-01 02:16:21.748 0 0 I init : Created socket '/dev/socket/qvrservice_vndr_camera', mode 660, user 1000, group 1000
01-01 02:16:21.790 0 0 I init : starting service 'sxrd'...
01-01 02:16:21.841 0 0 I init : Service 'qvrd_vndr' (pid 25819) exited with status 1
01-01 02:16:21.842 0 0 I init : Sending signal 9 to service 'qvrd_vndr' (pid 25819) process group...
01-01 02:16:21.842 0 0 I libprocessgroup: Successfully killed process cgroup uid 1000 pid 25819 in 0ms
01-01 02:16:21.850 0 0 I init : Service 'sxrd' (pid 25835) exited with status 1
01-01 02:16:21.850 0 0 I init : Sending signal 9 to service 'sxrd' (pid 25835) process group...
01-01 02:16:21.850 0 0 I libprocessgroup: Successfully killed process cgroup uid 1000 pid 25835 in 0ms
08-24 14:30:55.650 25819 25819 F linker : CANNOT LINK EXECUTABLE "/vendor/bin/hw/qvrservice": library "vendor.qti.hardware.qxr-V1-ndk_platform.so" not found: needed by /vendor/lib64/libqvrservice.so in namespace (default)
08-24 14:30:55.658 25835 25835 F linker : CANNOT LINK EXECUTABLE "/vendor/bin/hw/sxrservice": library "vendor.qti.hardware.qxr-V1-ndk_platform.so" not found: needed by main executable
01-01 02:16:22.050 0 0 W logd : Skipping entries from slow reader, pid 1286, fd 14, from LogBuffer::Prune()
01-01 02:16:22.339 0 0 W logd : Skipping entries from slow reader, pid 1286, fd 14, from LogBuffer::Prune()
01-01 02:16:22.603 0 0 I IRQ 5 : no longer affine to CPU6
01-01 02:16:22.607 0 0 D : mv2112_read_status
01-01 02:16:22.607 0 0 D mv2112_update_link: 3.0x901(1G): 0x80
01-01 02:16:22.607 0 0 D mv2112_update_link: 3.0x8109(100M): 0x0
01-01 02:16:22.607 0 0 D mv2112_update_link: link 0x0
01-01 02:16:22.607 0 0 D mv2112_read_status: autoneg is disabled
01-01 02:16:22.672 0 0 W logd : Skipping entries from slow reader, pid 1286, fd 14, from LogBuffer::Prune()
01-01 02:16:23.093 0 0 W logd : Skipping entries from slow reader, pid 1286, fd 14, from LogBuffer::Prune()
01-01 02:16:23.627 0 0 D : mv2112_read_status
01-01 02:16:23.627 0 0 D mv2112_update_link: 3.0x901(1G): 0x80
01-01 02:16:23.627 0 0 D mv2112_update_link: 3.0x8109(100M): 0x0
01-01 02:16:23.627 0 0 D mv2112_update_link: link 0x0
01-01 02:16:23.627 0 0 D mv2112_read_status: autoneg is disabled
01-01 02:16:24.651 0 0 D : mv2112_read_status
01-01 02:16:24.651 0 0 D mv2112_update_link: 3.0x901(1G): 0x80
01-01 02:16:24.651 0 0 D mv2112_update_link: 3.0x8109(100M): 0x0
01-01 02:16:24.651 0 0 D mv2112_update_link: link 0x0
01-01 02:16:24.651 0 0 D mv2112_read_status: autoneg is disabled
01-01 02:16:25.521 0 0 W logd : Skipping entries from slow reader, pid 1286, fd 14, from LogBuffer::Prune()
01-01 02:16:25.563 0 0 I IRQ 5 : no longer affine to CPU6
01-01 02:16:25.675 0 0 D : mv2112_read_status
01-01 02:16:25.675 0 0 D mv2112_update_link: 3.0x901(1G): 0x80
01-01 02:16:25.675 0 0 D mv2112_update_link: 3.0x8109(100M): 0x0
01-01 02:16:25.675 0 0 D mv2112_update_link: link 0x0
01-01 02:16:25.675 0 0 D mv2112_read_status: autoneg is disabled
01-01 02:16:25.873 0 0 W logd : Skipping entries from slow reader, pid 1286, fd 14, from LogBuffer::Prune()
01-01 02:16:26.153 0 0 W logd : Skipping entries from slow reader, pid 1286, fd 14, from LogBuffer::Prune()
01-01 02:16:26.363 0 0 W logd : Skipping entries from slow reader, pid 1286, fd 14, from LogBuffer::Prune()
01-01 02:16:26.432 0 0 W logd : Skipping entries from slow reader, pid 1286, fd 14, from LogBuffer::Prune()
01-01 02:16:26.701 0 0 D : mv2112_read_status
01-01 02:16:26.701 0 0 D mv2112_update_link: 3.0x901(1G): 0x80
01-01 02:16:26.701 0 0 D mv2112_update_link: 3.0x8109(100M): 0x0
01-01 02:16:26.701 0 0 D mv2112_update_link: link 0x0
01-01 02:16:26.701 0 0 D mv2112_read_status: autoneg is disabled
01-01 02:16:26.777 0 0 I init : starting service 'qvrd_vndr'...
01-01 02:16:26.781 0 0 I init : Created socket '/dev/socket/qvrservice_vndr', mode 660, user 1000, group 1000
01-01 02:16:26.784 0 0 I init : Created socket '/dev/socket/qvrservice_vndr_camera', mode 660, user 1000, group 1000
01-01 02:16:26.814 0 0 I init : starting service 'sxrd'...
01-01 02:16:26.832 0 0 I init : Service 'qvrd_vndr' (pid 26838) exited with status 1
01-01 02:16:26.832 0 0 I init : Sending signal 9 to service 'qvrd_vndr' (pid 26838) process group...
01-01 02:16:26.833 0 0 I libprocessgroup: Successfully killed process cgroup uid 1000 pid 26838 in 0ms
01-01 02:16:26.850 0 0 I init : Service 'sxrd' (pid 26844) exited with status 1
01-01 02:16:26.850 0 0 I init : Sending signal 9 to service 'sxrd' (pid 26844) process group...
01-01 02:16:26.850 0 0 I libprocessgroup: Successfully killed process cgroup uid 1000 pid 26844 in 0ms
01-01 02:16:26.852 0 0 W logd : Skipping entries from slow reader, pid 1286, fd 14, from LogBuffer::Prune()
08-24 14:31:00.643 26838 26838 F linker : CANNOT LINK EXECUTABLE "/vendor/bin/hw/qvrservice": library "vendor.qti.hardware.qxr-V1-ndk_platform.so" not found: needed by /vendor/lib64/libqvrservice.so in namespace (default)
08-24 14:31:00.660 26844 26844 F linker : CANNOT LINK EXECUTABLE "/vendor/bin/hw/sxrservice": library "vendor.qti.hardware.qxr-V1-ndk_platform.so" not found: needed by main executable
01-01 02:16:27.143 0 0 I IRQ 5 : no longer affine to CPU7
01-01 02:16:27.215 0 0 W logd : Skipping entries from slow reader, pid 1286, fd 14, from LogBuffer::Prune()
01-01 02:16:27.659 0 0 W logd : Skipping entries from slow reader, pid 1286, fd 14, from LogBuffer::Prune()
01-01 02:16:27.683 0 0 I IRQ 5 : no longer affine to CPU6
01-01 02:16:27.723 0 0 D : mv2112_read_status
01-01 02:16:27.723 0 0 D mv2112_update_link: 3.0x901(1G): 0x80
01-01 02:16:27.723 0 0 D mv2112_update_link: 3.0x8109(100M): 0x0
01-01 02:16:27.723 0 0 D mv2112_update_link: link 0x0
01-01 02:16:27.723 0 0 D mv2112_read_status: autoneg is disabled
01-01 02:16:27.884 0 0 I IRQ 5 : no longer affine to CPU4
01-01 02:16:28.002 0 0 W logd : Skipping entries from slow reader, pid 1286, fd 14, from LogBuffer::Prune()
01-01 02:16:28.004 0 0 I IRQ 5 : no longer affine to CPU6
01-01 02:16:28.283 0 0 I IRQ 5 : no longer affine to CPU4
01-01 02:16:28.315 0 0 W logd : Skipping entries from slow reader, pid 1286, fd 14, from LogBuffer::Prune()
01-01 02:16:28.749 0 0 D : mv2112_read_status
01-01 02:16:28.749 0 0 D mv2112_update_link: 3.0x901(1G): 0x80
01-01 02:16:28.749 0 0 D mv2112_update_link: 3.0x8109(100M): 0x0
01-01 02:16:28.749 0 0 D mv2112_update_link: link 0x0
01-01 02:16:28.749 0 0 D mv2112_read_status: autoneg is disabled
01-01 02:16:29.771 0 0 D : mv2112_read_status
01-01 02:16:29.771 0 0 D mv2112_update_link: 3.0x901(1G): 0x80
01-01 02:16:29.771 0 0 D mv2112_update_link: 3.0x8109(100M): 0x0
01-01 02:16:29.771 0 0 D mv2112_update_link: link 0x0
01-01 02:16:29.771 0 0 D mv2112_read_status: autoneg is disabled
01-01 02:16:30.795 0 0 D : mv2112_read_status
01-01 02:16:30.795 0 0 D mv2112_update_link: 3.0x901(1G): 0x80
01-01 02:16:30.795 0 0 D mv2112_update_link: 3.0x8109(100M): 0x0
01-01 02:16:30.796 0 0 D mv2112_update_link: link 0x0
01-01 02:16:30.796 0 0 D mv2112_read_status: autoneg is disabled
01-01 02:16:31.006 0 0 W logd : Skipping entries from slow reader, pid 1286, fd 14, from LogBuffer::Prune()
01-01 02:16:31.063 0 0 I IRQ 5 : no longer affine to CPU4
01-01 02:16:31.297 0 0 W logd : Skipping entries from slow reader, pid 1286, fd 14, from LogBuffer::Prune()
01-01 02:16:31.466 0 0 W logd : Skipping entries from slow reader, pid 1286, fd 14, from LogBuffer::Prune()
01-01 02:16:31.609 0 0 W logd : Skipping entries from slow reader, pid 1286, fd 14, from LogBuffer::Prune()
01-01 02:16:31.809 0 0 I init : starting service 'qvrd_vndr'...
01-01 02:16:31.814 0 0 I init : Created socket '/dev/socket/qvrservice_vndr', mode 660, user 1000, group 1000
01-01 02:16:31.818 0 0 I init : Created socket '/dev/socket/qvrservice_vndr_camera', mode 660, user 1000, group 1000
01-01 02:16:31.819 0 0 D : mv2112_read_status
01-01 02:16:31.820 0 0 D mv2112_update_link: 3.0x901(1G): 0x80
01-01 02:16:31.820 0 0 D mv2112_update_link: 3.0x8109(100M): 0x0
01-01 02:16:31.820 0 0 D mv2112_update_link: link 0x0
01-01 02:16:31.820 0 0 D mv2112_read_status: autoneg is disabled
01-01 02:16:31.859 0 0 I init : starting service 'sxrd'...
01-01 02:16:31.922 0 0 I init : Service 'sxrd' (pid 27869) exited with status 1
01-01 02:16:31.922 0 0 I init : Sending signal 9 to service 'sxrd' (pid 27869) process group...
01-01 02:16:31.922 0 0 I libprocessgroup: Successfully killed process cgroup uid 1000 pid 27869 in 0ms
01-01 02:16:31.928 0 0 I init : Service 'qvrd_vndr' (pid 27863) exited with status 1
01-01 02:16:31.929 0 0 I init : Sending signal 9 to service 'qvrd_vndr' (pid 27863) process group...
01-01 02:16:31.929 0 0 I libprocessgroup: Successfully killed process cgroup uid 1000 pid 27863 in 0ms
01-01 02:16:31.965 0 0 W logd : Skipping entries from slow reader, pid 1286, fd 14, from LogBuffer::Prune()
08-24 14:31:05.731 27869 27869 F linker : CANNOT LINK EXECUTABLE "/vendor/bin/hw/sxrservice": library "vendor.qti.hardware.qxr-V1-ndk_platform.so" not found: needed by main executable
08-24 14:31:05.735 27863 27863 F linker : CANNOT LINK EXECUTABLE "/vendor/bin/hw/qvrservice": library "vendor.qti.hardware.qxr-V1-ndk_platform.so" not found: needed by /vendor/lib64/libqvrservice.so in namespace (default)
01-01 02:16:32.323 0 0 I IRQ 5 : no longer affine to CPU4
01-01 02:16:32.330 0 0 W logd : Skipping entries from slow reader, pid 1286, fd 14, from LogBuffer::Prune()
01-01 02:16:32.620 0 0 W logd : Skipping entries from slow reader, pid 1286, fd 14, from LogBuffer::Prune()
01-01 02:16:32.843 0 0 D : mv2112_read_status
01-01 02:16:32.843 0 0 D mv2112_update_link: 3.0x901(1G): 0x80
01-01 02:16:32.843 0 0 D mv2112_update_link: 3.0x8109(100M): 0x0
01-01 02:16:32.843 0 0 D mv2112_update_link: link 0x0
01-01 02:16:32.844 0 0 D mv2112_read_status: autoneg is disabled
01-01 02:16:32.922 0 0 W logd : Skipping entries from slow reader, pid 1286, fd 14, from LogBuffer::Prune()
01-01 02:16:33.251 0 0 W logd : Skipping entries from slow reader, pid 1286, fd 14, from LogBuffer::Prune()
01-01 02:16:33.276 0 0 W logd : Skipping entries from slow reader, pid 1286, fd 14, from LogBuffer::Prune()
01-01 02:16:33.763 0 0 I IRQ 5 : no longer affine to CPU4
01-01 02:16:33.869 0 0 D : mv2112_read_status
01-01 02:16:33.869 0 0 D mv2112_update_link: 3.0x901(1G): 0x80
01-01 02:16:33.869 0 0 D mv2112_update_link: 3.0x8109(100M): 0x0
01-01 02:16:33.869 0 0 D mv2112_update_link: link 0x0
01-01 02:16:33.869 0 0 D mv2112_read_status: autoneg is disabled
01-01 02:16:34.363 0 0 I IRQ 5 : no longer affine to CPU6
01-01 02:16:34.892 0 0 D : mv2112_read_status
01-01 02:16:34.892 0 0 D mv2112_update_link: 3.0x901(1G): 0x80
01-01 02:16:34.892 0 0 D mv2112_update_link: 3.0x8109(100M): 0x0
01-01 02:16:34.892 0 0 D mv2112_update_link: link 0x0
01-01 02:16:34.892 0 0 D mv2112_read_status: autoneg is disabled
01-01 02:16:34.923 0 0 I IRQ 5 : no longer affine to CPU4
01-01 02:16:35.404 0 0 I IRQ 5 : no longer affine to CPU5
01-01 02:16:35.915 0 0 D : mv2112_read_status
01-01 02:16:35.915 0 0 D mv2112_update_link: 3.0x901(1G): 0x80
01-01 02:16:35.916 0 0 D mv2112_update_link: 3.0x8109(100M): 0x0
01-01 02:16:35.916 0 0 D mv2112_update_link: link 0x0
01-01 02:16:35.916 0 0 D mv2112_read_status: autoneg is disabled
01-01 02:16:36.337 0 0 W logd : Skipping entries from slow reader, pid 1286, fd 14, from LogBuffer::Prune()
01-01 02:16:36.659 0 0 W logd : Skipping entries from slow reader, pid 1286, fd 14, from LogBuffer::Prune()
01-01 02:16:36.844 0 0 I init : starting service 'qvrd_vndr'...
01-01 02:16:36.847 0 0 I init : Created socket '/dev/socket/qvrservice_vndr', mode 660, user 1000, group 1000
01-01 02:16:36.849 0 0 I init : Created socket '/dev/socket/qvrservice_vndr_camera', mode 660, user 1000, group 1000
01-01 02:16:36.862 0 0 W logd : Skipping entries from slow reader, pid 1286, fd 14, from LogBuffer::Prune()
01-01 02:16:36.884 0 0 I init : starting service 'sxrd'...
01-01 02:16:36.931 0 0 I init : Service 'qvrd_vndr' (pid 29042) exited with status 1
01-01 02:16:36.931 0 0 I init : Sending signal 9 to service 'qvrd_vndr' (pid 29042) process group...
01-01 02:16:36.931 0 0 I libprocessgroup: Successfully killed process cgroup uid 1000 pid 29042 in 0ms
01-01 02:16:36.939 0 0 D : mv2112_read_status
01-01 02:16:36.939 0 0 D mv2112_update_link: 3.0x901(1G): 0x80
01-01 02:16:36.940 0 0 D mv2112_update_link: 3.0x8109(100M): 0x0
01-01 02:16:36.940 0 0 D mv2112_update_link: link 0x0
01-01 02:16:36.940 0 0 D mv2112_read_status: autoneg is disabled
01-01 02:16:36.973 0 0 I init : Service 'sxrd' (pid 29046) exited with status 1
01-01 02:16:36.973 0 0 I init : Sending signal 9 to service 'sxrd' (pid 29046) process group...
01-01 02:16:36.974 0 0 I libprocessgroup: Successfully killed process cgroup uid 1000 pid 29046 in 0ms
08-24 14:31:10.740 29042 29042 F linker : CANNOT LINK EXECUTABLE "/vendor/bin/hw/qvrservice": library "vendor.qti.hardware.qxr-V1-ndk_platform.so" not found: needed by /vendor/lib64/libqvrservice.so in namespace (default)
08-24 14:31:10.781 29046 29046 F linker : CANNOT LINK EXECUTABLE "/vendor/bin/hw/sxrservice": library "vendor.qti.hardware.qxr-V1-ndk_platform.so" not found: needed by main executable
01-01 02:16:37.504 0 0 W logd : Skipping entries from slow reader, pid 1286, fd 14, from LogBuffer::Prune()
01-01 02:16:37.803 0 0 I IRQ 5 : no longer affine to CPU4
01-01 02:16:37.944 0 0 W logd : Skipping entries from slow reader, pid 1286, fd 14, from LogBuffer::Prune()
01-01 02:16:37.945 0 0 W logd : Skipping entries from slow reader, pid 1286, fd 14, from LogBuffer::Prune()
01-01 02:16:37.963 0 0 D : mv2112_read_status
01-01 02:16:37.963 0 0 D mv2112_update_link: 3.0x901(1G): 0x80
01-01 02:16:37.963 0 0 D mv2112_update_link: 3.0x8109(100M): 0x0
01-01 02:16:37.963 0 0 D mv2112_update_link: link 0x0
01-01 02:16:37.963 0 0 D mv2112_read_status: autoneg is disabled
01-01 02:16:38.329 0 0 W logd : Skipping entries from slow reader, pid 1286, fd 14, from LogBuffer::Prune()
01-01 02:16:38.627 0 0 W logd : Skipping entries from slow reader, pid 1286, fd 14, from LogBuffer::Prune()
01-01 02:16:38.941 0 0 W logd : Skipping entries from slow reader, pid 1286, fd 14, from LogBuffer::Prune()
01-01 02:16:38.987 0 0 D : mv2112_read_status
01-01 02:16:38.987 0 0 D mv2112_update_link: 3.0x901(1G): 0x80
01-01 02:16:38.987 0 0 D mv2112_update_link: 3.0x8109(100M): 0x0
01-01 02:16:38.987 0 0 D mv2112_update_link: link 0x0
01-01 02:16:38.987 0 0 D mv2112_read_status: autoneg is disabled
01-01 02:16:39.202 0 0 W logd : Skipping entries from slow reader, pid 1286, fd 14, from LogBuffer::Prune()
01-01 02:16:39.363 0 0 I IRQ 5 : no longer affine to CPU4
01-01 02:16:39.783 0 0 I IRQ 5 : no longer affine to CPU5
01-01 02:16:40.011 0 0 D : mv2112_read_status
01-01 02:16:40.011 0 0 D mv2112_update_link: 3.0x901(1G): 0x80
01-01 02:16:40.011 0 0 D mv2112_update_link: 3.0x8109(100M): 0x0
01-01 02:16:40.011 0 0 D mv2112_update_link: link 0x0
01-01 02:16:40.011 0 0 D mv2112_read_status: autoneg is disabled
01-01 02:16:41.035 0 0 D : mv2112_read_status
01-01 02:16:41.035 0 0 D mv2112_update_link: 3.0x901(1G): 0x80
01-01 02:16:41.035 0 0 D mv2112_update_link: 3.0x8109(100M): 0x0
01-01 02:16:41.035 0 0 D mv2112_update_link: link 0x0
01-01 02:16:41.035 0 0 D mv2112_read_status: autoneg is disabled
01-01 02:16:41.263 0 0 I IRQ 5 : no longer affine to CPU6
01-01 02:16:41.510 0 0 W logd : Skipping entries from slow reader, pid 1286, fd 14, from LogBuffer::Prune()
01-01 02:16:41.543 0 0 I IRQ 5 : no longer affine to CPU4
01-01 02:16:41.593 0 0 W logd : Skipping entries from slow reader, pid 1286, fd 14, from LogBuffer::Prune()
01-01 02:16:41.873 0 0 I init : starting service 'qvrd_vndr'...
01-01 02:16:41.878 0 0 I init : Created socket '/dev/socket/qvrservice_vndr', mode 660, user 1000, group 1000
01-01 02:16:41.881 0 0 I init : Created socket '/dev/socket/qvrservice_vndr_camera', mode 660, user 1000, group 1000
01-01 02:16:41.921 0 0 I init : starting service 'sxrd'...
01-01 02:16:41.993 0 0 I init : Service 'qvrd_vndr' (pid 30197) exited with status 1
01-01 02:16:41.993 0 0 I init : Sending signal 9 to service 'qvrd_vndr' (pid 30197) process group...
01-01 02:16:41.993 0 0 I libprocessgroup: Successfully killed process cgroup uid 1000 pid 30197 in 0ms
01-01 02:16:42.002 0 0 I init : Service 'sxrd' (pid 30203) exited with status 1
01-01 02:16:42.002 0 0 I init : Sending signal 9 to service 'sxrd' (pid 30203) process group...
01-01 02:16:42.003 0 0 I libprocessgroup: Successfully killed process cgroup uid 1000 pid 30203 in 0ms
01-01 02:16:42.015 0 0 W logd : Skipping entries from slow reader, pid 1286, fd 14, from LogBuffer::Prune()
01-01 02:16:42.059 0 0 D : mv2112_read_status
01-01 02:16:42.059 0 0 D mv2112_update_link: 3.0x901(1G): 0x80
01-01 02:16:42.060 0 0 D mv2112_update_link: 3.0x8109(100M): 0x0
01-01 02:16:42.060 0 0 D mv2112_update_link: link 0x0
01-01 02:16:42.060 0 0 D mv2112_read_status: autoneg is disabled
01-01 02:16:42.103 0 0 I IRQ 5 : no longer affine to CPU5
08-24 14:31:15.802 30197 30197 F linker : CANNOT LINK EXECUTABLE "/vendor/bin/hw/qvrservice": library "vendor.qti.hardware.qxr-V1-ndk_platform.so" not found: needed by /vendor/lib64/libqvrservice.so in namespace (default)
08-24 14:31:15.812 30203 30203 F linker : CANNOT LINK EXECUTABLE "/vendor/bin/hw/sxrservice": library "vendor.qti.hardware.qxr-V1-ndk_platform.so" not found: needed by main executable
01-01 02:16:42.437 0 0 W logd : Skipping entries from slow reader, pid 1286, fd 14, from LogBuffer::Prune()
01-01 02:16:42.443 0 0 I IRQ 5 : no longer affine to CPU6
01-01 02:16:42.756 0 0 W logd : Skipping entries from slow reader, pid 1286, fd 14, from LogBuffer::Prune()
01-01 02:16:43.083 0 0 D : mv2112_read_status
01-01 02:16:43.083 0 0 D mv2112_update_link: 3.0x901(1G): 0x80
01-01 02:16:43.084 0 0 D mv2112_update_link: 3.0x8109(100M): 0x0
01-01 02:16:43.084 0 0 D mv2112_update_link: link 0x0
01-01 02:16:43.084 0 0 D mv2112_read_status: autoneg is disabled
01-01 02:16:43.287 0 0 W logd : Skipping entries from slow reader, pid 1286, fd 14, from LogBuffer::Prune()
01-01 02:16:43.664 0 0 W logd : Skipping entries from slow reader, pid 1286, fd 14, from LogBuffer::Prune()
01-01 02:16:43.907 0 0 W logd : Skipping entries from slow reader, pid 1286, fd 14, from LogBuffer::Prune()
01-01 02:16:44.032 0 0 W logd : Skipping entries from slow reader, pid 1286, fd 14, from LogBuffer::Prune()
01-01 02:16:44.107 0 0 D : mv2112_read_status
01-01 02:16:44.107 0 0 D mv2112_update_link: 3.0x901(1G): 0x80
01-01 02:16:44.107 0 0 D mv2112_update_link: 3.0x8109(100M): 0x0
01-01 02:16:44.107 0 0 D mv2112_update_link: link 0x0
01-01 02:16:44.107 0 0 D mv2112_read_status: autoneg is disabled
01-01 02:16:44.287 0 0 W logd : Skipping entries from slow reader, pid 1286, fd 14, from LogBuffer::Prune()
01-01 02:16:45.131 0 0 D : mv2112_read_status
01-01 02:16:45.131 0 0 D mv2112_update_link: 3.0x901(1G): 0x80
01-01 02:16:45.131 0 0 D mv2112_update_link: 3.0x8109(100M): 0x0
01-01 02:16:45.131 0 0 D mv2112_update_link: link 0x0
01-01 02:16:45.132 0 0 D mv2112_read_status: autoneg is disabled
01-01 02:16:45.964 0 0 I IRQ 5 : no longer affine to CPU5
01-01 02:16:46.156 0 0 D : mv2112_read_status
01-01 02:16:46.156 0 0 D mv2112_update_link: 3.0x901(1G): 0x80
01-01 02:16:46.156 0 0 D mv2112_update_link: 3.0x8109(100M): 0x0
01-01 02:16:46.156 0 0 D mv2112_update_link: link 0x0
01-01 02:16:46.156 0 0 D mv2112_read_status: autoneg is disabled
01-01 02:16:46.843 0 0 W logd : Skipping entries from slow reader, pid 1286, fd 14, from LogBuffer::Prune()
01-01 02:16:46.912 0 0 I init : starting service 'qvrd_vndr'...
01-01 02:16:46.916 0 0 I init : Created socket '/dev/socket/qvrservice_vndr', mode 660, user 1000, group 1000
01-01 02:16:46.918 0 0 I init : Created socket '/dev/socket/qvrservice_vndr_camera', mode 660, user 1000, group 1000
01-01 02:16:46.957 0 0 I init : starting service 'sxrd'...
08-24 14:31:20.809 31428 31428 F linker : CANNOT LINK EXECUTABLE "/vendor/bin/hw/qvrservice": library "vendor.qti.hardware.qxr-V1-ndk_platform.so" not found: needed by /vendor/lib64/libqvrservice.so in namespace (default)
01-01 02:16:47.001 0 0 I init : Service 'qvrd_vndr' (pid 31428) exited with status 1
01-01 02:16:47.001 0 0 I init : Sending signal 9 to service 'qvrd_vndr' (pid 31428) process group...
01-01 02:16:47.002 0 0 I libprocessgroup: Successfully killed process cgroup uid 1000 pid 31428 in 0ms
08-24 14:31:20.837 31437 31437 F linker : CANNOT LINK EXECUTABLE "/vendor/bin/hw/sxrservice": library "vendor.qti.hardware.qxr-V1-ndk_platform.so" not found: needed by main executable
01-01 02:16:47.028 0 0 I init : Service 'sxrd' (pid 31437) exited with status 1
01-01 02:16:47.028 0 0 I init : Sending signal 9 to service 'sxrd' (pid 31437) process group...
01-01 02:16:47.032 0 0 I libprocessgroup: Successfully killed process cgroup uid 1000 pid 31437 in 3ms
01-01 02:16:47.146 0 0 W logd : Skipping entries from slow reader, pid 1286, fd 14, from LogBuffer::Prune()
01-01 02:16:47.179 0 0 D : mv2112_read_status
01-01 02:16:47.179 0 0 D mv2112_update_link: 3.0x901(1G): 0x80
01-01 02:16:47.179 0 0 D mv2112_update_link: 3.0x8109(100M): 0x0
01-01 02:16:47.179 0 0 D mv2112_update_link: link 0x0
01-01 02:16:47.179 0 0 D mv2112_read_status: autoneg is disabled
01-01 02:16:47.402 0 0 W logd : Skipping entries from slow reader, pid 1286, fd 14, from LogBuffer::Prune()
01-01 02:16:47.664 0 0 I IRQ 5 : no longer affine to CPU6
01-01 02:16:47.720 0 0 W logd : Skipping entries from slow reader, pid 1286, fd 14, from LogBuffer::Prune()
01-01 02:16:48.063 0 0 W logd : Skipping entries from slow reader, pid 1286, fd 14, from LogBuffer::Prune()
01-01 02:16:48.163 0 0 I IRQ 5 : no longer affine to CPU5
01-01 02:16:48.204 0 0 D : mv2112_read_status
01-01 02:16:48.204 0 0 W logd : Skipping entries from slow reader, pid 1286, fd 14, from LogBuffer::Prune()
01-01 02:16:48.204 0 0 D mv2112_update_link: 3.0x901(1G): 0x80
01-01 02:16:48.204 0 0 D mv2112_update_link: 3.0x8109(100M): 0x0
01-01 02:16:48.204 0 0 D mv2112_update_link: link 0x0
01-01 02:16:48.204 0 0 D mv2112_read_status: autoneg is disabled
01-01 02:16:48.618 0 0 W logd : Skipping entries from slow reader, pid 1286, fd 14, from LogBuffer::Prune()
01-01 02:16:48.954 0 0 W logd : Skipping entries from slow reader, pid 1286, fd 14, from LogBuffer::Prune()
01-01 02:16:49.123 0 0 I IRQ 5 : no longer affine to CPU6
01-01 02:16:49.227 0 0 D : mv2112_read_status
01-01 02:16:49.227 0 0 D mv2112_update_link: 3.0x901(1G): 0x80
01-01 02:16:49.228 0 0 D mv2112_update_link: 3.0x8109(100M): 0x0
01-01 02:16:49.228 0 0 D mv2112_update_link: link 0x0
01-01 02:16:49.228 0 0 D mv2112_read_status: autoneg is disabled
01-01 02:16:49.243 0 0 I IRQ 5 : no longer affine to CPU5
01-01 02:16:49.398 0 0 W logd : Skipping entries from slow reader, pid 1286, fd 14, from LogBuffer::Prune()
01-01 02:16:49.890 0 0 W logd : Skipping entries from slow reader, pid 1286, fd 14, from LogBuffer::Prune()
01-01 02:16:50.251 0 0 D : mv2112_read_status
01-01 02:16:50.251 0 0 D mv2112_update_link: 3.0x901(1G): 0x80
01-01 02:16:50.251 0 0 D mv2112_update_link: 3.0x8109(100M): 0x0
01-01 02:16:50.251 0 0 D mv2112_update_link: link 0x0
01-01 02:16:50.251 0 0 D mv2112_read_status: autoneg is disabled
01-01 02:16:50.723 0 0 I IRQ 5 : no longer affine to CPU5
01-01 02:16:51.275 0 0 D : mv2112_read_status
01-01 02:16:51.275 0 0 D mv2112_update_link: 3.0x901(1G): 0x80
01-01 02:16:51.275 0 0 D mv2112_update_link: 3.0x8109(100M): 0x0
01-01 02:16:51.275 0 0 D mv2112_update_link: link 0x0
01-01 02:16:51.275 0 0 D mv2112_read_status: autoneg is disabled
01-01 02:16:51.948 0 0 I init : starting service 'qvrd_vndr'...
01-01 02:16:51.951 0 0 I init : Created socket '/dev/socket/qvrservice_vndr', mode 660, user 1000, group 1000
01-01 02:16:51.953 0 0 I init : Created socket '/dev/socket/qvrservice_vndr_camera', mode 660, user 1000, group 1000
01-01 02:16:51.982 0 0 I init : starting service 'sxrd'...
01-01 02:16:52.000 0 0 W logd : Skipping entries from slow reader, pid 1286, fd 14, from LogBuffer::Prune()
01-01 02:16:52.033 0 0 I init : Service 'qvrd_vndr' (pid 32563) exited with status 1
01-01 02:16:52.033 0 0 I init : Sending signal 9 to service 'qvrd_vndr' (pid 32563) process group...
01-01 02:16:52.034 0 0 I libprocessgroup: Successfully killed process cgroup uid 1000 pid 32563 in 0ms
01-01 02:16:52.067 0 0 I init : Service 'sxrd' (pid 32572) exited with status 1
01-01 02:16:52.067 0 0 I init : Sending signal 9 to service 'sxrd' (pid 32572) process group...
01-01 02:16:52.068 0 0 I libprocessgroup: Successfully killed process cgroup uid 1000 pid 32572 in 0ms
08-24 14:31:25.841 32563 32563 F linker : CANNOT LINK EXECUTABLE "/vendor/bin/hw/qvrservice": library "vendor.qti.hardware.qxr-V1-ndk_platform.so" not found: needed by /vendor/lib64/libqvrservice.so in namespace (default)
08-24 14:31:25.875 32572 32572 F linker : CANNOT LINK EXECUTABLE "/vendor/bin/hw/sxrservice": library "vendor.qti.hardware.qxr-V1-ndk_platform.so" not found: needed by main executable
01-01 02:16:52.299 0 0 D : mv2112_read_status
01-01 02:16:52.299 0 0 D mv2112_update_link: 3.0x901(1G): 0x80
01-01 02:16:52.299 0 0 D mv2112_update_link: 3.0x8109(100M): 0x0
01-01 02:16:52.299 0 0 D mv2112_update_link: link 0x0
01-01 02:16:52.299 0 0 D mv2112_read_status: autoneg is disabled
01-01 02:16:52.328 0 0 W logd : Skipping entries from slow reader, pid 1286, fd 14, from LogBuffer::Prune()
01-01 02:16:52.522 0 0 W logd : Skipping entries from slow reader, pid 1286, fd 14, from LogBuffer::Prune()
01-01 02:16:52.524 0 0 W logd : Skipping entries from slow reader, pid 1286, fd 14, from LogBuffer::Prune()
01-01 02:16:52.657 0 0 W logd : Skipping entries from slow reader, pid 1286, fd 14, from LogBuffer::Prune()
01-01 02:16:53.130 0 0 W logd : Skipping entries from slow reader, pid 1286, fd 14, from LogBuffer::Prune()
01-01 02:16:53.326 0 0 D : mv2112_read_status
01-01 02:16:53.326 0 0 D mv2112_update_link: 3.0x901(1G): 0x80
01-01 02:16:53.327 0 0 D mv2112_update_link: 3.0x8109(100M): 0x0
01-01 02:16:53.327 0 0 D mv2112_update_link: link 0x0
01-01 02:16:53.327 0 0 D mv2112_read_status: autoneg is disabled
01-01 02:16:53.428 0 0 W logd : Skipping entries from slow reader, pid 1286, fd 14, from LogBuffer::Prune()
01-01 02:16:53.563 0 0 I IRQ 5 : no longer affine to CPU5
01-01 02:16:53.723 0 0 I IRQ 5 : no longer affine to CPU6
01-01 02:16:53.785 0 0 W logd : Skipping entries from slow reader, pid 1286, fd 14, from LogBuffer::Prune()
01-01 02:16:54.116 0 0 W logd : Skipping entries from slow reader, pid 1286, fd 14, from LogBuffer::Prune()
01-01 02:16:54.123 0 0 I IRQ 5 : no longer affine to CPU5
01-01 02:16:54.347 0 0 D : mv2112_read_status
01-01 02:16:54.347 0 0 D mv2112_update_link: 3.0x901(1G): 0x80
01-01 02:16:54.348 0 0 D mv2112_update_link: 3.0x8109(100M): 0x0
01-01 02:16:54.348 0 0 D mv2112_update_link: link 0x0
01-01 02:16:54.348 0 0 D mv2112_read_status: autoneg is disabled
01-01 02:16:54.426 0 0 W logd : Skipping entries from slow reader, pid 1286, fd 14, from LogBuffer::Prune()
01-01 02:16:54.443 0 0 I IRQ 5 : no longer affine to CPU6
01-01 02:16:55.371 0 0 D : mv2112_read_status
01-01 02:16:55.371 0 0 D mv2112_update_link: 3.0x901(1G): 0x80
01-01 02:16:55.371 0 0 D mv2112_update_link: 3.0x8109(100M): 0x0
01-01 02:16:55.371 0 0 D mv2112_update_link: link 0x0
01-01 02:16:55.371 0 0 D mv2112_read_status: autoneg is disabled
01-01 02:16:56.143 0 0 I IRQ 5 : no longer affine to CPU6
01-01 02:16:56.395 0 0 D : mv2112_read_status
01-01 02:16:56.395 0 0 D mv2112_update_link: 3.0x901(1G): 0x80
01-01 02:16:56.395 0 0 D mv2112_update_link: 3.0x8109(100M): 0x0
01-01 02:16:56.395 0 0 D mv2112_update_link: link 0x0
01-01 02:16:56.395 0 0 D mv2112_read_status: autoneg is disabled
01-01 02:16:56.972 0 0 I init : starting service 'qvrd_vndr'...
01-01 02:16:56.976 0 0 I init : Created socket '/dev/socket/qvrservice_vndr', mode 660, user 1000, group 1000
01-01 02:16:56.979 0 0 I init : Created socket '/dev/socket/qvrservice_vndr_camera', mode 660, user 1000, group 1000
01-01 02:16:57.021 0 0 I init : starting service 'sxrd'...
01-01 02:16:57.086 0 0 I init : Service 'sxrd' (pid 2231) exited with status 1
01-01 02:16:57.087 0 0 I init : Sending signal 9 to service 'sxrd' (pid 2231) process group...
01-01 02:16:57.087 0 0 I libprocessgroup: Successfully killed process cgroup uid 1000 pid 2231 in 0ms
01-01 02:16:57.090 0 0 I init : Service 'qvrd_vndr' (pid 2199) exited with status 1
01-01 02:16:57.091 0 0 I init : Sending signal 9 to service 'qvrd_vndr' (pid 2199) process group...
01-01 02:16:57.093 0 0 I libprocessgroup: Successfully killed process cgroup uid 1000 pid 2199 in 1ms
08-24 14:31:30.896 2231 2231 F linker : CANNOT LINK EXECUTABLE "/vendor/bin/hw/sxrservice": library "vendor.qti.hardware.qxr-V1-ndk_platform.so" not found: needed by main executable
08-24 14:31:30.898 2199 2199 F linker : CANNOT LINK EXECUTABLE "/vendor/bin/hw/qvrservice": library "vendor.qti.hardware.qxr-V1-ndk_platform.so" not found: needed by /vendor/lib64/libqvrservice.so in namespace (default)
01-01 02:16:57.167 0 0 W logd : Skipping entries from slow reader, pid 1286, fd 14, from LogBuffer::Prune()
01-01 02:16:57.371 0 0 W logd : Skipping entries from slow reader, pid 1286, fd 14, from LogBuffer::Prune()
01-01 02:16:57.406 0 0 W logd : Skipping entries from slow reader, pid 1286, fd 14, from LogBuffer::Prune()
01-01 02:16:57.419 0 0 D : mv2112_read_status
01-01 02:16:57.419 0 0 D mv2112_update_link: 3.0x901(1G): 0x80
01-01 02:16:57.419 0 0 D mv2112_update_link: 3.0x8109(100M): 0x0
01-01 02:16:57.419 0 0 D mv2112_update_link: link 0x0
01-01 02:16:57.420 0 0 D mv2112_read_status: autoneg is disabled
01-01 02:16:57.782 0 0 W logd : Skipping entries from slow reader, pid 1286, fd 14, from LogBuffer::Prune()
01-01 02:16:58.248 0 0 W logd : Skipping entries from slow reader, pid 1286, fd 14, from LogBuffer::Prune()
01-01 02:16:58.324 0 0 I IRQ 5 : no longer affine to CPU6
01-01 02:16:58.443 0 0 D : mv2112_read_status
01-01 02:16:58.443 0 0 D mv2112_update_link: 3.0x901(1G): 0x80
01-01 02:16:58.443 0 0 D mv2112_update_link: 3.0x8109(100M): 0x0
01-01 02:16:58.443 0 0 D mv2112_update_link: link 0x0
01-01 02:16:58.443 0 0 D mv2112_read_status: autoneg is disabled
01-01 02:16:58.623 0 0 I IRQ 5 : no longer affine to CPU5
01-01 02:16:58.626 0 0 W logd : Skipping entries from slow reader, pid 1286, fd 14, from LogBuffer::Prune()
01-01 02:16:58.716 0 0 W logd : Skipping entries from slow reader, pid 1286, fd 14, from LogBuffer::Prune()
01-01 02:16:59.027 0 0 W logd : Skipping entries from slow reader, pid 1286, fd 14, from LogBuffer::Prune()
01-01 02:16:59.467 0 0 D : mv2112_read_status
01-01 02:16:59.468 0 0 D mv2112_update_link: 3.0x901(1G): 0x80
01-01 02:16:59.468 0 0 D mv2112_update_link: 3.0x8109(100M): 0x0
01-01 02:16:59.468 0 0 D mv2112_update_link: link 0x0
01-01 02:16:59.468 0 0 D mv2112_read_status: autoneg is disabled
01-01 02:16:59.514 0 0 W logd : Skipping entries from slow reader, pid 1286, fd 14, from LogBuffer::Prune()
01-01 02:16:59.793 0 0 W logd : Skipping entries from slow reader, pid 1286, fd 14, from LogBuffer::Prune()
01-01 02:17:00.491 0 0 D : mv2112_read_status
01-01 02:17:00.491 0 0 D mv2112_update_link: 3.0x901(1G): 0x80
01-01 02:17:00.491 0 0 D mv2112_update_link: 3.0x8109(100M): 0x0
01-01 02:17:00.491 0 0 D mv2112_update_link: link 0x0
01-01 02:17:00.491 0 0 D mv2112_read_status: autoneg is disabled
01-01 02:17:01.103 0 0 I IRQ 5 : no longer affine to CPU5
01-01 02:17:01.515 0 0 D : mv2112_read_status
01-01 02:17:01.515 0 0 D mv2112_update_link: 3.0x901(1G): 0x80
01-01 02:17:01.515 0 0 D mv2112_update_link: 3.0x8109(100M): 0x0
01-01 02:17:01.515 0 0 D mv2112_update_link: link 0x0
01-01 02:17:01.515 0 0 D mv2112_read_status: autoneg is disabled
01-01 02:17:02.007 0 0 I init : starting service 'qvrd_vndr'...
01-01 02:17:02.011 0 0 I init : Created socket '/dev/socket/qvrservice_vndr', mode 660, user 1000, group 1000
01-01 02:17:02.017 0 0 I init : Created socket '/dev/socket/qvrservice_vndr_camera', mode 660, user 1000, group 1000
01-01 02:17:02.057 0 0 I init : starting service 'sxrd'...
01-01 02:17:02.120 0 0 I init : Service 'sxrd' (pid 4316) exited with status 1
01-01 02:17:02.120 0 0 I init : Sending signal 9 to service 'sxrd' (pid 4316) process group...
01-01 02:17:02.121 0 0 I libprocessgroup: Successfully killed process cgroup uid 1000 pid 4316 in 0ms
01-01 02:17:02.125 0 0 I init : Service 'qvrd_vndr' (pid 4308) exited with status 1
01-01 02:17:02.125 0 0 I init : Sending signal 9 to service 'qvrd_vndr' (pid 4308) process group...
01-01 02:17:02.126 0 0 I libprocessgroup: Successfully killed process cgroup uid 1000 pid 4308 in 0ms
08-24 14:31:35.928 4316 4316 F linker : CANNOT LINK EXECUTABLE "/vendor/bin/hw/sxrservice": library "vendor.qti.hardware.qxr-V1-ndk_platform.so" not found: needed by main executable
08-24 14:31:35.932 4308 4308 F linker : CANNOT LINK EXECUTABLE "/vendor/bin/hw/qvrservice": library "vendor.qti.hardware.qxr-V1-ndk_platform.so" not found: needed by /vendor/lib64/libqvrservice.so in namespace (default)
01-01 02:17:02.285 0 0 W logd : Skipping entries from slow reader, pid 1286, fd 14, from LogBuffer::Prune()
01-01 02:17:02.539 0 0 D : mv2112_read_status
01-01 02:17:02.539 0 0 D mv2112_update_link: 3.0x901(1G): 0x80
01-01 02:17:02.539 0 0 D mv2112_update_link: 3.0x8109(100M): 0x0
01-01 02:17:02.539 0 0 D mv2112_update_link: link 0x0
01-01 02:17:02.539 0 0 D mv2112_read_status: autoneg is disabled
01-01 02:17:02.617 0 0 W logd : Skipping entries from slow reader, pid 1286, fd 14, from LogBuffer::Prune()
01-01 02:17:02.972 0 0 W logd : Skipping entries from slow reader, pid 1286, fd 14, from LogBuffer::Prune()
01-01 02:17:03.285 0 0 W logd : Skipping entries from slow reader, pid 1286, fd 14, from LogBuffer::Prune()
01-01 02:17:03.341 0 0 W logd : Skipping entries from slow reader, pid 1286, fd 14, from LogBuffer::Prune()
01-01 02:17:03.563 0 0 D : mv2112_read_status
01-01 02:17:03.563 0 0 D mv2112_update_link: 3.0x901(1G): 0x80
01-01 02:17:03.563 0 0 D mv2112_update_link: 3.0x8109(100M): 0x0
01-01 02:17:03.563 0 0 D mv2112_update_link: link 0x0
01-01 02:17:03.563 0 0 D mv2112_read_status: autoneg is disabled
01-01 02:17:03.698 0 0 W logd : Skipping entries from slow reader, pid 1286, fd 14, from LogBuffer::Prune()
01-01 02:17:04.008 0 0 W logd : Skipping entries from slow reader, pid 1286, fd 14, from LogBuffer::Prune()
01-01 02:17:04.354 0 0 W logd : Skipping entries from slow reader, pid 1286, fd 14, from LogBuffer::Prune()
01-01 02:17:04.590 0 0 D : mv2112_read_status
01-01 02:17:04.590 0 0 D mv2112_update_link: 3.0x901(1G): 0x80
01-01 02:17:04.590 0 0 D mv2112_update_link: 3.0x8109(100M): 0x0
01-01 02:17:04.590 0 0 D mv2112_update_link: link 0x0
01-01 02:17:04.590 0 0 D mv2112_read_status: autoneg is disabled
01-01 02:17:04.810 0 0 W logd : Skipping entries from slow reader, pid 1286, fd 14, from LogBuffer::Prune()
01-01 02:17:05.095 0 0 W logd : Skipping entries from slow reader, pid 1286, fd 14, from LogBuffer::Prune()
01-01 02:17:05.611 0 0 D : mv2112_read_status
01-01 02:17:05.611 0 0 D mv2112_update_link: 3.0x901(1G): 0x80
01-01 02:17:05.611 0 0 D mv2112_update_link: 3.0x8109(100M): 0x0
01-01 02:17:05.611 0 0 D mv2112_update_link: link 0x0
01-01 02:17:05.611 0 0 D mv2112_read_status: autoneg is disabled
01-01 02:17:06.483 0 0 I IRQ 5 : no longer affine to CPU4
01-01 02:17:06.635 0 0 D : mv2112_read_status
01-01 02:17:06.635 0 0 D mv2112_update_link: 3.0x901(1G): 0x80
01-01 02:17:06.635 0 0 D mv2112_update_link: 3.0x8109(100M): 0x0
01-01 02:17:06.636 0 0 D mv2112_update_link: link 0x0
01-01 02:17:06.636 0 0 D mv2112_read_status: autoneg is disabled
01-01 02:17:07.047 0 0 I init : starting service 'qvrd_vndr'...
01-01 02:17:07.050 0 0 I init : Created socket '/dev/socket/qvrservice_vndr', mode 660, user 1000, group 1000
01-01 02:17:07.054 0 0 I init : Created socket '/dev/socket/qvrservice_vndr_camera', mode 660, user 1000, group 1000
01-01 02:17:07.104 0 0 I init : starting service 'sxrd'...
01-01 02:17:07.155 0 0 I init : Service 'qvrd_vndr' (pid 5618) exited with status 1
01-01 02:17:07.155 0 0 I init : Sending signal 9 to service 'qvrd_vndr' (pid 5618) process group...
01-01 02:17:07.156 0 0 I libprocessgroup: Successfully killed process cgroup uid 1000 pid 5618 in 0ms
01-01 02:17:07.178 0 0 I init : Service 'sxrd' (pid 5627) exited with status 1
01-01 02:17:07.178 0 0 I init : Sending signal 9 to service 'sxrd' (pid 5627) process group...
01-01 02:17:07.178 0 0 I libprocessgroup: Successfully killed process cgroup uid 1000 pid 5627 in 0ms
08-24 14:31:40.963 5618 5618 F linker : CANNOT LINK EXECUTABLE "/vendor/bin/hw/qvrservice": library "vendor.qti.hardware.qxr-V1-ndk_platform.so" not found: needed by /vendor/lib64/libqvrservice.so in namespace (default)
08-24 14:31:40.987 5627 5627 F linker : CANNOT LINK EXECUTABLE "/vendor/bin/hw/sxrservice": library "vendor.qti.hardware.qxr-V1-ndk_platform.so" not found: needed by main executable
01-01 02:17:07.363 0 0 I IRQ 5 : no longer affine to CPU6
01-01 02:17:07.476 0 0 W logd : Skipping entries from slow reader, pid 1286, fd 14, from LogBuffer::Prune()
01-01 02:17:07.659 0 0 D : mv2112_read_status
08-24 14:31:41.389 1151 3275 I DreamManagerService: Gently waking up from dream.
01-01 02:17:07.659 0 0 D mv2112_update_link: 3.0x901(1G): 0x80
01-01 02:17:07.659 0 0 D mv2112_update_link: 3.0x8109(100M): 0x0
08-24 14:31:41.389 1151 1689 I DreamManagerService: Performing gentle wake from dream.
01-01 02:17:07.659 0 0 D mv2112_update_link: link 0x0
01-01 02:17:07.659 0 0 D mv2112_read_status: autoneg is disabled
08-24 14:31:41.460 1151 1722 I PowerManagerService: Powering on display group fromDreaming (groupId=0, uid=1000, reason=WAKE_REASON_UNKNOWN, details=android.server.power:DREAM_FINISHED)...
08-24 14:31:41.461 1151 1722 I PowerManagerService: Waking up from Dreaming (uid=1000, reason=WAKE_REASON_UNKNOWN, details=android.server.power:DREAM_FINISHED)...
01-01 02:17:07.772 0 0 W logd : Skipping entries from slow reader, pid 1286, fd 14, from LogBuffer::Prune()
01-01 02:17:08.102 0 0 W logd : Skipping entries from slow reader, pid 1286, fd 14, from LogBuffer::Prune()
08-24 14:31:41.787 1151 3250 I DreamManagerService: Leaving dreamland.
08-24 14:31:41.788 1151 1689 I DreamManagerService: Performing gentle wake from dream.
08-24 14:31:41.788 1151 1689 I DreamController: Stopping dream: name=ComponentInfo{com.android.deskclock/com.android.deskclock.Screensaver}, isTest=false, canDoze=false, userId=0, reason='finished self'(from 'finished self')
08-24 14:31:41.819 1151 1693 W ActivityTaskManager: Can't find TaskDisplayArea to determine support for multi window. Task id=11 attached=false
01-01 02:17:08.243 0 0 I IRQ 5 : no longer affine to CPU7
01-01 02:17:08.363 0 0 W logd : Skipping entries from slow reader, pid 1286, fd 14, from LogBuffer::Prune()
01-01 02:17:08.684 0 0 D : mv2112_read_status
01-01 02:17:08.698 0 0 D mv2112_update_link: 3.0x901(1G): 0x80
01-01 02:17:08.699 0 0 D mv2112_update_link: 3.0x8109(100M): 0x0
01-01 02:17:08.699 0 0 D mv2112_update_link: link 0x0
01-01 02:17:08.699 0 0 D mv2112_read_status: autoneg is disabled
01-01 02:17:08.706 0 0 W logd : Skipping entries from slow reader, pid 1286, fd 14, from LogBuffer::Prune()
01-01 02:17:09.000 0 0 W logd : Skipping entries from slow reader, pid 1286, fd 14, from LogBuffer::Prune()
01-01 02:17:09.067 0 0 W logd : Skipping entries from slow reader, pid 1286, fd 14, from LogBuffer::Prune()
01-01 02:17:09.068 0 0 W logd : Skipping entries from slow reader, pid 1286, fd 14, from LogBuffer::Prune()
01-01 02:17:09.334 0 0 W logd : Skipping entries from slow reader, pid 1286, fd 14, from LogBuffer::Prune()
01-01 02:17:09.635 0 0 W logd : Skipping entries from slow reader, pid 1286, fd 14, from LogBuffer::Prune()
01-01 02:17:09.707 0 0 D : mv2112_read_status
01-01 02:17:09.707 0 0 D mv2112_update_link: 3.0x901(1G): 0x80
01-01 02:17:09.708 0 0 D mv2112_update_link: 3.0x8109(100M): 0x0
01-01 02:17:09.708 0 0 D mv2112_update_link: link 0x0
01-01 02:17:09.708 0 0 D mv2112_read_status: autoneg is disabled
01-01 02:17:09.883 0 0 I IRQ 5 : no longer affine to CPU7
01-01 02:17:10.523 0 0 I IRQ 5 : no longer affine to CPU7
01-01 02:17:10.732 0 0 D : mv2112_read_status
01-01 02:17:10.733 0 0 D mv2112_update_link: 3.0x901(1G): 0x80
01-01 02:17:10.733 0 0 D mv2112_update_link: 3.0x8109(100M): 0x0
01-01 02:17:10.733 0 0 D mv2112_update_link: link 0x0
01-01 02:17:10.733 0 0 D mv2112_read_status: autoneg is disabled
01-01 02:17:11.663 0 0 I IRQ 5 : no longer affine to CPU6
