01-01 02:09:00.236 0 0 D mv2112_read_status: autoneg is disabled
01-01 02:09:00.463 0 0 I IRQ 5 : no longer affine to CPU6
01-01 02:09:00.634 0 0 W logd : Skipping entries from slow reader, pid 1286, fd 14, from LogBuffer::Prune()
01-01 02:09:01.023 0 0 I IRQ 5 : no longer affine to CPU4
01-01 02:09:01.067 0 0 W logd : Skipping entries from slow reader, pid 1286, fd 14, from LogBuffer::Prune()
01-01 02:09:01.183 0 0 I IRQ 5 : no longer affine to CPU7
01-01 02:09:01.259 0 0 D : mv2112_read_status
01-01 02:09:01.259 0 0 D mv2112_update_link: 3.0x901(1G): 0x80
01-01 02:09:01.259 0 0 D mv2112_update_link: 3.0x8109(100M): 0x0
01-01 02:09:01.260 0 0 D mv2112_update_link: link 0x0
01-01 02:09:01.260 0 0 D mv2112_read_status: autoneg is disabled
01-01 02:09:01.623 0 0 I IRQ 5 : no longer affine to CPU4
01-01 02:09:02.151 0 0 W logd : Skipping entries from slow reader, pid 1286, fd 14, from LogBuffer::Prune()
08-24 14:23:35.767 1151 30806 I BackgroundDexOptService: Pinning optimized code {com.android.providers.media, com.android.providers.downloads, com.android.mtp, com.qualcomm.qti.dynamicddsservice, com.qti.dpmserviceapp, com.thundercomm.remotecontrolservice, com.android.networkstack.tethering, com.android.providers.userdictionary, com.android.providers.media.module, com.android.systemui}
08-24 14:23:35.769 1151 30806 I BackgroundDexOptService: Idle optimizations completed.
01-01 02:09:02.283 0 0 D : mv2112_read_status
01-01 02:09:02.283 0 0 D mv2112_update_link: 3.0x901(1G): 0x80
01-01 02:09:02.284 0 0 D mv2112_update_link: 3.0x8109(100M): 0x0
01-01 02:09:02.284 0 0 D mv2112_update_link: link 0x0
01-01 02:09:02.284 0 0 D mv2112_read_status: autoneg is disabled
01-01 02:09:02.353 0 0 W logd : Skipping entries from slow reader, pid 1286, fd 14, from LogBuffer::Prune()
01-01 02:09:02.824 0 0 W logd : Skipping entries from slow reader, pid 1286, fd 14, from LogBuffer::Prune()
01-01 02:09:03.266 0 0 W logd : Skipping entries from slow reader, pid 1286, fd 14, from LogBuffer::Prune()
01-01 02:09:03.307 0 0 D : mv2112_read_status
01-01 02:09:03.307 0 0 D mv2112_update_link: 3.0x901(1G): 0x80
01-01 02:09:03.308 0 0 D mv2112_update_link: 3.0x8109(100M): 0x0
01-01 02:09:03.308 0 0 D mv2112_update_link: link 0x0
01-01 02:09:03.308 0 0 D mv2112_read_status: autoneg is disabled
01-01 02:09:03.644 0 0 W logd : Skipping entries from slow reader, pid 1286, fd 14, from LogBuffer::Prune()
01-01 02:09:03.683 0 0 I IRQ 5 : no longer affine to CPU4
01-01 02:09:03.863 0 0 I IRQ 5 : no longer affine to CPU6
01-01 02:09:03.866 0 0 I qcom_rpmh DRV: apps_rsc TCS Busy, retrying RPMH message send: addr=0x40d00
01-01 02:09:04.101 0 0 I init : starting service 'qvrd_vndr'...
01-01 02:09:04.104 0 0 I init : Created socket '/dev/socket/qvrservice_vndr', mode 660, user 1000, group 1000
01-01 02:09:04.109 0 0 I init : Created socket '/dev/socket/qvrservice_vndr_camera', mode 660, user 1000, group 1000
01-01 02:09:04.128 0 0 I init : starting service 'sxrd'...
01-01 02:09:04.166 0 0 I init : Service 'sxrd' (pid 5785) exited with status 1
01-01 02:09:04.166 0 0 I init : Sending signal 9 to service 'sxrd' (pid 5785) process group...
01-01 02:09:04.167 0 0 I libprocessgroup: Successfully killed process cgroup uid 1000 pid 5785 in 0ms
01-01 02:09:04.170 0 0 I init : Service 'qvrd_vndr' (pid 5777) exited with status 1
01-01 02:09:04.170 0 0 I init : Sending signal 9 to service 'qvrd_vndr' (pid 5777) process group...
01-01 02:09:04.170 0 0 I libprocessgroup: Successfully killed process cgroup uid 1000 pid 5777 in 0ms
01-01 02:09:04.331 0 0 D : mv2112_read_status
01-01 02:09:04.332 0 0 D mv2112_update_link: 3.0x901(1G): 0x80
01-01 02:09:04.332 0 0 D mv2112_update_link: 3.0x8109(100M): 0x0
01-01 02:09:04.332 0 0 D mv2112_update_link: link 0x0
01-01 02:09:04.332 0 0 D mv2112_read_status: autoneg is disabled
08-24 14:23:37.974 5785 5785 F linker : CANNOT LINK EXECUTABLE "/vendor/bin/hw/sxrservice": library "vendor.qti.hardware.qxr-V1-ndk_platform.so" not found: needed by main executable
08-24 14:23:37.978 5777 5777 F linker : CANNOT LINK EXECUTABLE "/vendor/bin/hw/qvrservice": library "vendor.qti.hardware.qxr-V1-ndk_platform.so" not found: needed by /vendor/lib64/libqvrservice.so in namespace (default)
01-01 02:09:04.972 0 0 W logd : Skipping entries from slow reader, pid 1286, fd 14, from LogBuffer::Prune()
01-01 02:09:05.355 0 0 D : mv2112_read_status
01-01 02:09:05.355 0 0 D mv2112_update_link: 3.0x901(1G): 0x80
01-01 02:09:05.355 0 0 D mv2112_update_link: 3.0x8109(100M): 0x0
01-01 02:09:05.355 0 0 D mv2112_update_link: link 0x0
01-01 02:09:05.355 0 0 D mv2112_read_status: autoneg is disabled
01-01 02:09:05.380 0 0 W logd : Skipping entries from slow reader, pid 1286, fd 14, from LogBuffer::Prune()
01-01 02:09:05.523 0 0 I IRQ 5 : no longer affine to CPU6
01-01 02:09:06.175 0 0 W logd : Skipping entries from slow reader, pid 1286, fd 14, from LogBuffer::Prune()
01-01 02:09:06.379 0 0 D : mv2112_read_status
01-01 02:09:06.379 0 0 D mv2112_update_link: 3.0x901(1G): 0x80
01-01 02:09:06.379 0 0 D mv2112_update_link: 3.0x8109(100M): 0x0
01-01 02:09:06.379 0 0 D mv2112_update_link: link 0x0
01-01 02:09:06.379 0 0 D mv2112_read_status: autoneg is disabled
01-01 02:09:06.465 0 0 W logd : Skipping entries from slow reader, pid 1286, fd 14, from LogBuffer::Prune()
01-01 02:09:06.503 0 0 I IRQ 5 : no longer affine to CPU4
01-01 02:09:06.694 0 0 W logd : Skipping entries from slow reader, pid 1286, fd 14, from LogBuffer::Prune()
01-01 02:09:06.776 0 0 W logd : Skipping entries from slow reader, pid 1286, fd 14, from LogBuffer::Prune()
01-01 02:09:07.236 0 0 W logd : Skipping entries from slow reader, pid 1286, fd 14, from LogBuffer::Prune()
01-01 02:09:07.403 0 0 D : mv2112_read_status
01-01 02:09:07.403 0 0 D mv2112_update_link: 3.0x901(1G): 0x80
01-01 02:09:07.403 0 0 D mv2112_update_link: 3.0x8109(100M): 0x0
01-01 02:09:07.403 0 0 D mv2112_update_link: link 0x0
01-01 02:09:07.403 0 0 D mv2112_read_status: autoneg is disabled
01-01 02:09:07.863 0 0 I IRQ 5 : no longer affine to CPU4
01-01 02:09:07.981 0 0 W logd : Skipping entries from slow reader, pid 1286, fd 14, from LogBuffer::Prune()
01-01 02:09:08.043 0 0 I IRQ 5 : no longer affine to CPU6
01-01 02:09:08.334 0 0 W logd : Skipping entries from slow reader, pid 1286, fd 14, from LogBuffer::Prune()
01-01 02:09:08.427 0 0 D : mv2112_read_status
01-01 02:09:08.427 0 0 D mv2112_update_link: 3.0x901(1G): 0x80
01-01 02:09:08.427 0 0 D mv2112_update_link: 3.0x8109(100M): 0x0
01-01 02:09:08.427 0 0 D mv2112_update_link: link 0x0
01-01 02:09:08.427 0 0 D mv2112_read_status: autoneg is disabled
01-01 02:09:08.432 0 0 W logd : Skipping entries from slow reader, pid 1286, fd 14, from LogBuffer::Prune()
01-01 02:09:09.043 0 0 I IRQ 5 : no longer affine to CPU4
01-01 02:09:09.120 0 0 I init : starting service 'qvrd_vndr'...
01-01 02:09:09.124 0 0 I init : Created socket '/dev/socket/qvrservice_vndr', mode 660, user 1000, group 1000
01-01 02:09:09.129 0 0 I init : Created socket '/dev/socket/qvrservice_vndr_camera', mode 660, user 1000, group 1000
01-01 02:09:09.153 0 0 I init : starting service 'sxrd'...
01-01 02:09:09.184 0 0 I init : Service 'qvrd_vndr' (pid 7188) exited with status 1
01-01 02:09:09.184 0 0 I init : Sending signal 9 to service 'qvrd_vndr' (pid 7188) process group...
01-01 02:09:09.184 0 0 I libprocessgroup: Successfully killed process cgroup uid 1000 pid 7188 in 0ms
01-01 02:09:09.189 0 0 I init : Service 'sxrd' (pid 7190) exited with status 1
01-01 02:09:09.189 0 0 I init : Sending signal 9 to service 'sxrd' (pid 7190) process group...
01-01 02:09:09.189 0 0 I libprocessgroup: Successfully killed process cgroup uid 1000 pid 7190 in 0ms
08-24 14:23:42.994 7188 7188 F linker : CANNOT LINK EXECUTABLE "/vendor/bin/hw/qvrservice": library "vendor.qti.hardware.qxr-V1-ndk_platform.so" not found: needed by /vendor/lib64/libqvrservice.so in namespace (default)
08-24 14:23:42.996 7190 7190 F linker : CANNOT LINK EXECUTABLE "/vendor/bin/hw/sxrservice": library "vendor.qti.hardware.qxr-V1-ndk_platform.so" not found: needed by main executable
01-01 02:09:09.303 0 0 I IRQ 5 : no longer affine to CPU6
01-01 02:09:09.451 0 0 D : mv2112_read_status
01-01 02:09:09.451 0 0 D mv2112_update_link: 3.0x901(1G): 0x80
01-01 02:09:09.452 0 0 D mv2112_update_link: 3.0x8109(100M): 0x0
01-01 02:09:09.452 0 0 D mv2112_update_link: link 0x0
01-01 02:09:09.452 0 0 D mv2112_read_status: autoneg is disabled
01-01 02:09:09.543 0 0 I IRQ 5 : no longer affine to CPU4
01-01 02:09:09.984 0 0 W logd : Skipping entries from slow reader, pid 1286, fd 14, from LogBuffer::Prune()
01-01 02:09:10.023 0 0 I IRQ 5 : no longer affine to CPU4
01-01 02:09:10.283 0 0 I IRQ 5 : no longer affine to CPU6
01-01 02:09:10.288 0 0 W logd : Skipping entries from slow reader, pid 1286, fd 14, from LogBuffer::Prune()
01-01 02:09:10.475 0 0 D : mv2112_read_status
01-01 02:09:10.475 0 0 D mv2112_update_link: 3.0x901(1G): 0x80
01-01 02:09:10.475 0 0 D mv2112_update_link: 3.0x8109(100M): 0x0
01-01 02:09:10.475 0 0 D mv2112_update_link: link 0x0
01-01 02:09:10.475 0 0 D mv2112_read_status: autoneg is disabled
01-01 02:09:10.843 0 0 I IRQ 5 : no longer affine to CPU6
01-01 02:09:10.963 0 0 I IRQ 5 : no longer affine to CPU4
01-01 02:09:11.103 0 0 I IRQ 5 : no longer affine to CPU6
01-01 02:09:11.126 0 0 W logd : Skipping entries from slow reader, pid 1286, fd 14, from LogBuffer::Prune()
01-01 02:09:11.238 0 0 W logd : Skipping entries from slow reader, pid 1286, fd 14, from LogBuffer::Prune()
01-01 02:09:11.240 0 0 W logd : Skipping entries from slow reader, pid 1286, fd 14, from LogBuffer::Prune()
01-01 02:09:11.499 0 0 W logd : Skipping entries from slow reader, pid 1286, fd 14, from LogBuffer::Prune()
01-01 02:09:11.499 0 0 D : mv2112_read_status
01-01 02:09:11.499 0 0 D mv2112_update_link: 3.0x901(1G): 0x80
01-01 02:09:11.499 0 0 D mv2112_update_link: 3.0x8109(100M): 0x0
01-01 02:09:11.499 0 0 D mv2112_update_link: link 0x0
01-01 02:09:11.499 0 0 D mv2112_read_status: autoneg is disabled
01-01 02:09:11.831 0 0 W logd : Skipping entries from slow reader, pid 1286, fd 14, from LogBuffer::Prune()
01-01 02:09:12.233 0 0 W logd : Skipping entries from slow reader, pid 1286, fd 14, from LogBuffer::Prune()
01-01 02:09:12.523 0 0 D : mv2112_read_status
01-01 02:09:12.523 0 0 D mv2112_update_link: 3.0x901(1G): 0x80
01-01 02:09:12.523 0 0 D mv2112_update_link: 3.0x8109(100M): 0x0
01-01 02:09:12.523 0 0 D mv2112_update_link: link 0x0
01-01 02:09:12.523 0 0 D mv2112_read_status: autoneg is disabled
01-01 02:09:12.615 0 0 W logd : Skipping entries from slow reader, pid 1286, fd 14, from LogBuffer::Prune()
01-01 02:09:12.883 0 0 W irq_migrate_all_off_this_cpu: 3 callbacks suppressed
01-01 02:09:12.883 0 0 I IRQ 5 : no longer affine to CPU6
01-01 02:09:12.941 0 0 W logd : Skipping entries from slow reader, pid 1286, fd 14, from LogBuffer::Prune()
01-01 02:09:13.547 0 0 D : mv2112_read_status
01-01 02:09:13.547 0 0 D mv2112_update_link: 3.0x901(1G): 0x80
01-01 02:09:13.548 0 0 D mv2112_update_link: 3.0x8109(100M): 0x0
01-01 02:09:13.548 0 0 D mv2112_update_link: link 0x0
01-01 02:09:13.548 0 0 D mv2112_read_status: autoneg is disabled
01-01 02:09:14.150 0 0 I init : starting service 'qvrd_vndr'...
01-01 02:09:14.157 0 0 I init : Created socket '/dev/socket/qvrservice_vndr', mode 660, user 1000, group 1000
01-01 02:09:14.160 0 0 I init : Created socket '/dev/socket/qvrservice_vndr_camera', mode 660, user 1000, group 1000
01-01 02:09:14.200 0 0 I init : starting service 'sxrd'...
01-01 02:09:14.231 0 0 I init : Service 'sxrd' (pid 8606) exited with status 1
01-01 02:09:14.231 0 0 I init : Sending signal 9 to service 'sxrd' (pid 8606) process group...
01-01 02:09:14.232 0 0 I libprocessgroup: Successfully killed process cgroup uid 1000 pid 8606 in 0ms
01-01 02:09:14.233 0 0 I init : Service 'qvrd_vndr' (pid 8594) exited with status 1
01-01 02:09:14.233 0 0 I init : Sending signal 9 to service 'qvrd_vndr' (pid 8594) process group...
01-01 02:09:14.234 0 0 I libprocessgroup: Successfully killed process cgroup uid 1000 pid 8594 in 0ms
08-24 14:23:48.042 8606 8606 F linker : CANNOT LINK EXECUTABLE "/vendor/bin/hw/sxrservice": library "vendor.qti.hardware.qxr-V1-ndk_platform.so" not found: needed by main executable
08-24 14:23:48.043 8594 8594 F linker : CANNOT LINK EXECUTABLE "/vendor/bin/hw/qvrservice": library "vendor.qti.hardware.qxr-V1-ndk_platform.so" not found: needed by /vendor/lib64/libqvrservice.so in namespace (default)
01-01 02:09:14.571 0 0 D : mv2112_read_status
01-01 02:09:14.571 0 0 D mv2112_update_link: 3.0x901(1G): 0x80
01-01 02:09:14.571 0 0 D mv2112_update_link: 3.0x8109(100M): 0x0
01-01 02:09:14.571 0 0 D mv2112_update_link: link 0x0
01-01 02:09:14.571 0 0 D mv2112_read_status: autoneg is disabled
01-01 02:09:15.016 0 0 W logd : Skipping entries from slow reader, pid 1286, fd 14, from LogBuffer::Prune()
01-01 02:09:15.303 0 0 I IRQ 5 : no longer affine to CPU7
01-01 02:09:15.322 0 0 W logd : Skipping entries from slow reader, pid 1286, fd 14, from LogBuffer::Prune()
01-01 02:09:15.595 0 0 D : mv2112_read_status
01-01 02:09:15.595 0 0 D mv2112_update_link: 3.0x901(1G): 0x80
01-01 02:09:15.595 0 0 D mv2112_update_link: 3.0x8109(100M): 0x0
01-01 02:09:15.595 0 0 D mv2112_update_link: link 0x0
01-01 02:09:15.595 0 0 D mv2112_read_status: autoneg is disabled
01-01 02:09:15.727 0 0 W logd : Skipping entries from slow reader, pid 1286, fd 14, from LogBuffer::Prune()
01-01 02:09:15.843 0 0 I IRQ 5 : no longer affine to CPU6
01-01 02:09:16.065 0 0 W logd : Skipping entries from slow reader, pid 1286, fd 14, from LogBuffer::Prune()
01-01 02:09:16.123 0 0 I IRQ 5 : no longer affine to CPU6
01-01 02:09:16.192 0 0 W logd : Skipping entries from slow reader, pid 1286, fd 14, from LogBuffer::Prune()
01-01 02:09:16.343 0 0 I IRQ 5 : no longer affine to CPU4
01-01 02:09:16.619 0 0 D : mv2112_read_status
01-01 02:09:16.619 0 0 D mv2112_update_link: 3.0x901(1G): 0x80
01-01 02:09:16.619 0 0 D mv2112_update_link: 3.0x8109(100M): 0x0
01-01 02:09:16.619 0 0 D mv2112_update_link: link 0x0
01-01 02:09:16.619 0 0 D mv2112_read_status: autoneg is disabled
01-01 02:09:16.631 0 0 W logd : Skipping entries from slow reader, pid 1286, fd 14, from LogBuffer::Prune()
01-01 02:09:16.663 0 0 I IRQ 5 : no longer affine to CPU6
01-01 02:09:17.075 0 0 W logd : Skipping entries from slow reader, pid 1286, fd 14, from LogBuffer::Prune()
01-01 02:09:17.123 0 0 I IRQ 5 : no longer affine to CPU6
01-01 02:09:17.243 0 0 I IRQ 5 : no longer affine to CPU4
01-01 02:09:17.478 0 0 W logd : Skipping entries from slow reader, pid 1286, fd 14, from LogBuffer::Prune()
01-01 02:09:17.643 0 0 D : mv2112_read_status
01-01 02:09:17.643 0 0 D mv2112_update_link: 3.0x901(1G): 0x80
01-01 02:09:17.644 0 0 D mv2112_update_link: 3.0x8109(100M): 0x0
01-01 02:09:17.644 0 0 D mv2112_update_link: link 0x0
01-01 02:09:17.644 0 0 D mv2112_read_status: autoneg is disabled
01-01 02:09:17.708 0 0 W logd : Skipping entries from slow reader, pid 1286, fd 14, from LogBuffer::Prune()
01-01 02:09:17.971 0 0 W logd : Skipping entries from slow reader, pid 1286, fd 14, from LogBuffer::Prune()
01-01 02:09:18.143 0 0 I IRQ 5 : no longer affine to CPU6
01-01 02:09:18.363 0 0 I IRQ 5 : no longer affine to CPU4
01-01 02:09:18.667 0 0 D : mv2112_read_status
01-01 02:09:18.667 0 0 D mv2112_update_link: 3.0x901(1G): 0x80
01-01 02:09:18.667 0 0 D mv2112_update_link: 3.0x8109(100M): 0x0
01-01 02:09:18.667 0 0 D mv2112_update_link: link 0x0
01-01 02:09:18.667 0 0 D mv2112_read_status: autoneg is disabled
01-01 02:09:18.743 0 0 I IRQ 5 : no longer affine to CPU5
01-01 02:09:19.188 0 0 I init : starting service 'qvrd_vndr'...
01-01 02:09:19.189 0 0 I init : Created socket '/dev/socket/qvrservice_vndr', mode 660, user 1000, group 1000
01-01 02:09:19.191 0 0 I init : Created socket '/dev/socket/qvrservice_vndr_camera', mode 660, user 1000, group 1000
01-01 02:09:19.214 0 0 I init : starting service 'sxrd'...
01-01 02:09:19.258 0 0 I init : Service 'qvrd_vndr' (pid 9981) exited with status 1
01-01 02:09:19.258 0 0 I init : Sending signal 9 to service 'qvrd_vndr' (pid 9981) process group...
01-01 02:09:19.259 0 0 I libprocessgroup: Successfully killed process cgroup uid 1000 pid 9981 in 0ms
01-01 02:09:19.272 0 0 I init : Service 'sxrd' (pid 9985) exited with status 1
01-01 02:09:19.272 0 0 I init : Sending signal 9 to service 'sxrd' (pid 9985) process group...
01-01 02:09:19.273 0 0 I libprocessgroup: Successfully killed process cgroup uid 1000 pid 9985 in 0ms
08-24 14:23:53.067 9981 9981 F linker : CANNOT LINK EXECUTABLE "/vendor/bin/hw/qvrservice": library "vendor.qti.hardware.qxr-V1-ndk_platform.so" not found: needed by /vendor/lib64/libqvrservice.so in namespace (default)
08-24 14:23:53.081 9985 9985 F linker : CANNOT LINK EXECUTABLE "/vendor/bin/hw/sxrservice": library "vendor.qti.hardware.qxr-V1-ndk_platform.so" not found: needed by main executable
01-01 02:09:19.683 0 0 I IRQ 5 : no longer affine to CPU6
01-01 02:09:19.691 0 0 D : mv2112_read_status
01-01 02:09:19.691 0 0 D mv2112_update_link: 3.0x901(1G): 0x80
01-01 02:09:19.691 0 0 D mv2112_update_link: 3.0x8109(100M): 0x0
01-01 02:09:19.691 0 0 D mv2112_update_link: link 0x0
01-01 02:09:19.691 0 0 D mv2112_read_status: autoneg is disabled
01-01 02:09:19.963 0 0 I IRQ 5 : no longer affine to CPU5
01-01 02:09:20.143 0 0 I IRQ 5 : no longer affine to CPU4
01-01 02:09:20.323 0 0 I IRQ 5 : no longer affine to CPU6
01-01 02:09:20.463 0 0 I IRQ 5 : no longer affine to CPU5
01-01 02:09:20.508 0 0 W logd : Skipping entries from slow reader, pid 1286, fd 14, from LogBuffer::Prune()
01-01 02:09:20.509 0 0 W logd : Skipping entries from slow reader, pid 1286, fd 14, from LogBuffer::Prune()
01-01 02:09:20.715 0 0 D : mv2112_read_status
01-01 02:09:20.715 0 0 D mv2112_update_link: 3.0x901(1G): 0x80
01-01 02:09:20.716 0 0 D mv2112_update_link: 3.0x8109(100M): 0x0
01-01 02:09:20.716 0 0 D mv2112_update_link: link 0x0
01-01 02:09:20.716 0 0 D mv2112_read_status: autoneg is disabled
01-01 02:09:20.889 0 0 W logd : Skipping entries from slow reader, pid 1286, fd 14, from LogBuffer::Prune()
01-01 02:09:21.190 0 0 W logd : Skipping entries from slow reader, pid 1286, fd 14, from LogBuffer::Prune()
01-01 02:09:21.191 0 0 W logd : Skipping entries from slow reader, pid 1286, fd 14, from LogBuffer::Prune()
01-01 02:09:21.385 0 0 W logd : Skipping entries from slow reader, pid 1286, fd 14, from LogBuffer::Prune()
01-01 02:09:21.739 0 0 D : mv2112_read_status
01-01 02:09:21.740 0 0 D mv2112_update_link: 3.0x901(1G): 0x80
01-01 02:09:21.740 0 0 D mv2112_update_link: 3.0x8109(100M): 0x0
01-01 02:09:21.740 0 0 D mv2112_update_link: link 0x0
01-01 02:09:21.740 0 0 D mv2112_read_status: autoneg is disabled
01-01 02:09:21.849 0 0 W logd : Skipping entries from slow reader, pid 1286, fd 14, from LogBuffer::Prune()
01-01 02:09:22.170 0 0 W logd : Skipping entries from slow reader, pid 1286, fd 14, from LogBuffer::Prune()
01-01 02:09:22.520 0 0 W logd : Skipping entries from slow reader, pid 1286, fd 14, from LogBuffer::Prune()
01-01 02:09:22.763 0 0 D : mv2112_read_status
01-01 02:09:22.763 0 0 D mv2112_update_link: 3.0x901(1G): 0x80
01-01 02:09:22.763 0 0 D mv2112_update_link: 3.0x8109(100M): 0x0
01-01 02:09:22.763 0 0 D mv2112_update_link: link 0x0
01-01 02:09:22.764 0 0 D mv2112_read_status: autoneg is disabled
01-01 02:09:22.890 0 0 W logd : Skipping entries from slow reader, pid 1286, fd 14, from LogBuffer::Prune()
01-01 02:09:23.787 0 0 D : mv2112_read_status
01-01 02:09:23.787 0 0 D mv2112_update_link: 3.0x901(1G): 0x80
01-01 02:09:23.788 0 0 D mv2112_update_link: 3.0x8109(100M): 0x0
01-01 02:09:23.788 0 0 D mv2112_update_link: link 0x0
01-01 02:09:23.788 0 0 D mv2112_read_status: autoneg is disabled
01-01 02:09:24.204 0 0 I init : starting service 'qvrd_vndr'...
01-01 02:09:24.207 0 0 I init : Created socket '/dev/socket/qvrservice_vndr', mode 660, user 1000, group 1000
01-01 02:09:24.212 0 0 I init : Created socket '/dev/socket/qvrservice_vndr_camera', mode 660, user 1000, group 1000
01-01 02:09:24.238 0 0 I init : starting service 'sxrd'...
01-01 02:09:24.266 0 0 I init : Service 'qvrd_vndr' (pid 11265) exited with status 1
01-01 02:09:24.266 0 0 I init : Sending signal 9 to service 'qvrd_vndr' (pid 11265) process group...
01-01 02:09:24.267 0 0 I libprocessgroup: Successfully killed process cgroup uid 1000 pid 11265 in 0ms
01-01 02:09:24.272 0 0 I init : Service 'sxrd' (pid 11269) exited with status 1
01-01 02:09:24.272 0 0 I init : Sending signal 9 to service 'sxrd' (pid 11269) process group...
01-01 02:09:24.273 0 0 I libprocessgroup: Successfully killed process cgroup uid 1000 pid 11269 in 0ms
08-24 14:23:58.077 11265 11265 F linker : CANNOT LINK EXECUTABLE "/vendor/bin/hw/qvrservice": library "vendor.qti.hardware.qxr-V1-ndk_platform.so" not found: needed by /vendor/lib64/libqvrservice.so in namespace (default)
08-24 14:23:58.082 11269 11269 F linker : CANNOT LINK EXECUTABLE "/vendor/bin/hw/sxrservice": library "vendor.qti.hardware.qxr-V1-ndk_platform.so" not found: needed by main executable
01-01 02:09:24.443 0 0 I IRQ 5 : no longer affine to CPU7
01-01 02:09:24.663 0 0 I IRQ 5 : no longer affine to CPU7
01-01 02:09:24.811 0 0 D : mv2112_read_status
01-01 02:09:24.811 0 0 D mv2112_update_link: 3.0x901(1G): 0x80
01-01 02:09:24.811 0 0 D mv2112_update_link: 3.0x8109(100M): 0x0
01-01 02:09:24.811 0 0 D mv2112_update_link: link 0x0
01-01 02:09:24.811 0 0 D mv2112_read_status: autoneg is disabled
01-01 02:09:24.923 0 0 I IRQ 5 : no longer affine to CPU5
01-01 02:09:25.263 0 0 I IRQ 5 : no longer affine to CPU4
01-01 02:09:25.403 0 0 I IRQ 5 : no longer affine to CPU5
01-01 02:09:25.686 0 0 W logd : Skipping entries from slow reader, pid 1286, fd 14, from LogBuffer::Prune()
01-01 02:09:25.836 0 0 D : mv2112_read_status
01-01 02:09:25.836 0 0 D mv2112_update_link: 3.0x901(1G): 0x80
01-01 02:09:25.837 0 0 D mv2112_update_link: 3.0x8109(100M): 0x0
01-01 02:09:25.837 0 0 D mv2112_update_link: link 0x0
01-01 02:09:25.837 0 0 D mv2112_read_status: autoneg is disabled
01-01 02:09:26.032 0 0 W logd : Skipping entries from slow reader, pid 1286, fd 14, from LogBuffer::Prune()
01-01 02:09:26.421 0 0 W logd : Skipping entries from slow reader, pid 1286, fd 14, from LogBuffer::Prune()
01-01 02:09:26.859 0 0 D : mv2112_read_status
01-01 02:09:26.859 0 0 D mv2112_update_link: 3.0x901(1G): 0x80
01-01 02:09:26.860 0 0 D mv2112_update_link: 3.0x8109(100M): 0x0
01-01 02:09:26.860 0 0 D mv2112_update_link: link 0x0
01-01 02:09:26.860 0 0 D mv2112_read_status: autoneg is disabled
01-01 02:09:26.964 0 0 W logd : Skipping entries from slow reader, pid 1286, fd 14, from LogBuffer::Prune()
01-01 02:09:27.463 0 0 I IRQ 5 : no longer affine to CPU7
01-01 02:09:27.483 0 0 W logd : Skipping entries from slow reader, pid 1286, fd 14, from LogBuffer::Prune()
01-01 02:09:27.876 0 0 W logd : Skipping entries from slow reader, pid 1286, fd 14, from LogBuffer::Prune()
01-01 02:09:27.883 0 0 D : mv2112_read_status
01-01 02:09:27.883 0 0 D mv2112_update_link: 3.0x901(1G): 0x80
01-01 02:09:27.894 0 0 D mv2112_update_link: 3.0x8109(100M): 0x0
01-01 02:09:27.894 0 0 D mv2112_update_link: link 0x0
01-01 02:09:27.894 0 0 D mv2112_read_status: autoneg is disabled
01-01 02:09:28.237 0 0 W logd : Skipping entries from slow reader, pid 1286, fd 14, from LogBuffer::Prune()
01-01 02:09:28.382 0 0 W logd : Skipping entries from slow reader, pid 1286, fd 14, from LogBuffer::Prune()
01-01 02:09:28.384 0 0 W logd : Skipping entries from slow reader, pid 1286, fd 14, from LogBuffer::Prune()
01-01 02:09:28.642 0 0 W logd : Skipping entries from slow reader, pid 1286, fd 14, from LogBuffer::Prune()
01-01 02:09:28.907 0 0 D : mv2112_read_status
01-01 02:09:28.907 0 0 D mv2112_update_link: 3.0x901(1G): 0x80
01-01 02:09:28.907 0 0 D mv2112_update_link: 3.0x8109(100M): 0x0
01-01 02:09:28.907 0 0 D mv2112_update_link: link 0x0
01-01 02:09:28.907 0 0 D mv2112_read_status: autoneg is disabled
01-01 02:09:29.232 0 0 I init : starting service 'qvrd_vndr'...
01-01 02:09:29.235 0 0 I init : Created socket '/dev/socket/qvrservice_vndr', mode 660, user 1000, group 1000
01-01 02:09:29.238 0 0 I init : Created socket '/dev/socket/qvrservice_vndr_camera', mode 660, user 1000, group 1000
01-01 02:09:29.260 0 0 I init : starting service 'sxrd'...
01-01 02:09:29.293 0 0 I init : Service 'sxrd' (pid 12571) exited with status 1
01-01 02:09:29.293 0 0 I init : Sending signal 9 to service 'sxrd' (pid 12571) process group...
01-01 02:09:29.293 0 0 I libprocessgroup: Successfully killed process cgroup uid 1000 pid 12571 in 0ms
01-01 02:09:29.309 0 0 I init : Service 'qvrd_vndr' (pid 12566) exited with status 1
01-01 02:09:29.309 0 0 I init : Sending signal 9 to service 'qvrd_vndr' (pid 12566) process group...
01-01 02:09:29.309 0 0 I libprocessgroup: Successfully killed process cgroup uid 1000 pid 12566 in 0ms
08-24 14:24:03.102 12571 12571 F linker : CANNOT LINK EXECUTABLE "/vendor/bin/hw/sxrservice": library "vendor.qti.hardware.qxr-V1-ndk_platform.so" not found: needed by main executable
08-24 14:24:03.119 12566 12566 F linker : CANNOT LINK EXECUTABLE "/vendor/bin/hw/qvrservice": library "vendor.qti.hardware.qxr-V1-ndk_platform.so" not found: needed by /vendor/lib64/libqvrservice.so in namespace (default)
01-01 02:09:29.931 0 0 D : mv2112_read_status
01-01 02:09:29.931 0 0 D mv2112_update_link: 3.0x901(1G): 0x80
01-01 02:09:29.931 0 0 D mv2112_update_link: 3.0x8109(100M): 0x0
01-01 02:09:29.932 0 0 D mv2112_update_link: link 0x0
01-01 02:09:29.932 0 0 D mv2112_read_status: autoneg is disabled
01-01 02:09:30.363 0 0 I IRQ 5 : no longer affine to CPU6
01-01 02:09:30.823 0 0 W logd : Skipping entries from slow reader, pid 1286, fd 14, from LogBuffer::Prune()
01-01 02:09:30.955 0 0 D : mv2112_read_status
01-01 02:09:30.955 0 0 D mv2112_update_link: 3.0x901(1G): 0x80
01-01 02:09:30.955 0 0 D mv2112_update_link: 3.0x8109(100M): 0x0
01-01 02:09:30.955 0 0 D mv2112_update_link: link 0x0
01-01 02:09:30.955 0 0 D mv2112_read_status: autoneg is disabled
01-01 02:09:31.206 0 0 W logd : Skipping entries from slow reader, pid 1286, fd 14, from LogBuffer::Prune()
01-01 02:09:31.665 0 0 W logd : Skipping entries from slow reader, pid 1286, fd 14, from LogBuffer::Prune()
01-01 02:09:31.980 0 0 D : mv2112_read_status
01-01 02:09:31.980 0 0 D mv2112_update_link: 3.0x901(1G): 0x80
01-01 02:09:31.980 0 0 D mv2112_update_link: 3.0x8109(100M): 0x0
01-01 02:09:31.980 0 0 D mv2112_update_link: link 0x0
01-01 02:09:31.980 0 0 D mv2112_read_status: autoneg is disabled
01-01 02:09:32.067 0 0 W logd : Skipping entries from slow reader, pid 1286, fd 14, from LogBuffer::Prune()
01-01 02:09:32.483 0 0 W logd : Skipping entries from slow reader, pid 1286, fd 14, from LogBuffer::Prune()
01-01 02:09:32.919 0 0 W logd : Skipping entries from slow reader, pid 1286, fd 14, from LogBuffer::Prune()
01-01 02:09:33.003 0 0 D : mv2112_read_status
01-01 02:09:33.003 0 0 D mv2112_update_link: 3.0x901(1G): 0x80
01-01 02:09:33.003 0 0 D mv2112_update_link: 3.0x8109(100M): 0x0
01-01 02:09:33.003 0 0 D mv2112_update_link: link 0x0
01-01 02:09:33.003 0 0 D mv2112_read_status: autoneg is disabled
01-01 02:09:33.243 0 0 I IRQ 5 : no longer affine to CPU6
01-01 02:09:33.278 0 0 W logd : Skipping entries from slow reader, pid 1286, fd 14, from LogBuffer::Prune()
01-01 02:09:33.339 0 0 W logd : Skipping entries from slow reader, pid 1286, fd 14, from LogBuffer::Prune()
01-01 02:09:33.748 0 0 W logd : Skipping entries from slow reader, pid 1286, fd 14, from LogBuffer::Prune()
01-01 02:09:33.763 0 0 I IRQ 5 : no longer affine to CPU6
01-01 02:09:34.028 0 0 D : mv2112_read_status
01-01 02:09:34.028 0 0 D mv2112_update_link: 3.0x901(1G): 0x80
01-01 02:09:34.031 0 0 D mv2112_update_link: 3.0x8109(100M): 0x0
01-01 02:09:34.031 0 0 D mv2112_update_link: link 0x0
01-01 02:09:34.031 0 0 D mv2112_read_status: autoneg is disabled
01-01 02:09:34.122 0 0 W logd : Skipping entries from slow reader, pid 1286, fd 14, from LogBuffer::Prune()
01-01 02:09:34.163 0 0 I IRQ 5 : no longer affine to CPU4
01-01 02:09:34.253 0 0 I init : starting service 'qvrd_vndr'...
01-01 02:09:34.256 0 0 I init : Created socket '/dev/socket/qvrservice_vndr', mode 660, user 1000, group 1000
01-01 02:09:34.258 0 0 I init : Created socket '/dev/socket/qvrservice_vndr_camera', mode 660, user 1000, group 1000
01-01 02:09:34.275 0 0 I init : starting service 'sxrd'...
01-01 02:09:34.303 0 0 I init : Service 'qvrd_vndr' (pid 13947) exited with status 1
01-01 02:09:34.304 0 0 I init : Sending signal 9 to service 'qvrd_vndr' (pid 13947) process group...
01-01 02:09:34.304 0 0 I libprocessgroup: Successfully killed process cgroup uid 1000 pid 13947 in 0ms
01-01 02:09:34.323 0 0 I init : Service 'sxrd' (pid 13962) exited with status 1
01-01 02:09:34.323 0 0 I init : Sending signal 9 to service 'sxrd' (pid 13962) process group...
01-01 02:09:34.324 0 0 I libprocessgroup: Successfully killed process cgroup uid 1000 pid 13962 in 0ms
01-01 02:09:34.423 0 0 I IRQ 5 : no longer affine to CPU6
08-24 14:24:08.112 13947 13947 F linker : CANNOT LINK EXECUTABLE "/vendor/bin/hw/qvrservice": library "vendor.qti.hardware.qxr-V1-ndk_platform.so" not found: needed by /vendor/lib64/libqvrservice.so in namespace (default)
08-24 14:24:08.134 13962 13962 F linker : CANNOT LINK EXECUTABLE "/vendor/bin/hw/sxrservice": library "vendor.qti.hardware.qxr-V1-ndk_platform.so" not found: needed by main executable
01-01 02:09:34.923 0 0 I IRQ 5 : no longer affine to CPU6
01-01 02:09:35.051 0 0 D : mv2112_read_status
01-01 02:09:35.052 0 0 D mv2112_update_link: 3.0x901(1G): 0x80
01-01 02:09:35.052 0 0 D mv2112_update_link: 3.0x8109(100M): 0x0
01-01 02:09:35.052 0 0 D mv2112_update_link: link 0x0
01-01 02:09:35.052 0 0 D mv2112_read_status: autoneg is disabled
01-01 02:09:35.183 0 0 I IRQ 5 : no longer affine to CPU6
01-01 02:09:35.763 0 0 I IRQ 5 : no longer affine to CPU6
01-01 02:09:36.076 0 0 D : mv2112_read_status
01-01 02:09:36.076 0 0 D mv2112_update_link: 3.0x901(1G): 0x80
01-01 02:09:36.076 0 0 D mv2112_update_link: 3.0x8109(100M): 0x0
01-01 02:09:36.076 0 0 D mv2112_update_link: link 0x0
01-01 02:09:36.076 0 0 D mv2112_read_status: autoneg is disabled
01-01 02:09:36.225 0 0 W logd : Skipping entries from slow reader, pid 1286, fd 14, from LogBuffer::Prune()
01-01 02:09:36.283 0 0 I IRQ 5 : no longer affine to CPU4
01-01 02:09:36.492 0 0 W logd : Skipping entries from slow reader, pid 1286, fd 14, from LogBuffer::Prune()
01-01 02:09:36.503 0 0 I IRQ 5 : no longer affine to CPU6
01-01 02:09:36.568 0 0 W logd : Skipping entries from slow reader, pid 1286, fd 14, from LogBuffer::Prune()
01-01 02:09:36.891 0 0 W logd : Skipping entries from slow reader, pid 1286, fd 14, from LogBuffer::Prune()
01-01 02:09:37.099 0 0 D : mv2112_read_status
01-01 02:09:37.099 0 0 D mv2112_update_link: 3.0x901(1G): 0x80
01-01 02:09:37.099 0 0 D mv2112_update_link: 3.0x8109(100M): 0x0
01-01 02:09:37.099 0 0 D mv2112_update_link: link 0x0
01-01 02:09:37.099 0 0 D mv2112_read_status: autoneg is disabled
01-01 02:09:37.103 0 0 I IRQ 5 : no longer affine to CPU6
01-01 02:09:37.321 0 0 W logd : Skipping entries from slow reader, pid 1286, fd 14, from LogBuffer::Prune()
01-01 02:09:37.523 0 0 I IRQ 5 : no longer affine to CPU6
01-01 02:09:37.743 0 0 I IRQ 5 : no longer affine to CPU4
01-01 02:09:37.808 0 0 W logd : Skipping entries from slow reader, pid 1286, fd 14, from LogBuffer::Prune()
01-01 02:09:38.124 0 0 D : mv2112_read_status
01-01 02:09:38.124 0 0 D mv2112_update_link: 3.0x901(1G): 0x80
01-01 02:09:38.124 0 0 D mv2112_update_link: 3.0x8109(100M): 0x0
01-01 02:09:38.124 0 0 D mv2112_update_link: link 0x0
01-01 02:09:38.124 0 0 D mv2112_read_status: autoneg is disabled
01-01 02:09:38.244 0 0 W logd : Skipping entries from slow reader, pid 1286, fd 14, from LogBuffer::Prune()
01-01 02:09:38.398 0 0 W logd : Skipping entries from slow reader, pid 1286, fd 14, from LogBuffer::Prune()
01-01 02:09:38.836 0 0 W logd : Skipping entries from slow reader, pid 1286, fd 14, from LogBuffer::Prune()
01-01 02:09:39.147 0 0 D : mv2112_read_status
01-01 02:09:39.147 0 0 D mv2112_update_link: 3.0x901(1G): 0x80
01-01 02:09:39.147 0 0 D mv2112_update_link: 3.0x8109(100M): 0x0
01-01 02:09:39.147 0 0 D mv2112_update_link: link 0x0
01-01 02:09:39.148 0 0 D mv2112_read_status: autoneg is disabled
01-01 02:09:39.183 0 0 W logd : Skipping entries from slow reader, pid 1286, fd 14, from LogBuffer::Prune()
01-01 02:09:39.270 0 0 I init : starting service 'qvrd_vndr'...
01-01 02:09:39.272 0 0 I init : Created socket '/dev/socket/qvrservice_vndr', mode 660, user 1000, group 1000
01-01 02:09:39.274 0 0 I init : Created socket '/dev/socket/qvrservice_vndr_camera', mode 660, user 1000, group 1000
01-01 02:09:39.324 0 0 I init : starting service 'sxrd'...
01-01 02:09:39.372 0 0 I init : Service 'qvrd_vndr' (pid 15362) exited with status 1
01-01 02:09:39.372 0 0 I init : Sending signal 9 to service 'qvrd_vndr' (pid 15362) process group...
01-01 02:09:39.373 0 0 I libprocessgroup: Successfully killed process cgroup uid 1000 pid 15362 in 0ms
01-01 02:09:39.422 0 0 I init : Service 'sxrd' (pid 15369) exited with status 1
01-01 02:09:39.422 0 0 I init : Sending signal 9 to service 'sxrd' (pid 15369) process group...
01-01 02:09:39.422 0 0 I libprocessgroup: Successfully killed process cgroup uid 1000 pid 15369 in 0ms
08-24 14:24:13.181 15362 15362 F linker : CANNOT LINK EXECUTABLE "/vendor/bin/hw/qvrservice": library "vendor.qti.hardware.qxr-V1-ndk_platform.so" not found: needed by /vendor/lib64/libqvrservice.so in namespace (default)
08-24 14:24:13.217 15369 15369 F linker : CANNOT LINK EXECUTABLE "/vendor/bin/hw/sxrservice": library "vendor.qti.hardware.qxr-V1-ndk_platform.so" not found: needed by main executable
01-01 02:09:40.171 0 0 D : mv2112_read_status
01-01 02:09:40.171 0 0 D mv2112_update_link: 3.0x901(1G): 0x80
01-01 02:09:40.171 0 0 D mv2112_update_link: 3.0x8109(100M): 0x0
01-01 02:09:40.171 0 0 D mv2112_update_link: link 0x0
01-01 02:09:40.171 0 0 D mv2112_read_status: autoneg is disabled
01-01 02:09:40.263 0 0 I IRQ 5 : no longer affine to CPU4
01-01 02:09:40.563 0 0 I IRQ 5 : no longer affine to CPU6
01-01 02:09:41.206 0 0 D : mv2112_read_status
01-01 02:09:41.206 0 0 D mv2112_update_link: 3.0x901(1G): 0x80
01-01 02:09:41.206 0 0 D mv2112_update_link: 3.0x8109(100M): 0x0
01-01 02:09:41.206 0 0 D mv2112_update_link: link 0x0
01-01 02:09:41.206 0 0 D mv2112_read_status: autoneg is disabled
01-01 02:09:41.668 0 0 W logd : Skipping entries from slow reader, pid 1286, fd 14, from LogBuffer::Prune()
01-01 02:09:42.000 0 0 W logd : Skipping entries from slow reader, pid 1286, fd 14, from LogBuffer::Prune()
01-01 02:09:42.219 0 0 D : mv2112_read_status
01-01 02:09:42.219 0 0 D mv2112_update_link: 3.0x901(1G): 0x80
01-01 02:09:42.219 0 0 D mv2112_update_link: 3.0x8109(100M): 0x0
01-01 02:09:42.219 0 0 D mv2112_update_link: link 0x0
01-01 02:09:42.219 0 0 D mv2112_read_status: autoneg is disabled
01-01 02:09:42.314 0 0 W logd : Skipping entries from slow reader, pid 1286, fd 14, from LogBuffer::Prune()
01-01 02:09:42.400 0 0 W logd : Skipping entries from slow reader, pid 1286, fd 14, from LogBuffer::Prune()
01-01 02:09:42.603 0 0 I IRQ 5 : no longer affine to CPU5
01-01 02:09:42.696 0 0 W logd : Skipping entries from slow reader, pid 1286, fd 14, from LogBuffer::Prune()
01-01 02:09:43.078 0 0 W logd : Skipping entries from slow reader, pid 1286, fd 14, from LogBuffer::Prune()
01-01 02:09:43.243 0 0 D : mv2112_read_status
01-01 02:09:43.243 0 0 D mv2112_update_link: 3.0x901(1G): 0x80
01-01 02:09:43.244 0 0 D mv2112_update_link: 3.0x8109(100M): 0x0
01-01 02:09:43.244 0 0 D mv2112_update_link: link 0x0
01-01 02:09:43.244 0 0 D mv2112_read_status: autoneg is disabled
01-01 02:09:43.556 0 0 W logd : Skipping entries from slow reader, pid 1286, fd 14, from LogBuffer::Prune()
01-01 02:09:43.836 0 0 W logd : Skipping entries from slow reader, pid 1286, fd 14, from LogBuffer::Prune()
01-01 02:09:44.123 0 0 I IRQ 5 : no longer affine to CPU4
01-01 02:09:44.161 0 0 W logd : Skipping entries from slow reader, pid 1286, fd 14, from LogBuffer::Prune()
01-01 02:09:44.267 0 0 D : mv2112_read_status
01-01 02:09:44.267 0 0 D mv2112_update_link: 3.0x901(1G): 0x80
01-01 02:09:44.267 0 0 D mv2112_update_link: 3.0x8109(100M): 0x0
01-01 02:09:44.267 0 0 D mv2112_update_link: link 0x0
01-01 02:09:44.267 0 0 D mv2112_read_status: autoneg is disabled
01-01 02:09:44.307 0 0 I init : starting service 'qvrd_vndr'...
01-01 02:09:44.310 0 0 I init : Created socket '/dev/socket/qvrservice_vndr', mode 660, user 1000, group 1000
01-01 02:09:44.313 0 0 I init : Created socket '/dev/socket/qvrservice_vndr_camera', mode 660, user 1000, group 1000
01-01 02:09:44.353 0 0 I init : starting service 'sxrd'...
01-01 02:09:44.400 0 0 I init : Service 'qvrd_vndr' (pid 16671) exited with status 1
01-01 02:09:44.400 0 0 I init : Sending signal 9 to service 'qvrd_vndr' (pid 16671) process group...
01-01 02:09:44.401 0 0 I libprocessgroup: Successfully killed process cgroup uid 1000 pid 16671 in 0ms
01-01 02:09:44.412 0 0 I init : Service 'sxrd' (pid 16683) exited with status 1
01-01 02:09:44.412 0 0 I init : Sending signal 9 to service 'sxrd' (pid 16683) process group...
01-01 02:09:44.412 0 0 I libprocessgroup: Successfully killed process cgroup uid 1000 pid 16683 in 0ms
08-24 14:24:18.211 16671 16671 F linker : CANNOT LINK EXECUTABLE "/vendor/bin/hw/qvrservice": library "vendor.qti.hardware.qxr-V1-ndk_platform.so" not found: needed by /vendor/lib64/libqvrservice.so in namespace (default)
08-24 14:24:18.222 16683 16683 F linker : CANNOT LINK EXECUTABLE "/vendor/bin/hw/sxrservice": library "vendor.qti.hardware.qxr-V1-ndk_platform.so" not found: needed by main executable
01-01 02:09:44.700 0 0 W logd : Skipping entries from slow reader, pid 1286, fd 14, from LogBuffer::Prune()
01-01 02:09:45.204 0 0 I IRQ 5 : no longer affine to CPU5
01-01 02:09:45.291 0 0 D : mv2112_read_status
01-01 02:09:45.291 0 0 D mv2112_update_link: 3.0x901(1G): 0x80
01-01 02:09:45.291 0 0 D mv2112_update_link: 3.0x8109(100M): 0x0
01-01 02:09:45.291 0 0 D mv2112_update_link: link 0x0
01-01 02:09:45.291 0 0 D mv2112_read_status: autoneg is disabled
01-01 02:09:45.603 0 0 I IRQ 5 : no longer affine to CPU4
01-01 02:09:46.003 0 0 I IRQ 5 : no longer affine to CPU6
01-01 02:09:46.315 0 0 D : mv2112_read_status
01-01 02:09:46.315 0 0 D mv2112_update_link: 3.0x901(1G): 0x80
01-01 02:09:46.315 0 0 D mv2112_update_link: 3.0x8109(100M): 0x0
01-01 02:09:46.315 0 0 D mv2112_update_link: link 0x0
01-01 02:09:46.315 0 0 D mv2112_read_status: autoneg is disabled
01-01 02:09:46.703 0 0 I IRQ 5 : no longer affine to CPU5
01-01 02:09:47.032 0 0 W logd : Skipping entries from slow reader, pid 1286, fd 14, from LogBuffer::Prune()
01-01 02:09:47.056 0 0 W logd : Skipping entries from slow reader, pid 1286, fd 14, from LogBuffer::Prune()
01-01 02:09:47.340 0 0 D : mv2112_read_status
01-01 02:09:47.340 0 0 D mv2112_update_link: 3.0x901(1G): 0x80
01-01 02:09:47.341 0 0 D mv2112_update_link: 3.0x8109(100M): 0x0
01-01 02:09:47.341 0 0 D mv2112_update_link: link 0x0
01-01 02:09:47.341 0 0 D mv2112_read_status: autoneg is disabled
01-01 02:09:47.424 0 0 W logd : Skipping entries from slow reader, pid 1286, fd 14, from LogBuffer::Prune()
01-01 02:09:47.425 0 0 W logd : Skipping entries from slow reader, pid 1286, fd 14, from LogBuffer::Prune()
01-01 02:09:47.563 0 0 I IRQ 5 : no longer affine to CPU6
01-01 02:09:47.843 0 0 I IRQ 5 : no longer affine to CPU5
01-01 02:09:48.023 0 0 I IRQ 5 : no longer affine to CPU4
01-01 02:09:48.213 0 0 W logd : Skipping entries from slow reader, pid 1286, fd 14, from LogBuffer::Prune()
01-01 02:09:48.214 0 0 W logd : Skipping entries from slow reader, pid 1286, fd 14, from LogBuffer::Prune()
01-01 02:09:48.363 0 0 D : mv2112_read_status
01-01 02:09:48.364 0 0 D mv2112_update_link: 3.0x901(1G): 0x80
01-01 02:09:48.364 0 0 D mv2112_update_link: 3.0x8109(100M): 0x0
01-01 02:09:48.364 0 0 D mv2112_update_link: link 0x0
01-01 02:09:48.364 0 0 D mv2112_read_status: autoneg is disabled
01-01 02:09:48.617 0 0 W logd : Skipping entries from slow reader, pid 1286, fd 14, from LogBuffer::Prune()
01-01 02:09:48.666 0 0 W logd : Skipping entries from slow reader, pid 1286, fd 14, from LogBuffer::Prune()
01-01 02:09:48.804 0 0 I IRQ 5 : no longer affine to CPU6
01-01 02:09:48.984 0 0 W logd : Skipping entries from slow reader, pid 1286, fd 14, from LogBuffer::Prune()
01-01 02:09:49.243 0 0 I IRQ 5 : no longer affine to CPU4
01-01 02:09:49.337 0 0 I init : starting service 'qvrd_vndr'...
01-01 02:09:49.340 0 0 I init : Created socket '/dev/socket/qvrservice_vndr', mode 660, user 1000, group 1000
01-01 02:09:49.346 0 0 I init : Created socket '/dev/socket/qvrservice_vndr_camera', mode 660, user 1000, group 1000
01-01 02:09:49.386 0 0 I init : starting service 'sxrd'...
01-01 02:09:49.387 0 0 D : mv2112_read_status
01-01 02:09:49.387 0 0 D mv2112_update_link: 3.0x901(1G): 0x80
01-01 02:09:49.387 0 0 D mv2112_update_link: 3.0x8109(100M): 0x0
01-01 02:09:49.387 0 0 D mv2112_update_link: link 0x0
01-01 02:09:49.387 0 0 D mv2112_read_status: autoneg is disabled
01-01 02:09:49.433 0 0 I init : Service 'qvrd_vndr' (pid 18007) exited with status 1
01-01 02:09:49.433 0 0 I init : Sending signal 9 to service 'qvrd_vndr' (pid 18007) process group...
01-01 02:09:49.434 0 0 I libprocessgroup: Successfully killed process cgroup uid 1000 pid 18007 in 0ms
01-01 02:09:49.440 0 0 W logd : Skipping entries from slow reader, pid 1286, fd 14, from LogBuffer::Prune()
01-01 02:09:49.456 0 0 I init : Service 'sxrd' (pid 18017) exited with status 1
01-01 02:09:49.456 0 0 I init : Sending signal 9 to service 'sxrd' (pid 18017) process group...
01-01 02:09:49.457 0 0 I libprocessgroup: Successfully killed process cgroup uid 1000 pid 18017 in 0ms
08-24 14:24:23.238 18007 18007 F linker : CANNOT LINK EXECUTABLE "/vendor/bin/hw/qvrservice": library "vendor.qti.hardware.qxr-V1-ndk_platform.so" not found: needed by /vendor/lib64/libqvrservice.so in namespace (default)
08-24 14:24:23.264 18017 18017 F linker : CANNOT LINK EXECUTABLE "/vendor/bin/hw/sxrservice": library "vendor.qti.hardware.qxr-V1-ndk_platform.so" not found: needed by main executable
01-01 02:09:50.411 0 0 D : mv2112_read_status
01-01 02:09:50.411 0 0 D mv2112_update_link: 3.0x901(1G): 0x80
01-01 02:09:50.412 0 0 D mv2112_update_link: 3.0x8109(100M): 0x0
01-01 02:09:50.412 0 0 D mv2112_update_link: link 0x0
01-01 02:09:50.412 0 0 D mv2112_read_status: autoneg is disabled
01-01 02:09:51.435 0 0 D : mv2112_read_status
01-01 02:09:51.435 0 0 D mv2112_update_link: 3.0x901(1G): 0x80
01-01 02:09:51.435 0 0 D mv2112_update_link: 3.0x8109(100M): 0x0
01-01 02:09:51.435 0 0 D mv2112_update_link: link 0x0
01-01 02:09:51.435 0 0 D mv2112_read_status: autoneg is disabled
01-01 02:09:52.103 0 0 I IRQ 5 : no longer affine to CPU4
01-01 02:09:52.175 0 0 W logd : Skipping entries from slow reader, pid 1286, fd 14, from LogBuffer::Prune()
01-01 02:09:52.347 0 0 W logd : Skipping entries from slow reader, pid 1286, fd 14, from LogBuffer::Prune()
01-01 02:09:52.459 0 0 D : mv2112_read_status
01-01 02:09:52.459 0 0 D mv2112_update_link: 3.0x901(1G): 0x80
01-01 02:09:52.460 0 0 D mv2112_update_link: 3.0x8109(100M): 0x0
01-01 02:09:52.460 0 0 D mv2112_update_link: link 0x0
01-01 02:09:52.460 0 0 D mv2112_read_status: autoneg is disabled
01-01 02:09:52.623 0 0 I IRQ 5 : no longer affine to CPU6
01-01 02:09:52.687 0 0 W logd : Skipping entries from slow reader, pid 1286, fd 14, from LogBuffer::Prune()
01-01 02:09:53.054 0 0 W logd : Skipping entries from slow reader, pid 1286, fd 14, from LogBuffer::Prune()
01-01 02:09:53.452 0 0 W logd : Skipping entries from slow reader, pid 1286, fd 14, from LogBuffer::Prune()
01-01 02:09:53.483 0 0 D : mv2112_read_status
01-01 02:09:53.483 0 0 D mv2112_update_link: 3.0x901(1G): 0x80
01-01 02:09:53.483 0 0 D mv2112_update_link: 3.0x8109(100M): 0x0
01-01 02:09:53.483 0 0 D mv2112_update_link: link 0x0
01-01 02:09:53.483 0 0 D mv2112_read_status: autoneg is disabled
01-01 02:09:53.543 0 0 I IRQ 5 : no longer affine to CPU4
01-01 02:09:53.703 0 0 I IRQ 5 : no longer affine to CPU5
01-01 02:09:53.885 0 0 W logd : Skipping entries from slow reader, pid 1286, fd 14, from LogBuffer::Prune()
01-01 02:09:53.913 0 0 W logd : Skipping entries from slow reader, pid 1286, fd 14, from LogBuffer::Prune()
01-01 02:09:53.915 0 0 W logd : Skipping entries from slow reader, pid 1286, fd 14, from LogBuffer::Prune()
01-01 02:09:54.003 0 0 I IRQ 5 : no longer affine to CPU6
01-01 02:09:54.357 0 0 W logd : Skipping entries from slow reader, pid 1286, fd 14, from LogBuffer::Prune()
01-01 02:09:54.377 0 0 I init : starting service 'qvrd_vndr'...
01-01 02:09:54.381 0 0 I init : Created socket '/dev/socket/qvrservice_vndr', mode 660, user 1000, group 1000
01-01 02:09:54.384 0 0 I init : Created socket '/dev/socket/qvrservice_vndr_camera', mode 660, user 1000, group 1000
01-01 02:09:54.430 0 0 I init : starting service 'sxrd'...
01-01 02:09:54.485 0 0 I init : Service 'qvrd_vndr' (pid 19397) exited with status 1
01-01 02:09:54.486 0 0 I init : Sending signal 9 to service 'qvrd_vndr' (pid 19397) process group...
01-01 02:09:54.489 0 0 I libprocessgroup: Successfully killed process cgroup uid 1000 pid 19397 in 2ms
01-01 02:09:54.504 0 0 I init : Service 'sxrd' (pid 19408) exited with status 1
01-01 02:09:54.505 0 0 I init : Sending signal 9 to service 'sxrd' (pid 19408) process group...
01-01 02:09:54.505 0 0 I libprocessgroup: Successfully killed process cgroup uid 1000 pid 19408 in 0ms
01-01 02:09:54.507 0 0 D : mv2112_read_status
01-01 02:09:54.507 0 0 D mv2112_update_link: 3.0x901(1G): 0x80
01-01 02:09:54.507 0 0 D mv2112_update_link: 3.0x8109(100M): 0x0
01-01 02:09:54.507 0 0 D mv2112_update_link: link 0x0
01-01 02:09:54.507 0 0 D mv2112_read_status: autoneg is disabled
08-24 14:24:28.292 19397 19397 F linker : CANNOT LINK EXECUTABLE "/vendor/bin/hw/qvrservice": library "vendor.qti.hardware.qxr-V1-ndk_platform.so" not found: needed by /vendor/lib64/libqvrservice.so in namespace (default)
08-24 14:24:28.314 19408 19408 F linker : CANNOT LINK EXECUTABLE "/vendor/bin/hw/sxrservice": library "vendor.qti.hardware.qxr-V1-ndk_platform.so" not found: needed by main executable
01-01 02:09:54.603 0 0 I IRQ 5 : no longer affine to CPU4
01-01 02:09:54.705 0 0 W logd : Skipping entries from slow reader, pid 1286, fd 14, from LogBuffer::Prune()
01-01 02:09:54.883 0 0 I IRQ 5 : no longer affine to CPU5
01-01 02:09:55.531 0 0 D : mv2112_read_status
01-01 02:09:55.531 0 0 D mv2112_update_link: 3.0x901(1G): 0x80
01-01 02:09:55.531 0 0 D mv2112_update_link: 3.0x8109(100M): 0x0
01-01 02:09:55.532 0 0 D mv2112_update_link: link 0x0
01-01 02:09:55.532 0 0 D mv2112_read_status: autoneg is disabled
01-01 02:09:56.403 0 0 I IRQ 5 : no longer affine to CPU4
01-01 02:09:56.555 0 0 D : mv2112_read_status
01-01 02:09:56.555 0 0 D mv2112_update_link: 3.0x901(1G): 0x80
01-01 02:09:56.555 0 0 D mv2112_update_link: 3.0x8109(100M): 0x0
01-01 02:09:56.555 0 0 D mv2112_update_link: link 0x0
01-01 02:09:56.555 0 0 D mv2112_read_status: autoneg is disabled
01-01 02:09:56.703 0 0 I IRQ 5 : no longer affine to CPU5
01-01 02:09:57.250 0 0 W logd : Skipping entries from slow reader, pid 1286, fd 14, from LogBuffer::Prune()
01-01 02:09:57.303 0 0 I IRQ 5 : no longer affine to CPU4
01-01 02:09:57.486 0 0 W logd : Skipping entries from slow reader, pid 1286, fd 14, from LogBuffer::Prune()
01-01 02:09:57.581 0 0 D : mv2112_read_status
01-01 02:09:57.581 0 0 D mv2112_update_link: 3.0x901(1G): 0x80
01-01 02:09:57.581 0 0 D mv2112_update_link: 3.0x8109(100M): 0x0
01-01 02:09:57.581 0 0 D mv2112_update_link: link 0x0
01-01 02:09:57.581 0 0 D mv2112_read_status: autoneg is disabled
01-01 02:09:57.603 0 0 I IRQ 5 : no longer affine to CPU5
01-01 02:09:57.831 0 0 W logd : Skipping entries from slow reader, pid 1286, fd 14, from LogBuffer::Prune()
01-01 02:09:57.843 0 0 I IRQ 5 : no longer affine to CPU6
01-01 02:09:58.174 0 0 W logd : Skipping entries from slow reader, pid 1286, fd 14, from LogBuffer::Prune()
01-01 02:09:58.603 0 0 D : mv2112_read_status
01-01 02:09:58.603 0 0 D mv2112_update_link: 3.0x901(1G): 0x80
01-01 02:09:58.604 0 0 D mv2112_update_link: 3.0x8109(100M): 0x0
01-01 02:09:58.604 0 0 D mv2112_update_link: link 0x0
01-01 02:09:58.604 0 0 D mv2112_read_status: autoneg is disabled
01-01 02:09:58.617 0 0 W logd : Skipping entries from slow reader, pid 1286, fd 14, from LogBuffer::Prune()
01-01 02:09:58.743 0 0 W irq_migrate_all_off_this_cpu: 2 callbacks suppressed
01-01 02:09:58.743 0 0 I IRQ 5 : no longer affine to CPU4
01-01 02:09:58.804 0 0 W logd : Skipping entries from slow reader, pid 1286, fd 14, from LogBuffer::Prune()
01-01 02:09:59.077 0 0 W logd : Skipping entries from slow reader, pid 1286, fd 14, from LogBuffer::Prune()
01-01 02:09:59.390 0 0 W logd : Skipping entries from slow reader, pid 1286, fd 14, from LogBuffer::Prune()
01-01 02:09:59.417 0 0 I init : starting service 'qvrd_vndr'...
01-01 02:09:59.418 0 0 I init : Created socket '/dev/socket/qvrservice_vndr', mode 660, user 1000, group 1000
01-01 02:09:59.419 0 0 I init : Created socket '/dev/socket/qvrservice_vndr_camera', mode 660, user 1000, group 1000
01-01 02:09:59.453 0 0 I init : Service 'qvrd_vndr' (pid 20699) exited with status 1
01-01 02:09:59.454 0 0 I init : Sending signal 9 to service 'qvrd_vndr' (pid 20699) process group...
01-01 02:09:59.454 0 0 I libprocessgroup: Successfully killed process cgroup uid 1000 pid 20699 in 0ms
01-01 02:09:59.457 0 0 I init : starting service 'sxrd'...
01-01 02:09:59.487 0 0 I init : Service 'sxrd' (pid 20708) exited with status 1
01-01 02:09:59.487 0 0 I init : Sending signal 9 to service 'sxrd' (pid 20708) process group...
01-01 02:09:59.488 0 0 I libprocessgroup: Successfully killed process cgroup uid 1000 pid 20708 in 0ms
