01-01 01:30:23.440 1151 1151 W UserManagerService: com.android.theme.icon_pack.filled.themepicker is allowlisted but not present.
01-01 01:30:23.440 1151 1151 W UserManagerService: com.android.theme.icon_pack.victor.themepicker is allowlisted but not present.
01-01 01:30:23.440 1151 1151 W UserManagerService: com.android.theme.color.orchid is allowlisted but not present.
01-01 01:30:23.440 1151 1151 W UserManagerService: com.android.theme.color.purple is allowlisted but not present.
01-01 01:30:23.440 1151 1151 W UserManagerService: com.qualcomm.qti.confdialer is allowlisted but not present.
01-01 01:30:23.440 1151 1151 W UserManagerService: com.android.theme.icon_pack.sam.themepicker is allowlisted but not present.
01-01 01:30:23.440 1151 1151 W UserManagerService: com.qualcomm.atfwd is allowlisted but not present.
01-01 01:30:23.440 1151 1151 W UserManagerService: com.android.theme.icon.roundedrect is allowlisted but not present.
01-01 01:30:23.440 1151 1151 W UserManagerService: com.android.theme.icon_pack.rounded.settings is allowlisted but not present.
01-01 01:30:23.440 1151 1151 W UserManagerService: org.codeaurora.qti.nrNetworkSettingApp is allowlisted but not present.
01-01 01:30:23.440 1151 1151 W UserManagerService: com.android.theme.icon_pack.circular.android is allowlisted but not present.
01-01 01:30:23.440 1151 1151 I UserManagerService: Reviewing whitelisted packages due to [firstBoot]
01-01 01:30:23.445 1151 1151 I Watchdog: Resuming HandlerChecker: main thread for reason: packagemanagermain. Pause count: 0
01-01 01:30:23.445 1151 1151 I SystemServerDexLoadReporter: Configuring system server dex reporter
01-01 01:30:23.480 1151 1151 D SystemServerTiming: StartPackageManagerService took to complete: 2283ms
01-01 01:30:23.481 1151 1151 I SystemServerTiming: StartOtaDexOptService
01-01 01:30:23.481 1151 1151 I Watchdog: Pausing HandlerChecker: main thread for reason: moveab. Pause count: 1
01-01 01:30:23.485 1151 1151 D OTADexopt: No upgrade, skipping A/B artifacts check.
01-01 01:30:23.486 1151 1151 I Watchdog: Resuming HandlerChecker: main thread for reason: moveab. Pause count: 0
01-01 01:30:23.486 1151 1151 D SystemServerTiming: StartOtaDexOptService took to complete: 5ms
01-01 01:30:23.486 1151 1151 I SystemServerTiming: StartUserManagerService
01-01 01:30:23.486 1151 1151 I SystemServiceManager: Starting com.android.server.pm.UserManagerService$LifeCycle
01-01 01:30:23.488 1151 1151 D SystemServerTiming: StartUserManagerService took to complete: 2ms
01-01 01:30:23.488 1151 1151 I SystemServerTiming: InitAttributerCache
01-01 01:30:23.488 1151 1151 D SystemServerTiming: InitAttributerCache took to complete: 0ms
01-01 01:30:23.488 1151 1151 I SystemServerTiming: SetSystemProcess
01-01 01:30:23.493 1151 1650 V HistoricalRegistry: Interaction before persistence initialized
01-01 01:30:23.502 1151 1705 I ActivityManager: Connection with lmkd established
01-01 01:30:23.507 1151 1151 D SystemServerTiming: SetSystemProcess took to complete: 19ms
01-01 01:30:23.507 1151 1151 I SystemServerTiming: InitWatchdog
01-01 01:30:23.507 1151 1151 D SystemServerTiming: InitWatchdog took to complete: 1ms
01-01 01:30:23.510 1151 1151 I SystemServerTiming: StartOverlayManagerService
01-01 01:30:23.515 1283 1794 I storaged: storaged: Start
01-01 01:30:23.677 1151 1151 D SystemServerTiming: StartOverlayManagerService took to complete: 167ms
01-01 01:30:23.677 1151 1151 I SystemServerTiming: StartSensorPrivacyService
01-01 01:30:23.683 1151 1151 D SystemServerTiming: StartSensorPrivacyService took to complete: 6ms
01-01 01:30:23.683 1151 1151 I SystemServerTiming: StartSensorService
01-01 01:30:23.683 1151 1151 I SystemServiceManager: Starting com.android.server.sensors.SensorService
01-01 01:30:23.684 1151 1151 D SystemServerTiming: StartSensorService took to complete: 1ms
01-01 01:30:23.684 1151 1151 D SystemServerTiming: startBootstrapServices took to complete: 3232ms
01-01 01:30:23.684 1151 1151 I SystemServerTiming: startCoreServices
01-01 01:30:23.684 1151 1151 I SystemServerTiming: StartSystemConfigService
01-01 01:30:23.684 1151 1151 I SystemServiceManager: Starting com.android.server.SystemConfigService
01-01 01:30:23.684 1151 1151 D SystemServerTiming: StartSystemConfigService took to complete: 0ms
01-01 01:30:23.684 1151 1151 I SystemServerTiming: StartBatteryService
01-01 01:30:23.684 1151 1151 I SystemServiceManager: Starting com.android.server.BatteryService
01-01 01:30:23.689 1151 1802 I SystemServerTimingAsync: InitThreadPoolExec:StartNativeSensorService
01-01 01:30:23.689 1151 1802 D SystemServerInitThreadPool: Started executing StartNativeSensorService
01-01 01:30:23.689 1151 1802 I SystemServerTimingAsync: StartNativeSensorService
01-01 01:30:23.709 1151 1802 D SystemServerTimingAsync: StartNativeSensorService took to complete: 19ms
01-01 01:30:23.709 1151 1802 D SystemServerInitThreadPool: Finished executing StartNativeSensorService
01-01 01:30:23.709 1151 1802 D SystemServerTimingAsync: InitThreadPoolExec:StartNativeSensorService took to complete: 19ms
01-01 01:30:23.714 1151 1151 I HealthServiceWrapper: health: HealthServiceWrapper listening to instance default
01-01 01:30:23.714 1151 1151 I BatteryService: health: Waited 0ms and received the update.
01-01 01:30:23.716 1151 1151 D SystemServerTiming: StartBatteryService took to complete: 33ms
01-01 01:30:23.716 1151 1151 I SystemServerTiming: StartUsageService
01-01 01:30:23.716 1151 1151 I SystemServiceManager: Starting com.android.server.usage.UsageStatsService
01-01 01:30:23.724 1151 1151 D SystemServerTiming: StartUsageService took to complete: 7ms
01-01 01:30:23.724 1151 1151 I SystemServerTiming: StartWebViewUpdateService
01-01 01:30:23.724 1151 1151 I SystemServiceManager: Starting com.android.server.webkit.WebViewUpdateService
01-01 01:30:23.726 1151 1151 D SystemServerTiming: StartWebViewUpdateService took to complete: 2ms
01-01 01:30:23.726 1151 1151 I SystemServerTiming: StartCachedDeviceStateService
01-01 01:30:23.726 1151 1151 I SystemServiceManager: Starting com.android.server.CachedDeviceStateService
01-01 01:30:23.726 1151 1151 D SystemServerTiming: StartCachedDeviceStateService took to complete: 0ms
01-01 01:30:23.726 1151 1151 I SystemServerTiming: StartBinderCallsStatsService
01-01 01:30:23.727 1151 1151 I SystemServiceManager: Starting com.android.server.BinderCallsStatsService$LifeCycle
01-01 01:30:23.727 1151 1151 D SystemServerTiming: StartBinderCallsStatsService took to complete: 1ms
01-01 01:30:23.728 1151 1151 I SystemServerTiming: StartLooperStatsService
01-01 01:30:23.728 1151 1151 I SystemServiceManager: Starting com.android.server.LooperStatsService$Lifecycle
01-01 01:30:23.728 1151 1151 D SystemServerTiming: StartLooperStatsService took to complete: 0ms
01-01 01:30:23.728 1151 1151 I SystemServerTiming: StartRollbackManagerService
01-01 01:30:23.728 1151 1151 I SystemServiceManager: Starting com.android.server.rollback.RollbackManagerService
01-01 01:30:23.735 1151 1151 I PackageWatchdog: Syncing state, reason: added new observer
01-01 01:30:23.735 1151 1151 I PackageWatchdog: Not pruning observers, elapsed time: 0ms
01-01 01:30:23.736 1151 1151 I PackageWatchdog: Cancelling state sync, nothing to sync
01-01 01:30:23.736 1151 1702 I PackageWatchdog: Saving observer state to file
01-01 01:30:23.738 1151 1151 D SystemServerTiming: StartRollbackManagerService took to complete: 10ms
01-01 01:30:23.738 1151 1151 I SystemServerTiming: StartNativeTombstoneManagerService
01-01 01:30:23.739 1151 1151 I SystemServiceManager: Starting com.android.server.os.NativeTombstoneManagerService
01-01 01:30:23.740 1151 1151 D SystemServerTiming: StartNativeTombstoneManagerService took to complete: 1ms
01-01 01:30:23.740 1151 1151 I SystemServerTiming: StartBugreportManagerService
01-01 01:30:23.740 1151 1151 I SystemServiceManager: Starting com.android.server.os.BugreportManagerService
01-01 01:30:23.741 1151 1151 D SystemServerTiming: StartBugreportManagerService took to complete: 1ms
01-01 01:30:23.741 1151 1151 I SystemServerTiming: GpuService
01-01 01:30:23.741 1151 1151 I SystemServiceManager: Starting com.android.server.gpu.GpuService
01-01 01:30:23.742 1151 1151 D SystemServerTiming: GpuService took to complete: 0ms
01-01 01:30:23.742 1151 1151 D SystemServerTiming: startCoreServices took to complete: 58ms
01-01 01:30:23.742 1151 1151 I SystemServerTiming: startOtherServices
01-01 01:30:23.742 1151 1151 I SystemServerTiming: StartKeyAttestationApplicationIdProviderService
01-01 01:30:23.743 1151 1814 I SystemServerTimingAsync: InitThreadPoolExec:SecondaryZygotePreload
01-01 01:30:23.743 1151 1814 D SystemServerInitThreadPool: Started executing SecondaryZygotePreload
01-01 01:30:23.743 1151 1814 I SystemServer: SecondaryZygotePreload
01-01 01:30:23.743 1151 1814 I SystemServerTimingAsync: SecondaryZygotePreload
01-01 01:30:23.744 1151 1151 D SystemServerTiming: StartKeyAttestationApplicationIdProviderService took to complete: 2ms
01-01 01:30:23.744 1151 1151 I SystemServerTiming: StartKeyChainSystemService
01-01 01:30:23.744 1151 1151 I SystemServiceManager: Starting com.android.server.security.KeyChainSystemService
01-01 01:30:23.744 1151 1151 D SystemServerTiming: StartKeyChainSystemService took to complete: 0ms
01-01 01:30:23.744 1151 1151 I SystemServerTiming: StartSchedulingPolicyService
01-01 01:30:23.745 1151 1815 I SystemServerTimingAsync: InitThreadPoolExec:SchedulingPolicyService.
01-01 01:30:23.745 1151 1815 D SystemServerInitThreadPool: Started executing SchedulingPolicyService.
01-01 01:30:23.746 1151 1151 D SystemServerTiming: StartSchedulingPolicyService took to complete: 2ms
01-01 01:30:23.746 1151 1151 I SystemServerTiming: StartTelecomLoaderService
01-01 01:30:23.746 1151 1151 I SystemServiceManager: Starting com.android.server.telecom.TelecomLoaderService
01-01 01:30:23.746 1151 1151 D SystemServerTiming: StartTelecomLoaderService took to complete: 1ms
01-01 01:30:23.746 1151 1151 I SystemServerTiming: StartTelephonyRegistry
01-01 01:30:23.748 1151 1151 D SystemServerTiming: StartTelephonyRegistry took to complete: 1ms
01-01 01:30:23.748 1151 1151 I SystemServerTiming: StartEntropyMixer
01-01 01:30:23.749 1151 1151 W EntropyMixer: No existing entropy file -- first boot?
01-01 01:30:23.749 1151 1151 I EntropyMixer: Writing entropy...
01-01 01:30:23.750 1151 1151 D SystemServerTiming: StartEntropyMixer took to complete: 2ms
01-01 01:30:23.750 1151 1151 I SystemServerTiming: StartAccountManagerService
01-01 01:30:23.750 1151 1151 I SystemServiceManager: Starting com.android.server.accounts.AccountManagerService$Lifecycle
01-01 01:30:23.756 1151 1151 D SystemServerTiming: StartAccountManagerService took to complete: 5ms
01-01 01:30:23.756 1151 1151 I SystemServerTiming: StartContentService
01-01 01:30:23.756 1151 1151 I SystemServiceManager: Starting com.android.server.content.ContentService$Lifecycle
01-01 01:30:23.758 1151 1151 D SystemServerTiming: StartContentService took to complete: 1ms
01-01 01:30:23.758 1151 1151 I SystemServerTiming: InstallSystemProviders
01-01 01:30:23.850 697 697 D ZygoteInitTiming_lazy: BeginPreload took to complete: 99ms
01-01 01:30:23.901 1151 1151 W SettingsState: No settings state /data/system/users/0/settings_system.xml
01-01 01:30:23.920 1151 1151 I SettingsState: directory info for directory/file /data/system/users/0/settings_system.xml with stacktrace
01-01 01:30:23.920 1151 1151 I SettingsState: java.lang.Exception
01-01 01:30:23.920 1151 1151 I SettingsState: at com.android.providers.settings.SettingsState.logSettingsDirectoryInformation(SettingsState.java:877)
01-01 01:30:23.920 1151 1151 I SettingsState: at com.android.providers.settings.SettingsState.readStateSyncLocked(SettingsState.java:1008)
01-01 01:30:23.920 1151 1151 I SettingsState: at com.android.providers.settings.SettingsState.(SettingsState.java:283)
01-01 01:30:23.920 1151 1151 I SettingsState: at com.android.providers.settings.SettingsProvider$SettingsRegistry.ensureSettingsStateLocked(SettingsProvider.java:2883)
01-01 01:30:23.920 1151 1151 I SettingsState: at com.android.providers.settings.SettingsProvider$SettingsRegistry.migrateLegacySettingsForUserLocked(SettingsProvider.java:3250)
01-01 01:30:23.920 1151 1151 I SettingsState: at com.android.providers.settings.SettingsProvider$SettingsRegistry.migrateAllLegacySettingsIfNeededLocked(SettingsProvider.java:3216)
01-01 01:30:23.920 1151 1151 I SettingsState: at com.android.providers.settings.SettingsProvider$SettingsRegistry.access$000(SettingsProvider.java:2666)
01-01 01:30:23.920 1151 1151 I SettingsState: at com.android.providers.settings.SettingsProvider.onCreate(SettingsProvider.java:395)
01-01 01:30:23.920 1151 1151 I SettingsState: at android.content.ContentProvider.attachInfo(ContentProvider.java:2404)
01-01 01:30:23.920 1151 1151 I SettingsState: at android.content.ContentProvider.attachInfo(ContentProvider.java:2374)
01-01 01:30:23.920 1151 1151 I SettingsState: at android.app.ActivityThread.installProvider(ActivityThread.java:7463)
01-01 01:30:23.920 1151 1151 I SettingsState: at android.app.ActivityThread.installContentProviders(ActivityThread.java:6980)
01-01 01:30:23.920 1151 1151 I SettingsState: at android.app.ActivityThread.installSystemProviders(ActivityThread.java:7650)
01-01 01:30:23.920 1151 1151 I SettingsState: at com.android.server.am.ContentProviderHelper.installSystemProviders(ContentProviderHelper.java:1247)
01-01 01:30:23.920 1151 1151 I SettingsState: at com.android.server.SystemServer.startOtherServices(SystemServer.java:1439)
01-01 01:30:23.920 1151 1151 I SettingsState: at com.android.server.SystemServer.run(SystemServer.java:883)
01-01 01:30:23.920 1151 1151 I SettingsState: at com.android.server.SystemServer.main(SystemServer.java:614)
01-01 01:30:23.920 1151 1151 I SettingsState: at java.lang.reflect.Method.invoke(Native Method)
01-01 01:30:23.920 1151 1151 I SettingsState: at com.android.internal.os.RuntimeInit$MethodAndArgsCaller.run(RuntimeInit.java:548)
01-01 01:30:23.920 1151 1151 I SettingsState: at com.android.internal.os.ZygoteInit.main(ZygoteInit.java:987)
01-01 01:30:23.920 1151 1151 I SettingsState: ancestor directory /data/system/users/0 exists
01-01 01:30:23.920 1151 1151 I SettingsState: ancestor directory /data/system/users/0 permissions: r: true w: true x: true
01-01 01:30:23.921 1151 1151 I SettingsState: ancestor's parent directory /data/system/users permissions: r: true w: true x: true
01-01 01:30:23.928 1151 1151 W SettingsState: No settings state /data/system/users/0/settings_secure.xml
01-01 01:30:23.929 1151 1151 I SettingsState: directory info for directory/file /data/system/users/0/settings_secure.xml with stacktrace
01-01 01:30:23.929 1151 1151 I SettingsState: java.lang.Exception
01-01 01:30:23.929 1151 1151 I SettingsState: at com.android.providers.settings.SettingsState.logSettingsDirectoryInformation(SettingsState.java:877)
01-01 01:30:23.929 1151 1151 I SettingsState: at com.android.providers.settings.SettingsState.readStateSyncLocked(SettingsState.java:1008)
01-01 01:30:23.929 1151 1151 I SettingsState: at com.android.providers.settings.SettingsState.(SettingsState.java:283)
01-01 01:30:23.929 1151 1151 I SettingsState: at com.android.providers.settings.SettingsProvider$SettingsRegistry.ensureSettingsStateLocked(SettingsProvider.java:2883)
01-01 01:30:23.929 1151 1151 I SettingsState: at com.android.providers.settings.SettingsProvider$SettingsRegistry.migrateLegacySettingsForUserLocked(SettingsProvider.java:3259)
01-01 01:30:23.929 1151 1151 I SettingsState: at com.android.providers.settings.SettingsProvider$SettingsRegistry.migrateAllLegacySettingsIfNeededLocked(SettingsProvider.java:3216)
01-01 01:30:23.929 1151 1151 I SettingsState: at com.android.providers.settings.SettingsProvider$SettingsRegistry.access$000(SettingsProvider.java:2666)
01-01 01:30:23.929 1151 1151 I SettingsState: at com.android.providers.settings.SettingsProvider.onCreate(SettingsProvider.java:395)
01-01 01:30:23.929 1151 1151 I SettingsState: at android.content.ContentProvider.attachInfo(ContentProvider.java:2404)
01-01 01:30:23.929 1151 1151 I SettingsState: at android.content.ContentProvider.attachInfo(ContentProvider.java:2374)
01-01 01:30:23.929 1151 1151 I SettingsState: at android.app.ActivityThread.installProvider(ActivityThread.java:7463)
01-01 01:30:23.929 1151 1151 I SettingsState: at android.app.ActivityThread.installContentProviders(ActivityThread.java:6980)
01-01 01:30:23.929 1151 1151 I SettingsState: at android.app.ActivityThread.installSystemProviders(ActivityThread.java:7650)
01-01 01:30:23.929 1151 1151 I SettingsState: at com.android.server.am.ContentProviderHelper.installSystemProviders(ContentProviderHelper.java:1247)
01-01 01:30:23.929 1151 1151 I SettingsState: at com.android.server.SystemServer.startOtherServices(SystemServer.java:1439)
01-01 01:30:23.929 1151 1151 I SettingsState: at com.android.server.SystemServer.run(SystemServer.java:883)
01-01 01:30:23.929 1151 1151 I SettingsState: at com.android.server.SystemServer.main(SystemServer.java:614)
01-01 01:30:23.929 1151 1151 I SettingsState: at java.lang.reflect.Method.invoke(Native Method)
01-01 01:30:23.929 1151 1151 I SettingsState: at com.android.internal.os.RuntimeInit$MethodAndArgsCaller.run(RuntimeInit.java:548)
01-01 01:30:23.929 1151 1151 I SettingsState: at com.android.internal.os.ZygoteInit.main(ZygoteInit.java:987)
01-01 01:30:23.929 1151 1151 I SettingsState: ancestor directory /data/system/users/0 exists
01-01 01:30:23.929 1151 1151 I SettingsState: ancestor directory /data/system/users/0 permissions: r: true w: true x: true
01-01 01:30:23.930 1151 1151 I SettingsState: ancestor's parent directory /data/system/users permissions: r: true w: true x: true
01-01 01:30:23.942 1151 1151 D SettingsProvider: Generated and saved new ANDROID_ID [dfe14924f53c0e27] for user 0
01-01 01:30:23.944 1151 1151 W SettingsState: No settings state /data/system/users/0/settings_global.xml
01-01 01:30:23.944 1151 1151 I SettingsState: directory info for directory/file /data/system/users/0/settings_global.xml with stacktrace
01-01 01:30:23.944 1151 1151 I SettingsState: java.lang.Exception
01-01 01:30:23.944 1151 1151 I SettingsState: at com.android.providers.settings.SettingsState.logSettingsDirectoryInformation(SettingsState.java:877)
01-01 01:30:23.944 1151 1151 I SettingsState: at com.android.providers.settings.SettingsState.readStateSyncLocked(SettingsState.java:1008)
01-01 01:30:23.944 1151 1151 I SettingsState: at com.android.providers.settings.SettingsState.(SettingsState.java:283)
01-01 01:30:23.944 1151 1151 I SettingsState: at com.android.providers.settings.SettingsProvider$SettingsRegistry.ensureSettingsStateLocked(SettingsProvider.java:2883)
01-01 01:30:23.944 1151 1151 I SettingsState: at com.android.providers.settings.SettingsProvider$SettingsRegistry.migrateLegacySettingsForUserLocked(SettingsProvider.java:3270)
01-01 01:30:23.944 1151 1151 I SettingsState: at com.android.providers.settings.SettingsProvider$SettingsRegistry.migrateAllLegacySettingsIfNeededLocked(SettingsProvider.java:3216)
01-01 01:30:23.944 1151 1151 I SettingsState: at com.android.providers.settings.SettingsProvider$SettingsRegistry.access$000(SettingsProvider.java:2666)
01-01 01:30:23.944 1151 1151 I SettingsState: at com.android.providers.settings.SettingsProvider.onCreate(SettingsProvider.java:395)
01-01 01:30:23.944 1151 1151 I SettingsState: at android.content.ContentProvider.attachInfo(ContentProvider.java:2404)
01-01 01:30:23.944 1151 1151 I SettingsState: at android.content.ContentProvider.attachInfo(ContentProvider.java:2374)
01-01 01:30:23.944 1151 1151 I SettingsState: at android.app.ActivityThread.installProvider(ActivityThread.java:7463)
01-01 01:30:23.944 1151 1151 I SettingsState: at android.app.ActivityThread.installContentProviders(ActivityThread.java:6980)
01-01 01:30:23.944 1151 1151 I SettingsState: at android.app.ActivityThread.installSystemProviders(ActivityThread.java:7650)
01-01 01:30:23.944 1151 1151 I SettingsState: at com.android.server.am.ContentProviderHelper.installSystemProviders(ContentProviderHelper.java:1247)
01-01 01:30:23.944 1151 1151 I SettingsState: at com.android.server.SystemServer.startOtherServices(SystemServer.java:1439)
01-01 01:30:23.944 1151 1151 I SettingsState: at com.android.server.SystemServer.run(SystemServer.java:883)
01-01 01:30:23.944 1151 1151 I SettingsState: at com.android.server.SystemServer.main(SystemServer.java:614)
01-01 01:30:23.944 1151 1151 I SettingsState: at java.lang.reflect.Method.invoke(Native Method)
01-01 01:30:23.944 1151 1151 I SettingsState: at com.android.internal.os.RuntimeInit$MethodAndArgsCaller.run(RuntimeInit.java:548)
01-01 01:30:23.944 1151 1151 I SettingsState: at com.android.internal.os.ZygoteInit.main(ZygoteInit.java:987)
01-01 01:30:23.944 1151 1151 I SettingsState: ancestor directory /data/system/users/0 exists
01-01 01:30:23.944 1151 1151 I SettingsState: ancestor directory /data/system/users/0 permissions: r: true w: true x: true
01-01 01:30:23.945 1151 1151 I SettingsState: ancestor's parent directory /data/system/users permissions: r: true w: true x: true
01-01 01:30:23.986 1151 1151 D SettingsProvider: Setting [] as Autofill Service for user 0
01-01 01:30:23.991 1151 1815 D SystemServerInitThreadPool: Finished executing SchedulingPolicyService.
01-01 01:30:23.991 1151 1815 D SystemServerTimingAsync: InitThreadPoolExec:SchedulingPolicyService. took to complete: 246ms
01-01 01:30:24.024 1151 1689 W ActivityTaskManager: Skip updateConfiguration because mWindowManager isn't set
01-01 01:30:24.029 1151 1151 W SettingsState: No settings state /data/system/users/0/settings_config.xml
01-01 01:30:24.031 1151 1151 I SettingsState: directory info for directory/file /data/system/users/0/settings_config.xml with stacktrace
01-01 01:30:24.031 1151 1151 I SettingsState: java.lang.Exception
01-01 01:30:24.031 1151 1151 I SettingsState: at com.android.providers.settings.SettingsState.logSettingsDirectoryInformation(SettingsState.java:877)
01-01 01:30:24.031 1151 1151 I SettingsState: at com.android.providers.settings.SettingsState.readStateSyncLocked(SettingsState.java:1008)
01-01 01:30:24.031 1151 1151 I SettingsState: at com.android.providers.settings.SettingsState.(SettingsState.java:283)
01-01 01:30:24.031 1151 1151 I SettingsState: at com.android.providers.settings.SettingsProvider$SettingsRegistry.ensureSettingsStateLocked(SettingsProvider.java:2883)
01-01 01:30:24.031 1151 1151 I SettingsState: at com.android.providers.settings.SettingsProvider$SettingsRegistry.ensureSettingsForUserLocked(SettingsProvider.java:2848)
01-01 01:30:24.031 1151 1151 I SettingsState: at com.android.providers.settings.SettingsProvider$SettingsRegistry.peekSettingsStateLocked(SettingsProvider.java:3191)
01-01 01:30:24.031 1151 1151 I SettingsState: at com.android.providers.settings.SettingsProvider$SettingsRegistry.getSettingsNamesLocked(SettingsProvider.java:2813)
01-01 01:30:24.031 1151 1151 I SettingsState: at com.android.providers.settings.SettingsProvider$SettingsRegistry.syncSsaidTableOnStartLocked(SettingsProvider.java:2796)
01-01 01:30:24.031 1151 1151 I SettingsState: at com.android.providers.settings.SettingsProvider$SettingsRegistry.access$100(SettingsProvider.java:2666)
01-01 01:30:24.031 1151 1151 I SettingsState: at com.android.providers.settings.SettingsProvider.onCreate(SettingsProvider.java:396)
01-01 01:30:24.031 1151 1151 I SettingsState: at android.content.ContentProvider.attachInfo(ContentProvider.java:2404)
01-01 01:30:24.031 1151 1151 I SettingsState: at android.content.ContentProvider.attachInfo(ContentProvider.java:2374)
01-01 01:30:24.031 1151 1151 I SettingsState: at android.app.ActivityThread.installProvider(ActivityThread.java:7463)
01-01 01:30:24.031 1151 1151 I SettingsState: at android.app.ActivityThread.installContentProviders(ActivityThread.java:6980)
01-01 01:30:24.031 1151 1151 I SettingsState: at android.app.ActivityThread.installSystemProviders(ActivityThread.java:7650)
01-01 01:30:24.031 1151 1151 I SettingsState: at com.android.server.am.ContentProviderHelper.installSystemProviders(ContentProviderHelper.java:1247)
01-01 01:30:24.031 1151 1151 I SettingsState: at com.android.server.SystemServer.startOtherServices(SystemServer.java:1439)
01-01 01:30:24.031 1151 1151 I SettingsState: at com.android.server.SystemServer.run(SystemServer.java:883)
01-01 01:30:24.031 1151 1151 I SettingsState: at com.android.server.SystemServer.main(SystemServer.java:614)
01-01 01:30:24.031 1151 1151 I SettingsState: at java.lang.reflect.Method.invoke(Native Method)
01-01 01:30:24.031 1151 1151 I SettingsState: at com.android.internal.os.RuntimeInit$MethodAndArgsCaller.run(RuntimeInit.java:548)
01-01 01:30:24.031 1151 1151 I SettingsState: at com.android.internal.os.ZygoteInit.main(ZygoteInit.java:987)
01-01 01:30:24.031 1151 1151 I SettingsState: ancestor directory /data/system/users/0 exists
01-01 01:30:24.032 1151 1151 I SettingsState: ancestor directory /data/system/users/0 permissions: r: true w: true x: true
01-01 01:30:24.033 1151 1151 I SettingsState: ancestor's parent directory /data/system/users permissions: r: true w: true x: true
01-01 01:30:24.035 1151 1151 W SettingsState: No settings state /data/system/users/0/settings_ssaid.xml
01-01 01:30:24.036 1151 1151 I SettingsState: directory info for directory/file /data/system/users/0/settings_ssaid.xml with stacktrace
01-01 01:30:24.036 1151 1151 I SettingsState: java.lang.Exception
01-01 01:30:24.036 1151 1151 I SettingsState: at com.android.providers.settings.SettingsState.logSettingsDirectoryInformation(SettingsState.java:877)
01-01 01:30:24.036 1151 1151 I SettingsState: at com.android.providers.settings.SettingsState.readStateSyncLocked(SettingsState.java:1008)
01-01 01:30:24.036 1151 1151 I SettingsState: at com.android.providers.settings.SettingsState.(SettingsState.java:283)
01-01 01:30:24.036 1151 1151 I SettingsState: at com.android.providers.settings.SettingsProvider$SettingsRegistry.ensureSettingsStateLocked(SettingsProvider.java:2883)
01-01 01:30:24.036 1151 1151 I SettingsState: at com.android.providers.settings.SettingsProvider$SettingsRegistry.ensureSettingsForUserLocked(SettingsProvider.java:2871)
01-01 01:30:24.036 1151 1151 I SettingsState: at com.android.providers.settings.SettingsProvider$SettingsRegistry.peekSettingsStateLocked(SettingsProvider.java:3191)
01-01 01:30:24.036 1151 1151 I SettingsState: at com.android.providers.settings.SettingsProvider$SettingsRegistry.getSettingsNamesLocked(SettingsProvider.java:2813)
01-01 01:30:24.036 1151 1151 I SettingsState: at com.android.providers.settings.SettingsProvider$SettingsRegistry.syncSsaidTableOnStartLocked(SettingsProvider.java:2796)
01-01 01:30:24.036 1151 1151 I SettingsState: at com.android.providers.settings.SettingsProvider$SettingsRegistry.access$100(SettingsProvider.java:2666)
01-01 01:30:24.036 1151 1151 I SettingsState: at com.android.providers.settings.SettingsProvider.onCreate(SettingsProvider.java:396)
01-01 01:30:24.036 1151 1151 I SettingsState: at android.content.ContentProvider.attachInfo(ContentProvider.java:2404)
01-01 01:30:24.036 1151 1151 I SettingsState: at android.content.ContentProvider.attachInfo(ContentProvider.java:2374)
01-01 01:30:24.036 1151 1151 I SettingsState: at android.app.ActivityThread.installProvider(ActivityThread.java:7463)
01-01 01:30:24.036 1151 1151 I SettingsState: at android.app.ActivityThread.installContentProviders(ActivityThread.java:6980)
01-01 01:30:24.036 1151 1151 I SettingsState: at android.app.ActivityThread.installSystemProviders(ActivityThread.java:7650)
01-01 01:30:24.036 1151 1151 I SettingsState: at com.android.server.am.ContentProviderHelper.installSystemProviders(ContentProviderHelper.java:1247)
01-01 01:30:24.036 1151 1151 I SettingsState: at com.android.server.SystemServer.startOtherServices(SystemServer.java:1439)
01-01 01:30:24.036 1151 1151 I SettingsState: at com.android.server.SystemServer.run(SystemServer.java:883)
01-01 01:30:24.036 1151 1151 I SettingsState: at com.android.server.SystemServer.main(SystemServer.java:614)
01-01 01:30:24.036 1151 1151 I SettingsState: at java.lang.reflect.Method.invoke(Native Method)
01-01 01:30:24.036 1151 1151 I SettingsState: at com.android.internal.os.RuntimeInit$MethodAndArgsCaller.run(RuntimeInit.java:548)
01-01 01:30:24.036 1151 1151 I SettingsState: at com.android.internal.os.ZygoteInit.main(ZygoteInit.java:987)
01-01 01:30:24.037 1151 1151 I SettingsState: ancestor directory /data/system/users/0 exists
01-01 01:30:24.037 1151 1151 I SettingsState: ancestor directory /data/system/users/0 permissions: r: true w: true x: true
01-01 01:30:24.038 1151 1151 I SettingsState: ancestor's parent directory /data/system/users permissions: r: true w: true x: true
01-01 01:30:24.093 1151 1703 D ActivityManager: Freezer enabled
01-01 01:30:24.093 1151 1703 D ActivityManager: freezer override set to false
01-01 01:30:24.100 1151 1151 D SystemServerTiming: InstallSystemProviders took to complete: 342ms
01-01 01:30:24.100 1151 1151 I SystemServerTiming: StartDropBoxManager
01-01 01:30:24.100 1151 1151 I SystemServiceManager: Starting com.android.server.DropBoxManagerService
01-01 01:30:24.105 1151 1151 D SystemServerTiming: StartDropBoxManager took to complete: 5ms
01-01 01:30:24.105 1151 1151 I SystemServerTiming: StartRoleManagerService
01-01 01:30:24.107 1151 1151 I SystemServiceManager: Starting com.android.role.RoleService
01-01 01:30:24.128 1151 1151 D SystemServerTiming: StartRoleManagerService took to complete: 24ms
01-01 01:30:24.129 1151 1151 I SystemServerTiming: StartVibratorManagerService
01-01 01:30:24.129 1151 1151 I SystemServiceManager: Starting com.android.server.vibrator.VibratorManagerService$Lifecycle
01-01 01:30:24.150 1151 1151 D SystemServerTiming: StartVibratorManagerService took to complete: 21ms
01-01 01:30:24.150 1151 1151 I SystemServerTiming: StartDynamicSystemService
01-01 01:30:24.153 1151 1151 D SystemServerTiming: StartDynamicSystemService took to complete: 3ms
01-01 01:30:24.153 1151 1151 I SystemServerTiming: StartConsumerIrService
01-01 01:30:24.155 1151 1151 D SystemServerTiming: StartConsumerIrService took to complete: 1ms
01-01 01:30:24.155 1151 1151 I SystemServerTiming: StartAlarmManagerService
01-01 01:30:24.155 1151 1151 I SystemServiceManager: Starting com.android.server.alarm.AlarmManagerService
01-01 01:30:24.179 1151 1151 I AlarmManager: Current time only 5424179, advancing to build time 1661348698000
08-24 13:44:58.006 1151 1151 D SystemServerTiming: StartAlarmManagerService took to complete: 30ms
08-24 13:44:58.006 1151 1151 I SystemServerTiming: StartInputManagerService
08-24 13:44:58.007 1151 1151 I InputManager: Initializing input manager, mUseDevInputEventForAudioJack=true
08-24 13:44:58.023 1151 1151 D SystemServerTiming: StartInputManagerService took to complete: 17ms
08-24 13:44:58.023 1151 1151 I SystemServerTiming: DeviceStateManagerService
08-24 13:44:58.023 1151 1151 I SystemServiceManager: Starting com.android.server.devicestate.DeviceStateManagerService
08-24 13:44:58.039 1151 1151 D SystemServerTiming: DeviceStateManagerService took to complete: 16ms
08-24 13:44:58.039 1151 1151 I SystemServerTiming: StartCameraServiceProxy
08-24 13:44:58.039 1151 1151 I SystemServiceManager: Starting com.android.server.camera.CameraServiceProxy
08-24 13:44:58.042 1151 1151 D SystemServerTiming: StartCameraServiceProxy took to complete: 2ms
08-24 13:44:58.042 1151 1151 I SystemServerTiming: StartWindowManagerService
08-24 13:44:58.042 1151 1151 I SystemServiceManager: Starting phase 200
08-24 13:44:58.042 1151 1151 I SystemServerTiming: OnBootPhase_200
08-24 13:44:58.042 1151 1151 I SystemServerTiming: OnBootPhase_200_com.android.server.security.FileIntegrityService
08-24 13:44:58.042 1151 1151 D SystemServerTiming: OnBootPhase_200_com.android.server.security.FileIntegrityService took to complete: 0ms
08-24 13:44:58.042 1151 1151 I SystemServerTiming: OnBootPhase_200_com.android.server.pm.Installer
08-24 13:44:58.042 1151 1151 D SystemServerTiming: OnBootPhase_200_com.android.server.pm.Installer took to complete: 0ms
08-24 13:44:58.042 1151 1151 I SystemServerTiming: OnBootPhase_200_com.android.server.os.DeviceIdentifiersPolicyService
08-24 13:44:58.042 1151 1151 D SystemServerTiming: OnBootPhase_200_com.android.server.os.DeviceIdentifiersPolicyService took to complete: 0ms
08-24 13:44:58.043 1151 1151 I SystemServerTiming: OnBootPhase_200_com.android.server.uri.UriGrantsManagerService$Lifecycle
08-24 13:44:58.043 1151 1151 D SystemServerTiming: OnBootPhase_200_com.android.server.uri.UriGrantsManagerService$Lifecycle took to complete: 0ms
08-24 13:44:58.043 1151 1151 I SystemServerTiming: OnBootPhase_200_com.android.server.powerstats.PowerStatsService
08-24 13:44:58.043 1151 1151 D SystemServerTiming: OnBootPhase_200_com.android.server.powerstats.PowerStatsService took to complete: 0ms
08-24 13:44:58.043 1151 1151 I SystemServerTiming: OnBootPhase_200_com.android.server.wm.ActivityTaskManagerService$Lifecycle
08-24 13:44:58.043 1151 1151 D SystemServerTiming: OnBootPhase_200_com.android.server.wm.ActivityTaskManagerService$Lifecycle took to complete: 0ms
08-24 13:44:58.043 1151 1151 I SystemServerTiming: OnBootPhase_200_com.android.server.am.ActivityManagerService$Lifecycle
08-24 13:44:58.043 1151 1151 D SystemServerTiming: OnBootPhase_200_com.android.server.am.ActivityManagerService$Lifecycle took to complete: 0ms
08-24 13:44:58.043 1151 1151 I SystemServerTiming: OnBootPhase_200_com.android.server.pm.DataLoaderManagerService
08-24 13:44:58.043 1151 1151 D SystemServerTiming: OnBootPhase_200_com.android.server.pm.DataLoaderManagerService took to complete: 0ms
08-24 13:44:58.043 1151 1151 I SystemServerTiming: OnBootPhase_200_com.android.server.power.PowerManagerService
08-24 13:44:58.043 1151 1151 D SystemServerTiming: OnBootPhase_200_com.android.server.power.PowerManagerService took to complete: 0ms
08-24 13:44:58.043 1151 1151 I SystemServerTiming: OnBootPhase_200_com.android.server.power.ThermalManagerService
08-24 13:44:58.043 1151 1151 D SystemServerTiming: OnBootPhase_200_com.android.server.power.ThermalManagerService took to complete: 0ms
08-24 13:44:58.043 1151 1151 I SystemServerTiming: OnBootPhase_200_com.android.server.power.hint.HintManagerService
08-24 13:44:58.044 1151 1151 D SystemServerTiming: OnBootPhase_200_com.android.server.power.hint.HintManagerService took to complete: 0ms
08-24 13:44:58.044 1151 1151 I SystemServerTiming: OnBootPhase_200_com.android.server.recoverysystem.RecoverySystemService$Lifecycle
08-24 13:44:58.044 1151 1151 D SystemServerTiming: OnBootPhase_200_com.android.server.recoverysystem.RecoverySystemService$Lifecycle took to complete: 0ms
08-24 13:44:58.044 1151 1151 I SystemServerTiming: OnBootPhase_200_com.android.server.lights.LightsService
08-24 13:44:58.044 1151 1151 D SystemServerTiming: OnBootPhase_200_com.android.server.lights.LightsService took to complete: 0ms
08-24 13:44:58.044 1151 1151 I SystemServerTiming: OnBootPhase_200_com.android.server.display.DisplayManagerService
08-24 13:44:58.045 1151 1151 D SystemServerTiming: OnBootPhase_200_com.android.server.display.DisplayManagerService took to complete: 0ms
08-24 13:44:58.045 1151 1151 I SystemServerTiming: OnBootPhase_200_com.android.server.pm.verify.domain.DomainVerificationService
08-24 13:44:58.045 1151 1151 D SystemServerTiming: OnBootPhase_200_com.android.server.pm.verify.domain.DomainVerificationService took to complete: 0ms
08-24 13:44:58.045 1151 1151 I SystemServerTiming: OnBootPhase_200_com.android.server.pm.PackageInstallerService$Lifecycle
08-24 13:44:58.045 1151 1151 D SystemServerTiming: OnBootPhase_200_com.android.server.pm.PackageInstallerService$Lifecycle took to complete: 0ms
08-24 13:44:58.045 1151 1151 I SystemServerTiming: OnBootPhase_200_com.android.server.pm.UserManagerService$LifeCycle
08-24 13:44:58.045 1151 1151 D SystemServerTiming: OnBootPhase_200_com.android.server.pm.UserManagerService$LifeCycle took to complete: 0ms
08-24 13:44:58.045 1151 1151 I SystemServerTiming: OnBootPhase_200_com.android.server.om.OverlayManagerService
08-24 13:44:58.045 1151 1151 D SystemServerTiming: OnBootPhase_200_com.android.server.om.OverlayManagerService took to complete: 0ms
08-24 13:44:58.045 1151 1151 I SystemServerTiming: OnBootPhase_200_com.android.server.SensorPrivacyService
08-24 13:44:58.045 1151 1151 D SystemServerTiming: OnBootPhase_200_com.android.server.SensorPrivacyService took to complete: 0ms
08-24 13:44:58.045 1151 1151 I SystemServerTiming: OnBootPhase_200_com.android.server.sensors.SensorService
08-24 13:44:58.045 1151 1151 D SystemServerTiming: OnBootPhase_200_com.android.server.sensors.SensorService took to complete: 0ms
08-24 13:44:58.045 1151 1151 I SystemServerTiming: OnBootPhase_200_com.android.server.SystemConfigService
08-24 13:44:58.045 1151 1151 D SystemServerTiming: OnBootPhase_200_com.android.server.SystemConfigService took to complete: 0ms
08-24 13:44:58.045 1151 1151 I SystemServerTiming: OnBootPhase_200_com.android.server.BatteryService
08-24 13:44:58.045 1151 1151 D SystemServerTiming: OnBootPhase_200_com.android.server.BatteryService took to complete: 0ms
08-24 13:44:58.045 1151 1151 I SystemServerTiming: OnBootPhase_200_com.android.server.usage.UsageStatsService
08-24 13:44:58.045 1151 1151 D SystemServerTiming: OnBootPhase_200_com.android.server.usage.UsageStatsService took to complete: 0ms
08-24 13:44:58.046 1151 1151 I SystemServerTiming: OnBootPhase_200_com.android.server.webkit.WebViewUpdateService
08-24 13:44:58.046 1151 1151 D SystemServerTiming: OnBootPhase_200_com.android.server.webkit.WebViewUpdateService took to complete: 0ms
08-24 13:44:58.046 1151 1151 I SystemServerTiming: OnBootPhase_200_com.android.server.CachedDeviceStateService
08-24 13:44:58.046 1151 1151 D SystemServerTiming: OnBootPhase_200_com.android.server.CachedDeviceStateService took to complete: 0ms
08-24 13:44:58.046 1151 1151 I SystemServerTiming: OnBootPhase_200_com.android.server.BinderCallsStatsService$LifeCycle
08-24 13:44:58.046 1151 1151 D SystemServerTiming: OnBootPhase_200_com.android.server.BinderCallsStatsService$LifeCycle took to complete: 0ms
08-24 13:44:58.046 1151 1151 I SystemServerTiming: OnBootPhase_200_com.android.server.LooperStatsService$Lifecycle
08-24 13:44:58.046 1151 1151 D SystemServerTiming: OnBootPhase_200_com.android.server.LooperStatsService$Lifecycle took to complete: 0ms
08-24 13:44:58.046 1151 1151 I SystemServerTiming: OnBootPhase_200_com.android.server.rollback.RollbackManagerService
08-24 13:44:58.046 1151 1151 D SystemServerTiming: OnBootPhase_200_com.android.server.rollback.RollbackManagerService took to complete: 0ms
08-24 13:44:58.046 1151 1151 I SystemServerTiming: OnBootPhase_200_com.android.server.os.NativeTombstoneManagerService
08-24 13:44:58.046 1151 1151 D SystemServerTiming: OnBootPhase_200_com.android.server.os.NativeTombstoneManagerService took to complete: 0ms
08-24 13:44:58.046 1151 1151 I SystemServerTiming: OnBootPhase_200_com.android.server.os.BugreportManagerService
08-24 13:44:58.046 1151 1151 D SystemServerTiming: OnBootPhase_200_com.android.server.os.BugreportManagerService took to complete: 0ms
08-24 13:44:58.046 1151 1151 I SystemServerTiming: OnBootPhase_200_com.android.server.gpu.GpuService
08-24 13:44:58.046 1151 1151 D SystemServerTiming: OnBootPhase_200_com.android.server.gpu.GpuService took to complete: 0ms
08-24 13:44:58.046 1151 1151 I SystemServerTiming: OnBootPhase_200_com.android.server.security.KeyChainSystemService
08-24 13:44:58.047 1151 1151 D SystemServerTiming: OnBootPhase_200_com.android.server.security.KeyChainSystemService took to complete: 0ms
08-24 13:44:58.047 1151 1151 I SystemServerTiming: OnBootPhase_200_com.android.server.telecom.TelecomLoaderService
08-24 13:44:58.047 1151 1151 D SystemServerTiming: OnBootPhase_200_com.android.server.telecom.TelecomLoaderService took to complete: 0ms
08-24 13:44:58.047 1151 1151 I SystemServerTiming: OnBootPhase_200_com.android.server.accounts.AccountManagerService$Lifecycle
08-24 13:44:58.047 1151 1151 D SystemServerTiming: OnBootPhase_200_com.android.server.accounts.AccountManagerService$Lifecycle took to complete: 0ms
08-24 13:44:58.047 1151 1151 I SystemServerTiming: OnBootPhase_200_com.android.server.content.ContentService$Lifecycle
08-24 13:44:58.047 1151 1151 D SystemServerTiming: OnBootPhase_200_com.android.server.content.ContentService$Lifecycle took to complete: 0ms
08-24 13:44:58.047 1151 1151 I SystemServerTiming: OnBootPhase_200_com.android.server.DropBoxManagerService
08-24 13:44:58.047 1151 1151 D SystemServerTiming: OnBootPhase_200_com.android.server.DropBoxManagerService took to complete: 0ms
08-24 13:44:58.047 1151 1151 I SystemServerTiming: OnBootPhase_200_com.android.role.RoleService
08-24 13:44:58.047 1151 1151 D SystemServerTiming: OnBootPhase_200_com.android.role.RoleService took to complete: 0ms
08-24 13:44:58.047 1151 1151 I SystemServerTiming: OnBootPhase_200_com.android.server.vibrator.VibratorManagerService$Lifecycle
08-24 13:44:58.047 1151 1151 D SystemServerTiming: OnBootPhase_200_com.android.server.vibrator.VibratorManagerService$Lifecycle took to complete: 0ms
08-24 13:44:58.047 1151 1151 I SystemServerTiming: OnBootPhase_200_com.android.server.alarm.AlarmManagerService
08-24 13:44:58.047 1151 1151 D SystemServerTiming: OnBootPhase_200_com.android.server.alarm.AlarmManagerService took to complete: 0ms
08-24 13:44:58.047 1151 1151 I SystemServerTiming: OnBootPhase_200_com.android.server.devicestate.DeviceStateManagerService
08-24 13:44:58.047 1151 1151 D SystemServerTiming: OnBootPhase_200_com.android.server.devicestate.DeviceStateManagerService took to complete: 0ms
08-24 13:44:58.047 1151 1151 I SystemServerTiming: OnBootPhase_200_com.android.server.camera.CameraServiceProxy
08-24 13:44:58.047 1151 1151 D SystemServerTiming: OnBootPhase_200_com.android.server.camera.CameraServiceProxy took to complete: 0ms
08-24 13:44:58.047 1151 1151 D SystemServerTiming: OnBootPhase_200 took to complete: 6ms
08-24 13:44:58.048 1151 1151 I WindowManager: No existing display settings, starting empty
08-24 13:44:58.049 1151 1151 I WindowManager: No existing display settings, starting empty
08-24 13:44:58.070 1151 1151 D SystemServerTiming: StartWindowManagerService took to complete: 29ms
08-24 13:44:58.071 1151 1151 I SystemServerTiming: SetWindowManagerService
08-24 13:44:58.149 1151 1151 I ActivityTaskManager: Loaded persisted task ids for user 0
08-24 13:44:58.152 1151 1151 D SystemServerTiming: SetWindowManagerService took to complete: 82ms
08-24 13:44:58.152 1151 1151 I SystemServerTiming: WindowManagerServiceOnInitReady
08-24 13:44:58.171 1151 1151 D SystemServerTiming: WindowManagerServiceOnInitReady took to complete: 19ms
08-24 13:44:58.172 1151 1151 I SystemServerTiming: StartInputManager
08-24 13:44:58.172 1151 1151 I InputManager: Starting input manager
08-24 13:44:58.173 1151 1858 I SystemServerTimingAsync: InitThreadPoolExec:StartHidlServices
08-24 13:44:58.173 1151 1858 D SystemServerInitThreadPool: Started executing StartHidlServices
08-24 13:44:58.173 1151 1858 I SystemServerTimingAsync: StartHidlServices
08-24 13:44:58.180 1151 1151 D SystemServerTiming: StartInputManager took to complete: 8ms
08-24 13:44:58.181 1151 1151 I SystemServerTiming: DisplayManagerWindowManagerAndInputReady
08-24 13:44:58.182 1151 1151 D SystemServerTiming: DisplayManagerWindowManagerAndInputReady took to complete: 1ms
08-24 13:44:58.182 1151 1692 I LogicalDisplayMapper: Requesting Transition to state: 0
08-24 13:44:58.183 1151 1692 I LogicalDisplayMapper: Applying layout: [{addr: {port=129, model=0x40446d3026322d}, dispId: 0(ON)}], Previous layout: [{addr: {port=129, model=0x40446d3026322d}, dispId: 0(ON)}]
08-24 13:44:58.189 1151 1151 I SystemServerTiming: StartBluetoothService
08-24 13:44:58.189 1151 1151 I SystemServiceManager: Starting com.android.server.BluetoothService
08-24 13:44:58.191 1151 1151 D BluetoothManagerService: Loading stored name and address
08-24 13:44:58.192 1151 1151 D BluetoothManagerService: Stored bluetooth Name=null,Address=null
08-24 13:44:58.192 1151 1151 D BluetoothManagerService: Bluetooth persisted state: 1
08-24 13:44:58.192 1151 1151 D BluetoothManagerService: Startup: Bluetooth persisted state is ON.
08-24 13:44:58.192 1151 1151 D BluetoothManagerService: Detected SystemUiUid: 10087
08-24 13:44:58.192 1151 1151 D SystemServerTiming: StartBluetoothService took to complete: 2ms
08-24 13:44:58.192 1151 1151 I SystemServerTiming: IpConnectivityMetrics
08-24 13:44:58.193 1151 1151 I SystemServiceManager: Starting com.android.server.connectivity.IpConnectivityMetrics
08-24 13:44:58.193 1151 1858 D SystemServerTimingAsync: StartHidlServices took to complete: 19ms
08-24 13:44:58.193 1151 1151 D SystemServerTiming: IpConnectivityMetrics took to complete: 1ms
08-24 13:44:58.193 1151 1858 D SystemServerInitThreadPool: Finished executing StartHidlServices
08-24 13:44:58.193 1151 1858 D SystemServerTimingAsync: InitThreadPoolExec:StartHidlServices took to complete: 21ms
08-24 13:44:58.193 1151 1151 I SystemServerTiming: NetworkWatchlistService
08-24 13:44:58.193 1151 1151 I SystemServiceManager: Starting com.android.server.net.watchlist.NetworkWatchlistService$Lifecycle
08-24 13:44:58.201 1151 1151 D SystemServerTiming: NetworkWatchlistService took to complete: 7ms
08-24 13:44:58.201 1151 1151 I SystemServerTiming: PinnerService
08-24 13:44:58.201 1151 1151 I SystemServiceManager: Starting com.android.server.PinnerService
08-24 13:44:58.202 1151 1151 V HistoricalRegistry: Interaction before persistence initialized
08-24 13:44:58.202 1151 1869 I WatchlistLoggingHandler: Start aggregating watchlist records.
08-24 13:44:58.204 1151 1151 D SystemServerTiming: PinnerService took to complete: 2ms
08-24 13:44:58.204 1151 1151 I SystemServerTiming: IorapForwardingService
08-24 13:44:58.204 1151 1151 I SystemServiceManager: Starting com.google.android.startop.iorap.IorapForwardingService
08-24 13:44:58.204 1151 1702 D PinnerService: pinRangeStream: null
08-24 13:44:58.205 1151 1151 D SystemServerTiming: IorapForwardingService took to complete: 2ms
08-24 13:44:58.205 1151 1151 I SystemServiceManager: Starting com.android.server.ActivityTriggerService
08-24 13:44:58.206 1151 1151 I ActivityTriggerService: Starting ActivityTriggerService
08-24 13:44:58.208 1151 1151 I SystemServerTiming: SignedConfigService
08-24 13:44:58.208 1151 1151 D SystemServerTiming: SignedConfigService took to complete: 0ms
08-24 13:44:58.208 1151 1151 I SystemServerTiming: AppIntegrityService
08-24 13:44:58.209 1151 1789 D SystemServerTimingAsync: AppDataPrepare took to complete: 1062ms
08-24 13:44:58.209 1151 1789 I PackageManager: Deferred reconcileAppsData finished 110 packages
08-24 13:44:58.209 1151 1789 D SystemServerInitThreadPool: Finished executing prepareAppData
08-24 13:44:58.209 1151 1789 D SystemServerTimingAsync: InitThreadPoolExec:prepareAppData took to complete: 1069ms
08-24 13:44:58.209 1151 1151 I SystemServiceManager: Starting com.android.server.integrity.AppIntegrityManagerService
08-24 13:44:58.224 1151 1702 D PinnerService: pinRangeStream: null
08-24 13:44:58.227 1151 1702 D PinnerService: pinRangeStream: null
08-24 13:44:58.240 1151 1151 D SystemServerTiming: AppIntegrityService took to complete: 31ms
08-24 13:44:58.243 1151 1702 D PinnerService: pinRangeStream: null
08-24 13:44:58.262 1151 1151 I WindowManager: SAFE MODE not enabled
08-24 13:44:58.263 1151 1151 I SystemServerTiming: StartInputMethodManagerLifecycle
08-24 13:44:58.263 1151 1151 I SystemServiceManager: Starting com.android.server.inputmethod.InputMethodManagerService$Lifecycle
08-24 13:44:58.272 1151 1151 D SystemServerTiming: StartInputMethodManagerLifecycle took to complete: 9ms
08-24 13:44:58.272 1151 1151 I SystemServerTiming: StartAccessibilityManagerService
08-24 13:44:58.272 1151 1151 I SystemServiceManager: Starting com.android.server.accessibility.AccessibilityManagerService$Lifecycle
08-24 13:44:58.280 1151 1151 D SystemServerTiming: StartAccessibilityManagerService took to complete: 9ms
08-24 13:44:58.280 1151 1151 I SystemServerTiming: MakeDisplayReady
08-24 13:44:58.284 1151 1151 I ActivityTaskManager: Config changes=20005df8 {1.0 ?mcc?mnc [zh_CN] ldltr sw680dp w1586dp h608dp 240dpi lrg long land ?uimode ?night -touch -keyb/h/h -nav/h winConfig={ mBounds=Rect(0, 0 - 2380, 1020) mAppBounds=Rect(0, 0 - 2380, 948) mMaxBounds=Rect(0, 0 - 2380, 1020) mWindowingMode=fullscreen mDisplayWindowingMode=fullscreen mActivityType=undefined mAlwaysOnTop=undefined mRotation=ROTATION_0} s.2 ?fontWeightAdjustment}
08-24 13:44:58.285 1151 1151 I WindowManager: Override config changes=60007dfc {1.0 ?mcc?mnc [zh_CN] ldltr sw680dp w1586dp h608dp 240dpi lrg long land ?uimode ?night -touch -keyb/h/h -nav/h winConfig={ mBounds=Rect(0, 0 - 2380, 1020) mAppBounds=Rect(0, 0 - 2380, 948) mMaxBounds=Rect(0, 0 - 2380, 1020) mWindowingMode=fullscreen mDisplayWindowingMode=fullscreen mActivityType=undefined mAlwaysOnTop=undefined mRotation=ROTATION_0} s.2 ?fontWeightAdjustment} for displayId=0
08-24 13:44:58.293 1151 1151 I ActivityTaskManager: Config changes=8 {1.0 ?mcc?mnc [zh_CN] ldltr sw680dp w1586dp h608dp 240dpi lrg long land ?uimode ?night finger -keyb/h/h -nav/h winConfig={ mBounds=Rect(0, 0 - 2380, 1020) mAppBounds=Rect(0, 0 - 2380, 948) mMaxBounds=Rect(0, 0 - 2380, 1020) mWindowingMode=fullscreen mDisplayWindowingMode=fullscreen mActivityType=undefined mAlwaysOnTop=undefined mRotation=ROTATION_0} s.4 ?fontWeightAdjustment}
