01-01 02:22:04.113 0 0 I init : Sending signal 9 to service 'qvrd_vndr' (pid 19836) process group...
01-01 02:22:04.113 0 0 I libprocessgroup: Successfully killed process cgroup uid 1000 pid 19836 in 0ms
01-01 02:22:04.132 0 0 I init : Service 'sxrd' (pid 19849) exited with status 1
01-01 02:22:04.132 0 0 I init : Sending signal 9 to service 'sxrd' (pid 19849) process group...
01-01 02:22:04.132 0 0 I libprocessgroup: Successfully killed process cgroup uid 1000 pid 19849 in 0ms
08-24 14:36:37.922 19836 19836 F linker : CANNOT LINK EXECUTABLE "/vendor/bin/hw/qvrservice": library "vendor.qti.hardware.qxr-V1-ndk_platform.so" not found: needed by /vendor/lib64/libqvrservice.so in namespace (default)
08-24 14:36:37.941 19849 19849 F linker : CANNOT LINK EXECUTABLE "/vendor/bin/hw/sxrservice": library "vendor.qti.hardware.qxr-V1-ndk_platform.so" not found: needed by main executable
01-01 02:22:04.619 0 0 D : mv2112_read_status
01-01 02:22:04.619 0 0 D mv2112_update_link: 3.0x901(1G): 0x80
01-01 02:22:04.619 0 0 D mv2112_update_link: 3.0x8109(100M): 0x0
01-01 02:22:04.619 0 0 D mv2112_update_link: link 0x0
01-01 02:22:04.619 0 0 D mv2112_read_status: autoneg is disabled
01-01 02:22:05.643 0 0 D : mv2112_read_status
01-01 02:22:05.643 0 0 D mv2112_update_link: 3.0x901(1G): 0x80
01-01 02:22:05.644 0 0 D mv2112_update_link: 3.0x8109(100M): 0x0
01-01 02:22:05.644 0 0 D mv2112_update_link: link 0x0
01-01 02:22:05.644 0 0 D mv2112_read_status: autoneg is disabled
01-01 02:22:05.663 0 0 I IRQ 5 : no longer affine to CPU6
01-01 02:22:06.223 0 0 I IRQ 5 : no longer affine to CPU5
01-01 02:22:06.539 0 0 W logd : Skipping entries from slow reader, pid 1286, fd 14, from LogBuffer::Prune()
01-01 02:22:06.543 0 0 I IRQ 5 : no longer affine to CPU6
01-01 02:22:06.667 0 0 D : mv2112_read_status
01-01 02:22:06.667 0 0 D mv2112_update_link: 3.0x901(1G): 0x80
01-01 02:22:06.667 0 0 D mv2112_update_link: 3.0x8109(100M): 0x0
01-01 02:22:06.667 0 0 D mv2112_update_link: link 0x0
01-01 02:22:06.667 0 0 D mv2112_read_status: autoneg is disabled
01-01 02:22:06.888 0 0 W logd : Skipping entries from slow reader, pid 1286, fd 14, from LogBuffer::Prune()
01-01 02:22:07.244 0 0 W logd : Skipping entries from slow reader, pid 1286, fd 14, from LogBuffer::Prune()
01-01 02:22:07.343 0 0 I IRQ 5 : no longer affine to CPU4
01-01 02:22:07.528 0 0 W logd : Skipping entries from slow reader, pid 1286, fd 14, from LogBuffer::Prune()
01-01 02:22:07.643 0 0 I IRQ 5 : no longer affine to CPU5
01-01 02:22:07.691 0 0 D : mv2112_read_status
01-01 02:22:07.691 0 0 D mv2112_update_link: 3.0x901(1G): 0x80
01-01 02:22:07.692 0 0 D mv2112_update_link: 3.0x8109(100M): 0x0
01-01 02:22:07.692 0 0 D mv2112_update_link: link 0x0
01-01 02:22:07.692 0 0 D mv2112_read_status: autoneg is disabled
01-01 02:22:07.849 0 0 W logd : Skipping entries from slow reader, pid 1286, fd 14, from LogBuffer::Prune()
01-01 02:22:07.897 0 0 W logd : Skipping entries from slow reader, pid 1286, fd 14, from LogBuffer::Prune()
01-01 02:22:08.223 0 0 I IRQ 5 : no longer affine to CPU6
01-01 02:22:08.263 0 0 W logd : Skipping entries from slow reader, pid 1286, fd 14, from LogBuffer::Prune()
01-01 02:22:08.700 0 0 W logd : Skipping entries from slow reader, pid 1286, fd 14, from LogBuffer::Prune()
01-01 02:22:08.704 0 0 I IRQ 5 : no longer affine to CPU4
01-01 02:22:08.715 0 0 D : mv2112_read_status
01-01 02:22:08.715 0 0 D mv2112_update_link: 3.0x901(1G): 0x80
01-01 02:22:08.715 0 0 D mv2112_update_link: 3.0x8109(100M): 0x0
01-01 02:22:08.715 0 0 D mv2112_update_link: link 0x0
01-01 02:22:08.715 0 0 D mv2112_read_status: autoneg is disabled
01-01 02:22:08.963 0 0 I IRQ 5 : no longer affine to CPU6
01-01 02:22:09.035 0 0 W logd : Skipping entries from slow reader, pid 1286, fd 14, from LogBuffer::Prune()
01-01 02:22:09.057 0 0 I init : starting service 'qvrd_vndr'...
01-01 02:22:09.060 0 0 I init : Created socket '/dev/socket/qvrservice_vndr', mode 660, user 1000, group 1000
01-01 02:22:09.064 0 0 I init : Created socket '/dev/socket/qvrservice_vndr_camera', mode 660, user 1000, group 1000
01-01 02:22:09.104 0 0 I init : starting service 'sxrd'...
01-01 02:22:09.165 0 0 I init : Service 'qvrd_vndr' (pid 21133) exited with status 1
01-01 02:22:09.165 0 0 I init : Sending signal 9 to service 'qvrd_vndr' (pid 21133) process group...
01-01 02:22:09.166 0 0 I libprocessgroup: Successfully killed process cgroup uid 1000 pid 21133 in 0ms
01-01 02:22:09.172 0 0 I init : Service 'sxrd' (pid 21144) exited with status 1
01-01 02:22:09.172 0 0 I init : Sending signal 9 to service 'sxrd' (pid 21144) process group...
01-01 02:22:09.173 0 0 I libprocessgroup: Successfully killed process cgroup uid 1000 pid 21144 in 0ms
01-01 02:22:09.245 0 0 W logd : Skipping entries from slow reader, pid 1286, fd 14, from LogBuffer::Prune()
08-24 14:36:42.974 21133 21133 F linker : CANNOT LINK EXECUTABLE "/vendor/bin/hw/qvrservice": library "vendor.qti.hardware.qxr-V1-ndk_platform.so" not found: needed by /vendor/lib64/libqvrservice.so in namespace (default)
08-24 14:36:42.977 21144 21144 F linker : CANNOT LINK EXECUTABLE "/vendor/bin/hw/sxrservice": library "vendor.qti.hardware.qxr-V1-ndk_platform.so" not found: needed by main executable
01-01 02:22:09.404 0 0 I IRQ 5 : no longer affine to CPU4
01-01 02:22:09.740 0 0 D : mv2112_read_status
01-01 02:22:09.740 0 0 D mv2112_update_link: 3.0x901(1G): 0x80
01-01 02:22:09.740 0 0 D mv2112_update_link: 3.0x8109(100M): 0x0
01-01 02:22:09.740 0 0 D mv2112_update_link: link 0x0
01-01 02:22:09.740 0 0 D mv2112_read_status: autoneg is disabled
01-01 02:22:09.923 0 0 I IRQ 5 : no longer affine to CPU5
01-01 02:22:10.763 0 0 D : mv2112_read_status
01-01 02:22:10.764 0 0 D mv2112_update_link: 3.0x901(1G): 0x80
01-01 02:22:10.764 0 0 D mv2112_update_link: 3.0x8109(100M): 0x0
01-01 02:22:10.764 0 0 D mv2112_update_link: link 0x0
01-01 02:22:10.764 0 0 D mv2112_read_status: autoneg is disabled
01-01 02:22:11.343 0 0 I IRQ 5 : no longer affine to CPU4
01-01 02:22:11.742 0 0 W logd : Skipping entries from slow reader, pid 1286, fd 14, from LogBuffer::Prune()
01-01 02:22:11.787 0 0 D : mv2112_read_status
01-01 02:22:11.788 0 0 D mv2112_update_link: 3.0x901(1G): 0x80
01-01 02:22:11.788 0 0 D mv2112_update_link: 3.0x8109(100M): 0x0
01-01 02:22:11.788 0 0 D mv2112_update_link: link 0x0
01-01 02:22:11.788 0 0 D mv2112_read_status: autoneg is disabled
01-01 02:22:12.114 0 0 W logd : Skipping entries from slow reader, pid 1286, fd 14, from LogBuffer::Prune()
01-01 02:22:12.477 0 0 W logd : Skipping entries from slow reader, pid 1286, fd 14, from LogBuffer::Prune()
01-01 02:22:12.698 0 0 W logd : Skipping entries from slow reader, pid 1286, fd 14, from LogBuffer::Prune()
01-01 02:22:12.763 0 0 W logd : Skipping entries from slow reader, pid 1286, fd 14, from LogBuffer::Prune()
01-01 02:22:12.811 0 0 D : mv2112_read_status
01-01 02:22:12.811 0 0 D mv2112_update_link: 3.0x901(1G): 0x80
01-01 02:22:12.811 0 0 D mv2112_update_link: 3.0x8109(100M): 0x0
01-01 02:22:12.811 0 0 D mv2112_update_link: link 0x0
01-01 02:22:12.811 0 0 D mv2112_read_status: autoneg is disabled
01-01 02:22:13.072 0 0 W logd : Skipping entries from slow reader, pid 1286, fd 14, from LogBuffer::Prune()
01-01 02:22:13.523 0 0 W logd : Skipping entries from slow reader, pid 1286, fd 14, from LogBuffer::Prune()
01-01 02:22:13.835 0 0 D : mv2112_read_status
01-01 02:22:13.835 0 0 D mv2112_update_link: 3.0x901(1G): 0x80
01-01 02:22:13.835 0 0 D mv2112_update_link: 3.0x8109(100M): 0x0
01-01 02:22:13.835 0 0 D mv2112_update_link: link 0x0
01-01 02:22:13.835 0 0 D mv2112_read_status: autoneg is disabled
01-01 02:22:13.871 0 0 W logd : Skipping entries from slow reader, pid 1286, fd 14, from LogBuffer::Prune()
01-01 02:22:14.093 0 0 I init : starting service 'qvrd_vndr'...
01-01 02:22:14.096 0 0 I init : Created socket '/dev/socket/qvrservice_vndr', mode 660, user 1000, group 1000
01-01 02:22:14.104 0 0 I init : Created socket '/dev/socket/qvrservice_vndr_camera', mode 660, user 1000, group 1000
01-01 02:22:14.135 0 0 I init : starting service 'sxrd'...
01-01 02:22:14.149 0 0 W logd : Skipping entries from slow reader, pid 1286, fd 14, from LogBuffer::Prune()
01-01 02:22:14.171 0 0 I init : Service 'qvrd_vndr' (pid 22509) exited with status 1
01-01 02:22:14.171 0 0 I init : Sending signal 9 to service 'qvrd_vndr' (pid 22509) process group...
01-01 02:22:14.171 0 0 I libprocessgroup: Successfully killed process cgroup uid 1000 pid 22509 in 0ms
01-01 02:22:14.187 0 0 I init : Service 'sxrd' (pid 22518) exited with status 1
01-01 02:22:14.187 0 0 I init : Sending signal 9 to service 'sxrd' (pid 22518) process group...
01-01 02:22:14.188 0 0 I libprocessgroup: Successfully killed process cgroup uid 1000 pid 22518 in 0ms
08-24 14:36:47.980 22509 22509 F linker : CANNOT LINK EXECUTABLE "/vendor/bin/hw/qvrservice": library "vendor.qti.hardware.qxr-V1-ndk_platform.so" not found: needed by /vendor/lib64/libqvrservice.so in namespace (default)
08-24 14:36:47.997 22518 22518 F linker : CANNOT LINK EXECUTABLE "/vendor/bin/hw/sxrservice": library "vendor.qti.hardware.qxr-V1-ndk_platform.so" not found: needed by main executable
01-01 02:22:14.511 0 0 W logd : Skipping entries from slow reader, pid 1286, fd 14, from LogBuffer::Prune()
01-01 02:22:14.859 0 0 D : mv2112_read_status
01-01 02:22:14.859 0 0 D mv2112_update_link: 3.0x901(1G): 0x80
01-01 02:22:14.859 0 0 D mv2112_update_link: 3.0x8109(100M): 0x0
01-01 02:22:14.860 0 0 D mv2112_update_link: link 0x0
01-01 02:22:14.860 0 0 D mv2112_read_status: autoneg is disabled
01-01 02:22:15.883 0 0 D : mv2112_read_status
01-01 02:22:15.883 0 0 D mv2112_update_link: 3.0x901(1G): 0x80
01-01 02:22:15.884 0 0 D mv2112_update_link: 3.0x8109(100M): 0x0
01-01 02:22:15.884 0 0 D mv2112_update_link: link 0x0
01-01 02:22:15.884 0 0 D mv2112_read_status: autoneg is disabled
01-01 02:22:16.324 0 0 I IRQ 5 : no longer affine to CPU4
01-01 02:22:16.857 0 0 W logd : Skipping entries from slow reader, pid 1286, fd 14, from LogBuffer::Prune()
01-01 02:22:16.908 0 0 D : mv2112_read_status
01-01 02:22:16.908 0 0 D mv2112_update_link: 3.0x901(1G): 0x80
01-01 02:22:16.908 0 0 D mv2112_update_link: 3.0x8109(100M): 0x0
01-01 02:22:16.908 0 0 D mv2112_update_link: link 0x0
01-01 02:22:16.908 0 0 D mv2112_read_status: autoneg is disabled
01-01 02:22:17.103 0 0 I IRQ 5 : no longer affine to CPU4
01-01 02:22:17.195 0 0 W logd : Skipping entries from slow reader, pid 1286, fd 14, from LogBuffer::Prune()
01-01 02:22:17.582 0 0 W logd : Skipping entries from slow reader, pid 1286, fd 14, from LogBuffer::Prune()
01-01 02:22:17.931 0 0 D : mv2112_read_status
01-01 02:22:17.932 0 0 D mv2112_update_link: 3.0x901(1G): 0x80
01-01 02:22:17.932 0 0 D mv2112_update_link: 3.0x8109(100M): 0x0
01-01 02:22:17.932 0 0 D mv2112_update_link: link 0x0
01-01 02:22:17.932 0 0 D mv2112_read_status: autoneg is disabled
01-01 02:22:18.123 0 0 W logd : Skipping entries from slow reader, pid 1286, fd 14, from LogBuffer::Prune()
01-01 02:22:18.197 0 0 W logd : Skipping entries from slow reader, pid 1286, fd 14, from LogBuffer::Prune()
01-01 02:22:18.380 0 0 W logd : Skipping entries from slow reader, pid 1286, fd 14, from LogBuffer::Prune()
01-01 02:22:18.653 0 0 W logd : Skipping entries from slow reader, pid 1286, fd 14, from LogBuffer::Prune()
01-01 02:22:18.843 0 0 I IRQ 5 : no longer affine to CPU6
01-01 02:22:18.955 0 0 D : mv2112_read_status
01-01 02:22:18.955 0 0 D mv2112_update_link: 3.0x901(1G): 0x80
01-01 02:22:18.955 0 0 D mv2112_update_link: 3.0x8109(100M): 0x0
01-01 02:22:18.956 0 0 D mv2112_update_link: link 0x0
01-01 02:22:18.956 0 0 D mv2112_read_status: autoneg is disabled
01-01 02:22:18.970 0 0 W logd : Skipping entries from slow reader, pid 1286, fd 14, from LogBuffer::Prune()
01-01 02:22:19.124 0 0 I init : starting service 'qvrd_vndr'...
01-01 02:22:19.127 0 0 I init : Created socket '/dev/socket/qvrservice_vndr', mode 660, user 1000, group 1000
01-01 02:22:19.130 0 0 I init : Created socket '/dev/socket/qvrservice_vndr_camera', mode 660, user 1000, group 1000
01-01 02:22:19.170 0 0 I init : starting service 'sxrd'...
01-01 02:22:19.221 0 0 I init : Service 'qvrd_vndr' (pid 23892) exited with status 1
01-01 02:22:19.221 0 0 I init : Sending signal 9 to service 'qvrd_vndr' (pid 23892) process group...
01-01 02:22:19.222 0 0 I libprocessgroup: Successfully killed process cgroup uid 1000 pid 23892 in 0ms
01-01 02:22:19.237 0 0 I init : Service 'sxrd' (pid 23904) exited with status 1
01-01 02:22:19.237 0 0 I init : Sending signal 9 to service 'sxrd' (pid 23904) process group...
01-01 02:22:19.238 0 0 I libprocessgroup: Successfully killed process cgroup uid 1000 pid 23904 in 0ms
01-01 02:22:19.343 0 0 I IRQ 5 : no longer affine to CPU5
08-24 14:36:53.030 23892 23892 F linker : CANNOT LINK EXECUTABLE "/vendor/bin/hw/qvrservice": library "vendor.qti.hardware.qxr-V1-ndk_platform.so" not found: needed by /vendor/lib64/libqvrservice.so in namespace (default)
08-24 14:36:53.046 23904 23904 F linker : CANNOT LINK EXECUTABLE "/vendor/bin/hw/sxrservice": library "vendor.qti.hardware.qxr-V1-ndk_platform.so" not found: needed by main executable
01-01 02:22:19.418 0 0 W logd : Skipping entries from slow reader, pid 1286, fd 14, from LogBuffer::Prune()
01-01 02:22:19.668 0 0 W logd : Skipping entries from slow reader, pid 1286, fd 14, from LogBuffer::Prune()
01-01 02:22:19.979 0 0 D : mv2112_read_status
01-01 02:22:19.979 0 0 D mv2112_update_link: 3.0x901(1G): 0x80
01-01 02:22:19.979 0 0 D mv2112_update_link: 3.0x8109(100M): 0x0
01-01 02:22:19.979 0 0 D mv2112_update_link: link 0x0
01-01 02:22:19.979 0 0 D mv2112_read_status: autoneg is disabled
01-01 02:22:21.003 0 0 D : mv2112_read_status
01-01 02:22:21.003 0 0 D mv2112_update_link: 3.0x901(1G): 0x80
01-01 02:22:21.003 0 0 D mv2112_update_link: 3.0x8109(100M): 0x0
01-01 02:22:21.003 0 0 D mv2112_update_link: link 0x0
01-01 02:22:21.003 0 0 D mv2112_read_status: autoneg is disabled
01-01 02:22:21.283 0 0 I IRQ 5 : no longer affine to CPU4
01-01 02:22:21.963 0 0 W logd : Skipping entries from slow reader, pid 1286, fd 14, from LogBuffer::Prune()
01-01 02:22:22.028 0 0 D : mv2112_read_status
01-01 02:22:22.028 0 0 D mv2112_update_link: 3.0x901(1G): 0x80
01-01 02:22:22.028 0 0 D mv2112_update_link: 3.0x8109(100M): 0x0
01-01 02:22:22.028 0 0 D mv2112_update_link: link 0x0
01-01 02:22:22.028 0 0 D mv2112_read_status: autoneg is disabled
01-01 02:22:22.051 0 0 W logd : Skipping entries from slow reader, pid 1286, fd 14, from LogBuffer::Prune()
01-01 02:22:22.382 0 0 W logd : Skipping entries from slow reader, pid 1286, fd 14, from LogBuffer::Prune()
01-01 02:22:22.463 0 0 I IRQ 5 : no longer affine to CPU5
01-01 02:22:22.622 0 0 W logd : Skipping entries from slow reader, pid 1286, fd 14, from LogBuffer::Prune()
01-01 02:22:22.930 0 0 W logd : Skipping entries from slow reader, pid 1286, fd 14, from LogBuffer::Prune()
01-01 02:22:23.051 0 0 D : mv2112_read_status
01-01 02:22:23.052 0 0 D mv2112_update_link: 3.0x901(1G): 0x80
01-01 02:22:23.052 0 0 D mv2112_update_link: 3.0x8109(100M): 0x0
01-01 02:22:23.052 0 0 D mv2112_update_link: link 0x0
01-01 02:22:23.052 0 0 D mv2112_read_status: autoneg is disabled
01-01 02:22:23.232 0 0 W logd : Skipping entries from slow reader, pid 1286, fd 14, from LogBuffer::Prune()
01-01 02:22:23.599 0 0 W logd : Skipping entries from slow reader, pid 1286, fd 14, from LogBuffer::Prune()
01-01 02:22:23.865 0 0 W logd : Skipping entries from slow reader, pid 1286, fd 14, from LogBuffer::Prune()
01-01 02:22:23.983 0 0 I IRQ 5 : no longer affine to CPU6
01-01 02:22:24.075 0 0 D : mv2112_read_status
01-01 02:22:24.075 0 0 D mv2112_update_link: 3.0x901(1G): 0x80
01-01 02:22:24.075 0 0 D mv2112_update_link: 3.0x8109(100M): 0x0
01-01 02:22:24.075 0 0 D mv2112_update_link: link 0x0
01-01 02:22:24.075 0 0 D mv2112_read_status: autoneg is disabled
01-01 02:22:24.103 0 0 I IRQ 5 : no longer affine to CPU5
01-01 02:22:24.139 0 0 W logd : Skipping entries from slow reader, pid 1286, fd 14, from LogBuffer::Prune()
01-01 02:22:24.156 0 0 I init : starting service 'qvrd_vndr'...
01-01 02:22:24.157 0 0 W logd : Skipping entries from slow reader, pid 1286, fd 14, from LogBuffer::Prune()
01-01 02:22:24.158 0 0 I init : Created socket '/dev/socket/qvrservice_vndr', mode 660, user 1000, group 1000
01-01 02:22:24.160 0 0 I init : Created socket '/dev/socket/qvrservice_vndr_camera', mode 660, user 1000, group 1000
01-01 02:22:24.192 0 0 I init : starting service 'sxrd'...
01-01 02:22:24.232 0 0 I init : Service 'qvrd_vndr' (pid 25094) exited with status 1
01-01 02:22:24.232 0 0 I init : Sending signal 9 to service 'qvrd_vndr' (pid 25094) process group...
01-01 02:22:24.232 0 0 I libprocessgroup: Successfully killed process cgroup uid 1000 pid 25094 in 0ms
01-01 02:22:24.251 0 0 I init : Service 'sxrd' (pid 25100) exited with status 1
01-01 02:22:24.251 0 0 I init : Sending signal 9 to service 'sxrd' (pid 25100) process group...
01-01 02:22:24.252 0 0 I libprocessgroup: Successfully killed process cgroup uid 1000 pid 25100 in 0ms
08-24 14:36:58.041 25094 25094 F linker : CANNOT LINK EXECUTABLE "/vendor/bin/hw/qvrservice": library "vendor.qti.hardware.qxr-V1-ndk_platform.so" not found: needed by /vendor/lib64/libqvrservice.so in namespace (default)
08-24 14:36:58.060 25100 25100 F linker : CANNOT LINK EXECUTABLE "/vendor/bin/hw/sxrservice": library "vendor.qti.hardware.qxr-V1-ndk_platform.so" not found: needed by main executable
01-01 02:22:25.099 0 0 D : mv2112_read_status
01-01 02:22:25.099 0 0 D mv2112_update_link: 3.0x901(1G): 0x80
01-01 02:22:25.099 0 0 D mv2112_update_link: 3.0x8109(100M): 0x0
01-01 02:22:25.099 0 0 D mv2112_update_link: link 0x0
01-01 02:22:25.099 0 0 D mv2112_read_status: autoneg is disabled
01-01 02:22:25.823 0 0 I IRQ 5 : no longer affine to CPU6
01-01 02:22:26.063 0 0 I IRQ 5 : no longer affine to CPU5
01-01 02:22:26.124 0 0 D : mv2112_read_status
01-01 02:22:26.124 0 0 D mv2112_update_link: 3.0x901(1G): 0x80
01-01 02:22:26.124 0 0 D mv2112_update_link: 3.0x8109(100M): 0x0
01-01 02:22:26.124 0 0 D mv2112_update_link: link 0x0
01-01 02:22:26.124 0 0 D mv2112_read_status: autoneg is disabled
01-01 02:22:26.463 0 0 I IRQ 5 : no longer affine to CPU4
01-01 02:22:27.147 0 0 D : mv2112_read_status
01-01 02:22:27.147 0 0 D mv2112_update_link: 3.0x901(1G): 0x80
01-01 02:22:27.148 0 0 D mv2112_update_link: 3.0x8109(100M): 0x0
01-01 02:22:27.148 0 0 D mv2112_update_link: link 0x0
01-01 02:22:27.148 0 0 D mv2112_read_status: autoneg is disabled
01-01 02:22:27.255 0 0 W logd : Skipping entries from slow reader, pid 1286, fd 14, from LogBuffer::Prune()
01-01 02:22:27.543 0 0 I IRQ 5 : no longer affine to CPU4
01-01 02:22:27.600 0 0 W logd : Skipping entries from slow reader, pid 1286, fd 14, from LogBuffer::Prune()
01-01 02:22:27.961 0 0 W logd : Skipping entries from slow reader, pid 1286, fd 14, from LogBuffer::Prune()
01-01 02:22:28.144 0 0 W logd : Skipping entries from slow reader, pid 1286, fd 14, from LogBuffer::Prune()
01-01 02:22:28.171 0 0 D : mv2112_read_status
01-01 02:22:28.171 0 0 D mv2112_update_link: 3.0x901(1G): 0x80
01-01 02:22:28.171 0 0 D mv2112_update_link: 3.0x8109(100M): 0x0
01-01 02:22:28.171 0 0 D mv2112_update_link: link 0x0
01-01 02:22:28.171 0 0 D mv2112_read_status: autoneg is disabled
01-01 02:22:28.255 0 0 W logd : Skipping entries from slow reader, pid 1286, fd 14, from LogBuffer::Prune()
01-01 02:22:28.560 0 0 W logd : Skipping entries from slow reader, pid 1286, fd 14, from LogBuffer::Prune()
01-01 02:22:28.892 0 0 W logd : Skipping entries from slow reader, pid 1286, fd 14, from LogBuffer::Prune()
01-01 02:22:29.180 0 0 I init : starting service 'qvrd_vndr'...
01-01 02:22:29.183 0 0 I init : Created socket '/dev/socket/qvrservice_vndr', mode 660, user 1000, group 1000
01-01 02:22:29.185 0 0 I init : Created socket '/dev/socket/qvrservice_vndr_camera', mode 660, user 1000, group 1000
01-01 02:22:29.187 0 0 W logd : Skipping entries from slow reader, pid 1286, fd 14, from LogBuffer::Prune()
01-01 02:22:29.195 0 0 D : mv2112_read_status
01-01 02:22:29.197 0 0 D mv2112_update_link: 3.0x901(1G): 0x80
01-01 02:22:29.197 0 0 D mv2112_update_link: 3.0x8109(100M): 0x0
01-01 02:22:29.197 0 0 D mv2112_update_link: link 0x0
01-01 02:22:29.197 0 0 D mv2112_read_status: autoneg is disabled
01-01 02:22:29.241 0 0 I init : starting service 'sxrd'...
01-01 02:22:29.286 0 0 I init : Service 'qvrd_vndr' (pid 26158) exited with status 1
01-01 02:22:29.286 0 0 I init : Sending signal 9 to service 'qvrd_vndr' (pid 26158) process group...
01-01 02:22:29.287 0 0 I libprocessgroup: Successfully killed process cgroup uid 1000 pid 26158 in 0ms
01-01 02:22:29.313 0 0 I init : Service 'sxrd' (pid 26179) exited with status 1
01-01 02:22:29.313 0 0 I init : Sending signal 9 to service 'sxrd' (pid 26179) process group...
01-01 02:22:29.314 0 0 I libprocessgroup: Successfully killed process cgroup uid 1000 pid 26179 in 0ms
08-24 14:37:03.069 26158 26158 F linker : CANNOT LINK EXECUTABLE "/vendor/bin/hw/qvrservice": library "vendor.qti.hardware.qxr-V1-ndk_platform.so" not found: needed by /vendor/lib64/libqvrservice.so in namespace (default)
08-24 14:37:03.122 26179 26179 F linker : CANNOT LINK EXECUTABLE "/vendor/bin/hw/sxrservice": library "vendor.qti.hardware.qxr-V1-ndk_platform.so" not found: needed by main executable
01-01 02:22:29.472 0 0 W logd : Skipping entries from slow reader, pid 1286, fd 14, from LogBuffer::Prune()
01-01 02:22:29.750 0 0 W logd : Skipping entries from slow reader, pid 1286, fd 14, from LogBuffer::Prune()
01-01 02:22:30.219 0 0 D : mv2112_read_status
01-01 02:22:30.219 0 0 D mv2112_update_link: 3.0x901(1G): 0x80
01-01 02:22:30.220 0 0 D mv2112_update_link: 3.0x8109(100M): 0x0
01-01 02:22:30.220 0 0 D mv2112_update_link: link 0x0
01-01 02:22:30.220 0 0 D mv2112_read_status: autoneg is disabled
01-01 02:22:30.763 0 0 I IRQ 5 : no longer affine to CPU5
01-01 02:22:31.243 0 0 D : mv2112_read_status
01-01 02:22:31.243 0 0 D mv2112_update_link: 3.0x901(1G): 0x80
01-01 02:22:31.243 0 0 D mv2112_update_link: 3.0x8109(100M): 0x0
01-01 02:22:31.243 0 0 D mv2112_update_link: link 0x0
01-01 02:22:31.243 0 0 D mv2112_read_status: autoneg is disabled
01-01 02:22:32.265 0 0 W logd : Skipping entries from slow reader, pid 1286, fd 14, from LogBuffer::Prune()
01-01 02:22:32.267 0 0 D : mv2112_read_status
01-01 02:22:32.267 0 0 D mv2112_update_link: 3.0x901(1G): 0x80
01-01 02:22:32.268 0 0 D mv2112_update_link: 3.0x8109(100M): 0x0
01-01 02:22:32.268 0 0 D mv2112_update_link: link 0x0
01-01 02:22:32.268 0 0 D mv2112_read_status: autoneg is disabled
01-01 02:22:32.639 0 0 W logd : Skipping entries from slow reader, pid 1286, fd 14, from LogBuffer::Prune()
01-01 02:22:32.883 0 0 I IRQ 5 : no longer affine to CPU5
01-01 02:22:32.969 0 0 W logd : Skipping entries from slow reader, pid 1286, fd 14, from LogBuffer::Prune()
01-01 02:22:33.291 0 0 D : mv2112_read_status
01-01 02:22:33.291 0 0 D mv2112_update_link: 3.0x901(1G): 0x80
01-01 02:22:33.291 0 0 D mv2112_update_link: 3.0x8109(100M): 0x0
01-01 02:22:33.291 0 0 D mv2112_update_link: link 0x0
01-01 02:22:33.291 0 0 D mv2112_read_status: autoneg is disabled
01-01 02:22:33.322 0 0 W logd : Skipping entries from slow reader, pid 1286, fd 14, from LogBuffer::Prune()
01-01 02:22:33.337 0 0 W logd : Skipping entries from slow reader, pid 1286, fd 14, from LogBuffer::Prune()
01-01 02:22:33.656 0 0 W logd : Skipping entries from slow reader, pid 1286, fd 14, from LogBuffer::Prune()
01-01 02:22:33.744 0 0 I IRQ 5 : no longer affine to CPU6
01-01 02:22:33.923 0 0 W logd : Skipping entries from slow reader, pid 1286, fd 14, from LogBuffer::Prune()
01-01 02:22:34.204 0 0 I init : starting service 'qvrd_vndr'...
01-01 02:22:34.210 0 0 I init : Created socket '/dev/socket/qvrservice_vndr', mode 660, user 1000, group 1000
01-01 02:22:34.214 0 0 I init : Created socket '/dev/socket/qvrservice_vndr_camera', mode 660, user 1000, group 1000
01-01 02:22:34.272 0 0 I init : starting service 'sxrd'...
01-01 02:22:34.285 0 0 W logd : Skipping entries from slow reader, pid 1286, fd 14, from LogBuffer::Prune()
01-01 02:22:34.313 0 0 I init : Service 'qvrd_vndr' (pid 27453) exited with status 1
01-01 02:22:34.313 0 0 I init : Sending signal 9 to service 'qvrd_vndr' (pid 27453) process group...
01-01 02:22:34.314 0 0 I libprocessgroup: Successfully killed process cgroup uid 1000 pid 27453 in 0ms
01-01 02:22:34.315 0 0 D : mv2112_read_status
01-01 02:22:34.315 0 0 D mv2112_update_link: 3.0x901(1G): 0x80
01-01 02:22:34.315 0 0 D mv2112_update_link: 3.0x8109(100M): 0x0
01-01 02:22:34.315 0 0 D mv2112_update_link: link 0x0
01-01 02:22:34.315 0 0 D mv2112_read_status: autoneg is disabled
01-01 02:22:34.342 0 0 I init : Service 'sxrd' (pid 27463) exited with status 1
01-01 02:22:34.342 0 0 I init : Sending signal 9 to service 'sxrd' (pid 27463) process group...
01-01 02:22:34.343 0 0 I libprocessgroup: Successfully killed process cgroup uid 1000 pid 27463 in 0ms
08-24 14:37:08.122 27453 27453 F linker : CANNOT LINK EXECUTABLE "/vendor/bin/hw/qvrservice": library "vendor.qti.hardware.qxr-V1-ndk_platform.so" not found: needed by /vendor/lib64/libqvrservice.so in namespace (default)
08-24 14:37:08.152 27463 27463 F linker : CANNOT LINK EXECUTABLE "/vendor/bin/hw/sxrservice": library "vendor.qti.hardware.qxr-V1-ndk_platform.so" not found: needed by main executable
01-01 02:22:34.695 0 0 W logd : Skipping entries from slow reader, pid 1286, fd 14, from LogBuffer::Prune()
01-01 02:22:34.778 0 0 W logd : Skipping entries from slow reader, pid 1286, fd 14, from LogBuffer::Prune()
01-01 02:22:35.339 0 0 D : mv2112_read_status
01-01 02:22:35.339 0 0 D mv2112_update_link: 3.0x901(1G): 0x80
01-01 02:22:35.339 0 0 D mv2112_update_link: 3.0x8109(100M): 0x0
01-01 02:22:35.339 0 0 D mv2112_update_link: link 0x0
01-01 02:22:35.339 0 0 D mv2112_read_status: autoneg is disabled
01-01 02:22:35.603 0 0 I IRQ 5 : no longer affine to CPU6
01-01 02:22:36.363 0 0 D : mv2112_read_status
01-01 02:22:36.363 0 0 I IRQ 5 : no longer affine to CPU4
01-01 02:22:36.363 0 0 D mv2112_update_link: 3.0x901(1G): 0x80
01-01 02:22:36.363 0 0 D mv2112_update_link: 3.0x8109(100M): 0x0
01-01 02:22:36.363 0 0 D mv2112_update_link: link 0x0
01-01 02:22:36.364 0 0 D mv2112_read_status: autoneg is disabled
01-01 02:22:37.387 0 0 D : mv2112_read_status
01-01 02:22:37.387 0 0 D mv2112_update_link: 3.0x901(1G): 0x80
01-01 02:22:37.387 0 0 D mv2112_update_link: 3.0x8109(100M): 0x0
01-01 02:22:37.387 0 0 D mv2112_update_link: link 0x0
01-01 02:22:37.387 0 0 D mv2112_read_status: autoneg is disabled
01-01 02:22:37.776 0 0 W logd : Skipping entries from slow reader, pid 1286, fd 14, from LogBuffer::Prune()
01-01 02:22:37.970 0 0 W logd : Skipping entries from slow reader, pid 1286, fd 14, from LogBuffer::Prune()
01-01 02:22:38.185 0 0 W logd : Skipping entries from slow reader, pid 1286, fd 14, from LogBuffer::Prune()
01-01 02:22:38.412 0 0 D : mv2112_read_status
01-01 02:22:38.412 0 0 D mv2112_update_link: 3.0x901(1G): 0x80
01-01 02:22:38.413 0 0 D mv2112_update_link: 3.0x8109(100M): 0x0
01-01 02:22:38.413 0 0 D mv2112_update_link: link 0x0
01-01 02:22:38.413 0 0 D mv2112_read_status: autoneg is disabled
01-01 02:22:38.531 0 0 W logd : Skipping entries from slow reader, pid 1286, fd 14, from LogBuffer::Prune()
01-01 02:22:38.556 0 0 W logd : Skipping entries from slow reader, pid 1286, fd 14, from LogBuffer::Prune()
01-01 02:22:38.876 0 0 W logd : Skipping entries from slow reader, pid 1286, fd 14, from LogBuffer::Prune()
01-01 02:22:39.209 0 0 W logd : Skipping entries from slow reader, pid 1286, fd 14, from LogBuffer::Prune()
01-01 02:22:39.241 0 0 I init : starting service 'qvrd_vndr'...
01-01 02:22:39.244 0 0 I init : Created socket '/dev/socket/qvrservice_vndr', mode 660, user 1000, group 1000
01-01 02:22:39.247 0 0 I init : Created socket '/dev/socket/qvrservice_vndr_camera', mode 660, user 1000, group 1000
01-01 02:22:39.292 0 0 I init : starting service 'sxrd'...
01-01 02:22:39.337 0 0 I init : Service 'qvrd_vndr' (pid 28778) exited with status 1
01-01 02:22:39.337 0 0 I init : Sending signal 9 to service 'qvrd_vndr' (pid 28778) process group...
01-01 02:22:39.337 0 0 I libprocessgroup: Successfully killed process cgroup uid 1000 pid 28778 in 0ms
01-01 02:22:39.366 0 0 I init : Service 'sxrd' (pid 28789) exited with status 1
01-01 02:22:39.366 0 0 I init : Sending signal 9 to service 'sxrd' (pid 28789) process group...
01-01 02:22:39.367 0 0 I libprocessgroup: Successfully killed process cgroup uid 1000 pid 28789 in 0ms
01-01 02:22:39.435 0 0 D : mv2112_read_status
01-01 02:22:39.435 0 0 D mv2112_update_link: 3.0x901(1G): 0x80
01-01 02:22:39.435 0 0 D mv2112_update_link: 3.0x8109(100M): 0x0
01-01 02:22:39.435 0 0 D mv2112_update_link: link 0x0
01-01 02:22:39.435 0 0 D mv2112_read_status: autoneg is disabled
08-24 14:37:13.141 28778 28778 F linker : CANNOT LINK EXECUTABLE "/vendor/bin/hw/qvrservice": library "vendor.qti.hardware.qxr-V1-ndk_platform.so" not found: needed by /vendor/lib64/libqvrservice.so in namespace (default)
08-24 14:37:13.174 28789 28789 F linker : CANNOT LINK EXECUTABLE "/vendor/bin/hw/sxrservice": library "vendor.qti.hardware.qxr-V1-ndk_platform.so" not found: needed by main executable
01-01 02:22:39.514 0 0 W logd : Skipping entries from slow reader, pid 1286, fd 14, from LogBuffer::Prune()
01-01 02:22:39.583 0 0 I IRQ 5 : no longer affine to CPU4
01-01 02:22:39.883 0 0 I IRQ 5 : no longer affine to CPU6
01-01 02:22:39.889 0 0 W logd : Skipping entries from slow reader, pid 1286, fd 14, from LogBuffer::Prune()
01-01 02:22:39.956 0 0 W logd : Skipping entries from slow reader, pid 1286, fd 14, from LogBuffer::Prune()
01-01 02:22:40.459 0 0 D : mv2112_read_status
01-01 02:22:40.459 0 0 D mv2112_update_link: 3.0x901(1G): 0x80
01-01 02:22:40.459 0 0 D mv2112_update_link: 3.0x8109(100M): 0x0
01-01 02:22:40.459 0 0 D mv2112_update_link: link 0x0
01-01 02:22:40.459 0 0 D mv2112_read_status: autoneg is disabled
01-01 02:22:41.483 0 0 D : mv2112_read_status
01-01 02:22:41.483 0 0 D mv2112_update_link: 3.0x901(1G): 0x80
01-01 02:22:41.484 0 0 D mv2112_update_link: 3.0x8109(100M): 0x0
01-01 02:22:41.484 0 0 D mv2112_update_link: link 0x0
01-01 02:22:41.484 0 0 D mv2112_read_status: autoneg is disabled
01-01 02:22:41.563 0 0 I IRQ 5 : no longer affine to CPU6
01-01 02:22:42.507 0 0 D : mv2112_read_status
01-01 02:22:42.507 0 0 D mv2112_update_link: 3.0x901(1G): 0x80
01-01 02:22:42.508 0 0 D mv2112_update_link: 3.0x8109(100M): 0x0
01-01 02:22:42.508 0 0 D mv2112_update_link: link 0x0
01-01 02:22:42.508 0 0 D mv2112_read_status: autoneg is disabled
01-01 02:22:42.843 0 0 W logd : Skipping entries from slow reader, pid 1286, fd 14, from LogBuffer::Prune()
01-01 02:22:42.863 0 0 I IRQ 5 : no longer affine to CPU5
01-01 02:22:43.224 0 0 W logd : Skipping entries from slow reader, pid 1286, fd 14, from LogBuffer::Prune()
01-01 02:22:43.440 0 0 W logd : Skipping entries from slow reader, pid 1286, fd 14, from LogBuffer::Prune()
01-01 02:22:43.531 0 0 D : mv2112_read_status
01-01 02:22:43.531 0 0 D mv2112_update_link: 3.0x901(1G): 0x80
01-01 02:22:43.531 0 0 D mv2112_update_link: 3.0x8109(100M): 0x0
01-01 02:22:43.531 0 0 D mv2112_update_link: link 0x0
01-01 02:22:43.531 0 0 D mv2112_read_status: autoneg is disabled
01-01 02:22:43.730 0 0 W logd : Skipping entries from slow reader, pid 1286, fd 14, from LogBuffer::Prune()
01-01 02:22:44.054 0 0 W logd : Skipping entries from slow reader, pid 1286, fd 14, from LogBuffer::Prune()
01-01 02:22:44.143 0 0 I IRQ 5 : no longer affine to CPU4
01-01 02:22:44.272 0 0 I init : starting service 'qvrd_vndr'...
01-01 02:22:44.277 0 0 I init : Created socket '/dev/socket/qvrservice_vndr', mode 660, user 1000, group 1000
01-01 02:22:44.284 0 0 I init : Created socket '/dev/socket/qvrservice_vndr_camera', mode 660, user 1000, group 1000
01-01 02:22:44.322 0 0 I init : starting service 'sxrd'...
01-01 02:22:44.347 0 0 W logd : Skipping entries from slow reader, pid 1286, fd 14, from LogBuffer::Prune()
01-01 02:22:44.378 0 0 I init : Service 'sxrd' (pid 30118) exited with status 1
01-01 02:22:44.378 0 0 I init : Sending signal 9 to service 'sxrd' (pid 30118) process group...
01-01 02:22:44.379 0 0 I libprocessgroup: Successfully killed process cgroup uid 1000 pid 30118 in 1ms
01-01 02:22:44.385 0 0 I init : Service 'qvrd_vndr' (pid 30110) exited with status 1
01-01 02:22:44.385 0 0 I init : Sending signal 9 to service 'qvrd_vndr' (pid 30110) process group...
01-01 02:22:44.385 0 0 I libprocessgroup: Successfully killed process cgroup uid 1000 pid 30110 in 0ms
08-24 14:37:18.187 30118 30118 F linker : CANNOT LINK EXECUTABLE "/vendor/bin/hw/sxrservice": library "vendor.qti.hardware.qxr-V1-ndk_platform.so" not found: needed by main executable
08-24 14:37:18.189 30110 30110 F linker : CANNOT LINK EXECUTABLE "/vendor/bin/hw/qvrservice": library "vendor.qti.hardware.qxr-V1-ndk_platform.so" not found: needed by /vendor/lib64/libqvrservice.so in namespace (default)
01-01 02:22:44.555 0 0 D : mv2112_read_status
01-01 02:22:44.556 0 0 D mv2112_update_link: 3.0x901(1G): 0x80
01-01 02:22:44.556 0 0 D mv2112_update_link: 3.0x8109(100M): 0x0
01-01 02:22:44.556 0 0 D mv2112_update_link: link 0x0
01-01 02:22:44.556 0 0 D mv2112_read_status: autoneg is disabled
01-01 02:22:44.642 0 0 W logd : Skipping entries from slow reader, pid 1286, fd 14, from LogBuffer::Prune()
01-01 02:22:44.883 0 0 I IRQ 5 : no longer affine to CPU5
01-01 02:22:45.024 0 0 W logd : Skipping entries from slow reader, pid 1286, fd 14, from LogBuffer::Prune()
01-01 02:22:45.037 0 0 W logd : Skipping entries from slow reader, pid 1286, fd 14, from LogBuffer::Prune()
01-01 02:22:45.043 0 0 I IRQ 5 : no longer affine to CPU4
01-01 02:22:45.377 0 0 W logd : Skipping entries from slow reader, pid 1286, fd 14, from LogBuffer::Prune()
01-01 02:22:45.579 0 0 D : mv2112_read_status
01-01 02:22:45.579 0 0 D mv2112_update_link: 3.0x901(1G): 0x80
01-01 02:22:45.580 0 0 D mv2112_update_link: 3.0x8109(100M): 0x0
01-01 02:22:45.580 0 0 D mv2112_update_link: link 0x0
01-01 02:22:45.580 0 0 D mv2112_read_status: autoneg is disabled
01-01 02:22:46.604 0 0 D : mv2112_read_status
01-01 02:22:46.604 0 0 D mv2112_update_link: 3.0x901(1G): 0x80
01-01 02:22:46.604 0 0 D mv2112_update_link: 3.0x8109(100M): 0x0
01-01 02:22:46.604 0 0 D mv2112_update_link: link 0x0
01-01 02:22:46.604 0 0 D mv2112_read_status: autoneg is disabled
01-01 02:22:46.763 0 0 I IRQ 5 : no longer affine to CPU4
01-01 02:22:47.523 0 0 I IRQ 5 : no longer affine to CPU5
01-01 02:22:47.627 0 0 D : mv2112_read_status
01-01 02:22:47.627 0 0 D mv2112_update_link: 3.0x901(1G): 0x80
01-01 02:22:47.627 0 0 D mv2112_update_link: 3.0x8109(100M): 0x0
01-01 02:22:47.627 0 0 D mv2112_update_link: link 0x0
01-01 02:22:47.627 0 0 D mv2112_read_status: autoneg is disabled
01-01 02:22:48.114 0 0 W logd : Skipping entries from slow reader, pid 1286, fd 14, from LogBuffer::Prune()
01-01 02:22:48.347 0 0 W logd : Skipping entries from slow reader, pid 1286, fd 14, from LogBuffer::Prune()
01-01 02:22:48.518 0 0 W logd : Skipping entries from slow reader, pid 1286, fd 14, from LogBuffer::Prune()
01-01 02:22:48.651 0 0 D : mv2112_read_status
01-01 02:22:48.651 0 0 D mv2112_update_link: 3.0x901(1G): 0x80
01-01 02:22:48.651 0 0 D mv2112_update_link: 3.0x8109(100M): 0x0
01-01 02:22:48.651 0 0 D mv2112_update_link: link 0x0
01-01 02:22:48.651 0 0 D mv2112_read_status: autoneg is disabled
01-01 02:22:48.739 0 0 W logd : Skipping entries from slow reader, pid 1286, fd 14, from LogBuffer::Prune()
01-01 02:22:49.055 0 0 W logd : Skipping entries from slow reader, pid 1286, fd 14, from LogBuffer::Prune()
01-01 02:22:49.312 0 0 I init : starting service 'qvrd_vndr'...
01-01 02:22:49.315 0 0 I init : Created socket '/dev/socket/qvrservice_vndr', mode 660, user 1000, group 1000
01-01 02:22:49.318 0 0 I init : Created socket '/dev/socket/qvrservice_vndr_camera', mode 660, user 1000, group 1000
01-01 02:22:49.362 0 0 I init : starting service 'sxrd'...
01-01 02:22:49.419 0 0 W logd : Skipping entries from slow reader, pid 1286, fd 14, from LogBuffer::Prune()
01-01 02:22:49.424 0 0 I init : Service 'qvrd_vndr' (pid 31404) exited with status 1
01-01 02:22:49.424 0 0 I init : Sending signal 9 to service 'qvrd_vndr' (pid 31404) process group...
01-01 02:22:49.424 0 0 I libprocessgroup: Successfully killed process cgroup uid 1000 pid 31404 in 0ms
01-01 02:22:49.430 0 0 I init : Service 'sxrd' (pid 31414) exited with status 1
01-01 02:22:49.430 0 0 I init : Sending signal 9 to service 'sxrd' (pid 31414) process group...
01-01 02:22:49.430 0 0 I libprocessgroup: Successfully killed process cgroup uid 1000 pid 31414 in 0ms
08-24 14:37:23.233 31404 31404 F linker : CANNOT LINK EXECUTABLE "/vendor/bin/hw/qvrservice": library "vendor.qti.hardware.qxr-V1-ndk_platform.so" not found: needed by /vendor/lib64/libqvrservice.so in namespace (default)
08-24 14:37:23.235 31414 31414 F linker : CANNOT LINK EXECUTABLE "/vendor/bin/hw/sxrservice": library "vendor.qti.hardware.qxr-V1-ndk_platform.so" not found: needed by main executable
01-01 02:22:49.675 0 0 D : mv2112_read_status
01-01 02:22:49.675 0 0 D mv2112_update_link: 3.0x901(1G): 0x80
01-01 02:22:49.675 0 0 D mv2112_update_link: 3.0x8109(100M): 0x0
01-01 02:22:49.675 0 0 D mv2112_update_link: link 0x0
01-01 02:22:49.675 0 0 D mv2112_read_status: autoneg is disabled
01-01 02:22:49.729 0 0 W logd : Skipping entries from slow reader, pid 1286, fd 14, from LogBuffer::Prune()
01-01 02:22:50.155 0 0 W logd : Skipping entries from slow reader, pid 1286, fd 14, from LogBuffer::Prune()
01-01 02:22:50.293 0 0 W logd : Skipping entries from slow reader, pid 1286, fd 14, from LogBuffer::Prune()
01-01 02:22:50.543 0 0 I IRQ 5 : no longer affine to CPU4
01-01 02:22:50.653 0 0 W logd : Skipping entries from slow reader, pid 1286, fd 14, from LogBuffer::Prune()
01-01 02:22:50.700 0 0 D : mv2112_read_status
01-01 02:22:50.700 0 0 D mv2112_update_link: 3.0x901(1G): 0x80
01-01 02:22:50.700 0 0 D mv2112_update_link: 3.0x8109(100M): 0x0
01-01 02:22:50.700 0 0 D mv2112_update_link: link 0x0
01-01 02:22:50.700 0 0 D mv2112_read_status: autoneg is disabled
01-01 02:22:51.723 0 0 D : mv2112_read_status
01-01 02:22:51.723 0 0 D mv2112_update_link: 3.0x901(1G): 0x80
01-01 02:22:51.723 0 0 I IRQ 5 : no longer affine to CPU5
01-01 02:22:51.723 0 0 D mv2112_update_link: 3.0x8109(100M): 0x0
01-01 02:22:51.723 0 0 D mv2112_update_link: link 0x0
01-01 02:22:51.723 0 0 D mv2112_read_status: autoneg is disabled
01-01 02:22:52.748 0 0 D : mv2112_read_status
01-01 02:22:52.748 0 0 D mv2112_update_link: 3.0x901(1G): 0x80
01-01 02:22:52.748 0 0 D mv2112_update_link: 3.0x8109(100M): 0x0
01-01 02:22:52.748 0 0 D mv2112_update_link: link 0x0
01-01 02:22:52.748 0 0 D mv2112_read_status: autoneg is disabled
01-01 02:22:53.163 0 0 W logd : Skipping entries from slow reader, pid 1286, fd 14, from LogBuffer::Prune()
01-01 02:22:53.622 0 0 W logd : Skipping entries from slow reader, pid 1286, fd 14, from LogBuffer::Prune()
01-01 02:22:53.771 0 0 D : mv2112_read_status
01-01 02:22:53.771 0 0 D mv2112_update_link: 3.0x901(1G): 0x80
01-01 02:22:53.772 0 0 D mv2112_update_link: 3.0x8109(100M): 0x0
01-01 02:22:53.772 0 0 D mv2112_update_link: link 0x0
01-01 02:22:53.772 0 0 D mv2112_read_status: autoneg is disabled
01-01 02:22:53.977 0 0 W logd : Skipping entries from slow reader, pid 1286, fd 14, from LogBuffer::Prune()
01-01 02:22:54.183 0 0 I IRQ 5 : no longer affine to CPU5
01-01 02:22:54.255 0 0 W logd : Skipping entries from slow reader, pid 1286, fd 14, from LogBuffer::Prune()
01-01 02:22:54.352 0 0 I init : starting service 'qvrd_vndr'...
01-01 02:22:54.355 0 0 I init : Created socket '/dev/socket/qvrservice_vndr', mode 660, user 1000, group 1000
01-01 02:22:54.358 0 0 I init : Created socket '/dev/socket/qvrservice_vndr_camera', mode 660, user 1000, group 1000
01-01 02:22:54.390 0 0 I init : starting service 'sxrd'...
01-01 02:22:54.430 0 0 I init : Service 'qvrd_vndr' (pid 32719) exited with status 1
01-01 02:22:54.430 0 0 I init : Sending signal 9 to service 'qvrd_vndr' (pid 32719) process group...
01-01 02:22:54.431 0 0 I libprocessgroup: Successfully killed process cgroup uid 1000 pid 32719 in 0ms
01-01 02:22:54.448 0 0 I init : Service 'sxrd' (pid 32729) exited with status 1
01-01 02:22:54.448 0 0 I init : Sending signal 9 to service 'sxrd' (pid 32729) process group...
01-01 02:22:54.448 0 0 I libprocessgroup: Successfully killed process cgroup uid 1000 pid 32729 in 0ms
08-24 14:37:28.239 32719 32719 F linker : CANNOT LINK EXECUTABLE "/vendor/bin/hw/qvrservice": library "vendor.qti.hardware.qxr-V1-ndk_platform.so" not found: needed by /vendor/lib64/libqvrservice.so in namespace (default)
08-24 14:37:28.257 32729 32729 F linker : CANNOT LINK EXECUTABLE "/vendor/bin/hw/sxrservice": library "vendor.qti.hardware.qxr-V1-ndk_platform.so" not found: needed by main executable
01-01 02:22:54.645 0 0 W logd : Skipping entries from slow reader, pid 1286, fd 14, from LogBuffer::Prune()
01-01 02:22:54.795 0 0 D : mv2112_read_status
01-01 02:22:54.795 0 0 D mv2112_update_link: 3.0x901(1G): 0x80
01-01 02:22:54.795 0 0 D mv2112_update_link: 3.0x8109(100M): 0x0
01-01 02:22:54.795 0 0 D mv2112_update_link: link 0x0
01-01 02:22:54.795 0 0 D mv2112_read_status: autoneg is disabled
01-01 02:22:54.817 0 0 W logd : Skipping entries from slow reader, pid 1286, fd 14, from LogBuffer::Prune()
01-01 02:22:55.063 0 0 W logd : Skipping entries from slow reader, pid 1286, fd 14, from LogBuffer::Prune()
01-01 02:22:55.303 0 0 I IRQ 5 : no longer affine to CPU6
01-01 02:22:55.329 0 0 W logd : Skipping entries from slow reader, pid 1286, fd 14, from LogBuffer::Prune()
01-01 02:22:55.662 0 0 W logd : Skipping entries from slow reader, pid 1286, fd 14, from LogBuffer::Prune()
01-01 02:22:55.819 0 0 D : mv2112_read_status
01-01 02:22:55.819 0 0 D mv2112_update_link: 3.0x901(1G): 0x80
01-01 02:22:55.819 0 0 D mv2112_update_link: 3.0x8109(100M): 0x0
01-01 02:22:55.819 0 0 D mv2112_update_link: link 0x0
01-01 02:22:55.819 0 0 D mv2112_read_status: autoneg is disabled
01-01 02:22:56.095 0 0 W logd : Skipping entries from slow reader, pid 1286, fd 14, from LogBuffer::Prune()
01-01 02:22:56.843 0 0 D : mv2112_read_status
01-01 02:22:56.844 0 0 D mv2112_update_link: 3.0x901(1G): 0x80
01-01 02:22:56.844 0 0 D mv2112_update_link: 3.0x8109(100M): 0x0
01-01 02:22:56.844 0 0 D mv2112_update_link: link 0x0
01-01 02:22:56.844 0 0 D mv2112_read_status: autoneg is disabled
01-01 02:22:57.583 0 0 I IRQ 5 : no longer affine to CPU5
01-01 02:22:57.867 0 0 D : mv2112_read_status
01-01 02:22:57.867 0 0 D mv2112_update_link: 3.0x901(1G): 0x80
01-01 02:22:57.867 0 0 D mv2112_update_link: 3.0x8109(100M): 0x0
01-01 02:22:57.867 0 0 D mv2112_update_link: link 0x0
01-01 02:22:57.867 0 0 D mv2112_read_status: autoneg is disabled
01-01 02:22:58.023 0 0 I IRQ 5 : no longer affine to CPU4
01-01 02:22:58.163 0 0 I IRQ 5 : no longer affine to CPU6
01-01 02:22:58.274 0 0 W logd : Skipping entries from slow reader, pid 1286, fd 14, from LogBuffer::Prune()
01-01 02:22:58.516 0 0 W logd : Skipping entries from slow reader, pid 1286, fd 14, from LogBuffer::Prune()
01-01 02:22:58.684 0 0 W logd : Skipping entries from slow reader, pid 1286, fd 14, from LogBuffer::Prune()
01-01 02:22:58.891 0 0 D : mv2112_read_status
01-01 02:22:58.892 0 0 D mv2112_update_link: 3.0x901(1G): 0x80
01-01 02:22:58.892 0 0 D mv2112_update_link: 3.0x8109(100M): 0x0
01-01 02:22:58.892 0 0 D mv2112_update_link: link 0x0
01-01 02:22:58.892 0 0 D mv2112_read_status: autoneg is disabled
01-01 02:22:59.077 0 0 W logd : Skipping entries from slow reader, pid 1286, fd 14, from LogBuffer::Prune()
01-01 02:22:59.380 0 0 I init : starting service 'qvrd_vndr'...
01-01 02:22:59.385 0 0 I init : Created socket '/dev/socket/qvrservice_vndr', mode 660, user 1000, group 1000
01-01 02:22:59.389 0 0 I init : Created socket '/dev/socket/qvrservice_vndr_camera', mode 660, user 1000, group 1000
01-01 02:22:59.429 0 0 I init : starting service 'sxrd'...
01-01 02:22:59.437 0 0 W logd : Skipping entries from slow reader, pid 1286, fd 14, from LogBuffer::Prune()
01-01 02:22:59.476 0 0 I init : Service 'qvrd_vndr' (pid 2624) exited with status 1
01-01 02:22:59.476 0 0 I init : Sending signal 9 to service 'qvrd_vndr' (pid 2624) process group...
01-01 02:22:59.476 0 0 I libprocessgroup: Successfully killed process cgroup uid 1000 pid 2624 in 0ms
01-01 02:22:59.502 0 0 I init : Service 'sxrd' (pid 2637) exited with status 1
01-01 02:22:59.502 0 0 I init : Sending signal 9 to service 'sxrd' (pid 2637) process group...
01-01 02:22:59.503 0 0 I libprocessgroup: Successfully killed process cgroup uid 1000 pid 2637 in 0ms
08-24 14:37:33.285 2624 2624 F linker : CANNOT LINK EXECUTABLE "/vendor/bin/hw/qvrservice": library "vendor.qti.hardware.qxr-V1-ndk_platform.so" not found: needed by /vendor/lib64/libqvrservice.so in namespace (default)
01-01 02:22:59.603 0 0 I IRQ 5 : no longer affine to CPU4
08-24 14:37:33.310 2637 2637 F linker : CANNOT LINK EXECUTABLE "/vendor/bin/hw/sxrservice": library "vendor.qti.hardware.qxr-V1-ndk_platform.so" not found: needed by main executable
01-01 02:22:59.744 0 0 W logd : Skipping entries from slow reader, pid 1286, fd 14, from LogBuffer::Prune()
01-01 02:22:59.915 0 0 D : mv2112_read_status
01-01 02:22:59.915 0 0 D mv2112_update_link: 3.0x901(1G): 0x80
01-01 02:22:59.915 0 0 D mv2112_update_link: 3.0x8109(100M): 0x0
01-01 02:22:59.915 0 0 D mv2112_update_link: link 0x0
01-01 02:22:59.915 0 0 D mv2112_read_status: autoneg is disabled
01-01 02:23:00.203 0 0 I IRQ 5 : no longer affine to CPU6
01-01 02:23:00.204 0 0 W logd : Skipping entries from slow reader, pid 1286, fd 14, from LogBuffer::Prune()
01-01 02:23:00.211 0 0 W logd : Skipping entries from slow reader, pid 1286, fd 14, from LogBuffer::Prune()
01-01 02:23:00.393 0 0 W logd : Skipping entries from slow reader, pid 1286, fd 14, from LogBuffer::Prune()
01-01 02:23:00.604 0 0 W logd : Skipping entries from slow reader, pid 1286, fd 14, from LogBuffer::Prune()
01-01 02:23:00.939 0 0 D : mv2112_read_status
01-01 02:23:00.939 0 0 D mv2112_update_link: 3.0x901(1G): 0x80
01-01 02:23:00.940 0 0 D mv2112_update_link: 3.0x8109(100M): 0x0
01-01 02:23:00.940 0 0 D mv2112_update_link: link 0x0
01-01 02:23:00.940 0 0 D mv2112_read_status: autoneg is disabled
01-01 02:23:01.943 0 0 I IRQ 5 : no longer affine to CPU5
01-01 02:23:01.963 0 0 D : mv2112_read_status
01-01 02:23:01.963 0 0 D mv2112_update_link: 3.0x901(1G): 0x80
01-01 02:23:01.963 0 0 D mv2112_update_link: 3.0x8109(100M): 0x0
01-01 02:23:01.963 0 0 D mv2112_update_link: link 0x0
01-01 02:23:01.963 0 0 D mv2112_read_status: autoneg is disabled
01-01 02:23:02.123 0 0 I IRQ 5 : no longer affine to CPU4
01-01 02:23:02.743 0 0 I IRQ 5 : no longer affine to CPU6
01-01 02:23:02.863 0 0 I IRQ 5 : no longer affine to CPU5
01-01 02:23:02.988 0 0 D : mv2112_read_status
01-01 02:23:02.988 0 0 D mv2112_update_link: 3.0x901(1G): 0x80
01-01 02:23:02.988 0 0 D mv2112_update_link: 3.0x8109(100M): 0x0
01-01 02:23:02.988 0 0 D mv2112_update_link: link 0x0
01-01 02:23:02.988 0 0 D mv2112_read_status: autoneg is disabled
01-01 02:23:03.614 0 0 W logd : Skipping entries from slow reader, pid 1286, fd 14, from LogBuffer::Prune()
01-01 02:23:03.806 0 0 W logd : Skipping entries from slow reader, pid 1286, fd 14, from LogBuffer::Prune()
01-01 02:23:04.011 0 0 D : mv2112_read_status
01-01 02:23:04.011 0 0 D mv2112_update_link: 3.0x901(1G): 0x80
01-01 02:23:04.011 0 0 D mv2112_update_link: 3.0x8109(100M): 0x0
01-01 02:23:04.011 0 0 D mv2112_update_link: link 0x0
01-01 02:23:04.011 0 0 D mv2112_read_status: autoneg is disabled
01-01 02:23:04.026 0 0 W logd : Skipping entries from slow reader, pid 1286, fd 14, from LogBuffer::Prune()
01-01 02:23:04.336 0 0 W logd : Skipping entries from slow reader, pid 1286, fd 14, from LogBuffer::Prune()
01-01 02:23:04.416 0 0 I init : starting service 'qvrd_vndr'...
01-01 02:23:04.419 0 0 I init : Created socket '/dev/socket/qvrservice_vndr', mode 660, user 1000, group 1000
01-01 02:23:04.422 0 0 I init : Created socket '/dev/socket/qvrservice_vndr_camera', mode 660, user 1000, group 1000
01-01 02:23:04.460 0 0 I init : starting service 'sxrd'...
01-01 02:23:04.517 0 0 I init : Service 'sxrd' (pid 4458) exited with status 1
01-01 02:23:04.517 0 0 I init : Sending signal 9 to service 'sxrd' (pid 4458) process group...
01-01 02:23:04.518 0 0 I libprocessgroup: Successfully killed process cgroup uid 1000 pid 4458 in 0ms
01-01 02:23:04.522 0 0 I init : Service 'qvrd_vndr' (pid 4450) exited with status 1
01-01 02:23:04.522 0 0 I init : Sending signal 9 to service 'qvrd_vndr' (pid 4450) process group...
01-01 02:23:04.523 0 0 I libprocessgroup: Successfully killed process cgroup uid 1000 pid 4450 in 0ms
08-24 14:37:38.326 4458 4458 F linker : CANNOT LINK EXECUTABLE "/vendor/bin/hw/sxrservice": library "vendor.qti.hardware.qxr-V1-ndk_platform.so" not found: needed by main executable
08-24 14:37:38.330 4450 4450 F linker : CANNOT LINK EXECUTABLE "/vendor/bin/hw/qvrservice": library "vendor.qti.hardware.qxr-V1-ndk_platform.so" not found: needed by /vendor/lib64/libqvrservice.so in namespace (default)
01-01 02:23:04.652 0 0 W logd : Skipping entries from slow reader, pid 1286, fd 14, from LogBuffer::Prune()
01-01 02:23:05.035 0 0 D : mv2112_read_status
01-01 02:23:05.035 0 0 D mv2112_update_link: 3.0x901(1G): 0x80
01-01 02:23:05.035 0 0 D mv2112_update_link: 3.0x8109(100M): 0x0
01-01 02:23:05.035 0 0 D mv2112_update_link: link 0x0
01-01 02:23:05.035 0 0 D mv2112_read_status: autoneg is disabled
01-01 02:23:05.046 0 0 W logd : Skipping entries from slow reader, pid 1286, fd 14, from LogBuffer::Prune()
01-01 02:23:05.591 0 0 W logd : Skipping entries from slow reader, pid 1286, fd 14, from LogBuffer::Prune()
01-01 02:23:05.656 0 0 W logd : Skipping entries from slow reader, pid 1286, fd 14, from LogBuffer::Prune()
