08-24 13:45:06.880 1151 1151 I SystemServerTiming: OnBootPhase_500_com.android.server.usage.StorageStatsService$Lifecycle
08-24 13:45:06.880 1151 1151 D SystemServerTiming: OnBootPhase_500_com.android.server.usage.StorageStatsService$Lifecycle took to complete: 0ms
08-24 13:45:06.881 1151 1151 I SystemServerTiming: OnBootPhase_500_com.android.server.UiModeManagerService
08-24 13:45:06.882 1151 1151 I ActivityTaskManager: Config changes=200 {1.0 ?mcc?mnc [zh_CN] ldltr sw680dp w1586dp h608dp 240dpi lrg long land finger -keyb/h/h -nav/h winConfig={ mBounds=Rect(0, 0 - 2380, 1020) mAppBounds=Rect(0, 0 - 2380, 948) mMaxBounds=Rect(0, 0 - 2380, 1020) mWindowingMode=fullscreen mDisplayWindowingMode=fullscreen mActivityType=undefined mAlwaysOnTop=undefined mRotation=ROTATION_0} s.6 ?fontWeightAdjustment}
08-24 13:45:06.883 1151 1151 I WindowManager: Override config changes=200 {1.0 ?mcc?mnc [zh_CN] ldltr sw680dp w1586dp h608dp 240dpi lrg long land finger -keyb/h/h -nav/h winConfig={ mBounds=Rect(0, 0 - 2380, 1020) mAppBounds=Rect(0, 0 - 2380, 948) mMaxBounds=Rect(0, 0 - 2380, 1020) mWindowingMode=fullscreen mDisplayWindowingMode=fullscreen mActivityType=undefined mAlwaysOnTop=undefined mRotation=ROTATION_0} s.6 ?fontWeightAdjustment} for displayId=0
08-24 13:45:06.885 1151 1151 D SystemServerTiming: OnBootPhase_500_com.android.server.UiModeManagerService took to complete: 4ms
08-24 13:45:06.885 1151 1151 I SystemServerTiming: OnBootPhase_500_com.android.server.locksettings.LockSettingsService$Lifecycle
08-24 13:45:06.885 1151 1151 D SystemServerTiming: OnBootPhase_500_com.android.server.locksettings.LockSettingsService$Lifecycle took to complete: 0ms
08-24 13:45:06.885 1151 1151 I SystemServerTiming: OnBootPhase_500_com.android.server.PersistentDataBlockService
08-24 13:45:06.885 1151 1151 D SystemServerTiming: OnBootPhase_500_com.android.server.PersistentDataBlockService took to complete: 0ms
08-24 13:45:06.885 1151 1151 I SystemServerTiming: OnBootPhase_500_com.android.server.testharness.TestHarnessModeService
08-24 13:45:06.886 1151 1151 D TestHarnessModeService: Setting up test harness mode
08-24 13:45:06.886 1151 1151 D TestHarnessModeService: Getting PersistentDataBlockManagerInternal from LocalServices
08-24 13:45:06.901 2179 2179 F linker : CANNOT LINK EXECUTABLE "/vendor/bin/hw/sxrservice": library "vendor.qti.hardware.qxr-V1-ndk_platform.so" not found: needed by main executable
08-24 13:45:06.908 1151 1151 D SystemServerTiming: OnBootPhase_500_com.android.server.testharness.TestHarnessModeService took to complete: 22ms
08-24 13:45:06.908 1151 1151 I SystemServerTiming: OnBootPhase_500_com.android.server.oemlock.OemLockService
08-24 13:45:06.908 1151 1151 D SystemServerTiming: OnBootPhase_500_com.android.server.oemlock.OemLockService took to complete: 0ms
08-24 13:45:06.908 1151 1151 I SystemServerTiming: OnBootPhase_500_com.android.server.DeviceIdleController
08-24 13:45:06.910 1151 1151 V HistoricalRegistry: Interaction before persistence initialized
08-24 13:45:06.910 1151 1151 D SystemServerTiming: OnBootPhase_500_com.android.server.DeviceIdleController took to complete: 2ms
08-24 13:45:06.910 1151 1151 I SystemServerTiming: OnBootPhase_500_com.android.server.devicepolicy.DevicePolicyManagerService$Lifecycle
08-24 13:45:06.910 1151 1151 D SystemServerTiming: OnBootPhase_500_com.android.server.devicepolicy.DevicePolicyManagerService$Lifecycle took to complete: 0ms
08-24 13:45:06.910 1151 1151 I SystemServerTiming: OnBootPhase_500_com.android.server.texttospeech.TextToSpeechManagerService
08-24 13:45:06.911 1151 1151 D SystemServerTiming: OnBootPhase_500_com.android.server.texttospeech.TextToSpeechManagerService took to complete: 0ms
08-24 13:45:06.911 1151 1151 I SystemServerTiming: OnBootPhase_500_com.android.server.speech.SpeechRecognitionManagerService
08-24 13:45:06.911 1151 1151 D SystemServerTiming: OnBootPhase_500_com.android.server.speech.SpeechRecognitionManagerService took to complete: 0ms
08-24 13:45:06.911 1151 1151 I SystemServerTiming: OnBootPhase_500_com.android.server.searchui.SearchUiManagerService
08-24 13:45:06.911 1151 1151 D SystemServerTiming: OnBootPhase_500_com.android.server.searchui.SearchUiManagerService took to complete: 0ms
08-24 13:45:06.911 1151 1151 I SystemServerTiming: OnBootPhase_500_com.android.server.smartspace.SmartspaceManagerService
08-24 13:45:06.911 1151 1151 D SystemServerTiming: OnBootPhase_500_com.android.server.smartspace.SmartspaceManagerService took to complete: 0ms
08-24 13:45:06.911 1151 1151 I SystemServerTiming: OnBootPhase_500_com.android.server.graphics.fonts.FontManagerService$Lifecycle
08-24 13:45:06.911 1151 1151 D SystemServerTiming: OnBootPhase_500_com.android.server.graphics.fonts.FontManagerService$Lifecycle took to complete: 0ms
08-24 13:45:06.911 1151 1151 I SystemServerTiming: OnBootPhase_500_com.android.server.textservices.TextServicesManagerService$Lifecycle
08-24 13:45:06.911 1151 1151 D SystemServerTiming: OnBootPhase_500_com.android.server.textservices.TextServicesManagerService$Lifecycle took to complete: 0ms
08-24 13:45:06.911 1151 1151 I SystemServerTiming: OnBootPhase_500_com.android.server.textclassifier.TextClassificationManagerService$Lifecycle
08-24 13:45:06.911 1151 1151 D SystemServerTiming: OnBootPhase_500_com.android.server.textclassifier.TextClassificationManagerService$Lifecycle took to complete: 0ms
08-24 13:45:06.911 1151 1151 I SystemServerTiming: OnBootPhase_500_com.android.server.NetworkScoreService$Lifecycle
08-24 13:45:06.911 1151 1151 D SystemServerTiming: OnBootPhase_500_com.android.server.NetworkScoreService$Lifecycle took to complete: 0ms
08-24 13:45:06.911 1151 1151 I SystemServerTiming: OnBootPhase_500_com.android.server.wifi.WifiService
08-24 13:45:06.911 1151 1151 D SystemServerTiming: OnBootPhase_500_com.android.server.wifi.WifiService took to complete: 0ms
08-24 13:45:06.912 1151 1151 I SystemServerTiming: OnBootPhase_500_com.android.server.wifi.scanner.WifiScanningService
08-24 13:45:06.912 1151 1151 D SystemServerTiming: OnBootPhase_500_com.android.server.wifi.scanner.WifiScanningService took to complete: 0ms
08-24 13:45:06.912 1151 1151 I SystemServerTiming: OnBootPhase_500_com.android.server.wifi.rtt.RttService
08-24 13:45:06.916 1151 1151 D SystemServerTiming: OnBootPhase_500_com.android.server.wifi.rtt.RttService took to complete: 4ms
08-24 13:45:06.916 1151 1151 I SystemServerTiming: OnBootPhase_500_com.android.server.wifi.aware.WifiAwareService
08-24 13:45:06.919 1151 1151 D SystemServerTiming: OnBootPhase_500_com.android.server.wifi.aware.WifiAwareService took to complete: 3ms
08-24 13:45:06.919 1151 1151 I SystemServerTiming: OnBootPhase_500_com.android.server.wifi.p2p.WifiP2pService
08-24 13:45:06.919 1151 1151 D SystemServerTiming: OnBootPhase_500_com.android.server.wifi.p2p.WifiP2pService took to complete: 0ms
08-24 13:45:06.919 1151 1151 I SystemServerTiming: OnBootPhase_500_com.android.server.ethernet.EthernetService
08-24 13:45:06.928 1151 1151 D SystemServerTiming: OnBootPhase_500_com.android.server.ethernet.EthernetService took to complete: 9ms
08-24 13:45:06.928 1151 1151 I SystemServerTiming: OnBootPhase_500_com.android.server.ConnectivityServiceInitializer
08-24 13:45:06.928 1151 1151 D SystemServerTiming: OnBootPhase_500_com.android.server.ConnectivityServiceInitializer took to complete: 0ms
08-24 13:45:06.928 1151 1151 I SystemServerTiming: OnBootPhase_500_com.android.server.notification.NotificationManagerService
08-24 13:45:06.950 1151 1151 D SystemServerTiming: OnBootPhase_500_com.android.server.notification.NotificationManagerService took to complete: 22ms
08-24 13:45:06.950 1151 1151 I SystemServerTiming: OnBootPhase_500_com.android.server.storage.DeviceStorageMonitorService
08-24 13:45:06.950 1151 1151 D SystemServerTiming: OnBootPhase_500_com.android.server.storage.DeviceStorageMonitorService took to complete: 0ms
08-24 13:45:06.950 1151 1151 I SystemServerTiming: OnBootPhase_500_com.android.server.location.LocationManagerService$Lifecycle
08-24 13:45:06.951 1151 1151 V HistoricalRegistry: Interaction before persistence initialized
08-24 13:45:06.951 1151 1151 D SystemServerTiming: OnBootPhase_500_com.android.server.location.LocationManagerService$Lifecycle took to complete: 1ms
08-24 13:45:06.951 1151 1151 I SystemServerTiming: OnBootPhase_500_com.android.server.timedetector.TimeDetectorService$Lifecycle
08-24 13:45:06.951 1151 1151 D SystemServerTiming: OnBootPhase_500_com.android.server.timedetector.TimeDetectorService$Lifecycle took to complete: 0ms
08-24 13:45:06.951 1151 1151 I SystemServerTiming: OnBootPhase_500_com.android.server.timezonedetector.TimeZoneDetectorService$Lifecycle
08-24 13:45:06.951 1151 1151 D SystemServerTiming: OnBootPhase_500_com.android.server.timezonedetector.TimeZoneDetectorService$Lifecycle took to complete: 0ms
08-24 13:45:06.951 1151 1151 I SystemServerTiming: OnBootPhase_500_com.android.server.timezonedetector.location.LocationTimeZoneManagerService$Lifecycle
08-24 13:45:06.951 1151 1151 D SystemServerTiming: OnBootPhase_500_com.android.server.timezonedetector.location.LocationTimeZoneManagerService$Lifecycle took to complete: 0ms
08-24 13:45:06.951 1151 1151 I SystemServerTiming: OnBootPhase_500_com.android.server.search.SearchManagerService$Lifecycle
08-24 13:45:06.951 1151 1151 D SystemServerTiming: OnBootPhase_500_com.android.server.search.SearchManagerService$Lifecycle took to complete: 0ms
08-24 13:45:06.951 1151 1151 I SystemServerTiming: OnBootPhase_500_com.android.server.wallpaper.WallpaperManagerService$Lifecycle
08-24 13:45:06.951 1151 1151 D SystemServerTiming: OnBootPhase_500_com.android.server.wallpaper.WallpaperManagerService$Lifecycle took to complete: 0ms
08-24 13:45:06.951 1151 1151 I SystemServerTiming: OnBootPhase_500_com.android.server.audio.AudioService$Lifecycle
08-24 13:45:06.952 1151 1151 D SystemServerTiming: OnBootPhase_500_com.android.server.audio.AudioService$Lifecycle took to complete: 0ms
08-24 13:45:06.952 1151 1151 I SystemServerTiming: OnBootPhase_500_com.android.server.soundtrigger_middleware.SoundTriggerMiddlewareService$Lifecycle
08-24 13:45:06.952 1151 1151 D SystemServerTiming: OnBootPhase_500_com.android.server.soundtrigger_middleware.SoundTriggerMiddlewareService$Lifecycle took to complete: 0ms
08-24 13:45:06.952 1151 1151 I SystemServerTiming: OnBootPhase_500_com.android.server.DockObserver
08-24 13:45:06.952 1151 1151 D SystemServerTiming: OnBootPhase_500_com.android.server.DockObserver took to complete: 0ms
08-24 13:45:06.952 1151 1151 I SystemServerTiming: OnBootPhase_500_com.android.server.midi.MidiService$Lifecycle
08-24 13:45:06.952 1151 1151 D SystemServerTiming: OnBootPhase_500_com.android.server.midi.MidiService$Lifecycle took to complete: 0ms
08-24 13:45:06.952 1151 1151 I SystemServerTiming: OnBootPhase_500_com.android.server.adb.AdbService$Lifecycle
08-24 13:45:06.952 1151 1151 D SystemServerTiming: OnBootPhase_500_com.android.server.adb.AdbService$Lifecycle took to complete: 0ms
08-24 13:45:06.952 1151 1151 I SystemServerTiming: OnBootPhase_500_com.android.server.usb.UsbService$Lifecycle
08-24 13:45:06.952 1151 1151 D SystemServerTiming: OnBootPhase_500_com.android.server.usb.UsbService$Lifecycle took to complete: 0ms
08-24 13:45:06.952 1151 1151 I SystemServerTiming: OnBootPhase_500_com.android.server.twilight.TwilightService
08-24 13:45:06.952 1151 1151 D SystemServerTiming: OnBootPhase_500_com.android.server.twilight.TwilightService took to complete: 0ms
08-24 13:45:06.952 1151 1151 I SystemServerTiming: OnBootPhase_500_com.android.server.display.color.ColorDisplayService
08-24 13:45:06.952 1151 1151 D SystemServerTiming: OnBootPhase_500_com.android.server.display.color.ColorDisplayService took to complete: 0ms
08-24 13:45:06.952 1151 1151 I SystemServerTiming: OnBootPhase_500_com.android.server.job.JobSchedulerService
08-24 13:45:06.956 1151 1151 V HistoricalRegistry: Interaction before persistence initialized
08-24 13:45:06.957 1151 1151 D SystemServerTiming: OnBootPhase_500_com.android.server.job.JobSchedulerService took to complete: 4ms
08-24 13:45:06.957 1151 1151 I SystemServerTiming: OnBootPhase_500_com.android.server.soundtrigger.SoundTriggerService
08-24 13:45:06.957 1151 1151 D SoundTriggerService: onBootPhase: 500 : false
08-24 13:45:06.957 1151 1151 D SystemServerTiming: OnBootPhase_500_com.android.server.soundtrigger.SoundTriggerService took to complete: 0ms
08-24 13:45:06.957 1151 1151 I SystemServerTiming: OnBootPhase_500_com.android.server.trust.TrustManagerService
08-24 13:45:06.958 1151 1151 D SystemServerTiming: OnBootPhase_500_com.android.server.trust.TrustManagerService took to complete: 1ms
08-24 13:45:06.958 1151 1151 I SystemServerTiming: OnBootPhase_500_com.android.server.backup.BackupManagerService$Lifecycle
08-24 13:45:06.958 1151 1151 D SystemServerTiming: OnBootPhase_500_com.android.server.backup.BackupManagerService$Lifecycle took to complete: 0ms
08-24 13:45:06.958 1151 1151 I SystemServerTiming: OnBootPhase_500_com.android.server.appwidget.AppWidgetService
08-24 13:45:06.958 1151 1151 D SystemServerTiming: OnBootPhase_500_com.android.server.appwidget.AppWidgetService took to complete: 0ms
08-24 13:45:06.958 1151 1151 I SystemServerTiming: OnBootPhase_500_com.android.server.voiceinteraction.VoiceInteractionManagerService
08-24 13:45:06.958 1151 1151 D SystemServerTiming: OnBootPhase_500_com.android.server.voiceinteraction.VoiceInteractionManagerService took to complete: 0ms
08-24 13:45:06.958 1151 1151 I SystemServerTiming: OnBootPhase_500_com.android.server.apphibernation.AppHibernationService
08-24 13:45:06.959 1151 1151 D SystemServerTiming: OnBootPhase_500_com.android.server.apphibernation.AppHibernationService took to complete: 0ms
08-24 13:45:06.959 1151 1151 I SystemServerTiming: OnBootPhase_500_com.android.server.GestureLauncherService
08-24 13:45:06.959 1151 1151 D SystemServerTiming: OnBootPhase_500_com.android.server.GestureLauncherService took to complete: 0ms
08-24 13:45:06.959 1151 1151 I SystemServerTiming: OnBootPhase_500_com.android.server.SensorNotificationService
08-24 13:45:06.959 1151 1151 D SystemServerTiming: OnBootPhase_500_com.android.server.SensorNotificationService took to complete: 0ms
08-24 13:45:06.959 1151 1151 I SystemServerTiming: OnBootPhase_500_com.android.server.emergency.EmergencyAffordanceService
08-24 13:45:06.959 1151 1151 D SystemServerTiming: OnBootPhase_500_com.android.server.emergency.EmergencyAffordanceService took to complete: 0ms
08-24 13:45:06.959 1151 1151 I SystemServerTiming: OnBootPhase_500_com.android.server.blob.BlobStoreManagerService
08-24 13:45:06.960 1151 1151 D SystemServerTiming: OnBootPhase_500_com.android.server.blob.BlobStoreManagerService took to complete: 0ms
08-24 13:45:06.960 1151 1151 I SystemServerTiming: OnBootPhase_500_com.android.server.dreams.DreamManagerService
08-24 13:45:06.960 1151 1151 D SystemServerTiming: OnBootPhase_500_com.android.server.dreams.DreamManagerService took to complete: 0ms
08-24 13:45:06.960 1151 1151 I SystemServerTiming: OnBootPhase_500_com.android.server.companion.CompanionDeviceManagerService
08-24 13:45:06.961 1151 1151 I CompanionDeviceManagerService: initBleScanning()
08-24 13:45:06.962 1151 1151 D SystemServerTiming: OnBootPhase_500_com.android.server.companion.CompanionDeviceManagerService took to complete: 2ms
08-24 13:45:06.962 1151 1151 I SystemServerTiming: OnBootPhase_500_com.android.server.restrictions.RestrictionsManagerService
08-24 13:45:06.962 1151 1151 D SystemServerTiming: OnBootPhase_500_com.android.server.restrictions.RestrictionsManagerService took to complete: 0ms
08-24 13:45:06.962 1151 1151 I SystemServerTiming: OnBootPhase_500_com.android.server.media.MediaSessionService
08-24 13:45:06.962 1151 1151 D SystemServerTiming: OnBootPhase_500_com.android.server.media.MediaSessionService took to complete: 0ms
08-24 13:45:06.962 1151 1151 I SystemServerTiming: OnBootPhase_500_com.android.server.media.MediaResourceMonitorService
08-24 13:45:06.962 1151 1151 D SystemServerTiming: OnBootPhase_500_com.android.server.media.MediaResourceMonitorService took to complete: 0ms
08-24 13:45:06.962 1151 1151 I SystemServerTiming: OnBootPhase_500_com.android.server.biometrics.sensors.fingerprint.FingerprintService
08-24 13:45:06.962 1151 1151 D SystemServerTiming: OnBootPhase_500_com.android.server.biometrics.sensors.fingerprint.FingerprintService took to complete: 0ms
08-24 13:45:06.962 1151 1151 I SystemServerTiming: OnBootPhase_500_com.android.server.biometrics.BiometricService
08-24 13:45:06.962 1151 1151 D SystemServerTiming: OnBootPhase_500_com.android.server.biometrics.BiometricService took to complete: 0ms
08-24 13:45:06.962 1151 1151 I SystemServerTiming: OnBootPhase_500_com.android.server.biometrics.AuthService
08-24 13:45:06.962 1151 1151 D SystemServerTiming: OnBootPhase_500_com.android.server.biometrics.AuthService took to complete: 0ms
08-24 13:45:06.963 1151 1151 I SystemServerTiming: OnBootPhase_500_com.android.server.pm.ShortcutService$Lifecycle
08-24 13:45:06.963 1151 1151 D SystemServerTiming: OnBootPhase_500_com.android.server.pm.ShortcutService$Lifecycle took to complete: 0ms
08-24 13:45:06.963 1151 1151 I SystemServerTiming: OnBootPhase_500_com.android.server.pm.LauncherAppsService
08-24 13:45:06.963 1151 1151 D SystemServerTiming: OnBootPhase_500_com.android.server.pm.LauncherAppsService took to complete: 0ms
08-24 13:45:06.963 1151 1151 I SystemServerTiming: OnBootPhase_500_com.android.server.pm.CrossProfileAppsService
08-24 13:45:06.963 1151 1151 D SystemServerTiming: OnBootPhase_500_com.android.server.pm.CrossProfileAppsService took to complete: 0ms
08-24 13:45:06.963 1151 1151 I SystemServerTiming: OnBootPhase_500_com.android.server.people.PeopleService
08-24 13:45:06.964 1151 1151 D SystemServerTiming: OnBootPhase_500_com.android.server.people.PeopleService took to complete: 1ms
08-24 13:45:06.964 1151 1151 I SystemServerTiming: OnBootPhase_500_com.android.server.media.metrics.MediaMetricsManagerService
08-24 13:45:06.964 1151 1151 D SystemServerTiming: OnBootPhase_500_com.android.server.media.metrics.MediaMetricsManagerService took to complete: 0ms
08-24 13:45:06.964 1151 1151 I SystemServerTiming: OnBootPhase_500_com.android.server.media.projection.MediaProjectionManagerService
08-24 13:45:06.964 1151 1151 D SystemServerTiming: OnBootPhase_500_com.android.server.media.projection.MediaProjectionManagerService took to complete: 0ms
08-24 13:45:06.964 1151 1151 I SystemServerTiming: OnBootPhase_500_com.android.server.slice.SliceManagerService$Lifecycle
08-24 13:45:06.964 1151 1151 D SystemServerTiming: OnBootPhase_500_com.android.server.slice.SliceManagerService$Lifecycle took to complete: 0ms
08-24 13:45:06.964 1151 1151 I SystemServerTiming: OnBootPhase_500_com.android.server.stats.StatsCompanion$Lifecycle
08-24 13:45:06.964 1151 1151 D SystemServerTiming: OnBootPhase_500_com.android.server.stats.StatsCompanion$Lifecycle took to complete: 0ms
08-24 13:45:06.964 1151 1151 I SystemServerTiming: OnBootPhase_500_com.android.server.scheduling.RebootReadinessManagerService$Lifecycle
08-24 13:45:06.964 1151 1151 D SystemServerTiming: OnBootPhase_500_com.android.server.scheduling.RebootReadinessManagerService$Lifecycle took to complete: 0ms
08-24 13:45:06.964 1151 1151 I SystemServerTiming: OnBootPhase_500_com.android.server.stats.pull.StatsPullAtomService
08-24 13:45:06.965 1151 1151 D SystemServerTiming: OnBootPhase_500_com.android.server.stats.pull.StatsPullAtomService took to complete: 0ms
08-24 13:45:06.965 1151 1151 I SystemServerTiming: OnBootPhase_500_com.android.server.incident.IncidentCompanionService
08-24 13:45:06.965 1151 1151 D SystemServerTiming: OnBootPhase_500_com.android.server.incident.IncidentCompanionService took to complete: 0ms
08-24 13:45:06.965 1151 1151 I SystemServerTiming: OnBootPhase_500_com.android.server.MmsServiceBroker
08-24 13:45:06.965 1151 1151 D SystemServerTiming: OnBootPhase_500_com.android.server.MmsServiceBroker took to complete: 0ms
08-24 13:45:06.965 1151 1151 I SystemServerTiming: OnBootPhase_500_com.android.server.autofill.AutofillManagerService
08-24 13:45:06.965 1151 1151 D SystemServerTiming: OnBootPhase_500_com.android.server.autofill.AutofillManagerService took to complete: 0ms
08-24 13:45:06.965 1151 1151 I SystemServerTiming: OnBootPhase_500_com.android.server.clipboard.ClipboardService
08-24 13:45:06.965 1151 1151 D SystemServerTiming: OnBootPhase_500_com.android.server.clipboard.ClipboardService took to complete: 0ms
08-24 13:45:06.965 1151 1151 I SystemServerTiming: OnBootPhase_500_com.android.server.appbinding.AppBindingService$Lifecycle
08-24 13:45:06.965 1151 1151 D SystemServerTiming: OnBootPhase_500_com.android.server.appbinding.AppBindingService$Lifecycle took to complete: 0ms
08-24 13:45:06.965 1151 1151 I SystemServerTiming: OnBootPhase_500_com.android.server.tracing.TracingServiceProxy
08-24 13:45:06.965 1151 1151 D SystemServerTiming: OnBootPhase_500_com.android.server.tracing.TracingServiceProxy took to complete: 0ms
08-24 13:45:06.965 1151 1151 D SystemServerTiming: OnBootPhase_500 took to complete: 160ms
08-24 13:45:06.966 1151 1151 D SystemServerTiming: StartBootPhaseSystemServicesReady took to complete: 160ms
08-24 13:45:06.966 1151 1151 I SystemServerTiming: MakeWindowManagerServiceReady
08-24 13:45:06.972 1151 1151 D SystemServerTiming: MakeWindowManagerServiceReady took to complete: 6ms
08-24 13:45:06.973 1151 1151 I SystemServerTiming: MakePowerManagerServiceReady
08-24 13:45:06.973 1151 1151 I AttentionDetector: readValuesFromDeviceConfig():
08-24 13:45:06.973 1151 1151 I AttentionDetector: mMaximumExtensionMillis=900000
08-24 13:45:06.973 1151 1151 I AttentionDetector: mPreDimCheckDurationMillis=2000
08-24 13:45:06.973 1151 1151 I AttentionDetector: mRequestedPostDimTimeoutMillis=0
08-24 13:45:06.977 1151 1151 E DisplayPowerController[0]: failed to set up display white-balance: java.lang.IllegalStateException: cannot find light sensor
08-24 13:45:06.977 1151 1151 W DisplayPowerController[0]: Screen brightness nits configuration is unavailable; falling back
08-24 13:45:06.980 1151 2186 I DropBoxManagerService: add tag=system_server_wtf isTagEnabled=true flags=0x2
08-24 13:45:06.982 1151 2187 I DropBoxManagerService: add tag=system_server_wtf isTagEnabled=true flags=0x2
08-24 13:45:06.986 1151 1716 W ProcessCpuTracker: Failed to stat(/proc/2179): android.system.ErrnoException: stat failed: ENOENT (No such file or directory)
08-24 13:45:06.986 1151 1716 W ProcessCpuTracker: Skipping unknown process pid 2179
08-24 13:45:06.987 1151 1151 I FaceDownDetector: readValuesFromDeviceConfig():
08-24 13:45:06.987 1151 1151 I FaceDownDetector: mAccelerationThreshold=0.2
08-24 13:45:06.987 1151 1151 I FaceDownDetector: mZAccelerationThreshold=-9.5
08-24 13:45:06.987 1151 1151 I FaceDownDetector: mTimeThreshold=PT1S
08-24 13:45:06.987 1151 1151 I FaceDownDetector: mIsEnabled=true
08-24 13:45:06.987 1151 1151 I ScreenUndimDetector: readValuesFromDeviceConfig():
08-24 13:45:06.987 1151 1151 I ScreenUndimDetector: mKeepScreenOnForMillis=600000
08-24 13:45:06.987 1151 1151 I ScreenUndimDetector: mKeepScreenOnNotificationEnabled=true
08-24 13:45:06.987 1151 1151 I ScreenUndimDetector: mUndimsRequired=2
08-24 13:45:06.991 1151 1722 W KeyguardServiceDelegate: onScreenTurningOn(): no keyguard service!
08-24 13:45:06.992 1151 1151 D SystemServerTiming: MakePowerManagerServiceReady took to complete: 19ms
08-24 13:45:06.992 1151 1151 I SystemServerTiming: StartPermissionPolicyService
08-24 13:45:06.992 1151 1151 I SystemServiceManager: Starting com.android.server.policy.PermissionPolicyService
08-24 13:45:06.993 1151 1702 I HealthServiceWrapper: health: HealthServiceWrapper listening to instance default
08-24 13:45:06.994 1151 1722 V DisplayPowerController[0]: Brightness [0.39763778] reason changing to: 'override', previous reason: '0'.
08-24 13:45:06.995 1151 1151 D SystemServerTiming: StartPermissionPolicyService took to complete: 4ms
08-24 13:45:06.995 1151 1151 I SystemServerTiming: MakePackageManagerServiceReady
08-24 13:45:06.999 1151 1702 D StatsPullAtomService: Registering pullers with statsd
08-24 13:45:07.000 1151 1151 V UserDataPreparer: Found /data/user_de/0 with serial number -1
08-24 13:45:07.000 1151 1151 D UserDataPreparer: Serial number missing on /data/user_de/0; assuming current is valid
08-24 13:45:07.000 1151 1151 V UserDataPreparer: Found /data/user/0 with serial number -1
08-24 13:45:07.000 1151 1151 D UserDataPreparer: Serial number missing on /data/user/0; assuming current is valid
08-24 13:45:07.000 1151 1151 V UserDataPreparer: Found /data/system_de/0 with serial number -1
08-24 13:45:07.001 1151 1151 D UserDataPreparer: Serial number missing on /data/system_de/0; assuming current is valid
08-24 13:45:07.001 1151 1151 I PackageManager: Permission ownership changed. Updating all permissions.
08-24 13:45:07.001 1151 1702 I StatsPullAtomService: register thermal listener successfully
08-24 13:45:07.006 1151 1713 E KernelCpuSpeedReader: Failed to read cpu-freq: /sys/devices/system/cpu/cpu4/cpufreq/stats/time_in_state: open failed: ENOENT (No such file or directory)
08-24 13:45:07.007 1151 1713 E KernelCpuSpeedReader: Failed to read cpu-freq: /sys/devices/system/cpu/cpu0/cpufreq/stats/time_in_state: open failed: ENOENT (No such file or directory)
08-24 13:45:07.017 1151 1151 W DefaultPermGrantPolicy: Permission not found: com.qti.permission.RECEIVE_MSIM_VOICE_CAPABILITY_CHANGED
08-24 13:45:07.018 1151 1151 W DefaultPermGrantPolicy: Permission not found: com.google.android.googleapps.permission.GOOGLE_AUTH
08-24 13:45:07.018 1151 1151 W DefaultPermGrantPolicy: Permission not found: com.android.launcher.permission.READ_SETTINGS
08-24 13:45:07.018 1151 1151 W DefaultPermGrantPolicy: Permission not found: com.android.launcher.permission.WRITE_SETTINGS
08-24 13:45:07.018 1151 1151 W DefaultPermGrantPolicy: Permission not found: com.qualcomm.qti.permission.USE_EXT_TELEPHONY_SERVICE
08-24 13:45:07.019 1151 1151 W DefaultPermGrantPolicy: Permission not found: com.qualcomm.permission.ACCESS_LOCATION_API
08-24 13:45:07.020 1151 1151 W DefaultPermGrantPolicy: Permission not found: android.permission.MANAGE_WIFI_WHEN_WIRELESS_CONSENT_REQUIRED
08-24 13:45:07.020 1151 1151 W DefaultPermGrantPolicy: Permission not found: com.android.providers.tv.permission.ACCESS_WATCHED_PROGRAMS
08-24 13:45:07.020 1151 1151 W DefaultPermGrantPolicy: Permission not found: com.android.providers.tv.permission.WRITE_EPG_DATA
08-24 13:45:07.021 1151 1151 W DefaultPermGrantPolicy: Permission not found: com.qualcomm.qti.smq.qcc.permission.QCCTRUI
08-24 13:45:07.021 1151 1151 W DefaultPermGrantPolicy: Permission not found: android.permission.WRITE_OWNER_DATA
08-24 13:45:07.021 1151 1151 W DefaultPermGrantPolicy: Permission not found: android.bluetooth.device.action.FOUND
08-24 13:45:07.022 1151 1151 W DefaultPermGrantPolicy: Permission not found: android.car.permission.CONTROL_CAR_CLIMATE
08-24 13:45:07.022 1151 1151 W DefaultPermGrantPolicy: Permission not found: android.car.permission.CAR_CONTROL_AUDIO_VOLUME
08-24 13:45:07.022 1151 1151 W DefaultPermGrantPolicy: Permission not found: com.google.android.gallery3d.permission.GALLERY_PROVIDER
08-24 13:45:07.022 1151 1151 W DefaultPermGrantPolicy: Permission not found: com.android.email.permission.ACCESS_PROVIDER
08-24 13:45:07.022 1151 1151 W DefaultPermGrantPolicy: Permission not found: com.android.email.permission.READ_ATTACHMENT
08-24 13:45:07.023 1151 1151 W VoiceInteractionManager: no available voice interaction services found for user 0
08-24 13:45:07.024 1151 1151 W VoiceInteractionManager: no available voice recognition services found for user 0
08-24 13:45:07.026 1151 1151 I SyncManager: No initial accounts
08-24 13:45:07.030 1151 1151 W DefaultPermGrantPolicy: Permission not found: com.google.android.permission.INSTALL_WEARABLE_PACKAGES
08-24 13:45:07.030 1151 1151 W DefaultPermGrantPolicy: Permission not found: com.google.android.googleapps.permission.GOOGLE_AUTH.mail
08-24 13:45:07.030 1151 1151 W DefaultPermGrantPolicy: Permission not found: com.google.android.googleapps.permission.GOOGLE_AUTH.cl
08-24 13:45:07.031 1151 1151 W DefaultPermGrantPolicy: Permission not found: com.google.android.setupwizard.SETUP_COMPAT_SERVICE
08-24 13:45:07.035 1151 1151 E DefaultPermGrantPolicy: Package not found: com.qualcomm.qti.cne
08-24 13:45:07.114 1151 1151 D StagingManagerTiming: restoreSessions took to complete: 1ms
08-24 13:45:07.114 1151 1151 D SystemServerTiming: MakePackageManagerServiceReady took to complete: 118ms
08-24 13:45:07.114 1151 1151 I SystemServerTiming: MakeDisplayManagerServiceReady
08-24 13:45:07.117 1151 1692 E DisplayModeDirector: Asked about unknown display, returning empty display mode specs!(id=0)
08-24 13:45:07.117 1151 1692 E DisplayModeDirector: Asked about unknown display, returning empty display mode specs!(id=0)
08-24 13:45:07.120 1151 1151 D SystemServerTiming: MakeDisplayManagerServiceReady took to complete: 6ms
08-24 13:45:07.120 1151 1151 I SystemServerTiming: StartDeviceSpecificServices
08-24 13:45:07.120 1151 1151 D SystemServerTiming: StartDeviceSpecificServices took to complete: 0ms
08-24 13:45:07.120 1151 1151 I SystemServerTiming: GameManagerService
08-24 13:45:07.120 1151 1151 I SystemServiceManager: Starting com.android.server.app.GameManagerService$Lifecycle
08-24 13:45:07.123 1151 1151 D SystemServerTiming: GameManagerService took to complete: 4ms
08-24 13:45:07.123 1151 1151 I SystemServerTiming: StartBootPhaseDeviceSpecificServicesReady
08-24 13:45:07.123 1151 1151 I SystemServiceManager: Starting phase 520
08-24 13:45:07.123 1151 1151 I SystemServerTiming: OnBootPhase_520
08-24 13:45:07.124 1151 1151 I SystemServerTiming: OnBootPhase_520_com.android.server.security.FileIntegrityService
08-24 13:45:07.124 1151 1151 D SystemServerTiming: OnBootPhase_520_com.android.server.security.FileIntegrityService took to complete: 0ms
08-24 13:45:07.124 1151 1151 I SystemServerTiming: OnBootPhase_520_com.android.server.pm.Installer
08-24 13:45:07.124 1151 1151 D SystemServerTiming: OnBootPhase_520_com.android.server.pm.Installer took to complete: 0ms
08-24 13:45:07.124 1151 1151 I SystemServerTiming: OnBootPhase_520_com.android.server.os.DeviceIdentifiersPolicyService
08-24 13:45:07.124 1151 1151 D SystemServerTiming: OnBootPhase_520_com.android.server.os.DeviceIdentifiersPolicyService took to complete: 0ms
08-24 13:45:07.124 1151 1151 I SystemServerTiming: OnBootPhase_520_com.android.server.uri.UriGrantsManagerService$Lifecycle
08-24 13:45:07.124 1151 1151 D SystemServerTiming: OnBootPhase_520_com.android.server.uri.UriGrantsManagerService$Lifecycle took to complete: 0ms
08-24 13:45:07.124 1151 1151 I SystemServerTiming: OnBootPhase_520_com.android.server.powerstats.PowerStatsService
08-24 13:45:07.124 1151 1151 D SystemServerTiming: OnBootPhase_520_com.android.server.powerstats.PowerStatsService took to complete: 0ms
08-24 13:45:07.124 1151 1151 I SystemServerTiming: OnBootPhase_520_com.android.server.wm.ActivityTaskManagerService$Lifecycle
08-24 13:45:07.124 1151 1151 D SystemServerTiming: OnBootPhase_520_com.android.server.wm.ActivityTaskManagerService$Lifecycle took to complete: 0ms
08-24 13:45:07.124 1151 1151 I SystemServerTiming: OnBootPhase_520_com.android.server.am.ActivityManagerService$Lifecycle
08-24 13:45:07.124 1151 1151 D SystemServerTiming: OnBootPhase_520_com.android.server.am.ActivityManagerService$Lifecycle took to complete: 0ms
08-24 13:45:07.124 1151 1151 I SystemServerTiming: OnBootPhase_520_com.android.server.pm.DataLoaderManagerService
08-24 13:45:07.124 1151 1151 D SystemServerTiming: OnBootPhase_520_com.android.server.pm.DataLoaderManagerService took to complete: 0ms
08-24 13:45:07.124 1151 1151 I SystemServerTiming: OnBootPhase_520_com.android.server.power.PowerManagerService
08-24 13:45:07.124 1151 1151 D SystemServerTiming: OnBootPhase_520_com.android.server.power.PowerManagerService took to complete: 0ms
08-24 13:45:07.124 1151 1151 I SystemServerTiming: OnBootPhase_520_com.android.server.power.ThermalManagerService
08-24 13:45:07.124 1151 1151 D SystemServerTiming: OnBootPhase_520_com.android.server.power.ThermalManagerService took to complete: 0ms
08-24 13:45:07.124 1151 1151 I SystemServerTiming: OnBootPhase_520_com.android.server.power.hint.HintManagerService
08-24 13:45:07.124 1151 1151 D SystemServerTiming: OnBootPhase_520_com.android.server.power.hint.HintManagerService took to complete: 0ms
08-24 13:45:07.124 1151 1151 I SystemServerTiming: OnBootPhase_520_com.android.server.recoverysystem.RecoverySystemService$Lifecycle
08-24 13:45:07.124 1151 1151 D SystemServerTiming: OnBootPhase_520_com.android.server.recoverysystem.RecoverySystemService$Lifecycle took to complete: 0ms
08-24 13:45:07.124 1151 1151 I SystemServerTiming: OnBootPhase_520_com.android.server.lights.LightsService
08-24 13:45:07.125 1151 1151 D SystemServerTiming: OnBootPhase_520_com.android.server.lights.LightsService took to complete: 0ms
08-24 13:45:07.125 1151 1151 I SystemServerTiming: OnBootPhase_520_com.android.server.display.DisplayManagerService
08-24 13:45:07.125 1151 1151 D SystemServerTiming: OnBootPhase_520_com.android.server.display.DisplayManagerService took to complete: 0ms
08-24 13:45:07.125 1151 1151 I SystemServerTiming: OnBootPhase_520_com.android.server.pm.verify.domain.DomainVerificationService
08-24 13:45:07.125 1151 1151 D SystemServerTiming: OnBootPhase_520_com.android.server.pm.verify.domain.DomainVerificationService took to complete: 0ms
08-24 13:45:07.125 1151 1151 I SystemServerTiming: OnBootPhase_520_com.android.server.pm.PackageInstallerService$Lifecycle
08-24 13:45:07.125 1151 1151 D SystemServerTiming: OnBootPhase_520_com.android.server.pm.PackageInstallerService$Lifecycle took to complete: 0ms
08-24 13:45:07.125 1151 1151 I SystemServerTiming: OnBootPhase_520_com.android.server.pm.UserManagerService$LifeCycle
08-24 13:45:07.125 1151 1151 D SystemServerTiming: OnBootPhase_520_com.android.server.pm.UserManagerService$LifeCycle took to complete: 0ms
08-24 13:45:07.125 1151 1151 I SystemServerTiming: OnBootPhase_520_com.android.server.om.OverlayManagerService
08-24 13:45:07.125 1151 1151 D SystemServerTiming: OnBootPhase_520_com.android.server.om.OverlayManagerService took to complete: 0ms
08-24 13:45:07.125 1151 1151 I SystemServerTiming: OnBootPhase_520_com.android.server.SensorPrivacyService
08-24 13:45:07.125 1151 1151 D SystemServerTiming: OnBootPhase_520_com.android.server.SensorPrivacyService took to complete: 0ms
08-24 13:45:07.125 1151 1151 I SystemServerTiming: OnBootPhase_520_com.android.server.sensors.SensorService
08-24 13:45:07.125 1151 1151 D SystemServerTiming: OnBootPhase_520_com.android.server.sensors.SensorService took to complete: 0ms
08-24 13:45:07.125 1151 1151 I SystemServerTiming: OnBootPhase_520_com.android.server.SystemConfigService
08-24 13:45:07.125 1151 1151 D SystemServerTiming: OnBootPhase_520_com.android.server.SystemConfigService took to complete: 0ms
08-24 13:45:07.125 1151 1151 I SystemServerTiming: OnBootPhase_520_com.android.server.BatteryService
08-24 13:45:07.125 1151 1151 D SystemServerTiming: OnBootPhase_520_com.android.server.BatteryService took to complete: 0ms
08-24 13:45:07.125 1151 1151 I SystemServerTiming: OnBootPhase_520_com.android.server.usage.UsageStatsService
08-24 13:45:07.125 1151 1151 D SystemServerTiming: OnBootPhase_520_com.android.server.usage.UsageStatsService took to complete: 0ms
08-24 13:45:07.125 1151 1151 I SystemServerTiming: OnBootPhase_520_com.android.server.webkit.WebViewUpdateService
08-24 13:45:07.125 1151 1151 D SystemServerTiming: OnBootPhase_520_com.android.server.webkit.WebViewUpdateService took to complete: 0ms
08-24 13:45:07.125 1151 1151 I SystemServerTiming: OnBootPhase_520_com.android.server.CachedDeviceStateService
08-24 13:45:07.125 1151 1151 D SystemServerTiming: OnBootPhase_520_com.android.server.CachedDeviceStateService took to complete: 0ms
08-24 13:45:07.125 1151 1151 I SystemServerTiming: OnBootPhase_520_com.android.server.BinderCallsStatsService$LifeCycle
08-24 13:45:07.125 1151 1151 D SystemServerTiming: OnBootPhase_520_com.android.server.BinderCallsStatsService$LifeCycle took to complete: 0ms
08-24 13:45:07.125 1151 1151 I SystemServerTiming: OnBootPhase_520_com.android.server.LooperStatsService$Lifecycle
08-24 13:45:07.126 1151 1151 D SystemServerTiming: OnBootPhase_520_com.android.server.LooperStatsService$Lifecycle took to complete: 0ms
08-24 13:45:07.126 1151 1151 I SystemServerTiming: OnBootPhase_520_com.android.server.rollback.RollbackManagerService
08-24 13:45:07.126 1151 1151 D SystemServerTiming: OnBootPhase_520_com.android.server.rollback.RollbackManagerService took to complete: 0ms
08-24 13:45:07.126 1151 1151 I SystemServerTiming: OnBootPhase_520_com.android.server.os.NativeTombstoneManagerService
08-24 13:45:07.126 1151 1151 D SystemServerTiming: OnBootPhase_520_com.android.server.os.NativeTombstoneManagerService took to complete: 0ms
08-24 13:45:07.126 1151 1151 I SystemServerTiming: OnBootPhase_520_com.android.server.os.BugreportManagerService
08-24 13:45:07.126 1151 1151 D SystemServerTiming: OnBootPhase_520_com.android.server.os.BugreportManagerService took to complete: 0ms
08-24 13:45:07.126 1151 1151 I SystemServerTiming: OnBootPhase_520_com.android.server.gpu.GpuService
08-24 13:45:07.126 1151 1151 D SystemServerTiming: OnBootPhase_520_com.android.server.gpu.GpuService took to complete: 0ms
08-24 13:45:07.126 1151 1151 I SystemServerTiming: OnBootPhase_520_com.android.server.security.KeyChainSystemService
08-24 13:45:07.126 1151 1151 D SystemServerTiming: OnBootPhase_520_com.android.server.security.KeyChainSystemService took to complete: 0ms
08-24 13:45:07.126 1151 1151 I SystemServerTiming: OnBootPhase_520_com.android.server.telecom.TelecomLoaderService
08-24 13:45:07.126 1151 1151 D SystemServerTiming: OnBootPhase_520_com.android.server.telecom.TelecomLoaderService took to complete: 0ms
08-24 13:45:07.126 1151 1151 I SystemServerTiming: OnBootPhase_520_com.android.server.accounts.AccountManagerService$Lifecycle
08-24 13:45:07.126 1151 1151 D SystemServerTiming: OnBootPhase_520_com.android.server.accounts.AccountManagerService$Lifecycle took to complete: 0ms
08-24 13:45:07.126 1151 1151 I SystemServerTiming: OnBootPhase_520_com.android.server.content.ContentService$Lifecycle
08-24 13:45:07.126 1151 1151 D SystemServerTiming: OnBootPhase_520_com.android.server.content.ContentService$Lifecycle took to complete: 0ms
08-24 13:45:07.126 1151 1151 I SystemServerTiming: OnBootPhase_520_com.android.server.DropBoxManagerService
08-24 13:45:07.126 1151 1151 D SystemServerTiming: OnBootPhase_520_com.android.server.DropBoxManagerService took to complete: 0ms
08-24 13:45:07.126 1151 1151 I SystemServerTiming: OnBootPhase_520_com.android.role.RoleService
08-24 13:45:07.126 1151 1151 D SystemServerTiming: OnBootPhase_520_com.android.role.RoleService took to complete: 0ms
08-24 13:45:07.126 1151 1151 I SystemServerTiming: OnBootPhase_520_com.android.server.vibrator.VibratorManagerService$Lifecycle
08-24 13:45:07.126 1151 1151 D SystemServerTiming: OnBootPhase_520_com.android.server.vibrator.VibratorManagerService$Lifecycle took to complete: 0ms
08-24 13:45:07.126 1151 1151 I SystemServerTiming: OnBootPhase_520_com.android.server.alarm.AlarmManagerService
08-24 13:45:07.126 1151 1151 D SystemServerTiming: OnBootPhase_520_com.android.server.alarm.AlarmManagerService took to complete: 0ms
08-24 13:45:07.126 1151 1151 I SystemServerTiming: OnBootPhase_520_com.android.server.devicestate.DeviceStateManagerService
08-24 13:45:07.127 1151 1151 D SystemServerTiming: OnBootPhase_520_com.android.server.devicestate.DeviceStateManagerService took to complete: 0ms
08-24 13:45:07.127 1151 1151 I SystemServerTiming: OnBootPhase_520_com.android.server.camera.CameraServiceProxy
08-24 13:45:07.127 1151 1151 D SystemServerTiming: OnBootPhase_520_com.android.server.camera.CameraServiceProxy took to complete: 0ms
08-24 13:45:07.127 1151 1151 I SystemServerTiming: OnBootPhase_520_com.android.server.BluetoothService
08-24 13:45:07.127 1151 1151 D SystemServerTiming: OnBootPhase_520_com.android.server.BluetoothService took to complete: 0ms
08-24 13:45:07.127 1151 1151 I SystemServerTiming: OnBootPhase_520_com.android.server.connectivity.IpConnectivityMetrics
08-24 13:45:07.127 1151 1151 D SystemServerTiming: OnBootPhase_520_com.android.server.connectivity.IpConnectivityMetrics took to complete: 0ms
08-24 13:45:07.127 1151 1151 I SystemServerTiming: OnBootPhase_520_com.android.server.net.watchlist.NetworkWatchlistService$Lifecycle
08-24 13:45:07.127 1151 1151 D SystemServerTiming: OnBootPhase_520_com.android.server.net.watchlist.NetworkWatchlistService$Lifecycle took to complete: 0ms
08-24 13:45:07.127 1151 1151 I SystemServerTiming: OnBootPhase_520_com.android.server.PinnerService
08-24 13:45:07.127 1151 1151 D SystemServerTiming: OnBootPhase_520_com.android.server.PinnerService took to complete: 0ms
08-24 13:45:07.127 1151 1151 I SystemServerTiming: OnBootPhase_520_com.google.android.startop.iorap.IorapForwardingService
08-24 13:45:07.127 1151 1151 D SystemServerTiming: OnBootPhase_520_com.google.android.startop.iorap.IorapForwardingService took to complete: 0ms
08-24 13:45:07.127 1151 1151 I SystemServerTiming: OnBootPhase_520_com.android.server.ActivityTriggerService
08-24 13:45:07.127 1151 1151 D SystemServerTiming: OnBootPhase_520_com.android.server.ActivityTriggerService took to complete: 0ms
08-24 13:45:07.127 1151 1151 I SystemServerTiming: OnBootPhase_520_com.android.server.integrity.AppIntegrityManagerService
08-24 13:45:07.127 1151 1151 D SystemServerTiming: OnBootPhase_520_com.android.server.integrity.AppIntegrityManagerService took to complete: 0ms
08-24 13:45:07.127 1151 1151 I SystemServerTiming: OnBootPhase_520_com.android.server.inputmethod.InputMethodManagerService$Lifecycle
08-24 13:45:07.127 1151 1151 D SystemServerTiming: OnBootPhase_520_com.android.server.inputmethod.InputMethodManagerService$Lifecycle took to complete: 0ms
08-24 13:45:07.127 1151 1151 I SystemServerTiming: OnBootPhase_520_com.android.server.accessibility.AccessibilityManagerService$Lifecycle
08-24 13:45:07.127 1151 1151 D SystemServerTiming: OnBootPhase_520_com.android.server.accessibility.AccessibilityManagerService$Lifecycle took to complete: 0ms
08-24 13:45:07.127 1151 1151 I SystemServerTiming: OnBootPhase_520_com.android.server.StorageManagerService$Lifecycle
08-24 13:45:07.127 1151 1151 D SystemServerTiming: OnBootPhase_520_com.android.server.StorageManagerService$Lifecycle took to complete: 0ms
08-24 13:45:07.127 1151 1151 I SystemServerTiming: OnBootPhase_520_com.android.server.usage.StorageStatsService$Lifecycle
08-24 13:45:07.128 1151 1151 D SystemServerTiming: OnBootPhase_520_com.android.server.usage.StorageStatsService$Lifecycle took to complete: 0ms
08-24 13:45:07.128 1151 1151 I SystemServerTiming: OnBootPhase_520_com.android.server.UiModeManagerService
08-24 13:45:07.128 1151 1151 D SystemServerTiming: OnBootPhase_520_com.android.server.UiModeManagerService took to complete: 0ms
08-24 13:45:07.128 1151 1151 I SystemServerTiming: OnBootPhase_520_com.android.server.locksettings.LockSettingsService$Lifecycle
08-24 13:45:07.128 1151 1151 D SystemServerTiming: OnBootPhase_520_com.android.server.locksettings.LockSettingsService$Lifecycle took to complete: 0ms
08-24 13:45:07.128 1151 1151 I SystemServerTiming: OnBootPhase_520_com.android.server.PersistentDataBlockService
08-24 13:45:07.128 1151 1151 D SystemServerTiming: OnBootPhase_520_com.android.server.PersistentDataBlockService took to complete: 0ms
08-24 13:45:07.128 1151 1151 I SystemServerTiming: OnBootPhase_520_com.android.server.testharness.TestHarnessModeService
08-24 13:45:07.128 1151 1151 D SystemServerTiming: OnBootPhase_520_com.android.server.testharness.TestHarnessModeService took to complete: 0ms
08-24 13:45:07.128 1151 1151 I SystemServerTiming: OnBootPhase_520_com.android.server.oemlock.OemLockService
08-24 13:45:07.128 1151 1151 D SystemServerTiming: OnBootPhase_520_com.android.server.oemlock.OemLockService took to complete: 0ms
08-24 13:45:07.128 1151 1151 I SystemServerTiming: OnBootPhase_520_com.android.server.DeviceIdleController
08-24 13:45:07.128 1151 1151 D SystemServerTiming: OnBootPhase_520_com.android.server.DeviceIdleController took to complete: 0ms
08-24 13:45:07.128 1151 1151 I SystemServerTiming: OnBootPhase_520_com.android.server.devicepolicy.DevicePolicyManagerService$Lifecycle
08-24 13:45:07.128 1151 1151 D SystemServerTiming: OnBootPhase_520_com.android.server.devicepolicy.DevicePolicyManagerService$Lifecycle took to complete: 0ms
08-24 13:45:07.128 1151 1151 I SystemServerTiming: OnBootPhase_520_com.android.server.texttospeech.TextToSpeechManagerService
08-24 13:45:07.128 1151 1151 D SystemServerTiming: OnBootPhase_520_com.android.server.texttospeech.TextToSpeechManagerService took to complete: 0ms
08-24 13:45:07.128 1151 1151 I SystemServerTiming: OnBootPhase_520_com.android.server.speech.SpeechRecognitionManagerService
08-24 13:45:07.128 1151 1151 D SystemServerTiming: OnBootPhase_520_com.android.server.speech.SpeechRecognitionManagerService took to complete: 0ms
08-24 13:45:07.128 1151 1151 I SystemServerTiming: OnBootPhase_520_com.android.server.searchui.SearchUiManagerService
08-24 13:45:07.128 1151 1151 D SystemServerTiming: OnBootPhase_520_com.android.server.searchui.SearchUiManagerService took to complete: 0ms
08-24 13:45:07.128 1151 1151 I SystemServerTiming: OnBootPhase_520_com.android.server.smartspace.SmartspaceManagerService
08-24 13:45:07.128 1151 1151 D SystemServerTiming: OnBootPhase_520_com.android.server.smartspace.SmartspaceManagerService took to complete: 0ms
08-24 13:45:07.128 1151 1151 I SystemServerTiming: OnBootPhase_520_com.android.server.graphics.fonts.FontManagerService$Lifecycle
08-24 13:45:07.128 1151 1151 D SystemServerTiming: OnBootPhase_520_com.android.server.graphics.fonts.FontManagerService$Lifecycle took to complete: 0ms
08-24 13:45:07.129 1151 1151 I SystemServerTiming: OnBootPhase_520_com.android.server.textservices.TextServicesManagerService$Lifecycle
08-24 13:45:07.129 1151 1151 D SystemServerTiming: OnBootPhase_520_com.android.server.textservices.TextServicesManagerService$Lifecycle took to complete: 0ms
08-24 13:45:07.129 1151 1151 I SystemServerTiming: OnBootPhase_520_com.android.server.textclassifier.TextClassificationManagerService$Lifecycle
08-24 13:45:07.129 1151 1151 D SystemServerTiming: OnBootPhase_520_com.android.server.textclassifier.TextClassificationManagerService$Lifecycle took to complete: 0ms
08-24 13:45:07.129 1151 1151 I SystemServerTiming: OnBootPhase_520_com.android.server.NetworkScoreService$Lifecycle
08-24 13:45:07.129 1151 1151 D SystemServerTiming: OnBootPhase_520_com.android.server.NetworkScoreService$Lifecycle took to complete: 0ms
08-24 13:45:07.129 1151 1151 I SystemServerTiming: OnBootPhase_520_com.android.server.wifi.WifiService
08-24 13:45:07.129 1151 1151 D SystemServerTiming: OnBootPhase_520_com.android.server.wifi.WifiService took to complete: 0ms
08-24 13:45:07.129 1151 1151 I SystemServerTiming: OnBootPhase_520_com.android.server.wifi.scanner.WifiScanningService
08-24 13:45:07.129 1151 1151 D SystemServerTiming: OnBootPhase_520_com.android.server.wifi.scanner.WifiScanningService took to complete: 0ms
08-24 13:45:07.129 1151 1151 I SystemServerTiming: OnBootPhase_520_com.android.server.wifi.rtt.RttService
08-24 13:45:07.129 1151 1151 D SystemServerTiming: OnBootPhase_520_com.android.server.wifi.rtt.RttService took to complete: 0ms
08-24 13:45:07.129 1151 1151 I SystemServerTiming: OnBootPhase_520_com.android.server.wifi.aware.WifiAwareService
08-24 13:45:07.129 1151 1151 D SystemServerTiming: OnBootPhase_520_com.android.server.wifi.aware.WifiAwareService took to complete: 0ms
08-24 13:45:07.129 1151 1151 I SystemServerTiming: OnBootPhase_520_com.android.server.wifi.p2p.WifiP2pService
08-24 13:45:07.129 1151 1151 D SystemServerTiming: OnBootPhase_520_com.android.server.wifi.p2p.WifiP2pService took to complete: 0ms
08-24 13:45:07.129 1151 1151 I SystemServerTiming: OnBootPhase_520_com.android.server.ethernet.EthernetService
08-24 13:45:07.129 1151 1151 D SystemServerTiming: OnBootPhase_520_com.android.server.ethernet.EthernetService took to complete: 0ms
08-24 13:45:07.129 1151 1151 I SystemServerTiming: OnBootPhase_520_com.android.server.ConnectivityServiceInitializer
08-24 13:45:07.129 1151 1151 D SystemServerTiming: OnBootPhase_520_com.android.server.ConnectivityServiceInitializer took to complete: 0ms
08-24 13:45:07.129 1151 1151 I SystemServerTiming: OnBootPhase_520_com.android.server.notification.NotificationManagerService
08-24 13:45:07.129 1151 1151 D SystemServerTiming: OnBootPhase_520_com.android.server.notification.NotificationManagerService took to complete: 0ms
08-24 13:45:07.129 1151 1151 I SystemServerTiming: OnBootPhase_520_com.android.server.storage.DeviceStorageMonitorService
08-24 13:45:07.129 1151 1151 D SystemServerTiming: OnBootPhase_520_com.android.server.storage.DeviceStorageMonitorService took to complete: 0ms
08-24 13:45:07.130 1151 1151 I SystemServerTiming: OnBootPhase_520_com.android.server.location.LocationManagerService$Lifecycle
08-24 13:45:07.130 1151 1151 D SystemServerTiming: OnBootPhase_520_com.android.server.location.LocationManagerService$Lifecycle took to complete: 0ms
08-24 13:45:07.130 1151 1151 I SystemServerTiming: OnBootPhase_520_com.android.server.timedetector.TimeDetectorService$Lifecycle
08-24 13:45:07.130 1151 1151 D SystemServerTiming: OnBootPhase_520_com.android.server.timedetector.TimeDetectorService$Lifecycle took to complete: 0ms
08-24 13:45:07.130 1151 1151 I SystemServerTiming: OnBootPhase_520_com.android.server.timezonedetector.TimeZoneDetectorService$Lifecycle
