01-01 02:13:04.971 0 0 D : mv2112_read_status
01-01 02:13:04.971 0 0 D mv2112_update_link: 3.0x901(1G): 0x80
01-01 02:13:04.972 0 0 D mv2112_update_link: 3.0x8109(100M): 0x0
01-01 02:13:04.972 0 0 D mv2112_update_link: link 0x0
01-01 02:13:04.972 0 0 D mv2112_read_status: autoneg is disabled
01-01 02:13:05.514 0 0 I init : starting service 'qvrd_vndr'...
01-01 02:13:05.517 0 0 I init : Created socket '/dev/socket/qvrservice_vndr', mode 660, user 1000, group 1000
01-01 02:13:05.520 0 0 I init : Created socket '/dev/socket/qvrservice_vndr_camera', mode 660, user 1000, group 1000
01-01 02:13:05.562 0 0 I init : starting service 'sxrd'...
01-01 02:13:05.608 0 0 I init : Service 'qvrd_vndr' (pid 6676) exited with status 1
01-01 02:13:05.609 0 0 I init : Sending signal 9 to service 'qvrd_vndr' (pid 6676) process group...
01-01 02:13:05.609 0 0 I libprocessgroup: Successfully killed process cgroup uid 1000 pid 6676 in 0ms
01-01 02:13:05.635 0 0 I init : Service 'sxrd' (pid 6698) exited with status 1
01-01 02:13:05.635 0 0 I init : Sending signal 9 to service 'sxrd' (pid 6698) process group...
01-01 02:13:05.636 0 0 I libprocessgroup: Successfully killed process cgroup uid 1000 pid 6698 in 0ms
08-24 14:27:39.416 6676 6676 F linker : CANNOT LINK EXECUTABLE "/vendor/bin/hw/qvrservice": library "vendor.qti.hardware.qxr-V1-ndk_platform.so" not found: needed by /vendor/lib64/libqvrservice.so in namespace (default)
08-24 14:27:39.445 6698 6698 F linker : CANNOT LINK EXECUTABLE "/vendor/bin/hw/sxrservice": library "vendor.qti.hardware.qxr-V1-ndk_platform.so" not found: needed by main executable
01-01 02:13:05.996 0 0 D : mv2112_read_status
01-01 02:13:05.996 0 0 D mv2112_update_link: 3.0x901(1G): 0x80
01-01 02:13:05.996 0 0 D mv2112_update_link: 3.0x8109(100M): 0x0
01-01 02:13:05.996 0 0 D mv2112_update_link: link 0x0
01-01 02:13:05.996 0 0 D mv2112_read_status: autoneg is disabled
01-01 02:13:07.020 0 0 D : mv2112_read_status
01-01 02:13:07.020 0 0 D mv2112_update_link: 3.0x901(1G): 0x80
01-01 02:13:07.021 0 0 D mv2112_update_link: 3.0x8109(100M): 0x0
01-01 02:13:07.021 0 0 D mv2112_update_link: link 0x0
01-01 02:13:07.021 0 0 D mv2112_read_status: autoneg is disabled
01-01 02:13:07.977 0 0 W logd : Skipping entries from slow reader, pid 1286, fd 14, from LogBuffer::Prune()
01-01 02:13:08.043 0 0 D : mv2112_read_status
01-01 02:13:08.043 0 0 D mv2112_update_link: 3.0x901(1G): 0x80
01-01 02:13:08.044 0 0 D mv2112_update_link: 3.0x8109(100M): 0x0
01-01 02:13:08.044 0 0 D mv2112_update_link: link 0x0
01-01 02:13:08.044 0 0 D mv2112_read_status: autoneg is disabled
01-01 02:13:08.130 0 0 W logd : Skipping entries from slow reader, pid 1286, fd 14, from LogBuffer::Prune()
01-01 02:13:08.328 0 0 W logd : Skipping entries from slow reader, pid 1286, fd 14, from LogBuffer::Prune()
01-01 02:13:08.590 0 0 W logd : Skipping entries from slow reader, pid 1286, fd 14, from LogBuffer::Prune()
01-01 02:13:08.703 0 0 I IRQ 5 : no longer affine to CPU4
01-01 02:13:08.896 0 0 W logd : Skipping entries from slow reader, pid 1286, fd 14, from LogBuffer::Prune()
01-01 02:13:09.067 0 0 D : mv2112_read_status
01-01 02:13:09.067 0 0 D mv2112_update_link: 3.0x901(1G): 0x80
01-01 02:13:09.067 0 0 D mv2112_update_link: 3.0x8109(100M): 0x0
01-01 02:13:09.067 0 0 D mv2112_update_link: link 0x0
01-01 02:13:09.067 0 0 D mv2112_read_status: autoneg is disabled
01-01 02:13:09.252 0 0 W logd : Skipping entries from slow reader, pid 1286, fd 14, from LogBuffer::Prune()
01-01 02:13:09.546 0 0 W logd : Skipping entries from slow reader, pid 1286, fd 14, from LogBuffer::Prune()
01-01 02:13:09.848 0 0 W logd : Skipping entries from slow reader, pid 1286, fd 14, from LogBuffer::Prune()
01-01 02:13:10.023 0 0 I IRQ 5 : no longer affine to CPU6
01-01 02:13:10.091 0 0 D : mv2112_read_status
01-01 02:13:10.091 0 0 D mv2112_update_link: 3.0x901(1G): 0x80
01-01 02:13:10.092 0 0 D mv2112_update_link: 3.0x8109(100M): 0x0
01-01 02:13:10.092 0 0 D mv2112_update_link: link 0x0
01-01 02:13:10.092 0 0 D mv2112_read_status: autoneg is disabled
01-01 02:13:10.153 0 0 W logd : Skipping entries from slow reader, pid 1286, fd 14, from LogBuffer::Prune()
01-01 02:13:10.213 0 0 W logd : Skipping entries from slow reader, pid 1286, fd 14, from LogBuffer::Prune()
01-01 02:13:10.552 0 0 I init : starting service 'qvrd_vndr'...
01-01 02:13:10.555 0 0 I init : Created socket '/dev/socket/qvrservice_vndr', mode 660, user 1000, group 1000
01-01 02:13:10.558 0 0 I init : Created socket '/dev/socket/qvrservice_vndr_camera', mode 660, user 1000, group 1000
01-01 02:13:10.608 0 0 I init : starting service 'sxrd'...
08-24 14:27:44.474 8060 8060 F linker : CANNOT LINK EXECUTABLE "/vendor/bin/hw/qvrservice": library "vendor.qti.hardware.qxr-V1-ndk_platform.so" not found: needed by /vendor/lib64/libqvrservice.so in namespace (default)
01-01 02:13:10.665 0 0 I init : Service 'qvrd_vndr' (pid 8060) exited with status 1
01-01 02:13:10.665 0 0 I init : Sending signal 9 to service 'qvrd_vndr' (pid 8060) process group...
01-01 02:13:10.666 0 0 I libprocessgroup: Successfully killed process cgroup uid 1000 pid 8060 in 0ms
08-24 14:27:44.496 8065 8065 F linker : CANNOT LINK EXECUTABLE "/vendor/bin/hw/sxrservice": library "vendor.qti.hardware.qxr-V1-ndk_platform.so" not found: needed by main executable
01-01 02:13:10.688 0 0 I init : Service 'sxrd' (pid 8065) exited with status 1
01-01 02:13:10.688 0 0 I init : Sending signal 9 to service 'sxrd' (pid 8065) process group...
01-01 02:13:10.688 0 0 I libprocessgroup: Successfully killed process cgroup uid 1000 pid 8065 in 0ms
01-01 02:13:11.083 0 0 I IRQ 5 : no longer affine to CPU4
01-01 02:13:11.118 0 0 D : mv2112_read_status
01-01 02:13:11.118 0 0 D mv2112_update_link: 3.0x901(1G): 0x80
01-01 02:13:11.118 0 0 D mv2112_update_link: 3.0x8109(100M): 0x0
01-01 02:13:11.118 0 0 D mv2112_update_link: link 0x0
01-01 02:13:11.118 0 0 D mv2112_read_status: autoneg is disabled
01-01 02:13:11.263 0 0 I IRQ 5 : no longer affine to CPU6
01-01 02:13:11.823 0 0 I IRQ 5 : no longer affine to CPU5
01-01 02:13:11.963 0 0 I IRQ 5 : no longer affine to CPU4
01-01 02:13:12.140 0 0 D : mv2112_read_status
01-01 02:13:12.140 0 0 D mv2112_update_link: 3.0x901(1G): 0x80
01-01 02:13:12.140 0 0 D mv2112_update_link: 3.0x8109(100M): 0x0
01-01 02:13:12.140 0 0 D mv2112_update_link: link 0x0
01-01 02:13:12.140 0 0 D mv2112_read_status: autoneg is disabled
01-01 02:13:12.983 0 0 I IRQ 5 : no longer affine to CPU5
01-01 02:13:13.163 0 0 D : mv2112_read_status
01-01 02:13:13.164 0 0 D mv2112_update_link: 3.0x901(1G): 0x80
01-01 02:13:13.164 0 0 D mv2112_update_link: 3.0x8109(100M): 0x0
01-01 02:13:13.164 0 0 D mv2112_update_link: link 0x0
01-01 02:13:13.164 0 0 D mv2112_read_status: autoneg is disabled
01-01 02:13:13.272 0 0 W logd : Skipping entries from slow reader, pid 1286, fd 14, from LogBuffer::Prune()
01-01 02:13:13.464 0 0 I IRQ 5 : no longer affine to CPU4
01-01 02:13:13.517 0 0 W logd : Skipping entries from slow reader, pid 1286, fd 14, from LogBuffer::Prune()
01-01 02:13:13.826 0 0 W logd : Skipping entries from slow reader, pid 1286, fd 14, from LogBuffer::Prune()
01-01 02:13:13.859 0 0 W logd : Skipping entries from slow reader, pid 1286, fd 14, from LogBuffer::Prune()
01-01 02:13:14.129 0 0 W logd : Skipping entries from slow reader, pid 1286, fd 14, from LogBuffer::Prune()
01-01 02:13:14.187 0 0 D : mv2112_read_status
01-01 02:13:14.187 0 0 D mv2112_update_link: 3.0x901(1G): 0x80
01-01 02:13:14.188 0 0 D mv2112_update_link: 3.0x8109(100M): 0x0
01-01 02:13:14.188 0 0 D mv2112_update_link: link 0x0
01-01 02:13:14.188 0 0 D mv2112_read_status: autoneg is disabled
01-01 02:13:14.364 0 0 W logd : Skipping entries from slow reader, pid 1286, fd 14, from LogBuffer::Prune()
01-01 02:13:14.403 0 0 I IRQ 5 : no longer affine to CPU5
01-01 02:13:14.703 0 0 I IRQ 5 : no longer affine to CPU4
01-01 02:13:14.764 0 0 W logd : Skipping entries from slow reader, pid 1286, fd 14, from LogBuffer::Prune()
01-01 02:13:15.091 0 0 W logd : Skipping entries from slow reader, pid 1286, fd 14, from LogBuffer::Prune()
01-01 02:13:15.211 0 0 D : mv2112_read_status
01-01 02:13:15.212 0 0 D mv2112_update_link: 3.0x901(1G): 0x80
01-01 02:13:15.212 0 0 D mv2112_update_link: 3.0x8109(100M): 0x0
01-01 02:13:15.212 0 0 D mv2112_update_link: link 0x0
01-01 02:13:15.212 0 0 D mv2112_read_status: autoneg is disabled
01-01 02:13:15.376 0 0 W logd : Skipping entries from slow reader, pid 1286, fd 14, from LogBuffer::Prune()
01-01 02:13:15.479 0 0 W logd : Skipping entries from slow reader, pid 1286, fd 14, from LogBuffer::Prune()
01-01 02:13:15.588 0 0 I init : starting service 'qvrd_vndr'...
01-01 02:13:15.592 0 0 I init : Created socket '/dev/socket/qvrservice_vndr', mode 660, user 1000, group 1000
01-01 02:13:15.595 0 0 I init : Created socket '/dev/socket/qvrservice_vndr_camera', mode 660, user 1000, group 1000
01-01 02:13:15.603 0 0 I IRQ 5 : no longer affine to CPU5
01-01 02:13:15.642 0 0 I init : starting service 'sxrd'...
01-01 02:13:15.704 0 0 I init : Service 'qvrd_vndr' (pid 9375) exited with status 1
01-01 02:13:15.704 0 0 I init : Sending signal 9 to service 'qvrd_vndr' (pid 9375) process group...
01-01 02:13:15.705 0 0 I libprocessgroup: Successfully killed process cgroup uid 1000 pid 9375 in 0ms
01-01 02:13:15.709 0 0 I init : Service 'sxrd' (pid 9384) exited with status 1
01-01 02:13:15.709 0 0 I init : Sending signal 9 to service 'sxrd' (pid 9384) process group...
01-01 02:13:15.709 0 0 I libprocessgroup: Successfully killed process cgroup uid 1000 pid 9384 in 0ms
08-24 14:27:49.513 9375 9375 F linker : CANNOT LINK EXECUTABLE "/vendor/bin/hw/qvrservice": library "vendor.qti.hardware.qxr-V1-ndk_platform.so" not found: needed by /vendor/lib64/libqvrservice.so in namespace (default)
08-24 14:27:49.514 9384 9384 F linker : CANNOT LINK EXECUTABLE "/vendor/bin/hw/sxrservice": library "vendor.qti.hardware.qxr-V1-ndk_platform.so" not found: needed by main executable
01-01 02:13:16.235 0 0 D : mv2112_read_status
01-01 02:13:16.235 0 0 D mv2112_update_link: 3.0x901(1G): 0x80
01-01 02:13:16.235 0 0 D mv2112_update_link: 3.0x8109(100M): 0x0
01-01 02:13:16.235 0 0 D mv2112_update_link: link 0x0
01-01 02:13:16.235 0 0 D mv2112_read_status: autoneg is disabled
01-01 02:13:17.259 0 0 D : mv2112_read_status
01-01 02:13:17.259 0 0 D mv2112_update_link: 3.0x901(1G): 0x80
01-01 02:13:17.259 0 0 D mv2112_update_link: 3.0x8109(100M): 0x0
01-01 02:13:17.259 0 0 D mv2112_update_link: link 0x0
01-01 02:13:17.259 0 0 D mv2112_read_status: autoneg is disabled
01-01 02:13:18.283 0 0 D : mv2112_read_status
01-01 02:13:18.283 0 0 D mv2112_update_link: 3.0x901(1G): 0x80
01-01 02:13:18.283 0 0 D mv2112_update_link: 3.0x8109(100M): 0x0
01-01 02:13:18.283 0 0 D mv2112_update_link: link 0x0
01-01 02:13:18.283 0 0 D mv2112_read_status: autoneg is disabled
01-01 02:13:18.312 0 0 W logd : Skipping entries from slow reader, pid 1286, fd 14, from LogBuffer::Prune()
01-01 02:13:18.726 0 0 W logd : Skipping entries from slow reader, pid 1286, fd 14, from LogBuffer::Prune()
01-01 02:13:18.743 0 0 W logd : Skipping entries from slow reader, pid 1286, fd 14, from LogBuffer::Prune()
01-01 02:13:19.186 0 0 W logd : Skipping entries from slow reader, pid 1286, fd 14, from LogBuffer::Prune()
01-01 02:13:19.307 0 0 D : mv2112_read_status
01-01 02:13:19.308 0 0 D mv2112_update_link: 3.0x901(1G): 0x80
01-01 02:13:19.308 0 0 D mv2112_update_link: 3.0x8109(100M): 0x0
01-01 02:13:19.308 0 0 D mv2112_update_link: link 0x0
01-01 02:13:19.308 0 0 D mv2112_read_status: autoneg is disabled
01-01 02:13:19.475 0 0 W logd : Skipping entries from slow reader, pid 1286, fd 14, from LogBuffer::Prune()
01-01 02:13:19.995 0 0 W logd : Skipping entries from slow reader, pid 1286, fd 14, from LogBuffer::Prune()
01-01 02:13:20.242 0 0 W logd : Skipping entries from slow reader, pid 1286, fd 14, from LogBuffer::Prune()
01-01 02:13:20.331 0 0 D : mv2112_read_status
01-01 02:13:20.331 0 0 D mv2112_update_link: 3.0x901(1G): 0x80
01-01 02:13:20.331 0 0 D mv2112_update_link: 3.0x8109(100M): 0x0
01-01 02:13:20.331 0 0 D mv2112_update_link: link 0x0
01-01 02:13:20.331 0 0 D mv2112_read_status: autoneg is disabled
01-01 02:13:20.443 0 0 I IRQ 5 : no longer affine to CPU4
01-01 02:13:20.631 0 0 I init : starting service 'qvrd_vndr'...
01-01 02:13:20.634 0 0 I init : Created socket '/dev/socket/qvrservice_vndr', mode 660, user 1000, group 1000
01-01 02:13:20.640 0 0 I init : Created socket '/dev/socket/qvrservice_vndr_camera', mode 660, user 1000, group 1000
01-01 02:13:20.679 0 0 I init : starting service 'sxrd'...
01-01 02:13:20.733 0 0 I init : Service 'sxrd' (pid 10765) exited with status 1
01-01 02:13:20.733 0 0 I init : Sending signal 9 to service 'sxrd' (pid 10765) process group...
01-01 02:13:20.733 0 0 I libprocessgroup: Successfully killed process cgroup uid 1000 pid 10765 in 0ms
01-01 02:13:20.745 0 0 I init : Service 'qvrd_vndr' (pid 10756) exited with status 1
01-01 02:13:20.745 0 0 I init : Sending signal 9 to service 'qvrd_vndr' (pid 10756) process group...
01-01 02:13:20.745 0 0 I libprocessgroup: Successfully killed process cgroup uid 1000 pid 10756 in 0ms
01-01 02:13:20.770 0 0 W logd : Skipping entries from slow reader, pid 1286, fd 14, from LogBuffer::Prune()
01-01 02:13:20.842 0 0 W logd : Skipping entries from slow reader, pid 1286, fd 14, from LogBuffer::Prune()
08-24 14:27:54.542 10765 10765 F linker : CANNOT LINK EXECUTABLE "/vendor/bin/hw/sxrservice": library "vendor.qti.hardware.qxr-V1-ndk_platform.so" not found: needed by main executable
08-24 14:27:54.554 10756 10756 F linker : CANNOT LINK EXECUTABLE "/vendor/bin/hw/qvrservice": library "vendor.qti.hardware.qxr-V1-ndk_platform.so" not found: needed by /vendor/lib64/libqvrservice.so in namespace (default)
01-01 02:13:21.290 0 0 W logd : Skipping entries from slow reader, pid 1286, fd 14, from LogBuffer::Prune()
01-01 02:13:21.355 0 0 D : mv2112_read_status
01-01 02:13:21.355 0 0 D mv2112_update_link: 3.0x901(1G): 0x80
01-01 02:13:21.355 0 0 D mv2112_update_link: 3.0x8109(100M): 0x0
01-01 02:13:21.355 0 0 D mv2112_update_link: link 0x0
01-01 02:13:21.355 0 0 D mv2112_read_status: autoneg is disabled
01-01 02:13:22.379 0 0 D : mv2112_read_status
01-01 02:13:22.379 0 0 D mv2112_update_link: 3.0x901(1G): 0x80
01-01 02:13:22.379 0 0 D mv2112_update_link: 3.0x8109(100M): 0x0
01-01 02:13:22.379 0 0 D mv2112_update_link: link 0x0
01-01 02:13:22.379 0 0 D mv2112_read_status: autoneg is disabled
01-01 02:13:23.283 0 0 I IRQ 5 : no longer affine to CPU6
01-01 02:13:23.325 0 0 W logd : Skipping entries from slow reader, pid 1286, fd 14, from LogBuffer::Prune()
01-01 02:13:23.403 0 0 D : mv2112_read_status
01-01 02:13:23.403 0 0 D mv2112_update_link: 3.0x901(1G): 0x80
01-01 02:13:23.403 0 0 D mv2112_update_link: 3.0x8109(100M): 0x0
01-01 02:13:23.403 0 0 D mv2112_update_link: link 0x0
01-01 02:13:23.403 0 0 D mv2112_read_status: autoneg is disabled
01-01 02:13:23.971 0 0 W logd : Skipping entries from slow reader, pid 1286, fd 14, from LogBuffer::Prune()
01-01 02:13:24.303 0 0 I IRQ 5 : no longer affine to CPU4
01-01 02:13:24.398 0 0 W logd : Skipping entries from slow reader, pid 1286, fd 14, from LogBuffer::Prune()
01-01 02:13:24.427 0 0 D : mv2112_read_status
01-01 02:13:24.427 0 0 D mv2112_update_link: 3.0x901(1G): 0x80
01-01 02:13:24.427 0 0 D mv2112_update_link: 3.0x8109(100M): 0x0
01-01 02:13:24.427 0 0 D mv2112_update_link: link 0x0
01-01 02:13:24.427 0 0 D mv2112_read_status: autoneg is disabled
01-01 02:13:24.584 0 0 I IRQ 5 : no longer affine to CPU6
01-01 02:13:24.746 0 0 W logd : Skipping entries from slow reader, pid 1286, fd 14, from LogBuffer::Prune()
01-01 02:13:25.083 0 0 I IRQ 5 : no longer affine to CPU5
01-01 02:13:25.089 0 0 W logd : Skipping entries from slow reader, pid 1286, fd 14, from LogBuffer::Prune()
01-01 02:13:25.451 0 0 D : mv2112_read_status
01-01 02:13:25.451 0 0 D mv2112_update_link: 3.0x901(1G): 0x80
01-01 02:13:25.451 0 0 D mv2112_update_link: 3.0x8109(100M): 0x0
01-01 02:13:25.451 0 0 D mv2112_update_link: link 0x0
01-01 02:13:25.451 0 0 D mv2112_read_status: autoneg is disabled
01-01 02:13:25.461 0 0 W logd : Skipping entries from slow reader, pid 1286, fd 14, from LogBuffer::Prune()
01-01 02:13:25.669 0 0 I init : starting service 'qvrd_vndr'...
01-01 02:13:25.672 0 0 I init : Created socket '/dev/socket/qvrservice_vndr', mode 660, user 1000, group 1000
01-01 02:13:25.674 0 0 I init : Created socket '/dev/socket/qvrservice_vndr_camera', mode 660, user 1000, group 1000
01-01 02:13:25.694 0 0 W logd : Skipping entries from slow reader, pid 1286, fd 14, from LogBuffer::Prune()
01-01 02:13:25.710 0 0 I init : starting service 'sxrd'...
01-01 02:13:25.782 0 0 I init : Service 'sxrd' (pid 11983) exited with status 1
01-01 02:13:25.782 0 0 I init : Sending signal 9 to service 'sxrd' (pid 11983) process group...
01-01 02:13:25.782 0 0 I libprocessgroup: Successfully killed process cgroup uid 1000 pid 11983 in 0ms
01-01 02:13:25.788 0 0 I init : Service 'qvrd_vndr' (pid 11975) exited with status 1
01-01 02:13:25.788 0 0 I init : Sending signal 9 to service 'qvrd_vndr' (pid 11975) process group...
01-01 02:13:25.789 0 0 I libprocessgroup: Successfully killed process cgroup uid 1000 pid 11975 in 0ms
08-24 14:27:59.590 11983 11983 F linker : CANNOT LINK EXECUTABLE "/vendor/bin/hw/sxrservice": library "vendor.qti.hardware.qxr-V1-ndk_platform.so" not found: needed by main executable
08-24 14:27:59.592 11975 11975 F linker : CANNOT LINK EXECUTABLE "/vendor/bin/hw/qvrservice": library "vendor.qti.hardware.qxr-V1-ndk_platform.so" not found: needed by /vendor/lib64/libqvrservice.so in namespace (default)
01-01 02:13:26.043 0 0 I IRQ 5 : no longer affine to CPU4
01-01 02:13:26.091 0 0 W logd : Skipping entries from slow reader, pid 1286, fd 14, from LogBuffer::Prune()
01-01 02:13:26.323 0 0 I IRQ 5 : no longer affine to CPU6
01-01 02:13:26.476 0 0 D : mv2112_read_status
01-01 02:13:26.476 0 0 D mv2112_update_link: 3.0x901(1G): 0x80
01-01 02:13:26.476 0 0 D mv2112_update_link: 3.0x8109(100M): 0x0
01-01 02:13:26.476 0 0 D mv2112_update_link: link 0x0
01-01 02:13:26.476 0 0 D mv2112_read_status: autoneg is disabled
01-01 02:13:26.498 0 0 W logd : Skipping entries from slow reader, pid 1286, fd 14, from LogBuffer::Prune()
01-01 02:13:27.024 0 0 W logd : Skipping entries from slow reader, pid 1286, fd 14, from LogBuffer::Prune()
01-01 02:13:27.499 0 0 D : mv2112_read_status
01-01 02:13:27.499 0 0 D mv2112_update_link: 3.0x901(1G): 0x80
01-01 02:13:27.499 0 0 D mv2112_update_link: 3.0x8109(100M): 0x0
01-01 02:13:27.499 0 0 D mv2112_update_link: link 0x0
01-01 02:13:27.499 0 0 D mv2112_read_status: autoneg is disabled
01-01 02:13:27.723 0 0 I IRQ 5 : no longer affine to CPU6
01-01 02:13:28.024 0 0 I IRQ 5 : no longer affine to CPU5
01-01 02:13:28.340 0 0 W logd : Skipping entries from slow reader, pid 1286, fd 14, from LogBuffer::Prune()
01-01 02:13:28.523 0 0 D : mv2112_read_status
01-01 02:13:28.523 0 0 D mv2112_update_link: 3.0x901(1G): 0x80
01-01 02:13:28.524 0 0 D mv2112_update_link: 3.0x8109(100M): 0x0
01-01 02:13:28.524 0 0 D mv2112_update_link: link 0x0
01-01 02:13:28.524 0 0 D mv2112_read_status: autoneg is disabled
01-01 02:13:28.683 0 0 W logd : Skipping entries from slow reader, pid 1286, fd 14, from LogBuffer::Prune()
01-01 02:13:28.763 0 0 I IRQ 5 : no longer affine to CPU6
01-01 02:13:28.820 0 0 W logd : Skipping entries from slow reader, pid 1286, fd 14, from LogBuffer::Prune()
01-01 02:13:29.038 0 0 W logd : Skipping entries from slow reader, pid 1286, fd 14, from LogBuffer::Prune()
01-01 02:13:29.323 0 0 I IRQ 5 : no longer affine to CPU6
01-01 02:13:29.327 0 0 W logd : Skipping entries from slow reader, pid 1286, fd 14, from LogBuffer::Prune()
01-01 02:13:29.547 0 0 D : mv2112_read_status
01-01 02:13:29.547 0 0 D mv2112_update_link: 3.0x901(1G): 0x80
01-01 02:13:29.547 0 0 D mv2112_update_link: 3.0x8109(100M): 0x0
01-01 02:13:29.547 0 0 D mv2112_update_link: link 0x0
01-01 02:13:29.547 0 0 D mv2112_read_status: autoneg is disabled
01-01 02:13:29.720 0 0 W logd : Skipping entries from slow reader, pid 1286, fd 14, from LogBuffer::Prune()
01-01 02:13:30.144 0 0 W logd : Skipping entries from slow reader, pid 1286, fd 14, from LogBuffer::Prune()
01-01 02:13:30.363 0 0 I IRQ 5 : no longer affine to CPU5
01-01 02:13:30.420 0 0 W logd : Skipping entries from slow reader, pid 1286, fd 14, from LogBuffer::Prune()
01-01 02:13:30.571 0 0 D : mv2112_read_status
01-01 02:13:30.571 0 0 D mv2112_update_link: 3.0x901(1G): 0x80
01-01 02:13:30.571 0 0 D mv2112_update_link: 3.0x8109(100M): 0x0
01-01 02:13:30.571 0 0 D mv2112_update_link: link 0x0
01-01 02:13:30.571 0 0 D mv2112_read_status: autoneg is disabled
01-01 02:13:30.626 0 0 W logd : Skipping entries from slow reader, pid 1286, fd 14, from LogBuffer::Prune()
01-01 02:13:30.679 0 0 W logd : Skipping entries from slow reader, pid 1286, fd 14, from LogBuffer::Prune()
01-01 02:13:30.696 0 0 I init : starting service 'qvrd_vndr'...
01-01 02:13:30.700 0 0 I init : Created socket '/dev/socket/qvrservice_vndr', mode 660, user 1000, group 1000
01-01 02:13:30.702 0 0 I init : Created socket '/dev/socket/qvrservice_vndr_camera', mode 660, user 1000, group 1000
01-01 02:13:30.733 0 0 I init : starting service 'sxrd'...
01-01 02:13:30.774 0 0 I init : Service 'qvrd_vndr' (pid 13139) exited with status 1
01-01 02:13:30.774 0 0 I init : Sending signal 9 to service 'qvrd_vndr' (pid 13139) process group...
01-01 02:13:30.774 0 0 I libprocessgroup: Successfully killed process cgroup uid 1000 pid 13139 in 0ms
01-01 02:13:30.809 0 0 I init : Service 'sxrd' (pid 13152) exited with status 1
01-01 02:13:30.809 0 0 I init : Sending signal 9 to service 'sxrd' (pid 13152) process group...
01-01 02:13:30.809 0 0 I libprocessgroup: Successfully killed process cgroup uid 1000 pid 13152 in 0ms
08-24 14:28:04.582 13139 13139 F linker : CANNOT LINK EXECUTABLE "/vendor/bin/hw/qvrservice": library "vendor.qti.hardware.qxr-V1-ndk_platform.so" not found: needed by /vendor/lib64/libqvrservice.so in namespace (default)
01-01 02:13:30.903 0 0 I IRQ 5 : no longer affine to CPU4
08-24 14:28:04.618 13152 13152 F linker : CANNOT LINK EXECUTABLE "/vendor/bin/hw/sxrservice": library "vendor.qti.hardware.qxr-V1-ndk_platform.so" not found: needed by main executable
01-01 02:13:31.595 0 0 D : mv2112_read_status
01-01 02:13:31.595 0 0 D mv2112_update_link: 3.0x901(1G): 0x80
01-01 02:13:31.595 0 0 D mv2112_update_link: 3.0x8109(100M): 0x0
01-01 02:13:31.596 0 0 D mv2112_update_link: link 0x0
01-01 02:13:31.596 0 0 D mv2112_read_status: autoneg is disabled
01-01 02:13:32.619 0 0 D : mv2112_read_status
01-01 02:13:32.619 0 0 D mv2112_update_link: 3.0x901(1G): 0x80
01-01 02:13:32.620 0 0 D mv2112_update_link: 3.0x8109(100M): 0x0
01-01 02:13:32.620 0 0 D mv2112_update_link: link 0x0
01-01 02:13:32.620 0 0 D mv2112_read_status: autoneg is disabled
01-01 02:13:33.404 0 0 I IRQ 5 : no longer affine to CPU4
01-01 02:13:33.428 0 0 W logd : Skipping entries from slow reader, pid 1286, fd 14, from LogBuffer::Prune()
01-01 02:13:33.609 0 0 W logd : Skipping entries from slow reader, pid 1286, fd 14, from LogBuffer::Prune()
01-01 02:13:33.643 0 0 D : mv2112_read_status
01-01 02:13:33.644 0 0 D mv2112_update_link: 3.0x901(1G): 0x80
01-01 02:13:33.644 0 0 D mv2112_update_link: 3.0x8109(100M): 0x0
01-01 02:13:33.644 0 0 D mv2112_update_link: link 0x0
01-01 02:13:33.644 0 0 D mv2112_read_status: autoneg is disabled
01-01 02:13:34.042 0 0 W logd : Skipping entries from slow reader, pid 1286, fd 14, from LogBuffer::Prune()
01-01 02:13:34.291 0 0 W logd : Skipping entries from slow reader, pid 1286, fd 14, from LogBuffer::Prune()
01-01 02:13:34.634 0 0 W logd : Skipping entries from slow reader, pid 1286, fd 14, from LogBuffer::Prune()
01-01 02:13:34.667 0 0 D : mv2112_read_status
01-01 02:13:34.667 0 0 D mv2112_update_link: 3.0x901(1G): 0x80
01-01 02:13:34.668 0 0 D mv2112_update_link: 3.0x8109(100M): 0x0
01-01 02:13:34.668 0 0 D mv2112_update_link: link 0x0
01-01 02:13:34.668 0 0 D mv2112_read_status: autoneg is disabled
01-01 02:13:34.925 0 0 W logd : Skipping entries from slow reader, pid 1286, fd 14, from LogBuffer::Prune()
01-01 02:13:35.100 0 0 W logd : Skipping entries from slow reader, pid 1286, fd 14, from LogBuffer::Prune()
01-01 02:13:35.216 0 0 W logd : Skipping entries from slow reader, pid 1286, fd 14, from LogBuffer::Prune()
01-01 02:13:35.383 0 0 I IRQ 5 : no longer affine to CPU5
01-01 02:13:35.691 0 0 D : mv2112_read_status
01-01 02:13:35.691 0 0 D mv2112_update_link: 3.0x901(1G): 0x80
01-01 02:13:35.692 0 0 D mv2112_update_link: 3.0x8109(100M): 0x0
01-01 02:13:35.692 0 0 D mv2112_update_link: link 0x0
01-01 02:13:35.692 0 0 D mv2112_read_status: autoneg is disabled
01-01 02:13:35.706 0 0 W logd : Skipping entries from slow reader, pid 1286, fd 14, from LogBuffer::Prune()
01-01 02:13:35.721 0 0 I init : starting service 'qvrd_vndr'...
01-01 02:13:35.725 0 0 I init : Created socket '/dev/socket/qvrservice_vndr', mode 660, user 1000, group 1000
01-01 02:13:35.729 0 0 I init : Created socket '/dev/socket/qvrservice_vndr_camera', mode 660, user 1000, group 1000
01-01 02:13:35.757 0 0 I init : starting service 'sxrd'...
01-01 02:13:35.813 0 0 I init : Service 'sxrd' (pid 14556) exited with status 1
01-01 02:13:35.813 0 0 I init : Sending signal 9 to service 'sxrd' (pid 14556) process group...
01-01 02:13:35.815 0 0 I libprocessgroup: Successfully killed process cgroup uid 1000 pid 14556 in 1ms
01-01 02:13:35.829 0 0 I init : Service 'qvrd_vndr' (pid 14545) exited with status 1
01-01 02:13:35.829 0 0 I init : Sending signal 9 to service 'qvrd_vndr' (pid 14545) process group...
01-01 02:13:35.829 0 0 I libprocessgroup: Successfully killed process cgroup uid 1000 pid 14545 in 0ms
01-01 02:13:35.903 0 0 I IRQ 5 : no longer affine to CPU4
08-24 14:28:09.623 14556 14556 F linker : CANNOT LINK EXECUTABLE "/vendor/bin/hw/sxrservice": library "vendor.qti.hardware.qxr-V1-ndk_platform.so" not found: needed by main executable
08-24 14:28:09.638 14545 14545 F linker : CANNOT LINK EXECUTABLE "/vendor/bin/hw/qvrservice": library "vendor.qti.hardware.qxr-V1-ndk_platform.so" not found: needed by /vendor/lib64/libqvrservice.so in namespace (default)
01-01 02:13:36.021 0 0 W logd : Skipping entries from slow reader, pid 1286, fd 14, from LogBuffer::Prune()
01-01 02:13:36.715 0 0 D : mv2112_read_status
01-01 02:13:36.715 0 0 D mv2112_update_link: 3.0x901(1G): 0x80
01-01 02:13:36.715 0 0 D mv2112_update_link: 3.0x8109(100M): 0x0
01-01 02:13:36.715 0 0 D mv2112_update_link: link 0x0
01-01 02:13:36.715 0 0 D mv2112_read_status: autoneg is disabled
01-01 02:13:36.763 0 0 I IRQ 5 : no longer affine to CPU6
01-01 02:13:37.739 0 0 D : mv2112_read_status
01-01 02:13:37.740 0 0 D mv2112_update_link: 3.0x901(1G): 0x80
01-01 02:13:37.740 0 0 D mv2112_update_link: 3.0x8109(100M): 0x0
01-01 02:13:37.740 0 0 D mv2112_update_link: link 0x0
01-01 02:13:37.740 0 0 D mv2112_read_status: autoneg is disabled
01-01 02:13:38.694 0 0 W logd : Skipping entries from slow reader, pid 1286, fd 14, from LogBuffer::Prune()
01-01 02:13:38.763 0 0 D : mv2112_read_status
01-01 02:13:38.763 0 0 D mv2112_update_link: 3.0x901(1G): 0x80
01-01 02:13:38.763 0 0 D mv2112_update_link: 3.0x8109(100M): 0x0
01-01 02:13:38.764 0 0 D mv2112_update_link: link 0x0
01-01 02:13:38.764 0 0 D mv2112_read_status: autoneg is disabled
01-01 02:13:38.931 0 0 W logd : Skipping entries from slow reader, pid 1286, fd 14, from LogBuffer::Prune()
01-01 02:13:38.983 0 0 I IRQ 5 : no longer affine to CPU6
01-01 02:13:39.247 0 0 W logd : Skipping entries from slow reader, pid 1286, fd 14, from LogBuffer::Prune()
01-01 02:13:39.572 0 0 W logd : Skipping entries from slow reader, pid 1286, fd 14, from LogBuffer::Prune()
01-01 02:13:39.788 0 0 D : mv2112_read_status
01-01 02:13:39.788 0 0 D mv2112_update_link: 3.0x901(1G): 0x80
01-01 02:13:39.788 0 0 D mv2112_update_link: 3.0x8109(100M): 0x0
01-01 02:13:39.788 0 0 D mv2112_update_link: link 0x0
01-01 02:13:39.788 0 0 D mv2112_read_status: autoneg is disabled
01-01 02:13:39.877 0 0 W logd : Skipping entries from slow reader, pid 1286, fd 14, from LogBuffer::Prune()
01-01 02:13:40.105 0 0 W logd : Skipping entries from slow reader, pid 1286, fd 14, from LogBuffer::Prune()
01-01 02:13:40.302 0 0 W logd : Skipping entries from slow reader, pid 1286, fd 14, from LogBuffer::Prune()
01-01 02:13:40.611 0 0 W logd : Skipping entries from slow reader, pid 1286, fd 14, from LogBuffer::Prune()
01-01 02:13:40.744 0 0 I init : starting service 'qvrd_vndr'...
01-01 02:13:40.748 0 0 I init : Created socket '/dev/socket/qvrservice_vndr', mode 660, user 1000, group 1000
01-01 02:13:40.750 0 0 I init : Created socket '/dev/socket/qvrservice_vndr_camera', mode 660, user 1000, group 1000
01-01 02:13:40.783 0 0 I init : starting service 'sxrd'...
01-01 02:13:40.811 0 0 D : mv2112_read_status
01-01 02:13:40.811 0 0 D mv2112_update_link: 3.0x901(1G): 0x80
01-01 02:13:40.811 0 0 D mv2112_update_link: 3.0x8109(100M): 0x0
01-01 02:13:40.811 0 0 D mv2112_update_link: link 0x0
01-01 02:13:40.811 0 0 D mv2112_read_status: autoneg is disabled
01-01 02:13:40.826 0 0 I init : Service 'qvrd_vndr' (pid 15891) exited with status 1
01-01 02:13:40.826 0 0 I init : Sending signal 9 to service 'qvrd_vndr' (pid 15891) process group...
01-01 02:13:40.827 0 0 I libprocessgroup: Successfully killed process cgroup uid 1000 pid 15891 in 0ms
01-01 02:13:40.845 0 0 I init : Service 'sxrd' (pid 15897) exited with status 1
01-01 02:13:40.845 0 0 I init : Sending signal 9 to service 'sxrd' (pid 15897) process group...
01-01 02:13:40.845 0 0 I libprocessgroup: Successfully killed process cgroup uid 1000 pid 15897 in 0ms
08-24 14:28:14.634 15891 15891 F linker : CANNOT LINK EXECUTABLE "/vendor/bin/hw/qvrservice": library "vendor.qti.hardware.qxr-V1-ndk_platform.so" not found: needed by /vendor/lib64/libqvrservice.so in namespace (default)
01-01 02:13:40.970 0 0 W logd : Skipping entries from slow reader, pid 1286, fd 14, from LogBuffer::Prune()
08-24 14:28:14.654 15897 15897 F linker : CANNOT LINK EXECUTABLE "/vendor/bin/hw/sxrservice": library "vendor.qti.hardware.qxr-V1-ndk_platform.so" not found: needed by main executable
01-01 02:13:41.123 0 0 I IRQ 5 : no longer affine to CPU4
01-01 02:13:41.493 0 0 W logd : Skipping entries from slow reader, pid 1286, fd 14, from LogBuffer::Prune()
01-01 02:13:41.836 0 0 D : mv2112_read_status
01-01 02:13:41.836 0 0 D mv2112_update_link: 3.0x901(1G): 0x80
01-01 02:13:41.836 0 0 D mv2112_update_link: 3.0x8109(100M): 0x0
01-01 02:13:41.836 0 0 D mv2112_update_link: link 0x0
01-01 02:13:41.836 0 0 D mv2112_read_status: autoneg is disabled
01-01 02:13:42.859 0 0 D : mv2112_read_status
01-01 02:13:42.859 0 0 D mv2112_update_link: 3.0x901(1G): 0x80
01-01 02:13:42.859 0 0 D mv2112_update_link: 3.0x8109(100M): 0x0
01-01 02:13:42.859 0 0 D mv2112_update_link: link 0x0
01-01 02:13:42.859 0 0 D mv2112_read_status: autoneg is disabled
01-01 02:13:43.706 0 0 W logd : Skipping entries from slow reader, pid 1286, fd 14, from LogBuffer::Prune()
01-01 02:13:43.883 0 0 D : mv2112_read_status
01-01 02:13:43.883 0 0 D mv2112_update_link: 3.0x901(1G): 0x80
01-01 02:13:43.883 0 0 D mv2112_update_link: 3.0x8109(100M): 0x0
01-01 02:13:43.883 0 0 D mv2112_update_link: link 0x0
01-01 02:13:43.883 0 0 D mv2112_read_status: autoneg is disabled
01-01 02:13:43.921 0 0 W logd : Skipping entries from slow reader, pid 1286, fd 14, from LogBuffer::Prune()
01-01 02:13:44.111 0 0 W logd : Skipping entries from slow reader, pid 1286, fd 14, from LogBuffer::Prune()
01-01 02:13:44.208 0 0 W logd : Skipping entries from slow reader, pid 1286, fd 14, from LogBuffer::Prune()
01-01 02:13:44.423 0 0 I IRQ 5 : no longer affine to CPU5
01-01 02:13:44.567 0 0 W logd : Skipping entries from slow reader, pid 1286, fd 14, from LogBuffer::Prune()
01-01 02:13:44.834 0 0 W logd : Skipping entries from slow reader, pid 1286, fd 14, from LogBuffer::Prune()
01-01 02:13:44.908 0 0 D : mv2112_read_status
01-01 02:13:44.908 0 0 D mv2112_update_link: 3.0x901(1G): 0x80
01-01 02:13:44.908 0 0 D mv2112_update_link: 3.0x8109(100M): 0x0
01-01 02:13:44.908 0 0 D mv2112_update_link: link 0x0
01-01 02:13:44.908 0 0 D mv2112_read_status: autoneg is disabled
01-01 02:13:45.202 0 0 W logd : Skipping entries from slow reader, pid 1286, fd 14, from LogBuffer::Prune()
01-01 02:13:45.383 0 0 I IRQ 5 : no longer affine to CPU6
01-01 02:13:45.431 0 0 W logd : Skipping entries from slow reader, pid 1286, fd 14, from LogBuffer::Prune()
01-01 02:13:45.725 0 0 W logd : Skipping entries from slow reader, pid 1286, fd 14, from LogBuffer::Prune()
01-01 02:13:45.746 0 0 W logd : Skipping entries from slow reader, pid 1286, fd 14, from LogBuffer::Prune()
01-01 02:13:45.768 0 0 I init : starting service 'qvrd_vndr'...
01-01 02:13:45.773 0 0 I init : Created socket '/dev/socket/qvrservice_vndr', mode 660, user 1000, group 1000
01-01 02:13:45.776 0 0 I init : Created socket '/dev/socket/qvrservice_vndr_camera', mode 660, user 1000, group 1000
01-01 02:13:45.811 0 0 I init : starting service 'sxrd'...
01-01 02:13:45.843 0 0 I IRQ 5 : no longer affine to CPU4
01-01 02:13:45.859 0 0 I init : Service 'qvrd_vndr' (pid 17317) exited with status 1
01-01 02:13:45.859 0 0 I init : Sending signal 9 to service 'qvrd_vndr' (pid 17317) process group...
01-01 02:13:45.860 0 0 I libprocessgroup: Successfully killed process cgroup uid 1000 pid 17317 in 0ms
01-01 02:13:45.895 0 0 I init : Service 'sxrd' (pid 17327) exited with status 1
01-01 02:13:45.895 0 0 I init : Sending signal 9 to service 'sxrd' (pid 17327) process group...
01-01 02:13:45.896 0 0 I libprocessgroup: Successfully killed process cgroup uid 1000 pid 17327 in 0ms
01-01 02:13:45.931 0 0 D : mv2112_read_status
01-01 02:13:45.931 0 0 D mv2112_update_link: 3.0x901(1G): 0x80
01-01 02:13:45.931 0 0 D mv2112_update_link: 3.0x8109(100M): 0x0
01-01 02:13:45.931 0 0 D mv2112_update_link: link 0x0
01-01 02:13:45.931 0 0 D mv2112_read_status: autoneg is disabled
08-24 14:28:19.668 17317 17317 F linker : CANNOT LINK EXECUTABLE "/vendor/bin/hw/qvrservice": library "vendor.qti.hardware.qxr-V1-ndk_platform.so" not found: needed by /vendor/lib64/libqvrservice.so in namespace (default)
08-24 14:28:19.703 17327 17327 F linker : CANNOT LINK EXECUTABLE "/vendor/bin/hw/sxrservice": library "vendor.qti.hardware.qxr-V1-ndk_platform.so" not found: needed by main executable
01-01 02:13:46.743 0 0 I IRQ 5 : no longer affine to CPU6
01-01 02:13:46.923 0 0 I IRQ 5 : no longer affine to CPU5
01-01 02:13:46.956 0 0 D : mv2112_read_status
01-01 02:13:46.956 0 0 D mv2112_update_link: 3.0x901(1G): 0x80
01-01 02:13:46.956 0 0 D mv2112_update_link: 3.0x8109(100M): 0x0
01-01 02:13:46.956 0 0 D mv2112_update_link: link 0x0
01-01 02:13:46.956 0 0 D mv2112_read_status: autoneg is disabled
01-01 02:13:47.979 0 0 D : mv2112_read_status
01-01 02:13:47.979 0 0 D mv2112_update_link: 3.0x901(1G): 0x80
01-01 02:13:47.979 0 0 D mv2112_update_link: 3.0x8109(100M): 0x0
01-01 02:13:47.979 0 0 D mv2112_update_link: link 0x0
01-01 02:13:47.979 0 0 D mv2112_read_status: autoneg is disabled
01-01 02:13:48.947 0 0 W logd : Skipping entries from slow reader, pid 1286, fd 14, from LogBuffer::Prune()
01-01 02:13:49.003 0 0 D : mv2112_read_status
01-01 02:13:49.003 0 0 D mv2112_update_link: 3.0x901(1G): 0x80
01-01 02:13:49.003 0 0 D mv2112_update_link: 3.0x8109(100M): 0x0
01-01 02:13:49.003 0 0 D mv2112_update_link: link 0x0
01-01 02:13:49.003 0 0 D mv2112_read_status: autoneg is disabled
01-01 02:13:49.124 0 0 W logd : Skipping entries from slow reader, pid 1286, fd 14, from LogBuffer::Prune()
01-01 02:13:49.283 0 0 I IRQ 5 : no longer affine to CPU4
01-01 02:13:49.370 0 0 W logd : Skipping entries from slow reader, pid 1286, fd 14, from LogBuffer::Prune()
01-01 02:13:49.704 0 0 W logd : Skipping entries from slow reader, pid 1286, fd 14, from LogBuffer::Prune()
01-01 02:13:50.027 0 0 D : mv2112_read_status
01-01 02:13:50.027 0 0 D mv2112_update_link: 3.0x901(1G): 0x80
01-01 02:13:50.027 0 0 D mv2112_update_link: 3.0x8109(100M): 0x0
01-01 02:13:50.027 0 0 D mv2112_update_link: link 0x0
01-01 02:13:50.027 0 0 D mv2112_read_status: autoneg is disabled
01-01 02:13:50.029 0 0 W logd : Skipping entries from slow reader, pid 1286, fd 14, from LogBuffer::Prune()
01-01 02:13:50.316 0 0 W logd : Skipping entries from slow reader, pid 1286, fd 14, from LogBuffer::Prune()
01-01 02:13:50.589 0 0 W logd : Skipping entries from slow reader, pid 1286, fd 14, from LogBuffer::Prune()
01-01 02:13:50.702 0 0 W logd : Skipping entries from slow reader, pid 1286, fd 14, from LogBuffer::Prune()
01-01 02:13:50.800 0 0 I init : starting service 'qvrd_vndr'...
01-01 02:13:50.804 0 0 I init : Created socket '/dev/socket/qvrservice_vndr', mode 660, user 1000, group 1000
01-01 02:13:50.807 0 0 I init : Created socket '/dev/socket/qvrservice_vndr_camera', mode 660, user 1000, group 1000
01-01 02:13:50.850 0 0 I init : starting service 'sxrd'...
01-01 02:13:50.895 0 0 I init : Service 'qvrd_vndr' (pid 18633) exited with status 1
01-01 02:13:50.895 0 0 I init : Sending signal 9 to service 'qvrd_vndr' (pid 18633) process group...
01-01 02:13:50.896 0 0 I libprocessgroup: Successfully killed process cgroup uid 1000 pid 18633 in 0ms
01-01 02:13:50.916 0 0 I init : Service 'sxrd' (pid 18642) exited with status 1
01-01 02:13:50.916 0 0 I init : Sending signal 9 to service 'sxrd' (pid 18642) process group...
01-01 02:13:50.917 0 0 I libprocessgroup: Successfully killed process cgroup uid 1000 pid 18642 in 0ms
08-24 14:28:24.704 18633 18633 F linker : CANNOT LINK EXECUTABLE "/vendor/bin/hw/qvrservice": library "vendor.qti.hardware.qxr-V1-ndk_platform.so" not found: needed by /vendor/lib64/libqvrservice.so in namespace (default)
08-24 14:28:24.726 18642 18642 F linker : CANNOT LINK EXECUTABLE "/vendor/bin/hw/sxrservice": library "vendor.qti.hardware.qxr-V1-ndk_platform.so" not found: needed by main executable
01-01 02:13:51.051 0 0 D : mv2112_read_status
01-01 02:13:51.051 0 0 D mv2112_update_link: 3.0x901(1G): 0x80
01-01 02:13:51.052 0 0 D mv2112_update_link: 3.0x8109(100M): 0x0
01-01 02:13:51.052 0 0 D mv2112_update_link: link 0x0
01-01 02:13:51.052 0 0 D mv2112_read_status: autoneg is disabled
01-01 02:13:51.114 0 0 W logd : Skipping entries from slow reader, pid 1286, fd 14, from LogBuffer::Prune()
01-01 02:13:51.524 0 0 W logd : Skipping entries from slow reader, pid 1286, fd 14, from LogBuffer::Prune()
01-01 02:13:52.076 0 0 D : mv2112_read_status
01-01 02:13:52.077 0 0 D mv2112_update_link: 3.0x901(1G): 0x80
01-01 02:13:52.077 0 0 D mv2112_update_link: 3.0x8109(100M): 0x0
01-01 02:13:52.077 0 0 D mv2112_update_link: link 0x0
01-01 02:13:52.077 0 0 D mv2112_read_status: autoneg is disabled
01-01 02:13:53.099 0 0 D : mv2112_read_status
01-01 02:13:53.099 0 0 D mv2112_update_link: 3.0x901(1G): 0x80
01-01 02:13:53.099 0 0 D mv2112_update_link: 3.0x8109(100M): 0x0
01-01 02:13:53.099 0 0 D mv2112_update_link: link 0x0
01-01 02:13:53.099 0 0 D mv2112_read_status: autoneg is disabled
01-01 02:13:53.983 0 0 W logd : Skipping entries from slow reader, pid 1286, fd 14, from LogBuffer::Prune()
01-01 02:13:54.126 0 0 D : mv2112_read_status
01-01 02:13:54.126 0 0 D mv2112_update_link: 3.0x901(1G): 0x80
01-01 02:13:54.126 0 0 D mv2112_update_link: 3.0x8109(100M): 0x0
01-01 02:13:54.126 0 0 D mv2112_update_link: link 0x0
01-01 02:13:54.126 0 0 D mv2112_read_status: autoneg is disabled
01-01 02:13:54.314 0 0 W logd : Skipping entries from slow reader, pid 1286, fd 14, from LogBuffer::Prune()
01-01 02:13:54.645 0 0 W logd : Skipping entries from slow reader, pid 1286, fd 14, from LogBuffer::Prune()
01-01 02:13:55.046 0 0 W logd : Skipping entries from slow reader, pid 1286, fd 14, from LogBuffer::Prune()
01-01 02:13:55.147 0 0 D : mv2112_read_status
01-01 02:13:55.147 0 0 D mv2112_update_link: 3.0x901(1G): 0x80
01-01 02:13:55.147 0 0 D mv2112_update_link: 3.0x8109(100M): 0x0
01-01 02:13:55.147 0 0 D mv2112_update_link: link 0x0
01-01 02:13:55.147 0 0 D mv2112_read_status: autoneg is disabled
01-01 02:13:55.298 0 0 W logd : Skipping entries from slow reader, pid 1286, fd 14, from LogBuffer::Prune()
01-01 02:13:55.526 0 0 W logd : Skipping entries from slow reader, pid 1286, fd 14, from LogBuffer::Prune()
01-01 02:13:55.836 0 0 I init : starting service 'qvrd_vndr'...
01-01 02:13:55.838 0 0 I init : Created socket '/dev/socket/qvrservice_vndr', mode 660, user 1000, group 1000
01-01 02:13:55.843 0 0 I init : Created socket '/dev/socket/qvrservice_vndr_camera', mode 660, user 1000, group 1000
01-01 02:13:55.872 0 0 I init : starting service 'sxrd'...
01-01 02:13:55.930 0 0 I init : Service 'qvrd_vndr' (pid 20014) exited with status 1
01-01 02:13:55.930 0 0 I init : Sending signal 9 to service 'qvrd_vndr' (pid 20014) process group...
01-01 02:13:55.930 0 0 I libprocessgroup: Successfully killed process cgroup uid 1000 pid 20014 in 0ms
01-01 02:13:55.943 0 0 I init : Service 'sxrd' (pid 20022) exited with status 1
01-01 02:13:55.943 0 0 I init : Sending signal 9 to service 'sxrd' (pid 20022) process group...
01-01 02:13:55.944 0 0 I libprocessgroup: Successfully killed process cgroup uid 1000 pid 20022 in 0ms
01-01 02:13:56.018 0 0 W logd : Skipping entries from slow reader, pid 1286, fd 14, from LogBuffer::Prune()
08-24 14:28:29.738 20014 20014 F linker : CANNOT LINK EXECUTABLE "/vendor/bin/hw/qvrservice": library "vendor.qti.hardware.qxr-V1-ndk_platform.so" not found: needed by /vendor/lib64/libqvrservice.so in namespace (default)
08-24 14:28:29.752 20022 20022 F linker : CANNOT LINK EXECUTABLE "/vendor/bin/hw/sxrservice": library "vendor.qti.hardware.qxr-V1-ndk_platform.so" not found: needed by main executable
01-01 02:13:56.171 0 0 D : mv2112_read_status
01-01 02:13:56.171 0 0 D mv2112_update_link: 3.0x901(1G): 0x80
01-01 02:13:56.171 0 0 D mv2112_update_link: 3.0x8109(100M): 0x0
01-01 02:13:56.171 0 0 D mv2112_update_link: link 0x0
01-01 02:13:56.171 0 0 D mv2112_read_status: autoneg is disabled
01-01 02:13:56.403 0 0 I IRQ 5 : no longer affine to CPU6
01-01 02:13:56.498 0 0 W logd : Skipping entries from slow reader, pid 1286, fd 14, from LogBuffer::Prune()
01-01 02:13:56.499 0 0 W logd : Skipping entries from slow reader, pid 1286, fd 14, from LogBuffer::Prune()
01-01 02:13:56.897 0 0 W logd : Skipping entries from slow reader, pid 1286, fd 14, from LogBuffer::Prune()
01-01 02:13:57.196 0 0 D : mv2112_read_status
01-01 02:13:57.196 0 0 D mv2112_update_link: 3.0x901(1G): 0x80
01-01 02:13:57.197 0 0 D mv2112_update_link: 3.0x8109(100M): 0x0
01-01 02:13:57.197 0 0 D mv2112_update_link: link 0x0
01-01 02:13:57.197 0 0 D mv2112_read_status: autoneg is disabled
01-01 02:13:57.423 0 0 I IRQ 5 : no longer affine to CPU6
01-01 02:13:57.763 0 0 I IRQ 5 : no longer affine to CPU4
01-01 02:13:58.219 0 0 D : mv2112_read_status
01-01 02:13:58.219 0 0 D mv2112_update_link: 3.0x901(1G): 0x80
01-01 02:13:58.219 0 0 D mv2112_update_link: 3.0x8109(100M): 0x0
01-01 02:13:58.219 0 0 D mv2112_update_link: link 0x0
01-01 02:13:58.219 0 0 D mv2112_read_status: autoneg is disabled
01-01 02:13:58.223 0 0 I IRQ 5 : no longer affine to CPU4
01-01 02:13:59.243 0 0 D : mv2112_read_status
01-01 02:13:59.243 0 0 D mv2112_update_link: 3.0x901(1G): 0x80
01-01 02:13:59.243 0 0 D mv2112_update_link: 3.0x8109(100M): 0x0
01-01 02:13:59.243 0 0 D mv2112_update_link: link 0x0
01-01 02:13:59.243 0 0 D mv2112_read_status: autoneg is disabled
01-01 02:13:59.302 0 0 W logd : Skipping entries from slow reader, pid 1286, fd 14, from LogBuffer::Prune()
01-01 02:13:59.708 0 0 W logd : Skipping entries from slow reader, pid 1286, fd 14, from LogBuffer::Prune()
01-01 02:13:59.986 0 0 W logd : Skipping entries from slow reader, pid 1286, fd 14, from LogBuffer::Prune()
01-01 02:14:00.267 0 0 D : mv2112_read_status
01-01 02:14:00.267 0 0 D mv2112_update_link: 3.0x901(1G): 0x80
01-01 02:14:00.267 0 0 D mv2112_update_link: 3.0x8109(100M): 0x0
01-01 02:14:00.267 0 0 D mv2112_update_link: link 0x0
01-01 02:14:00.267 0 0 D mv2112_read_status: autoneg is disabled
01-01 02:14:00.364 0 0 W logd : Skipping entries from slow reader, pid 1286, fd 14, from LogBuffer::Prune()
01-01 02:14:00.391 0 0 W logd : Skipping entries from slow reader, pid 1286, fd 14, from LogBuffer::Prune()
01-01 02:14:00.392 0 0 W logd : Skipping entries from slow reader, pid 1286, fd 14, from LogBuffer::Prune()
01-01 02:14:00.703 0 0 I IRQ 5 : no longer affine to CPU6
01-01 02:14:00.863 0 0 I init : starting service 'qvrd_vndr'...
01-01 02:14:00.865 0 0 I init : Created socket '/dev/socket/qvrservice_vndr', mode 660, user 1000, group 1000
01-01 02:14:00.867 0 0 I init : Created socket '/dev/socket/qvrservice_vndr_camera', mode 660, user 1000, group 1000
01-01 02:14:00.896 0 0 I init : starting service 'sxrd'...
01-01 02:14:00.945 0 0 I init : Service 'qvrd_vndr' (pid 21419) exited with status 1
01-01 02:14:00.945 0 0 I init : Sending signal 9 to service 'qvrd_vndr' (pid 21419) process group...
01-01 02:14:00.946 0 0 I libprocessgroup: Successfully killed process cgroup uid 1000 pid 21419 in 0ms
01-01 02:14:00.959 0 0 I init : Service 'sxrd' (pid 21425) exited with status 1
01-01 02:14:00.959 0 0 I init : Sending signal 9 to service 'sxrd' (pid 21425) process group...
01-01 02:14:00.961 0 0 I libprocessgroup: Successfully killed process cgroup uid 1000 pid 21425 in 1ms
08-24 14:28:34.750 21419 21419 F linker : CANNOT LINK EXECUTABLE "/vendor/bin/hw/qvrservice": library "vendor.qti.hardware.qxr-V1-ndk_platform.so" not found: needed by /vendor/lib64/libqvrservice.so in namespace (default)
08-24 14:28:34.768 21425 21425 F linker : CANNOT LINK EXECUTABLE "/vendor/bin/hw/sxrservice": library "vendor.qti.hardware.qxr-V1-ndk_platform.so" not found: needed by main executable
01-01 02:14:01.076 0 0 W logd : Skipping entries from slow reader, pid 1286, fd 14, from LogBuffer::Prune()
01-01 02:14:01.291 0 0 D : mv2112_read_status
01-01 02:14:01.291 0 0 D mv2112_update_link: 3.0x901(1G): 0x80
01-01 02:14:01.291 0 0 D mv2112_update_link: 3.0x8109(100M): 0x0
01-01 02:14:01.291 0 0 D mv2112_update_link: link 0x0
01-01 02:14:01.291 0 0 D mv2112_read_status: autoneg is disabled
01-01 02:14:01.509 0 0 W logd : Skipping entries from slow reader, pid 1286, fd 14, from LogBuffer::Prune()
01-01 02:14:01.510 0 0 W logd : Skipping entries from slow reader, pid 1286, fd 14, from LogBuffer::Prune()
01-01 02:14:01.863 0 0 I IRQ 5 : no longer affine to CPU6
01-01 02:14:02.038 0 0 W logd : Skipping entries from slow reader, pid 1286, fd 14, from LogBuffer::Prune()
01-01 02:14:02.315 0 0 D : mv2112_read_status
01-01 02:14:02.316 0 0 D mv2112_update_link: 3.0x901(1G): 0x80
01-01 02:14:02.316 0 0 D mv2112_update_link: 3.0x8109(100M): 0x0
01-01 02:14:02.316 0 0 D mv2112_update_link: link 0x0
01-01 02:14:02.316 0 0 D mv2112_read_status: autoneg is disabled
01-01 02:14:03.339 0 0 D : mv2112_read_status
01-01 02:14:03.339 0 0 D mv2112_update_link: 3.0x901(1G): 0x80
01-01 02:14:03.340 0 0 D mv2112_update_link: 3.0x8109(100M): 0x0
01-01 02:14:03.340 0 0 D mv2112_update_link: link 0x0
01-01 02:14:03.340 0 0 D mv2112_read_status: autoneg is disabled
01-01 02:14:03.923 0 0 I IRQ 5 : no longer affine to CPU4
01-01 02:14:04.363 0 0 D : mv2112_read_status
01-01 02:14:04.363 0 0 D mv2112_update_link: 3.0x901(1G): 0x80
01-01 02:14:04.363 0 0 D mv2112_update_link: 3.0x8109(100M): 0x0
01-01 02:14:04.363 0 0 D mv2112_update_link: link 0x0
01-01 02:14:04.363 0 0 D mv2112_read_status: autoneg is disabled
01-01 02:14:04.820 0 0 W logd : Skipping entries from slow reader, pid 1286, fd 14, from LogBuffer::Prune()
01-01 02:14:05.049 0 0 W logd : Skipping entries from slow reader, pid 1286, fd 14, from LogBuffer::Prune()
01-01 02:14:05.388 0 0 D : mv2112_read_status
01-01 02:14:05.389 0 0 D mv2112_update_link: 3.0x901(1G): 0x80
01-01 02:14:05.389 0 0 D mv2112_update_link: 3.0x8109(100M): 0x0
01-01 02:14:05.389 0 0 D mv2112_update_link: link 0x0
01-01 02:14:05.389 0 0 D mv2112_read_status: autoneg is disabled
01-01 02:14:05.746 0 0 W logd : Skipping entries from slow reader, pid 1286, fd 14, from LogBuffer::Prune()
01-01 02:14:05.746 0 0 W logd : Skipping entries from slow reader, pid 1286, fd 14, from LogBuffer::Prune()
01-01 02:14:05.890 0 0 I init : starting service 'qvrd_vndr'...
01-01 02:14:05.893 0 0 I init : Created socket '/dev/socket/qvrservice_vndr', mode 660, user 1000, group 1000
01-01 02:14:05.897 0 0 I init : Created socket '/dev/socket/qvrservice_vndr_camera', mode 660, user 1000, group 1000
01-01 02:14:05.931 0 0 I init : starting service 'sxrd'...
01-01 02:14:05.981 0 0 I init : Service 'qvrd_vndr' (pid 22759) exited with status 1
01-01 02:14:05.981 0 0 I init : Sending signal 9 to service 'qvrd_vndr' (pid 22759) process group...
01-01 02:14:05.981 0 0 I libprocessgroup: Successfully killed process cgroup uid 1000 pid 22759 in 0ms
01-01 02:14:06.013 0 0 I init : Service 'sxrd' (pid 22768) exited with status 1
01-01 02:14:06.013 0 0 I init : Sending signal 9 to service 'sxrd' (pid 22768) process group...
01-01 02:14:06.013 0 0 I libprocessgroup: Successfully killed process cgroup uid 1000 pid 22768 in 0ms
01-01 02:14:06.103 0 0 I IRQ 5 : no longer affine to CPU5
08-24 14:28:39.788 22759 22759 F linker : CANNOT LINK EXECUTABLE "/vendor/bin/hw/qvrservice": library "vendor.qti.hardware.qxr-V1-ndk_platform.so" not found: needed by /vendor/lib64/libqvrservice.so in namespace (default)
08-24 14:28:39.822 22768 22768 F linker : CANNOT LINK EXECUTABLE "/vendor/bin/hw/sxrservice": library "vendor.qti.hardware.qxr-V1-ndk_platform.so" not found: needed by main executable
01-01 02:14:06.326 0 0 W logd : Skipping entries from slow reader, pid 1286, fd 14, from LogBuffer::Prune()
01-01 02:14:06.411 0 0 D : mv2112_read_status
01-01 02:14:06.411 0 0 D mv2112_update_link: 3.0x901(1G): 0x80
01-01 02:14:06.411 0 0 D mv2112_update_link: 3.0x8109(100M): 0x0
01-01 02:14:06.411 0 0 D mv2112_update_link: link 0x0
