08-24 13:45:29.556 1151 1151 E BootReceiver: Could not open /sys/kernel/tracing/instances/bootreceiver/trace_pipe
08-24 13:45:29.556 1151 1151 E BootReceiver: android.system.ErrnoException: open failed: ENOENT (No such file or directory)
08-24 13:45:29.556 1151 1151 E BootReceiver: at libcore.io.Linux.open(Native Method)
08-24 13:45:29.556 1151 1151 E BootReceiver: at libcore.io.ForwardingOs.open(ForwardingOs.java:567)
08-24 13:45:29.556 1151 1151 E BootReceiver: at libcore.io.BlockGuardOs.open(BlockGuardOs.java:273)
08-24 13:45:29.556 1151 1151 E BootReceiver: at android.system.Os.open(Os.java:501)
08-24 13:45:29.556 1151 1151 E BootReceiver: at com.android.server.BootReceiver.onReceive(BootReceiver.java:167)
08-24 13:45:29.556 1151 1151 E BootReceiver: at android.app.ActivityThread.handleReceiver(ActivityThread.java:4309)
08-24 13:45:29.556 1151 1151 E BootReceiver: at android.app.ActivityThread.access$1600(ActivityThread.java:248)
08-24 13:45:29.556 1151 1151 E BootReceiver: at android.app.ActivityThread$H.handleMessage(ActivityThread.java:2065)
08-24 13:45:29.556 1151 1151 E BootReceiver: at android.os.Handler.dispatchMessage(Handler.java:106)
08-24 13:45:29.556 1151 1151 E BootReceiver: at android.os.Looper.loopOnce(Looper.java:201)
08-24 13:45:29.556 1151 1151 E BootReceiver: at android.os.Looper.loop(Looper.java:288)
08-24 13:45:29.556 1151 1151 E BootReceiver: at com.android.server.SystemServer.run(SystemServer.java:907)
08-24 13:45:29.556 1151 1151 E BootReceiver: at com.android.server.SystemServer.main(SystemServer.java:614)
08-24 13:45:29.556 1151 1151 E BootReceiver: at java.lang.reflect.Method.invoke(Native Method)
08-24 13:45:29.556 1151 1151 E BootReceiver: at com.android.internal.os.RuntimeInit$MethodAndArgsCaller.run(RuntimeInit.java:548)
08-24 13:45:29.556 1151 1151 E BootReceiver: at com.android.internal.os.ZygoteInit.main(ZygoteInit.java:987)
08-24 13:45:29.564 1151 1703 I DropBoxManagerService: add tag=system_server_wtf isTagEnabled=true flags=0x2
08-24 13:45:29.577 1151 3952 I BootReceiver: No existing last log timestamp file /data/system/log-files.xml; starting empty
08-24 13:45:29.581 1151 3952 I DropBoxManagerService: add tag=SYSTEM_BOOT isTagEnabled=true flags=0x2
08-24 13:45:29.603 1151 3952 I BootReceiver: Copying audit failures to DropBox
08-24 13:45:29.606 1151 3952 I BootReceiver: Checking for fsck errors
08-24 13:45:29.608 1151 3952 I BootReceiver: fs_stat, partition:persist stat:0x3
08-24 13:45:29.608 1151 3952 I BootReceiver: fs_stat, partition:dsp_a stat:0x3
08-24 13:45:29.638 1151 3275 D CompatibilityChangeReporter: Compat change id reported: 168419799; UID 10083; state: DISABLED
08-24 13:45:29.641 1151 2760 I ActivityManager: Process com.qualcomm.qti.devicestatisticsservice (pid 2635) has died: pers PER
08-24 13:45:29.645 1151 2760 W ActivityManager: Scheduling restart of crashed service com.qualcomm.qti.devicestatisticsservice/.DeviceStatisticsService in 0ms for persistent
08-24 13:45:29.649 1151 2760 W ActivityManager: Re-adding persistent process ProcessRecord{d751238 2635:com.qualcomm.qti.devicestatisticsservice/u0a67}
08-24 13:45:29.650 1151 2760 D CompatibilityChangeReporter: Compat change id reported: 135634846; UID 10067; state: DISABLED
08-24 13:45:29.651 1151 2760 D CompatibilityChangeReporter: Compat change id reported: 177438394; UID 10067; state: DISABLED
08-24 13:45:29.651 1151 2760 D CompatibilityChangeReporter: Compat change id reported: 135772972; UID 10067; state: DISABLED
08-24 13:45:29.651 1151 2760 D CompatibilityChangeReporter: Compat change id reported: 135754954; UID 10067; state: ENABLED
08-24 13:45:29.652 1151 1704 D CompatibilityChangeReporter: Compat change id reported: 143937733; UID 10067; state: ENABLED
08-24 13:45:29.661 1151 2760 D TelephonyRegistry: listen oscl: mHasNotifySubscriptionInfoChangedOccurred==false no callback
08-24 13:45:29.694 1151 2760 D CompatibilityChangeReporter: Compat change id reported: 135634846; UID 1000; state: DISABLED
08-24 13:45:29.694 1151 2760 D CompatibilityChangeReporter: Compat change id reported: 177438394; UID 1000; state: DISABLED
08-24 13:45:29.694 1151 2760 D CompatibilityChangeReporter: Compat change id reported: 135772972; UID 1000; state: DISABLED
08-24 13:45:29.694 1151 2760 D CompatibilityChangeReporter: Compat change id reported: 135754954; UID 1000; state: ENABLED
08-24 13:45:29.696 1151 1704 I ActivityManager: Start proc 3958:com.qualcomm.qti.devicestatisticsservice/u0a67 for restart com.qualcomm.qti.devicestatisticsservice
08-24 13:45:29.730 1151 1704 I ActivityManager: Start proc 3961:com.qti.diagservices/1000 for broadcast {com.qti.diagservices/com.qti.diagservices.Diag_OnBoot}
08-24 13:45:29.889 3961 3961 W ContextImpl: Calling a method in the system process without a qualified user: android.app.ContextImpl.startService:1816 android.content.ContextWrapper.startService:774 android.content.ContextWrapper.startService:774 com.qti.diagservices.Diag_OnBoot.onReceive:40 android.app.ActivityThread.handleReceiver:4309
08-24 13:45:29.901 1151 1151 I Telecom : DefaultDialerCache: Refreshing default dialer for user 0: now null: DDC.oR@ABU
08-24 13:45:29.902 1151 1151 I Telecom : MissedCallNotifierImpl: reloadAfterBootComplete: user=0: TSBCR.oR@ABY
08-24 13:45:29.905 1151 1151 I Telecom : MissedCallNotifierImpl: reloadAfterBootComplete: user=0: TSBCR.oR@ABY
08-24 13:45:29.907 1151 1151 D CompatibilityChangeReporter: Compat change id reported: 135634846; UID 10064; state: DISABLED
08-24 13:45:29.907 1151 1151 D CompatibilityChangeReporter: Compat change id reported: 177438394; UID 10064; state: DISABLED
08-24 13:45:29.907 1151 1151 D CompatibilityChangeReporter: Compat change id reported: 135772972; UID 10064; state: DISABLED
08-24 13:45:29.907 1151 1151 D CompatibilityChangeReporter: Compat change id reported: 135754954; UID 10064; state: DISABLED
08-24 13:45:29.908 1151 1704 D CompatibilityChangeReporter: Compat change id reported: 143937733; UID 10064; state: DISABLED
08-24 13:45:29.953 1151 1704 I ActivityManager: Start proc 3996:com.android.calendar/u0a64 for broadcast {com.android.calendar/com.android.calendar.UpgradeReceiver}
08-24 13:45:30.017 1151 3275 D CompatibilityChangeReporter: Compat change id reported: 168419799; UID 10064; state: DISABLED
08-24 13:45:30.155 1151 3275 D PackageManager: Instant App installer not found with android.intent.action.INSTALL_INSTANT_APP_PACKAGE
08-24 13:45:30.156 1151 3275 D PackageManager: Clear ephemeral installer activity
08-24 13:45:30.237 1151 2760 D CompatibilityChangeReporter: Compat change id reported: 135634846; UID 1000; state: DISABLED
08-24 13:45:30.238 1151 2760 D CompatibilityChangeReporter: Compat change id reported: 177438394; UID 1000; state: DISABLED
08-24 13:45:30.239 1151 2760 D CompatibilityChangeReporter: Compat change id reported: 135772972; UID 1000; state: DISABLED
08-24 13:45:30.239 1151 2760 D CompatibilityChangeReporter: Compat change id reported: 135754954; UID 1000; state: ENABLED
08-24 13:45:30.285 1151 1704 I ActivityManager: Start proc 4016:com.android.dynsystem/1000 for broadcast {com.android.dynsystem/com.android.dynsystem.BootCompletedReceiver}
08-24 13:45:30.349 1151 2760 D CompatibilityChangeReporter: Compat change id reported: 168419799; UID 1000; state: DISABLED
08-24 13:45:30.441 1151 2760 D CompatibilityChangeReporter: Compat change id reported: 135634846; UID 1000; state: DISABLED
08-24 13:45:30.441 1151 2760 D CompatibilityChangeReporter: Compat change id reported: 177438394; UID 1000; state: DISABLED
08-24 13:45:30.441 1151 2760 D CompatibilityChangeReporter: Compat change id reported: 135772972; UID 1000; state: DISABLED
08-24 13:45:30.441 1151 2760 D CompatibilityChangeReporter: Compat change id reported: 135754954; UID 1000; state: ENABLED
08-24 13:45:30.445 1151 2760 D CompatibilityChangeReporter: Compat change id reported: 135634846; UID 10075; state: DISABLED
08-24 13:45:30.445 1151 2760 D CompatibilityChangeReporter: Compat change id reported: 177438394; UID 10075; state: DISABLED
08-24 13:45:30.445 1151 2760 D CompatibilityChangeReporter: Compat change id reported: 135772972; UID 10075; state: DISABLED
08-24 13:45:30.446 1151 2760 D CompatibilityChangeReporter: Compat change id reported: 135754954; UID 10075; state: DISABLED
08-24 13:45:30.498 1151 1704 W ActivityManager: Slow operation: 58ms so far, now at startProcess: returned from zygote!
08-24 13:45:30.498 1151 1704 W ActivityManager: Slow operation: 59ms so far, now at startProcess: done updating battery stats
08-24 13:45:30.499 1151 1704 W ActivityManager: Slow operation: 59ms so far, now at startProcess: building log message
08-24 13:45:30.499 1151 1704 I ActivityManager: Start proc 4033:com.android.dynsystem:dynsystem/1000 for service {com.android.dynsystem/com.android.dynsystem.DynamicSystemInstallationService}
08-24 13:45:30.499 1151 1704 W ActivityManager: Slow operation: 59ms so far, now at startProcess: starting to update pids map
08-24 13:45:30.499 1151 1704 W ActivityManager: Slow operation: 60ms so far, now at startProcess: done updating pids map
08-24 13:45:30.499 1151 1704 W ActivityManager: Slow operation: 55ms so far, now at startProcess: asking zygote to start proc
08-24 13:45:30.500 1151 1704 D CompatibilityChangeReporter: Compat change id reported: 143937733; UID 10075; state: DISABLED
08-24 13:45:30.538 1151 1704 W ActivityManager: Slow operation: 93ms so far, now at startProcess: returned from zygote!
08-24 13:45:30.538 1151 1704 W ActivityManager: Slow operation: 94ms so far, now at startProcess: done updating battery stats
08-24 13:45:30.538 1151 1704 W ActivityManager: Slow operation: 94ms so far, now at startProcess: building log message
08-24 13:45:30.538 1151 1704 I ActivityManager: Start proc 4040:com.android.gallery3d/u0a75 for broadcast {com.android.gallery3d/com.android.camera.DisableCameraReceiver}
08-24 13:45:30.539 1151 1704 W ActivityManager: Slow operation: 94ms so far, now at startProcess: starting to update pids map
08-24 13:45:30.539 1151 1704 W ActivityManager: Slow operation: 94ms so far, now at startProcess: done updating pids map
08-24 13:45:30.606 1151 2760 D CompatibilityChangeReporter: Compat change id reported: 168419799; UID 10075; state: DISABLED
08-24 13:45:30.651 1151 2302 I DynamicSystemService: isInstalled(): false
08-24 13:45:30.740 1151 2302 D PackageManager: Instant App installer not found with android.intent.action.INSTALL_INSTANT_APP_PACKAGE
08-24 13:45:30.740 1151 2302 D PackageManager: Clear ephemeral installer activity
08-24 13:45:30.742 1151 2302 D PackageManager: Instant App installer not found with android.intent.action.INSTALL_INSTANT_APP_PACKAGE
08-24 13:45:30.742 1151 2302 D PackageManager: Clear ephemeral installer activity
08-24 13:45:30.751 1151 2302 D CompatibilityChangeReporter: Compat change id reported: 168419799; UID 10074; state: DISABLED
08-24 13:45:30.762 1151 2302 D PackageManager: Instant App installer not found with android.intent.action.INSTALL_INSTANT_APP_PACKAGE
08-24 13:45:30.762 1151 2302 D PackageManager: Clear ephemeral installer activity
08-24 13:45:30.775 1151 2302 D CompatibilityChangeReporter: Compat change id reported: 168419799; UID 10022; state: DISABLED
08-24 13:45:30.800 1151 3275 D CompatibilityChangeReporter: Compat change id reported: 135634846; UID 1027; state: DISABLED
08-24 13:45:30.845 1151 1704 I ActivityManager: Start proc 4068:com.android.nfc/1027 for broadcast {com.android.nfc/com.android.nfc.NfcBootCompletedReceiver}
08-24 13:45:30.916 1151 3275 D CompatibilityChangeReporter: Compat change id reported: 168419799; UID 1027; state: DISABLED
08-24 13:45:31.060 1151 3275 D PackageManager: Instant App installer not found with android.intent.action.INSTALL_INSTANT_APP_PACKAGE
08-24 13:45:31.062 1151 3275 D PackageManager: Clear ephemeral installer activity
08-24 13:45:31.064 1151 1736 I ActivityManager: Killing 4068:com.android.nfc/1027 (adj 0): change com.android.nfc
08-24 13:45:31.070 1151 1689 D CompanionDeviceManagerService: onPackageModified(packageName = com.android.nfc)
08-24 13:45:31.086 1151 1151 I Telecom : DefaultDialerCache: Refreshing default dialer for user 0: now null: DDC.oR@ABs
08-24 13:45:31.089 1151 1703 D CompatibilityChangeReporter: Compat change id reported: 135634846; UID 10060; state: DISABLED
08-24 13:45:31.089 1151 1703 D CompatibilityChangeReporter: Compat change id reported: 177438394; UID 10060; state: DISABLED
08-24 13:45:31.090 1151 1703 D CompatibilityChangeReporter: Compat change id reported: 135772972; UID 10060; state: DISABLED
08-24 13:45:31.090 1151 1703 D CompatibilityChangeReporter: Compat change id reported: 135754954; UID 10060; state: ENABLED
08-24 13:45:31.092 1151 1704 D CompatibilityChangeReporter: Compat change id reported: 143937733; UID 10060; state: ENABLED
08-24 13:45:31.097 1151 1689 D CompatibilityChangeReporter: Compat change id reported: 168419799; UID 10098; state: DISABLED
08-24 13:45:31.136 1151 1704 I ActivityManager: Start proc 4090:com.android.onetimeinitializer/u0a60 for broadcast {com.android.onetimeinitializer/com.android.onetimeinitializer.OneTimeInitializerReceiver}
08-24 13:45:31.146 1151 1702 W VoiceInteractionManager: no available voice recognition services found for user 0
08-24 13:45:31.206 1151 2302 D CompatibilityChangeReporter: Compat change id reported: 168419799; UID 10060; state: DISABLED
08-24 13:45:31.220 1151 1691 I DropBoxManagerService: add tag=system_server_strictmode isTagEnabled=true flags=0x2
08-24 13:45:31.291 4090 4109 E ActivityThread: Failed to find provider info for com.android.launcher2.settings
08-24 13:45:31.295 1151 2302 V ActivityManager: Got obituary of 4068:com.android.nfc
08-24 13:45:31.316 1151 2302 I ActivityManager: com.android.packageinstaller is exempt from freezer
08-24 13:45:31.317 1151 2302 D CompatibilityChangeReporter: Compat change id reported: 135634846; UID 10031; state: DISABLED
08-24 13:45:31.317 1151 2302 D CompatibilityChangeReporter: Compat change id reported: 177438394; UID 10031; state: DISABLED
08-24 13:45:31.317 1151 2302 D CompatibilityChangeReporter: Compat change id reported: 135772972; UID 10031; state: DISABLED
08-24 13:45:31.317 1151 2302 D CompatibilityChangeReporter: Compat change id reported: 135754954; UID 10031; state: ENABLED
08-24 13:45:31.318 1151 1704 D CompatibilityChangeReporter: Compat change id reported: 143937733; UID 10031; state: ENABLED
08-24 13:45:31.359 1151 1704 I ActivityManager: Start proc 4111:com.android.packageinstaller/u0a31 for broadcast {com.android.packageinstaller/com.android.packageinstaller.TemporaryFileManager}
08-24 13:45:31.420 1151 2302 D CompatibilityChangeReporter: Compat change id reported: 168419799; UID 10031; state: DISABLED
08-24 13:45:31.599 1151 2302 D CompatibilityChangeReporter: Compat change id reported: 168419799; UID 10026; state: DISABLED
08-24 13:45:31.622 1151 2302 D CompatibilityChangeReporter: Compat change id reported: 171306433; UID 10026; state: ENABLED
08-24 13:45:31.656 1151 2302 D CompatibilityChangeReporter: Compat change id reported: 168419799; UID 1000; state: DISABLED
08-24 13:45:31.694 1151 1650 I ActivityManager: com.android.shell is exempt from freezer
08-24 13:45:31.695 1151 1650 D CompatibilityChangeReporter: Compat change id reported: 135634846; UID 2000; state: DISABLED
08-24 13:45:31.695 1151 1650 D CompatibilityChangeReporter: Compat change id reported: 177438394; UID 2000; state: DISABLED
08-24 13:45:31.695 1151 1650 D CompatibilityChangeReporter: Compat change id reported: 135772972; UID 2000; state: DISABLED
08-24 13:45:31.696 1151 1650 D CompatibilityChangeReporter: Compat change id reported: 135754954; UID 2000; state: ENABLED
08-24 13:45:31.748 1151 1704 W ActivityManager: Slow operation: 54ms so far, now at startProcess: returned from zygote!
08-24 13:45:31.748 1151 1704 W ActivityManager: Slow operation: 54ms so far, now at startProcess: done updating battery stats
08-24 13:45:31.748 1151 1704 W ActivityManager: Slow operation: 55ms so far, now at startProcess: building log message
08-24 13:45:31.748 1151 1704 I ActivityManager: Start proc 4130:com.android.shell/2000 for broadcast {com.android.shell/com.android.shell.HeapDumpReceiver}
08-24 13:45:31.748 1151 1704 W ActivityManager: Slow operation: 55ms so far, now at startProcess: starting to update pids map
08-24 13:45:31.749 1151 1704 W ActivityManager: Slow operation: 55ms so far, now at startProcess: done updating pids map
08-24 13:45:31.803 1151 1650 D CompatibilityChangeReporter: Compat change id reported: 168419799; UID 2000; state: DISABLED
08-24 13:45:31.920 1151 1650 D CompatibilityChangeReporter: Compat change id reported: 135634846; UID 1001; state: DISABLED
08-24 13:45:31.920 1151 1650 D CompatibilityChangeReporter: Compat change id reported: 177438394; UID 1001; state: DISABLED
08-24 13:45:31.920 1151 1650 D CompatibilityChangeReporter: Compat change id reported: 135772972; UID 1001; state: DISABLED
08-24 13:45:31.921 1151 1650 D CompatibilityChangeReporter: Compat change id reported: 135754954; UID 1001; state: ENABLED
08-24 13:45:31.965 1151 1704 I Watchdog: Interesting Java process com.android.phone started. Pid 4148
08-24 13:45:31.965 1151 1704 I ActivityManager: Start proc 4148:com.android.phone/1001 for broadcast {com.android.stk/com.android.stk.BootCompletedReceiver}
08-24 13:45:32.052 4149 4149 F linker : CANNOT LINK EXECUTABLE "/vendor/bin/hw/qvrservice": library "vendor.qti.hardware.qxr-V1-ndk_platform.so" not found: needed by /vendor/lib64/libqvrservice.so in namespace (default)
08-24 13:45:32.053 4156 4156 F linker : CANNOT LINK EXECUTABLE "/vendor/bin/hw/sxrservice": library "vendor.qti.hardware.qxr-V1-ndk_platform.so" not found: needed by main executable
08-24 13:45:32.149 4148 4148 D CAT : BootCompletedReceiver: [ACTION_BOOT_COMPLETED]
08-24 13:45:32.151 1151 1650 D CompatibilityChangeReporter: Compat change id reported: 135634846; UID 10077; state: DISABLED
08-24 13:45:32.152 1151 1650 D CompatibilityChangeReporter: Compat change id reported: 177438394; UID 10077; state: DISABLED
08-24 13:45:32.152 1151 1650 D CompatibilityChangeReporter: Compat change id reported: 135772972; UID 10077; state: DISABLED
08-24 13:45:32.153 1151 1650 D CompatibilityChangeReporter: Compat change id reported: 135754954; UID 10077; state: ENABLED
08-24 13:45:32.153 4148 4148 D CAT : StkAppService: onCreate()+
08-24 13:45:32.154 1151 1704 D CompatibilityChangeReporter: Compat change id reported: 143937733; UID 10077; state: ENABLED
08-24 13:45:32.154 4148 4148 D CAT : StkAppService: simCount: 1
08-24 13:45:32.154 4148 4148 D CAT : StkAppService: slotId: 0
08-24 13:45:32.157 4148 4148 D CAT : StkAppService: onStart sim id: 0, op: 5, *****
08-24 13:45:32.157 4148 4148 D CAT : StkAppService: mStkService is: -1
08-24 13:45:32.166 1151 1650 D PackageManager: Instant App installer not found with android.intent.action.INSTALL_INSTANT_APP_PACKAGE
08-24 13:45:32.166 1151 1650 D PackageManager: Clear ephemeral installer activity
08-24 13:45:32.166 4148 4148 D CAT : StkAppInstaller: SIM Toolkit is disabled
08-24 13:45:32.169 4148 4148 D CAT : StkAppService: onDestroy()
08-24 13:45:32.199 1151 1704 I ActivityManager: Start proc 4169:com.qti.ltebc/u0a77 for broadcast {com.qti.ltebc/com.qualcomm.ltebc.LTEBroadcastBootReceiver}
08-24 13:45:32.257 1151 1650 D CompatibilityChangeReporter: Compat change id reported: 168419799; UID 10077; state: DISABLED
08-24 13:45:33.436 1151 1689 D CompanionDeviceManagerService: onPackageModified(packageName = com.android.stk)
08-24 13:45:33.461 1151 1689 D CompanionDeviceManagerService: onPackageModified(packageName = com.android.calendar)
08-24 13:45:33.461 1151 1151 I Telecom : DefaultDialerCache: Refreshing default dialer for user 0: now null: DDC.oR@ABw
08-24 13:45:33.463 1151 1151 I Telecom : DefaultDialerCache: Refreshing default dialer for user 0: now null: DDC.oR@AB0
08-24 13:45:33.484 1151 1689 D CompanionDeviceManagerService: onPackageModified(packageName = com.android.gallery3d)
08-24 13:45:33.486 1151 1151 I Telecom : DefaultDialerCache: Refreshing default dialer for user 0: now null: DDC.oR@AB4
08-24 13:45:33.493 1151 1689 D CompanionDeviceManagerService: onPackageModified(packageName = com.android.inputmethod.latin)
08-24 13:45:33.493 1151 1151 I Telecom : DefaultDialerCache: Refreshing default dialer for user 0: now null: DDC.oR@AB8
08-24 13:45:33.503 1151 1689 D CompanionDeviceManagerService: onPackageModified(packageName = com.android.settings)
08-24 13:45:33.505 1151 1151 I Telecom : DefaultDialerCache: Refreshing default dialer for user 0: now null: DDC.oR@ACA
08-24 13:45:33.512 1151 1702 W VoiceInteractionManager: no available voice recognition services found for user 0
08-24 13:45:33.520 1151 1689 D CompanionDeviceManagerService: onPackageModified(packageName = com.android.traceur)
08-24 13:45:33.530 1151 1151 I Telecom : DefaultDialerCache: Refreshing default dialer for user 0: now null: DDC.oR@ACE
08-24 13:45:33.537 1151 1702 W VoiceInteractionManager: no available voice recognition services found for user 0
08-24 13:45:33.561 1151 1702 W VoiceInteractionManager: no available voice recognition services found for user 0
08-24 13:45:33.616 1151 1702 W VoiceInteractionManager: no available voice recognition services found for user 0
08-24 13:45:33.645 1151 1702 W VoiceInteractionManager: no available voice recognition services found for user 0
08-24 13:45:33.655 1151 1702 W VoiceInteractionManager: no available voice recognition services found for user 0
08-24 13:45:36.910 1151 2159 D CompatibilityChangeReporter: Compat change id reported: 171306433; UID 10077; state: ENABLED
08-24 13:45:36.912 1151 2760 D CompatibilityChangeReporter: Compat change id reported: 168419799; UID 10051; state: DISABLED
08-24 13:45:36.924 1151 2760 D CompatibilityChangeReporter: Compat change id reported: 168419799; UID 10090; state: DISABLED
08-24 13:45:36.931 1151 2760 D CompatibilityChangeReporter: Compat change id reported: 168419799; UID 10078; state: DISABLED
08-24 13:45:36.944 1151 2760 D CompatibilityChangeReporter: Compat change id reported: 168419799; UID 10084; state: DISABLED
08-24 13:45:36.964 1151 2159 D CompatibilityChangeReporter: Compat change id reported: 168419799; UID 10093; state: DISABLED
08-24 13:45:36.976 1151 2159 D CompatibilityChangeReporter: Compat change id reported: 168419799; UID 10092; state: DISABLED
08-24 13:45:36.985 1151 2159 D CompatibilityChangeReporter: Compat change id reported: 135634846; UID 10054; state: DISABLED
08-24 13:45:36.985 1151 1704 D CompatibilityChangeReporter: Compat change id reported: 143937733; UID 10054; state: DISABLED
08-24 13:45:37.026 1151 1704 I ActivityManager: Start proc 4250:com.qualcomm.qti.qms.service.connectionsecurity/u0a54 for broadcast {com.qualcomm.qti.qms.service.connectionsecurity/com.qualcomm.qti.qms.service.connectionsecurity.ConnSecBroadcastReceiver}
08-24 13:45:37.067 4249 4249 F linker : CANNOT LINK EXECUTABLE "/vendor/bin/hw/qvrservice": library "vendor.qti.hardware.qxr-V1-ndk_platform.so" not found: needed by /vendor/lib64/libqvrservice.so in namespace (default)
08-24 13:45:37.082 4251 4251 F linker : CANNOT LINK EXECUTABLE "/vendor/bin/hw/sxrservice": library "vendor.qti.hardware.qxr-V1-ndk_platform.so" not found: needed by main executable
08-24 13:45:37.091 1151 2760 D CompatibilityChangeReporter: Compat change id reported: 168419799; UID 10054; state: DISABLED
08-24 13:45:37.137 1151 2302 I ActivityManager: Process com.qti.ltebc (pid 4169) has died: cch+5 CEM
08-24 13:45:37.188 1151 2302 D CompatibilityChangeReporter: Compat change id reported: 168419799; UID 1001; state: DISABLED
08-24 13:45:37.203 1151 2302 D CompatibilityChangeReporter: Compat change id reported: 168419799; UID 10091; state: DISABLED
08-24 13:45:37.226 1151 2760 D CompatibilityChangeReporter: Compat change id reported: 168419799; UID 10088; state: DISABLED
08-24 13:45:37.248 1151 2760 I ActivityManager: Finished processing BOOT_COMPLETED for u0
08-24 13:45:37.251 1151 2760 D CompatibilityChangeReporter: Compat change id reported: 168419799; UID 10075; state: DISABLED
08-24 13:45:41.918 1151 1703 D CompatibilityChangeReporter: Compat change id reported: 135634846; UID 10077; state: DISABLED
08-24 13:45:41.919 1151 1703 D CompatibilityChangeReporter: Compat change id reported: 177438394; UID 10077; state: DISABLED
08-24 13:45:41.919 1151 1703 D CompatibilityChangeReporter: Compat change id reported: 135772972; UID 10077; state: DISABLED
08-24 13:45:41.920 1151 1703 D CompatibilityChangeReporter: Compat change id reported: 135754954; UID 10077; state: ENABLED
08-24 13:45:41.921 1151 1704 D CompatibilityChangeReporter: Compat change id reported: 143937733; UID 10077; state: ENABLED
08-24 13:45:41.987 1151 1704 W ActivityManager: Slow operation: 71ms so far, now at startProcess: returned from zygote!
08-24 13:45:41.988 1151 1704 W ActivityManager: Slow operation: 71ms so far, now at startProcess: done updating battery stats
08-24 13:45:41.988 1151 1704 W ActivityManager: Slow operation: 71ms so far, now at startProcess: building log message
08-24 13:45:41.988 1151 1704 I ActivityManager: Start proc 4324:com.qti.ltebc/u0a77 for broadcast {com.qti.ltebc/com.qualcomm.ltebc.LTEBroadcastAlarmReceiver}
08-24 13:45:41.988 1151 1704 W ActivityManager: Slow operation: 71ms so far, now at startProcess: starting to update pids map
08-24 13:45:41.988 1151 1704 W ActivityManager: Slow operation: 72ms so far, now at startProcess: done updating pids map
08-24 13:45:42.048 1151 2760 D CompatibilityChangeReporter: Compat change id reported: 168419799; UID 10077; state: DISABLED
08-24 13:45:42.117 4339 4339 F linker : CANNOT LINK EXECUTABLE "/vendor/bin/hw/qvrservice": library "vendor.qti.hardware.qxr-V1-ndk_platform.so" not found: needed by /vendor/lib64/libqvrservice.so in namespace (default)
08-24 13:45:42.119 4341 4341 F linker : CANNOT LINK EXECUTABLE "/vendor/bin/hw/sxrservice": library "vendor.qti.hardware.qxr-V1-ndk_platform.so" not found: needed by main executable
08-24 13:45:43.601 1151 2760 W OverlayManager: service 'idmap' died
08-24 13:45:44.897 1151 1703 I ActivityManager: Waited long enough for: ServiceRecord{e650fec u0 com.qti.diagservices/.QTIDiagServices}
08-24 13:45:47.126 4397 4397 F linker : CANNOT LINK EXECUTABLE "/vendor/bin/hw/qvrservice": library "vendor.qti.hardware.qxr-V1-ndk_platform.so" not found: needed by /vendor/lib64/libqvrservice.so in namespace (default)
08-24 13:45:47.127 4398 4398 F linker : CANNOT LINK EXECUTABLE "/vendor/bin/hw/sxrservice": library "vendor.qti.hardware.qxr-V1-ndk_platform.so" not found: needed by main executable
08-24 13:45:47.452 1151 3275 D CompatibilityChangeReporter: Compat change id reported: 135634846; UID 10057; state: DISABLED
08-24 13:45:47.452 1151 3275 D CompatibilityChangeReporter: Compat change id reported: 177438394; UID 10057; state: DISABLED
08-24 13:45:47.453 1151 3275 D CompatibilityChangeReporter: Compat change id reported: 135772972; UID 10057; state: DISABLED
08-24 13:45:47.453 1151 3275 D CompatibilityChangeReporter: Compat change id reported: 135754954; UID 10057; state: DISABLED
08-24 13:45:47.454 1151 1704 D CompatibilityChangeReporter: Compat change id reported: 143937733; UID 10057; state: DISABLED
08-24 13:45:47.498 1151 1704 I ActivityManager: Start proc 4404:com.qualcomm.qti.qms.service.trustzoneaccess/u0a57 for service {com.qualcomm.qti.qms.service.trustzoneaccess/com.qualcomm.qti.qms.service.trustzoneaccess.TZAccessService}
08-24 13:45:47.586 1151 3275 D CompatibilityChangeReporter: Compat change id reported: 168419799; UID 10057; state: DISABLED
08-24 13:45:47.929 1151 2760 I ActivityManager: Process com.qti.ltebc (pid 4324) has died: cch+5 CEM
08-24 13:45:52.181 4487 4487 F linker : CANNOT LINK EXECUTABLE "/vendor/bin/hw/sxrservice": library "vendor.qti.hardware.qxr-V1-ndk_platform.so" not found: needed by main executable
08-24 13:45:52.193 4486 4486 F linker : CANNOT LINK EXECUTABLE "/vendor/bin/hw/qvrservice": library "vendor.qti.hardware.qxr-V1-ndk_platform.so" not found: needed by /vendor/lib64/libqvrservice.so in namespace (default)
08-24 13:45:57.208 4549 4549 F linker : CANNOT LINK EXECUTABLE "/vendor/bin/hw/qvrservice": library "vendor.qti.hardware.qxr-V1-ndk_platform.so" not found: needed by /vendor/lib64/libqvrservice.so in namespace (default)
08-24 13:45:57.229 4550 4550 F linker : CANNOT LINK EXECUTABLE "/vendor/bin/hw/sxrservice": library "vendor.qti.hardware.qxr-V1-ndk_platform.so" not found: needed by main executable
08-24 13:46:02.306 4619 4619 F linker : CANNOT LINK EXECUTABLE "/vendor/bin/hw/qvrservice": library "vendor.qti.hardware.qxr-V1-ndk_platform.so" not found: needed by /vendor/lib64/libqvrservice.so in namespace (default)
08-24 13:46:02.310 4620 4620 F linker : CANNOT LINK EXECUTABLE "/vendor/bin/hw/sxrservice": library "vendor.qti.hardware.qxr-V1-ndk_platform.so" not found: needed by main executable
08-24 13:46:07.362 4699 4699 F linker : CANNOT LINK EXECUTABLE "/vendor/bin/hw/qvrservice": library "vendor.qti.hardware.qxr-V1-ndk_platform.so" not found: needed by /vendor/lib64/libqvrservice.so in namespace (default)
08-24 13:46:07.365 4700 4700 F linker : CANNOT LINK EXECUTABLE "/vendor/bin/hw/sxrservice": library "vendor.qti.hardware.qxr-V1-ndk_platform.so" not found: needed by main executable
08-24 13:46:12.152 1151 1689 D AutofillManagerService: Close system dialogs
08-24 13:46:12.388 4782 4782 F linker : CANNOT LINK EXECUTABLE "/vendor/bin/hw/qvrservice": library "vendor.qti.hardware.qxr-V1-ndk_platform.so" not found: needed by /vendor/lib64/libqvrservice.so in namespace (default)
08-24 13:46:12.400 1151 1689 D AutofillManagerService: Close system dialogs
08-24 13:46:12.401 4783 4783 F linker : CANNOT LINK EXECUTABLE "/vendor/bin/hw/sxrservice": library "vendor.qti.hardware.qxr-V1-ndk_platform.so" not found: needed by main executable
08-24 13:46:17.435 4876 4876 F linker : CANNOT LINK EXECUTABLE "/vendor/bin/hw/qvrservice": library "vendor.qti.hardware.qxr-V1-ndk_platform.so" not found: needed by /vendor/lib64/libqvrservice.so in namespace (default)
08-24 13:46:17.439 4877 4877 F linker : CANNOT LINK EXECUTABLE "/vendor/bin/hw/sxrservice": library "vendor.qti.hardware.qxr-V1-ndk_platform.so" not found: needed by main executable
08-24 13:46:22.468 4969 4969 F linker : CANNOT LINK EXECUTABLE "/vendor/bin/hw/qvrservice": library "vendor.qti.hardware.qxr-V1-ndk_platform.so" not found: needed by /vendor/lib64/libqvrservice.so in namespace (default)
08-24 13:46:22.504 4970 4970 F linker : CANNOT LINK EXECUTABLE "/vendor/bin/hw/sxrservice": library "vendor.qti.hardware.qxr-V1-ndk_platform.so" not found: needed by main executable
08-24 13:46:27.509 5068 5068 F linker : CANNOT LINK EXECUTABLE "/vendor/bin/hw/qvrservice": library "vendor.qti.hardware.qxr-V1-ndk_platform.so" not found: needed by /vendor/lib64/libqvrservice.so in namespace (default)
08-24 13:46:27.560 5069 5069 F linker : CANNOT LINK EXECUTABLE "/vendor/bin/hw/sxrservice": library "vendor.qti.hardware.qxr-V1-ndk_platform.so" not found: needed by main executable
08-24 13:46:32.567 5173 5173 F linker : CANNOT LINK EXECUTABLE "/vendor/bin/hw/qvrservice": library "vendor.qti.hardware.qxr-V1-ndk_platform.so" not found: needed by /vendor/lib64/libqvrservice.so in namespace (default)
08-24 13:46:32.616 5174 5174 F linker : CANNOT LINK EXECUTABLE "/vendor/bin/hw/sxrservice": library "vendor.qti.hardware.qxr-V1-ndk_platform.so" not found: needed by main executable
08-24 13:46:37.628 5285 5285 F linker : CANNOT LINK EXECUTABLE "/vendor/bin/hw/sxrservice": library "vendor.qti.hardware.qxr-V1-ndk_platform.so" not found: needed by main executable
08-24 13:46:37.632 5284 5284 F linker : CANNOT LINK EXECUTABLE "/vendor/bin/hw/qvrservice": library "vendor.qti.hardware.qxr-V1-ndk_platform.so" not found: needed by /vendor/lib64/libqvrservice.so in namespace (default)
08-24 13:46:42.668 5401 5401 F linker : CANNOT LINK EXECUTABLE "/vendor/bin/hw/qvrservice": library "vendor.qti.hardware.qxr-V1-ndk_platform.so" not found: needed by /vendor/lib64/libqvrservice.so in namespace (default)
08-24 13:46:42.719 5402 5402 F linker : CANNOT LINK EXECUTABLE "/vendor/bin/hw/sxrservice": library "vendor.qti.hardware.qxr-V1-ndk_platform.so" not found: needed by main executable
08-24 13:46:47.726 5524 5524 F linker : CANNOT LINK EXECUTABLE "/vendor/bin/hw/qvrservice": library "vendor.qti.hardware.qxr-V1-ndk_platform.so" not found: needed by /vendor/lib64/libqvrservice.so in namespace (default)
08-24 13:46:47.777 5525 5525 F linker : CANNOT LINK EXECUTABLE "/vendor/bin/hw/sxrservice": library "vendor.qti.hardware.qxr-V1-ndk_platform.so" not found: needed by main executable
08-24 13:46:52.788 5653 5653 F linker : CANNOT LINK EXECUTABLE "/vendor/bin/hw/qvrservice": library "vendor.qti.hardware.qxr-V1-ndk_platform.so" not found: needed by /vendor/lib64/libqvrservice.so in namespace (default)
08-24 13:46:52.837 5654 5654 F linker : CANNOT LINK EXECUTABLE "/vendor/bin/hw/sxrservice": library "vendor.qti.hardware.qxr-V1-ndk_platform.so" not found: needed by main executable
08-24 13:46:57.846 5787 5787 F linker : CANNOT LINK EXECUTABLE "/vendor/bin/hw/qvrservice": library "vendor.qti.hardware.qxr-V1-ndk_platform.so" not found: needed by /vendor/lib64/libqvrservice.so in namespace (default)
08-24 13:46:57.898 5788 5788 F linker : CANNOT LINK EXECUTABLE "/vendor/bin/hw/sxrservice": library "vendor.qti.hardware.qxr-V1-ndk_platform.so" not found: needed by main executable
08-24 13:47:02.906 5927 5927 F linker : CANNOT LINK EXECUTABLE "/vendor/bin/hw/qvrservice": library "vendor.qti.hardware.qxr-V1-ndk_platform.so" not found: needed by /vendor/lib64/libqvrservice.so in namespace (default)
08-24 13:47:02.958 5928 5928 F linker : CANNOT LINK EXECUTABLE "/vendor/bin/hw/sxrservice": library "vendor.qti.hardware.qxr-V1-ndk_platform.so" not found: needed by main executable
08-24 13:47:07.948 6073 6073 F linker : CANNOT LINK EXECUTABLE "/vendor/bin/hw/qvrservice": library "vendor.qti.hardware.qxr-V1-ndk_platform.so" not found: needed by /vendor/lib64/libqvrservice.so in namespace (default)
08-24 13:47:07.979 6074 6074 F linker : CANNOT LINK EXECUTABLE "/vendor/bin/hw/sxrservice": library "vendor.qti.hardware.qxr-V1-ndk_platform.so" not found: needed by main executable
08-24 13:47:09.164 1151 1722 V DisplayPowerController[0]: Brightness [0.05] reason changing to: 'manual [ dim ]', previous reason: 'manual'.
08-24 13:47:09.176 1151 2190 E DisplayDeviceConfig: requesting nits when no mapping exists.
08-24 13:47:09.177 1151 2190 E DisplayDeviceConfig: requesting nits when no mapping exists.
08-24 13:47:09.182 1151 1703 I DropBoxManagerService: add tag=system_server_wtf isTagEnabled=true flags=0x2
08-24 13:47:09.196 1151 1703 I DropBoxManagerService: add tag=system_server_wtf isTagEnabled=true flags=0x2
08-24 13:47:09.201 1151 2190 E DisplayDeviceConfig: requesting nits when no mapping exists.
08-24 13:47:09.202 1151 2190 E DisplayDeviceConfig: requesting nits when no mapping exists.
08-24 13:47:09.204 1151 1703 I DropBoxManagerService: add tag=system_server_wtf isTagEnabled=true flags=0x2
08-24 13:47:09.209 1151 1703 I DropBoxManagerService: add tag=system_server_wtf isTagEnabled=true flags=0x2
08-24 13:47:09.212 1151 2190 E DisplayDeviceConfig: requesting nits when no mapping exists.
08-24 13:47:09.212 1151 2190 E DisplayDeviceConfig: requesting nits when no mapping exists.
08-24 13:47:09.214 1151 1703 I DropBoxManagerService: add tag=system_server_wtf isTagEnabled=true flags=0x2
08-24 13:47:09.228 1151 2190 E DisplayDeviceConfig: requesting nits when no mapping exists.
08-24 13:47:09.229 1151 2190 E DisplayDeviceConfig: requesting nits when no mapping exists.
08-24 13:47:09.247 1151 2190 E DisplayDeviceConfig: requesting nits when no mapping exists.
08-24 13:47:09.248 1151 2190 E DisplayDeviceConfig: requesting nits when no mapping exists.
08-24 13:47:09.264 1151 2190 E DisplayDeviceConfig: requesting nits when no mapping exists.
08-24 13:47:09.265 1151 2190 E DisplayDeviceConfig: requesting nits when no mapping exists.
08-24 13:47:09.278 1151 2190 E DisplayDeviceConfig: requesting nits when no mapping exists.
08-24 13:47:09.279 1151 2190 E DisplayDeviceConfig: requesting nits when no mapping exists.
08-24 13:47:09.294 1151 2190 E DisplayDeviceConfig: requesting nits when no mapping exists.
08-24 13:47:09.295 1151 2190 E DisplayDeviceConfig: requesting nits when no mapping exists.
08-24 13:47:09.311 1151 2190 E DisplayDeviceConfig: requesting nits when no mapping exists.
08-24 13:47:09.311 1151 2190 E DisplayDeviceConfig: requesting nits when no mapping exists.
08-24 13:47:09.328 1151 2190 E DisplayDeviceConfig: requesting nits when no mapping exists.
08-24 13:47:09.328 1151 2190 E DisplayDeviceConfig: requesting nits when no mapping exists.
08-24 13:47:09.344 1151 2190 E DisplayDeviceConfig: requesting nits when no mapping exists.
08-24 13:47:09.345 1151 2190 E DisplayDeviceConfig: requesting nits when no mapping exists.
08-24 13:47:09.361 1151 2190 E DisplayDeviceConfig: requesting nits when no mapping exists.
08-24 13:47:09.363 1151 2190 E DisplayDeviceConfig: requesting nits when no mapping exists.
08-24 13:47:09.378 1151 2190 E DisplayDeviceConfig: requesting nits when no mapping exists.
08-24 13:47:09.378 1151 2190 E DisplayDeviceConfig: requesting nits when no mapping exists.
08-24 13:47:09.395 1151 2190 E DisplayDeviceConfig: requesting nits when no mapping exists.
08-24 13:47:09.395 1151 2190 E DisplayDeviceConfig: requesting nits when no mapping exists.
08-24 13:47:09.411 1151 2190 E DisplayDeviceConfig: requesting nits when no mapping exists.
08-24 13:47:09.411 1151 2190 E DisplayDeviceConfig: requesting nits when no mapping exists.
08-24 13:47:09.428 1151 2190 E DisplayDeviceConfig: requesting nits when no mapping exists.
08-24 13:47:09.428 1151 2190 E DisplayDeviceConfig: requesting nits when no mapping exists.
08-24 13:47:09.444 1151 2190 E DisplayDeviceConfig: requesting nits when no mapping exists.
08-24 13:47:09.445 1151 2190 E DisplayDeviceConfig: requesting nits when no mapping exists.
08-24 13:47:09.461 1151 2190 E DisplayDeviceConfig: requesting nits when no mapping exists.
08-24 13:47:09.462 1151 2190 E DisplayDeviceConfig: requesting nits when no mapping exists.
08-24 13:47:09.478 1151 2190 E DisplayDeviceConfig: requesting nits when no mapping exists.
08-24 13:47:09.478 1151 2190 E DisplayDeviceConfig: requesting nits when no mapping exists.
08-24 13:47:09.495 1151 2190 E DisplayDeviceConfig: requesting nits when no mapping exists.
08-24 13:47:09.495 1151 2190 E DisplayDeviceConfig: requesting nits when no mapping exists.
08-24 13:47:09.511 1151 2190 E DisplayDeviceConfig: requesting nits when no mapping exists.
08-24 13:47:09.512 1151 2190 E DisplayDeviceConfig: requesting nits when no mapping exists.
08-24 13:47:09.528 1151 2190 E DisplayDeviceConfig: requesting nits when no mapping exists.
08-24 13:47:09.528 1151 2190 E DisplayDeviceConfig: requesting nits when no mapping exists.
08-24 13:47:09.545 1151 2190 E DisplayDeviceConfig: requesting nits when no mapping exists.
08-24 13:47:09.545 1151 2190 E DisplayDeviceConfig: requesting nits when no mapping exists.
08-24 13:47:09.561 1151 2190 E DisplayDeviceConfig: requesting nits when no mapping exists.
08-24 13:47:09.562 1151 2190 E DisplayDeviceConfig: requesting nits when no mapping exists.
08-24 13:47:09.578 1151 2190 E DisplayDeviceConfig: requesting nits when no mapping exists.
08-24 13:47:09.579 1151 2190 E DisplayDeviceConfig: requesting nits when no mapping exists.
08-24 13:47:09.595 1151 2190 E DisplayDeviceConfig: requesting nits when no mapping exists.
08-24 13:47:09.595 1151 2190 E DisplayDeviceConfig: requesting nits when no mapping exists.
08-24 13:47:09.611 1151 2190 E DisplayDeviceConfig: requesting nits when no mapping exists.
08-24 13:47:09.612 1151 2190 E DisplayDeviceConfig: requesting nits when no mapping exists.
08-24 13:47:09.628 1151 2190 E DisplayDeviceConfig: requesting nits when no mapping exists.
08-24 13:47:09.629 1151 2190 E DisplayDeviceConfig: requesting nits when no mapping exists.
08-24 13:47:09.645 1151 2190 E DisplayDeviceConfig: requesting nits when no mapping exists.
08-24 13:47:09.645 1151 2190 E DisplayDeviceConfig: requesting nits when no mapping exists.
08-24 13:47:09.662 1151 2190 E DisplayDeviceConfig: requesting nits when no mapping exists.
08-24 13:47:09.662 1151 2190 E DisplayDeviceConfig: requesting nits when no mapping exists.
08-24 13:47:13.007 6224 6224 F linker : CANNOT LINK EXECUTABLE "/vendor/bin/hw/qvrservice": library "vendor.qti.hardware.qxr-V1-ndk_platform.so" not found: needed by /vendor/lib64/libqvrservice.so in namespace (default)
08-24 13:47:13.061 6225 6225 F linker : CANNOT LINK EXECUTABLE "/vendor/bin/hw/sxrservice": library "vendor.qti.hardware.qxr-V1-ndk_platform.so" not found: needed by main executable
08-24 13:47:16.154 1151 1722 I PowerManagerService: Napping display group (groupId=0, uid=1000)...
08-24 13:47:16.155 1151 1722 I PowerManagerService: Nap time (uid 1000)...
08-24 13:47:16.161 1151 1722 I DreamManagerService: Entering dreamland.
08-24 13:47:16.165 1151 1722 I PowerManagerService: Dreaming...
08-24 13:47:16.173 1151 1689 I DreamController: Starting dream: name=ComponentInfo{com.android.deskclock/com.android.deskclock.Screensaver}, isTest=false, canDoze=false, userId=0
08-24 13:47:16.197 1151 1689 D AutofillManagerService: Close system dialogs
08-24 13:47:16.219 1151 2760 I ActivityTaskManager: START u0 {flg=0x10000000 pkg=com.android.deskclock cmp=com.android.deskclock/android.service.dreams.DreamActivity (has extras)} from uid 10069
08-24 13:47:16.226 1151 2760 D CompatibilityChangeReporter: Compat change id reported: 184838306; UID 10069; state: DISABLED
08-24 13:47:16.228 1151 2760 D CompatibilityChangeReporter: Compat change id reported: 185004937; UID 10069; state: DISABLED
08-24 13:47:16.230 1151 2760 D CompatibilityChangeReporter: Compat change id reported: 181136395; UID 10069; state: DISABLED
08-24 13:47:16.231 1151 2760 D CompatibilityChangeReporter: Compat change id reported: 174042936; UID 10069; state: DISABLED
08-24 13:47:16.233 1151 2760 D CompatibilityChangeReporter: Compat change id reported: 174042980; UID 10069; state: DISABLED
08-24 13:47:16.235 1151 2760 W ActivityTaskManager: Can't find TaskDisplayArea to determine support for multi window. Task id=11 attached=false
08-24 13:47:16.244 1151 2760 V SplashScreenExceptionList: SplashScreen checking exception for package com.android.deskclock (target sdk:29) -> false
08-24 13:47:16.279 1151 1650 I ActivityTaskManager: The Process com.android.deskclock Already Exists in BG. So sending its PID: 3022
08-24 13:47:16.323 1151 1650 W WindowManager: Failed looking up window session=Session{6882abe 3022:u0a10069} callers=com.android.server.wm.WindowManagerService.windowForClientLocked:5626 com.android.server.wm.Session.insetsModified:629 android.view.IWindowSession$Stub.onTransact:1151
08-24 13:47:16.486 1151 1722 V DisplayPowerController[0]: Brightness [0.39763778] reason changing to: 'manual', previous reason: 'manual [ dim ]'.
08-24 13:47:16.500 1151 2190 E DisplayDeviceConfig: requesting nits when no mapping exists.
08-24 13:47:16.501 1151 2190 E DisplayDeviceConfig: requesting nits when no mapping exists.
08-24 13:47:16.531 1151 2190 E DisplayDeviceConfig: requesting nits when no mapping exists.
08-24 13:47:16.532 1151 2190 E DisplayDeviceConfig: requesting nits when no mapping exists.
08-24 13:47:16.562 1151 2190 E DisplayDeviceConfig: requesting nits when no mapping exists.
08-24 13:47:16.563 1151 2190 E DisplayDeviceConfig: requesting nits when no mapping exists.
08-24 13:47:16.598 1151 2190 E DisplayDeviceConfig: requesting nits when no mapping exists.
08-24 13:47:16.598 1151 2190 E DisplayDeviceConfig: requesting nits when no mapping exists.
08-24 13:47:16.615 1151 2190 E DisplayDeviceConfig: requesting nits when no mapping exists.
08-24 13:47:16.616 1151 2190 E DisplayDeviceConfig: requesting nits when no mapping exists.
08-24 13:47:16.646 1151 2190 E DisplayDeviceConfig: requesting nits when no mapping exists.
08-24 13:47:16.646 1151 2190 E DisplayDeviceConfig: requesting nits when no mapping exists.
08-24 13:47:16.681 1151 2190 E DisplayDeviceConfig: requesting nits when no mapping exists.
08-24 13:47:16.682 1151 2190 E DisplayDeviceConfig: requesting nits when no mapping exists.
08-24 13:47:16.715 1151 2190 E DisplayDeviceConfig: requesting nits when no mapping exists.
08-24 13:47:16.716 1151 2190 E DisplayDeviceConfig: requesting nits when no mapping exists.
08-24 13:47:16.748 1151 2190 E DisplayDeviceConfig: requesting nits when no mapping exists.
08-24 13:47:16.749 1151 2190 E DisplayDeviceConfig: requesting nits when no mapping exists.
08-24 13:47:16.780 1151 2190 E DisplayDeviceConfig: requesting nits when no mapping exists.
08-24 13:47:16.781 1151 2190 E DisplayDeviceConfig: requesting nits when no mapping exists.
08-24 13:47:16.814 1151 2190 E DisplayDeviceConfig: requesting nits when no mapping exists.
08-24 13:47:16.815 1151 2190 E DisplayDeviceConfig: requesting nits when no mapping exists.
08-24 13:47:16.830 1151 2190 E DisplayDeviceConfig: requesting nits when no mapping exists.
08-24 13:47:16.830 1151 2190 E DisplayDeviceConfig: requesting nits when no mapping exists.
08-24 13:47:16.847 1151 2190 E DisplayDeviceConfig: requesting nits when no mapping exists.
08-24 13:47:16.848 1151 2190 E DisplayDeviceConfig: requesting nits when no mapping exists.
08-24 13:47:16.863 1151 2190 E DisplayDeviceConfig: requesting nits when no mapping exists.
08-24 13:47:16.864 1151 2190 E DisplayDeviceConfig: requesting nits when no mapping exists.
08-24 13:47:16.882 1151 2190 E DisplayDeviceConfig: requesting nits when no mapping exists.
08-24 13:47:16.885 1151 2190 E DisplayDeviceConfig: requesting nits when no mapping exists.
08-24 13:47:16.906 1151 2190 E DisplayDeviceConfig: requesting nits when no mapping exists.
08-24 13:47:16.907 1151 2190 E DisplayDeviceConfig: requesting nits when no mapping exists.
08-24 13:47:16.930 1151 2190 E DisplayDeviceConfig: requesting nits when no mapping exists.
08-24 13:47:16.931 1151 2190 E DisplayDeviceConfig: requesting nits when no mapping exists.
08-24 13:47:16.947 1151 2190 E DisplayDeviceConfig: requesting nits when no mapping exists.
08-24 13:47:16.948 1151 2190 E DisplayDeviceConfig: requesting nits when no mapping exists.
08-24 13:47:16.964 1151 2190 E DisplayDeviceConfig: requesting nits when no mapping exists.
08-24 13:47:16.965 1151 2190 E DisplayDeviceConfig: requesting nits when no mapping exists.
08-24 13:47:16.981 1151 2190 E DisplayDeviceConfig: requesting nits when no mapping exists.
08-24 13:47:16.981 1151 2190 E DisplayDeviceConfig: requesting nits when no mapping exists.
08-24 13:47:18.055 6395 6395 F linker : CANNOT LINK EXECUTABLE "/vendor/bin/hw/qvrservice": library "vendor.qti.hardware.qxr-V1-ndk_platform.so" not found: needed by /vendor/lib64/libqvrservice.so in namespace (default)
08-24 13:47:18.063 6396 6396 F linker : CANNOT LINK EXECUTABLE "/vendor/bin/hw/sxrservice": library "vendor.qti.hardware.qxr-V1-ndk_platform.so" not found: needed by main executable
08-24 13:47:23.105 6557 6557 F linker : CANNOT LINK EXECUTABLE "/vendor/bin/hw/qvrservice": library "vendor.qti.hardware.qxr-V1-ndk_platform.so" not found: needed by /vendor/lib64/libqvrservice.so in namespace (default)
08-24 13:47:23.123 6558 6558 F linker : CANNOT LINK EXECUTABLE "/vendor/bin/hw/sxrservice": library "vendor.qti.hardware.qxr-V1-ndk_platform.so" not found: needed by main executable
08-24 13:47:28.149 6724 6724 F linker : CANNOT LINK EXECUTABLE "/vendor/bin/hw/qvrservice": library "vendor.qti.hardware.qxr-V1-ndk_platform.so" not found: needed by /vendor/lib64/libqvrservice.so in namespace (default)
08-24 13:47:28.217 6725 6725 F linker : CANNOT LINK EXECUTABLE "/vendor/bin/hw/sxrservice": library "vendor.qti.hardware.qxr-V1-ndk_platform.so" not found: needed by main executable
08-24 13:47:33.208 6896 6896 F linker : CANNOT LINK EXECUTABLE "/vendor/bin/hw/qvrservice": library "vendor.qti.hardware.qxr-V1-ndk_platform.so" not found: needed by /vendor/lib64/libqvrservice.so in namespace (default)
08-24 13:47:33.260 6897 6897 F linker : CANNOT LINK EXECUTABLE "/vendor/bin/hw/sxrservice": library "vendor.qti.hardware.qxr-V1-ndk_platform.so" not found: needed by main executable
08-24 13:47:38.267 7074 7074 F linker : CANNOT LINK EXECUTABLE "/vendor/bin/hw/qvrservice": library "vendor.qti.hardware.qxr-V1-ndk_platform.so" not found: needed by /vendor/lib64/libqvrservice.so in namespace (default)
08-24 13:47:38.304 7075 7075 F linker : CANNOT LINK EXECUTABLE "/vendor/bin/hw/sxrservice": library "vendor.qti.hardware.qxr-V1-ndk_platform.so" not found: needed by main executable
08-24 13:47:43.332 7257 7257 F linker : CANNOT LINK EXECUTABLE "/vendor/bin/hw/qvrservice": library "vendor.qti.hardware.qxr-V1-ndk_platform.so" not found: needed by /vendor/lib64/libqvrservice.so in namespace (default)
08-24 13:47:43.380 7258 7258 F linker : CANNOT LINK EXECUTABLE "/vendor/bin/hw/sxrservice": library "vendor.qti.hardware.qxr-V1-ndk_platform.so" not found: needed by main executable
08-24 13:47:48.388 7445 7445 F linker : CANNOT LINK EXECUTABLE "/vendor/bin/hw/qvrservice": library "vendor.qti.hardware.qxr-V1-ndk_platform.so" not found: needed by /vendor/lib64/libqvrservice.so in namespace (default)
08-24 13:47:48.440 7446 7446 F linker : CANNOT LINK EXECUTABLE "/vendor/bin/hw/sxrservice": library "vendor.qti.hardware.qxr-V1-ndk_platform.so" not found: needed by main executable
08-24 13:47:53.447 7639 7639 F linker : CANNOT LINK EXECUTABLE "/vendor/bin/hw/qvrservice": library "vendor.qti.hardware.qxr-V1-ndk_platform.so" not found: needed by /vendor/lib64/libqvrservice.so in namespace (default)
