08-24 13:45:07.130 1151 1151 D SystemServerTiming: OnBootPhase_520_com.android.server.timezonedetector.TimeZoneDetectorService$Lifecycle took to complete: 0ms
08-24 13:45:07.130 1151 1151 I SystemServerTiming: OnBootPhase_520_com.android.server.timezonedetector.location.LocationTimeZoneManagerService$Lifecycle
08-24 13:45:07.130 1151 1151 D SystemServerTiming: OnBootPhase_520_com.android.server.timezonedetector.location.LocationTimeZoneManagerService$Lifecycle took to complete: 0ms
08-24 13:45:07.130 1151 1151 I SystemServerTiming: OnBootPhase_520_com.android.server.search.SearchManagerService$Lifecycle
08-24 13:45:07.130 1151 1151 D SystemServerTiming: OnBootPhase_520_com.android.server.search.SearchManagerService$Lifecycle took to complete: 0ms
08-24 13:45:07.130 1151 1151 I SystemServerTiming: OnBootPhase_520_com.android.server.wallpaper.WallpaperManagerService$Lifecycle
08-24 13:45:07.130 1151 1151 D SystemServerTiming: OnBootPhase_520_com.android.server.wallpaper.WallpaperManagerService$Lifecycle took to complete: 0ms
08-24 13:45:07.130 1151 1151 I SystemServerTiming: OnBootPhase_520_com.android.server.audio.AudioService$Lifecycle
08-24 13:45:07.130 1151 1151 D SystemServerTiming: OnBootPhase_520_com.android.server.audio.AudioService$Lifecycle took to complete: 0ms
08-24 13:45:07.130 1151 1151 I SystemServerTiming: OnBootPhase_520_com.android.server.soundtrigger_middleware.SoundTriggerMiddlewareService$Lifecycle
08-24 13:45:07.130 1151 1151 D SystemServerTiming: OnBootPhase_520_com.android.server.soundtrigger_middleware.SoundTriggerMiddlewareService$Lifecycle took to complete: 0ms
08-24 13:45:07.130 1151 1151 I SystemServerTiming: OnBootPhase_520_com.android.server.DockObserver
08-24 13:45:07.130 1151 1151 D SystemServerTiming: OnBootPhase_520_com.android.server.DockObserver took to complete: 0ms
08-24 13:45:07.130 1151 1151 I SystemServerTiming: OnBootPhase_520_com.android.server.midi.MidiService$Lifecycle
08-24 13:45:07.130 1151 1151 D SystemServerTiming: OnBootPhase_520_com.android.server.midi.MidiService$Lifecycle took to complete: 0ms
08-24 13:45:07.130 1151 1151 I SystemServerTiming: OnBootPhase_520_com.android.server.adb.AdbService$Lifecycle
08-24 13:45:07.130 1151 1151 D SystemServerTiming: OnBootPhase_520_com.android.server.adb.AdbService$Lifecycle took to complete: 0ms
08-24 13:45:07.130 1151 1151 I SystemServerTiming: OnBootPhase_520_com.android.server.usb.UsbService$Lifecycle
08-24 13:45:07.131 1151 1151 D SystemServerTiming: OnBootPhase_520_com.android.server.usb.UsbService$Lifecycle took to complete: 0ms
08-24 13:45:07.131 1151 1151 I SystemServerTiming: OnBootPhase_520_com.android.server.twilight.TwilightService
08-24 13:45:07.131 1151 1151 D SystemServerTiming: OnBootPhase_520_com.android.server.twilight.TwilightService took to complete: 0ms
08-24 13:45:07.131 1151 1151 I SystemServerTiming: OnBootPhase_520_com.android.server.display.color.ColorDisplayService
08-24 13:45:07.131 1151 1151 D SystemServerTiming: OnBootPhase_520_com.android.server.display.color.ColorDisplayService took to complete: 0ms
08-24 13:45:07.131 1151 1151 I SystemServerTiming: OnBootPhase_520_com.android.server.job.JobSchedulerService
08-24 13:45:07.131 1151 1151 D SystemServerTiming: OnBootPhase_520_com.android.server.job.JobSchedulerService took to complete: 0ms
08-24 13:45:07.131 1151 1151 I SystemServerTiming: OnBootPhase_520_com.android.server.soundtrigger.SoundTriggerService
08-24 13:45:07.131 1151 1151 D SoundTriggerService: onBootPhase: 520 : false
08-24 13:45:07.131 1151 1151 D SystemServerTiming: OnBootPhase_520_com.android.server.soundtrigger.SoundTriggerService took to complete: 0ms
08-24 13:45:07.131 1151 1151 I SystemServerTiming: OnBootPhase_520_com.android.server.trust.TrustManagerService
08-24 13:45:07.131 1151 1151 D SystemServerTiming: OnBootPhase_520_com.android.server.trust.TrustManagerService took to complete: 0ms
08-24 13:45:07.131 1151 1151 I SystemServerTiming: OnBootPhase_520_com.android.server.backup.BackupManagerService$Lifecycle
08-24 13:45:07.131 1151 1151 D SystemServerTiming: OnBootPhase_520_com.android.server.backup.BackupManagerService$Lifecycle took to complete: 0ms
08-24 13:45:07.131 1151 1151 I SystemServerTiming: OnBootPhase_520_com.android.server.appwidget.AppWidgetService
08-24 13:45:07.131 1151 1151 D SystemServerTiming: OnBootPhase_520_com.android.server.appwidget.AppWidgetService took to complete: 0ms
08-24 13:45:07.131 1151 1151 I SystemServerTiming: OnBootPhase_520_com.android.server.voiceinteraction.VoiceInteractionManagerService
08-24 13:45:07.131 1151 1151 D SystemServerTiming: OnBootPhase_520_com.android.server.voiceinteraction.VoiceInteractionManagerService took to complete: 0ms
08-24 13:45:07.131 1151 1151 I SystemServerTiming: OnBootPhase_520_com.android.server.apphibernation.AppHibernationService
08-24 13:45:07.131 1151 1151 D SystemServerTiming: OnBootPhase_520_com.android.server.apphibernation.AppHibernationService took to complete: 0ms
08-24 13:45:07.131 1151 1151 I SystemServerTiming: OnBootPhase_520_com.android.server.GestureLauncherService
08-24 13:45:07.131 1151 1151 D SystemServerTiming: OnBootPhase_520_com.android.server.GestureLauncherService took to complete: 0ms
08-24 13:45:07.132 1151 1151 I SystemServerTiming: OnBootPhase_520_com.android.server.SensorNotificationService
08-24 13:45:07.132 1151 1151 D SystemServerTiming: OnBootPhase_520_com.android.server.SensorNotificationService took to complete: 0ms
08-24 13:45:07.132 1151 1151 I SystemServerTiming: OnBootPhase_520_com.android.server.emergency.EmergencyAffordanceService
08-24 13:45:07.132 1151 1151 D SystemServerTiming: OnBootPhase_520_com.android.server.emergency.EmergencyAffordanceService took to complete: 0ms
08-24 13:45:07.132 1151 1151 I SystemServerTiming: OnBootPhase_520_com.android.server.blob.BlobStoreManagerService
08-24 13:45:07.132 1151 1151 D SystemServerTiming: OnBootPhase_520_com.android.server.blob.BlobStoreManagerService took to complete: 0ms
08-24 13:45:07.132 1151 1151 I SystemServerTiming: OnBootPhase_520_com.android.server.dreams.DreamManagerService
08-24 13:45:07.132 1151 1151 D SystemServerTiming: OnBootPhase_520_com.android.server.dreams.DreamManagerService took to complete: 0ms
08-24 13:45:07.132 1151 1151 I SystemServerTiming: OnBootPhase_520_com.android.server.companion.CompanionDeviceManagerService
08-24 13:45:07.132 1151 1151 D SystemServerTiming: OnBootPhase_520_com.android.server.companion.CompanionDeviceManagerService took to complete: 0ms
08-24 13:45:07.132 1151 1151 I SystemServerTiming: OnBootPhase_520_com.android.server.restrictions.RestrictionsManagerService
08-24 13:45:07.132 1151 1151 D SystemServerTiming: OnBootPhase_520_com.android.server.restrictions.RestrictionsManagerService took to complete: 0ms
08-24 13:45:07.132 1151 1151 I SystemServerTiming: OnBootPhase_520_com.android.server.media.MediaSessionService
08-24 13:45:07.132 1151 1151 D SystemServerTiming: OnBootPhase_520_com.android.server.media.MediaSessionService took to complete: 0ms
08-24 13:45:07.132 1151 1151 I SystemServerTiming: OnBootPhase_520_com.android.server.media.MediaResourceMonitorService
08-24 13:45:07.132 1151 1151 D SystemServerTiming: OnBootPhase_520_com.android.server.media.MediaResourceMonitorService took to complete: 0ms
08-24 13:45:07.132 1151 1151 I SystemServerTiming: OnBootPhase_520_com.android.server.biometrics.sensors.fingerprint.FingerprintService
08-24 13:45:07.132 1151 1151 D SystemServerTiming: OnBootPhase_520_com.android.server.biometrics.sensors.fingerprint.FingerprintService took to complete: 0ms
08-24 13:45:07.132 1151 1151 I SystemServerTiming: OnBootPhase_520_com.android.server.biometrics.BiometricService
08-24 13:45:07.132 1151 1151 D SystemServerTiming: OnBootPhase_520_com.android.server.biometrics.BiometricService took to complete: 0ms
08-24 13:45:07.132 1151 1151 I SystemServerTiming: OnBootPhase_520_com.android.server.biometrics.AuthService
08-24 13:45:07.132 1151 1151 D SystemServerTiming: OnBootPhase_520_com.android.server.biometrics.AuthService took to complete: 0ms
08-24 13:45:07.132 1151 1151 I SystemServerTiming: OnBootPhase_520_com.android.server.pm.ShortcutService$Lifecycle
08-24 13:45:07.132 1151 1151 D SystemServerTiming: OnBootPhase_520_com.android.server.pm.ShortcutService$Lifecycle took to complete: 0ms
08-24 13:45:07.132 1151 1151 I SystemServerTiming: OnBootPhase_520_com.android.server.pm.LauncherAppsService
08-24 13:45:07.132 1151 1151 D SystemServerTiming: OnBootPhase_520_com.android.server.pm.LauncherAppsService took to complete: 0ms
08-24 13:45:07.132 1151 1151 I SystemServerTiming: OnBootPhase_520_com.android.server.pm.CrossProfileAppsService
08-24 13:45:07.132 1151 1151 D SystemServerTiming: OnBootPhase_520_com.android.server.pm.CrossProfileAppsService took to complete: 0ms
08-24 13:45:07.132 1151 1151 I SystemServerTiming: OnBootPhase_520_com.android.server.people.PeopleService
08-24 13:45:07.133 1151 1151 D SystemServerTiming: OnBootPhase_520_com.android.server.people.PeopleService took to complete: 0ms
08-24 13:45:07.133 1151 1151 I SystemServerTiming: OnBootPhase_520_com.android.server.media.metrics.MediaMetricsManagerService
08-24 13:45:07.133 1151 1151 D SystemServerTiming: OnBootPhase_520_com.android.server.media.metrics.MediaMetricsManagerService took to complete: 0ms
08-24 13:45:07.133 1151 1151 I SystemServerTiming: OnBootPhase_520_com.android.server.media.projection.MediaProjectionManagerService
08-24 13:45:07.133 1151 1151 D SystemServerTiming: OnBootPhase_520_com.android.server.media.projection.MediaProjectionManagerService took to complete: 0ms
08-24 13:45:07.133 1151 1151 I SystemServerTiming: OnBootPhase_520_com.android.server.slice.SliceManagerService$Lifecycle
08-24 13:45:07.133 1151 1151 D SystemServerTiming: OnBootPhase_520_com.android.server.slice.SliceManagerService$Lifecycle took to complete: 0ms
08-24 13:45:07.133 1151 1151 I SystemServerTiming: OnBootPhase_520_com.android.server.stats.StatsCompanion$Lifecycle
08-24 13:45:07.133 1151 1151 D SystemServerTiming: OnBootPhase_520_com.android.server.stats.StatsCompanion$Lifecycle took to complete: 0ms
08-24 13:45:07.133 1151 1151 I SystemServerTiming: OnBootPhase_520_com.android.server.scheduling.RebootReadinessManagerService$Lifecycle
08-24 13:45:07.133 1151 1151 D SystemServerTiming: OnBootPhase_520_com.android.server.scheduling.RebootReadinessManagerService$Lifecycle took to complete: 0ms
08-24 13:45:07.133 1151 1151 I SystemServerTiming: OnBootPhase_520_com.android.server.stats.pull.StatsPullAtomService
08-24 13:45:07.133 1151 1151 D SystemServerTiming: OnBootPhase_520_com.android.server.stats.pull.StatsPullAtomService took to complete: 0ms
08-24 13:45:07.133 1151 1151 I SystemServerTiming: OnBootPhase_520_com.android.server.incident.IncidentCompanionService
08-24 13:45:07.133 1151 1151 D SystemServerTiming: OnBootPhase_520_com.android.server.incident.IncidentCompanionService took to complete: 0ms
08-24 13:45:07.133 1151 1151 I SystemServerTiming: OnBootPhase_520_com.android.server.MmsServiceBroker
08-24 13:45:07.133 1151 1151 D SystemServerTiming: OnBootPhase_520_com.android.server.MmsServiceBroker took to complete: 0ms
08-24 13:45:07.133 1151 1151 I SystemServerTiming: OnBootPhase_520_com.android.server.autofill.AutofillManagerService
08-24 13:45:07.133 1151 1151 D SystemServerTiming: OnBootPhase_520_com.android.server.autofill.AutofillManagerService took to complete: 1ms
08-24 13:45:07.133 1151 1151 I SystemServerTiming: OnBootPhase_520_com.android.server.clipboard.ClipboardService
08-24 13:45:07.133 1151 1151 D SystemServerTiming: OnBootPhase_520_com.android.server.clipboard.ClipboardService took to complete: 0ms
08-24 13:45:07.133 1151 1151 I SystemServerTiming: OnBootPhase_520_com.android.server.appbinding.AppBindingService$Lifecycle
08-24 13:45:07.133 1151 1151 D SystemServerTiming: OnBootPhase_520_com.android.server.appbinding.AppBindingService$Lifecycle took to complete: 0ms
08-24 13:45:07.133 1151 1151 I SystemServerTiming: OnBootPhase_520_com.android.server.tracing.TracingServiceProxy
08-24 13:45:07.133 1151 1151 D SystemServerTiming: OnBootPhase_520_com.android.server.tracing.TracingServiceProxy took to complete: 0ms
08-24 13:45:07.134 1151 1151 I SystemServerTiming: OnBootPhase_520_com.android.server.policy.PermissionPolicyService
08-24 13:45:07.134 1151 1151 D SystemServerTiming: OnBootPhase_520_com.android.server.policy.PermissionPolicyService took to complete: 0ms
08-24 13:45:07.134 1151 1151 I SystemServerTiming: OnBootPhase_520_com.android.server.pm.StagingManager$Lifecycle
08-24 13:45:07.134 1151 1151 D SystemServerTiming: OnBootPhase_520_com.android.server.pm.StagingManager$Lifecycle took to complete: 0ms
08-24 13:45:07.134 1151 1151 I SystemServerTiming: OnBootPhase_520_com.android.server.app.GameManagerService$Lifecycle
08-24 13:45:07.134 1151 1151 D SystemServerTiming: OnBootPhase_520_com.android.server.app.GameManagerService$Lifecycle took to complete: 0ms
08-24 13:45:07.134 1151 1151 D SystemServerTiming: OnBootPhase_520 took to complete: 10ms
08-24 13:45:07.134 1151 1151 D SystemServerTiming: StartBootPhaseDeviceSpecificServicesReady took to complete: 10ms
08-24 13:45:07.134 1151 1151 I SystemServerTiming: AppSearchManagerService
08-24 13:45:07.135 1151 1151 I SystemServiceManager: Starting com.android.server.appsearch.AppSearchManagerService
08-24 13:45:07.139 1151 1151 D SystemServerTiming: AppSearchManagerService took to complete: 5ms
08-24 13:45:07.139 1151 1151 I SystemServerTiming: StartMediaCommunicationService
08-24 13:45:07.140 1151 1151 I SystemServiceManager: Starting com.android.server.media.MediaCommunicationService
08-24 13:45:07.141 1151 1151 D SystemServerTiming: StartMediaCommunicationService took to complete: 2ms
08-24 13:45:07.141 1151 1151 I SystemServerTiming: PhaseActivityManagerReady
08-24 13:45:07.141 1151 1151 I SystemServerTiming: controllersReady
08-24 13:45:07.143 1151 1815 I SystemServerTimingAsync: InitThreadPoolExec:Update app-ops uidState in case package android changed
08-24 13:45:07.143 1151 1815 D SystemServerInitThreadPool: Started executing Update app-ops uidState in case package android changed
08-24 13:45:07.143 1151 1151 D SystemServerTiming: controllersReady took to complete: 2ms
08-24 13:45:07.143 1151 1815 D SystemServerInitThreadPool: Finished executing Update app-ops uidState in case package android changed
08-24 13:45:07.144 1151 1815 D SystemServerTimingAsync: InitThreadPoolExec:Update app-ops uidState in case package android changed took to complete: 0ms
08-24 13:45:07.145 1151 1151 I SystemServerTiming: killProcesses
08-24 13:45:07.145 1151 1151 D SystemServerTiming: killProcesses took to complete: 0ms
08-24 13:45:07.145 1151 1151 I ActivityManager: System now ready
08-24 13:45:07.145 1151 1151 I SystemServerTiming: updateTopComponentForFactoryTest
08-24 13:45:07.145 1151 1151 D SystemServerTiming: updateTopComponentForFactoryTest took to complete: 1ms
08-24 13:45:07.145 1151 1151 I SystemServerTiming: registerActivityLaunchObserver
08-24 13:45:07.146 1151 1151 D SystemServerTiming: registerActivityLaunchObserver took to complete: 0ms
08-24 13:45:07.146 1151 1151 I SystemServerTiming: watchDeviceProvisioning
08-24 13:45:07.146 1151 1151 D SystemServerTiming: watchDeviceProvisioning took to complete: 0ms
08-24 13:45:07.146 1151 1151 I SystemServerTiming: retrieveSettings
08-24 13:45:07.148 1151 1151 I ActivityTaskManager: Config changes=10000000 {1.0 ?mcc?mnc [zh_CN] ldltr sw680dp w1586dp h608dp 240dpi lrg long land finger -keyb/h/h -nav/h winConfig={ mBounds=Rect(0, 0 - 2380, 1020) mAppBounds=Rect(0, 0 - 2380, 948) mMaxBounds=Rect(0, 0 - 2380, 1020) mWindowingMode=fullscreen mDisplayWindowingMode=fullscreen mActivityType=undefined mAlwaysOnTop=undefined mRotation=ROTATION_0} s.8 fontWeightAdjustment=0}
08-24 13:45:07.148 1151 1151 I WindowManager: Override config changes=10000000 {1.0 ?mcc?mnc [zh_CN] ldltr sw680dp w1586dp h608dp 240dpi lrg long land finger -keyb/h/h -nav/h winConfig={ mBounds=Rect(0, 0 - 2380, 1020) mAppBounds=Rect(0, 0 - 2380, 948) mMaxBounds=Rect(0, 0 - 2380, 1020) mWindowingMode=fullscreen mDisplayWindowingMode=fullscreen mActivityType=undefined mAlwaysOnTop=undefined mRotation=ROTATION_0} s.8 fontWeightAdjustment=0} for displayId=0
08-24 13:45:07.150 1151 1151 D SystemServerTiming: retrieveSettings took to complete: 4ms
08-24 13:45:07.150 1151 1151 I SystemServerTiming: Ugm.onSystemReady
08-24 13:45:07.150 1151 1151 D SystemServerTiming: Ugm.onSystemReady took to complete: 1ms
08-24 13:45:07.150 1151 1151 I SystemServerTiming: updateForceBackgroundCheck
08-24 13:45:07.150 1151 1151 D SystemServerTiming: updateForceBackgroundCheck took to complete: 0ms
08-24 13:45:07.151 1151 1151 I SystemServer: Making services ready
08-24 13:45:07.151 1151 1151 I SystemServerTiming: StartActivityManagerReadyPhase
08-24 13:45:07.151 1151 1151 I SystemServiceManager: Starting phase 550
08-24 13:45:07.151 1151 1151 I SystemServerTiming: OnBootPhase_550
08-24 13:45:07.151 1151 1151 I SystemServerTiming: OnBootPhase_550_com.android.server.security.FileIntegrityService
08-24 13:45:07.151 1151 1151 D SystemServerTiming: OnBootPhase_550_com.android.server.security.FileIntegrityService took to complete: 0ms
08-24 13:45:07.151 1151 1151 I SystemServerTiming: OnBootPhase_550_com.android.server.pm.Installer
08-24 13:45:07.151 1151 1151 D SystemServerTiming: OnBootPhase_550_com.android.server.pm.Installer took to complete: 0ms
08-24 13:45:07.151 1151 1151 I SystemServerTiming: OnBootPhase_550_com.android.server.os.DeviceIdentifiersPolicyService
08-24 13:45:07.151 1151 1151 D SystemServerTiming: OnBootPhase_550_com.android.server.os.DeviceIdentifiersPolicyService took to complete: 0ms
08-24 13:45:07.151 1151 1151 I SystemServerTiming: OnBootPhase_550_com.android.server.uri.UriGrantsManagerService$Lifecycle
08-24 13:45:07.151 1151 1151 D SystemServerTiming: OnBootPhase_550_com.android.server.uri.UriGrantsManagerService$Lifecycle took to complete: 0ms
08-24 13:45:07.151 1151 1151 I SystemServerTiming: OnBootPhase_550_com.android.server.powerstats.PowerStatsService
08-24 13:45:07.151 1151 1151 D SystemServerTiming: OnBootPhase_550_com.android.server.powerstats.PowerStatsService took to complete: 0ms
08-24 13:45:07.151 1151 1151 I SystemServerTiming: OnBootPhase_550_com.android.server.wm.ActivityTaskManagerService$Lifecycle
08-24 13:45:07.151 1151 1151 D SystemServerTiming: OnBootPhase_550_com.android.server.wm.ActivityTaskManagerService$Lifecycle took to complete: 0ms
08-24 13:45:07.151 1151 1151 I SystemServerTiming: OnBootPhase_550_com.android.server.am.ActivityManagerService$Lifecycle
08-24 13:45:07.152 1151 1151 D SystemServerTiming: OnBootPhase_550_com.android.server.am.ActivityManagerService$Lifecycle took to complete: 0ms
08-24 13:45:07.152 1151 1151 I SystemServerTiming: OnBootPhase_550_com.android.server.pm.DataLoaderManagerService
08-24 13:45:07.152 1151 1151 D SystemServerTiming: OnBootPhase_550_com.android.server.pm.DataLoaderManagerService took to complete: 0ms
08-24 13:45:07.152 1151 1151 I SystemServerTiming: OnBootPhase_550_com.android.server.power.PowerManagerService
08-24 13:45:07.152 1151 1151 D SystemServerTiming: OnBootPhase_550_com.android.server.power.PowerManagerService took to complete: 0ms
08-24 13:45:07.152 1151 1151 I SystemServerTiming: OnBootPhase_550_com.android.server.power.ThermalManagerService
08-24 13:45:07.154 1151 1151 I ThermalHalWrapper: Thermal HAL 2.0 service connected.
08-24 13:45:07.154 1151 1151 E ThermalHalWrapper: Couldn't get temperatures because of HAL error: ThermalHAL not initialized properly.
08-24 13:45:07.154 1151 1151 W ThermalManagerService: Thermal HAL reported invalid data, abort connection
08-24 13:45:07.155 1151 1151 E ThermalHalWrapper: Couldn't get temperature thresholds because of HAL error: ThermalHAL not initialized properly.
08-24 13:45:07.155 1151 1151 D SystemServerTiming: OnBootPhase_550_com.android.server.power.ThermalManagerService took to complete: 3ms
08-24 13:45:07.155 1151 1151 I SystemServerTiming: OnBootPhase_550_com.android.server.power.hint.HintManagerService
08-24 13:45:07.155 1151 1151 D SystemServerTiming: OnBootPhase_550_com.android.server.power.hint.HintManagerService took to complete: 0ms
08-24 13:45:07.155 1151 1151 I SystemServerTiming: OnBootPhase_550_com.android.server.recoverysystem.RecoverySystemService$Lifecycle
08-24 13:45:07.155 1151 1151 D SystemServerTiming: OnBootPhase_550_com.android.server.recoverysystem.RecoverySystemService$Lifecycle took to complete: 0ms
08-24 13:45:07.155 1151 1151 I SystemServerTiming: OnBootPhase_550_com.android.server.lights.LightsService
08-24 13:45:07.155 1151 1151 D SystemServerTiming: OnBootPhase_550_com.android.server.lights.LightsService took to complete: 0ms
08-24 13:45:07.155 1151 1151 I SystemServerTiming: OnBootPhase_550_com.android.server.display.DisplayManagerService
08-24 13:45:07.155 1151 1151 D SystemServerTiming: OnBootPhase_550_com.android.server.display.DisplayManagerService took to complete: 0ms
08-24 13:45:07.155 1151 1151 I SystemServerTiming: OnBootPhase_550_com.android.server.pm.verify.domain.DomainVerificationService
08-24 13:45:07.155 1151 1151 D SystemServerTiming: OnBootPhase_550_com.android.server.pm.verify.domain.DomainVerificationService took to complete: 0ms
08-24 13:45:07.155 1151 1151 I SystemServerTiming: OnBootPhase_550_com.android.server.pm.PackageInstallerService$Lifecycle
08-24 13:45:07.155 1151 1151 D SystemServerTiming: OnBootPhase_550_com.android.server.pm.PackageInstallerService$Lifecycle took to complete: 0ms
08-24 13:45:07.155 1151 1151 I SystemServerTiming: OnBootPhase_550_com.android.server.pm.UserManagerService$LifeCycle
08-24 13:45:07.155 1151 1151 D SystemServerTiming: OnBootPhase_550_com.android.server.pm.UserManagerService$LifeCycle took to complete: 0ms
08-24 13:45:07.155 1151 1151 I SystemServerTiming: OnBootPhase_550_com.android.server.om.OverlayManagerService
08-24 13:45:07.155 1151 1151 D SystemServerTiming: OnBootPhase_550_com.android.server.om.OverlayManagerService took to complete: 0ms
08-24 13:45:07.156 1151 1151 I SystemServerTiming: OnBootPhase_550_com.android.server.SensorPrivacyService
08-24 13:45:07.156 1151 1151 D SystemServerTiming: OnBootPhase_550_com.android.server.SensorPrivacyService took to complete: 0ms
08-24 13:45:07.156 1151 1151 I SystemServerTiming: OnBootPhase_550_com.android.server.sensors.SensorService
08-24 13:45:07.156 1151 1151 D SystemServerTiming: OnBootPhase_550_com.android.server.sensors.SensorService took to complete: 0ms
08-24 13:45:07.156 1151 1151 I SystemServerTiming: OnBootPhase_550_com.android.server.SystemConfigService
08-24 13:45:07.156 1151 1151 D SystemServerTiming: OnBootPhase_550_com.android.server.SystemConfigService took to complete: 0ms
08-24 13:45:07.156 1151 1151 I SystemServerTiming: OnBootPhase_550_com.android.server.BatteryService
08-24 13:45:07.156 1151 1151 D SystemServerTiming: OnBootPhase_550_com.android.server.BatteryService took to complete: 0ms
08-24 13:45:07.156 1151 1151 I SystemServerTiming: OnBootPhase_550_com.android.server.usage.UsageStatsService
08-24 13:45:07.156 1151 1151 D SystemServerTiming: OnBootPhase_550_com.android.server.usage.UsageStatsService took to complete: 0ms
08-24 13:45:07.156 1151 1151 I SystemServerTiming: OnBootPhase_550_com.android.server.webkit.WebViewUpdateService
08-24 13:45:07.156 1151 1151 D SystemServerTiming: OnBootPhase_550_com.android.server.webkit.WebViewUpdateService took to complete: 0ms
08-24 13:45:07.156 1151 1151 I SystemServerTiming: OnBootPhase_550_com.android.server.CachedDeviceStateService
08-24 13:45:07.156 1151 1151 D SystemServerTiming: OnBootPhase_550_com.android.server.CachedDeviceStateService took to complete: 0ms
08-24 13:45:07.156 1151 1151 I SystemServerTiming: OnBootPhase_550_com.android.server.BinderCallsStatsService$LifeCycle
08-24 13:45:07.156 1151 1151 D SystemServerTiming: OnBootPhase_550_com.android.server.BinderCallsStatsService$LifeCycle took to complete: 0ms
08-24 13:45:07.156 1151 1151 I SystemServerTiming: OnBootPhase_550_com.android.server.LooperStatsService$Lifecycle
08-24 13:45:07.156 1151 1151 D SystemServerTiming: OnBootPhase_550_com.android.server.LooperStatsService$Lifecycle took to complete: 0ms
08-24 13:45:07.156 1151 1151 I SystemServerTiming: OnBootPhase_550_com.android.server.rollback.RollbackManagerService
08-24 13:45:07.156 1151 1151 D SystemServerTiming: OnBootPhase_550_com.android.server.rollback.RollbackManagerService took to complete: 0ms
08-24 13:45:07.157 1151 1151 I SystemServerTiming: OnBootPhase_550_com.android.server.os.NativeTombstoneManagerService
08-24 13:45:07.157 1151 1151 D SystemServerTiming: OnBootPhase_550_com.android.server.os.NativeTombstoneManagerService took to complete: 0ms
08-24 13:45:07.157 1151 1151 I SystemServerTiming: OnBootPhase_550_com.android.server.os.BugreportManagerService
08-24 13:45:07.157 1151 1151 D SystemServerTiming: OnBootPhase_550_com.android.server.os.BugreportManagerService took to complete: 0ms
08-24 13:45:07.157 1151 1151 I SystemServerTiming: OnBootPhase_550_com.android.server.gpu.GpuService
08-24 13:45:07.157 1151 1151 D SystemServerTiming: OnBootPhase_550_com.android.server.gpu.GpuService took to complete: 0ms
08-24 13:45:07.157 1151 1151 I SystemServerTiming: OnBootPhase_550_com.android.server.security.KeyChainSystemService
08-24 13:45:07.157 1151 1151 D SystemServerTiming: OnBootPhase_550_com.android.server.security.KeyChainSystemService took to complete: 0ms
08-24 13:45:07.157 1151 1151 I SystemServerTiming: OnBootPhase_550_com.android.server.telecom.TelecomLoaderService
08-24 13:45:07.158 1151 1151 W ActivityManager: Too early to start/bind service in system_server: Phase=550 ComponentInfo{com.android.server.telecom/com.android.server.telecom.components.TelecomService}
08-24 13:45:07.159 1151 1151 D CompatibilityChangeReporter: Compat change id reported: 168419799; UID 1000; state: DISABLED
08-24 13:45:07.160 1151 1151 W ActivityManager: Too early to start/bind service in system_server: Phase=550 ComponentInfo{com.android.server.telecom/com.android.server.telecom.components.TelecomService}
08-24 13:45:07.160 1151 1151 D SystemServerTiming: OnBootPhase_550_com.android.server.telecom.TelecomLoaderService took to complete: 4ms
08-24 13:45:07.160 1151 1151 I SystemServerTiming: OnBootPhase_550_com.android.server.accounts.AccountManagerService$Lifecycle
08-24 13:45:07.160 1151 1151 D SystemServerTiming: OnBootPhase_550_com.android.server.accounts.AccountManagerService$Lifecycle took to complete: 0ms
08-24 13:45:07.160 1151 1151 I SystemServerTiming: OnBootPhase_550_com.android.server.content.ContentService$Lifecycle
08-24 13:45:07.161 1151 1151 D SystemServerTiming: OnBootPhase_550_com.android.server.content.ContentService$Lifecycle took to complete: 0ms
08-24 13:45:07.161 1151 1151 I SystemServerTiming: OnBootPhase_550_com.android.server.DropBoxManagerService
08-24 13:45:07.161 1151 1151 D SystemServerTiming: OnBootPhase_550_com.android.server.DropBoxManagerService took to complete: 0ms
08-24 13:45:07.161 1151 1151 I SystemServerTiming: OnBootPhase_550_com.android.role.RoleService
08-24 13:45:07.161 1151 1151 D SystemServerTiming: OnBootPhase_550_com.android.role.RoleService took to complete: 0ms
08-24 13:45:07.161 1151 1151 I SystemServerTiming: OnBootPhase_550_com.android.server.vibrator.VibratorManagerService$Lifecycle
08-24 13:45:07.161 1151 1151 D SystemServerTiming: OnBootPhase_550_com.android.server.vibrator.VibratorManagerService$Lifecycle took to complete: 0ms
08-24 13:45:07.161 1151 1151 I SystemServerTiming: OnBootPhase_550_com.android.server.alarm.AlarmManagerService
08-24 13:45:07.161 1151 1151 D SystemServerTiming: OnBootPhase_550_com.android.server.alarm.AlarmManagerService took to complete: 0ms
08-24 13:45:07.161 1151 1151 I SystemServerTiming: OnBootPhase_550_com.android.server.devicestate.DeviceStateManagerService
08-24 13:45:07.161 1151 1151 D SystemServerTiming: OnBootPhase_550_com.android.server.devicestate.DeviceStateManagerService took to complete: 0ms
08-24 13:45:07.161 1151 1151 I SystemServerTiming: OnBootPhase_550_com.android.server.camera.CameraServiceProxy
08-24 13:45:07.161 1151 1151 D SystemServerTiming: OnBootPhase_550_com.android.server.camera.CameraServiceProxy took to complete: 0ms
08-24 13:45:07.161 1151 1151 I SystemServerTiming: OnBootPhase_550_com.android.server.BluetoothService
08-24 13:45:07.161 1151 1151 D BluetoothManagerService: Bluetooth boot completed
08-24 13:45:07.161 1151 1151 D BluetoothManagerService: Auto-enabling Bluetooth.
08-24 13:45:07.161 1151 1691 D BluetoothManagerService: MESSAGE_ENABLE(0): mBluetooth = null
08-24 13:45:07.162 1151 1691 D BluetoothManagerService: MESSAGE_ENABLE: handleEnable
08-24 13:45:07.162 1151 1691 D BluetoothManagerService: binding Bluetooth service
08-24 13:45:07.164 1151 1691 D CompatibilityChangeReporter: Compat change id reported: 135634846; UID 1002; state: DISABLED
08-24 13:45:07.164 1151 1691 D CompatibilityChangeReporter: Compat change id reported: 177438394; UID 1002; state: DISABLED
08-24 13:45:07.164 1151 1691 D CompatibilityChangeReporter: Compat change id reported: 135772972; UID 1002; state: DISABLED
08-24 13:45:07.164 1151 1691 D CompatibilityChangeReporter: Compat change id reported: 135754954; UID 1002; state: ENABLED
08-24 13:45:07.165 1151 1704 W ActivityManager: com.android.bluetooth inode == 0 (b/152760674)
08-24 13:45:07.165 1151 1691 D BluetoothManagerService: Binding BT service. Current user: 0
08-24 13:45:07.166 1151 1151 D SystemServerTiming: OnBootPhase_550_com.android.server.BluetoothService took to complete: 4ms
08-24 13:45:07.166 1151 1151 I SystemServerTiming: OnBootPhase_550_com.android.server.connectivity.IpConnectivityMetrics
08-24 13:45:07.166 1151 1151 D SystemServerTiming: OnBootPhase_550_com.android.server.connectivity.IpConnectivityMetrics took to complete: 0ms
08-24 13:45:07.166 1151 1151 I SystemServerTiming: OnBootPhase_550_com.android.server.net.watchlist.NetworkWatchlistService$Lifecycle
08-24 13:45:07.168 1151 1151 D SystemServerTiming: OnBootPhase_550_com.android.server.net.watchlist.NetworkWatchlistService$Lifecycle took to complete: 2ms
08-24 13:45:07.168 1151 1151 I SystemServerTiming: OnBootPhase_550_com.android.server.PinnerService
08-24 13:45:07.168 1151 1151 D SystemServerTiming: OnBootPhase_550_com.android.server.PinnerService took to complete: 0ms
08-24 13:45:07.168 1151 1151 I SystemServerTiming: OnBootPhase_550_com.google.android.startop.iorap.IorapForwardingService
08-24 13:45:07.168 1151 1151 D SystemServerTiming: OnBootPhase_550_com.google.android.startop.iorap.IorapForwardingService took to complete: 0ms
08-24 13:45:07.168 1151 1151 I SystemServerTiming: OnBootPhase_550_com.android.server.ActivityTriggerService
08-24 13:45:07.168 1151 1151 D SystemServerTiming: OnBootPhase_550_com.android.server.ActivityTriggerService took to complete: 0ms
08-24 13:45:07.168 1151 1151 I SystemServerTiming: OnBootPhase_550_com.android.server.integrity.AppIntegrityManagerService
08-24 13:45:07.168 1151 1151 D SystemServerTiming: OnBootPhase_550_com.android.server.integrity.AppIntegrityManagerService took to complete: 0ms
08-24 13:45:07.168 1151 1151 I SystemServerTiming: OnBootPhase_550_com.android.server.inputmethod.InputMethodManagerService$Lifecycle
08-24 13:45:07.199 1151 1704 I ActivityManager: Start proc 2194:com.android.bluetooth/1002 for service {com.android.bluetooth/com.android.bluetooth.btservice.AdapterService}
08-24 13:45:07.202 1151 1151 D SystemServerTiming: OnBootPhase_550_com.android.server.inputmethod.InputMethodManagerService$Lifecycle took to complete: 33ms
08-24 13:45:07.202 1151 1151 I SystemServerTiming: OnBootPhase_550_com.android.server.accessibility.AccessibilityManagerService$Lifecycle
08-24 13:45:07.202 1151 1151 D SystemServerTiming: OnBootPhase_550_com.android.server.accessibility.AccessibilityManagerService$Lifecycle took to complete: 0ms
08-24 13:45:07.202 1151 1151 I SystemServerTiming: OnBootPhase_550_com.android.server.StorageManagerService$Lifecycle
08-24 13:45:07.202 1151 1151 D SystemServerTiming: OnBootPhase_550_com.android.server.StorageManagerService$Lifecycle took to complete: 0ms
08-24 13:45:07.202 1151 1151 I SystemServerTiming: OnBootPhase_550_com.android.server.usage.StorageStatsService$Lifecycle
08-24 13:45:07.202 1151 1151 D SystemServerTiming: OnBootPhase_550_com.android.server.usage.StorageStatsService$Lifecycle took to complete: 0ms
08-24 13:45:07.202 1151 1151 I SystemServerTiming: OnBootPhase_550_com.android.server.UiModeManagerService
08-24 13:45:07.202 1151 1151 D SystemServerTiming: OnBootPhase_550_com.android.server.UiModeManagerService took to complete: 0ms
08-24 13:45:07.202 1151 1151 I SystemServerTiming: OnBootPhase_550_com.android.server.locksettings.LockSettingsService$Lifecycle
08-24 13:45:07.218 1151 1151 I LockSettingsService: Migrated migrated_frp.
08-24 13:45:07.218 1151 1151 I RebootEscrowManager: No reboot escrow data found for users, skipping loading escrow data
08-24 13:45:07.220 1151 1151 D SystemServerTiming: OnBootPhase_550_com.android.server.locksettings.LockSettingsService$Lifecycle took to complete: 17ms
08-24 13:45:07.220 1151 1151 I SystemServerTiming: OnBootPhase_550_com.android.server.PersistentDataBlockService
08-24 13:45:07.220 1151 1151 D SystemServerTiming: OnBootPhase_550_com.android.server.PersistentDataBlockService took to complete: 0ms
08-24 13:45:07.220 1151 1151 I SystemServerTiming: OnBootPhase_550_com.android.server.testharness.TestHarnessModeService
08-24 13:45:07.220 1151 1151 D SystemServerTiming: OnBootPhase_550_com.android.server.testharness.TestHarnessModeService took to complete: 0ms
08-24 13:45:07.220 1151 1151 I SystemServerTiming: OnBootPhase_550_com.android.server.oemlock.OemLockService
08-24 13:45:07.220 1151 1151 D SystemServerTiming: OnBootPhase_550_com.android.server.oemlock.OemLockService took to complete: 0ms
08-24 13:45:07.220 1151 1151 I SystemServerTiming: OnBootPhase_550_com.android.server.DeviceIdleController
08-24 13:45:07.220 1151 1151 D SystemServerTiming: OnBootPhase_550_com.android.server.DeviceIdleController took to complete: 0ms
08-24 13:45:07.220 1151 1151 I SystemServerTiming: OnBootPhase_550_com.android.server.devicepolicy.DevicePolicyManagerService$Lifecycle
08-24 13:45:07.220 1151 1151 D SystemServerTiming: OnBootPhase_550_com.android.server.devicepolicy.DevicePolicyManagerService$Lifecycle took to complete: 0ms
08-24 13:45:07.220 1151 1151 I SystemServerTiming: OnBootPhase_550_com.android.server.texttospeech.TextToSpeechManagerService
08-24 13:45:07.221 1151 1151 D SystemServerTiming: OnBootPhase_550_com.android.server.texttospeech.TextToSpeechManagerService took to complete: 0ms
08-24 13:45:07.221 1151 1151 I SystemServerTiming: OnBootPhase_550_com.android.server.speech.SpeechRecognitionManagerService
08-24 13:45:07.221 1151 1151 D SystemServerTiming: OnBootPhase_550_com.android.server.speech.SpeechRecognitionManagerService took to complete: 0ms
08-24 13:45:07.221 1151 1151 I SystemServerTiming: OnBootPhase_550_com.android.server.searchui.SearchUiManagerService
08-24 13:45:07.221 1151 1151 D SystemServerTiming: OnBootPhase_550_com.android.server.searchui.SearchUiManagerService took to complete: 0ms
08-24 13:45:07.221 1151 1151 I SystemServerTiming: OnBootPhase_550_com.android.server.smartspace.SmartspaceManagerService
08-24 13:45:07.221 1151 1151 D SystemServerTiming: OnBootPhase_550_com.android.server.smartspace.SmartspaceManagerService took to complete: 0ms
08-24 13:45:07.221 1151 1151 I SystemServerTiming: OnBootPhase_550_com.android.server.graphics.fonts.FontManagerService$Lifecycle
08-24 13:45:07.221 1151 1151 D SystemServerTiming: OnBootPhase_550_com.android.server.graphics.fonts.FontManagerService$Lifecycle took to complete: 0ms
08-24 13:45:07.221 1151 1151 I SystemServerTiming: OnBootPhase_550_com.android.server.textservices.TextServicesManagerService$Lifecycle
08-24 13:45:07.221 1151 1151 D SystemServerTiming: OnBootPhase_550_com.android.server.textservices.TextServicesManagerService$Lifecycle took to complete: 0ms
08-24 13:45:07.221 1151 1151 I SystemServerTiming: OnBootPhase_550_com.android.server.textclassifier.TextClassificationManagerService$Lifecycle
08-24 13:45:07.221 1151 1151 D SystemServerTiming: OnBootPhase_550_com.android.server.textclassifier.TextClassificationManagerService$Lifecycle took to complete: 0ms
08-24 13:45:07.221 1151 1151 I SystemServerTiming: OnBootPhase_550_com.android.server.NetworkScoreService$Lifecycle
08-24 13:45:07.221 1151 1151 D SystemServerTiming: OnBootPhase_550_com.android.server.NetworkScoreService$Lifecycle took to complete: 0ms
08-24 13:45:07.221 1151 1151 I SystemServerTiming: OnBootPhase_550_com.android.server.wifi.WifiService
08-24 13:45:07.221 1151 1151 D SystemServerTiming: OnBootPhase_550_com.android.server.wifi.WifiService took to complete: 0ms
08-24 13:45:07.221 1151 1151 I SystemServerTiming: OnBootPhase_550_com.android.server.wifi.scanner.WifiScanningService
08-24 13:45:07.221 1151 1151 D SystemServerTiming: OnBootPhase_550_com.android.server.wifi.scanner.WifiScanningService took to complete: 0ms
08-24 13:45:07.221 1151 1151 I SystemServerTiming: OnBootPhase_550_com.android.server.wifi.rtt.RttService
08-24 13:45:07.221 1151 1151 D SystemServerTiming: OnBootPhase_550_com.android.server.wifi.rtt.RttService took to complete: 0ms
08-24 13:45:07.221 1151 1151 I SystemServerTiming: OnBootPhase_550_com.android.server.wifi.aware.WifiAwareService
08-24 13:45:07.221 1151 1151 D SystemServerTiming: OnBootPhase_550_com.android.server.wifi.aware.WifiAwareService took to complete: 0ms
08-24 13:45:07.221 1151 1151 I SystemServerTiming: OnBootPhase_550_com.android.server.wifi.p2p.WifiP2pService
08-24 13:45:07.222 1151 1151 D SystemServerTiming: OnBootPhase_550_com.android.server.wifi.p2p.WifiP2pService took to complete: 0ms
08-24 13:45:07.222 1151 1151 I SystemServerTiming: OnBootPhase_550_com.android.server.ethernet.EthernetService
08-24 13:45:07.222 1151 1151 D SystemServerTiming: OnBootPhase_550_com.android.server.ethernet.EthernetService took to complete: 0ms
08-24 13:45:07.222 1151 1151 I SystemServerTiming: OnBootPhase_550_com.android.server.ConnectivityServiceInitializer
08-24 13:45:07.222 1151 1151 D SystemServerTiming: OnBootPhase_550_com.android.server.ConnectivityServiceInitializer took to complete: 0ms
08-24 13:45:07.222 1151 1151 I SystemServerTiming: OnBootPhase_550_com.android.server.notification.NotificationManagerService
08-24 13:45:07.222 1151 1151 D SystemServerTiming: OnBootPhase_550_com.android.server.notification.NotificationManagerService took to complete: 0ms
08-24 13:45:07.222 1151 1151 I SystemServerTiming: OnBootPhase_550_com.android.server.storage.DeviceStorageMonitorService
08-24 13:45:07.222 1151 1151 D SystemServerTiming: OnBootPhase_550_com.android.server.storage.DeviceStorageMonitorService took to complete: 0ms
08-24 13:45:07.222 1151 1151 I SystemServerTiming: OnBootPhase_550_com.android.server.location.LocationManagerService$Lifecycle
08-24 13:45:07.222 1151 1151 D SystemServerTiming: OnBootPhase_550_com.android.server.location.LocationManagerService$Lifecycle took to complete: 0ms
08-24 13:45:07.222 1151 1151 I SystemServerTiming: OnBootPhase_550_com.android.server.timedetector.TimeDetectorService$Lifecycle
08-24 13:45:07.222 1151 1151 D SystemServerTiming: OnBootPhase_550_com.android.server.timedetector.TimeDetectorService$Lifecycle took to complete: 0ms
08-24 13:45:07.222 1151 1151 I SystemServerTiming: OnBootPhase_550_com.android.server.timezonedetector.TimeZoneDetectorService$Lifecycle
08-24 13:45:07.222 1151 1151 D SystemServerTiming: OnBootPhase_550_com.android.server.timezonedetector.TimeZoneDetectorService$Lifecycle took to complete: 0ms
08-24 13:45:07.222 1151 1151 I SystemServerTiming: OnBootPhase_550_com.android.server.timezonedetector.location.LocationTimeZoneManagerService$Lifecycle
08-24 13:45:07.222 1151 1151 D SystemServerTiming: OnBootPhase_550_com.android.server.timezonedetector.location.LocationTimeZoneManagerService$Lifecycle took to complete: 0ms
08-24 13:45:07.222 1151 1151 I SystemServerTiming: OnBootPhase_550_com.android.server.search.SearchManagerService$Lifecycle
08-24 13:45:07.222 1151 1151 D SystemServerTiming: OnBootPhase_550_com.android.server.search.SearchManagerService$Lifecycle took to complete: 0ms
08-24 13:45:07.222 1151 1151 I SystemServerTiming: OnBootPhase_550_com.android.server.wallpaper.WallpaperManagerService$Lifecycle
08-24 13:45:07.223 1151 1151 I WallpaperManagerService: No static wallpaper imagery; defaults will be shown
08-24 13:45:07.223 1151 1151 V WallpaperManagerService: bindWallpaperComponentLocked: componentName=ComponentInfo{com.android.systemui/com.android.systemui.ImageWallpaper}
08-24 13:45:07.227 1151 1151 D CompatibilityChangeReporter: Compat change id reported: 135634846; UID 10087; state: DISABLED
08-24 13:45:07.227 1151 1151 D CompatibilityChangeReporter: Compat change id reported: 177438394; UID 10087; state: DISABLED
08-24 13:45:07.227 1151 1151 D CompatibilityChangeReporter: Compat change id reported: 135772972; UID 10087; state: DISABLED
08-24 13:45:07.227 1151 1151 D CompatibilityChangeReporter: Compat change id reported: 135754954; UID 10087; state: ENABLED
08-24 13:45:07.227 1151 1704 D CompatibilityChangeReporter: Compat change id reported: 143937733; UID 10087; state: ENABLED
08-24 13:45:07.227 1151 1151 W WallpaperManagerService: no current wallpaper -- first boot?
08-24 13:45:07.228 1151 1704 W ActivityManager: com.android.systemui inode == 0 (b/152760674)
08-24 13:45:07.228 1151 1151 D SystemServerTiming: OnBootPhase_550_com.android.server.wallpaper.WallpaperManagerService$Lifecycle took to complete: 5ms
08-24 13:45:07.228 1151 1151 I SystemServerTiming: OnBootPhase_550_com.android.server.audio.AudioService$Lifecycle
08-24 13:45:07.228 1151 1151 D SystemServerTiming: OnBootPhase_550_com.android.server.audio.AudioService$Lifecycle took to complete: 0ms
08-24 13:45:07.228 1151 1151 I SystemServerTiming: OnBootPhase_550_com.android.server.soundtrigger_middleware.SoundTriggerMiddlewareService$Lifecycle
08-24 13:45:07.228 1151 1151 D SystemServerTiming: OnBootPhase_550_com.android.server.soundtrigger_middleware.SoundTriggerMiddlewareService$Lifecycle took to complete: 0ms
08-24 13:45:07.228 1151 1151 I SystemServerTiming: OnBootPhase_550_com.android.server.DockObserver
08-24 13:45:07.228 1151 1151 D SystemServerTiming: OnBootPhase_550_com.android.server.DockObserver took to complete: 0ms
08-24 13:45:07.228 1151 1151 I SystemServerTiming: OnBootPhase_550_com.android.server.midi.MidiService$Lifecycle
08-24 13:45:07.228 1151 1151 D SystemServerTiming: OnBootPhase_550_com.android.server.midi.MidiService$Lifecycle took to complete: 0ms
08-24 13:45:07.228 1151 1151 I SystemServerTiming: OnBootPhase_550_com.android.server.adb.AdbService$Lifecycle
08-24 13:45:07.229 1151 1151 D SystemServerTiming: OnBootPhase_550_com.android.server.adb.AdbService$Lifecycle took to complete: 2ms
08-24 13:45:07.229 1151 1151 I SystemServerTiming: OnBootPhase_550_com.android.server.usb.UsbService$Lifecycle
08-24 13:45:07.229 1151 1151 D SystemServerTiming: OnBootPhase_550_com.android.server.usb.UsbService$Lifecycle took to complete: 0ms
08-24 13:45:07.229 1151 1151 I SystemServerTiming: OnBootPhase_550_com.android.server.twilight.TwilightService
08-24 13:45:07.229 1151 1151 D SystemServerTiming: OnBootPhase_550_com.android.server.twilight.TwilightService took to complete: 0ms
08-24 13:45:07.229 1151 1151 I SystemServerTiming: OnBootPhase_550_com.android.server.display.color.ColorDisplayService
08-24 13:45:07.230 1151 1858 I SystemServerTimingAsync: InitThreadPoolExec:UsbService$Lifecycle#onBootPhase
08-24 13:45:07.230 1151 1151 D SystemServerTiming: OnBootPhase_550_com.android.server.display.color.ColorDisplayService took to complete: 0ms
08-24 13:45:07.230 1151 1151 I SystemServerTiming: OnBootPhase_550_com.android.server.job.JobSchedulerService
08-24 13:45:07.230 1151 1858 D SystemServerInitThreadPool: Started executing UsbService$Lifecycle#onBootPhase
08-24 13:45:07.230 1151 1151 D SystemServerTiming: OnBootPhase_550_com.android.server.job.JobSchedulerService took to complete: 0ms
08-24 13:45:07.230 1151 1151 I SystemServerTiming: OnBootPhase_550_com.android.server.soundtrigger.SoundTriggerService
08-24 13:45:07.230 1151 1151 D SoundTriggerService: onBootPhase: 550 : false
08-24 13:45:07.230 1151 1151 D SystemServerTiming: OnBootPhase_550_com.android.server.soundtrigger.SoundTriggerService took to complete: 0ms
08-24 13:45:07.230 1151 1151 I SystemServerTiming: OnBootPhase_550_com.android.server.trust.TrustManagerService
08-24 13:45:07.230 1151 1151 D SystemServerTiming: OnBootPhase_550_com.android.server.trust.TrustManagerService took to complete: 0ms
08-24 13:45:07.230 1151 1151 I SystemServerTiming: OnBootPhase_550_com.android.server.backup.BackupManagerService$Lifecycle
08-24 13:45:07.230 1151 1151 D SystemServerTiming: OnBootPhase_550_com.android.server.backup.BackupManagerService$Lifecycle took to complete: 0ms
08-24 13:45:07.230 1151 1151 I SystemServerTiming: OnBootPhase_550_com.android.server.appwidget.AppWidgetService
08-24 13:45:07.230 1151 1151 D SystemServerTiming: OnBootPhase_550_com.android.server.appwidget.AppWidgetService took to complete: 0ms
08-24 13:45:07.230 1151 1151 I SystemServerTiming: OnBootPhase_550_com.android.server.voiceinteraction.VoiceInteractionManagerService
08-24 13:45:07.230 1151 1151 D SystemServerTiming: OnBootPhase_550_com.android.server.voiceinteraction.VoiceInteractionManagerService took to complete: 0ms
08-24 13:45:07.230 1151 1151 I SystemServerTiming: OnBootPhase_550_com.android.server.apphibernation.AppHibernationService
08-24 13:45:07.230 1151 1151 D SystemServerTiming: OnBootPhase_550_com.android.server.apphibernation.AppHibernationService took to complete: 0ms
08-24 13:45:07.230 1151 1151 I SystemServerTiming: OnBootPhase_550_com.android.server.GestureLauncherService
08-24 13:45:07.230 1151 1151 D SystemServerTiming: OnBootPhase_550_com.android.server.GestureLauncherService took to complete: 0ms
08-24 13:45:07.231 1151 1151 I SystemServerTiming: OnBootPhase_550_com.android.server.SensorNotificationService
08-24 13:45:07.231 1151 1151 D SystemServerTiming: OnBootPhase_550_com.android.server.SensorNotificationService took to complete: 0ms
08-24 13:45:07.231 1151 1151 I SystemServerTiming: OnBootPhase_550_com.android.server.emergency.EmergencyAffordanceService
08-24 13:45:07.231 1151 1151 D SystemServerTiming: OnBootPhase_550_com.android.server.emergency.EmergencyAffordanceService took to complete: 0ms
08-24 13:45:07.231 1151 1151 I SystemServerTiming: OnBootPhase_550_com.android.server.blob.BlobStoreManagerService
08-24 13:45:07.231 1151 1151 D SystemServerTiming: OnBootPhase_550_com.android.server.blob.BlobStoreManagerService took to complete: 0ms
08-24 13:45:07.231 1151 1151 I SystemServerTiming: OnBootPhase_550_com.android.server.dreams.DreamManagerService
08-24 13:45:07.231 1151 1151 D SystemServerTiming: OnBootPhase_550_com.android.server.dreams.DreamManagerService took to complete: 0ms
08-24 13:45:07.231 1151 1151 I SystemServerTiming: OnBootPhase_550_com.android.server.companion.CompanionDeviceManagerService
08-24 13:45:07.231 1151 1151 D SystemServerTiming: OnBootPhase_550_com.android.server.companion.CompanionDeviceManagerService took to complete: 0ms
08-24 13:45:07.231 1151 1151 I SystemServerTiming: OnBootPhase_550_com.android.server.restrictions.RestrictionsManagerService
08-24 13:45:07.231 1151 1151 D SystemServerTiming: OnBootPhase_550_com.android.server.restrictions.RestrictionsManagerService took to complete: 0ms
08-24 13:45:07.231 1151 1151 I SystemServerTiming: OnBootPhase_550_com.android.server.media.MediaSessionService
08-24 13:45:07.232 1151 1858 D SystemServerInitThreadPool: Finished executing UsbService$Lifecycle#onBootPhase
08-24 13:45:07.232 1151 1858 D SystemServerTimingAsync: InitThreadPoolExec:UsbService$Lifecycle#onBootPhase took to complete: 2ms
08-24 13:45:07.232 1151 1151 D SystemServerTiming: OnBootPhase_550_com.android.server.media.MediaSessionService took to complete: 0ms
08-24 13:45:07.232 1151 1151 I SystemServerTiming: OnBootPhase_550_com.android.server.media.MediaResourceMonitorService
08-24 13:45:07.232 1151 1151 D SystemServerTiming: OnBootPhase_550_com.android.server.media.MediaResourceMonitorService took to complete: 0ms
08-24 13:45:07.232 1151 1151 I SystemServerTiming: OnBootPhase_550_com.android.server.biometrics.sensors.fingerprint.FingerprintService
08-24 13:45:07.232 1151 1151 D SystemServerTiming: OnBootPhase_550_com.android.server.biometrics.sensors.fingerprint.FingerprintService took to complete: 0ms
08-24 13:45:07.232 1151 1151 I SystemServerTiming: OnBootPhase_550_com.android.server.biometrics.BiometricService
08-24 13:45:07.233 1151 1151 D SystemServerTiming: OnBootPhase_550_com.android.server.biometrics.BiometricService took to complete: 0ms
08-24 13:45:07.233 1151 1151 I SystemServerTiming: OnBootPhase_550_com.android.server.biometrics.AuthService
08-24 13:45:07.233 1151 1151 D SystemServerTiming: OnBootPhase_550_com.android.server.biometrics.AuthService took to complete: 0ms
08-24 13:45:07.233 1151 1151 I SystemServerTiming: OnBootPhase_550_com.android.server.pm.ShortcutService$Lifecycle
08-24 13:45:07.233 1151 1151 D SystemServerTiming: OnBootPhase_550_com.android.server.pm.ShortcutService$Lifecycle took to complete: 0ms
08-24 13:45:07.233 1151 2156 W BluetoothManagerService: bindBluetoothProfileService:Trying to bind to profile: 1, while Bluetooth is disabled
08-24 13:45:07.233 1151 1868 I UsbPortManager: ClientCallback V1_2:
08-24 13:45:07.235 1151 1151 I SystemServerTiming: OnBootPhase_550_com.android.server.pm.LauncherAppsService
08-24 13:45:07.235 1151 1151 D SystemServerTiming: OnBootPhase_550_com.android.server.pm.LauncherAppsService took to complete: 0ms
