--------- beginning of system
01-01 01:30:00.690 560 575 I QISL : QSEE Interrupt Service Listener Thread is started
01-01 01:30:00.691 560 575 I QISL : QSEE Interrupt Service Listener was activated successfully
01-01 01:30:00.693 560 560 D SPL : Call QSEECom_register_listener()
01-01 01:30:00.694 560 560 D SPL : Registered listener sucessfully!
01-01 01:30:00.694 560 560 D SPL : pipe read-fd [32] write-fd [33]
01-01 01:30:00.694 560 560 D SPL : Create thread
01-01 01:30:00.695 560 560 D SPL : Thread created sucessfully.
01-01 01:30:00.695 560 576 D SPL : spl_dispatch() started
01-01 01:30:00.695 560 576 D SPL : ==== Wait For Request ======
01-01 01:30:00.703 562 562 I vold : Vold 3.0 (the awakening) firing up
01-01 01:30:00.703 562 562 D vold : Detected support for: ext4 f2fs vfat
01-01 01:30:00.708 562 562 D vold : Found unmanaged dm device named system_ext_a
01-01 01:30:00.708 562 562 D vold : Found unmanaged dm device named odm_a
01-01 01:30:00.708 562 562 D vold : Found unmanaged dm device named system_a
01-01 01:30:00.709 562 562 D vold : Found unmanaged dm device named vendor-verity
01-01 01:30:00.709 562 562 D vold : Found unmanaged dm device named vendor_a
01-01 01:30:00.709 562 562 D vold : Found unmanaged dm device named system_ext-verity
01-01 01:30:00.709 562 562 D vold : Found unmanaged dm device named odm-verity
01-01 01:30:00.709 562 562 D vold : Found unmanaged dm device named product-verity
01-01 01:30:00.709 562 562 D vold : Found unmanaged dm device named system-verity
01-01 01:30:00.709 562 562 D vold : Found unmanaged dm device named product_a
01-01 01:30:00.711 562 562 I vold : [libfs_mgr]dt_fstab: Skip disabled entry for partition vendor
01-01 01:30:00.721 562 562 D vold : VoldNativeService::start() completed OK
01-01 01:30:01.074 587 587 D spdaemon: Firmware Name [spss2p].
01-01 01:30:01.074 587 587 D spdaemon: Prod FW.
01-01 01:30:01.074 587 587 D spdaemon: firmware_type [p].
01-01 01:30:01.075 587 587 D spdaemon: open() file [/sys/devices/soc0/machine] Failed, ret =-1.
01-01 01:30:01.075 587 587 D spdaemon: soc_type 1048576
01-01 01:30:01.075 587 587 E iardb : [iar_db_get_iar_state] failed to open file /mnt/vendor/spunvm/iar_db/iar_state.bin [13] [Permission denied]
01-01 01:30:01.075 587 587 D iarlib : [iar_get_state] Can't get iar_state, return DISABLED
01-01 01:30:01.075 587 587 I spdaemon: IAR is not activated
01-01 01:30:01.075 587 587 D spdaemon: ------ going to start SP From kernel ------
01-01 01:30:01.075 587 587 I spcomlib: [spcom_restart_sp_subsystem] restart_sp starts
01-01 01:30:01.076 587 587 D spcomlib: [spcom_restart_sp_subsystem] restart_sp - Send PIL request [1]
01-01 01:30:01.099 587 587 D spcomlib: [spcom_restart_sp_subsystem] restart_sp - Restart SP command ok.
01-01 01:30:01.099 587 587 D spcomlib: [spcom_signal_event] event [0] [pil_called] EVENT_STATUS_SIGNALED
01-01 01:30:01.099 587 587 I spcomlib: [spcom_reset_all_app_loaded_prop] start reset all spcomlib apploaded props.
01-01 01:30:02.897 562 562 D vold : fscrypt_mount_metadata_encrypted: /data encrypt: 1 format: 0 with f2fs
01-01 01:30:02.898 562 562 D vold : metadata_key_dir/key: /metadata/vold/metadata_encryption/key
01-01 01:30:02.901 562 562 D vold : Created directory /metadata/vold/metadata_encryption
01-01 01:30:02.901 562 562 D vold : Metadata key does not exist but ro.crypto.metadata_init_delete_all_keys.enabled is false
01-01 01:30:02.901 562 562 I vold : Creating new key in /metadata/vold/metadata_encryption/key
01-01 01:30:02.901 562 562 D vold : Generating wrapped storage key
01-01 01:30:02.908 562 562 E vold : keystore2 Keystore generateKey returned service specific error: -67
01-01 01:30:02.908 562 562 W vold : Failed to generate rollback-resistant key. This is expected if keymaster doesn't support rollback resistance. Falling back to non-rollback-resistant key.
01-01 01:30:02.924 562 562 D vold : Generating "key storage" key
01-01 01:30:02.925 562 562 E vold : keystore2 Keystore generateKey returned service specific error: -67
01-01 01:30:02.925 562 562 W vold : Failed to generate rollback-resistant key. This is expected if keymaster doesn't support rollback resistance. Falling back to non-rollback-resistant key.
01-01 01:30:02.942 562 562 D vold : Created key: /metadata/vold/metadata_encryption/key
01-01 01:30:02.949 562 562 D vold : encrypt_inplace(/dev/block/dm-10, /dev/block/bootdevice/by-name/userdata, 231665304, false)
01-01 01:30:02.962 562 562 I vold : Encrypting f2fs filesystem on /dev/block/bootdevice/by-name/userdata in-place via /dev/block/dm-10
01-01 01:30:02.962 562 562 I vold : 78804 blocks (322 MB) of 11796480 blocks are in-use
01-01 01:30:03.169 562 562 D vold : Encrypted 10000 of 78804 blocks
01-01 01:30:03.373 562 562 D vold : Encrypted 20000 of 78804 blocks
01-01 01:30:03.576 562 562 D vold : Encrypted 30000 of 78804 blocks
01-01 01:30:03.779 562 562 D vold : Encrypted 40000 of 78804 blocks
01-01 01:30:03.982 562 562 D vold : Encrypted 50000 of 78804 blocks
01-01 01:30:04.186 562 562 D vold : Encrypted 60000 of 78804 blocks
01-01 01:30:04.390 562 562 D vold : Encrypted 70000 of 78804 blocks
01-01 01:30:07.029 562 562 D vold : Encrypted 78804 of 78804 blocks
01-01 01:30:07.029 562 562 I vold : Successfully encrypted f2fs filesystem on /dev/block/bootdevice/by-name/userdata
01-01 01:30:07.423 562 562 D vold : Mounting metadata-encrypted filesystem:/data
01-01 01:30:07.427 562 562 I vold : [libfs_mgr]Running /system/bin/fsck.f2fs -a -c 10000 --debug-cache /dev/block/dm-10
01-01 01:30:07.844 562 562 I vold : [libfs_mgr]__mount(source=/dev/block/dm-10,target=/data,type=f2fs)=0: Success
01-01 01:30:07.857 562 562 D vold : Mounted /data
01-01 01:30:07.858 562 581 D vold : Disk at 252:10 changed
01-01 01:30:07.983 562 562 I Checkpoint: cp_prepareCheckpoint called
01-01 01:30:07.997 639 641 D spcomlib: [spcom_register_service] spcom_register_service() name [sp_keymaster_ssr] pid [524633762992]
01-01 01:30:07.997 639 641 D spcomlib: [spcom_open] ch [sp_keymaster_ssr] doesn't exist, create it.
01-01 01:30:07.997 639 641 D spcomlib: [spcom_create_channel] Create Channel [sp_keymaster_ssr].
01-01 01:30:08.019 639 641 D spcomlib: [add_ssr_cb] ssr cb added!
01-01 01:30:08.019 639 641 D spcomlib: [start_ssr_thread] ch [spcom] ready!
01-01 01:30:08.019 639 641 D spcomlib: [start_ssr_thread] main pthread self_id [0x269becb0].
01-01 01:30:08.019 639 641 D spcomlib: [start_ssr_thread] pthread_create() ret [0] thread-id [0x258c0cb0].
01-01 01:30:08.019 639 641 D spcomlib: [start_ssr_thread] Wait for SSR thread to run.
01-01 01:30:08.019 639 644 D spcomlib: [notify_ssr_thread] SSR pthread self_id [0x258c0cb0].
01-01 01:30:08.019 639 641 D spcomlib: [start_ssr_thread] pthread_cond_wait() ret [0].
01-01 01:30:08.019 639 641 D spcomlib: [start_ssr_thread] done.
01-01 01:30:08.019 639 641 D spcomlib: [add_ch] add ch [sp_keymaster_ssr].
01-01 01:30:08.019 639 641 D spcomlib: [spcom_register_service] spcom_register_service() name [sp_keymaster_ssr] pid [524633762992] done
01-01 01:30:08.030 562 562 I vold : fscrypt_initialize_systemwide_keys
01-01 01:30:08.030 562 562 I vold : Creating new key in /data/unencrypted/key
01-01 01:30:08.030 562 562 D vold : Generating wrapped storage key
01-01 01:30:08.033 562 562 E vold : keystore2 Keystore generateKey returned service specific error: -67
01-01 01:30:08.033 562 562 W vold : Failed to generate rollback-resistant key. This is expected if keymaster doesn't support rollback resistance. Falling back to non-rollback-resistant key.
01-01 01:30:08.040 562 562 D vold : Generating "key storage" key
01-01 01:30:08.041 562 562 E vold : keystore2 Keystore generateKey returned service specific error: -67
01-01 01:30:08.041 562 562 W vold : Failed to generate rollback-resistant key. This is expected if keymaster doesn't support rollback resistance. Falling back to non-rollback-resistant key.
01-01 01:30:08.049 562 562 D vold : Created key: /data/unencrypted/key
01-01 01:30:08.056 562 562 D vold : Installed fscrypt key with ref 6aad3ce18564b9a4a134dcdd5d36fe7d to /data
01-01 01:30:08.056 562 562 D vold : Added fscrypt-provisioning key for 6aad3ce18564b9a4a134dcdd5d36fe7d to session keyring
01-01 01:30:08.057 562 562 I vold : Wrote system DE key reference to:/data/unencrypted/ref
01-01 01:30:08.057 562 562 D vold : Generating wrapped storage key
01-01 01:30:08.059 562 562 E vold : keystore2 Keystore generateKey returned service specific error: -67
01-01 01:30:08.059 562 562 W vold : Failed to generate rollback-resistant key. This is expected if keymaster doesn't support rollback resistance. Falling back to non-rollback-resistant key.
01-01 01:30:08.067 562 562 D vold : Installed fscrypt key with ref 2069a9aa15b7a12371665c3006059688 to /data
01-01 01:30:08.067 562 562 D vold : Added fscrypt-provisioning key for 2069a9aa15b7a12371665c3006059688 to session keyring
01-01 01:30:08.068 562 562 I vold : Wrote per boot key reference to:/data/unencrypted/per_boot_ref
01-01 01:30:08.140 562 562 I incfs : Initial API level of the device: 30
01-01 01:30:08.141 562 562 I incfs : ro.incremental.enable: 1
01-01 01:30:08.141 562 562 I incfs : isFsAvailable: true
01-01 01:30:08.141 562 562 I incfs : isFsAvailable: true
01-01 01:30:08.141 562 562 I incfs : IncFs_Features: v1
01-01 01:30:08.180 562 562 E vold : keystore2 Keystore earlyBootEnded returned service specific error: -68
01-01 01:30:08.401 562 562 D vold : fscrypt_init_user0
01-01 01:30:08.401 562 562 D vold : Preparing: /data/misc/vold/user_keys
01-01 01:30:08.401 562 562 D vold : Preparing: /data/misc/vold/user_keys/ce
01-01 01:30:08.401 562 562 D vold : Preparing: /data/misc/vold/user_keys/de
01-01 01:30:08.402 562 562 D vold : Generating wrapped storage key
01-01 01:30:08.404 562 562 E vold : keystore2 Keystore generateKey returned service specific error: -67
01-01 01:30:08.404 562 562 W vold : Failed to generate rollback-resistant key. This is expected if keymaster doesn't support rollback resistance. Falling back to non-rollback-resistant key.
01-01 01:30:08.409 562 562 D vold : Generating wrapped storage key
01-01 01:30:08.411 562 562 E vold : keystore2 Keystore generateKey returned service specific error: -67
01-01 01:30:08.411 562 562 W vold : Failed to generate rollback-resistant key. This is expected if keymaster doesn't support rollback resistance. Falling back to non-rollback-resistant key.
01-01 01:30:08.414 562 562 D vold : Preparing: /data/misc/vold/user_keys/ce/0
01-01 01:30:08.417 562 562 D vold : Generating "key storage" key
01-01 01:30:08.418 562 562 E vold : keystore2 Keystore generateKey returned service specific error: -67
01-01 01:30:08.418 562 562 W vold : Failed to generate rollback-resistant key. This is expected if keymaster doesn't support rollback resistance. Falling back to non-rollback-resistant key.
01-01 01:30:08.428 562 562 D vold : Created key: /data/misc/vold/user_keys/ce/0/current
01-01 01:30:08.430 562 562 D vold : Generating "key storage" key
01-01 01:30:08.432 562 562 E vold : keystore2 Keystore generateKey returned service specific error: -67
01-01 01:30:08.432 562 562 W vold : Failed to generate rollback-resistant key. This is expected if keymaster doesn't support rollback resistance. Falling back to non-rollback-resistant key.
01-01 01:30:08.441 562 562 D vold : Created key: /data/misc/vold/user_keys/de/0
01-01 01:30:08.447 562 562 D vold : Installed fscrypt key with ref 98116956ffcac7a9c104c38a289d9d1f to /data
01-01 01:30:08.448 562 562 D vold : Added fscrypt-provisioning key for 98116956ffcac7a9c104c38a289d9d1f to session keyring
01-01 01:30:08.453 562 562 D vold : Installed fscrypt key with ref 3b8cd3fd0cdb5cc11a5f9ac68401b029 to /data
01-01 01:30:08.453 562 562 D vold : Added fscrypt-provisioning key for 3b8cd3fd0cdb5cc11a5f9ac68401b029 to session keyring
01-01 01:30:08.453 562 562 D vold : Created keys for user 0
01-01 01:30:08.465 562 562 D vold : Installed fscrypt key with ref 98116956ffcac7a9c104c38a289d9d1f to /data
01-01 01:30:08.466 562 562 D vold : Added fscrypt-provisioning key for 98116956ffcac7a9c104c38a289d9d1f to session keyring
01-01 01:30:08.466 562 562 D vold : Installed de key for user 0
01-01 01:30:08.466 562 562 D vold : fscrypt_prepare_user_storage for volume null, user 0, serial 0, flags 1
01-01 01:30:08.466 562 562 D vold : Preparing: /data/system/users/0
01-01 01:30:08.466 562 562 D vold : Preparing: /data/misc/profiles/cur/0
01-01 01:30:08.466 562 562 D vold : Preparing: /data/system_de/0
01-01 01:30:08.467 562 562 D vold : Preparing: /data/misc_de/0
01-01 01:30:08.467 562 562 D vold : Preparing: /data/vendor_de/0
01-01 01:30:08.467 562 562 D vold : Preparing: /data/user_de/0
01-01 01:30:08.467 562 562 I vold : Encryption policy of /data/system_de/0 set to 98116956ffcac7a9c104c38a289d9d1f v2 modes 1/4 flags 0xa
01-01 01:30:08.467 562 562 I vold : Encryption policy of /data/misc_de/0 set to 98116956ffcac7a9c104c38a289d9d1f v2 modes 1/4 flags 0xa
01-01 01:30:08.468 562 562 I vold : Encryption policy of /data/vendor_de/0 set to 98116956ffcac7a9c104c38a289d9d1f v2 modes 1/4 flags 0xa
01-01 01:30:08.468 562 562 I vold : Encryption policy of /data/user_de/0 set to 98116956ffcac7a9c104c38a289d9d1f v2 modes 1/4 flags 0xa
01-01 01:30:08.468 562 562 D vold : /system/bin/vold_prepare_subdirs
01-01 01:30:08.468 562 562 D vold : prepare
01-01 01:30:08.468 562 562 D vold :
01-01 01:30:08.468 562 562 D vold : 0
01-01 01:30:08.468 562 562 D vold : 1
01-01 01:30:08.523 562 562 D vold : Detected support for FS_IOC_ADD_ENCRYPTION_KEY
01-01 01:30:08.524 562 562 D vold : Installing fscrypt-provisioning key for 3b8cd3fd0cdb5cc11a5f9ac68401b029 back into /data fs-keyring
01-01 01:30:11.581 697 697 D Zygote32Timing: PostZygoteInitGC took to complete: 30ms
01-01 01:30:11.581 697 697 D Zygote32Timing: ZygoteInit took to complete: 43ms
01-01 01:30:11.659 696 696 D Zygote64Timing: BeginPreload took to complete: 111ms
01-01 01:30:12.319 970 970 I android.hardware.wifi@1.0-service: Wifi Hal is booting up...
01-01 01:30:12.327 970 970 I HidlServiceManagement: Registered android.hardware.wifi@1.4::IWifi/default (start delay of 212ms)
01-01 01:30:13.031 1032 1032 I irsc_util: Starting irsc tool
01-01 01:30:13.034 1032 1032 I irsc_util: Num of entries:298
01-01 01:30:13.034 1032 1032 I irsc_util: Ending irsc tool
01-01 01:30:13.710 696 696 D Zygote64Timing: PreloadClasses took to complete: 2051ms
01-01 01:30:13.749 696 696 D Zygote64Timing: CacheNonBootClasspathClassLoaders took to complete: 39ms
01-01 01:30:13.785 696 696 D Zygote64Timing: PreloadResources took to complete: 36ms
01-01 01:30:14.078 696 696 D Zygote64Timing: ZygotePreload took to complete: 2531ms
01-01 01:30:14.232 696 696 D Zygote64Timing: PostZygoteInitGC took to complete: 153ms
01-01 01:30:14.232 696 696 D Zygote64Timing: ZygoteInit took to complete: 2696ms
01-01 01:30:15.580 1216 1216 I gsid : no DSU: No such file or directory
01-01 01:30:15.997 1234 1234 I iorapd : iorapd (the prefetchening) firing up
01-01 01:30:15.998 1234 1234 E iorapd : SQLite error (14): cannot open file at line 39583 of [bcd014c473]
01-01 01:30:15.998 1234 1234 E iorapd : SQLite error (14): os_unix.c:39583: (2) open(/data/misc/iorapd/sqlite.db) -
01-01 01:30:16.040 1234 1234 I iorapd : Reinitialized database at '/data/misc/iorapd/sqlite.db'
01-01 01:30:16.041 1234 1234 W iorapd : Reconnect to package manager service: 1 times
01-01 01:30:16.221 1274 1274 I installd: installd firing up
01-01 01:30:16.223 1274 1274 D installd: Assuming that device has multi-user storage layout; upgrade no longer supported
01-01 01:30:16.225 1274 1274 D installd: Upgrading to /data/misc/user directories
01-01 01:30:16.493 1287 1287 I wificond: wificond is starting up...
01-01 01:30:16.567 1287 1287 I HidlServiceManagement: Registered android.system.wifi.keystore@1.0::IKeystore/default
01-01 01:30:16.724 1314 1314 I imsrcsd : Uce Service HAL is starting up...
01-01 01:30:16.744 1314 1314 I imsrcsd : Uce Service HAL loading imsrcsbaseimpl
01-01 01:30:17.027 1314 1314 I imsrcsd : Starting Service for First Time imsbaseimpl
01-01 01:30:17.206 1314 1314 I imsrcsd : Interface com.qualcomm.qti.uceservice@2.3::IUceService com.qualcomm.qti.uceservice is found in manifest
01-01 01:30:17.230 1314 1314 I HidlServiceManagement: Registered com.qualcomm.qti.uceservice@2.3::IUceService/com.qualcomm.qti.uceservice (start delay of 685ms)
01-01 01:30:17.267 1314 1314 I imsrcsd : Interface com.qualcomm.qti.imscmservice@2.2::IImsCmService qti.ims.connectionmanagerservice is found in manifest
01-01 01:30:17.305 1314 1314 I HidlServiceManagement: Registered com.qualcomm.qti.imscmservice@2.2::IImsCmService/qti.ims.connectionmanagerservice (start delay of 760ms)
01-01 01:30:17.308 1314 1314 I imsrcsd : Interface vendor.qti.ims.factory@1.1::IImsFactory default is not found in manifest
01-01 01:30:17.334 1314 1314 I imsrcsd : Interface vendor.qti.ims.factory@1.0::IImsFactory default is found in manifest
01-01 01:30:17.335 1314 1314 I HidlServiceManagement: Registered vendor.qti.ims.factory@1.0::IImsFactory/default (start delay of 790ms)
01-01 01:30:17.348 1314 1314 I imsrcsd : Interface vendor.qti.ims.callinfo@1.0::IService default is found in manifest
01-01 01:30:17.402 1314 1314 I HidlServiceManagement: Registered vendor.qti.ims.callinfo@1.0::IService/default (start delay of 857ms)
01-01 01:30:17.402 1314 1314 I imsrcsd : ImsRcsBaseImpl ImsCallInfo After Registering Service
01-01 01:30:17.655 1283 1283 W HidlServiceManagement: Waited one second for android.hardware.health@2.0::IHealth/default --------- beginning of crash
01-01 01:30:18.057 1509 1509 F linker : CANNOT LINK EXECUTABLE "/vendor/bin/hw/qvrservice": library "vendor.qti.hardware.qxr-V1-ndk_platform.so" not found: needed by /vendor/lib64/libqvrservice.so in namespace (default)
01-01 01:30:18.092 1521 1521 F linker : CANNOT LINK EXECUTABLE "/vendor/bin/hw/sxrservice": library "vendor.qti.hardware.qxr-V1-ndk_platform.so" not found: needed by main executable
01-01 01:30:18.206 1524 1524 I TLOC : [main ]"TLOC DAEMON main thread"
01-01 01:30:18.206 1524 1524 D TLOC : [TLOCDaemon ]"---------- TLOC Daemon Starts ----------"
01-01 01:30:18.207 1524 1524 D TLOC : [TLOCChannel]"The channel was initialized successfully for TLOCD"
01-01 01:30:18.207 1524 1524 D TLOC : [TLOCChannel]"The channel was initialized successfully for TLOCL"
01-01 01:30:18.207 1524 1524 D TLOC : [TLOCChannel]"The channel was initialized successfully for MODEM"
01-01 01:30:18.207 1524 1524 D TLOC : [TLOCChannel]"TLOCChannel was initialized successfully"
01-01 01:30:18.207 1524 1524 D TLOC : [TLOCChannel] "TLOCChannel is already initialized"
01-01 01:30:18.666 1283 1283 W HidlServiceManagement: Waited one second for android.hardware.health@2.0::IHealth/default
01-01 01:30:18.962 1143 1160 D BootAnimation: BootAnimationShownTiming start time: 57168ms
01-01 01:30:19.232 1151 1151 I SystemServerTiming: InitBeforeStartServices
01-01 01:30:19.237 1151 1151 W SystemServer: persist.sys.timezone is not valid (); setting to GMT.
01-01 01:30:19.240 1151 1151 I SystemServer: Entered the Android system server!
01-01 01:30:19.506 1283 1283 W storaged: health: invalid battery status
01-01 01:30:19.647 1151 1151 I SystemServerInitThreadPool: Creating instance with 8 threads
01-01 01:30:20.451 1151 1151 D SystemServerTiming: InitBeforeStartServices took to complete: 1220ms
01-01 01:30:20.452 1151 1151 I SystemServerTiming: StartServices
01-01 01:30:20.452 1151 1151 I SystemServerTiming: startBootstrapServices
01-01 01:30:20.452 1151 1151 I SystemServerTiming: StartWatchdog
01-01 01:30:20.471 1151 1151 D SystemServerTiming: StartWatchdog took to complete: 19ms
01-01 01:30:20.471 1151 1151 I SystemServer: Reading configuration...
01-01 01:30:20.471 1151 1151 I SystemServerTiming: ReadingSystemConfig
01-01 01:30:20.472 1151 1151 D SystemServerTiming: ReadingSystemConfig took to complete: 1ms
01-01 01:30:20.472 1151 1151 I SystemServerTiming: PlatformCompat
01-01 01:30:20.472 1151 1696 I SystemServerTimingAsync: InitThreadPoolExec:ReadingSystemConfig
01-01 01:30:20.472 1151 1696 D SystemServerInitThreadPool: Started executing ReadingSystemConfig
01-01 01:30:20.476 1151 1151 D CompatConfig: Found a config file: /system/etc/compatconfig/calendar-provider-compat-config.xml
01-01 01:30:20.477 1151 1696 I SystemConfig: Reading permissions from /system/etc/sysconfig/preinstalled-packages-com.android.providers.media.module.xml
01-01 01:30:20.478 1151 1151 D CompatConfig: Adding: com.android.server.compat.config.Change@22ff159
01-01 01:30:20.480 1151 1151 D CompatConfig: Found a config file: /system/etc/compatconfig/services-platform-compat-config.xml
01-01 01:30:20.483 1151 1151 D CompatConfig: Adding: com.android.server.compat.config.Change@d079dff
01-01 01:30:20.484 1151 1151 D CompatConfig: Adding: com.android.server.compat.config.Change@9c27cc
01-01 01:30:20.485 1151 1151 D CompatConfig: Adding: com.android.server.compat.config.Change@a654a15
01-01 01:30:20.486 1151 1151 D CompatConfig: Adding: com.android.server.compat.config.Change@af1212a
01-01 01:30:20.487 1151 1696 I SystemConfig: Reading permissions from /system/etc/sysconfig/preinstalled-packages-platform-full-base.xml
01-01 01:30:20.487 1151 1151 D CompatConfig: Adding: com.android.server.compat.config.Change@f49f4b8
01-01 01:30:20.488 1151 1151 D CompatConfig: Adding: com.android.server.compat.config.Change@95d7291
01-01 01:30:20.489 1151 1151 D CompatConfig: Adding: com.android.server.compat.config.Change@2d825f6
01-01 01:30:20.489 1151 1696 I SystemConfig: Reading permissions from /system/etc/sysconfig/preinstalled-packages-platform.xml
01-01 01:30:20.491 1151 1151 D CompatConfig: Adding: com.android.server.compat.config.Change@705a464
01-01 01:30:20.492 1151 1696 I SystemConfig: Reading permissions from /system/etc/sysconfig/qti_whitelist.xml
01-01 01:30:20.493 1151 1151 D CompatConfig: Adding: com.android.server.compat.config.Change@958ab82
01-01 01:30:20.494 1151 1696 I SystemConfig: Reading permissions from /system/etc/sysconfig/framework-sysconfig.xml
01-01 01:30:20.495 1151 1151 D CompatConfig: Adding: com.android.server.compat.config.Change@caaa2d0
01-01 01:30:20.496 1151 1696 I SystemConfig: Reading permissions from /system/etc/sysconfig/hiddenapi-package-whitelist.xml
01-01 01:30:20.497 1151 1151 D CompatConfig: Adding: com.android.server.compat.config.Change@369fdce
01-01 01:30:20.498 1151 1151 D CompatConfig: Adding: com.android.server.compat.config.Change@aca04ef
01-01 01:30:20.501 1151 1696 I SystemConfig: Reading permissions from /system/etc/permissions/com.android.nfc_extras.xml
01-01 01:30:20.504 1151 1151 D CompatConfig: Adding: com.android.server.compat.config.Change@4ede285
01-01 01:30:20.504 1151 1151 D CompatConfig: Adding: com.android.server.compat.config.Change@5dc010b
01-01 01:30:20.505 1151 1696 I SystemConfig: Reading permissions from /system/etc/permissions/uimremoteclient.xml
01-01 01:30:20.506 1151 1151 D CompatConfig: Adding: com.android.server.compat.config.Change@7ffbe8
01-01 01:30:20.507 1151 1151 D CompatConfig: Adding: com.android.server.compat.config.Change@2af2201
01-01 01:30:20.508 1151 1696 I SystemConfig: Reading permissions from /system/etc/permissions/org.apache.http.legacy.xml
01-01 01:30:20.508 1151 1151 D CompatConfig: Adding: com.android.server.compat.config.Change@ec7a2e7
01-01 01:30:20.509 1151 1151 D CompatConfig: Adding: com.android.server.compat.config.Change@44cee94
01-01 01:30:20.510 1151 1696 I SystemConfig: Reading permissions from /system/etc/permissions/com.android.documentsui.xml
01-01 01:30:20.511 1151 1151 D CompatConfig: Adding: com.android.server.compat.config.Change@96f932
01-01 01:30:20.512 1151 1696 I SystemConfig: Reading permissions from /system/etc/permissions/com.android.location.provider.xml
01-01 01:30:20.513 1151 1151 D CompatConfig: Adding: com.android.server.compat.config.Change@9546000
01-01 01:30:20.514 1151 1696 I SystemConfig: Reading permissions from /system/etc/permissions/uimremoteserver.xml
01-01 01:30:20.515 1151 1151 D CompatConfig: Adding: com.android.server.compat.config.Change@937767e
01-01 01:30:20.516 1151 1696 I SystemConfig: Reading permissions from /system/etc/permissions/android.test.runner.xml
01-01 01:30:20.517 1151 1151 D CompatConfig: Adding: com.android.server.compat.config.Change@9f7c2c
01-01 01:30:20.519 1151 1696 I SystemConfig: Reading permissions from /system/etc/permissions/com.android.mediadrm.signer.xml
01-01 01:30:20.519 1151 1151 D CompatConfig: Adding: com.android.server.compat.config.Change@1d07c8a
01-01 01:30:20.520 1151 1151 D CompatConfig: Adding: com.android.server.compat.config.Change@87342fb
01-01 01:30:20.520 1151 1696 I SystemConfig: Reading permissions from /system/etc/permissions/javax.obex.xml
01-01 01:30:20.521 1151 1151 D CompatConfig: Adding: com.android.server.compat.config.Change@a438d71
01-01 01:30:20.522 1151 1696 I SystemConfig: Reading permissions from /system/etc/permissions/android.software.freeform_window_management.xml
01-01 01:30:20.524 1151 1151 D CompatConfig: Adding: com.android.server.compat.config.Change@2913d7
01-01 01:30:20.525 1151 1696 I SystemConfig: Reading permissions from /system/etc/permissions/privapp-permissions-qti.xml
01-01 01:30:20.526 1151 1151 D CompatConfig: Adding: com.android.server.compat.config.Change@6b28fad
01-01 01:30:20.527 1151 1151 D CompatConfig: Adding: com.android.server.compat.config.Change@e9c12e2
01-01 01:30:20.528 1151 1151 D CompatConfig: Adding: com.android.server.compat.config.Change@3011673
01-01 01:30:20.529 1151 1151 D CompatConfig: Adding: com.android.server.compat.config.Change@c3fc930
01-01 01:30:20.530 1151 1151 D CompatConfig: Adding: com.android.server.compat.config.Change@19579a9
01-01 01:30:20.530 1151 1696 I SystemConfig: Reading permissions from /system/etc/permissions/com.android.future.usb.accessory.xml
01-01 01:30:20.533 1151 1151 D CompatConfig: Adding: com.android.server.compat.config.Change@44ca6cf
01-01 01:30:20.535 1151 1696 I SystemConfig: Reading permissions from /system/etc/permissions/com.android.networkstack.tethering.xml
01-01 01:30:20.535 1151 1151 D CompatConfig: Adding: com.android.server.compat.config.Change@a30765
01-01 01:30:20.537 1151 1151 D CompatConfig: Adding: com.android.server.compat.config.Change@ec91c3a
01-01 01:30:20.538 1151 1696 I SystemConfig: Reading permissions from /system/etc/permissions/com.android.networkstack.xml
01-01 01:30:20.539 1151 1151 D CompatConfig: Adding: com.android.server.compat.config.Change@78e48
01-01 01:30:20.541 1151 1151 D CompatConfig: Adding: com.android.server.compat.config.Change@441b4e1
01-01 01:30:20.542 1151 1696 I SystemConfig: Reading permissions from /system/etc/permissions/android.software.live_wallpaper.xml
01-01 01:30:20.543 1151 1151 D CompatConfig: Adding: com.android.server.compat.config.Change@200a0c7
01-01 01:30:20.544 1151 1696 I SystemConfig: Reading permissions from /system/etc/permissions/android.test.base.xml
01-01 01:30:20.545 1151 1151 D CompatConfig: Adding: com.android.server.compat.config.Change@2c3be1d
01-01 01:30:20.547 1151 1151 D CompatConfig: Adding: com.android.server.compat.config.Change@8b2f892
01-01 01:30:20.547 1151 1696 I SystemConfig: Reading permissions from /system/etc/permissions/android.test.mock.xml
01-01 01:30:20.549 1151 1151 D CompatConfig: Adding: com.android.server.compat.config.Change@f2fde60
01-01 01:30:20.550 1151 1696 I SystemConfig: Reading permissions from /system/etc/permissions/privapp-permissions-platform.xml
01-01 01:30:20.551 1151 1151 D CompatConfig: Adding: com.android.server.compat.config.Change@3040bde
01-01 01:30:20.552 1151 1151 D CompatConfig: Adding: com.android.server.compat.config.Change@ae1bf
01-01 01:30:20.553 1151 1151 D CompatConfig: Adding: com.android.server.compat.config.Change@e24808c
01-01 01:30:20.554 1151 1151 D CompatConfig: Adding: com.android.server.compat.config.Change@cfd93d5
01-01 01:30:20.555 1151 1151 D CompatConfig: Adding: com.android.server.compat.config.Change@6c107ea
01-01 01:30:20.556 1151 1151 D CompatConfig: Adding: com.android.server.compat.config.Change@995dadb
01-01 01:30:20.557 1151 1151 D CompatConfig: Adding: com.android.server.compat.config.Change@ddf1978
01-01 01:30:20.557 1151 1151 D CompatConfig: Adding: com.android.server.compat.config.Change@c909851
01-01 01:30:20.559 1151 1151 D CompatConfig: Adding: com.android.server.compat.config.Change@79fb8b6
01-01 01:30:20.560 1151 1151 D CompatConfig: Adding: com.android.server.compat.config.Change@c0d49b7
01-01 01:30:20.561 1151 1696 I SystemConfig: Reading permissions from /system/etc/permissions/com.android.media.remotedisplay.xml
01-01 01:30:20.562 1151 1151 D CompatConfig: Adding: com.android.server.compat.config.Change@775688d
01-01 01:30:20.563 1151 1151 D CompatConfig: Adding: com.android.server.compat.config.Change@ce6aa42
01-01 01:30:20.564 1151 1696 I SystemConfig: Reading permissions from /system/etc/permissions/android.software.webview.xml
01-01 01:30:20.565 1151 1151 D CompatConfig: Found a config file: /system/etc/compatconfig/framework-platform-compat-config.xml
01-01 01:30:20.566 1151 1696 I SystemConfig: Reading permissions from /system/etc/permissions/platform.xml
01-01 01:30:20.571 1151 1151 D CompatConfig: Adding: com.android.server.compat.config.Change@9b9288e
01-01 01:30:20.572 1151 1696 I SystemConfig: Reading permissions from /vendor/etc/permissions/android.hardware.sensor.compass.xml
01-01 01:30:20.574 1151 1151 D CompatConfig: Adding: com.android.server.compat.config.Change@90f24bc
01-01 01:30:20.574 1151 1696 I SystemConfig: Reading permissions from /vendor/etc/permissions/android.hardware.wifi.passpoint.xml
01-01 01:30:20.578 1151 1151 D CompatConfig: Adding: com.android.server.compat.config.Change@e233f9a
01-01 01:30:20.579 1151 1696 I SystemConfig: Reading permissions from /vendor/etc/permissions/android.hardware.audio.pro.xml
01-01 01:30:20.579 1151 1151 D CompatConfig: Adding: com.android.server.compat.config.Change@807d0a8
01-01 01:30:20.581 1151 1696 I SystemConfig: Reading permissions from /vendor/etc/permissions/android.hardware.location.gps.xml
01-01 01:30:20.581 1151 1151 D CompatConfig: Adding: com.android.server.compat.config.Change@ce5bb66
01-01 01:30:20.582 1151 1696 I SystemConfig: Reading permissions from /vendor/etc/permissions/android.software.device_id_attestation.xml
01-01 01:30:20.585 1151 1151 D CompatConfig: Adding: com.android.server.compat.config.Change@35d4f54
01-01 01:30:20.587 1151 1151 D CompatConfig: Adding: com.android.server.compat.config.Change@bde8efd
01-01 01:30:20.587 1151 1696 I SystemConfig: Reading permissions from /vendor/etc/permissions/handheld_core_hardware.xml
01-01 01:30:20.592 1151 1151 D CompatConfig: Adding: com.android.server.compat.config.Change@a42ee43
01-01 01:30:20.592 1151 1696 I SystemConfig: Reading permissions from /vendor/etc/permissions/android.hardware.audio.low_latency.xml
01-01 01:30:20.593 1151 1151 D CompatConfig: Adding: com.android.server.compat.config.Change@90a1df9
01-01 01:30:20.595 1151 1151 D CompatConfig: Adding: com.android.server.compat.config.Change@606d13e
01-01 01:30:20.595 1151 1696 I SystemConfig: Reading permissions from /vendor/etc/permissions/android.software.vulkan.deqp.level.xml
01-01 01:30:20.596 1151 1151 D CompatConfig: Adding: com.android.server.compat.config.Change@bc334ec
01-01 01:30:20.597 1151 1151 D CompatConfig: Adding: com.android.server.compat.config.Change@6c5a0b5
01-01 01:30:20.598 1151 1696 I SystemConfig: Reading permissions from /vendor/etc/permissions/android.software.verified_boot.xml
01-01 01:30:20.599 1151 1151 D CompatConfig: Adding: com.android.server.compat.config.Change@a21e2bb
01-01 01:30:20.601 1151 1151 D CompatConfig: Adding: com.android.server.compat.config.Change@b24b3d8
01-01 01:30:20.602 1151 1696 I SystemConfig: Reading permissions from /vendor/etc/permissions/android.hardware.bluetooth_le.xml
01-01 01:30:20.603 1151 1151 D CompatConfig: Adding: com.android.server.compat.config.Change@8c9ca16
01-01 01:30:20.604 1151 1151 D CompatConfig: Adding: com.android.server.compat.config.Change@c81ef97
01-01 01:30:20.605 1151 1696 I SystemConfig: Reading permissions from /vendor/etc/permissions/android.hardware.light.xml
01-01 01:30:20.606 1151 1151 D CompatConfig: Adding: com.android.server.compat.config.Change@ad6316d
01-01 01:30:20.607 1151 1696 I SystemConfig: Reading permissions from /vendor/etc/permissions/android.hardware.touchscreen.multitouch.jazzhand.xml
01-01 01:30:20.608 1151 1151 D CompatConfig: Adding: com.android.server.compat.config.Change@6bee33
01-01 01:30:20.610 1151 1151 D CompatConfig: Adding: com.android.server.compat.config.Change@efa25f0
01-01 01:30:20.610 1151 1696 I SystemConfig: Reading permissions from /vendor/etc/permissions/android.hardware.vulkan.level-1.xml
01-01 01:30:20.612 1151 1151 D CompatConfig: Adding: com.android.server.compat.config.Change@52805ee
01-01 01:30:20.613 1151 1696 I SystemConfig: Reading permissions from /vendor/etc/permissions/android.hardware.vulkan.version-1_1.xml
01-01 01:30:20.613 1151 1151 D CompatConfig: Adding: com.android.server.compat.config.Change@173b11c
01-01 01:30:20.614 1151 1151 D CompatConfig: Adding: com.android.server.compat.config.Change@5e12125
01-01 01:30:20.616 1151 1151 D CompatConfig: Adding: com.android.server.compat.config.Change@9292fa
01-01 01:30:20.616 1151 1696 I SystemConfig: Reading permissions from /vendor/etc/permissions/android.hardware.wifi.direct.xml
01-01 01:30:20.617 1151 1151 D CompatConfig: Adding: com.android.server.compat.config.Change@298c308
01-01 01:30:20.619 1151 1151 D CompatConfig: Adding: com.android.server.compat.config.Change@6a7aaa1
01-01 01:30:20.619 1151 1696 I SystemConfig: Reading permissions from /vendor/etc/permissions/vendor.qti.hardware.factory.xml
01-01 01:30:20.621 1151 1151 D CompatConfig: Adding: com.android.server.compat.config.Change@727ec87
01-01 01:30:20.623 1151 1696 I SystemConfig: Reading permissions from /vendor/etc/permissions/android.hardware.wifi.rtt.xml
01-01 01:30:20.624 1151 1151 D CompatConfig: Adding: com.android.server.compat.config.Change@2f34fdd
01-01 01:30:20.627 1151 1696 I SystemConfig: Reading permissions from /vendor/etc/permissions/android.hardware.sensor.accelerometer.xml
01-01 01:30:20.627 1151 1151 D CompatConfig: Adding: com.android.server.compat.config.Change@b8cca23
01-01 01:30:20.629 1151 1151 D CompatConfig: Adding: com.android.server.compat.config.Change@a9aeb20
01-01 01:30:20.631 1151 1151 D CompatConfig: Adding: com.android.server.compat.config.Change@25a0cd9
01-01 01:30:20.632 1151 1696 I SystemConfig: Reading permissions from /vendor/etc/permissions/android.software.midi.xml
01-01 01:30:20.633 1151 1151 D CompatConfig: Adding: com.android.server.compat.config.Change@9d7e57f
01-01 01:30:20.635 1151 1696 I SystemConfig: Reading permissions from /vendor/etc/permissions/android.hardware.bluetooth.xml
01-01 01:30:20.636 1151 1151 D CompatConfig: Adding: com.android.server.compat.config.Change@5d59d95
01-01 01:30:20.637 1151 1696 I SystemConfig: Reading permissions from /vendor/etc/permissions/android.hardware.fingerprint.xml
01-01 01:30:20.638 1151 1151 D CompatConfig: Adding: com.android.server.compat.config.Change@b8f5a9b
01-01 01:30:20.639 1151 1696 I SystemConfig: Reading permissions from /vendor/etc/permissions/android.hardware.usb.accessory.xml
01-01 01:30:20.641 1151 1151 D CompatConfig: Adding: com.android.server.compat.config.Change@a3f7e11
01-01 01:30:20.642 1151 1696 I SystemConfig: Reading permissions from /vendor/etc/permissions/android.hardware.se.omapi.uicc.xml
01-01 01:30:20.643 1151 1151 D CompatConfig: Adding: com.android.server.compat.config.Change@27f0577
01-01 01:30:20.645 1151 1151 D CompatConfig: Adding: com.android.server.compat.config.Change@4c9c5e4
01-01 01:30:20.646 1151 1696 I SystemConfig: Reading permissions from /vendor/etc/permissions/android.hardware.sensor.ambient_temperature.xml
01-01 01:30:20.646 1151 1151 D CompatConfig: Adding: com.android.server.compat.config.Change@df16902
01-01 01:30:20.647 1151 1696 I SystemConfig: Reading permissions from /vendor/etc/permissions/android.hardware.usb.host.xml
01-01 01:30:20.648 1151 1151 D CompatConfig: Adding: com.android.server.compat.config.Change@c4f5c50
01-01 01:30:20.650 1151 1696 I SystemConfig: Reading permissions from /vendor/etc/permissions/android.hardware.se.omapi.ese.xml
01-01 01:30:20.650 1151 1151 D CompatConfig: Adding: com.android.server.compat.config.Change@891134e
01-01 01:30:20.652 1151 1151 D CompatConfig: Adding: com.android.server.compat.config.Change@5fb2c6f
01-01 01:30:20.652 1151 1696 I SystemConfig: Reading permissions from /vendor/etc/permissions/android.hardware.sensor.gyroscope.xml
01-01 01:30:20.654 1151 1696 I SystemConfig: Reading permissions from /vendor/etc/permissions/vendor-qti-hardware-sensorscalibrate.xml
01-01 01:30:20.654 1151 1151 D CompatConfig: Adding: com.android.server.compat.config.Change@86f165a
01-01 01:30:20.655 1151 1696 I SystemConfig: Reading permissions from /vendor/etc/permissions/android.hardware.vulkan.compute-0.xml
01-01 01:30:20.657 1151 1696 I SystemConfig: Reading permissions from /vendor/etc/permissions/android.software.ipsec_tunnels.xml
01-01 01:30:20.658 1151 1151 D CompatConfig: Adding: com.android.server.compat.config.Change@beb0d81
01-01 01:30:20.660 1151 1696 I SystemConfig: Reading permissions from /vendor/etc/permissions/qti_fingerprint_interface.xml
01-01 01:30:20.660 1151 1151 D CompatConfig: Adding: com.android.server.compat.config.Change@b063a67
01-01 01:30:20.662 1151 1696 I SystemConfig: Reading permissions from /vendor/etc/permissions/android.hardware.sensor.hifi_sensors.xml
01-01 01:30:20.662 1151 1151 D CompatConfig: Adding: com.android.server.compat.config.Change@bba00bd
01-01 01:30:20.663 1151 1696 I SystemConfig: Reading permissions from /vendor/etc/permissions/android.hardware.wifi.aware.xml
01-01 01:30:20.664 1151 1151 D CompatConfig: Adding: com.android.server.compat.config.Change@9321603
01-01 01:30:20.667 1151 1696 I SystemConfig: Reading permissions from /vendor/etc/permissions/android.hardware.sensor.barometer.xml
01-01 01:30:20.671 1151 1151 D CompatConfig: Adding: com.android.server.compat.config.Change@e8aebb9
01-01 01:30:20.672 1151 1696 I SystemConfig: Reading permissions from /vendor/etc/permissions/android.hardware.wifi.xml
01-01 01:30:20.673 1151 1151 D CompatConfig: Adding: com.android.server.compat.config.Change@9b60f5f
01-01 01:30:20.674 1151 1696 I SystemConfig: Reading permissions from /vendor/etc/permissions/android.hardware.sensor.relative_humidity.xml
01-01 01:30:20.675 1151 1151 D CompatConfig: Adding: com.android.server.compat.config.Change@ce58a75
01-01 01:30:20.676 1151 1696 I SystemConfig: Reading permissions from /vendor/etc/permissions/android.hardware.opengles.aep.xml
01-01 01:30:20.677 1151 1151 D CompatConfig: Adding: com.android.server.compat.config.Change@b56427b
01-01 01:30:20.678 1151 1151 D CompatConfig: Adding: com.android.server.compat.config.Change@21df898
01-01 01:30:20.679 1151 1151 D CompatConfig: Adding: com.android.server.compat.config.Change@61158f1
01-01 01:30:20.681 1151 1151 D CompatConfig: Adding: com.android.server.compat.config.Change@9e27cd6
01-01 01:30:20.682 1151 1151 D CompatConfig: Adding: com.android.server.compat.config.Change@afc8b57
01-01 01:30:20.683 1151 1151 D CompatConfig: Adding: com.android.server.compat.config.Change@c460644
01-01 01:30:20.684 1151 1696 I SystemConfig: Reading permissions from /product/etc/sysconfig/preinstalled-packages-platform-handheld-product.xml
01-01 01:30:20.684 1151 1151 D CompatConfig: Adding: com.android.server.compat.config.Change@b619062
01-01 01:30:20.686 1151 1151 D CompatConfig: Adding: com.android.server.compat.config.Change@5485f3
01-01 01:30:20.688 1151 1151 D CompatConfig: Adding: com.android.server.compat.config.Change@1bf42b0
01-01 01:30:20.688 1151 1696 I SystemConfig: Reading permissions from /product/etc/sysconfig/preinstalled-packages-platform-overlays.xml
01-01 01:30:20.689 1151 1151 D CompatConfig: Adding: com.android.server.compat.config.Change@ccc50ae
01-01 01:30:20.692 1151 1151 D CompatConfig: Found a config file: /system/etc/compatconfig/documents-ui-compat-config.xml
01-01 01:30:20.693 1151 1696 I SystemConfig: Reading permissions from /product/etc/permissions/telephony_product_privapp-permissions-qti.xml
01-01 01:30:20.694 1151 1151 D CompatConfig: Adding: com.android.server.compat.config.Change@3aefae5
01-01 01:30:20.696 1151 1696 I SystemConfig: Reading permissions from /product/etc/permissions/com.qti.snapdragon.sdk.display.xml
01-01 01:30:20.697 1151 1151 D CompatConfig: Found a config file: /system/etc/compatconfig/icu4j-platform-compat-config.xml
01-01 01:30:20.697 1151 1696 I SystemConfig: Reading permissions from /product/etc/permissions/privapp-permissions-soundrecorder.xml
01-01 01:30:20.699 1151 1696 I SystemConfig: Reading permissions from /product/etc/permissions/ims_ext_common.xml
01-01 01:30:20.700 1151 1151 D CompatConfig: Adding: com.android.server.compat.config.Change@5f1c786
01-01 01:30:20.701 1151 1696 I SystemConfig: Reading permissions from /product/etc/permissions/UimService.xml
01-01 01:30:20.704 1151 1696 I SystemConfig: Reading permissions from /product/etc/permissions/vendor.qti.hardware.data.connection-V1.0-java.xml
01-01 01:30:20.706 1151 1696 I SystemConfig: Reading permissions from /product/etc/permissions/com.android.settings.intelligence.xml
01-01 01:30:20.706 1151 1151 D CompatConfig: Found a config file: /system/system_ext/etc/compatconfig/settings-platform-compat-config.xml
01-01 01:30:20.708 1151 1696 I SystemConfig: Reading permissions from /product/etc/permissions/vendor.qti.hardware.data.connection-V1.1-java.xml
01-01 01:30:20.708 1151 1151 D CompatConfig: Adding: com.android.server.compat.config.Change@e40b7e0
01-01 01:30:20.709 1151 1696 I SystemConfig: Reading permissions from /system_ext/etc/sysconfig/qti_whitelist_system_ext.xml
01-01 01:30:20.711 1151 1696 I SystemConfig: Reading permissions from /system_ext/etc/sysconfig/qti_telephony_system_packages_config.xml
01-01 01:30:20.712 1151 1151 D CompatConfig: No directory /apex/com.android.vndk.v30/etc/compatconfig, skipping
01-01 01:30:20.712 1151 1151 D CompatConfig: No directory /apex/com.android.wifi/etc/compatconfig, skipping
01-01 01:30:20.712 1151 1151 D CompatConfig: No directory /apex/com.android.vndk.v31/etc/compatconfig, skipping
01-01 01:30:20.713 1151 1151 D CompatConfig: No directory /apex/com.android.tzdata/etc/compatconfig, skipping
01-01 01:30:20.713 1151 1151 D CompatConfig: No directory /apex/com.android.tethering/etc/compatconfig, skipping
01-01 01:30:20.713 1151 1151 D CompatConfig: No directory /apex/com.android.sdkext/etc/compatconfig, skipping
01-01 01:30:20.713 1151 1151 D CompatConfig: No directory /apex/com.android.scheduling/etc/compatconfig, skipping
01-01 01:30:20.713 1151 1151 D CompatConfig: No directory /apex/com.android.runtime/etc/compatconfig, skipping
01-01 01:30:20.714 1151 1151 D CompatConfig: No directory /apex/com.android.resolv/etc/compatconfig, skipping
01-01 01:30:20.714 1151 1151 D CompatConfig: No directory /apex/com.android.permission/etc/compatconfig, skipping
01-01 01:30:20.714 1151 1151 D CompatConfig: No directory /apex/com.android.os.statsd/etc/compatconfig, skipping
01-01 01:30:20.714 1151 1151 D CompatConfig: No directory /apex/com.android.neuralnetworks/etc/compatconfig, skipping
01-01 01:30:20.716 1151 1151 D CompatConfig: Found a config file: /apex/com.android.mediaprovider/etc/compatconfig/media-provider-platform-compat-config.xml
01-01 01:30:20.718 1151 1151 D CompatConfig: Adding: com.android.server.compat.config.Change@329720c
01-01 01:30:20.722 1151 1696 I SystemConfig: Reading permissions from /system_ext/etc/permissions/android.software.verified_boot.xml
01-01 01:30:20.722 1151 1151 D CompatConfig: Adding: com.android.server.compat.config.Change@20f156a
01-01 01:30:20.723 1151 1696 I SystemConfig: Reading permissions from /system_ext/etc/permissions/com.android.storagemanager.xml
01-01 01:30:20.724 1151 1151 D CompatConfig: Adding: com.android.server.compat.config.Change@1a2f8
01-01 01:30:20.725 1151 1696 I SystemConfig: Reading permissions from /system_ext/etc/permissions/com.android.provision.xml
01-01 01:30:20.726 1151 1151 D CompatConfig: Adding: com.android.server.compat.config.Change@1811e36
01-01 01:30:20.727 1151 1151 D CompatConfig: Adding: com.android.server.compat.config.Change@ef28137
01-01 01:30:20.727 1151 1696 I SystemConfig: Reading permissions from /system_ext/etc/permissions/com.qti.media.secureprocessor.xml
01-01 01:30:20.728 1151 1151 D CompatConfig: Adding: com.android.server.compat.config.Change@9dc2c0d
01-01 01:30:20.729 1151 1151 D CompatConfig: Adding: com.android.server.compat.config.Change@738e7c2
01-01 01:30:20.730 1151 1151 D CompatConfig: No directory /apex/com.android.media.swcodec/etc/compatconfig, skipping
01-01 01:30:20.731 1151 1151 D CompatConfig: No directory /apex/com.android.media/etc/compatconfig, skipping
01-01 01:30:20.731 1151 1696 I SystemConfig: Reading permissions from /system_ext/etc/permissions/com.android.settings.xml
01-01 01:30:20.731 1151 1151 D CompatConfig: No directory /apex/com.android.ipsec/etc/compatconfig, skipping
01-01 01:30:20.731 1151 1151 D CompatConfig: No directory /apex/com.android.i18n/etc/compatconfig, skipping
01-01 01:30:20.731 1151 1151 D CompatConfig: No directory /apex/com.android.extservices/etc/compatconfig, skipping
01-01 01:30:20.731 1151 1151 D CompatConfig: No directory /apex/com.android.conscrypt/etc/compatconfig, skipping
01-01 01:30:20.732 1151 1151 D CompatConfig: Found a config file: /apex/com.android.art/etc/compatconfig/libcore-platform-compat-config.xml
01-01 01:30:20.733 1151 1696 I SystemConfig: Reading permissions from /system_ext/etc/permissions/com.qti.location.sdk.xml
01-01 01:30:20.735 1151 1151 D CompatConfig: Adding: com.android.server.compat.config.Change@6b1be0e
01-01 01:30:20.736 1151 1696 I SystemConfig: Reading permissions from /system_ext/etc/permissions/qti_permissions.xml
01-01 01:30:20.736 1151 1151 D CompatConfig: Adding: com.android.server.compat.config.Change@ff3763c
01-01 01:30:20.737 1151 1151 D CompatConfig: Adding: com.android.server.compat.config.Change@717cfc5
01-01 01:30:20.738 1151 1151 D CompatConfig: Adding: com.android.server.compat.config.Change@dcfad1a
01-01 01:30:20.739 1151 1696 I SystemConfig: Reading permissions from /system_ext/etc/permissions/dpmapi.xml
01-01 01:30:20.739 1151 1151 D CompatConfig: Adding: com.android.server.compat.config.Change@a9fba28
01-01 01:30:20.741 1151 1696 I SystemConfig: Reading permissions from /system_ext/etc/permissions/wfd-system-ext-privapp-permissions-qti.xml
01-01 01:30:20.741 1151 1151 D CompatConfig: No directory /apex/com.android.appsearch/etc/compatconfig, skipping
01-01 01:30:20.742 1151 1151 D CompatConfig: No directory /apex/com.android.adbd/etc/compatconfig, skipping
01-01 01:30:20.744 1151 1696 I SystemConfig: Reading permissions from /system_ext/etc/permissions/com.qualcomm.qmapbridge.xml
01-01 01:30:20.745 1151 1151 D SystemServerTiming: PlatformCompat took to complete: 274ms
01-01 01:30:20.746 1151 1151 I SystemServerTiming: StartFileIntegrityService
01-01 01:30:20.746 1151 1696 I SystemConfig: Reading permissions from /system_ext/etc/permissions/com.nxp.nfc.nq.xml
01-01 01:30:20.746 1151 1151 I SystemServiceManager: Starting com.android.server.security.FileIntegrityService
01-01 01:30:20.747 1151 1696 I SystemConfig: Reading permissions from /system_ext/etc/permissions/com.android.emergency.xml
01-01 01:30:20.749 1151 1696 I SystemConfig: Reading permissions from /system_ext/etc/permissions/embms.xml
01-01 01:30:20.751 1151 1696 I SystemConfig: Reading permissions from /system_ext/etc/permissions/com.android.systemui.xml
01-01 01:30:20.754 1151 1696 I SystemConfig: Reading permissions from /system_ext/etc/permissions/embms-noship_product_privapp_permissions_qti.xml
01-01 01:30:20.756 1151 1151 D SystemServerTiming: StartFileIntegrityService took to complete: 10ms
01-01 01:30:20.756 1151 1151 I SystemServerTiming: StartInstaller
01-01 01:30:20.757 1151 1151 I SystemServiceManager: Starting com.android.server.pm.Installer
01-01 01:30:20.758 1151 1696 I SystemConfig: Reading permissions from /system_ext/etc/permissions/qti_supplicant_interface.xml
01-01 01:30:20.760 1151 1696 I SystemConfig: Reading permissions from /system_ext/etc/permissions/qti_libpermissions.xml
01-01 01:30:20.762 1151 1696 I SystemConfig: Reading permissions from /system_ext/etc/permissions/com.qualcomm.qti.imscmservice-V2.1-java.xml
01-01 01:30:20.764 1151 1696 I SystemConfig: Reading permissions from /system_ext/etc/permissions/com.qualcomm.qti.izattools.xml
01-01 01:30:20.766 1151 1696 I SystemConfig: Reading permissions from /system_ext/etc/permissions/com.qualcomm.qti.imscmservice-V2.0-java.xml
01-01 01:30:20.770 1151 1696 I SystemConfig: Reading permissions from /system_ext/etc/permissions/com.qualcomm.qti.imscmservice.xml
01-01 01:30:20.772 1151 1696 I SystemConfig: Reading permissions from /system_ext/etc/permissions/com.qualcomm.qti.imscmservice-V2.2-java.xml
01-01 01:30:20.775 1151 1696 I SystemConfig: Reading permissions from /system_ext/etc/permissions/com.qualcomm.location.xml
01-01 01:30:20.778 1151 1151 D SystemServerTiming: StartInstaller took to complete: 21ms
01-01 01:30:20.778 1151 1151 I SystemServerTiming: DeviceIdentifiersPolicyService
01-01 01:30:20.778 1151 1151 I SystemServiceManager: Starting com.android.server.os.DeviceIdentifiersPolicyService
01-01 01:30:20.779 1151 1696 I SystemConfig: Reading permissions from /system_ext/etc/permissions/com.android.launcher3.xml
01-01 01:30:20.781 1151 1151 D SystemServerTiming: DeviceIdentifiersPolicyService took to complete: 3ms
01-01 01:30:20.781 1151 1151 I SystemServerTiming: UriGrantsManagerService
