01-01 02:26:31.061 0 0 I init : Sending signal 9 to service 'qvrd_vndr' (pid 30632) process group...
01-01 02:26:31.071 0 0 I libprocessgroup: Successfully killed process cgroup uid 1000 pid 30632 in 0ms
01-01 02:26:31.084 0 0 I init : Service 'sxrd' (pid 30645) exited with status 1
01-01 02:26:31.091 0 0 I init : Sending signal 9 to service 'sxrd' (pid 30645) process group...
01-01 02:26:31.099 0 0 I libprocessgroup: Successfully killed process cgroup uid 1000 pid 30645 in 0ms
01-01 02:26:31.103 0 0 W logd : Skipping entries from slow reader, pid 1286, fd 14, from LogBuffer::Prune()
08-24 14:41:04.864 30632 30632 F linker : CANNOT LINK EXECUTABLE "/vendor/bin/hw/qvrservice": library "vendor.qti.hardware.qxr-V1-ndk_platform.so" not found: needed by /vendor/lib64/libqvrservice.so in namespace (default)
01-01 02:26:31.168 0 0 W logd : Skipping entries from slow reader, pid 1286, fd 14, from LogBuffer::Prune()
08-24 14:41:04.892 30645 30645 F linker : CANNOT LINK EXECUTABLE "/vendor/bin/hw/sxrservice": library "vendor.qti.hardware.qxr-V1-ndk_platform.so" not found: needed by main executable
01-01 02:26:31.371 0 0 D : mv2112_read_status
01-01 02:26:31.374 0 0 D mv2112_update_link: 3.0x901(1G): 0x80
01-01 02:26:31.380 0 0 D mv2112_update_link: 3.0x8109(100M): 0x0
01-01 02:26:31.386 0 0 D mv2112_update_link: link 0x0
01-01 02:26:31.390 0 0 D mv2112_read_status: autoneg is disabled
01-01 02:26:31.400 0 0 W logd : Skipping entries from slow reader, pid 1286, fd 14, from LogBuffer::Prune()
01-01 02:26:31.640 0 0 W logd : Skipping entries from slow reader, pid 1286, fd 14, from LogBuffer::Prune()
01-01 02:26:31.905 0 0 W logd : Skipping entries from slow reader, pid 1286, fd 14, from LogBuffer::Prune()
01-01 02:26:32.378 0 0 W logd : Skipping entries from slow reader, pid 1286, fd 14, from LogBuffer::Prune()
01-01 02:26:32.395 0 0 D : mv2112_read_status
01-01 02:26:32.398 0 0 D mv2112_update_link: 3.0x901(1G): 0x80
01-01 02:26:32.404 0 0 D mv2112_update_link: 3.0x8109(100M): 0x0
01-01 02:26:32.409 0 0 D mv2112_update_link: link 0x0
01-01 02:26:32.413 0 0 D mv2112_read_status: autoneg is disabled
01-01 02:26:33.419 0 0 D : mv2112_read_status
01-01 02:26:33.422 0 0 D mv2112_update_link: 3.0x901(1G): 0x80
01-01 02:26:33.427 0 0 D mv2112_update_link: 3.0x8109(100M): 0x0
01-01 02:26:33.432 0 0 D mv2112_update_link: link 0x0
01-01 02:26:33.437 0 0 D mv2112_read_status: autoneg is disabled
01-01 02:26:34.443 0 0 D : mv2112_read_status
01-01 02:26:34.446 0 0 D mv2112_update_link: 3.0x901(1G): 0x80
01-01 02:26:34.454 0 0 D mv2112_update_link: 3.0x8109(100M): 0x0
01-01 02:26:34.459 0 0 D mv2112_update_link: link 0x0
01-01 02:26:34.464 0 0 D mv2112_read_status: autoneg is disabled
01-01 02:26:35.280 0 0 W logd : Skipping entries from slow reader, pid 1286, fd 14, from LogBuffer::Prune()
01-01 02:26:35.467 0 0 D : mv2112_read_status
01-01 02:26:35.470 0 0 D mv2112_update_link: 3.0x901(1G): 0x80
01-01 02:26:35.475 0 0 D mv2112_update_link: 3.0x8109(100M): 0x0
01-01 02:26:35.481 0 0 D mv2112_update_link: link 0x0
01-01 02:26:35.485 0 0 D mv2112_read_status: autoneg is disabled
01-01 02:26:35.566 0 0 W logd : Skipping entries from slow reader, pid 1286, fd 14, from LogBuffer::Prune()
01-01 02:26:35.860 0 0 W logd : Skipping entries from slow reader, pid 1286, fd 14, from LogBuffer::Prune()
01-01 02:26:36.016 0 0 I init : starting service 'qvrd_vndr'...
01-01 02:26:36.023 0 0 I init : Created socket '/dev/socket/qvrservice_vndr', mode 660, user 1000, group 1000
01-01 02:26:36.033 0 0 I init : Created socket '/dev/socket/qvrservice_vndr_camera', mode 660, user 1000, group 1000
01-01 02:26:36.062 0 0 I init : starting service 'sxrd'...
01-01 02:26:36.065 0 0 W logd : Skipping entries from slow reader, pid 1286, fd 14, from LogBuffer::Prune()
01-01 02:26:36.092 0 0 I init : Service 'qvrd_vndr' (pid 32563) exited with status 1
01-01 02:26:36.099 0 0 I init : Sending signal 9 to service 'qvrd_vndr' (pid 32563) process group...
01-01 02:26:36.108 0 0 I libprocessgroup: Successfully killed process cgroup uid 1000 pid 32563 in 0ms
01-01 02:26:36.130 0 0 I init : Service 'sxrd' (pid 32576) exited with status 1
01-01 02:26:36.137 0 0 I init : Sending signal 9 to service 'sxrd' (pid 32576) process group...
01-01 02:26:36.145 0 0 I libprocessgroup: Successfully killed process cgroup uid 1000 pid 32576 in 0ms
08-24 14:41:09.902 32563 32563 F linker : CANNOT LINK EXECUTABLE "/vendor/bin/hw/qvrservice": library "vendor.qti.hardware.qxr-V1-ndk_platform.so" not found: needed by /vendor/lib64/libqvrservice.so in namespace (default)
08-24 14:41:09.939 32576 32576 F linker : CANNOT LINK EXECUTABLE "/vendor/bin/hw/sxrservice": library "vendor.qti.hardware.qxr-V1-ndk_platform.so" not found: needed by main executable
01-01 02:26:36.273 0 0 W logd : Skipping entries from slow reader, pid 1286, fd 14, from LogBuffer::Prune()
01-01 02:26:36.309 0 0 W logd : Skipping entries from slow reader, pid 1286, fd 14, from LogBuffer::Prune()
01-01 02:26:36.491 0 0 D : mv2112_read_status
01-01 02:26:36.494 0 0 D mv2112_update_link: 3.0x901(1G): 0x80
01-01 02:26:36.500 0 0 D mv2112_update_link: 3.0x8109(100M): 0x0
01-01 02:26:36.507 0 0 D mv2112_update_link: link 0x0
01-01 02:26:36.513 0 0 D mv2112_read_status: autoneg is disabled
01-01 02:26:36.647 0 0 W logd : Skipping entries from slow reader, pid 1286, fd 14, from LogBuffer::Prune()
01-01 02:26:36.856 0 0 W logd : Skipping entries from slow reader, pid 1286, fd 14, from LogBuffer::Prune()
01-01 02:26:37.175 0 0 W logd : Skipping entries from slow reader, pid 1286, fd 14, from LogBuffer::Prune()
01-01 02:26:37.409 0 0 W logd : Skipping entries from slow reader, pid 1286, fd 14, from LogBuffer::Prune()
01-01 02:26:37.547 0 0 D : mv2112_read_status
01-01 02:26:37.550 0 0 D mv2112_update_link: 3.0x901(1G): 0x80
01-01 02:26:37.557 0 0 D mv2112_update_link: 3.0x8109(100M): 0x0
01-01 02:26:37.564 0 0 D mv2112_update_link: link 0x0
01-01 02:26:37.569 0 0 D mv2112_read_status: autoneg is disabled
01-01 02:26:38.571 0 0 D : mv2112_read_status
01-01 02:26:38.574 0 0 D mv2112_update_link: 3.0x901(1G): 0x80
01-01 02:26:38.583 0 0 D mv2112_update_link: 3.0x8109(100M): 0x0
01-01 02:26:38.588 0 0 D mv2112_update_link: link 0x0
01-01 02:26:38.592 0 0 D mv2112_read_status: autoneg is disabled
01-01 02:26:39.595 0 0 D : mv2112_read_status
01-01 02:26:39.598 0 0 D mv2112_update_link: 3.0x901(1G): 0x80
01-01 02:26:39.603 0 0 D mv2112_update_link: 3.0x8109(100M): 0x0
01-01 02:26:39.611 0 0 D mv2112_update_link: link 0x0
01-01 02:26:39.615 0 0 D mv2112_read_status: autoneg is disabled
01-01 02:26:40.356 0 0 W logd : Skipping entries from slow reader, pid 1286, fd 14, from LogBuffer::Prune()
01-01 02:26:40.619 0 0 D : mv2112_read_status
01-01 02:26:40.622 0 0 D mv2112_update_link: 3.0x901(1G): 0x80
01-01 02:26:40.624 0 0 W logd : Skipping entries from slow reader, pid 1286, fd 14, from LogBuffer::Prune()
01-01 02:26:40.631 0 0 D mv2112_update_link: 3.0x8109(100M): 0x0
01-01 02:26:40.641 0 0 D mv2112_update_link: link 0x0
01-01 02:26:40.645 0 0 D mv2112_read_status: autoneg is disabled
01-01 02:26:40.896 0 0 W logd : Skipping entries from slow reader, pid 1286, fd 14, from LogBuffer::Prune()
01-01 02:26:41.056 0 0 I init : starting service 'qvrd_vndr'...
01-01 02:26:41.064 0 0 I init : Created socket '/dev/socket/qvrservice_vndr', mode 660, user 1000, group 1000
01-01 02:26:41.075 0 0 W logd : Skipping entries from slow reader, pid 1286, fd 14, from LogBuffer::Prune()
01-01 02:26:41.078 0 0 I init : Created socket '/dev/socket/qvrservice_vndr_camera', mode 660, user 1000, group 1000
01-01 02:26:41.121 0 0 I init : starting service 'sxrd'...
01-01 02:26:41.167 0 0 I init : Service 'sxrd' (pid 3170) exited with status 1
01-01 02:26:41.174 0 0 I init : Sending signal 9 to service 'sxrd' (pid 3170) process group...
01-01 02:26:41.183 0 0 I libprocessgroup: Successfully killed process cgroup uid 1000 pid 3170 in 0ms
01-01 02:26:41.196 0 0 I init : Service 'qvrd_vndr' (pid 3153) exited with status 1
01-01 02:26:41.202 0 0 I init : Sending signal 9 to service 'qvrd_vndr' (pid 3153) process group...
01-01 02:26:41.211 0 0 I libprocessgroup: Successfully killed process cgroup uid 1000 pid 3153 in 0ms
08-24 14:41:14.976 3170 3170 F linker : CANNOT LINK EXECUTABLE "/vendor/bin/hw/sxrservice": library "vendor.qti.hardware.qxr-V1-ndk_platform.so" not found: needed by main executable
08-24 14:41:14.980 3153 3153 F linker : CANNOT LINK EXECUTABLE "/vendor/bin/hw/qvrservice": library "vendor.qti.hardware.qxr-V1-ndk_platform.so" not found: needed by /vendor/lib64/libqvrservice.so in namespace (default)
01-01 02:26:41.305 0 0 W logd : Skipping entries from slow reader, pid 1286, fd 14, from LogBuffer::Prune()
01-01 02:26:41.365 0 0 W logd : Skipping entries from slow reader, pid 1286, fd 14, from LogBuffer::Prune()
01-01 02:26:41.536 0 0 W logd : Skipping entries from slow reader, pid 1286, fd 14, from LogBuffer::Prune()
01-01 02:26:41.675 0 0 D : mv2112_read_status
01-01 02:26:41.679 0 0 D mv2112_update_link: 3.0x901(1G): 0x80
01-01 02:26:41.684 0 0 D mv2112_update_link: 3.0x8109(100M): 0x0
01-01 02:26:41.689 0 0 D mv2112_update_link: link 0x0
01-01 02:26:41.699 0 0 D mv2112_read_status: autoneg is disabled
01-01 02:26:41.783 0 0 W logd : Skipping entries from slow reader, pid 1286, fd 14, from LogBuffer::Prune()
01-01 02:26:42.032 0 0 W logd : Skipping entries from slow reader, pid 1286, fd 14, from LogBuffer::Prune()
01-01 02:26:42.359 0 0 W logd : Skipping entries from slow reader, pid 1286, fd 14, from LogBuffer::Prune()
08-24 14:41:16.417 1151 1722 V DisplayPowerController[0]: Brightness [0.05] reason changing to: 'manual [ dim ]', previous reason: 'manual'.
08-24 14:41:16.418 1151 1722 W PowerManagerService: Screen on took 140576 ms
08-24 14:41:16.428 1151 2190 E DisplayDeviceConfig: requesting nits when no mapping exists.
08-24 14:41:16.429 1151 2190 E DisplayDeviceConfig: requesting nits when no mapping exists.
08-24 14:41:16.430 1151 1703 I DropBoxManagerService: add tag=system_server_wtf isTagEnabled=true flags=0x2
08-24 14:41:16.435 1151 1703 I DropBoxManagerService: add tag=system_server_wtf isTagEnabled=true flags=0x2
08-24 14:41:16.445 1151 2190 E DisplayDeviceConfig: requesting nits when no mapping exists.
08-24 14:41:16.445 1151 2190 E DisplayDeviceConfig: requesting nits when no mapping exists.
08-24 14:41:16.448 1151 1703 I DropBoxManagerService: add tag=system_server_wtf isTagEnabled=true flags=0x2
08-24 14:41:16.452 1151 1703 I DropBoxManagerService: add tag=system_server_wtf isTagEnabled=true flags=0x2
08-24 14:41:16.463 1151 2190 E DisplayDeviceConfig: requesting nits when no mapping exists.
08-24 14:41:16.463 1151 2190 E DisplayDeviceConfig: requesting nits when no mapping exists.
08-24 14:41:16.467 1151 1703 I DropBoxManagerService: add tag=system_server_wtf isTagEnabled=true flags=0x2
08-24 14:41:16.484 1151 2190 E DisplayDeviceConfig: requesting nits when no mapping exists.
08-24 14:41:16.484 1151 2190 E DisplayDeviceConfig: requesting nits when no mapping exists.
01-01 02:26:42.731 0 0 D : mv2112_read_status
01-01 02:26:42.734 0 0 D mv2112_update_link: 3.0x901(1G): 0x80
01-01 02:26:42.743 0 0 D mv2112_update_link: 3.0x8109(100M): 0x0
01-01 02:26:42.750 0 0 D mv2112_update_link: link 0x0
08-24 14:41:16.499 1151 2190 E DisplayDeviceConfig: requesting nits when no mapping exists.
08-24 14:41:16.500 1151 2190 E DisplayDeviceConfig: requesting nits when no mapping exists.
01-01 02:26:42.755 0 0 D mv2112_read_status: autoneg is disabled
08-24 14:41:16.517 1151 2190 E DisplayDeviceConfig: requesting nits when no mapping exists.
08-24 14:41:16.517 1151 2190 E DisplayDeviceConfig: requesting nits when no mapping exists.
08-24 14:41:16.533 1151 2190 E DisplayDeviceConfig: requesting nits when no mapping exists.
08-24 14:41:16.533 1151 2190 E DisplayDeviceConfig: requesting nits when no mapping exists.
08-24 14:41:16.552 1151 2190 E DisplayDeviceConfig: requesting nits when no mapping exists.
08-24 14:41:16.552 1151 2190 E DisplayDeviceConfig: requesting nits when no mapping exists.
08-24 14:41:16.568 1151 2190 E DisplayDeviceConfig: requesting nits when no mapping exists.
08-24 14:41:16.569 1151 2190 E DisplayDeviceConfig: requesting nits when no mapping exists.
08-24 14:41:16.584 1151 2190 E DisplayDeviceConfig: requesting nits when no mapping exists.
08-24 14:41:16.584 1151 2190 E DisplayDeviceConfig: requesting nits when no mapping exists.
08-24 14:41:16.603 1151 2190 E DisplayDeviceConfig: requesting nits when no mapping exists.
08-24 14:41:16.603 1151 2190 E DisplayDeviceConfig: requesting nits when no mapping exists.
08-24 14:41:16.617 1151 2190 E DisplayDeviceConfig: requesting nits when no mapping exists.
08-24 14:41:16.618 1151 2190 E DisplayDeviceConfig: requesting nits when no mapping exists.
08-24 14:41:16.634 1151 2190 E DisplayDeviceConfig: requesting nits when no mapping exists.
08-24 14:41:16.634 1151 2190 E DisplayDeviceConfig: requesting nits when no mapping exists.
08-24 14:41:16.650 1151 2190 E DisplayDeviceConfig: requesting nits when no mapping exists.
08-24 14:41:16.651 1151 2190 E DisplayDeviceConfig: requesting nits when no mapping exists.
08-24 14:41:16.667 1151 2190 E DisplayDeviceConfig: requesting nits when no mapping exists.
08-24 14:41:16.667 1151 2190 E DisplayDeviceConfig: requesting nits when no mapping exists.
08-24 14:41:16.684 1151 2190 E DisplayDeviceConfig: requesting nits when no mapping exists.
08-24 14:41:16.684 1151 2190 E DisplayDeviceConfig: requesting nits when no mapping exists.
08-24 14:41:16.701 1151 2190 E DisplayDeviceConfig: requesting nits when no mapping exists.
08-24 14:41:16.701 1151 2190 E DisplayDeviceConfig: requesting nits when no mapping exists.
08-24 14:41:16.717 1151 2190 E DisplayDeviceConfig: requesting nits when no mapping exists.
08-24 14:41:16.717 1151 2190 E DisplayDeviceConfig: requesting nits when no mapping exists.
08-24 14:41:16.735 1151 2190 E DisplayDeviceConfig: requesting nits when no mapping exists.
08-24 14:41:16.735 1151 2190 E DisplayDeviceConfig: requesting nits when no mapping exists.
08-24 14:41:16.753 1151 2190 E DisplayDeviceConfig: requesting nits when no mapping exists.
08-24 14:41:16.753 1151 2190 E DisplayDeviceConfig: requesting nits when no mapping exists.
08-24 14:41:16.767 1151 2190 E DisplayDeviceConfig: requesting nits when no mapping exists.
08-24 14:41:16.768 1151 2190 E DisplayDeviceConfig: requesting nits when no mapping exists.
08-24 14:41:16.785 1151 2190 E DisplayDeviceConfig: requesting nits when no mapping exists.
08-24 14:41:16.786 1151 2190 E DisplayDeviceConfig: requesting nits when no mapping exists.
08-24 14:41:16.801 1151 2190 E DisplayDeviceConfig: requesting nits when no mapping exists.
08-24 14:41:16.801 1151 2190 E DisplayDeviceConfig: requesting nits when no mapping exists.
08-24 14:41:16.817 1151 2190 E DisplayDeviceConfig: requesting nits when no mapping exists.
08-24 14:41:16.818 1151 2190 E DisplayDeviceConfig: requesting nits when no mapping exists.
08-24 14:41:16.836 1151 2190 E DisplayDeviceConfig: requesting nits when no mapping exists.
08-24 14:41:16.837 1151 2190 E DisplayDeviceConfig: requesting nits when no mapping exists.
08-24 14:41:16.852 1151 2190 E DisplayDeviceConfig: requesting nits when no mapping exists.
08-24 14:41:16.853 1151 2190 E DisplayDeviceConfig: requesting nits when no mapping exists.
08-24 14:41:16.870 1151 2190 E DisplayDeviceConfig: requesting nits when no mapping exists.
08-24 14:41:16.871 1151 2190 E DisplayDeviceConfig: requesting nits when no mapping exists.
08-24 14:41:16.884 1151 2190 E DisplayDeviceConfig: requesting nits when no mapping exists.
08-24 14:41:16.884 1151 2190 E DisplayDeviceConfig: requesting nits when no mapping exists.
08-24 14:41:16.901 1151 2190 E DisplayDeviceConfig: requesting nits when no mapping exists.
08-24 14:41:16.901 1151 2190 E DisplayDeviceConfig: requesting nits when no mapping exists.
08-24 14:41:16.917 1151 2190 E DisplayDeviceConfig: requesting nits when no mapping exists.
08-24 14:41:16.918 1151 2190 E DisplayDeviceConfig: requesting nits when no mapping exists.
01-01 02:26:43.790 0 0 D : mv2112_read_status
01-01 02:26:43.795 0 0 D mv2112_update_link: 3.0x901(1G): 0x80
01-01 02:26:43.804 0 0 D mv2112_update_link: 3.0x8109(100M): 0x0
01-01 02:26:43.809 0 0 D mv2112_update_link: link 0x0
01-01 02:26:43.814 0 0 D mv2112_read_status: autoneg is disabled
01-01 02:26:44.844 0 0 D : mv2112_read_status
01-01 02:26:44.854 0 0 D mv2112_update_link: 3.0x901(1G): 0x80
01-01 02:26:44.861 0 0 D mv2112_update_link: 3.0x8109(100M): 0x0
01-01 02:26:44.866 0 0 D mv2112_update_link: link 0x0
01-01 02:26:44.871 0 0 D mv2112_read_status: autoneg is disabled
01-01 02:26:45.421 0 0 W logd : Skipping entries from slow reader, pid 1286, fd 14, from LogBuffer::Prune()
01-01 02:26:45.866 0 0 W logd : Skipping entries from slow reader, pid 1286, fd 14, from LogBuffer::Prune()
01-01 02:26:45.899 0 0 D : mv2112_read_status
01-01 02:26:45.902 0 0 D mv2112_update_link: 3.0x901(1G): 0x80
01-01 02:26:45.908 0 0 D mv2112_update_link: 3.0x8109(100M): 0x0
01-01 02:26:45.913 0 0 D mv2112_update_link: link 0x0
01-01 02:26:45.917 0 0 D mv2112_read_status: autoneg is disabled
01-01 02:26:46.114 0 0 I init : starting service 'qvrd_vndr'...
01-01 02:26:46.123 0 0 I init : Created socket '/dev/socket/qvrservice_vndr', mode 660, user 1000, group 1000
01-01 02:26:46.134 0 0 I init : Created socket '/dev/socket/qvrservice_vndr_camera', mode 660, user 1000, group 1000
01-01 02:26:46.162 0 0 I init : starting service 'sxrd'...
01-01 02:26:46.205 0 0 I init : Service 'sxrd' (pid 5284) exited with status 1
01-01 02:26:46.214 0 0 I init : Sending signal 9 to service 'sxrd' (pid 5284) process group...
01-01 02:26:46.222 0 0 I libprocessgroup: Successfully killed process cgroup uid 1000 pid 5284 in 0ms
01-01 02:26:46.233 0 0 I init : Service 'qvrd_vndr' (pid 5271) exited with status 1
01-01 02:26:46.240 0 0 I init : Sending signal 9 to service 'qvrd_vndr' (pid 5271) process group...
01-01 02:26:46.249 0 0 I libprocessgroup: Successfully killed process cgroup uid 1000 pid 5271 in 0ms
01-01 02:26:46.305 0 0 W logd : Skipping entries from slow reader, pid 1286, fd 14, from LogBuffer::Prune()
08-24 14:41:20.016 5284 5284 F linker : CANNOT LINK EXECUTABLE "/vendor/bin/hw/sxrservice": library "vendor.qti.hardware.qxr-V1-ndk_platform.so" not found: needed by main executable
08-24 14:41:20.017 5271 5271 F linker : CANNOT LINK EXECUTABLE "/vendor/bin/hw/qvrservice": library "vendor.qti.hardware.qxr-V1-ndk_platform.so" not found: needed by /vendor/lib64/libqvrservice.so in namespace (default)
01-01 02:26:46.471 0 0 W logd : Skipping entries from slow reader, pid 1286, fd 14, from LogBuffer::Prune()
01-01 02:26:46.631 0 0 W logd : Skipping entries from slow reader, pid 1286, fd 14, from LogBuffer::Prune()
01-01 02:26:46.808 0 0 W logd : Skipping entries from slow reader, pid 1286, fd 14, from LogBuffer::Prune()
01-01 02:26:46.926 0 0 D : mv2112_read_status
01-01 02:26:46.929 0 0 D mv2112_update_link: 3.0x901(1G): 0x80
01-01 02:26:46.938 0 0 D mv2112_update_link: 3.0x8109(100M): 0x0
01-01 02:26:46.944 0 0 D mv2112_update_link: link 0x0
01-01 02:26:46.948 0 0 D mv2112_read_status: autoneg is disabled
01-01 02:26:47.091 0 0 W logd : Skipping entries from slow reader, pid 1286, fd 14, from LogBuffer::Prune()
01-01 02:26:47.485 0 0 W logd : Skipping entries from slow reader, pid 1286, fd 14, from LogBuffer::Prune()
01-01 02:26:47.703 0 0 W logd : Skipping entries from slow reader, pid 1286, fd 14, from LogBuffer::Prune()
01-01 02:26:47.914 0 0 W logd : Skipping entries from slow reader, pid 1286, fd 14, from LogBuffer::Prune()
01-01 02:26:47.979 0 0 D : mv2112_read_status
01-01 02:26:47.985 0 0 D mv2112_update_link: 3.0x901(1G): 0x80
01-01 02:26:47.991 0 0 D mv2112_update_link: 3.0x8109(100M): 0x0
01-01 02:26:48.001 0 0 D mv2112_update_link: link 0x0
01-01 02:26:48.007 0 0 D mv2112_read_status: autoneg is disabled
01-01 02:26:49.037 0 0 D : mv2112_read_status
01-01 02:26:49.041 0 0 D mv2112_update_link: 3.0x901(1G): 0x80
01-01 02:26:49.046 0 0 D mv2112_update_link: 3.0x8109(100M): 0x0
01-01 02:26:49.051 0 0 D mv2112_update_link: link 0x0
01-01 02:26:49.055 0 0 D mv2112_read_status: autoneg is disabled
08-24 14:41:23.408 1151 1722 I PowerManagerService: Napping display group (groupId=0, uid=1000)...
08-24 14:41:23.408 1151 1722 I PowerManagerService: Nap time (uid 1000)...
08-24 14:41:23.410 1151 1722 I DreamManagerService: Entering dreamland.
08-24 14:41:23.420 1151 1722 I PowerManagerService: Dreaming...
08-24 14:41:23.427 1151 1689 I DreamController: Starting dream: name=ComponentInfo{com.android.deskclock/com.android.deskclock.Screensaver}, isTest=false, canDoze=false, userId=0
08-24 14:41:23.444 1151 1689 D AutofillManagerService: Close system dialogs
08-24 14:41:23.451 1151 3251 I ActivityTaskManager: START u0 {flg=0x10000000 pkg=com.android.deskclock cmp=com.android.deskclock/android.service.dreams.DreamActivity (has extras)} from uid 10069
08-24 14:41:23.468 1151 3251 W ActivityTaskManager: Can't find TaskDisplayArea to determine support for multi window. Task id=15 attached=false
08-24 14:41:23.479 1151 3251 V SplashScreenExceptionList: SplashScreen checking exception for package com.android.deskclock (target sdk:29) -> false
08-24 14:41:23.498 1151 15274 I ActivityTaskManager: The Process com.android.deskclock Already Exists in BG. So sending its PID: 3022
08-24 14:41:23.499 1151 15274 W ActivityTaskManager: Tried to set launchTime (0) < mLastActivityLaunchTime (2927136)
08-24 14:41:23.621 1151 1722 V DisplayPowerController[0]: Brightness [0.39763778] reason changing to: 'manual', previous reason: 'manual [ dim ]'.
08-24 14:41:23.623 1151 2190 E DisplayDeviceConfig: requesting nits when no mapping exists.
08-24 14:41:23.623 1151 2190 E DisplayDeviceConfig: requesting nits when no mapping exists.
08-24 14:41:23.636 1151 2190 E DisplayDeviceConfig: requesting nits when no mapping exists.
08-24 14:41:23.636 1151 2190 E DisplayDeviceConfig: requesting nits when no mapping exists.
08-24 14:41:23.650 1151 2190 E DisplayDeviceConfig: requesting nits when no mapping exists.
08-24 14:41:23.651 1151 2190 E DisplayDeviceConfig: requesting nits when no mapping exists.
08-24 14:41:23.668 1151 2190 E DisplayDeviceConfig: requesting nits when no mapping exists.
08-24 14:41:23.668 1151 2190 E DisplayDeviceConfig: requesting nits when no mapping exists.
08-24 14:41:23.686 1151 2190 E DisplayDeviceConfig: requesting nits when no mapping exists.
08-24 14:41:23.686 1151 2190 E DisplayDeviceConfig: requesting nits when no mapping exists.
08-24 14:41:23.702 1151 2190 E DisplayDeviceConfig: requesting nits when no mapping exists.
08-24 14:41:23.703 1151 2190 E DisplayDeviceConfig: requesting nits when no mapping exists.
01-01 02:26:50.059 0 0 D : mv2112_read_status
08-24 14:41:23.717 1151 2190 E DisplayDeviceConfig: requesting nits when no mapping exists.
08-24 14:41:23.721 1151 2190 E DisplayDeviceConfig: requesting nits when no mapping exists.
01-01 02:26:50.062 0 0 D mv2112_update_link: 3.0x901(1G): 0x80
01-01 02:26:50.074 0 0 D mv2112_update_link: 3.0x8109(100M): 0x0
01-01 02:26:50.083 0 0 D mv2112_update_link: link 0x0
08-24 14:41:23.736 1151 2190 E DisplayDeviceConfig: requesting nits when no mapping exists.
08-24 14:41:23.737 1151 2190 E DisplayDeviceConfig: requesting nits when no mapping exists.
08-24 14:41:23.752 1151 2190 E DisplayDeviceConfig: requesting nits when no mapping exists.
08-24 14:41:23.752 1151 2190 E DisplayDeviceConfig: requesting nits when no mapping exists.
08-24 14:41:23.768 1151 2190 E DisplayDeviceConfig: requesting nits when no mapping exists.
08-24 14:41:23.768 1151 2190 E DisplayDeviceConfig: requesting nits when no mapping exists.
08-24 14:41:23.785 1151 2190 E DisplayDeviceConfig: requesting nits when no mapping exists.
08-24 14:41:23.786 1151 2190 E DisplayDeviceConfig: requesting nits when no mapping exists.
01-01 02:26:50.089 0 0 D mv2112_read_status: autoneg is disabled
08-24 14:41:23.807 1151 2190 E DisplayDeviceConfig: requesting nits when no mapping exists.
08-24 14:41:23.807 1151 2190 E DisplayDeviceConfig: requesting nits when no mapping exists.
08-24 14:41:23.820 1151 2190 E DisplayDeviceConfig: requesting nits when no mapping exists.
08-24 14:41:23.821 1151 2190 E DisplayDeviceConfig: requesting nits when no mapping exists.
08-24 14:41:23.836 1151 2190 E DisplayDeviceConfig: requesting nits when no mapping exists.
08-24 14:41:23.837 1151 2190 E DisplayDeviceConfig: requesting nits when no mapping exists.
08-24 14:41:23.853 1151 2190 E DisplayDeviceConfig: requesting nits when no mapping exists.
08-24 14:41:23.854 1151 2190 E DisplayDeviceConfig: requesting nits when no mapping exists.
08-24 14:41:23.867 1151 2190 E DisplayDeviceConfig: requesting nits when no mapping exists.
08-24 14:41:23.872 1151 2190 E DisplayDeviceConfig: requesting nits when no mapping exists.
08-24 14:41:23.893 1151 2190 E DisplayDeviceConfig: requesting nits when no mapping exists.
08-24 14:41:23.894 1151 2190 E DisplayDeviceConfig: requesting nits when no mapping exists.
08-24 14:41:23.918 1151 2190 E DisplayDeviceConfig: requesting nits when no mapping exists.
08-24 14:41:23.918 1151 2190 E DisplayDeviceConfig: requesting nits when no mapping exists.
08-24 14:41:23.938 1151 2190 E DisplayDeviceConfig: requesting nits when no mapping exists.
08-24 14:41:23.939 1151 2190 E DisplayDeviceConfig: requesting nits when no mapping exists.
08-24 14:41:23.952 1151 2190 E DisplayDeviceConfig: requesting nits when no mapping exists.
08-24 14:41:23.952 1151 2190 E DisplayDeviceConfig: requesting nits when no mapping exists.
08-24 14:41:23.968 1151 2190 E DisplayDeviceConfig: requesting nits when no mapping exists.
08-24 14:41:23.968 1151 2190 E DisplayDeviceConfig: requesting nits when no mapping exists.
08-24 14:41:23.985 1151 2190 E DisplayDeviceConfig: requesting nits when no mapping exists.
08-24 14:41:23.985 1151 2190 E DisplayDeviceConfig: requesting nits when no mapping exists.
08-24 14:41:24.005 1151 2190 E DisplayDeviceConfig: requesting nits when no mapping exists.
08-24 14:41:24.008 1151 2190 E DisplayDeviceConfig: requesting nits when no mapping exists.
08-24 14:41:24.022 1151 2190 E DisplayDeviceConfig: requesting nits when no mapping exists.
08-24 14:41:24.023 1151 2190 E DisplayDeviceConfig: requesting nits when no mapping exists.
08-24 14:41:24.039 1151 2190 E DisplayDeviceConfig: requesting nits when no mapping exists.
08-24 14:41:24.040 1151 2190 E DisplayDeviceConfig: requesting nits when no mapping exists.
08-24 14:41:24.054 1151 2190 E DisplayDeviceConfig: requesting nits when no mapping exists.
08-24 14:41:24.055 1151 2190 E DisplayDeviceConfig: requesting nits when no mapping exists.
08-24 14:41:24.069 1151 2190 E DisplayDeviceConfig: requesting nits when no mapping exists.
08-24 14:41:24.070 1151 2190 E DisplayDeviceConfig: requesting nits when no mapping exists.
08-24 14:41:24.086 1151 2190 E DisplayDeviceConfig: requesting nits when no mapping exists.
08-24 14:41:24.087 1151 2190 E DisplayDeviceConfig: requesting nits when no mapping exists.
08-24 14:41:24.102 1151 2190 E DisplayDeviceConfig: requesting nits when no mapping exists.
08-24 14:41:24.103 1151 2190 E DisplayDeviceConfig: requesting nits when no mapping exists.
08-24 14:41:24.125 1151 2190 E DisplayDeviceConfig: requesting nits when no mapping exists.
08-24 14:41:24.126 1151 2190 E DisplayDeviceConfig: requesting nits when no mapping exists.
01-01 02:26:50.559 0 0 W logd : Skipping entries from slow reader, pid 1286, fd 14, from LogBuffer::Prune()
01-01 02:26:50.788 0 0 W logd : Skipping entries from slow reader, pid 1286, fd 14, from LogBuffer::Prune()
01-01 02:26:50.897 0 0 W logd : Skipping entries from slow reader, pid 1286, fd 14, from LogBuffer::Prune()
01-01 02:26:51.045 0 0 W logd : Skipping entries from slow reader, pid 1286, fd 14, from LogBuffer::Prune()
01-01 02:26:51.115 0 0 D : mv2112_read_status
01-01 02:26:51.118 0 0 D mv2112_update_link: 3.0x901(1G): 0x80
01-01 02:26:51.126 0 0 D mv2112_update_link: 3.0x8109(100M): 0x0
01-01 02:26:51.132 0 0 D mv2112_update_link: link 0x0
01-01 02:26:51.137 0 0 D mv2112_read_status: autoneg is disabled
01-01 02:26:51.156 0 0 I init : starting service 'qvrd_vndr'...
01-01 02:26:51.164 0 0 I init : Created socket '/dev/socket/qvrservice_vndr', mode 660, user 1000, group 1000
01-01 02:26:51.176 0 0 I init : Created socket '/dev/socket/qvrservice_vndr_camera', mode 660, user 1000, group 1000
01-01 02:26:51.207 0 0 I init : starting service 'sxrd'...
08-24 14:41:25.070 7086 7086 F linker : CANNOT LINK EXECUTABLE "/vendor/bin/hw/qvrservice": library "vendor.qti.hardware.qxr-V1-ndk_platform.so" not found: needed by /vendor/lib64/libqvrservice.so in namespace (default)
01-01 02:26:51.260 0 0 I init : Service 'qvrd_vndr' (pid 7086) exited with status 1
08-24 14:41:25.072 7094 7094 F linker : CANNOT LINK EXECUTABLE "/vendor/bin/hw/sxrservice": library "vendor.qti.hardware.qxr-V1-ndk_platform.so" not found: needed by main executable
01-01 02:26:51.268 0 0 I init : Sending signal 9 to service 'qvrd_vndr' (pid 7086) process group...
01-01 02:26:51.279 0 0 I libprocessgroup: Successfully killed process cgroup uid 1000 pid 7086 in 1ms
01-01 02:26:51.290 0 0 I init : Service 'sxrd' (pid 7094) exited with status 1
01-01 02:26:51.297 0 0 I init : Sending signal 9 to service 'sxrd' (pid 7094) process group...
01-01 02:26:51.304 0 0 I libprocessgroup: Successfully killed process cgroup uid 1000 pid 7094 in 0ms
01-01 02:26:51.341 0 0 W logd : Skipping entries from slow reader, pid 1286, fd 14, from LogBuffer::Prune()
01-01 02:26:51.770 0 0 W logd : Skipping entries from slow reader, pid 1286, fd 14, from LogBuffer::Prune()
01-01 02:26:51.780 0 0 W logd : Skipping entries from slow reader, pid 1286, fd 14, from LogBuffer::Prune()
01-01 02:26:52.171 0 0 D : mv2112_read_status
01-01 02:26:52.174 0 0 D mv2112_update_link: 3.0x901(1G): 0x80
01-01 02:26:52.181 0 0 D mv2112_update_link: 3.0x8109(100M): 0x0
01-01 02:26:52.186 0 0 D mv2112_update_link: link 0x0
01-01 02:26:52.191 0 0 D mv2112_read_status: autoneg is disabled
01-01 02:26:52.241 0 0 W logd : Skipping entries from slow reader, pid 1286, fd 14, from LogBuffer::Prune()
01-01 02:26:52.457 0 0 W logd : Skipping entries from slow reader, pid 1286, fd 14, from LogBuffer::Prune()
01-01 02:26:52.721 0 0 W logd : Skipping entries from slow reader, pid 1286, fd 14, from LogBuffer::Prune()
01-01 02:26:53.196 0 0 D : mv2112_read_status
01-01 02:26:53.200 0 0 D mv2112_update_link: 3.0x901(1G): 0x80
01-01 02:26:53.206 0 0 D mv2112_update_link: 3.0x8109(100M): 0x0
01-01 02:26:53.211 0 0 D mv2112_update_link: link 0x0
01-01 02:26:53.215 0 0 D mv2112_read_status: autoneg is disabled
01-01 02:26:54.220 0 0 D : mv2112_read_status
01-01 02:26:54.224 0 0 D mv2112_update_link: 3.0x901(1G): 0x80
01-01 02:26:54.229 0 0 D mv2112_update_link: 3.0x8109(100M): 0x0
01-01 02:26:54.237 0 0 D mv2112_update_link: link 0x0
01-01 02:26:54.241 0 0 D mv2112_read_status: autoneg is disabled
01-01 02:26:55.243 0 0 D : mv2112_read_status
01-01 02:26:55.246 0 0 D mv2112_update_link: 3.0x901(1G): 0x80
01-01 02:26:55.256 0 0 D mv2112_update_link: 3.0x8109(100M): 0x0
01-01 02:26:55.262 0 0 D mv2112_update_link: link 0x0
01-01 02:26:55.266 0 0 D mv2112_read_status: autoneg is disabled
01-01 02:26:55.644 0 0 W logd : Skipping entries from slow reader, pid 1286, fd 14, from LogBuffer::Prune()
01-01 02:26:55.739 0 0 W logd : Skipping entries from slow reader, pid 1286, fd 14, from LogBuffer::Prune()
01-01 02:26:55.905 0 0 W logd : Skipping entries from slow reader, pid 1286, fd 14, from LogBuffer::Prune()
01-01 02:26:56.200 0 0 I init : starting service 'qvrd_vndr'...
01-01 02:26:56.208 0 0 W logd : Skipping entries from slow reader, pid 1286, fd 14, from LogBuffer::Prune()
01-01 02:26:56.209 0 0 I init : Created socket '/dev/socket/qvrservice_vndr', mode 660, user 1000, group 1000
01-01 02:26:56.228 0 0 I init : Created socket '/dev/socket/qvrservice_vndr_camera', mode 660, user 1000, group 1000
01-01 02:26:56.262 0 0 I init : starting service 'sxrd'...
01-01 02:26:56.300 0 0 D : mv2112_read_status
01-01 02:26:56.304 0 0 D mv2112_update_link: 3.0x901(1G): 0x80
01-01 02:26:56.309 0 0 I init : Service 'qvrd_vndr' (pid 8771) exited with status 1
01-01 02:26:56.309 0 0 D mv2112_update_link: 3.0x8109(100M): 0x0
01-01 02:26:56.317 0 0 I init : Sending signal 9 to service 'qvrd_vndr' (pid 8771) process group...
01-01 02:26:56.322 0 0 D mv2112_update_link: link 0x0
01-01 02:26:56.330 0 0 I libprocessgroup: Successfully killed process cgroup uid 1000 pid 8771 in 0ms
01-01 02:26:56.334 0 0 D mv2112_read_status: autoneg is disabled
01-01 02:26:56.345 0 0 I init : Service 'sxrd' (pid 8787) exited with status 1
01-01 02:26:56.353 0 0 I init : Sending signal 9 to service 'sxrd' (pid 8787) process group...
01-01 02:26:56.361 0 0 I libprocessgroup: Successfully killed process cgroup uid 1000 pid 8787 in 0ms
08-24 14:41:30.117 8771 8771 F linker : CANNOT LINK EXECUTABLE "/vendor/bin/hw/qvrservice": library "vendor.qti.hardware.qxr-V1-ndk_platform.so" not found: needed by /vendor/lib64/libqvrservice.so in namespace (default)
08-24 14:41:30.125 8787 8787 F linker : CANNOT LINK EXECUTABLE "/vendor/bin/hw/sxrservice": library "vendor.qti.hardware.qxr-V1-ndk_platform.so" not found: needed by main executable
01-01 02:26:56.456 0 0 W logd : Skipping entries from slow reader, pid 1286, fd 14, from LogBuffer::Prune()
01-01 02:26:56.647 0 0 W logd : Skipping entries from slow reader, pid 1286, fd 14, from LogBuffer::Prune()
01-01 02:26:56.690 0 0 W logd : Skipping entries from slow reader, pid 1286, fd 14, from LogBuffer::Prune()
01-01 02:26:56.944 0 0 W logd : Skipping entries from slow reader, pid 1286, fd 14, from LogBuffer::Prune()
01-01 02:26:57.241 0 0 W logd : Skipping entries from slow reader, pid 1286, fd 14, from LogBuffer::Prune()
01-01 02:26:57.355 0 0 D : mv2112_read_status
01-01 02:26:57.358 0 0 D mv2112_update_link: 3.0x901(1G): 0x80
01-01 02:26:57.368 0 0 D mv2112_update_link: 3.0x8109(100M): 0x0
01-01 02:26:57.373 0 0 D mv2112_update_link: link 0x0
01-01 02:26:57.377 0 0 D mv2112_read_status: autoneg is disabled
01-01 02:26:57.564 0 0 W logd : Skipping entries from slow reader, pid 1286, fd 14, from LogBuffer::Prune()
01-01 02:26:58.411 0 0 D : mv2112_read_status
01-01 02:26:58.416 0 0 D mv2112_update_link: 3.0x901(1G): 0x80
01-01 02:26:58.422 0 0 D mv2112_update_link: 3.0x8109(100M): 0x0
01-01 02:26:58.427 0 0 D mv2112_update_link: link 0x0
01-01 02:26:58.432 0 0 D mv2112_read_status: autoneg is disabled
01-01 02:26:59.467 0 0 D : mv2112_read_status
01-01 02:26:59.470 0 0 D mv2112_update_link: 3.0x901(1G): 0x80
01-01 02:26:59.476 0 0 D mv2112_update_link: 3.0x8109(100M): 0x0
01-01 02:26:59.481 0 0 D mv2112_update_link: link 0x0
01-01 02:26:59.485 0 0 D mv2112_read_status: autoneg is disabled
01-01 02:27:00.491 0 0 D : mv2112_read_status
01-01 02:27:00.494 0 0 D mv2112_update_link: 3.0x901(1G): 0x80
01-01 02:27:00.500 0 0 D mv2112_update_link: 3.0x8109(100M): 0x0
01-01 02:27:00.505 0 0 D mv2112_update_link: link 0x0
01-01 02:27:00.510 0 0 D mv2112_read_status: autoneg is disabled
01-01 02:27:00.740 0 0 W logd : Skipping entries from slow reader, pid 1286, fd 14, from LogBuffer::Prune()
01-01 02:27:00.750 0 0 W logd : Skipping entries from slow reader, pid 1286, fd 14, from LogBuffer::Prune()
01-01 02:27:01.016 0 0 W logd : Skipping entries from slow reader, pid 1286, fd 14, from LogBuffer::Prune()
01-01 02:27:01.252 0 0 I init : starting service 'qvrd_vndr'...
01-01 02:27:01.260 0 0 I init : Created socket '/dev/socket/qvrservice_vndr', mode 660, user 1000, group 1000
01-01 02:27:01.275 0 0 I init : Created socket '/dev/socket/qvrservice_vndr_camera', mode 660, user 1000, group 1000
01-01 02:27:01.281 0 0 W logd : Skipping entries from slow reader, pid 1286, fd 14, from LogBuffer::Prune()
01-01 02:27:01.310 0 0 I init : starting service 'sxrd'...
01-01 02:27:01.348 0 0 I init : Service 'qvrd_vndr' (pid 10552) exited with status 1
01-01 02:27:01.358 0 0 I init : Sending signal 9 to service 'qvrd_vndr' (pid 10552) process group...
01-01 02:27:01.367 0 0 I libprocessgroup: Successfully killed process cgroup uid 1000 pid 10552 in 0ms
01-01 02:27:01.377 0 0 I init : Service 'sxrd' (pid 10562) exited with status 1
01-01 02:27:01.383 0 0 I init : Sending signal 9 to service 'sxrd' (pid 10562) process group...
01-01 02:27:01.391 0 0 I libprocessgroup: Successfully killed process cgroup uid 1000 pid 10562 in 0ms
08-24 14:41:35.146 10552 10552 F linker : CANNOT LINK EXECUTABLE "/vendor/bin/hw/qvrservice": library "vendor.qti.hardware.qxr-V1-ndk_platform.so" not found: needed by /vendor/lib64/libqvrservice.so in namespace (default)
08-24 14:41:35.163 10562 10562 F linker : CANNOT LINK EXECUTABLE "/vendor/bin/hw/sxrservice": library "vendor.qti.hardware.qxr-V1-ndk_platform.so" not found: needed by main executable
01-01 02:27:01.504 0 0 W logd : Skipping entries from slow reader, pid 1286, fd 14, from LogBuffer::Prune()
01-01 02:27:01.515 0 0 D : mv2112_read_status
01-01 02:27:01.518 0 0 D mv2112_update_link: 3.0x901(1G): 0x80
01-01 02:27:01.524 0 0 D mv2112_update_link: 3.0x8109(100M): 0x0
01-01 02:27:01.528 0 0 W logd : Skipping entries from slow reader, pid 1286, fd 14, from LogBuffer::Prune()
01-01 02:27:01.529 0 0 D mv2112_update_link: link 0x0
01-01 02:27:01.543 0 0 D mv2112_read_status: autoneg is disabled
01-01 02:27:01.852 0 0 W logd : Skipping entries from slow reader, pid 1286, fd 14, from LogBuffer::Prune()
01-01 02:27:02.115 0 0 W logd : Skipping entries from slow reader, pid 1286, fd 14, from LogBuffer::Prune()
01-01 02:27:02.379 0 0 W logd : Skipping entries from slow reader, pid 1286, fd 14, from LogBuffer::Prune()
01-01 02:27:02.570 0 0 W logd : Skipping entries from slow reader, pid 1286, fd 14, from LogBuffer::Prune()
01-01 02:27:02.579 0 0 D : mv2112_read_status
01-01 02:27:02.584 0 0 D mv2112_update_link: 3.0x901(1G): 0x80
01-01 02:27:02.589 0 0 D mv2112_update_link: 3.0x8109(100M): 0x0
01-01 02:27:02.594 0 0 D mv2112_update_link: link 0x0
01-01 02:27:02.598 0 0 D mv2112_read_status: autoneg is disabled
01-01 02:27:03.627 0 0 D : mv2112_read_status
01-01 02:27:03.630 0 0 D mv2112_update_link: 3.0x901(1G): 0x80
01-01 02:27:03.636 0 0 D mv2112_update_link: 3.0x8109(100M): 0x0
01-01 02:27:03.643 0 0 D mv2112_update_link: link 0x0
01-01 02:27:03.647 0 0 D mv2112_read_status: autoneg is disabled
01-01 02:27:04.651 0 0 D : mv2112_read_status
01-01 02:27:04.654 0 0 D mv2112_update_link: 3.0x901(1G): 0x80
01-01 02:27:04.660 0 0 D mv2112_update_link: 3.0x8109(100M): 0x0
01-01 02:27:04.665 0 0 D mv2112_update_link: link 0x0
01-01 02:27:04.670 0 0 D mv2112_read_status: autoneg is disabled
01-01 02:27:05.675 0 0 D : mv2112_read_status
01-01 02:27:05.678 0 0 D mv2112_update_link: 3.0x901(1G): 0x80
01-01 02:27:05.683 0 0 D mv2112_update_link: 3.0x8109(100M): 0x0
01-01 02:27:05.688 0 0 D mv2112_update_link: link 0x0
01-01 02:27:05.693 0 0 D mv2112_read_status: autoneg is disabled
01-01 02:27:05.798 0 0 W logd : Skipping entries from slow reader, pid 1286, fd 14, from LogBuffer::Prune()
01-01 02:27:06.089 0 0 W logd : Skipping entries from slow reader, pid 1286, fd 14, from LogBuffer::Prune()
01-01 02:27:06.289 0 0 W logd : Skipping entries from slow reader, pid 1286, fd 14, from LogBuffer::Prune()
01-01 02:27:06.296 0 0 I init : starting service 'qvrd_vndr'...
01-01 02:27:06.304 0 0 I init : Created socket '/dev/socket/qvrservice_vndr', mode 660, user 1000, group 1000
01-01 02:27:06.316 0 0 I init : Created socket '/dev/socket/qvrservice_vndr_camera', mode 660, user 1000, group 1000
01-01 02:27:06.345 0 0 I init : starting service 'sxrd'...
01-01 02:27:06.395 0 0 I init : Service 'qvrd_vndr' (pid 12389) exited with status 1
01-01 02:27:06.403 0 0 I init : Sending signal 9 to service 'qvrd_vndr' (pid 12389) process group...
01-01 02:27:06.411 0 0 W logd : Skipping entries from slow reader, pid 1286, fd 14, from LogBuffer::Prune()
01-01 02:27:06.412 0 0 I libprocessgroup: Successfully killed process cgroup uid 1000 pid 12389 in 0ms
08-24 14:41:40.205 12389 12389 F linker : CANNOT LINK EXECUTABLE "/vendor/bin/hw/qvrservice": library "vendor.qti.hardware.qxr-V1-ndk_platform.so" not found: needed by /vendor/lib64/libqvrservice.so in namespace (default)
08-24 14:41:40.211 12402 12402 F linker : CANNOT LINK EXECUTABLE "/vendor/bin/hw/sxrservice": library "vendor.qti.hardware.qxr-V1-ndk_platform.so" not found: needed by main executable
01-01 02:27:06.431 0 0 I init : Service 'sxrd' (pid 12402) exited with status 1
01-01 02:27:06.437 0 0 I init : Sending signal 9 to service 'sxrd' (pid 12402) process group...
01-01 02:27:06.445 0 0 I libprocessgroup: Successfully killed process cgroup uid 1000 pid 12402 in 0ms
01-01 02:27:06.600 0 0 W logd : Skipping entries from slow reader, pid 1286, fd 14, from LogBuffer::Prune()
01-01 02:27:06.699 0 0 D : mv2112_read_status
01-01 02:27:06.704 0 0 D mv2112_update_link: 3.0x901(1G): 0x80
01-01 02:27:06.713 0 0 D mv2112_update_link: 3.0x8109(100M): 0x0
01-01 02:27:06.720 0 0 D mv2112_update_link: link 0x0
01-01 02:27:06.724 0 0 D mv2112_read_status: autoneg is disabled
01-01 02:27:06.846 0 0 W logd : Skipping entries from slow reader, pid 1286, fd 14, from LogBuffer::Prune()
01-01 02:27:07.211 0 0 W logd : Skipping entries from slow reader, pid 1286, fd 14, from LogBuffer::Prune()
01-01 02:27:07.433 0 0 W logd : Skipping entries from slow reader, pid 1286, fd 14, from LogBuffer::Prune()
01-01 02:27:07.632 0 0 W logd : Skipping entries from slow reader, pid 1286, fd 14, from LogBuffer::Prune()
01-01 02:27:07.721 0 0 I binder : 1151:1830 ioctl 400c620e 7509d725d8 returned -22
01-01 02:27:07.729 0 0 W logd : Skipping entries from slow reader, pid 1286, fd 14, from LogBuffer::Prune()
01-01 02:27:07.731 0 0 I binder : 1151:1830 ioctl c00c620f 7509d725b8 returned -22
01-01 02:27:07.755 0 0 D : mv2112_read_status
01-01 02:27:07.758 0 0 D mv2112_update_link: 3.0x901(1G): 0x80
01-01 02:27:07.765 0 0 D mv2112_update_link: 3.0x8109(100M): 0x0
01-01 02:27:07.771 0 0 D mv2112_update_link: link 0x0
01-01 02:27:07.775 0 0 D mv2112_read_status: autoneg is disabled
08-24 14:41:41.532 1151 1830 D ActivityManager: freezing 3961 com.qti.diagservices
08-24 14:41:41.539 1151 1830 E ActivityManager: Unable to freeze binder for 3961 com.qti.diagservices
08-24 14:41:41.542 1151 1830 D ActivityManager: froze 3961 com.qti.diagservices
08-24 14:41:41.557 1151 1830 E ActivityManager: Unable to freeze binder for 3961 com.qti.diagservices
08-24 14:41:41.558 1151 1830 I ActivityManager: Killing 3961:com.qti.diagservices/1000 (adj 955): Unable to freeze binder interface
08-24 14:41:41.727 1151 31500 W ActivityManager: Scheduling restart of crashed service com.qti.diagservices/.QTIDiagServices in 1000ms for start-requested
01-01 02:27:08.779 0 0 D : mv2112_read_status
01-01 02:27:08.784 0 0 D mv2112_update_link: 3.0x901(1G): 0x80
01-01 02:27:08.791 0 0 D mv2112_update_link: 3.0x8109(100M): 0x0
01-01 02:27:08.796 0 0 D mv2112_update_link: link 0x0
01-01 02:27:08.800 0 0 D mv2112_read_status: autoneg is disabled
08-24 14:41:42.729 1151 1703 D CompatibilityChangeReporter: Compat change id reported: 135634846; UID 1000; state: DISABLED
08-24 14:41:42.729 1151 1703 D CompatibilityChangeReporter: Compat change id reported: 177438394; UID 1000; state: DISABLED
08-24 14:41:42.729 1151 1703 D CompatibilityChangeReporter: Compat change id reported: 135772972; UID 1000; state: DISABLED
08-24 14:41:42.729 1151 1703 D CompatibilityChangeReporter: Compat change id reported: 135754954; UID 1000; state: ENABLED
08-24 14:41:42.780 1151 1704 W ActivityManager: Slow operation: 53ms so far, now at startProcess: returned from zygote!
08-24 14:41:42.781 1151 1704 W ActivityManager: Slow operation: 53ms so far, now at startProcess: done updating battery stats
08-24 14:41:42.781 1151 1704 W ActivityManager: Slow operation: 53ms so far, now at startProcess: building log message
08-24 14:41:42.781 1151 1704 I ActivityManager: Start proc 13310:com.qti.diagservices/1000 for service {com.qti.diagservices/com.qti.diagservices.QTIDiagServices}
08-24 14:41:42.781 1151 1704 W ActivityManager: Slow operation: 53ms so far, now at startProcess: starting to update pids map
08-24 14:41:42.782 1151 1704 W ActivityManager: Slow operation: 54ms so far, now at startProcess: done updating pids map
01-01 02:27:09.055 0 0 I binder : 13310:13310 ioctl 40046210 7fde61cbc4 returned -22
01-01 02:27:09.803 0 0 D : mv2112_read_status
01-01 02:27:09.807 0 0 D mv2112_update_link: 3.0x901(1G): 0x80
01-01 02:27:09.814 0 0 D mv2112_update_link: 3.0x8109(100M): 0x0
01-01 02:27:09.820 0 0 D mv2112_update_link: link 0x0
01-01 02:27:09.825 0 0 D mv2112_read_status: autoneg is disabled
01-01 02:27:10.824 0 0 W logd : Skipping entries from slow reader, pid 1286, fd 14, from LogBuffer::Prune()
01-01 02:27:10.827 0 0 D : mv2112_read_status
01-01 02:27:10.840 0 0 D mv2112_update_link: 3.0x901(1G): 0x80
01-01 02:27:10.845 0 0 D mv2112_update_link: 3.0x8109(100M): 0x0
01-01 02:27:10.851 0 0 D mv2112_update_link: link 0x0
01-01 02:27:10.855 0 0 D mv2112_read_status: autoneg is disabled
01-01 02:27:11.066 0 0 W logd : Skipping entries from slow reader, pid 1286, fd 14, from LogBuffer::Prune()
01-01 02:27:11.285 0 0 W logd : Skipping entries from slow reader, pid 1286, fd 14, from LogBuffer::Prune()
01-01 02:27:11.323 0 0 W logd : Skipping entries from slow reader, pid 1286, fd 14, from LogBuffer::Prune()
01-01 02:27:11.340 0 0 I init : starting service 'qvrd_vndr'...
01-01 02:27:11.347 0 0 I init : Created socket '/dev/socket/qvrservice_vndr', mode 660, user 1000, group 1000
01-01 02:27:11.359 0 0 I init : Created socket '/dev/socket/qvrservice_vndr_camera', mode 660, user 1000, group 1000
01-01 02:27:11.398 0 0 I init : starting service 'sxrd'...
01-01 02:27:11.450 0 0 I init : Service 'qvrd_vndr' (pid 14171) exited with status 1
01-01 02:27:11.457 0 0 I init : Sending signal 9 to service 'qvrd_vndr' (pid 14171) process group...
01-01 02:27:11.468 0 0 I libprocessgroup: Successfully killed process cgroup uid 1000 pid 14171 in 0ms
01-01 02:27:11.480 0 0 I init : Service 'sxrd' (pid 14184) exited with status 1
01-01 02:27:11.486 0 0 I init : Sending signal 9 to service 'sxrd' (pid 14184) process group...
01-01 02:27:11.495 0 0 I libprocessgroup: Successfully killed process cgroup uid 1000 pid 14184 in 0ms
08-24 14:41:45.260 14171 14171 F linker : CANNOT LINK EXECUTABLE "/vendor/bin/hw/qvrservice": library "vendor.qti.hardware.qxr-V1-ndk_platform.so" not found: needed by /vendor/lib64/libqvrservice.so in namespace (default)
08-24 14:41:45.263 14184 14184 F linker : CANNOT LINK EXECUTABLE "/vendor/bin/hw/sxrservice": library "vendor.qti.hardware.qxr-V1-ndk_platform.so" not found: needed by main executable
01-01 02:27:11.560 0 0 W logd : Skipping entries from slow reader, pid 1286, fd 14, from LogBuffer::Prune()
01-01 02:27:11.821 0 0 W logd : Skipping entries from slow reader, pid 1286, fd 14, from LogBuffer::Prune()
01-01 02:27:11.883 0 0 D : mv2112_read_status
01-01 02:27:11.888 0 0 D mv2112_update_link: 3.0x901(1G): 0x80
01-01 02:27:11.895 0 0 D mv2112_update_link: 3.0x8109(100M): 0x0
01-01 02:27:11.900 0 0 D mv2112_update_link: link 0x0
01-01 02:27:11.907 0 0 D mv2112_read_status: autoneg is disabled
01-01 02:27:12.122 0 0 W logd : Skipping entries from slow reader, pid 1286, fd 14, from LogBuffer::Prune()
01-01 02:27:12.382 0 0 W logd : Skipping entries from slow reader, pid 1286, fd 14, from LogBuffer::Prune()
01-01 02:27:12.615 0 0 W logd : Skipping entries from slow reader, pid 1286, fd 14, from LogBuffer::Prune()
01-01 02:27:12.635 0 0 W logd : Skipping entries from slow reader, pid 1286, fd 14, from LogBuffer::Prune()
01-01 02:27:12.939 0 0 D : mv2112_read_status
01-01 02:27:12.942 0 0 D mv2112_update_link: 3.0x901(1G): 0x80
01-01 02:27:12.949 0 0 D mv2112_update_link: 3.0x8109(100M): 0x0
01-01 02:27:12.955 0 0 D mv2112_update_link: link 0x0
01-01 02:27:12.959 0 0 D mv2112_read_status: autoneg is disabled
01-01 02:27:13.963 0 0 D : mv2112_read_status
01-01 02:27:13.966 0 0 D mv2112_update_link: 3.0x901(1G): 0x80
01-01 02:27:13.974 0 0 D mv2112_update_link: 3.0x8109(100M): 0x0
01-01 02:27:13.979 0 0 D mv2112_update_link: link 0x0
01-01 02:27:13.984 0 0 D mv2112_read_status: autoneg is disabled
01-01 02:27:14.987 0 0 D : mv2112_read_status
01-01 02:27:14.990 0 0 D mv2112_update_link: 3.0x901(1G): 0x80
01-01 02:27:15.000 0 0 D mv2112_update_link: 3.0x8109(100M): 0x0
01-01 02:27:15.005 0 0 D mv2112_update_link: link 0x0
01-01 02:27:15.011 0 0 D mv2112_read_status: autoneg is disabled
01-01 02:27:15.930 0 0 W logd : Skipping entries from slow reader, pid 1286, fd 14, from LogBuffer::Prune()
01-01 02:27:16.043 0 0 D : mv2112_read_status
01-01 02:27:16.046 0 0 D mv2112_update_link: 3.0x901(1G): 0x80
01-01 02:27:16.057 0 0 D mv2112_update_link: 3.0x8109(100M): 0x0
01-01 02:27:16.063 0 0 D mv2112_update_link: link 0x0
01-01 02:27:16.067 0 0 D mv2112_read_status: autoneg is disabled
01-01 02:27:16.088 0 0 W logd : Skipping entries from slow reader, pid 1286, fd 14, from LogBuffer::Prune()
01-01 02:27:16.293 0 0 W logd : Skipping entries from slow reader, pid 1286, fd 14, from LogBuffer::Prune()
01-01 02:27:16.393 0 0 I init : starting service 'qvrd_vndr'...
01-01 02:27:16.400 0 0 I init : Created socket '/dev/socket/qvrservice_vndr', mode 660, user 1000, group 1000
01-01 02:27:16.414 0 0 I init : Created socket '/dev/socket/qvrservice_vndr_camera', mode 660, user 1000, group 1000
01-01 02:27:16.441 0 0 W logd : Skipping entries from slow reader, pid 1286, fd 14, from LogBuffer::Prune()
01-01 02:27:16.445 0 0 I init : starting service 'sxrd'...
01-01 02:27:16.483 0 0 I init : Service 'qvrd_vndr' (pid 15950) exited with status 1
