01-01 02:24:54.319 0 0 I binder : 31202:31202 ioctl 40046210 7fde61cbc4 returned -22
08-24 14:39:27.982 1151 1856 I ActivityTaskManager: START u0 {act=android.intent.action.MAIN cmp=com.android.settings/.SubSettings (has extras)} from uid 1000
08-24 14:39:27.998 1151 1856 I ActivityTaskManager: The Process com.android.settings Already Exists in BG. So sending its PID: 28932
08-24 14:39:27.998 1151 1856 W ActivityTaskManager: Tried to set launchTime (0) < mLastActivityLaunchTime (3322482)
08-24 14:39:28.032 1151 3275 D CompatibilityChangeReporter: Compat change id reported: 135634846; UID 10093; state: DISABLED
08-24 14:39:28.032 1151 3275 D CompatibilityChangeReporter: Compat change id reported: 177438394; UID 10093; state: DISABLED
08-24 14:39:28.033 1151 3275 D CompatibilityChangeReporter: Compat change id reported: 135772972; UID 10093; state: DISABLED
08-24 14:39:28.033 1151 3275 D CompatibilityChangeReporter: Compat change id reported: 135754954; UID 10093; state: ENABLED
08-24 14:39:28.033 1151 1704 D CompatibilityChangeReporter: Compat change id reported: 143937733; UID 10093; state: ENABLED
08-24 14:39:28.074 1151 1704 I ActivityManager: Start proc 31202:com.qualcomm.qti.qccauthmgr/u0a93 for content provider {com.qualcomm.qti.qccauthmgr/com.qualcomm.qti.qccauthmgr.providers.SMQContentProvider}
01-01 02:24:54.603 0 0 W logd : Skipping entries from slow reader, pid 1286, fd 14, from LogBuffer::Prune()
01-01 02:24:54.604 0 0 D : mv2112_read_status
01-01 02:24:54.604 0 0 D mv2112_update_link: 3.0x901(1G): 0x80
01-01 02:24:54.604 0 0 D mv2112_update_link: 3.0x8109(100M): 0x0
01-01 02:24:54.604 0 0 D mv2112_update_link: link 0x0
01-01 02:24:54.605 0 0 D mv2112_read_status: autoneg is disabled
01-01 02:24:54.769 0 0 W logd : Skipping entries from slow reader, pid 1286, fd 14, from LogBuffer::Prune()
08-24 14:39:28.533 1151 3250 D PackageManager: Instant App installer not found with android.intent.action.INSTALL_INSTANT_APP_PACKAGE
08-24 14:39:28.533 1151 3250 D PackageManager: Clear ephemeral installer activity
08-24 14:39:28.548 1151 3275 D PackageManager: Instant App installer not found with android.intent.action.INSTALL_INSTANT_APP_PACKAGE
08-24 14:39:28.548 1151 3275 D PackageManager: Clear ephemeral installer activity
08-24 14:39:28.553 1151 3275 D PackageManager: Instant App installer not found with android.intent.action.INSTALL_INSTANT_APP_PACKAGE
08-24 14:39:28.554 1151 3275 D PackageManager: Clear ephemeral installer activity
08-24 14:39:28.559 1151 3275 D PackageManager: Instant App installer not found with android.intent.action.INSTALL_INSTANT_APP_PACKAGE
08-24 14:39:28.559 1151 3275 D PackageManager: Clear ephemeral installer activity
08-24 14:39:28.565 1151 1856 D PackageManager: Instant App installer not found with android.intent.action.INSTALL_INSTANT_APP_PACKAGE
08-24 14:39:28.565 1151 1856 D PackageManager: Clear ephemeral installer activity
08-24 14:39:28.567 1151 2275 D PackageManager: Instant App installer not found with android.intent.action.INSTALL_INSTANT_APP_PACKAGE
08-24 14:39:28.567 1151 2275 D PackageManager: Clear ephemeral installer activity
08-24 14:39:28.569 1151 3250 D PackageManager: Instant App installer not found with android.intent.action.INSTALL_INSTANT_APP_PACKAGE
08-24 14:39:28.569 1151 3250 D PackageManager: Clear ephemeral installer activity
08-24 14:39:28.581 1151 3250 D PackageManager: Instant App installer not found with android.intent.action.INSTALL_INSTANT_APP_PACKAGE
08-24 14:39:28.581 1151 3250 D PackageManager: Clear ephemeral installer activity
01-01 02:24:54.942 0 0 W logd : Skipping entries from slow reader, pid 1286, fd 14, from LogBuffer::Prune()
01-01 02:24:55.141 0 0 I init : starting service 'qvrd_vndr'...
01-01 02:24:55.148 0 0 I init : Created socket '/dev/socket/qvrservice_vndr', mode 660, user 1000, group 1000
01-01 02:24:55.157 0 0 I init : Created socket '/dev/socket/qvrservice_vndr_camera', mode 660, user 1000, group 1000
01-01 02:24:55.175 0 0 I init : starting service 'sxrd'...
01-01 02:24:55.228 0 0 I init : Service 'sxrd' (pid 31372) exited with status 1
01-01 02:24:55.228 0 0 I init : Sending signal 9 to service 'sxrd' (pid 31372) process group...
01-01 02:24:55.229 0 0 I libprocessgroup: Successfully killed process cgroup uid 1000 pid 31372 in 0ms
01-01 02:24:55.232 0 0 I init : Service 'qvrd_vndr' (pid 31366) exited with status 1
01-01 02:24:55.232 0 0 I init : Sending signal 9 to service 'qvrd_vndr' (pid 31366) process group...
01-01 02:24:55.232 0 0 I libprocessgroup: Successfully killed process cgroup uid 1000 pid 31366 in 0ms
01-01 02:24:55.270 0 0 W logd : Skipping entries from slow reader, pid 1286, fd 14, from LogBuffer::Prune()
08-24 14:39:29.037 31366 31366 F linker : CANNOT LINK EXECUTABLE "/vendor/bin/hw/qvrservice": library "vendor.qti.hardware.qxr-V1-ndk_platform.so" not found: needed by /vendor/lib64/libqvrservice.so in namespace (default)
08-24 14:39:29.038 31372 31372 F linker : CANNOT LINK EXECUTABLE "/vendor/bin/hw/sxrservice": library "vendor.qti.hardware.qxr-V1-ndk_platform.so" not found: needed by main executable
01-01 02:24:55.343 0 0 I IRQ 5 : no longer affine to CPU7
08-24 14:39:29.162 1151 2275 I ActivityTaskManager: START u0 {act=android.intent.action.MAIN cmp=com.android.settings/.SubSettings (has extras)} from uid 1000
08-24 14:39:29.175 1151 3275 I ActivityTaskManager: The Process com.android.settings Already Exists in BG. So sending its PID: 28932
08-24 14:39:29.175 1151 3275 W ActivityTaskManager: Tried to set launchTime (0) < mLastActivityLaunchTime (3332384)
08-24 14:39:29.265 1151 3275 D CompatibilityChangeReporter: Compat change id reported: 171306433; UID 1000; state: ENABLED
08-24 14:39:29.302 1151 2760 D PackageManager: Instant App installer not found with android.intent.action.INSTALL_INSTANT_APP_PACKAGE
08-24 14:39:29.302 1151 2760 D PackageManager: Clear ephemeral installer activity
08-24 14:39:29.307 1151 3275 D TelephonyRegistry: listen oscl: mHasNotifySubscriptionInfoChangedOccurred==false no callback
01-01 02:24:55.627 0 0 D : mv2112_read_status
01-01 02:24:55.627 0 0 D mv2112_update_link: 3.0x901(1G): 0x80
01-01 02:24:55.627 0 0 D mv2112_update_link: 3.0x8109(100M): 0x0
01-01 02:24:55.627 0 0 D mv2112_update_link: link 0x0
01-01 02:24:55.627 0 0 D mv2112_read_status: autoneg is disabled
01-01 02:24:55.636 0 0 W logd : Skipping entries from slow reader, pid 1286, fd 14, from LogBuffer::Prune()
01-01 02:24:55.920 0 0 I binder : 31487:31487 ioctl 40046210 7fcd935024 returned -22
08-24 14:39:29.546 1151 2760 D CompatibilityChangeReporter: Compat change id reported: 135634846; UID 10098; state: DISABLED
08-24 14:39:29.546 1151 2760 D CompatibilityChangeReporter: Compat change id reported: 177438394; UID 10098; state: DISABLED
08-24 14:39:29.546 1151 2760 D CompatibilityChangeReporter: Compat change id reported: 135772972; UID 10098; state: DISABLED
08-24 14:39:29.546 1151 2760 D CompatibilityChangeReporter: Compat change id reported: 135754954; UID 10098; state: DISABLED
08-24 14:39:29.547 1151 1704 D CompatibilityChangeReporter: Compat change id reported: 143937733; UID 10098; state: DISABLED
08-24 14:39:29.566 1151 1689 D CompanionDeviceManagerService: onPackageModified(packageName = com.android.settings)
08-24 14:39:29.572 1151 1151 I Telecom : DefaultDialerCache: Refreshing default dialer for user 0: now null: DDC.oR@ACI
01-01 02:24:55.990 0 0 I binder : 31510:31510 ioctl 40046210 7fde61cbc4 returned -22
08-24 14:39:29.600 1151 2275 D PackageManager: Instant App installer not found with android.intent.action.INSTALL_INSTANT_APP_PACKAGE
08-24 14:39:29.600 1151 2275 D PackageManager: Clear ephemeral installer activity
08-24 14:39:29.648 1151 1702 W VoiceInteractionManager: no available voice recognition services found for user 0
08-24 14:39:29.683 1151 1704 W ActivityManager: Slow operation: 138ms so far, now at startProcess: returned from zygote!
08-24 14:39:29.684 1151 1704 W ActivityManager: Slow operation: 138ms so far, now at startProcess: done updating battery stats
08-24 14:39:29.684 1151 1704 W ActivityManager: Slow operation: 138ms so far, now at startProcess: building log message
08-24 14:39:29.684 1151 1704 I ActivityManager: Start proc 31510:com.android.permissioncontroller/u0a98 for service {com.android.permissioncontroller/com.android.permissioncontroller.role.service.RoleControllerServiceImpl}
08-24 14:39:29.684 1151 1704 W ActivityManager: Slow operation: 139ms so far, now at startProcess: starting to update pids map
08-24 14:39:29.685 1151 1704 W ActivityManager: Slow operation: 139ms so far, now at startProcess: done updating pids map
01-01 02:24:56.651 0 0 D : mv2112_read_status
01-01 02:24:56.651 0 0 D mv2112_update_link: 3.0x901(1G): 0x80
01-01 02:24:56.651 0 0 D mv2112_update_link: 3.0x8109(100M): 0x0
01-01 02:24:56.651 0 0 D mv2112_update_link: link 0x0
01-01 02:24:56.651 0 0 D mv2112_read_status: autoneg is disabled
08-24 14:39:30.616 1151 1689 D CompanionDeviceManagerService: onPackageModified(packageName = com.android.settings)
08-24 14:39:30.621 1151 1151 I Telecom : DefaultDialerCache: Refreshing default dialer for user 0: now null: DDC.oR@ACM
08-24 14:39:30.681 1151 1702 W VoiceInteractionManager: no available voice recognition services found for user 0
01-01 02:24:57.103 0 0 I IRQ 5 : no longer affine to CPU7
01-01 02:24:57.603 0 0 I IRQ 5 : no longer affine to CPU4
01-01 02:24:57.675 0 0 D : mv2112_read_status
01-01 02:24:57.675 0 0 D mv2112_update_link: 3.0x901(1G): 0x80
01-01 02:24:57.675 0 0 D mv2112_update_link: 3.0x8109(100M): 0x0
01-01 02:24:57.675 0 0 D mv2112_update_link: link 0x0
01-01 02:24:57.675 0 0 D mv2112_read_status: autoneg is disabled
01-01 02:24:57.897 0 0 W logd : Skipping entries from slow reader, pid 1286, fd 14, from LogBuffer::Prune()
08-24 14:39:31.535 1151 3830 E TaskPersister: File error accessing recents directory (directory doesn't exist?).
01-01 02:24:58.468 0 0 W logd : Skipping entries from slow reader, pid 1286, fd 14, from LogBuffer::Prune()
01-01 02:24:58.699 0 0 D : mv2112_read_status
01-01 02:24:58.699 0 0 D mv2112_update_link: 3.0x901(1G): 0x80
01-01 02:24:58.699 0 0 D mv2112_update_link: 3.0x8109(100M): 0x0
01-01 02:24:58.699 0 0 D mv2112_update_link: link 0x0
01-01 02:24:58.699 0 0 D mv2112_read_status: autoneg is disabled
08-24 14:39:32.817 1151 2302 I ActivityManager: Force stopping com.thundercomm.mcuupgrade appid=1000 user=0: from pid 28932
08-24 14:39:32.818 1151 2302 I ActivityManager: Killing 23882:com.thundercomm.mcuupgrade/1000 (adj 700): stop com.thundercomm.mcuupgrade due to from pid 28932
08-24 14:39:32.821 1151 2302 W ActivityTaskManager: Force removing ActivityRecord{4dff4dd u0 com.thundercomm.mcuupgrade/.MainActivity t13 f}}: app died, no saved state
08-24 14:39:32.825 1151 1702 W UsageStatsService: Unexpected activity event reported! (com.thundercomm.mcuupgrade/com.thundercomm.mcuupgrade.MainActivity event : 23 instanceId : 20780486)
08-24 14:39:32.842 1151 1693 W ActivityTaskManager: Can't find TaskDisplayArea to determine support for multi window. Task id=13 attached=false
08-24 14:39:32.842 1151 1693 W ActivityTaskManager: Can't find TaskDisplayArea to determine support for multi window. Task id=13 attached=false
01-01 02:24:59.102 0 0 W logd : Skipping entries from slow reader, pid 1286, fd 14, from LogBuffer::Prune()
01-01 02:24:59.394 0 0 W logd : Skipping entries from slow reader, pid 1286, fd 14, from LogBuffer::Prune()
08-24 14:39:33.297 1151 2302 V ActivityManager: Got obituary of 23882:com.thundercomm.mcuupgrade
08-24 14:39:33.298 1151 1692 W ActivityManager: setHasOverlayUi called on unknown pid: 23882
01-01 02:24:59.604 0 0 I IRQ 5 : no longer affine to CPU7
01-01 02:24:59.723 0 0 D : mv2112_read_status
01-01 02:24:59.724 0 0 D mv2112_update_link: 3.0x901(1G): 0x80
01-01 02:24:59.724 0 0 D mv2112_update_link: 3.0x8109(100M): 0x0
01-01 02:24:59.724 0 0 D mv2112_update_link: link 0x0
01-01 02:24:59.724 0 0 D mv2112_read_status: autoneg is disabled
01-01 02:24:59.731 0 0 W logd : Skipping entries from slow reader, pid 1286, fd 14, from LogBuffer::Prune()
01-01 02:25:00.036 0 0 W logd : Skipping entries from slow reader, pid 1286, fd 14, from LogBuffer::Prune()
01-01 02:25:00.151 0 0 W logd : Skipping entries from slow reader, pid 1286, fd 14, from LogBuffer::Prune()
01-01 02:25:00.153 0 0 W logd : Skipping entries from slow reader, pid 1286, fd 14, from LogBuffer::Prune()
01-01 02:25:00.171 0 0 I init : starting service 'qvrd_vndr'...
01-01 02:25:00.175 0 0 I init : Created socket '/dev/socket/qvrservice_vndr', mode 660, user 1000, group 1000
01-01 02:25:00.177 0 0 I init : Created socket '/dev/socket/qvrservice_vndr_camera', mode 660, user 1000, group 1000
01-01 02:25:00.207 0 0 I init : starting service 'sxrd'...
01-01 02:25:00.250 0 0 I init : Service 'qvrd_vndr' (pid 32493) exited with status 1
01-01 02:25:00.250 0 0 I init : Sending signal 9 to service 'qvrd_vndr' (pid 32493) process group...
01-01 02:25:00.251 0 0 I libprocessgroup: Successfully killed process cgroup uid 1000 pid 32493 in 0ms
01-01 02:25:00.270 0 0 I init : Service 'sxrd' (pid 32499) exited with status 1
01-01 02:25:00.270 0 0 I init : Sending signal 9 to service 'sxrd' (pid 32499) process group...
01-01 02:25:00.271 0 0 I libprocessgroup: Successfully killed process cgroup uid 1000 pid 32499 in 0ms
08-24 14:39:34.059 32493 32493 F linker : CANNOT LINK EXECUTABLE "/vendor/bin/hw/qvrservice": library "vendor.qti.hardware.qxr-V1-ndk_platform.so" not found: needed by /vendor/lib64/libqvrservice.so in namespace (default)
08-24 14:39:34.079 32499 32499 F linker : CANNOT LINK EXECUTABLE "/vendor/bin/hw/sxrservice": library "vendor.qti.hardware.qxr-V1-ndk_platform.so" not found: needed by main executable
01-01 02:25:00.391 0 0 W logd : Skipping entries from slow reader, pid 1286, fd 14, from LogBuffer::Prune()
01-01 02:25:00.747 0 0 D : mv2112_read_status
01-01 02:25:00.747 0 0 D mv2112_update_link: 3.0x901(1G): 0x80
01-01 02:25:00.748 0 0 D mv2112_update_link: 3.0x8109(100M): 0x0
01-01 02:25:00.748 0 0 D mv2112_update_link: link 0x0
01-01 02:25:00.748 0 0 D mv2112_read_status: autoneg is disabled
01-01 02:25:00.789 0 0 W logd : Skipping entries from slow reader, pid 1286, fd 14, from LogBuffer::Prune()
01-01 02:25:01.384 0 0 I IRQ 5 : no longer affine to CPU7
01-01 02:25:01.771 0 0 D : mv2112_read_status
01-01 02:25:01.771 0 0 D mv2112_update_link: 3.0x901(1G): 0x80
01-01 02:25:01.771 0 0 D mv2112_update_link: 3.0x8109(100M): 0x0
01-01 02:25:01.771 0 0 D mv2112_update_link: link 0x0
01-01 02:25:01.771 0 0 D mv2112_read_status: autoneg is disabled
01-01 02:25:02.083 0 0 I IRQ 5 : no longer affine to CPU4
01-01 02:25:02.504 0 0 I IRQ 5 : no longer affine to CPU7
08-24 14:39:36.383 1151 3830 E TaskPersister: File error accessing recents directory (directory doesn't exist?).
01-01 02:25:02.795 0 0 D : mv2112_read_status
01-01 02:25:02.795 0 0 D mv2112_update_link: 3.0x901(1G): 0x80
01-01 02:25:02.795 0 0 D mv2112_update_link: 3.0x8109(100M): 0x0
01-01 02:25:02.795 0 0 D mv2112_update_link: link 0x0
01-01 02:25:02.795 0 0 D mv2112_read_status: autoneg is disabled
01-01 02:25:02.984 0 0 W logd : Skipping entries from slow reader, pid 1286, fd 14, from LogBuffer::Prune()
01-01 02:25:03.367 0 0 W logd : Skipping entries from slow reader, pid 1286, fd 14, from LogBuffer::Prune()
01-01 02:25:03.693 0 0 W logd : Skipping entries from slow reader, pid 1286, fd 14, from LogBuffer::Prune()
01-01 02:25:03.811 0 0 W logd : Skipping entries from slow reader, pid 1286, fd 14, from LogBuffer::Prune()
01-01 02:25:03.819 0 0 D : mv2112_read_status
01-01 02:25:03.820 0 0 D mv2112_update_link: 3.0x901(1G): 0x80
01-01 02:25:03.821 0 0 D mv2112_update_link: 3.0x8109(100M): 0x0
01-01 02:25:03.821 0 0 D mv2112_update_link: link 0x0
01-01 02:25:03.821 0 0 D mv2112_read_status: autoneg is disabled
01-01 02:25:03.943 0 0 I IRQ 5 : no longer affine to CPU7
01-01 02:25:04.072 0 0 W logd : Skipping entries from slow reader, pid 1286, fd 14, from LogBuffer::Prune()
01-01 02:25:04.103 0 0 I IRQ 5 : no longer affine to CPU6
01-01 02:25:04.416 0 0 W logd : Skipping entries from slow reader, pid 1286, fd 14, from LogBuffer::Prune()
01-01 02:25:04.844 0 0 D : mv2112_read_status
01-01 02:25:04.844 0 0 D mv2112_update_link: 3.0x901(1G): 0x80
01-01 02:25:04.844 0 0 D mv2112_update_link: 3.0x8109(100M): 0x0
01-01 02:25:04.844 0 0 D mv2112_update_link: link 0x0
01-01 02:25:04.844 0 0 D mv2112_read_status: autoneg is disabled
01-01 02:25:05.082 0 0 W logd : Skipping entries from slow reader, pid 1286, fd 14, from LogBuffer::Prune()
01-01 02:25:05.195 0 0 I init : starting service 'qvrd_vndr'...
01-01 02:25:05.198 0 0 I init : Created socket '/dev/socket/qvrservice_vndr', mode 660, user 1000, group 1000
01-01 02:25:05.202 0 0 I init : Created socket '/dev/socket/qvrservice_vndr_camera', mode 660, user 1000, group 1000
01-01 02:25:05.239 0 0 I init : starting service 'sxrd'...
01-01 02:25:05.266 0 0 I init : Service 'sxrd' (pid 2029) exited with status 1
01-01 02:25:05.266 0 0 I init : Sending signal 9 to service 'sxrd' (pid 2029) process group...
01-01 02:25:05.266 0 0 I libprocessgroup: Successfully killed process cgroup uid 1000 pid 2029 in 0ms
01-01 02:25:05.292 0 0 I init : Service 'qvrd_vndr' (pid 2022) exited with status 1
01-01 02:25:05.292 0 0 I init : Sending signal 9 to service 'qvrd_vndr' (pid 2022) process group...
01-01 02:25:05.292 0 0 I libprocessgroup: Successfully killed process cgroup uid 1000 pid 2022 in 0ms
08-24 14:39:39.076 2029 2029 F linker : CANNOT LINK EXECUTABLE "/vendor/bin/hw/sxrservice": library "vendor.qti.hardware.qxr-V1-ndk_platform.so" not found: needed by main executable
01-01 02:25:05.381 0 0 W logd : Skipping entries from slow reader, pid 1286, fd 14, from LogBuffer::Prune()
01-01 02:25:05.383 0 0 I IRQ 5 : no longer affine to CPU7
08-24 14:39:39.100 2022 2022 F linker : CANNOT LINK EXECUTABLE "/vendor/bin/hw/qvrservice": library "vendor.qti.hardware.qxr-V1-ndk_platform.so" not found: needed by /vendor/lib64/libqvrservice.so in namespace (default)
01-01 02:25:05.425 0 0 D BUG : MAX_LOCKDEP_CHAINS too low!
01-01 02:25:05.429 0 0 D : turning off the locking correctness validator.
01-01 02:25:05.435 0 0 D : Please attach the output of /proc/lock_stat to the bug report
01-01 02:25:05.442 0 0 I : CPU: 1 PID: 520 Comm: logd.writer Tainted: G S W O 4.19.157+ #1
01-01 02:25:05.450 0 0 I Hardware name: Qualcomm Technologies, Inc. kona MTP-RmPM8150b (DT)
01-01 02:25:05.457 0 0 I Call trace:
01-01 02:25:05.460 0 0 I : dump_backtrace+0x0/0x258
01-01 02:25:05.464 0 0 I : show_stack+0x20/0x30
01-01 02:25:05.467 0 0 I : dump_stack+0xd8/0x12c
01-01 02:25:05.471 0 0 I : __lock_acquire+0x1df8/0x1e58
01-01 02:25:05.475 0 0 I : lock_acquire+0x1cc/0x218
01-01 02:25:05.479 0 0 I : _raw_spin_lock_irqsave+0x54/0x98
01-01 02:25:05.483 0 0 I : sched_update_nr_prod+0x4c/0x1b8
01-01 02:25:05.487 0 0 I : enqueue_task_fair+0x20d0/0x2338
01-01 02:25:05.492 0 0 I : ttwu_do_activate+0xfc/0x318
01-01 02:25:05.496 0 0 I : try_to_wake_up+0x65c/0x860
01-01 02:25:05.500 0 0 I : default_wake_function+0x34/0x48
01-01 02:25:05.504 0 0 I : autoremove_wake_function+0x38/0x78
01-01 02:25:05.509 0 0 I : __wake_up_common+0xe8/0x1c8
01-01 02:25:05.513 0 0 I : __wake_up_common_lock+0x7c/0xc8
01-01 02:25:05.517 0 0 I : __wake_up+0x3c/0x50
01-01 02:25:05.521 0 0 I : event_handler+0x324/0x788 [platform_dlkm]
01-01 02:25:05.526 0 0 I : q6asm_callback+0x4a4/0x12d0 [q6_dlkm]
01-01 02:25:05.531 0 0 I : apr_cb_func+0x800/0x980 [apr_dlkm]
01-01 02:25:05.536 0 0 I : apr_tal_rpmsg_callback+0x68/0xd0 [apr_dlkm]
01-01 02:25:05.541 0 0 I : qcom_glink_native_intr+0x76c/0x9e8
01-01 02:25:05.546 0 0 I : __handle_irq_event_percpu+0x1a4/0x3f8
01-01 02:25:05.551 0 0 I : handle_irq_event+0x60/0xd8
01-01 02:25:05.555 0 0 I : handle_level_irq+0x148/0x1e0
01-01 02:25:05.559 0 0 I : generic_handle_irq+0x30/0x48
01-01 02:25:05.563 0 0 I : qcom_ipcc_irq_fn+0x7c/0xe0
01-01 02:25:05.567 0 0 I : __handle_irq_event_percpu+0x1a4/0x3f8
01-01 02:25:05.572 0 0 I : handle_irq_event+0x60/0xd8
01-01 02:25:05.576 0 0 I : handle_fasteoi_irq+0x128/0x228
01-01 02:25:05.580 0 0 I : __handle_domain_irq+0xa0/0xf8
01-01 02:25:05.584 0 0 I : gic_handle_irq+0x160/0x1d8
01-01 02:25:05.588 0 0 I : el1_irq+0xec/0x198
01-01 02:25:05.591 0 0 I : kmem_cache_alloc+0x3e4/0x480
01-01 02:25:05.596 0 0 I : __alloc_file+0x30/0x170
01-01 02:25:05.599 0 0 I : alloc_empty_file+0x78/0xf0
01-01 02:25:05.603 0 0 I : path_openat+0x5c/0x14c0
01-01 02:25:05.607 0 0 I : do_filp_open+0x80/0x128
01-01 02:25:05.611 0 0 I : do_sys_open+0x140/0x250
01-01 02:25:05.614 0 0 I : __arm64_sys_openat+0x2c/0x38
01-01 02:25:05.618 0 0 I : el0_svc_common+0xa4/0x190
01-01 02:25:05.622 0 0 I : el0_svc_handler+0x6c/0x88
01-01 02:25:05.626 0 0 I : el0_svc+0x8/0xc
01-01 02:25:05.640 0 0 I afe_close: port_id = 0x9000
01-01 02:25:05.705 0 0 W logd : Skipping entries from slow reader, pid 1286, fd 14, from LogBuffer::Prune()
08-24 14:39:39.518 1151 3830 E TaskPersister: File error accessing recents directory (directory doesn't exist?).
01-01 02:25:05.867 0 0 D : mv2112_read_status
01-01 02:25:05.870 0 0 D mv2112_update_link: 3.0x901(1G): 0x80
01-01 02:25:05.878 0 0 D mv2112_update_link: 3.0x8109(100M): 0x0
01-01 02:25:05.884 0 0 D mv2112_update_link: link 0x0
01-01 02:25:05.888 0 0 D mv2112_read_status: autoneg is disabled
01-01 02:25:05.899 0 0 W logd : Skipping entries from slow reader, pid 1286, fd 14, from LogBuffer::Prune()
01-01 02:25:06.243 0 0 I IRQ 5 : no longer affine to CPU6
01-01 02:25:06.743 0 0 I IRQ 5 : no longer affine to CPU6
01-01 02:25:06.823 0 0 I afe_find_cal_topo_id_by_port: port id: 0x9000, dev_acdb_id: 0
01-01 02:25:06.830 0 0 I afe_find_cal_topo_id_by_port: top_id:112fc acdb_id:15 afe_port:0x9000
01-01 02:25:06.838 0 0 I afe_get_cal_topology_id: port_id = 0x9000 acdb_id = 15 topology_id = 0x112fc cal_type_index=8 ret=0
01-01 02:25:06.849 0 0 I afe_send_port_topology_id: AFE set topology id 0x112fc enable for port 0x9000 ret 0
01-01 02:25:06.858 0 0 I send_afe_cal_type: cal_index is 0
01-01 02:25:06.863 0 0 I send_afe_cal_type: dev_acdb_id[55] is 0
01-01 02:25:06.868 0 0 I send_afe_cal_type: Sending cal_index cal 0
01-01 02:25:06.873 0 0 E send_afe_cal_type: No cal sent for cal_index 0, port_id = 0x9000! ret -22
01-01 02:25:06.882 0 0 I afe_send_hw_delay: port_id 0x9000 rate 48000 delay_usec 474 status 0
01-01 02:25:06.891 0 0 D : mv2112_read_status
01-01 02:25:06.896 0 0 D mv2112_update_link: 3.0x901(1G): 0x80
01-01 02:25:06.904 0 0 D mv2112_update_link: 3.0x8109(100M): 0x0
01-01 02:25:06.909 0 0 D mv2112_update_link: link 0x0
01-01 02:25:06.917 0 0 D mv2112_read_status: autoneg is disabled
08-24 14:39:40.614 1151 1650 I ActivityTaskManager: START u0 {act=android.intent.action.MAIN cmp=com.android.settings/.SubSettings (has extras)} from uid 1000
08-24 14:39:40.620 1151 1650 D CompatibilityChangeReporter: Compat change id reported: 174042980; UID 1000; state: DISABLED
08-24 14:39:40.639 1151 2302 W OverlayManager: service 'idmap' died
08-24 14:39:40.660 1151 1650 D CompatibilityChangeReporter: Compat change id reported: 168419799; UID 1000; state: DISABLED
08-24 14:39:40.680 1151 2391 I ActivityTaskManager: The Process com.android.settings Already Exists in BG. So sending its PID: 28932
08-24 14:39:40.681 1151 2391 W ActivityTaskManager: Tried to set launchTime (0) < mLastActivityLaunchTime (3333561)
08-24 14:39:40.787 28932 28932 W CarrierConfigManager: Error getting config for subId -1 ICarrierConfigLoader is null
08-24 14:39:40.792 1151 2302 E UserRestrictionsUtils: Unknown restriction queried by uid 1000 (com.android.providers.settings et al): null
08-24 14:39:40.850 1151 1650 D PackageManager: Instant App installer not found with android.intent.action.INSTALL_INSTANT_APP_PACKAGE
08-24 14:39:40.850 1151 1650 D PackageManager: Clear ephemeral installer activity
08-24 14:39:40.857 1151 2391 D TelephonyRegistry: listen oscl: mHasNotifySubscriptionInfoChangedOccurred==false no callback
08-24 14:39:40.868 1151 2391 D TelephonyRegistry: listen oscl: mHasNotifySubscriptionInfoChangedOccurred==false no callback
08-24 14:39:40.963 1151 2391 D PackageManager: Instant App installer not found with android.intent.action.INSTALL_INSTANT_APP_PACKAGE
08-24 14:39:40.963 1151 2391 D PackageManager: Clear ephemeral installer activity
01-01 02:25:07.463 0 0 I IRQ 5 : no longer affine to CPU7
01-01 02:25:07.947 0 0 D : mv2112_read_status
01-01 02:25:07.950 0 0 D mv2112_update_link: 3.0x901(1G): 0x80
01-01 02:25:07.955 0 0 D mv2112_update_link: 3.0x8109(100M): 0x0
01-01 02:25:07.961 0 0 D mv2112_update_link: link 0x0
01-01 02:25:07.965 0 0 D mv2112_read_status: autoneg is disabled
01-01 02:25:07.990 0 0 W logd : Skipping entries from slow reader, pid 1286, fd 14, from LogBuffer::Prune()
01-01 02:25:08.124 0 0 I binder : 3549:3549 ioctl 40046210 7fd75f3a24 returned -22
01-01 02:25:08.145 0 0 W logd : Skipping entries from slow reader, pid 1286, fd 14, from LogBuffer::Prune()
08-24 14:39:41.868 1151 1689 D CompanionDeviceManagerService: onPackageModified(packageName = com.android.settings)
08-24 14:39:41.893 1151 1151 I Telecom : DefaultDialerCache: Refreshing default dialer for user 0: now null: DDC.oR@ACQ
08-24 14:39:41.915 1151 1702 W VoiceInteractionManager: no available voice recognition services found for user 0
01-01 02:25:08.283 0 0 I IRQ 5 : no longer affine to CPU5
01-01 02:25:08.286 0 0 W logd : Skipping entries from slow reader, pid 1286, fd 14, from LogBuffer::Prune()
01-01 02:25:08.550 0 0 W logd : Skipping entries from slow reader, pid 1286, fd 14, from LogBuffer::Prune()
01-01 02:25:08.895 0 0 W logd : Skipping entries from slow reader, pid 1286, fd 14, from LogBuffer::Prune()
01-01 02:25:08.971 0 0 D : mv2112_read_status
01-01 02:25:08.987 0 0 D mv2112_update_link: 3.0x901(1G): 0x80
01-01 02:25:08.993 0 0 D mv2112_update_link: 3.0x8109(100M): 0x0
01-01 02:25:09.002 0 0 D mv2112_update_link: link 0x0
01-01 02:25:09.006 0 0 D mv2112_read_status: autoneg is disabled
01-01 02:25:09.038 0 0 I : Wifi Turning On from UI
01-01 02:25:09.065 0 0 I : Wifi Turning On from UI
01-01 02:25:09.072 0 0 D cnss : Doing idle restart
01-01 02:25:09.076 0 0 D cnss : Posting event: IDLE_RESTART(13)-sync, state: 0x100 flags: 0x3
01-01 02:25:09.084 0 0 D cnss : PM stay awake, state: 0x100, count: 1
01-01 02:25:09.090 0 0 D cnss : Processing driver event: IDLE_RESTART-sync(13), state: 0x100
01-01 02:25:09.098 0 0 D cnss : Regulator vdd-wlan-io is being enabled
01-01 02:25:09.104 0 0 D cnss : Regulator wlan-ant-switch is being enabled
01-01 02:25:09.111 0 0 D cnss : Regulator vdd-wlan-aon is being enabled
01-01 02:25:09.117 0 0 D cnss : Regulator vdd-wlan-dig is being enabled
01-01 02:25:09.123 0 0 D cnss : Regulator vdd-wlan-rfa1 is being enabled
01-01 02:25:09.123 0 0 W logd : Skipping entries from slow reader, pid 1286, fd 14, from LogBuffer::Prune()
08-24 14:39:42.859 970 970 I android.hardware.wifi@1.0-service: Wifi HAL started
01-01 02:25:09.129 0 0 D cnss : Regulator vdd-wlan-rfa2 is being enabled
01-01 02:25:09.143 0 0 D cnss : BT_EN_GPIO State: On
01-01 02:25:09.148 0 0 D cnss : Assert WLAN_EN GPIO successfully
01-01 02:25:09.153 0 0 D cnss : Resuming PCI link
01-01 02:25:09.157 0 0 I msm_pcie_enable: PCIe: Assert the reset of endpoint of RC0.
01-01 02:25:09.168 0 0 I msm_pcie_enable: PCIe: RC0: PCIE20_PARF_INT_ALL_MASK: 0x7f80d202
01-01 02:25:09.178 0 0 I pcie_phy_init: PCIe RC0 PHY is ready!
01-01 02:25:09.193 0 0 I msm_pcie_enable: PCIe: Release the reset of endpoint of RC0.
01-01 02:25:09.217 0 0 I msm_pcie_link_train: PCIe RC0 link initialized
01-01 02:25:09.239 0 0 I cnss_pci 0000: 01:00.0: enabling device (0000 -> 0002)
01-01 02:25:09.245 0 0 D cnss : Config PCIe remap window register to 0x4000003f
01-01 02:25:09.252 0 0 D cnss : Read register offset 0x1f8031c, val = 0x6
01-01 02:25:09.258 0 0 D cnss : Write val 0x2 to register offset 0x1f8031c
01-01 02:25:09.263 0 0 D cnss : Setting MHI state: INIT(0)
01-01 02:25:09.268 0 0 D cnss : Setting MHI state: POWER_ON(2)
01-01 02:25:09.274 0 0 W cnss_pci 0000: 01:00.0: Falling back to syfs fallback for: qca6390/amss20.bin
01-01 02:25:09.290 0 0 I ueventd : firmware: loading 'qca6390/amss20.bin' for '/devices/platform/soc/1c00000.qcom,pcie/pci0000:00/0000:00:00.0/0000:01:00.0/firmware/qca6390!amss20.bin'
01-01 02:25:09.319 0 0 I ueventd : loading /devices/platform/soc/1c00000.qcom,pcie/pci0000:00/0000:00:00.0/0000:01:00.0/firmware/qca6390!amss20.bin took 29ms
01-01 02:25:09.375 0 0 W logd : Skipping entries from slow reader, pid 1286, fd 14, from LogBuffer::Prune()
01-01 02:25:09.605 0 0 W logd : Skipping entries from slow reader, pid 1286, fd 14, from LogBuffer::Prune()
01-01 02:25:09.635 0 0 W logd : Skipping entries from slow reader, pid 1286, fd 14, from LogBuffer::Prune()
01-01 02:25:09.706 0 0 D cnss : MHI status cb is called with reason MISSION_MODE(6)
01-01 02:25:09.713 0 0 D cnss : Completed event: IDLE_RESTART(13), state: 0x140, ret: 0/0
01-01 02:25:09.723 0 0 D cnss : PM relax, state: 0x140, count: 0
01-01 02:25:09.726 0 0 E : [drm:dp_display_init_aux_switch][msm-dp-err][23997]failed to register notifier (-22)
01-01 02:25:09.751 0 0 E swr-wcd rx_swr_ctrl: swrm_get_logical_dev_num: device 0xd01170224 is not ready
01-01 02:25:09.759 0 0 E swr_get_logical_dev_num: Error -22 to get logical addr for device d01170224
01-01 02:25:09.768 0 0 E swr-wcd rx_swr_ctrl: swrm_get_logical_dev_num: device 0xd01170224 is not ready
01-01 02:25:09.777 0 0 E swr_get_logical_dev_num: Error -22 to get logical addr for device d01170224
01-01 02:25:09.786 0 0 E swr-wcd rx_swr_ctrl: swrm_get_logical_dev_num: device 0xd01170224 is not ready
01-01 02:25:09.794 0 0 E swr_get_logical_dev_num: Error -22 to get logical addr for device d01170224
01-01 02:25:09.803 0 0 E swr-wcd rx_swr_ctrl: swrm_get_logical_dev_num: device 0xd01170224 is not ready
01-01 02:25:09.811 0 0 E swr_get_logical_dev_num: Error -22 to get logical addr for device d01170224
01-01 02:25:09.820 0 0 E swr-wcd rx_swr_ctrl: swrm_get_logical_dev_num: device 0xd01170224 is not ready
01-01 02:25:09.828 0 0 E swr_get_logical_dev_num: Error -22 to get logical addr for device d01170224
01-01 02:25:09.837 0 0 E wcd938x_codec wcd938x-codec: wcd938x_bind: Slave bind failed, ret = -517
01-01 02:25:09.841 0 0 W logd : Skipping entries from slow reader, pid 1286, fd 14, from LogBuffer::Prune()
01-01 02:25:09.850 0 0 E : [drm:dp_display_init_aux_switch][msm-dp-err][23997]failed to register notifier (-22)
01-01 02:25:09.869 0 0 E swr-wcd rx_swr_ctrl: swrm_get_logical_dev_num: device 0xd01170224 is not ready
01-01 02:25:09.877 0 0 E swr_get_logical_dev_num: Error -22 to get logical addr for device d01170224
01-01 02:25:09.886 0 0 E swr-wcd rx_swr_ctrl: swrm_get_logical_dev_num: device 0xd01170224 is not ready
01-01 02:25:09.894 0 0 E swr_get_logical_dev_num: Error -22 to get logical addr for device d01170224
01-01 02:25:09.903 0 0 E swr-wcd rx_swr_ctrl: swrm_get_logical_dev_num: device 0xd01170224 is not ready
08-24 14:39:43.646 1151 3830 E TaskPersister: File error accessing recents directory (directory doesn't exist?).
01-01 02:25:09.911 0 0 E swr_get_logical_dev_num: Error -22 to get logical addr for device d01170224
01-01 02:25:09.920 0 0 E swr-wcd rx_swr_ctrl: swrm_get_logical_dev_num: device 0xd01170224 is not ready
01-01 02:25:09.928 0 0 E swr_get_logical_dev_num: Error -22 to get logical addr for device d01170224
01-01 02:25:09.937 0 0 E swr-wcd rx_swr_ctrl: swrm_get_logical_dev_num: device 0xd01170224 is not ready
01-01 02:25:09.945 0 0 E swr_get_logical_dev_num: Error -22 to get logical addr for device d01170224
01-01 02:25:09.953 0 0 D cnss : WLFW server arriving: node 7 port 1
01-01 02:25:09.954 0 0 E wcd938x_codec wcd938x-codec: wcd938x_bind: Slave bind failed, ret = -517
01-01 02:25:09.959 0 0 D cnss : Posting event: SERVER_ARRIVE(0), state: 0x140 flags: 0x0
01-01 02:25:09.974 0 0 D cnss : PM stay awake, state: 0x140, count: 1
01-01 02:25:09.975 0 0 I cnss-daemon: pm_release_vote: pm_handle is NULL
01-01 02:25:09.975 0 0 I cnss-daemon: pm_release_vote: pm_handle is NULL
01-01 02:25:09.980 0 0 D cnss : PM relax, state: 0x140, count: 0
01-01 02:25:09.980 0 0 D cnss : PM stay awake, state: 0x140, count: 1
01-01 02:25:09.980 0 0 D cnss : Processing driver event: SERVER_ARRIVE(0), state: 0x140
01-01 02:25:09.980 0 0 I cnss : QMI WLFW service connected, state: 0x141
01-01 02:25:09.980 0 0 D cnss : Sending indication register message, state: 0x141
01-01 02:25:09.986 0 0 I cnss-daemon: wlfw_build_cal_table: not read /data/vendor/wifi/wlfw_cal_00.bin
01-01 02:25:09.992 0 0 I cnss-daemon: wlfw_build_cal_table: not read /data/vendor/wifi/wlfw_cal_02.bin
01-01 02:25:09.997 0 0 D cnss : Sending host capability message, state: 0x141
01-01 02:25:10.002 0 0 I cnss-daemon: wlfw_build_cal_table: not read /data/vendor/wifi/wlfw_cal_03.bin
01-01 02:25:10.002 0 0 I cnss-daemon: wlfw_build_cal_table: not read /data/vendor/wifi/wlfw_cal_04.bin
01-01 02:25:10.009 0 0 D cnss : Number of clients is 2
01-01 02:25:10.027 0 0 D : mv2112_read_status
01-01 02:25:10.030 0 0 D cnss : Assign MSI to user: WAKE, num_vectors: 1, user_base_data: 813, base_vector: 13
01-01 02:25:10.038 0 0 D mv2112_update_link: 3.0x901(1G): 0x80
01-01 02:25:10.044 0 0 D cnss : WAKE MSI base data is 813
01-01 02:25:10.044 0 0 D cnss : Calibration done is 1
01-01 02:25:10.044 0 0 D cnss : Sending iova starting 0xa0000000 with size 0x10010000
01-01 02:25:10.062 0 0 D cnss : Received QMI WLFW request memory indication
01-01 02:25:10.062 0 0 D cnss : PM relax, state: 0x141, count: 0
01-01 02:25:10.067 0 0 D mv2112_update_link: 3.0x8109(100M): 0x0
01-01 02:25:10.070 0 0 D cnss : FW requests for memory, size: 0x5e0000, type: 1
01-01 02:25:10.079 0 0 D mv2112_update_link: link 0x0
01-01 02:25:10.084 0 0 D cnss : FW requests for memory, size: 0xd8000, type: 4
01-01 02:25:10.088 0 0 D mv2112_read_status: autoneg is disabled
01-01 02:25:10.093 0 0 D cnss : Posting event: REQUEST_MEM(2), state: 0x141 flags: 0x0
01-01 02:25:10.143 0 0 D cnss : PM stay awake, state: 0x141, count: 1
01-01 02:25:10.148 0 0 D cnss : PM relax, state: 0x141, count: 0
01-01 02:25:10.149 0 0 D cnss : PM stay awake, state: 0x141, count: 1
01-01 02:25:10.159 0 0 D cnss : Processing driver event: REQUEST_MEM(2), state: 0x141
01-01 02:25:10.166 0 0 D cnss : Sending respond memory message, state: 0x141
01-01 02:25:10.172 0 0 D cnss : Memory for FW, va: 0xffffff8025b9b000, pa: 0x00000000a1000000, size: 0x5e0000, type: 1
01-01 02:25:10.181 0 0 D cnss : Memory for FW, va: 0xffffff8021401000, pa: 0x00000000a1600000, size: 0xd8000, type: 4
01-01 02:25:10.198 0 0 I cnss-daemon: wlfw_qmi_ind_cb: Receive Ind : 0x37
01-01 02:25:10.198 0 0 D cnss : PM relax, state: 0x141, count: 0
01-01 02:25:10.199 0 0 D cnss : Received QMI WLFW FW memory ready indication
01-01 02:25:10.215 0 0 D cnss : Posting event: FW_MEM_READY(3), state: 0x141 flags: 0x0
01-01 02:25:10.222 0 0 D cnss : PM stay awake, state: 0x141, count: 1
01-01 02:25:10.222 0 0 I init : starting service 'qvrd_vndr'...
01-01 02:25:10.227 0 0 D cnss : PM relax, state: 0x141, count: 0
01-01 02:25:10.227 0 0 D cnss : PM stay awake, state: 0x141, count: 1
01-01 02:25:10.227 0 0 D cnss : Processing driver event: FW_MEM_READY(3), state: 0x141
01-01 02:25:10.227 0 0 D cnss : Sending target capability message, state: 0x143
01-01 02:25:10.257 0 0 I init : Created socket '/dev/socket/qvrservice_vndr', mode 660, user 1000, group 1000
01-01 02:25:10.264 0 0 D cnss : Voltage for CPR: 948mV
01-01 02:25:10.267 0 0 I init : Created socket '/dev/socket/qvrservice_vndr_camera', mode 660, user 1000, group 1000
01-01 02:25:10.270 0 0 D cnss : Update TCS CMD data address 0x000000000b2e5844 with voltage 950mV
01-01 02:25:10.288 0 0 D cnss : Device frequency is 24000000 HZ
01-01 02:25:10.293 0 0 D cnss : Target capability: chip_id: 0x0, chip_family: 0xb, board_id: 0xff, soc_id: 0xffffffff, fw_version: 0x101a0521, fw_build_timestamp: 2021-12-20 07:54, fw_build_id: QC_IMAGE_VERSION_STRING=WLAN.HST.1.0.1.r1-01313-QCAHSTSWPL_SILICONZ-1, otp_version: 0x0
01-01 02:25:10.302 0 0 I init : starting service 'sxrd'...
01-01 02:25:10.318 0 0 D cnss : Sending BDF download message, state: 0x143, type: 4
01-01 02:25:10.329 0 0 D cnss : FW name added with prefix: qca6390/regdb.bin
01-01 02:25:10.335 0 0 W cnss2 b0000000.qcom,cnss-qca6390: Falling back to syfs fallback for: qca6390/regdb.bin
01-01 02:25:10.338 0 0 I init : Service 'qvrd_vndr' (pid 4316) exited with status 1
01-01 02:25:10.351 0 0 I init : Sending signal 9 to service 'qvrd_vndr' (pid 4316) process group...
01-01 02:25:10.351 0 0 I ueventd : firmware: loading 'qca6390/regdb.bin' for '/devices/platform/soc/b0000000.qcom,cnss-qca6390/firmware/qca6390!regdb.bin'
01-01 02:25:10.359 0 0 I libprocessgroup: Successfully killed process cgroup uid 1000 pid 4316 in 0ms
08-24 14:39:44.086 1151 21288 I ActivityTaskManager: START u0 {act=android.intent.action.MAIN cmp=com.android.settings/.SubSettings (has extras)} from uid 1000
01-01 02:25:10.382 0 0 I init : Service 'sxrd' (pid 4331) exited with status 1
01-01 02:25:10.383 0 0 E ueventd : firmware: could not find firmware for qca6390/regdb.bin
01-01 02:25:10.390 0 0 I init : Sending signal 9 to service 'sxrd' (pid 4331) process group...
01-01 02:25:10.395 0 0 E ueventd : firmware: attempted /etc/firmware/qca6390/regdb.bin, open failed: No such file or directory
01-01 02:25:10.395 0 0 E ueventd : firmware: attempted /odm/firmware/qca6390/regdb.bin, open failed: No such file or directory
01-01 02:25:10.403 0 0 I libprocessgroup: Successfully killed process cgroup uid 1000 pid 4331 in 0ms
08-24 14:39:44.108 1151 15274 I ActivityTaskManager: The Process com.android.settings Already Exists in BG. So sending its PID: 28932
08-24 14:39:44.112 1151 15274 W ActivityTaskManager: Tried to set launchTime (0) < mLastActivityLaunchTime (3345068)
08-24 14:39:44.130 4316 4316 F linker : CANNOT LINK EXECUTABLE "/vendor/bin/hw/qvrservice": library "vendor.qti.hardware.qxr-V1-ndk_platform.so" not found: needed by /vendor/lib64/libqvrservice.so in namespace (default)
01-01 02:25:10.414 0 0 E ueventd : firmware: attempted /vendor/firmware/qca6390/regdb.bin, open failed: No such file or directory
01-01 02:25:10.443 0 0 E ueventd : firmware: attempted /firmware/image/qca6390/regdb.bin, open failed: No such file or directory
01-01 02:25:10.454 0 0 E ueventd : firmware: attempted /vendor/firmware_mnt/image/qca6390/regdb.bin, open failed: No such file or directory
08-24 14:39:44.184 4331 4331 F linker : CANNOT LINK EXECUTABLE "/vendor/bin/hw/sxrservice": library "vendor.qti.hardware.qxr-V1-ndk_platform.so" not found: needed by main executable
01-01 02:25:10.466 0 0 I ueventd : loading /devices/platform/soc/b0000000.qcom,cnss-qca6390/firmware/qca6390!regdb.bin took 116ms
01-01 02:25:10.467 0 0 E cnss : Failed to load BDF: qca6390/regdb.bin
01-01 02:25:10.482 0 0 D cnss : Sending BDF download message, state: 0x143, type: 1
01-01 02:25:10.489 0 0 D cnss : FW name added with prefix: qca6390/bdwlan.elf
01-01 02:25:10.495 0 0 W cnss2 b0000000.qcom,cnss-qca6390: Falling back to syfs fallback for: qca6390/bdwlan.elf
01-01 02:25:10.516 0 0 D cnss : Downloading BDF: qca6390/bdwlan.elf, size: 57908
01-01 02:25:10.566 0 0 D cnss : Sending M3 information message, state: 0x143
01-01 02:25:10.572 0 0 D cnss : M3 memory, va: 0xffffff8022701000, pa: 0x00000000a1800000, size: 0x411bc
01-01 02:25:10.586 0 0 D cnss : PM relax, state: 0x143, count: 0
01-01 02:25:10.586 0 0 D cnss : Received QMI WLFW FW initialization done indication
01-01 02:25:10.599 0 0 D cnss : Posting event: FW_READY(4), state: 0x143 flags: 0x0
01-01 02:25:10.603 0 0 I IRQ 5 : no longer affine to CPU7
01-01 02:25:10.606 0 0 D cnss : PM stay awake, state: 0x143, count: 1
01-01 02:25:10.615 0 0 D cnss : PM relax, state: 0x143, count: 0
01-01 02:25:10.615 0 0 D cnss : PM stay awake, state: 0x143, count: 1
01-01 02:25:10.626 0 0 D cnss : Processing driver event: FW_READY(4), state: 0x143
01-01 02:25:10.632 0 0 D cnss : PCIE Gen speed not setup
01-01 02:25:10.637 0 0 I [kworke][0xf1973e683][14:39:44.449237] wlan: [339:I:HDD] hdd_pm_qos_add_request: 9360: Set cpu_mask 0f for affine_cores
01-01 02:25:10.649 0 0 I [kworke][0xf1977779f][14:39:44.461412] wlan: [339:I:HDD] hdd_pm_qos_add_request: 9362: Set cpu_mask 0f for affine_cores
01-01 02:25:10.662 0 0 D cnss : Sending ini sync request, state: 0x147, fw_log_mode: 1
01-01 02:25:10.673 0 0 I [kworke][0xf197e809e][14:39:44.485425] wlan: [339:I:HIF] Initializing Runtime PM wakelock &sc->prevent_linkdown_lock
01-01 02:25:10.685 0 0 I [kworke][0xf1981ffce][14:39:44.497361] wlan: [339:I:HIF] hif_pci_enable_bus: con_mode = 0x0, WLAN_SOC_device_id = 0x1101
01-01 02:25:10.698 0 0 I [kworke][0xf1985a049][14:39:44.509741] wlan: [339:I:HIF] hif_pci_enable_bus: hif_enable_pci done
01-01 02:25:10.708 0 0 I [kworke][0xf1988a61e][14:39:44.520059] wlan: [339:I:HIF] *********** QCA6390 *************
01-01 02:25:10.719 0 0 I [kworke][0xf198bebdf][14:39:44.531228] wlan: [339:I:HIF] hif_pci_enable_bus: hif_type = 0x12, target_type = 0x17
01-01 02:25:10.731 0 0 I [kworke][0xf198f4cbf][14:39:44.542760] wlan: [339:I:HIF] hif_register_tbl_attach: HIF_TYPE_QCA6390
01-01 02:25:10.741 0 0 I [kworke][0xf199250e2][14:39:44.553055] wlan: [339:I:HIF] hif_target_register_tbl_attach: TARGET_TYPE_QCA6390
01-01 02:25:10.752 0 0 I [kworke][0xf19959759][14:39:44.564235] wlan: [339:I:HIF] hif_pci_enable_bus:Skip tgt_wake up for srng devices
01-01 02:25:10.765 0 0 E [kworke][0xf19996db2][14:39:44.577333] wlan: [339:E:TXRX] hif_print_hal_shadow_register_cfg: num_config 28
01-01 02:25:10.776 0 0 I [kworke][0xf199ca639][14:39:44.588326] wlan: [339:I:TXRX] hif_print_hal_shadow_register_cfg: i 0, val a3b034
01-01 02:25:10.787 0 0 I [kworke][0xf199fed04][14:39:44.599510] wlan: [339:I:TXRX] hif_print_hal_shadow_register_cfg: i 1, val a3b03c
01-01 02:25:10.799 0 0 I [kworke][0xf19a33685][14:39:44.610730] wlan: [339:I:TXRX] hif_print_hal_shadow_register_cfg: i 2, val a3b044
01-01 02:25:10.810 0 0 I [kworke][0xf19a68441][14:39:44.622008] wlan: [339:I:TXRX] hif_print_hal_shadow_register_cfg: i 3, val a3b04c
01-01 02:25:10.821 0 0 I [kworke][0xf19a9cbe5][14:39:44.633202] wlan: [339:I:TXRX] hif_print_hal_shadow_register_cfg: i 4, val a3b054
01-01 02:25:10.832 0 0 I [kworke][0xf19ad121b][14:39:44.644378] wlan: [339:I:TXRX] hif_print_hal_shadow_register_cfg: i 5, val a3b028
01-01 02:25:10.843 0 0 I [kworke][0xf19b0580e][14:39:44.655551] wlan: [339:I:TXRX] hif_print_hal_shadow_register_cfg: i 6, val a3b020
01-01 02:25:10.855 0 0 I [kworke][0xf19b39e71][14:39:44.666729] wlan: [339:I:TXRX] hif_print_hal_shadow_register_cfg: i 7, val a3b06c
01-01 02:25:10.866 0 0 I [kworke][0xf19b6e49a][14:39:44.677905] wlan: [339:I:TXRX] hif_print_hal_shadow_register_cfg: i 8, val a46000
01-01 02:25:10.877 0 0 I [kworke][0xf19ba2aab][14:39:44.689079] wlan: [339:I:TXRX] hif_print_hal_shadow_register_cfg: i 9, val a46008
01-01 02:25:10.888 0 0 I [kworke][0xf19bd74e0][14:39:44.700309] wlan: [339:I:TXRX] hif_print_hal_shadow_register_cfg: i 10, val a46010
01-01 02:25:10.899 0 0 I [kworke][0xf19c0c278][14:39:44.711583] wlan: [339:I:TXRX] hif_print_hal_shadow_register_cfg: i 11, val a46018
01-01 02:25:10.911 0 0 I [kworke][0xf19c41029][14:39:44.722859] wlan: [339:I:TXRX] hif_print_hal_shadow_register_cfg: i 12, val a46034
01-01 02:25:10.922 0 0 I [kworke][0xf19c75c4e][14:39:44.734114] wlan: [339:I:TXRX] hif_print_hal_shadow_register_cfg: i 13, val a370b0
01-01 02:25:10.933 0 0 I [kworke][0xf19caa8fa][14:39:44.745376] wlan: [339:I:TXRX] hif_print_hal_shadow_register_cfg: i 14, val a37018
01-01 02:25:10.944 0 0 I [kworke][0xf19cdf5ee][14:39:44.756642] wlan: [339:I:TXRX] hif_print_hal_shadow_register_cfg: i 15, val a370c4
01-01 02:25:10.956 0 0 I [kworke][0xf19d142d7][14:39:44.767908] wlan: [339:I:TXRX] hif_print_hal_shadow_register_cfg: i 16, val a370cc
01-01 02:25:10.967 0 0 I [kworke][0xf19d49377][14:39:44.779224] wlan: [339:I:TXRX] hif_print_hal_shadow_register_cfg: i 17, val a370d4
01-01 02:25:10.978 0 0 I [kworke][0xf19d7e34e][14:39:44.790527] wlan: [339:I:TXRX] hif_print_hal_shadow_register_cfg: i 18, val a370dc
01-01 02:25:10.990 0 0 I [kworke][0xf19db3035][14:39:44.801793] wlan: [339:I:TXRX] hif_print_hal_shadow_register_cfg: i 19, val a00400
01-01 02:25:11.001 0 0 I [kworke][0xf19de7e19][14:39:44.813071] wlan: [339:I:TXRX] hif_print_hal_shadow_register_cfg: i 20, val a03400
01-01 02:25:11.012 0 0 I [kworke][0xf19e1caf6][14:39:44.824336] wlan: [339:I:TXRX] hif_print_hal_shadow_register_cfg: i 21, val a0340c
01-01 02:25:11.023 0 0 I [kworke][0xf19e516f4][14:39:44.835589] wlan: [339:I:TXRX] hif_print_hal_shadow_register_cfg: i 22, val a05400
01-01 02:25:11.035 0 0 I [kworke][0xf19e86362][14:39:44.846848] wlan: [339:I:TXRX] hif_print_hal_shadow_register_cfg: i 23, val a0540c
01-01 02:25:11.046 0 0 I [kworke][0xf19ebb088][14:39:44.858117] wlan: [339:I:TXRX] hif_print_hal_shadow_register_cfg: i 24, val a06400
01-01 02:25:11.057 0 0 I [kworke][0xf19eefdf6][14:39:44.869389] wlan: [339:I:TXRX] hif_print_hal_shadow_register_cfg: i 25, val a08400
01-01 02:25:11.069 0 0 I [kworke][0xf19f24c29][14:39:44.880673] wlan: [339:I:TXRX] hif_print_hal_shadow_register_cfg: i 26, val a0b400
01-01 02:25:11.080 0 0 I [kworke][0xf19f59d03][14:39:44.891992] wlan: [339:I:TXRX] hif_print_hal_shadow_register_cfg: i 27, val a0b40c
01-01 02:25:11.091 0 0 D cnss : Mode: 0, config: ffffff801a79b848, host_version: 5.2.022.10G
01-01 02:25:11.099 0 0 D cnss : Sending WLAN config message, state: 0x147
01-01 02:25:11.107 0 0 D cnss : Sending mode message, mode: MISSION(0), state: 0x147
01-01 02:25:11.115 0 0 D : mv2112_read_status
01-01 02:25:11.120 0 0 D mv2112_update_link: 3.0x901(1G): 0x80
01-01 02:25:11.126 0 0 D mv2112_update_link: 3.0x8109(100M): 0x0
01-01 02:25:11.131 0 0 D mv2112_update_link: link 0x0
01-01 02:25:11.136 0 0 D mv2112_read_status: autoneg is disabled
01-01 02:25:11.141 0 0 D cnss : Assign MSI to user: CE, num_vectors: 10, user_base_data: 803, base_vector: 3
01-01 02:25:11.141 0 0 D cnss : Received QMI WLFW pin connect result indication
01-01 02:25:11.157 0 0 D cnss : Pin connect Result: pwr_pin: 0x1 phy_io_pin: 0x0 rf_io_pin: 0x0
01-01 02:25:11.158 0 0 I [kworke][0xf1a0c85c4][14:39:44.970187] wlan: [339:I:HIF] ce_srng_dest_ring_setup: ce_id 1
01-01 02:25:11.174 0 0 D cnss : Assign MSI to user: CE, num_vectors: 10, user_base_data: 803, base_vector: 3
01-01 02:25:11.183 0 0 I [kworke][0xf1a13cd15][14:39:44.995031] wlan: [339:I:HIF] ce_srng_status_ring_setup: ce_id 1
01-01 02:25:11.193 0 0 D cnss : Assign MSI to user: CE, num_vectors: 10, user_base_data: 803, base_vector: 3
01-01 02:25:11.202 0 0 I [kworke][0xf1a1943cb][14:39:45.013680] wlan: [339:I:HIF] ce_srng_dest_ring_setup: ce_id 2
01-01 02:25:11.211 0 0 D cnss : Assign MSI to user: CE, num_vectors: 10, user_base_data: 803, base_vector: 3
01-01 02:25:11.220 0 0 I [kworke][0xf1a1ead3d][14:39:45.032153] wlan: [339:I:HIF] ce_srng_status_ring_setup: ce_id 2
01-01 02:25:11.230 0 0 D cnss : Assign MSI to user: CE, num_vectors: 10, user_base_data: 803, base_vector: 3
01-01 02:25:11.239 0 0 D cnss : Assign MSI to user: CE, num_vectors: 10, user_base_data: 803, base_vector: 3
01-01 02:25:11.260 0 0 I [kworke][0xf1a2a7751][14:39:45.072394] wlan: [339:I:HIF] ce_srng_dest_ring_setup: ce_id 5
01-01 02:25:11.270 0 0 D cnss : Assign MSI to user: CE, num_vectors: 10, user_base_data: 803, base_vector: 3
01-01 02:25:11.279 0 0 I [kworke][0xf1a2fe3e6][14:39:45.090909] wlan: [339:I:HIF] ce_srng_status_ring_setup: ce_id 5
01-01 02:25:11.288 0 0 D cnss : Assign MSI to user: CE, num_vectors: 10, user_base_data: 803, base_vector: 3
01-01 02:25:11.297 0 0 I [kworke][0xf1a355c99][14:39:45.109585] wlan: [339:I:HIF] hif_configure_irq: E
01-01 02:25:11.306 0 0 D cnss : Assign MSI to user: WAKE, num_vectors: 1, user_base_data: 813, base_vector: 13
01-01 02:25:11.315 0 0 D cnss : Get IRQ number 425 for vector index 13
01-01 02:25:11.320 0 0 D cnss : Assign MSI to user: CE, num_vectors: 10, user_base_data: 803, base_vector: 3
01-01 02:25:11.329 0 0 D cnss : Get IRQ number 415 for vector index 3
01-01 02:25:11.335 0 0 D cnss : Get IRQ number 416 for vector index 4
01-01 02:25:11.340 0 0 D cnss : Get IRQ number 417 for vector index 5
01-01 02:25:11.346 0 0 D cnss : Get IRQ number 418 for vector index 6
01-01 02:25:11.351 0 0 D cnss : Get IRQ number 420 for vector index 8
01-01 02:25:11.357 0 0 D cnss : Get IRQ number 421 for vector index 9
01-01 02:25:11.362 0 0 D cnss : Get IRQ number 423 for vector index 11
01-01 02:25:11.368 0 0 E [kworke][0xf1a4a0851][14:39:45.180141] wlan: [339:E:mlme] mlme_init_reg_cfg: 2374: null pdev
01-01 02:25:11.378 0 0 E [kworke][0xf1a4cea3c][14:39:45.189980] wlan: [339:E:WMI] WMI handle is NULL
01-01 02:25:11.386 0 0 I [kworke][0xf1a4f59d6][14:39:45.198295] wlan: [339:I:HIF] Initializing Runtime PM wakelock &p2p_soc_obj->roc_runtime_lock
01-01 02:25:11.398 0 0 D cnss : Platform cap_flag is 0x4
01-01 02:25:11.403 0 0 E [kworke][0xf1a5436a7][14:39:45.214892] wlan: [339:E:QDF] cds_get_context: 1486: Module ID 66 context is Null
01-01 02:25:11.445 0 0 E [kworke][0xf1a60823b][14:39:45.256860] wlan: [339:E:QDF] cds_get_context: 1486: Module ID 66 context is Null
01-01 02:25:11.463 0 0 I [kworke][0xf1a65ff0a][14:39:45.275592] wlan: [339:I:HIF] Initializing Runtime PM wakelock &psoc_wakelock->wmi_cmd_rsp_runtime_lock
01-01 02:25:11.479 0 0 F [kworke][0xf1a6aaef1][14:39:45.291589] wlan: [339:F:WMA] WMA --> wmi_unified_attach - success
01-01 02:25:11.492 0 0 I [kworke][0xf1a6e3d32][14:39:45.303727] wlan: [339:I:HIF] Initializing Runtime PM wakelock &vdev->vdev_set_key_runtime_wakelock
01-01 02:25:11.506 0 0 I [kworke][0xf1a728290][14:39:45.318305] wlan: [339:I:HIF] Initializing Runtime PM wakelock &vdev->vdev_set_key_runtime_wakelock
