01-01 02:19:59.691 0 0 D : mv2112_read_status
01-01 02:19:59.691 0 0 D mv2112_update_link: 3.0x901(1G): 0x80
01-01 02:19:59.691 0 0 D mv2112_update_link: 3.0x8109(100M): 0x0
01-01 02:19:59.691 0 0 D mv2112_update_link: link 0x0
01-01 02:19:59.691 0 0 D mv2112_read_status: autoneg is disabled
01-01 02:19:59.943 0 0 I IRQ 5 : no longer affine to CPU6
01-01 02:19:59.951 0 0 W logd : Skipping entries from slow reader, pid 1286, fd 14, from LogBuffer::Prune()
01-01 02:20:00.443 0 0 I IRQ 5 : no longer affine to CPU5
01-01 02:20:00.715 0 0 D : mv2112_read_status
01-01 02:20:00.715 0 0 D mv2112_update_link: 3.0x901(1G): 0x80
01-01 02:20:00.715 0 0 D mv2112_update_link: 3.0x8109(100M): 0x0
01-01 02:20:00.715 0 0 D mv2112_update_link: link 0x0
01-01 02:20:00.715 0 0 D mv2112_read_status: autoneg is disabled
01-01 02:20:01.739 0 0 D : mv2112_read_status
01-01 02:20:01.739 0 0 D mv2112_update_link: 3.0x901(1G): 0x80
01-01 02:20:01.739 0 0 D mv2112_update_link: 3.0x8109(100M): 0x0
01-01 02:20:01.739 0 0 D mv2112_update_link: link 0x0
01-01 02:20:01.739 0 0 D mv2112_read_status: autoneg is disabled
01-01 02:20:01.883 0 0 I IRQ 5 : no longer affine to CPU4
01-01 02:20:02.201 0 0 W logd : Skipping entries from slow reader, pid 1286, fd 14, from LogBuffer::Prune()
01-01 02:20:02.529 0 0 W logd : Skipping entries from slow reader, pid 1286, fd 14, from LogBuffer::Prune()
01-01 02:20:02.763 0 0 D : mv2112_read_status
01-01 02:20:02.763 0 0 D mv2112_update_link: 3.0x901(1G): 0x80
01-01 02:20:02.763 0 0 D mv2112_update_link: 3.0x8109(100M): 0x0
01-01 02:20:02.763 0 0 D mv2112_update_link: link 0x0
01-01 02:20:02.763 0 0 D mv2112_read_status: autoneg is disabled
01-01 02:20:02.900 0 0 W logd : Skipping entries from slow reader, pid 1286, fd 14, from LogBuffer::Prune()
01-01 02:20:02.943 0 0 I IRQ 5 : no longer affine to CPU5
01-01 02:20:03.217 0 0 I init : starting service 'qvrd_vndr'...
01-01 02:20:03.223 0 0 I init : Created socket '/dev/socket/qvrservice_vndr', mode 660, user 1000, group 1000
01-01 02:20:03.225 0 0 I init : Created socket '/dev/socket/qvrservice_vndr_camera', mode 660, user 1000, group 1000
01-01 02:20:03.244 0 0 W logd : Skipping entries from slow reader, pid 1286, fd 14, from LogBuffer::Prune()
01-01 02:20:03.269 0 0 I init : starting service 'sxrd'...
01-01 02:20:03.318 0 0 I init : Service 'qvrd_vndr' (pid 20252) exited with status 1
01-01 02:20:03.318 0 0 I init : Sending signal 9 to service 'qvrd_vndr' (pid 20252) process group...
01-01 02:20:03.318 0 0 I libprocessgroup: Successfully killed process cgroup uid 1000 pid 20252 in 0ms
01-01 02:20:03.339 0 0 I init : Service 'sxrd' (pid 20263) exited with status 1
01-01 02:20:03.339 0 0 I init : Sending signal 9 to service 'sxrd' (pid 20263) process group...
01-01 02:20:03.340 0 0 I libprocessgroup: Successfully killed process cgroup uid 1000 pid 20263 in 0ms
08-24 14:34:37.127 20252 20252 F linker : CANNOT LINK EXECUTABLE "/vendor/bin/hw/qvrservice": library "vendor.qti.hardware.qxr-V1-ndk_platform.so" not found: needed by /vendor/lib64/libqvrservice.so in namespace (default)
08-24 14:34:37.149 20263 20263 F linker : CANNOT LINK EXECUTABLE "/vendor/bin/hw/sxrservice": library "vendor.qti.hardware.qxr-V1-ndk_platform.so" not found: needed by main executable
01-01 02:20:03.597 0 0 W logd : Skipping entries from slow reader, pid 1286, fd 14, from LogBuffer::Prune()
01-01 02:20:03.663 0 0 I IRQ 5 : no longer affine to CPU4
01-01 02:20:03.693 0 0 W logd : Skipping entries from slow reader, pid 1286, fd 14, from LogBuffer::Prune()
01-01 02:20:03.787 0 0 D : mv2112_read_status
01-01 02:20:03.787 0 0 D mv2112_update_link: 3.0x901(1G): 0x80
01-01 02:20:03.787 0 0 D mv2112_update_link: 3.0x8109(100M): 0x0
01-01 02:20:03.787 0 0 D mv2112_update_link: link 0x0
01-01 02:20:03.787 0 0 D mv2112_read_status: autoneg is disabled
01-01 02:20:03.972 0 0 W logd : Skipping entries from slow reader, pid 1286, fd 14, from LogBuffer::Prune()
01-01 02:20:04.083 0 0 I IRQ 5 : no longer affine to CPU5
01-01 02:20:04.338 0 0 W logd : Skipping entries from slow reader, pid 1286, fd 14, from LogBuffer::Prune()
01-01 02:20:04.660 0 0 W logd : Skipping entries from slow reader, pid 1286, fd 14, from LogBuffer::Prune()
01-01 02:20:04.811 0 0 D : mv2112_read_status
01-01 02:20:04.811 0 0 D mv2112_update_link: 3.0x901(1G): 0x80
01-01 02:20:04.811 0 0 D mv2112_update_link: 3.0x8109(100M): 0x0
01-01 02:20:04.811 0 0 D mv2112_update_link: link 0x0
01-01 02:20:04.811 0 0 D mv2112_read_status: autoneg is disabled
01-01 02:20:05.035 0 0 W logd : Skipping entries from slow reader, pid 1286, fd 14, from LogBuffer::Prune()
01-01 02:20:05.835 0 0 D : mv2112_read_status
01-01 02:20:05.835 0 0 D mv2112_update_link: 3.0x901(1G): 0x80
01-01 02:20:05.835 0 0 D mv2112_update_link: 3.0x8109(100M): 0x0
01-01 02:20:05.835 0 0 D mv2112_update_link: link 0x0
01-01 02:20:05.835 0 0 D mv2112_read_status: autoneg is disabled
01-01 02:20:06.859 0 0 D : mv2112_read_status
01-01 02:20:06.859 0 0 D mv2112_update_link: 3.0x901(1G): 0x80
01-01 02:20:06.860 0 0 D mv2112_update_link: 3.0x8109(100M): 0x0
01-01 02:20:06.860 0 0 D mv2112_update_link: link 0x0
01-01 02:20:06.860 0 0 D mv2112_read_status: autoneg is disabled
01-01 02:20:07.003 0 0 I IRQ 5 : no longer affine to CPU5
01-01 02:20:07.427 0 0 W logd : Skipping entries from slow reader, pid 1286, fd 14, from LogBuffer::Prune()
01-01 02:20:07.775 0 0 W logd : Skipping entries from slow reader, pid 1286, fd 14, from LogBuffer::Prune()
01-01 02:20:07.883 0 0 D : mv2112_read_status
01-01 02:20:07.884 0 0 D mv2112_update_link: 3.0x901(1G): 0x80
01-01 02:20:07.884 0 0 D mv2112_update_link: 3.0x8109(100M): 0x0
01-01 02:20:07.884 0 0 D mv2112_update_link: link 0x0
01-01 02:20:07.884 0 0 D mv2112_read_status: autoneg is disabled
01-01 02:20:08.051 0 0 W logd : Skipping entries from slow reader, pid 1286, fd 14, from LogBuffer::Prune()
01-01 02:20:08.260 0 0 I init : starting service 'qvrd_vndr'...
01-01 02:20:08.264 0 0 I init : Created socket '/dev/socket/qvrservice_vndr', mode 660, user 1000, group 1000
01-01 02:20:08.268 0 0 I init : Created socket '/dev/socket/qvrservice_vndr_camera', mode 660, user 1000, group 1000
01-01 02:20:08.308 0 0 I init : starting service 'sxrd'...
01-01 02:20:08.361 0 0 I init : Service 'qvrd_vndr' (pid 21571) exited with status 1
01-01 02:20:08.361 0 0 I init : Sending signal 9 to service 'qvrd_vndr' (pid 21571) process group...
01-01 02:20:08.362 0 0 I libprocessgroup: Successfully killed process cgroup uid 1000 pid 21571 in 0ms
01-01 02:20:08.395 0 0 I init : Service 'sxrd' (pid 21584) exited with status 1
01-01 02:20:08.396 0 0 I init : Sending signal 9 to service 'sxrd' (pid 21584) process group...
01-01 02:20:08.396 0 0 I libprocessgroup: Successfully killed process cgroup uid 1000 pid 21584 in 0ms
01-01 02:20:08.429 0 0 W logd : Skipping entries from slow reader, pid 1286, fd 14, from LogBuffer::Prune()
01-01 02:20:08.463 0 0 I IRQ 5 : no longer affine to CPU5
08-24 14:34:42.169 21571 21571 F linker : CANNOT LINK EXECUTABLE "/vendor/bin/hw/qvrservice": library "vendor.qti.hardware.qxr-V1-ndk_platform.so" not found: needed by /vendor/lib64/libqvrservice.so in namespace (default)
08-24 14:34:42.205 21584 21584 F linker : CANNOT LINK EXECUTABLE "/vendor/bin/hw/sxrservice": library "vendor.qti.hardware.qxr-V1-ndk_platform.so" not found: needed by main executable
01-01 02:20:08.771 0 0 W logd : Skipping entries from slow reader, pid 1286, fd 14, from LogBuffer::Prune()
01-01 02:20:08.798 0 0 W logd : Skipping entries from slow reader, pid 1286, fd 14, from LogBuffer::Prune()
01-01 02:20:08.907 0 0 D : mv2112_read_status
01-01 02:20:08.907 0 0 D mv2112_update_link: 3.0x901(1G): 0x80
01-01 02:20:08.907 0 0 D mv2112_update_link: 3.0x8109(100M): 0x0
01-01 02:20:08.907 0 0 D mv2112_update_link: link 0x0
01-01 02:20:08.907 0 0 D mv2112_read_status: autoneg is disabled
01-01 02:20:09.003 0 0 I IRQ 5 : no longer affine to CPU6
01-01 02:20:09.105 0 0 W logd : Skipping entries from slow reader, pid 1286, fd 14, from LogBuffer::Prune()
01-01 02:20:09.491 0 0 W logd : Skipping entries from slow reader, pid 1286, fd 14, from LogBuffer::Prune()
01-01 02:20:09.623 0 0 I IRQ 5 : no longer affine to CPU5
01-01 02:20:09.853 0 0 W logd : Skipping entries from slow reader, pid 1286, fd 14, from LogBuffer::Prune()
01-01 02:20:09.931 0 0 D : mv2112_read_status
01-01 02:20:09.931 0 0 D mv2112_update_link: 3.0x901(1G): 0x80
01-01 02:20:09.931 0 0 D mv2112_update_link: 3.0x8109(100M): 0x0
01-01 02:20:09.931 0 0 D mv2112_update_link: link 0x0
01-01 02:20:09.931 0 0 D mv2112_read_status: autoneg is disabled
01-01 02:20:09.943 0 0 I IRQ 5 : no longer affine to CPU6
01-01 02:20:10.137 0 0 W logd : Skipping entries from slow reader, pid 1286, fd 14, from LogBuffer::Prune()
01-01 02:20:10.803 0 0 I IRQ 5 : no longer affine to CPU6
01-01 02:20:10.955 0 0 D : mv2112_read_status
01-01 02:20:10.955 0 0 D mv2112_update_link: 3.0x901(1G): 0x80
01-01 02:20:10.955 0 0 D mv2112_update_link: 3.0x8109(100M): 0x0
01-01 02:20:10.955 0 0 D mv2112_update_link: link 0x0
01-01 02:20:10.955 0 0 D mv2112_read_status: autoneg is disabled
01-01 02:20:11.183 0 0 I IRQ 5 : no longer affine to CPU4
01-01 02:20:11.979 0 0 D : mv2112_read_status
01-01 02:20:11.979 0 0 D mv2112_update_link: 3.0x901(1G): 0x80
01-01 02:20:11.979 0 0 D mv2112_update_link: 3.0x8109(100M): 0x0
01-01 02:20:11.979 0 0 D mv2112_update_link: link 0x0
01-01 02:20:11.979 0 0 D mv2112_read_status: autoneg is disabled
01-01 02:20:12.044 0 0 I IRQ 5 : no longer affine to CPU6
01-01 02:20:12.551 0 0 W logd : Skipping entries from slow reader, pid 1286, fd 14, from LogBuffer::Prune()
01-01 02:20:12.883 0 0 W logd : Skipping entries from slow reader, pid 1286, fd 14, from LogBuffer::Prune()
01-01 02:20:13.005 0 0 D : mv2112_read_status
01-01 02:20:13.006 0 0 D mv2112_update_link: 3.0x901(1G): 0x80
01-01 02:20:13.006 0 0 D mv2112_update_link: 3.0x8109(100M): 0x0
01-01 02:20:13.006 0 0 D mv2112_update_link: link 0x0
01-01 02:20:13.006 0 0 D mv2112_read_status: autoneg is disabled
01-01 02:20:13.297 0 0 I init : starting service 'qvrd_vndr'...
01-01 02:20:13.300 0 0 I init : Created socket '/dev/socket/qvrservice_vndr', mode 660, user 1000, group 1000
01-01 02:20:13.305 0 0 I init : Created socket '/dev/socket/qvrservice_vndr_camera', mode 660, user 1000, group 1000
01-01 02:20:13.337 0 0 W logd : Skipping entries from slow reader, pid 1286, fd 14, from LogBuffer::Prune()
01-01 02:20:13.340 0 0 I init : starting service 'sxrd'...
01-01 02:20:13.381 0 0 I init : Service 'qvrd_vndr' (pid 22929) exited with status 1
01-01 02:20:13.381 0 0 I init : Sending signal 9 to service 'qvrd_vndr' (pid 22929) process group...
01-01 02:20:13.381 0 0 I libprocessgroup: Successfully killed process cgroup uid 1000 pid 22929 in 0ms
01-01 02:20:13.404 0 0 I init : Service 'sxrd' (pid 22938) exited with status 1
01-01 02:20:13.404 0 0 I init : Sending signal 9 to service 'sxrd' (pid 22938) process group...
01-01 02:20:13.405 0 0 I libprocessgroup: Successfully killed process cgroup uid 1000 pid 22938 in 0ms
08-24 14:34:47.180 22929 22929 F linker : CANNOT LINK EXECUTABLE "/vendor/bin/hw/qvrservice": library "vendor.qti.hardware.qxr-V1-ndk_platform.so" not found: needed by /vendor/lib64/libqvrservice.so in namespace (default)
08-24 14:34:47.214 22938 22938 F linker : CANNOT LINK EXECUTABLE "/vendor/bin/hw/sxrservice": library "vendor.qti.hardware.qxr-V1-ndk_platform.so" not found: needed by main executable
01-01 02:20:13.503 0 0 I IRQ 5 : no longer affine to CPU4
01-01 02:20:13.646 0 0 W logd : Skipping entries from slow reader, pid 1286, fd 14, from LogBuffer::Prune()
01-01 02:20:13.883 0 0 I IRQ 5 : no longer affine to CPU6
01-01 02:20:13.890 0 0 W logd : Skipping entries from slow reader, pid 1286, fd 14, from LogBuffer::Prune()
01-01 02:20:13.960 0 0 W logd : Skipping entries from slow reader, pid 1286, fd 14, from LogBuffer::Prune()
01-01 02:20:14.027 0 0 D : mv2112_read_status
01-01 02:20:14.028 0 0 D mv2112_update_link: 3.0x901(1G): 0x80
01-01 02:20:14.028 0 0 D mv2112_update_link: 3.0x8109(100M): 0x0
01-01 02:20:14.028 0 0 D mv2112_update_link: link 0x0
01-01 02:20:14.028 0 0 D mv2112_read_status: autoneg is disabled
01-01 02:20:14.321 0 0 W logd : Skipping entries from slow reader, pid 1286, fd 14, from LogBuffer::Prune()
01-01 02:20:14.659 0 0 W logd : Skipping entries from slow reader, pid 1286, fd 14, from LogBuffer::Prune()
01-01 02:20:14.803 0 0 I IRQ 5 : no longer affine to CPU5
01-01 02:20:15.023 0 0 W logd : Skipping entries from slow reader, pid 1286, fd 14, from LogBuffer::Prune()
01-01 02:20:15.051 0 0 D : mv2112_read_status
01-01 02:20:15.051 0 0 D mv2112_update_link: 3.0x901(1G): 0x80
01-01 02:20:15.051 0 0 D mv2112_update_link: 3.0x8109(100M): 0x0
01-01 02:20:15.051 0 0 D mv2112_update_link: link 0x0
01-01 02:20:15.051 0 0 D mv2112_read_status: autoneg is disabled
01-01 02:20:15.429 0 0 W logd : Skipping entries from slow reader, pid 1286, fd 14, from LogBuffer::Prune()
01-01 02:20:15.583 0 0 I IRQ 5 : no longer affine to CPU6
01-01 02:20:16.075 0 0 D : mv2112_read_status
01-01 02:20:16.075 0 0 D mv2112_update_link: 3.0x901(1G): 0x80
01-01 02:20:16.075 0 0 D mv2112_update_link: 3.0x8109(100M): 0x0
01-01 02:20:16.075 0 0 D mv2112_update_link: link 0x0
01-01 02:20:16.075 0 0 D mv2112_read_status: autoneg is disabled
01-01 02:20:17.099 0 0 D : mv2112_read_status
01-01 02:20:17.100 0 0 D mv2112_update_link: 3.0x901(1G): 0x80
01-01 02:20:17.100 0 0 D mv2112_update_link: 3.0x8109(100M): 0x0
01-01 02:20:17.100 0 0 D mv2112_update_link: link 0x0
01-01 02:20:17.100 0 0 D mv2112_read_status: autoneg is disabled
01-01 02:20:17.858 0 0 W logd : Skipping entries from slow reader, pid 1286, fd 14, from LogBuffer::Prune()
01-01 02:20:18.123 0 0 D : mv2112_read_status
01-01 02:20:18.124 0 0 D mv2112_update_link: 3.0x901(1G): 0x80
01-01 02:20:18.124 0 0 D mv2112_update_link: 3.0x8109(100M): 0x0
01-01 02:20:18.124 0 0 D mv2112_update_link: link 0x0
01-01 02:20:18.124 0 0 D mv2112_read_status: autoneg is disabled
01-01 02:20:18.185 0 0 W logd : Skipping entries from slow reader, pid 1286, fd 14, from LogBuffer::Prune()
01-01 02:20:18.328 0 0 I init : starting service 'qvrd_vndr'...
01-01 02:20:18.337 0 0 I init : Created socket '/dev/socket/qvrservice_vndr', mode 660, user 1000, group 1000
01-01 02:20:18.344 0 0 I init : Created socket '/dev/socket/qvrservice_vndr_camera', mode 660, user 1000, group 1000
01-01 02:20:18.376 0 0 I init : starting service 'sxrd'...
01-01 02:20:18.430 0 0 I init : Service 'qvrd_vndr' (pid 24233) exited with status 1
01-01 02:20:18.430 0 0 I init : Sending signal 9 to service 'qvrd_vndr' (pid 24233) process group...
01-01 02:20:18.431 0 0 I libprocessgroup: Successfully killed process cgroup uid 1000 pid 24233 in 0ms
01-01 02:20:18.445 0 0 I init : Service 'sxrd' (pid 24242) exited with status 1
01-01 02:20:18.445 0 0 I init : Sending signal 9 to service 'sxrd' (pid 24242) process group...
01-01 02:20:18.446 0 0 I libprocessgroup: Successfully killed process cgroup uid 1000 pid 24242 in 0ms
08-24 14:34:52.237 24233 24233 F linker : CANNOT LINK EXECUTABLE "/vendor/bin/hw/qvrservice": library "vendor.qti.hardware.qxr-V1-ndk_platform.so" not found: needed by /vendor/lib64/libqvrservice.so in namespace (default)
08-24 14:34:52.255 24242 24242 F linker : CANNOT LINK EXECUTABLE "/vendor/bin/hw/sxrservice": library "vendor.qti.hardware.qxr-V1-ndk_platform.so" not found: needed by main executable
01-01 02:20:18.643 0 0 W logd : Skipping entries from slow reader, pid 1286, fd 14, from LogBuffer::Prune()
01-01 02:20:18.823 0 0 I IRQ 5 : no longer affine to CPU6
01-01 02:20:18.910 0 0 W logd : Skipping entries from slow reader, pid 1286, fd 14, from LogBuffer::Prune()
01-01 02:20:19.055 0 0 W logd : Skipping entries from slow reader, pid 1286, fd 14, from LogBuffer::Prune()
01-01 02:20:19.147 0 0 D : mv2112_read_status
01-01 02:20:19.147 0 0 D mv2112_update_link: 3.0x901(1G): 0x80
01-01 02:20:19.147 0 0 D mv2112_update_link: 3.0x8109(100M): 0x0
01-01 02:20:19.147 0 0 D mv2112_update_link: link 0x0
01-01 02:20:19.148 0 0 D mv2112_read_status: autoneg is disabled
01-01 02:20:19.399 0 0 W logd : Skipping entries from slow reader, pid 1286, fd 14, from LogBuffer::Prune()
01-01 02:20:19.503 0 0 I IRQ 5 : no longer affine to CPU5
01-01 02:20:19.747 0 0 W logd : Skipping entries from slow reader, pid 1286, fd 14, from LogBuffer::Prune()
01-01 02:20:20.041 0 0 W logd : Skipping entries from slow reader, pid 1286, fd 14, from LogBuffer::Prune()
01-01 02:20:20.171 0 0 D : mv2112_read_status
01-01 02:20:20.171 0 0 D mv2112_update_link: 3.0x901(1G): 0x80
01-01 02:20:20.172 0 0 D mv2112_update_link: 3.0x8109(100M): 0x0
01-01 02:20:20.172 0 0 D mv2112_update_link: link 0x0
01-01 02:20:20.172 0 0 D mv2112_read_status: autoneg is disabled
01-01 02:20:20.404 0 0 W logd : Skipping entries from slow reader, pid 1286, fd 14, from LogBuffer::Prune()
01-01 02:20:20.458 0 0 W logd : Skipping entries from slow reader, pid 1286, fd 14, from LogBuffer::Prune()
01-01 02:20:20.563 0 0 I IRQ 5 : no longer affine to CPU6
01-01 02:20:20.683 0 0 I IRQ 5 : no longer affine to CPU4
01-01 02:20:20.823 0 0 I IRQ 5 : no longer affine to CPU5
01-01 02:20:20.943 0 0 I IRQ 5 : no longer affine to CPU6
01-01 02:20:21.195 0 0 D : mv2112_read_status
01-01 02:20:21.195 0 0 D mv2112_update_link: 3.0x901(1G): 0x80
01-01 02:20:21.195 0 0 D mv2112_update_link: 3.0x8109(100M): 0x0
01-01 02:20:21.195 0 0 D mv2112_update_link: link 0x0
01-01 02:20:21.195 0 0 D mv2112_read_status: autoneg is disabled
01-01 02:20:21.223 0 0 I IRQ 5 : no longer affine to CPU4
01-01 02:20:22.219 0 0 D : mv2112_read_status
01-01 02:20:22.219 0 0 D mv2112_update_link: 3.0x901(1G): 0x80
01-01 02:20:22.219 0 0 D mv2112_update_link: 3.0x8109(100M): 0x0
01-01 02:20:22.219 0 0 D mv2112_update_link: link 0x0
01-01 02:20:22.219 0 0 D mv2112_read_status: autoneg is disabled
01-01 02:20:23.054 0 0 W logd : Skipping entries from slow reader, pid 1286, fd 14, from LogBuffer::Prune()
01-01 02:20:23.244 0 0 D : mv2112_read_status
01-01 02:20:23.245 0 0 D mv2112_update_link: 3.0x901(1G): 0x80
01-01 02:20:23.245 0 0 D mv2112_update_link: 3.0x8109(100M): 0x0
01-01 02:20:23.245 0 0 D mv2112_update_link: link 0x0
01-01 02:20:23.245 0 0 D mv2112_read_status: autoneg is disabled
01-01 02:20:23.365 0 0 I init : starting service 'qvrd_vndr'...
01-01 02:20:23.369 0 0 I init : Created socket '/dev/socket/qvrservice_vndr', mode 660, user 1000, group 1000
01-01 02:20:23.373 0 0 I init : Created socket '/dev/socket/qvrservice_vndr_camera', mode 660, user 1000, group 1000
01-01 02:20:23.409 0 0 I init : starting service 'sxrd'...
01-01 02:20:23.452 0 0 I init : Service 'qvrd_vndr' (pid 25585) exited with status 1
01-01 02:20:23.452 0 0 I init : Sending signal 9 to service 'qvrd_vndr' (pid 25585) process group...
01-01 02:20:23.453 0 0 I libprocessgroup: Successfully killed process cgroup uid 1000 pid 25585 in 0ms
01-01 02:20:23.484 0 0 I init : Service 'sxrd' (pid 25595) exited with status 1
01-01 02:20:23.484 0 0 I init : Sending signal 9 to service 'sxrd' (pid 25595) process group...
01-01 02:20:23.485 0 0 I libprocessgroup: Successfully killed process cgroup uid 1000 pid 25595 in 0ms
01-01 02:20:23.502 0 0 W logd : Skipping entries from slow reader, pid 1286, fd 14, from LogBuffer::Prune()
08-24 14:34:57.260 25585 25585 F linker : CANNOT LINK EXECUTABLE "/vendor/bin/hw/qvrservice": library "vendor.qti.hardware.qxr-V1-ndk_platform.so" not found: needed by /vendor/lib64/libqvrservice.so in namespace (default)
08-24 14:34:57.291 25595 25595 F linker : CANNOT LINK EXECUTABLE "/vendor/bin/hw/sxrservice": library "vendor.qti.hardware.qxr-V1-ndk_platform.so" not found: needed by main executable
01-01 02:20:23.913 0 0 W logd : Skipping entries from slow reader, pid 1286, fd 14, from LogBuffer::Prune()
01-01 02:20:23.963 0 0 I IRQ 5 : no longer affine to CPU5
01-01 02:20:24.269 0 0 W logd : Skipping entries from slow reader, pid 1286, fd 14, from LogBuffer::Prune()
01-01 02:20:24.271 0 0 D : mv2112_read_status
01-01 02:20:24.271 0 0 D mv2112_update_link: 3.0x901(1G): 0x80
01-01 02:20:24.271 0 0 D mv2112_update_link: 3.0x8109(100M): 0x0
01-01 02:20:24.271 0 0 D mv2112_update_link: link 0x0
01-01 02:20:24.271 0 0 D mv2112_read_status: autoneg is disabled
01-01 02:20:24.273 0 0 W logd : Skipping entries from slow reader, pid 1286, fd 14, from LogBuffer::Prune()
01-01 02:20:24.691 0 0 W logd : Skipping entries from slow reader, pid 1286, fd 14, from LogBuffer::Prune()
01-01 02:20:24.987 0 0 W logd : Skipping entries from slow reader, pid 1286, fd 14, from LogBuffer::Prune()
01-01 02:20:25.253 0 0 W logd : Skipping entries from slow reader, pid 1286, fd 14, from LogBuffer::Prune()
01-01 02:20:25.292 0 0 D : mv2112_read_status
01-01 02:20:25.292 0 0 D mv2112_update_link: 3.0x901(1G): 0x80
01-01 02:20:25.293 0 0 D mv2112_update_link: 3.0x8109(100M): 0x0
01-01 02:20:25.293 0 0 D mv2112_update_link: link 0x0
01-01 02:20:25.293 0 0 D mv2112_read_status: autoneg is disabled
01-01 02:20:25.583 0 0 W logd : Skipping entries from slow reader, pid 1286, fd 14, from LogBuffer::Prune()
01-01 02:20:25.877 0 0 W logd : Skipping entries from slow reader, pid 1286, fd 14, from LogBuffer::Prune()
01-01 02:20:26.316 0 0 D : mv2112_read_status
01-01 02:20:26.316 0 0 D mv2112_update_link: 3.0x901(1G): 0x80
01-01 02:20:26.317 0 0 D mv2112_update_link: 3.0x8109(100M): 0x0
01-01 02:20:26.317 0 0 D mv2112_update_link: link 0x0
01-01 02:20:26.318 0 0 D mv2112_read_status: autoneg is disabled
01-01 02:20:26.963 0 0 I IRQ 5 : no longer affine to CPU5
01-01 02:20:27.345 0 0 D : mv2112_read_status
01-01 02:20:27.345 0 0 D mv2112_update_link: 3.0x901(1G): 0x80
01-01 02:20:27.346 0 0 D mv2112_update_link: 3.0x8109(100M): 0x0
01-01 02:20:27.346 0 0 D mv2112_update_link: link 0x0
01-01 02:20:27.346 0 0 D mv2112_read_status: autoneg is disabled
01-01 02:20:28.201 0 0 W logd : Skipping entries from slow reader, pid 1286, fd 14, from LogBuffer::Prune()
01-01 02:20:28.363 0 0 D : mv2112_read_status
01-01 02:20:28.363 0 0 D mv2112_update_link: 3.0x901(1G): 0x80
01-01 02:20:28.363 0 0 D mv2112_update_link: 3.0x8109(100M): 0x0
01-01 02:20:28.363 0 0 D mv2112_update_link: link 0x0
01-01 02:20:28.363 0 0 D mv2112_read_status: autoneg is disabled
01-01 02:20:28.392 0 0 I init : starting service 'qvrd_vndr'...
01-01 02:20:28.395 0 0 I init : Created socket '/dev/socket/qvrservice_vndr', mode 660, user 1000, group 1000
01-01 02:20:28.397 0 0 I init : Created socket '/dev/socket/qvrservice_vndr_camera', mode 660, user 1000, group 1000
01-01 02:20:28.437 0 0 I init : starting service 'sxrd'...
01-01 02:20:28.481 0 0 I init : Service 'qvrd_vndr' (pid 26639) exited with status 1
01-01 02:20:28.481 0 0 I init : Sending signal 9 to service 'qvrd_vndr' (pid 26639) process group...
01-01 02:20:28.481 0 0 I libprocessgroup: Successfully killed process cgroup uid 1000 pid 26639 in 0ms
01-01 02:20:28.482 0 0 W logd : Skipping entries from slow reader, pid 1286, fd 14, from LogBuffer::Prune()
01-01 02:20:28.513 0 0 I init : Service 'sxrd' (pid 26650) exited with status 1
01-01 02:20:28.513 0 0 I init : Sending signal 9 to service 'sxrd' (pid 26650) process group...
01-01 02:20:28.513 0 0 I libprocessgroup: Successfully killed process cgroup uid 1000 pid 26650 in 0ms
08-24 14:35:02.279 26639 26639 F linker : CANNOT LINK EXECUTABLE "/vendor/bin/hw/qvrservice": library "vendor.qti.hardware.qxr-V1-ndk_platform.so" not found: needed by /vendor/lib64/libqvrservice.so in namespace (default)
08-24 14:35:02.321 26650 26650 F linker : CANNOT LINK EXECUTABLE "/vendor/bin/hw/sxrservice": library "vendor.qti.hardware.qxr-V1-ndk_platform.so" not found: needed by main executable
01-01 02:20:28.786 0 0 W logd : Skipping entries from slow reader, pid 1286, fd 14, from LogBuffer::Prune()
01-01 02:20:29.258 0 0 W logd : Skipping entries from slow reader, pid 1286, fd 14, from LogBuffer::Prune()
01-01 02:20:29.343 0 0 I IRQ 5 : no longer affine to CPU6
01-01 02:20:29.387 0 0 D : mv2112_read_status
01-01 02:20:29.387 0 0 D mv2112_update_link: 3.0x901(1G): 0x80
01-01 02:20:29.387 0 0 D mv2112_update_link: 3.0x8109(100M): 0x0
01-01 02:20:29.387 0 0 D mv2112_update_link: link 0x0
01-01 02:20:29.387 0 0 D mv2112_read_status: autoneg is disabled
01-01 02:20:29.682 0 0 W logd : Skipping entries from slow reader, pid 1286, fd 14, from LogBuffer::Prune()
01-01 02:20:29.683 0 0 W logd : Skipping entries from slow reader, pid 1286, fd 14, from LogBuffer::Prune()
01-01 02:20:30.357 0 0 W logd : Skipping entries from slow reader, pid 1286, fd 14, from LogBuffer::Prune()
01-01 02:20:30.357 0 0 W logd : Skipping entries from slow reader, pid 1286, fd 14, from LogBuffer::Prune()
01-01 02:20:30.411 0 0 D : mv2112_read_status
01-01 02:20:30.411 0 0 D mv2112_update_link: 3.0x901(1G): 0x80
01-01 02:20:30.411 0 0 D mv2112_update_link: 3.0x8109(100M): 0x0
01-01 02:20:30.411 0 0 D mv2112_update_link: link 0x0
01-01 02:20:30.411 0 0 D mv2112_read_status: autoneg is disabled
01-01 02:20:30.689 0 0 W logd : Skipping entries from slow reader, pid 1286, fd 14, from LogBuffer::Prune()
01-01 02:20:30.742 0 0 W logd : Skipping entries from slow reader, pid 1286, fd 14, from LogBuffer::Prune()
01-01 02:20:31.436 0 0 D : mv2112_read_status
01-01 02:20:31.436 0 0 D mv2112_update_link: 3.0x901(1G): 0x80
01-01 02:20:31.436 0 0 D mv2112_update_link: 3.0x8109(100M): 0x0
01-01 02:20:31.436 0 0 D mv2112_update_link: link 0x0
01-01 02:20:31.436 0 0 D mv2112_read_status: autoneg is disabled
01-01 02:20:32.460 0 0 D : mv2112_read_status
01-01 02:20:32.461 0 0 D mv2112_update_link: 3.0x901(1G): 0x80
01-01 02:20:32.461 0 0 D mv2112_update_link: 3.0x8109(100M): 0x0
01-01 02:20:32.461 0 0 D mv2112_update_link: link 0x0
01-01 02:20:32.461 0 0 D mv2112_read_status: autoneg is disabled
01-01 02:20:32.843 0 0 I IRQ 5 : no longer affine to CPU4
01-01 02:20:33.416 0 0 I init : starting service 'qvrd_vndr'...
01-01 02:20:33.420 0 0 I init : Created socket '/dev/socket/qvrservice_vndr', mode 660, user 1000, group 1000
01-01 02:20:33.422 0 0 I init : Created socket '/dev/socket/qvrservice_vndr_camera', mode 660, user 1000, group 1000
01-01 02:20:33.456 0 0 W logd : Skipping entries from slow reader, pid 1286, fd 14, from LogBuffer::Prune()
01-01 02:20:33.467 0 0 I init : starting service 'sxrd'...
01-01 02:20:33.484 0 0 D : mv2112_read_status
01-01 02:20:33.484 0 0 D mv2112_update_link: 3.0x901(1G): 0x80
01-01 02:20:33.485 0 0 D mv2112_update_link: 3.0x8109(100M): 0x0
01-01 02:20:33.485 0 0 D mv2112_update_link: link 0x0
01-01 02:20:33.485 0 0 D mv2112_read_status: autoneg is disabled
01-01 02:20:33.511 0 0 I init : Service 'qvrd_vndr' (pid 27952) exited with status 1
01-01 02:20:33.511 0 0 I init : Sending signal 9 to service 'qvrd_vndr' (pid 27952) process group...
01-01 02:20:33.512 0 0 I libprocessgroup: Successfully killed process cgroup uid 1000 pid 27952 in 0ms
01-01 02:20:33.541 0 0 I init : Service 'sxrd' (pid 27960) exited with status 1
01-01 02:20:33.541 0 0 I init : Sending signal 9 to service 'sxrd' (pid 27960) process group...
01-01 02:20:33.541 0 0 I libprocessgroup: Successfully killed process cgroup uid 1000 pid 27960 in 0ms
08-24 14:35:07.320 27952 27952 F linker : CANNOT LINK EXECUTABLE "/vendor/bin/hw/qvrservice": library "vendor.qti.hardware.qxr-V1-ndk_platform.so" not found: needed by /vendor/lib64/libqvrservice.so in namespace (default)
08-24 14:35:07.350 27960 27960 F linker : CANNOT LINK EXECUTABLE "/vendor/bin/hw/sxrservice": library "vendor.qti.hardware.qxr-V1-ndk_platform.so" not found: needed by main executable
01-01 02:20:33.733 0 0 W logd : Skipping entries from slow reader, pid 1286, fd 14, from LogBuffer::Prune()
01-01 02:20:34.048 0 0 W logd : Skipping entries from slow reader, pid 1286, fd 14, from LogBuffer::Prune()
01-01 02:20:34.075 0 0 W logd : Skipping entries from slow reader, pid 1286, fd 14, from LogBuffer::Prune()
01-01 02:20:34.465 0 0 W logd : Skipping entries from slow reader, pid 1286, fd 14, from LogBuffer::Prune()
01-01 02:20:34.507 0 0 D : mv2112_read_status
01-01 02:20:34.507 0 0 D mv2112_update_link: 3.0x901(1G): 0x80
01-01 02:20:34.507 0 0 D mv2112_update_link: 3.0x8109(100M): 0x0
01-01 02:20:34.507 0 0 D mv2112_update_link: link 0x0
01-01 02:20:34.507 0 0 D mv2112_read_status: autoneg is disabled
01-01 02:20:34.687 0 0 W logd : Skipping entries from slow reader, pid 1286, fd 14, from LogBuffer::Prune()
01-01 02:20:34.996 0 0 W logd : Skipping entries from slow reader, pid 1286, fd 14, from LogBuffer::Prune()
01-01 02:20:35.454 0 0 W logd : Skipping entries from slow reader, pid 1286, fd 14, from LogBuffer::Prune()
01-01 02:20:35.531 0 0 D : mv2112_read_status
01-01 02:20:35.531 0 0 D mv2112_update_link: 3.0x901(1G): 0x80
01-01 02:20:35.531 0 0 D mv2112_update_link: 3.0x8109(100M): 0x0
01-01 02:20:35.531 0 0 D mv2112_update_link: link 0x0
01-01 02:20:35.531 0 0 D mv2112_read_status: autoneg is disabled
01-01 02:20:35.622 0 0 W logd : Skipping entries from slow reader, pid 1286, fd 14, from LogBuffer::Prune()
01-01 02:20:35.786 0 0 W logd : Skipping entries from slow reader, pid 1286, fd 14, from LogBuffer::Prune()
01-01 02:20:36.555 0 0 D : mv2112_read_status
01-01 02:20:36.555 0 0 D mv2112_update_link: 3.0x901(1G): 0x80
01-01 02:20:36.556 0 0 D mv2112_update_link: 3.0x8109(100M): 0x0
01-01 02:20:36.556 0 0 D mv2112_update_link: link 0x0
01-01 02:20:36.556 0 0 D mv2112_read_status: autoneg is disabled
01-01 02:20:37.023 0 0 I IRQ 5 : no longer affine to CPU6
01-01 02:20:37.363 0 0 I IRQ 5 : no longer affine to CPU5
01-01 02:20:37.579 0 0 D : mv2112_read_status
01-01 02:20:37.579 0 0 D mv2112_update_link: 3.0x901(1G): 0x80
01-01 02:20:37.579 0 0 D mv2112_update_link: 3.0x8109(100M): 0x0
01-01 02:20:37.579 0 0 D mv2112_update_link: link 0x0
01-01 02:20:37.579 0 0 D mv2112_read_status: autoneg is disabled
01-01 02:20:38.183 0 0 I IRQ 5 : no longer affine to CPU4
01-01 02:20:38.455 0 0 I init : starting service 'qvrd_vndr'...
01-01 02:20:38.458 0 0 I init : Created socket '/dev/socket/qvrservice_vndr', mode 660, user 1000, group 1000
01-01 02:20:38.461 0 0 I init : Created socket '/dev/socket/qvrservice_vndr_camera', mode 660, user 1000, group 1000
01-01 02:20:38.503 0 0 I init : starting service 'sxrd'...
01-01 02:20:38.556 0 0 I init : Service 'qvrd_vndr' (pid 29266) exited with status 1
01-01 02:20:38.556 0 0 I init : Sending signal 9 to service 'qvrd_vndr' (pid 29266) process group...
01-01 02:20:38.557 0 0 I libprocessgroup: Successfully killed process cgroup uid 1000 pid 29266 in 0ms
01-01 02:20:38.563 0 0 I init : Service 'sxrd' (pid 29275) exited with status 1
01-01 02:20:38.563 0 0 I init : Sending signal 9 to service 'sxrd' (pid 29275) process group...
01-01 02:20:38.564 0 0 I libprocessgroup: Successfully killed process cgroup uid 1000 pid 29275 in 0ms
01-01 02:20:38.603 0 0 D : mv2112_read_status
01-01 02:20:38.603 0 0 D mv2112_update_link: 3.0x901(1G): 0x80
01-01 02:20:38.604 0 0 D mv2112_update_link: 3.0x8109(100M): 0x0
01-01 02:20:38.604 0 0 D mv2112_update_link: link 0x0
01-01 02:20:38.604 0 0 D mv2112_read_status: autoneg is disabled
01-01 02:20:38.643 0 0 I IRQ 5 : no longer affine to CPU6
08-24 14:35:12.365 29266 29266 F linker : CANNOT LINK EXECUTABLE "/vendor/bin/hw/qvrservice": library "vendor.qti.hardware.qxr-V1-ndk_platform.so" not found: needed by /vendor/lib64/libqvrservice.so in namespace (default)
08-24 14:35:12.370 29275 29275 F linker : CANNOT LINK EXECUTABLE "/vendor/bin/hw/sxrservice": library "vendor.qti.hardware.qxr-V1-ndk_platform.so" not found: needed by main executable
01-01 02:20:38.691 0 0 W logd : Skipping entries from slow reader, pid 1286, fd 14, from LogBuffer::Prune()
01-01 02:20:38.822 0 0 W logd : Skipping entries from slow reader, pid 1286, fd 14, from LogBuffer::Prune()
01-01 02:20:39.165 0 0 W logd : Skipping entries from slow reader, pid 1286, fd 14, from LogBuffer::Prune()
01-01 02:20:39.223 0 0 I IRQ 5 : no longer affine to CPU5
01-01 02:20:39.472 0 0 W logd : Skipping entries from slow reader, pid 1286, fd 14, from LogBuffer::Prune()
01-01 02:20:39.627 0 0 D : mv2112_read_status
01-01 02:20:39.627 0 0 D mv2112_update_link: 3.0x901(1G): 0x80
01-01 02:20:39.627 0 0 D mv2112_update_link: 3.0x8109(100M): 0x0
01-01 02:20:39.627 0 0 D mv2112_update_link: link 0x0
01-01 02:20:39.628 0 0 D mv2112_read_status: autoneg is disabled
01-01 02:20:39.959 0 0 W logd : Skipping entries from slow reader, pid 1286, fd 14, from LogBuffer::Prune()
01-01 02:20:40.272 0 0 W logd : Skipping entries from slow reader, pid 1286, fd 14, from LogBuffer::Prune()
01-01 02:20:40.306 0 0 W logd : Skipping entries from slow reader, pid 1286, fd 14, from LogBuffer::Prune()
01-01 02:20:40.605 0 0 W logd : Skipping entries from slow reader, pid 1286, fd 14, from LogBuffer::Prune()
01-01 02:20:40.651 0 0 D : mv2112_read_status
01-01 02:20:40.653 0 0 D mv2112_update_link: 3.0x901(1G): 0x80
01-01 02:20:40.653 0 0 D mv2112_update_link: 3.0x8109(100M): 0x0
01-01 02:20:40.653 0 0 D mv2112_update_link: link 0x0
01-01 02:20:40.654 0 0 D mv2112_read_status: autoneg is disabled
01-01 02:20:40.985 0 0 W logd : Skipping entries from slow reader, pid 1286, fd 14, from LogBuffer::Prune()
01-01 02:20:41.322 0 0 W logd : Skipping entries from slow reader, pid 1286, fd 14, from LogBuffer::Prune()
01-01 02:20:41.675 0 0 D : mv2112_read_status
01-01 02:20:41.675 0 0 D mv2112_update_link: 3.0x901(1G): 0x80
01-01 02:20:41.675 0 0 D mv2112_update_link: 3.0x8109(100M): 0x0
01-01 02:20:41.675 0 0 D mv2112_update_link: link 0x0
01-01 02:20:41.675 0 0 D mv2112_read_status: autoneg is disabled
01-01 02:20:41.903 0 0 I IRQ 5 : no longer affine to CPU5
01-01 02:20:42.699 0 0 D : mv2112_read_status
01-01 02:20:42.699 0 0 D mv2112_update_link: 3.0x901(1G): 0x80
01-01 02:20:42.699 0 0 D mv2112_update_link: 3.0x8109(100M): 0x0
01-01 02:20:42.699 0 0 D mv2112_update_link: link 0x0
01-01 02:20:42.699 0 0 D mv2112_read_status: autoneg is disabled
01-01 02:20:43.494 0 0 I init : starting service 'qvrd_vndr'...
01-01 02:20:43.500 0 0 I init : Created socket '/dev/socket/qvrservice_vndr', mode 660, user 1000, group 1000
01-01 02:20:43.503 0 0 I init : Created socket '/dev/socket/qvrservice_vndr_camera', mode 660, user 1000, group 1000
01-01 02:20:43.535 0 0 I init : starting service 'sxrd'...
01-01 02:20:43.587 0 0 I init : Service 'qvrd_vndr' (pid 30598) exited with status 1
01-01 02:20:43.587 0 0 I init : Sending signal 9 to service 'qvrd_vndr' (pid 30598) process group...
01-01 02:20:43.588 0 0 I libprocessgroup: Successfully killed process cgroup uid 1000 pid 30598 in 0ms
01-01 02:20:43.593 0 0 I init : Service 'sxrd' (pid 30603) exited with status 1
01-01 02:20:43.594 0 0 I init : Sending signal 9 to service 'sxrd' (pid 30603) process group...
01-01 02:20:43.594 0 0 I libprocessgroup: Successfully killed process cgroup uid 1000 pid 30603 in 0ms
08-24 14:35:17.397 30598 30598 F linker : CANNOT LINK EXECUTABLE "/vendor/bin/hw/qvrservice": library "vendor.qti.hardware.qxr-V1-ndk_platform.so" not found: needed by /vendor/lib64/libqvrservice.so in namespace (default)
08-24 14:35:17.403 30603 30603 F linker : CANNOT LINK EXECUTABLE "/vendor/bin/hw/sxrservice": library "vendor.qti.hardware.qxr-V1-ndk_platform.so" not found: needed by main executable
01-01 02:20:43.723 0 0 D : mv2112_read_status
01-01 02:20:43.723 0 0 D mv2112_update_link: 3.0x901(1G): 0x80
01-01 02:20:43.724 0 0 D mv2112_update_link: 3.0x8109(100M): 0x0
01-01 02:20:43.724 0 0 D mv2112_update_link: link 0x0
01-01 02:20:43.724 0 0 D mv2112_read_status: autoneg is disabled
01-01 02:20:43.948 0 0 W logd : Skipping entries from slow reader, pid 1286, fd 14, from LogBuffer::Prune()
01-01 02:20:44.338 0 0 W logd : Skipping entries from slow reader, pid 1286, fd 14, from LogBuffer::Prune()
01-01 02:20:44.748 0 0 W logd : Skipping entries from slow reader, pid 1286, fd 14, from LogBuffer::Prune()
01-01 02:20:44.749 0 0 D : mv2112_read_status
01-01 02:20:44.749 0 0 D mv2112_update_link: 3.0x901(1G): 0x80
01-01 02:20:44.749 0 0 D mv2112_update_link: 3.0x8109(100M): 0x0
01-01 02:20:44.749 0 0 D mv2112_update_link: link 0x0
01-01 02:20:44.749 0 0 D mv2112_read_status: autoneg is disabled
01-01 02:20:44.943 0 0 I IRQ 5 : no longer affine to CPU5
01-01 02:20:44.976 0 0 W logd : Skipping entries from slow reader, pid 1286, fd 14, from LogBuffer::Prune()
01-01 02:20:45.075 0 0 W logd : Skipping entries from slow reader, pid 1286, fd 14, from LogBuffer::Prune()
01-01 02:20:45.420 0 0 W logd : Skipping entries from slow reader, pid 1286, fd 14, from LogBuffer::Prune()
01-01 02:20:45.523 0 0 I IRQ 5 : no longer affine to CPU4
01-01 02:20:45.729 0 0 W logd : Skipping entries from slow reader, pid 1286, fd 14, from LogBuffer::Prune()
01-01 02:20:45.771 0 0 D : mv2112_read_status
01-01 02:20:45.771 0 0 D mv2112_update_link: 3.0x901(1G): 0x80
01-01 02:20:45.771 0 0 D mv2112_update_link: 3.0x8109(100M): 0x0
01-01 02:20:45.771 0 0 D mv2112_update_link: link 0x0
01-01 02:20:45.771 0 0 D mv2112_read_status: autoneg is disabled
01-01 02:20:46.000 0 0 W logd : Skipping entries from slow reader, pid 1286, fd 14, from LogBuffer::Prune()
01-01 02:20:46.373 0 0 W logd : Skipping entries from slow reader, pid 1286, fd 14, from LogBuffer::Prune()
01-01 02:20:46.702 0 0 W logd : Skipping entries from slow reader, pid 1286, fd 14, from LogBuffer::Prune()
01-01 02:20:46.795 0 0 D : mv2112_read_status
01-01 02:20:46.796 0 0 D mv2112_update_link: 3.0x901(1G): 0x80
01-01 02:20:46.796 0 0 D mv2112_update_link: 3.0x8109(100M): 0x0
01-01 02:20:46.796 0 0 D mv2112_update_link: link 0x0
01-01 02:20:46.796 0 0 D mv2112_read_status: autoneg is disabled
01-01 02:20:47.819 0 0 D : mv2112_read_status
01-01 02:20:47.819 0 0 D mv2112_update_link: 3.0x901(1G): 0x80
01-01 02:20:47.819 0 0 D mv2112_update_link: 3.0x8109(100M): 0x0
01-01 02:20:47.819 0 0 D mv2112_update_link: link 0x0
01-01 02:20:47.819 0 0 D mv2112_read_status: autoneg is disabled
01-01 02:20:48.344 0 0 I IRQ 5 : no longer affine to CPU5
01-01 02:20:48.528 0 0 I init : starting service 'qvrd_vndr'...
01-01 02:20:48.531 0 0 I init : Created socket '/dev/socket/qvrservice_vndr', mode 660, user 1000, group 1000
01-01 02:20:48.534 0 0 I init : Created socket '/dev/socket/qvrservice_vndr_camera', mode 660, user 1000, group 1000
01-01 02:20:48.576 0 0 I init : starting service 'sxrd'...
01-01 02:20:48.634 0 0 I init : Service 'sxrd' (pid 31853) exited with status 1
01-01 02:20:48.634 0 0 I init : Sending signal 9 to service 'sxrd' (pid 31853) process group...
01-01 02:20:48.634 0 0 I libprocessgroup: Successfully killed process cgroup uid 1000 pid 31853 in 0ms
01-01 02:20:48.651 0 0 I init : Service 'qvrd_vndr' (pid 31841) exited with status 1
01-01 02:20:48.651 0 0 I init : Sending signal 9 to service 'qvrd_vndr' (pid 31841) process group...
01-01 02:20:48.652 0 0 I libprocessgroup: Successfully killed process cgroup uid 1000 pid 31841 in 0ms
08-24 14:35:22.443 31853 31853 F linker : CANNOT LINK EXECUTABLE "/vendor/bin/hw/sxrservice": library "vendor.qti.hardware.qxr-V1-ndk_platform.so" not found: needed by main executable
08-24 14:35:22.460 31841 31841 F linker : CANNOT LINK EXECUTABLE "/vendor/bin/hw/qvrservice": library "vendor.qti.hardware.qxr-V1-ndk_platform.so" not found: needed by /vendor/lib64/libqvrservice.so in namespace (default)
01-01 02:20:48.843 0 0 D : mv2112_read_status
01-01 02:20:48.843 0 0 D mv2112_update_link: 3.0x901(1G): 0x80
01-01 02:20:48.844 0 0 D mv2112_update_link: 3.0x8109(100M): 0x0
01-01 02:20:48.844 0 0 D mv2112_update_link: link 0x0
01-01 02:20:48.844 0 0 D mv2112_read_status: autoneg is disabled
01-01 02:20:49.157 0 0 W logd : Skipping entries from slow reader, pid 1286, fd 14, from LogBuffer::Prune()
01-01 02:20:49.420 0 0 W logd : Skipping entries from slow reader, pid 1286, fd 14, from LogBuffer::Prune()
01-01 02:20:49.513 0 0 W logd : Skipping entries from slow reader, pid 1286, fd 14, from LogBuffer::Prune()
01-01 02:20:49.775 0 0 W logd : Skipping entries from slow reader, pid 1286, fd 14, from LogBuffer::Prune()
01-01 02:20:49.823 0 0 I IRQ 5 : no longer affine to CPU6
01-01 02:20:49.868 0 0 D : mv2112_read_status
01-01 02:20:49.868 0 0 D mv2112_update_link: 3.0x901(1G): 0x80
01-01 02:20:49.869 0 0 D mv2112_update_link: 3.0x8109(100M): 0x0
01-01 02:20:49.869 0 0 D mv2112_update_link: link 0x0
01-01 02:20:49.869 0 0 D mv2112_read_status: autoneg is disabled
01-01 02:20:50.142 0 0 W logd : Skipping entries from slow reader, pid 1286, fd 14, from LogBuffer::Prune()
01-01 02:20:50.638 0 0 W logd : Skipping entries from slow reader, pid 1286, fd 14, from LogBuffer::Prune()
01-01 02:20:50.857 0 0 W logd : Skipping entries from slow reader, pid 1286, fd 14, from LogBuffer::Prune()
01-01 02:20:50.891 0 0 D : mv2112_read_status
01-01 02:20:50.891 0 0 D mv2112_update_link: 3.0x901(1G): 0x80
01-01 02:20:50.891 0 0 D mv2112_update_link: 3.0x8109(100M): 0x0
01-01 02:20:50.891 0 0 D mv2112_update_link: link 0x0
01-01 02:20:50.891 0 0 D mv2112_read_status: autoneg is disabled
01-01 02:20:50.903 0 0 I IRQ 5 : no longer affine to CPU4
01-01 02:20:51.183 0 0 I IRQ 5 : no longer affine to CPU6
01-01 02:20:51.209 0 0 W logd : Skipping entries from slow reader, pid 1286, fd 14, from LogBuffer::Prune()
01-01 02:20:51.688 0 0 W logd : Skipping entries from slow reader, pid 1286, fd 14, from LogBuffer::Prune()
01-01 02:20:51.917 0 0 D : mv2112_read_status
01-01 02:20:51.917 0 0 D mv2112_update_link: 3.0x901(1G): 0x80
01-01 02:20:51.917 0 0 D mv2112_update_link: 3.0x8109(100M): 0x0
01-01 02:20:51.917 0 0 D mv2112_update_link: link 0x0
01-01 02:20:51.917 0 0 D mv2112_read_status: autoneg is disabled
01-01 02:20:51.985 0 0 W logd : Skipping entries from slow reader, pid 1286, fd 14, from LogBuffer::Prune()
01-01 02:20:52.683 0 0 I IRQ 5 : no longer affine to CPU5
01-01 02:20:52.940 0 0 D : mv2112_read_status
01-01 02:20:52.941 0 0 D mv2112_update_link: 3.0x901(1G): 0x80
01-01 02:20:52.941 0 0 D mv2112_update_link: 3.0x8109(100M): 0x0
01-01 02:20:52.941 0 0 D mv2112_update_link: link 0x0
01-01 02:20:52.941 0 0 D mv2112_read_status: autoneg is disabled
01-01 02:20:53.564 0 0 I init : starting service 'qvrd_vndr'...
01-01 02:20:53.568 0 0 I init : Created socket '/dev/socket/qvrservice_vndr', mode 660, user 1000, group 1000
01-01 02:20:53.573 0 0 I init : Created socket '/dev/socket/qvrservice_vndr_camera', mode 660, user 1000, group 1000
01-01 02:20:53.609 0 0 I init : starting service 'sxrd'...
01-01 02:20:53.675 0 0 I init : Service 'sxrd' (pid 838) exited with status 1
01-01 02:20:53.675 0 0 I init : Sending signal 9 to service 'sxrd' (pid 838) process group...
01-01 02:20:53.676 0 0 I libprocessgroup: Successfully killed process cgroup uid 1000 pid 838 in 0ms
01-01 02:20:53.680 0 0 I init : Service 'qvrd_vndr' (pid 824) exited with status 1
01-01 02:20:53.680 0 0 I init : Sending signal 9 to service 'qvrd_vndr' (pid 824) process group...
01-01 02:20:53.681 0 0 I libprocessgroup: Successfully killed process cgroup uid 1000 pid 824 in 0ms
01-01 02:20:53.963 0 0 D : mv2112_read_status
01-01 02:20:53.963 0 0 D mv2112_update_link: 3.0x901(1G): 0x80
01-01 02:20:53.963 0 0 D mv2112_update_link: 3.0x8109(100M): 0x0
01-01 02:20:53.963 0 0 D mv2112_update_link: link 0x0
01-01 02:20:53.963 0 0 D mv2112_read_status: autoneg is disabled
08-24 14:35:27.484 838 838 F linker : CANNOT LINK EXECUTABLE "/vendor/bin/hw/sxrservice": library "vendor.qti.hardware.qxr-V1-ndk_platform.so" not found: needed by main executable
08-24 14:35:27.486 824 824 F linker : CANNOT LINK EXECUTABLE "/vendor/bin/hw/qvrservice": library "vendor.qti.hardware.qxr-V1-ndk_platform.so" not found: needed by /vendor/lib64/libqvrservice.so in namespace (default)
01-01 02:20:54.392 0 0 W logd : Skipping entries from slow reader, pid 1286, fd 14, from LogBuffer::Prune()
01-01 02:20:54.672 0 0 W logd : Skipping entries from slow reader, pid 1286, fd 14, from LogBuffer::Prune()
01-01 02:20:54.703 0 0 I IRQ 5 : no longer affine to CPU5
01-01 02:20:54.977 0 0 W logd : Skipping entries from slow reader, pid 1286, fd 14, from LogBuffer::Prune()
01-01 02:20:54.987 0 0 D : mv2112_read_status
01-01 02:20:54.988 0 0 D mv2112_update_link: 3.0x901(1G): 0x80
01-01 02:20:54.988 0 0 D mv2112_update_link: 3.0x8109(100M): 0x0
01-01 02:20:54.988 0 0 D mv2112_update_link: link 0x0
01-01 02:20:54.988 0 0 D mv2112_read_status: autoneg is disabled
01-01 02:20:55.183 0 0 I IRQ 5 : no longer affine to CPU6
01-01 02:20:55.366 0 0 W logd : Skipping entries from slow reader, pid 1286, fd 14, from LogBuffer::Prune()
01-01 02:20:55.416 0 0 W logd : Skipping entries from slow reader, pid 1286, fd 14, from LogBuffer::Prune()
01-01 02:20:56.004 0 0 I IRQ 5 : no longer affine to CPU6
01-01 02:20:56.011 0 0 D : mv2112_read_status
01-01 02:20:56.011 0 0 D mv2112_update_link: 3.0x901(1G): 0x80
01-01 02:20:56.011 0 0 D mv2112_update_link: 3.0x8109(100M): 0x0
01-01 02:20:56.011 0 0 D mv2112_update_link: link 0x0
01-01 02:20:56.011 0 0 D mv2112_read_status: autoneg is disabled
01-01 02:20:56.060 0 0 W logd : Skipping entries from slow reader, pid 1286, fd 14, from LogBuffer::Prune()
01-01 02:20:56.263 0 0 I IRQ 5 : no longer affine to CPU5
01-01 02:20:56.322 0 0 W logd : Skipping entries from slow reader, pid 1286, fd 14, from LogBuffer::Prune()
01-01 02:20:56.543 0 0 I IRQ 5 : no longer affine to CPU4
01-01 02:20:56.608 0 0 W logd : Skipping entries from slow reader, pid 1286, fd 14, from LogBuffer::Prune()
01-01 02:20:56.938 0 0 W logd : Skipping entries from slow reader, pid 1286, fd 14, from LogBuffer::Prune()
01-01 02:20:57.035 0 0 D : mv2112_read_status
01-01 02:20:57.035 0 0 D mv2112_update_link: 3.0x901(1G): 0x80
01-01 02:20:57.035 0 0 D mv2112_update_link: 3.0x8109(100M): 0x0
01-01 02:20:57.035 0 0 D mv2112_update_link: link 0x0
01-01 02:20:57.035 0 0 D mv2112_read_status: autoneg is disabled
01-01 02:20:57.064 0 0 I IRQ 5 : no longer affine to CPU5
01-01 02:20:57.294 0 0 W logd : Skipping entries from slow reader, pid 1286, fd 14, from LogBuffer::Prune()
01-01 02:20:57.623 0 0 I IRQ 5 : no longer affine to CPU4
01-01 02:20:58.059 0 0 D : mv2112_read_status
01-01 02:20:58.059 0 0 D mv2112_update_link: 3.0x901(1G): 0x80
01-01 02:20:58.059 0 0 D mv2112_update_link: 3.0x8109(100M): 0x0
01-01 02:20:58.059 0 0 D mv2112_update_link: link 0x0
01-01 02:20:58.059 0 0 D mv2112_read_status: autoneg is disabled
01-01 02:20:58.596 0 0 I init : starting service 'qvrd_vndr'...
01-01 02:20:58.599 0 0 I init : Created socket '/dev/socket/qvrservice_vndr', mode 660, user 1000, group 1000
01-01 02:20:58.601 0 0 I init : Created socket '/dev/socket/qvrservice_vndr_camera', mode 660, user 1000, group 1000
01-01 02:20:58.635 0 0 I init : starting service 'sxrd'...
01-01 02:20:58.694 0 0 I init : Service 'qvrd_vndr' (pid 2799) exited with status 1
01-01 02:20:58.694 0 0 I init : Sending signal 9 to service 'qvrd_vndr' (pid 2799) process group...
01-01 02:20:58.695 0 0 I libprocessgroup: Successfully killed process cgroup uid 1000 pid 2799 in 0ms
01-01 02:20:58.718 0 0 I init : Service 'sxrd' (pid 2809) exited with status 1
01-01 02:20:58.718 0 0 I init : Sending signal 9 to service 'sxrd' (pid 2809) process group...
01-01 02:20:58.719 0 0 I libprocessgroup: Successfully killed process cgroup uid 1000 pid 2809 in 0ms
01-01 02:20:58.764 0 0 I IRQ 5 : no longer affine to CPU6
08-24 14:35:32.502 2799 2799 F linker : CANNOT LINK EXECUTABLE "/vendor/bin/hw/qvrservice": library "vendor.qti.hardware.qxr-V1-ndk_platform.so" not found: needed by /vendor/lib64/libqvrservice.so in namespace (default)
08-24 14:35:32.524 2809 2809 F linker : CANNOT LINK EXECUTABLE "/vendor/bin/hw/sxrservice": library "vendor.qti.hardware.qxr-V1-ndk_platform.so" not found: needed by main executable
01-01 02:20:59.083 0 0 D : mv2112_read_status
01-01 02:20:59.083 0 0 D mv2112_update_link: 3.0x901(1G): 0x80
01-01 02:20:59.083 0 0 D mv2112_update_link: 3.0x8109(100M): 0x0
01-01 02:20:59.083 0 0 D mv2112_update_link: link 0x0
01-01 02:20:59.083 0 0 D mv2112_read_status: autoneg is disabled
01-01 02:20:59.665 0 0 I IRQ 5 : no longer affine to CPU4
01-01 02:20:59.816 0 0 W logd : Skipping entries from slow reader, pid 1286, fd 14, from LogBuffer::Prune()
01-01 02:21:00.107 0 0 D : mv2112_read_status
01-01 02:21:00.107 0 0 D mv2112_update_link: 3.0x901(1G): 0x80
01-01 02:21:00.108 0 0 D mv2112_update_link: 3.0x8109(100M): 0x0
01-01 02:21:00.108 0 0 D mv2112_update_link: link 0x0
01-01 02:21:00.108 0 0 D mv2112_read_status: autoneg is disabled
01-01 02:21:00.122 0 0 W logd : Skipping entries from slow reader, pid 1286, fd 14, from LogBuffer::Prune()
01-01 02:21:00.270 0 0 W logd : Skipping entries from slow reader, pid 1286, fd 14, from LogBuffer::Prune()
01-01 02:21:00.476 0 0 W logd : Skipping entries from slow reader, pid 1286, fd 14, from LogBuffer::Prune()
01-01 02:21:00.729 0 0 W logd : Skipping entries from slow reader, pid 1286, fd 14, from LogBuffer::Prune()
01-01 02:21:01.026 0 0 W logd : Skipping entries from slow reader, pid 1286, fd 14, from LogBuffer::Prune()
01-01 02:21:01.134 0 0 D : mv2112_read_status
01-01 02:21:01.134 0 0 D mv2112_update_link: 3.0x901(1G): 0x80
01-01 02:21:01.134 0 0 D mv2112_update_link: 3.0x8109(100M): 0x0
01-01 02:21:01.134 0 0 D mv2112_update_link: link 0x0
01-01 02:21:01.134 0 0 D mv2112_read_status: autoneg is disabled
01-01 02:21:01.475 0 0 W logd : Skipping entries from slow reader, pid 1286, fd 14, from LogBuffer::Prune()
01-01 02:21:01.839 0 0 W logd : Skipping entries from slow reader, pid 1286, fd 14, from LogBuffer::Prune()
01-01 02:21:02.130 0 0 W logd : Skipping entries from slow reader, pid 1286, fd 14, from LogBuffer::Prune()
01-01 02:21:02.155 0 0 D : mv2112_read_status
01-01 02:21:02.155 0 0 D mv2112_update_link: 3.0x901(1G): 0x80
01-01 02:21:02.155 0 0 D mv2112_update_link: 3.0x8109(100M): 0x0
01-01 02:21:02.155 0 0 D mv2112_update_link: link 0x0
01-01 02:21:02.155 0 0 D mv2112_read_status: autoneg is disabled
