01-01 02:18:05.004 0 0 D mv2112_read_status: autoneg is disabled
01-01 02:18:05.144 0 0 W logd : Skipping entries from slow reader, pid 1286, fd 14, from LogBuffer::Prune()
01-01 02:18:05.472 0 0 W logd : Skipping entries from slow reader, pid 1286, fd 14, from LogBuffer::Prune()
01-01 02:18:05.641 0 0 W logd : Skipping entries from slow reader, pid 1286, fd 14, from LogBuffer::Prune()
01-01 02:18:05.878 0 0 W logd : Skipping entries from slow reader, pid 1286, fd 14, from LogBuffer::Prune()
01-01 02:18:06.027 0 0 D : mv2112_read_status
01-01 02:18:06.027 0 0 D mv2112_update_link: 3.0x901(1G): 0x80
01-01 02:18:06.027 0 0 D mv2112_update_link: 3.0x8109(100M): 0x0
01-01 02:18:06.027 0 0 D mv2112_update_link: link 0x0
01-01 02:18:06.027 0 0 D mv2112_read_status: autoneg is disabled
01-01 02:18:06.172 0 0 W logd : Skipping entries from slow reader, pid 1286, fd 14, from LogBuffer::Prune()
01-01 02:18:06.581 0 0 W logd : Skipping entries from slow reader, pid 1286, fd 14, from LogBuffer::Prune()
01-01 02:18:06.983 0 0 I IRQ 5 : no longer affine to CPU4
01-01 02:18:07.054 0 0 D : mv2112_read_status
01-01 02:18:07.054 0 0 D mv2112_update_link: 3.0x901(1G): 0x80
01-01 02:18:07.054 0 0 D mv2112_update_link: 3.0x8109(100M): 0x0
01-01 02:18:07.054 0 0 D mv2112_update_link: link 0x0
01-01 02:18:07.054 0 0 D mv2112_read_status: autoneg is disabled
01-01 02:18:07.460 0 0 I init : starting service 'qvrd_vndr'...
01-01 02:18:07.463 0 0 I init : Created socket '/dev/socket/qvrservice_vndr', mode 660, user 1000, group 1000
01-01 02:18:07.466 0 0 I init : Created socket '/dev/socket/qvrservice_vndr_camera', mode 660, user 1000, group 1000
01-01 02:18:07.503 0 0 I init : starting service 'sxrd'...
01-01 02:18:07.559 0 0 I init : Service 'sxrd' (pid 21802) exited with status 1
01-01 02:18:07.559 0 0 I init : Sending signal 9 to service 'sxrd' (pid 21802) process group...
01-01 02:18:07.560 0 0 I libprocessgroup: Successfully killed process cgroup uid 1000 pid 21802 in 0ms
01-01 02:18:07.575 0 0 I init : Service 'qvrd_vndr' (pid 21794) exited with status 1
01-01 02:18:07.576 0 0 I init : Sending signal 9 to service 'qvrd_vndr' (pid 21794) process group...
01-01 02:18:07.576 0 0 I libprocessgroup: Successfully killed process cgroup uid 1000 pid 21794 in 0ms
08-24 14:32:41.368 21802 21802 F linker : CANNOT LINK EXECUTABLE "/vendor/bin/hw/sxrservice": library "vendor.qti.hardware.qxr-V1-ndk_platform.so" not found: needed by main executable
08-24 14:32:41.382 21794 21794 F linker : CANNOT LINK EXECUTABLE "/vendor/bin/hw/qvrservice": library "vendor.qti.hardware.qxr-V1-ndk_platform.so" not found: needed by /vendor/lib64/libqvrservice.so in namespace (default)
01-01 02:18:08.075 0 0 D : mv2112_read_status
01-01 02:18:08.075 0 0 D mv2112_update_link: 3.0x901(1G): 0x80
01-01 02:18:08.075 0 0 D mv2112_update_link: 3.0x8109(100M): 0x0
01-01 02:18:08.075 0 0 D mv2112_update_link: link 0x0
01-01 02:18:08.075 0 0 D mv2112_read_status: autoneg is disabled
01-01 02:18:08.483 0 0 I IRQ 5 : no longer affine to CPU4
01-01 02:18:08.736 0 0 W logd : Skipping entries from slow reader, pid 1286, fd 14, from LogBuffer::Prune()
01-01 02:18:09.108 0 0 D : mv2112_read_status
01-01 02:18:09.108 0 0 D mv2112_update_link: 3.0x901(1G): 0x80
01-01 02:18:09.108 0 0 D mv2112_update_link: 3.0x8109(100M): 0x0
01-01 02:18:09.108 0 0 D mv2112_update_link: link 0x0
01-01 02:18:09.108 0 0 D mv2112_read_status: autoneg is disabled
08-24 14:32:42.671 1151 1722 I PowerManagerService: Napping display group (groupId=0, uid=1000)...
08-24 14:32:42.671 1151 1722 I PowerManagerService: Nap time (uid 1000)...
08-24 14:32:42.676 1151 1722 I DreamManagerService: Entering dreamland.
08-24 14:32:42.679 1151 1722 I PowerManagerService: Dreaming...
08-24 14:32:42.681 1151 1689 I DreamController: Starting dream: name=ComponentInfo{com.android.deskclock/com.android.deskclock.Screensaver}, isTest=false, canDoze=false, userId=0
08-24 14:32:42.693 1151 1689 D AutofillManagerService: Close system dialogs
08-24 14:32:42.706 1151 2274 I ActivityTaskManager: START u0 {flg=0x10000000 pkg=com.android.deskclock cmp=com.android.deskclock/android.service.dreams.DreamActivity (has extras)} from uid 10069
08-24 14:32:42.709 1151 2274 W ActivityTaskManager: Can't find TaskDisplayArea to determine support for multi window. Task id=12 attached=false
08-24 14:32:42.720 1151 2274 V SplashScreenExceptionList: SplashScreen checking exception for package com.android.deskclock (target sdk:29) -> false
08-24 14:32:42.746 1151 2274 I ActivityTaskManager: The Process com.android.deskclock Already Exists in BG. So sending its PID: 3022
08-24 14:32:42.749 1151 2274 W ActivityTaskManager: Tried to set launchTime (0) < mLastActivityLaunchTime (200666)
08-24 14:32:42.783 1151 1856 W WindowManager: Failed looking up window session=Session{6882abe 3022:u0a10069} callers=com.android.server.wm.WindowManagerService.windowForClientLocked:5626 com.android.server.wm.Session.insetsModified:629 android.view.IWindowSession$Stub.onTransact:1151
01-01 02:18:09.306 0 0 W logd : Skipping entries from slow reader, pid 1286, fd 14, from LogBuffer::Prune()
01-01 02:18:09.317 0 0 W logd : Skipping entries from slow reader, pid 1286, fd 14, from LogBuffer::Prune()
08-24 14:32:42.863 1151 1722 V DisplayPowerController[0]: Brightness [0.39763778] reason changing to: 'manual', previous reason: 'manual [ dim ]'.
08-24 14:32:42.867 1151 2190 E DisplayDeviceConfig: requesting nits when no mapping exists.
08-24 14:32:42.868 1151 2190 E DisplayDeviceConfig: requesting nits when no mapping exists.
08-24 14:32:42.901 1151 2190 E DisplayDeviceConfig: requesting nits when no mapping exists.
08-24 14:32:42.923 1151 2190 E DisplayDeviceConfig: requesting nits when no mapping exists.
08-24 14:32:42.950 1151 2190 E DisplayDeviceConfig: requesting nits when no mapping exists.
08-24 14:32:42.951 1151 2190 E DisplayDeviceConfig: requesting nits when no mapping exists.
01-01 02:18:09.456 0 0 W logd : Skipping entries from slow reader, pid 1286, fd 14, from LogBuffer::Prune()
08-24 14:32:42.984 1151 2190 E DisplayDeviceConfig: requesting nits when no mapping exists.
08-24 14:32:42.985 1151 2190 E DisplayDeviceConfig: requesting nits when no mapping exists.
08-24 14:32:43.017 1151 2190 E DisplayDeviceConfig: requesting nits when no mapping exists.
08-24 14:32:43.018 1151 2190 E DisplayDeviceConfig: requesting nits when no mapping exists.
08-24 14:32:43.053 1151 2190 E DisplayDeviceConfig: requesting nits when no mapping exists.
08-24 14:32:43.054 1151 2190 E DisplayDeviceConfig: requesting nits when no mapping exists.
08-24 14:32:43.085 1151 2190 E DisplayDeviceConfig: requesting nits when no mapping exists.
08-24 14:32:43.085 1151 2190 E DisplayDeviceConfig: requesting nits when no mapping exists.
08-24 14:32:43.101 1151 2190 E DisplayDeviceConfig: requesting nits when no mapping exists.
08-24 14:32:43.102 1151 2190 E DisplayDeviceConfig: requesting nits when no mapping exists.
08-24 14:32:43.134 1151 2190 E DisplayDeviceConfig: requesting nits when no mapping exists.
08-24 14:32:43.134 1151 2190 E DisplayDeviceConfig: requesting nits when no mapping exists.
08-24 14:32:43.170 1151 2190 E DisplayDeviceConfig: requesting nits when no mapping exists.
08-24 14:32:43.171 1151 2190 E DisplayDeviceConfig: requesting nits when no mapping exists.
08-24 14:32:43.203 1151 2190 E DisplayDeviceConfig: requesting nits when no mapping exists.
08-24 14:32:43.213 1151 2190 E DisplayDeviceConfig: requesting nits when no mapping exists.
08-24 14:32:43.233 1151 2190 E DisplayDeviceConfig: requesting nits when no mapping exists.
08-24 14:32:43.234 1151 2190 E DisplayDeviceConfig: requesting nits when no mapping exists.
08-24 14:32:43.259 1151 2190 E DisplayDeviceConfig: requesting nits when no mapping exists.
08-24 14:32:43.260 1151 2190 E DisplayDeviceConfig: requesting nits when no mapping exists.
08-24 14:32:43.285 1151 2190 E DisplayDeviceConfig: requesting nits when no mapping exists.
08-24 14:32:43.285 1151 2190 E DisplayDeviceConfig: requesting nits when no mapping exists.
08-24 14:32:43.303 1151 2190 E DisplayDeviceConfig: requesting nits when no mapping exists.
08-24 14:32:43.303 1151 2190 E DisplayDeviceConfig: requesting nits when no mapping exists.
08-24 14:32:43.318 1151 2190 E DisplayDeviceConfig: requesting nits when no mapping exists.
08-24 14:32:43.319 1151 2190 E DisplayDeviceConfig: requesting nits when no mapping exists.
08-24 14:32:43.334 1151 2190 E DisplayDeviceConfig: requesting nits when no mapping exists.
08-24 14:32:43.336 1151 2190 E DisplayDeviceConfig: requesting nits when no mapping exists.
08-24 14:32:43.353 1151 2190 E DisplayDeviceConfig: requesting nits when no mapping exists.
08-24 14:32:43.353 1151 2190 E DisplayDeviceConfig: requesting nits when no mapping exists.
08-24 14:32:43.369 1151 2190 E DisplayDeviceConfig: requesting nits when no mapping exists.
08-24 14:32:43.369 1151 2190 E DisplayDeviceConfig: requesting nits when no mapping exists.
01-01 02:18:09.763 0 0 W logd : Skipping entries from slow reader, pid 1286, fd 14, from LogBuffer::Prune()
01-01 02:18:10.046 0 0 W logd : Skipping entries from slow reader, pid 1286, fd 14, from LogBuffer::Prune()
01-01 02:18:10.124 0 0 D : mv2112_read_status
01-01 02:18:10.124 0 0 D mv2112_update_link: 3.0x901(1G): 0x80
01-01 02:18:10.124 0 0 D mv2112_update_link: 3.0x8109(100M): 0x0
01-01 02:18:10.124 0 0 D mv2112_update_link: link 0x0
01-01 02:18:10.124 0 0 D mv2112_read_status: autoneg is disabled
01-01 02:18:10.183 0 0 I IRQ 5 : no longer affine to CPU6
01-01 02:18:10.505 0 0 W logd : Skipping entries from slow reader, pid 1286, fd 14, from LogBuffer::Prune()
01-01 02:18:10.783 0 0 I IRQ 5 : no longer affine to CPU4
01-01 02:18:11.020 0 0 W logd : Skipping entries from slow reader, pid 1286, fd 14, from LogBuffer::Prune()
01-01 02:18:11.147 0 0 D : mv2112_read_status
01-01 02:18:11.147 0 0 D mv2112_update_link: 3.0x901(1G): 0x80
01-01 02:18:11.147 0 0 D mv2112_update_link: 3.0x8109(100M): 0x0
01-01 02:18:11.147 0 0 D mv2112_update_link: link 0x0
01-01 02:18:11.147 0 0 D mv2112_read_status: autoneg is disabled
01-01 02:18:11.483 0 0 I IRQ 5 : no longer affine to CPU5
01-01 02:18:11.609 0 0 W logd : Skipping entries from slow reader, pid 1286, fd 14, from LogBuffer::Prune()
01-01 02:18:11.781 0 0 W logd : Skipping entries from slow reader, pid 1286, fd 14, from LogBuffer::Prune()
01-01 02:18:11.863 0 0 I IRQ 5 : no longer affine to CPU6
01-01 02:18:12.171 0 0 D : mv2112_read_status
01-01 02:18:12.172 0 0 D mv2112_update_link: 3.0x901(1G): 0x80
01-01 02:18:12.172 0 0 D mv2112_update_link: 3.0x8109(100M): 0x0
01-01 02:18:12.172 0 0 D mv2112_update_link: link 0x0
01-01 02:18:12.172 0 0 D mv2112_read_status: autoneg is disabled
01-01 02:18:12.492 0 0 I init : starting service 'qvrd_vndr'...
01-01 02:18:12.496 0 0 I init : Created socket '/dev/socket/qvrservice_vndr', mode 660, user 1000, group 1000
01-01 02:18:12.500 0 0 I init : Created socket '/dev/socket/qvrservice_vndr_camera', mode 660, user 1000, group 1000
01-01 02:18:12.542 0 0 I init : starting service 'sxrd'...
01-01 02:18:12.582 0 0 I init : Service 'sxrd' (pid 22944) exited with status 1
01-01 02:18:12.582 0 0 I init : Sending signal 9 to service 'sxrd' (pid 22944) process group...
01-01 02:18:12.583 0 0 I libprocessgroup: Successfully killed process cgroup uid 1000 pid 22944 in 0ms
01-01 02:18:12.591 0 0 I init : Service 'qvrd_vndr' (pid 22935) exited with status 1
01-01 02:18:12.591 0 0 I init : Sending signal 9 to service 'qvrd_vndr' (pid 22935) process group...
01-01 02:18:12.592 0 0 I libprocessgroup: Successfully killed process cgroup uid 1000 pid 22935 in 0ms
08-24 14:32:46.393 22944 22944 F linker : CANNOT LINK EXECUTABLE "/vendor/bin/hw/sxrservice": library "vendor.qti.hardware.qxr-V1-ndk_platform.so" not found: needed by main executable
08-24 14:32:46.402 22935 22935 F linker : CANNOT LINK EXECUTABLE "/vendor/bin/hw/qvrservice": library "vendor.qti.hardware.qxr-V1-ndk_platform.so" not found: needed by /vendor/lib64/libqvrservice.so in namespace (default)
01-01 02:18:13.195 0 0 D : mv2112_read_status
01-01 02:18:13.195 0 0 D mv2112_update_link: 3.0x901(1G): 0x80
01-01 02:18:13.195 0 0 D mv2112_update_link: 3.0x8109(100M): 0x0
01-01 02:18:13.195 0 0 D mv2112_update_link: link 0x0
01-01 02:18:13.195 0 0 D mv2112_read_status: autoneg is disabled
01-01 02:18:13.643 0 0 I IRQ 5 : no longer affine to CPU6
01-01 02:18:13.788 0 0 W logd : Skipping entries from slow reader, pid 1286, fd 14, from LogBuffer::Prune()
01-01 02:18:13.893 0 0 W logd : Skipping entries from slow reader, pid 1286, fd 14, from LogBuffer::Prune()
01-01 02:18:14.169 0 0 W logd : Skipping entries from slow reader, pid 1286, fd 14, from LogBuffer::Prune()
01-01 02:18:14.219 0 0 D : mv2112_read_status
01-01 02:18:14.219 0 0 D mv2112_update_link: 3.0x901(1G): 0x80
01-01 02:18:14.219 0 0 D mv2112_update_link: 3.0x8109(100M): 0x0
01-01 02:18:14.219 0 0 D mv2112_update_link: link 0x0
01-01 02:18:14.219 0 0 D mv2112_read_status: autoneg is disabled
01-01 02:18:14.507 0 0 W logd : Skipping entries from slow reader, pid 1286, fd 14, from LogBuffer::Prune()
01-01 02:18:14.892 0 0 W logd : Skipping entries from slow reader, pid 1286, fd 14, from LogBuffer::Prune()
01-01 02:18:15.218 0 0 W logd : Skipping entries from slow reader, pid 1286, fd 14, from LogBuffer::Prune()
01-01 02:18:15.223 0 0 I IRQ 5 : no longer affine to CPU6
01-01 02:18:15.243 0 0 D : mv2112_read_status
01-01 02:18:15.243 0 0 D mv2112_update_link: 3.0x901(1G): 0x80
01-01 02:18:15.243 0 0 D mv2112_update_link: 3.0x8109(100M): 0x0
01-01 02:18:15.243 0 0 D mv2112_update_link: link 0x0
01-01 02:18:15.243 0 0 D mv2112_read_status: autoneg is disabled
01-01 02:18:15.274 0 0 W logd : Skipping entries from slow reader, pid 1286, fd 14, from LogBuffer::Prune()
01-01 02:18:15.704 0 0 W logd : Skipping entries from slow reader, pid 1286, fd 14, from LogBuffer::Prune()
01-01 02:18:16.016 0 0 W logd : Skipping entries from slow reader, pid 1286, fd 14, from LogBuffer::Prune()
01-01 02:18:16.267 0 0 D : mv2112_read_status
01-01 02:18:16.267 0 0 D mv2112_update_link: 3.0x901(1G): 0x80
01-01 02:18:16.267 0 0 D mv2112_update_link: 3.0x8109(100M): 0x0
01-01 02:18:16.267 0 0 D mv2112_update_link: link 0x0
01-01 02:18:16.267 0 0 D mv2112_read_status: autoneg is disabled
01-01 02:18:16.320 0 0 W logd : Skipping entries from slow reader, pid 1286, fd 14, from LogBuffer::Prune()
01-01 02:18:17.291 0 0 D : mv2112_read_status
01-01 02:18:17.291 0 0 D mv2112_update_link: 3.0x901(1G): 0x80
01-01 02:18:17.291 0 0 D mv2112_update_link: 3.0x8109(100M): 0x0
01-01 02:18:17.291 0 0 D mv2112_update_link: link 0x0
01-01 02:18:17.291 0 0 D mv2112_read_status: autoneg is disabled
01-01 02:18:17.532 0 0 I init : starting service 'qvrd_vndr'...
01-01 02:18:17.536 0 0 I init : Created socket '/dev/socket/qvrservice_vndr', mode 660, user 1000, group 1000
01-01 02:18:17.540 0 0 I init : Created socket '/dev/socket/qvrservice_vndr_camera', mode 660, user 1000, group 1000
01-01 02:18:17.586 0 0 I init : starting service 'sxrd'...
01-01 02:18:17.646 0 0 I init : Service 'qvrd_vndr' (pid 24319) exited with status 1
01-01 02:18:17.646 0 0 I init : Sending signal 9 to service 'qvrd_vndr' (pid 24319) process group...
01-01 02:18:17.646 0 0 I libprocessgroup: Successfully killed process cgroup uid 1000 pid 24319 in 0ms
01-01 02:18:17.671 0 0 I init : Service 'sxrd' (pid 24329) exited with status 1
01-01 02:18:17.671 0 0 I init : Sending signal 9 to service 'sxrd' (pid 24329) process group...
01-01 02:18:17.672 0 0 I libprocessgroup: Successfully killed process cgroup uid 1000 pid 24329 in 0ms
08-24 14:32:51.455 24319 24319 F linker : CANNOT LINK EXECUTABLE "/vendor/bin/hw/qvrservice": library "vendor.qti.hardware.qxr-V1-ndk_platform.so" not found: needed by /vendor/lib64/libqvrservice.so in namespace (default)
08-24 14:32:51.480 24329 24329 F linker : CANNOT LINK EXECUTABLE "/vendor/bin/hw/sxrservice": library "vendor.qti.hardware.qxr-V1-ndk_platform.so" not found: needed by main executable
01-01 02:18:18.317 0 0 D : mv2112_read_status
01-01 02:18:18.317 0 0 D mv2112_update_link: 3.0x901(1G): 0x80
01-01 02:18:18.317 0 0 D mv2112_update_link: 3.0x8109(100M): 0x0
01-01 02:18:18.317 0 0 D mv2112_update_link: link 0x0
01-01 02:18:18.317 0 0 D mv2112_read_status: autoneg is disabled
01-01 02:18:18.872 0 0 W logd : Skipping entries from slow reader, pid 1286, fd 14, from LogBuffer::Prune()
01-01 02:18:19.023 0 0 I IRQ 5 : no longer affine to CPU6
01-01 02:18:19.272 0 0 W logd : Skipping entries from slow reader, pid 1286, fd 14, from LogBuffer::Prune()
01-01 02:18:19.341 0 0 D : mv2112_read_status
01-01 02:18:19.341 0 0 D mv2112_update_link: 3.0x901(1G): 0x80
01-01 02:18:19.342 0 0 D mv2112_update_link: 3.0x8109(100M): 0x0
01-01 02:18:19.342 0 0 D mv2112_update_link: link 0x0
01-01 02:18:19.342 0 0 D mv2112_read_status: autoneg is disabled
01-01 02:18:19.613 0 0 W logd : Skipping entries from slow reader, pid 1286, fd 14, from LogBuffer::Prune()
01-01 02:18:20.048 0 0 W logd : Skipping entries from slow reader, pid 1286, fd 14, from LogBuffer::Prune()
01-01 02:18:20.123 0 0 I IRQ 5 : no longer affine to CPU5
01-01 02:18:20.260 0 0 W logd : Skipping entries from slow reader, pid 1286, fd 14, from LogBuffer::Prune()
01-01 02:18:20.323 0 0 I IRQ 5 : no longer affine to CPU6
01-01 02:18:20.363 0 0 D : mv2112_read_status
01-01 02:18:20.363 0 0 D mv2112_update_link: 3.0x901(1G): 0x80
01-01 02:18:20.363 0 0 D mv2112_update_link: 3.0x8109(100M): 0x0
01-01 02:18:20.363 0 0 D mv2112_update_link: link 0x0
01-01 02:18:20.363 0 0 D mv2112_read_status: autoneg is disabled
01-01 02:18:20.527 0 0 W logd : Skipping entries from slow reader, pid 1286, fd 14, from LogBuffer::Prune()
01-01 02:18:20.683 0 0 I IRQ 5 : no longer affine to CPU4
01-01 02:18:20.833 0 0 W logd : Skipping entries from slow reader, pid 1286, fd 14, from LogBuffer::Prune()
01-01 02:18:21.123 0 0 I IRQ 5 : no longer affine to CPU5
01-01 02:18:21.126 0 0 W logd : Skipping entries from slow reader, pid 1286, fd 14, from LogBuffer::Prune()
01-01 02:18:21.387 0 0 D : mv2112_read_status
01-01 02:18:21.388 0 0 D mv2112_update_link: 3.0x901(1G): 0x80
01-01 02:18:21.388 0 0 D mv2112_update_link: 3.0x8109(100M): 0x0
01-01 02:18:21.388 0 0 D mv2112_update_link: link 0x0
01-01 02:18:21.388 0 0 D mv2112_read_status: autoneg is disabled
01-01 02:18:21.403 0 0 W logd : Skipping entries from slow reader, pid 1286, fd 14, from LogBuffer::Prune()
01-01 02:18:21.851 0 0 W logd : Skipping entries from slow reader, pid 1286, fd 14, from LogBuffer::Prune()
01-01 02:18:22.411 0 0 D : mv2112_read_status
01-01 02:18:22.411 0 0 D mv2112_update_link: 3.0x901(1G): 0x80
01-01 02:18:22.411 0 0 D mv2112_update_link: 3.0x8109(100M): 0x0
01-01 02:18:22.411 0 0 D mv2112_update_link: link 0x0
01-01 02:18:22.411 0 0 D mv2112_read_status: autoneg is disabled
01-01 02:18:22.574 0 0 I init : starting service 'qvrd_vndr'...
01-01 02:18:22.577 0 0 I init : Created socket '/dev/socket/qvrservice_vndr', mode 660, user 1000, group 1000
01-01 02:18:22.582 0 0 I init : Created socket '/dev/socket/qvrservice_vndr_camera', mode 660, user 1000, group 1000
01-01 02:18:22.625 0 0 I init : starting service 'sxrd'...
01-01 02:18:22.678 0 0 I init : Service 'qvrd_vndr' (pid 25647) exited with status 1
01-01 02:18:22.678 0 0 I init : Sending signal 9 to service 'qvrd_vndr' (pid 25647) process group...
01-01 02:18:22.679 0 0 I libprocessgroup: Successfully killed process cgroup uid 1000 pid 25647 in 0ms
01-01 02:18:22.695 0 0 I init : Service 'sxrd' (pid 25658) exited with status 1
01-01 02:18:22.695 0 0 I init : Sending signal 9 to service 'sxrd' (pid 25658) process group...
01-01 02:18:22.696 0 0 I libprocessgroup: Successfully killed process cgroup uid 1000 pid 25658 in 0ms
08-24 14:32:56.486 25647 25647 F linker : CANNOT LINK EXECUTABLE "/vendor/bin/hw/qvrservice": library "vendor.qti.hardware.qxr-V1-ndk_platform.so" not found: needed by /vendor/lib64/libqvrservice.so in namespace (default)
08-24 14:32:56.505 25658 25658 F linker : CANNOT LINK EXECUTABLE "/vendor/bin/hw/sxrservice": library "vendor.qti.hardware.qxr-V1-ndk_platform.so" not found: needed by main executable
01-01 02:18:23.435 0 0 D : mv2112_read_status
01-01 02:18:23.435 0 0 D mv2112_update_link: 3.0x901(1G): 0x80
01-01 02:18:23.435 0 0 D mv2112_update_link: 3.0x8109(100M): 0x0
01-01 02:18:23.435 0 0 D mv2112_update_link: link 0x0
01-01 02:18:23.435 0 0 D mv2112_read_status: autoneg is disabled
01-01 02:18:24.132 0 0 W logd : Skipping entries from slow reader, pid 1286, fd 14, from LogBuffer::Prune()
01-01 02:18:24.418 0 0 W logd : Skipping entries from slow reader, pid 1286, fd 14, from LogBuffer::Prune()
01-01 02:18:24.459 0 0 D : mv2112_read_status
01-01 02:18:24.459 0 0 D mv2112_update_link: 3.0x901(1G): 0x80
01-01 02:18:24.459 0 0 D mv2112_update_link: 3.0x8109(100M): 0x0
01-01 02:18:24.459 0 0 D mv2112_update_link: link 0x0
01-01 02:18:24.459 0 0 D mv2112_read_status: autoneg is disabled
01-01 02:18:24.523 0 0 I IRQ 5 : no longer affine to CPU6
01-01 02:18:24.713 0 0 W logd : Skipping entries from slow reader, pid 1286, fd 14, from LogBuffer::Prune()
01-01 02:18:24.989 0 0 W logd : Skipping entries from slow reader, pid 1286, fd 14, from LogBuffer::Prune()
01-01 02:18:25.300 0 0 W logd : Skipping entries from slow reader, pid 1286, fd 14, from LogBuffer::Prune()
01-01 02:18:25.485 0 0 D : mv2112_read_status
01-01 02:18:25.485 0 0 D mv2112_update_link: 3.0x901(1G): 0x80
01-01 02:18:25.506 0 0 D mv2112_update_link: 3.0x8109(100M): 0x0
01-01 02:18:25.506 0 0 D mv2112_update_link: link 0x0
01-01 02:18:25.506 0 0 D mv2112_read_status: autoneg is disabled
01-01 02:18:25.724 0 0 W logd : Skipping entries from slow reader, pid 1286, fd 14, from LogBuffer::Prune()
01-01 02:18:25.833 0 0 W logd : Skipping entries from slow reader, pid 1286, fd 14, from LogBuffer::Prune()
01-01 02:18:26.092 0 0 W logd : Skipping entries from slow reader, pid 1286, fd 14, from LogBuffer::Prune()
01-01 02:18:26.183 0 0 I IRQ 5 : no longer affine to CPU4
01-01 02:18:26.323 0 0 I IRQ 5 : no longer affine to CPU5
01-01 02:18:26.431 0 0 W logd : Skipping entries from slow reader, pid 1286, fd 14, from LogBuffer::Prune()
01-01 02:18:26.507 0 0 D : mv2112_read_status
01-01 02:18:26.507 0 0 D mv2112_update_link: 3.0x901(1G): 0x80
01-01 02:18:26.507 0 0 D mv2112_update_link: 3.0x8109(100M): 0x0
01-01 02:18:26.507 0 0 D mv2112_update_link: link 0x0
01-01 02:18:26.507 0 0 D mv2112_read_status: autoneg is disabled
01-01 02:18:26.738 0 0 W logd : Skipping entries from slow reader, pid 1286, fd 14, from LogBuffer::Prune()
01-01 02:18:27.303 0 0 I IRQ 5 : no longer affine to CPU6
01-01 02:18:27.531 0 0 D : mv2112_read_status
01-01 02:18:27.531 0 0 D mv2112_update_link: 3.0x901(1G): 0x80
01-01 02:18:27.541 0 0 D mv2112_update_link: 3.0x8109(100M): 0x0
01-01 02:18:27.541 0 0 D mv2112_update_link: link 0x0
01-01 02:18:27.541 0 0 D mv2112_read_status: autoneg is disabled
01-01 02:18:27.612 0 0 I init : starting service 'qvrd_vndr'...
01-01 02:18:27.614 0 0 I init : Created socket '/dev/socket/qvrservice_vndr', mode 660, user 1000, group 1000
01-01 02:18:27.616 0 0 I init : Created socket '/dev/socket/qvrservice_vndr_camera', mode 660, user 1000, group 1000
01-01 02:18:27.652 0 0 I init : starting service 'sxrd'...
01-01 02:18:27.695 0 0 I init : Service 'qvrd_vndr' (pid 26734) exited with status 1
01-01 02:18:27.695 0 0 I init : Sending signal 9 to service 'qvrd_vndr' (pid 26734) process group...
01-01 02:18:27.695 0 0 I libprocessgroup: Successfully killed process cgroup uid 1000 pid 26734 in 0ms
01-01 02:18:27.706 0 0 I init : Service 'sxrd' (pid 26740) exited with status 1
01-01 02:18:27.706 0 0 I init : Sending signal 9 to service 'sxrd' (pid 26740) process group...
01-01 02:18:27.707 0 0 I libprocessgroup: Successfully killed process cgroup uid 1000 pid 26740 in 0ms
08-24 14:33:01.505 26734 26734 F linker : CANNOT LINK EXECUTABLE "/vendor/bin/hw/qvrservice": library "vendor.qti.hardware.qxr-V1-ndk_platform.so" not found: needed by /vendor/lib64/libqvrservice.so in namespace (default)
08-24 14:33:01.515 26740 26740 F linker : CANNOT LINK EXECUTABLE "/vendor/bin/hw/sxrservice": library "vendor.qti.hardware.qxr-V1-ndk_platform.so" not found: needed by main executable
01-01 02:18:27.843 0 0 I IRQ 5 : no longer affine to CPU7
01-01 02:18:28.343 0 0 I IRQ 5 : no longer affine to CPU6
01-01 02:18:28.503 0 0 I IRQ 5 : no longer affine to CPU7
01-01 02:18:28.555 0 0 D : mv2112_read_status
01-01 02:18:28.555 0 0 D mv2112_update_link: 3.0x901(1G): 0x80
01-01 02:18:28.556 0 0 D mv2112_update_link: 3.0x8109(100M): 0x0
01-01 02:18:28.556 0 0 D mv2112_update_link: link 0x0
01-01 02:18:28.556 0 0 D mv2112_read_status: autoneg is disabled
01-01 02:18:29.103 0 0 I IRQ 5 : no longer affine to CPU4
01-01 02:18:29.307 0 0 W logd : Skipping entries from slow reader, pid 1286, fd 14, from LogBuffer::Prune()
01-01 02:18:29.579 0 0 D : mv2112_read_status
01-01 02:18:29.579 0 0 D mv2112_update_link: 3.0x901(1G): 0x80
01-01 02:18:29.579 0 0 D mv2112_update_link: 3.0x8109(100M): 0x0
01-01 02:18:29.579 0 0 D mv2112_update_link: link 0x0
01-01 02:18:29.579 0 0 D mv2112_read_status: autoneg is disabled
01-01 02:18:29.592 0 0 W logd : Skipping entries from slow reader, pid 1286, fd 14, from LogBuffer::Prune()
01-01 02:18:29.814 0 0 W logd : Skipping entries from slow reader, pid 1286, fd 14, from LogBuffer::Prune()
01-01 02:18:29.903 0 0 I IRQ 5 : no longer affine to CPU4
01-01 02:18:29.972 0 0 W logd : Skipping entries from slow reader, pid 1286, fd 14, from LogBuffer::Prune()
01-01 02:18:30.183 0 0 I IRQ 5 : no longer affine to CPU6
01-01 02:18:30.251 0 0 W logd : Skipping entries from slow reader, pid 1286, fd 14, from LogBuffer::Prune()
01-01 02:18:30.303 0 0 I IRQ 5 : no longer affine to CPU4
01-01 02:18:30.589 0 0 W logd : Skipping entries from slow reader, pid 1286, fd 14, from LogBuffer::Prune()
01-01 02:18:30.603 0 0 D : mv2112_read_status
01-01 02:18:30.603 0 0 D mv2112_update_link: 3.0x901(1G): 0x80
01-01 02:18:30.603 0 0 D mv2112_update_link: 3.0x8109(100M): 0x0
01-01 02:18:30.603 0 0 D mv2112_update_link: link 0x0
01-01 02:18:30.603 0 0 D mv2112_read_status: autoneg is disabled
01-01 02:18:30.903 0 0 I IRQ 5 : no longer affine to CPU6
01-01 02:18:30.923 0 0 W logd : Skipping entries from slow reader, pid 1286, fd 14, from LogBuffer::Prune()
01-01 02:18:31.336 0 0 W logd : Skipping entries from slow reader, pid 1286, fd 14, from LogBuffer::Prune()
01-01 02:18:31.353 0 0 W logd : Skipping entries from slow reader, pid 1286, fd 14, from LogBuffer::Prune()
01-01 02:18:31.630 0 0 D : mv2112_read_status
01-01 02:18:31.630 0 0 D mv2112_update_link: 3.0x901(1G): 0x80
01-01 02:18:31.631 0 0 D mv2112_update_link: 3.0x8109(100M): 0x0
01-01 02:18:31.631 0 0 D mv2112_update_link: link 0x0
01-01 02:18:31.631 0 0 D mv2112_read_status: autoneg is disabled
01-01 02:18:31.713 0 0 W logd : Skipping entries from slow reader, pid 1286, fd 14, from LogBuffer::Prune()
01-01 02:18:32.636 0 0 I init : starting service 'qvrd_vndr'...
01-01 02:18:32.638 0 0 I init : Created socket '/dev/socket/qvrservice_vndr', mode 660, user 1000, group 1000
01-01 02:18:32.640 0 0 I init : Created socket '/dev/socket/qvrservice_vndr_camera', mode 660, user 1000, group 1000
01-01 02:18:32.643 0 0 I IRQ 5 : no longer affine to CPU5
01-01 02:18:32.651 0 0 D : mv2112_read_status
01-01 02:18:32.651 0 0 D mv2112_update_link: 3.0x901(1G): 0x80
01-01 02:18:32.652 0 0 D mv2112_update_link: 3.0x8109(100M): 0x0
01-01 02:18:32.652 0 0 D mv2112_update_link: link 0x0
01-01 02:18:32.652 0 0 D mv2112_read_status: autoneg is disabled
01-01 02:18:32.674 0 0 I init : starting service 'sxrd'...
01-01 02:18:32.721 0 0 I init : Service 'qvrd_vndr' (pid 28060) exited with status 1
01-01 02:18:32.721 0 0 I init : Sending signal 9 to service 'qvrd_vndr' (pid 28060) process group...
01-01 02:18:32.721 0 0 I libprocessgroup: Successfully killed process cgroup uid 1000 pid 28060 in 0ms
01-01 02:18:32.737 0 0 I init : Service 'sxrd' (pid 28072) exited with status 1
01-01 02:18:32.737 0 0 I init : Sending signal 9 to service 'sxrd' (pid 28072) process group...
01-01 02:18:32.737 0 0 I libprocessgroup: Successfully killed process cgroup uid 1000 pid 28072 in 0ms
08-24 14:33:06.529 28060 28060 F linker : CANNOT LINK EXECUTABLE "/vendor/bin/hw/qvrservice": library "vendor.qti.hardware.qxr-V1-ndk_platform.so" not found: needed by /vendor/lib64/libqvrservice.so in namespace (default)
01-01 02:18:32.823 0 0 I IRQ 5 : no longer affine to CPU6
08-24 14:33:06.546 28072 28072 F linker : CANNOT LINK EXECUTABLE "/vendor/bin/hw/sxrservice": library "vendor.qti.hardware.qxr-V1-ndk_platform.so" not found: needed by main executable
01-01 02:18:33.676 0 0 D : mv2112_read_status
01-01 02:18:33.676 0 0 D mv2112_update_link: 3.0x901(1G): 0x80
01-01 02:18:33.676 0 0 D mv2112_update_link: 3.0x8109(100M): 0x0
01-01 02:18:33.676 0 0 D mv2112_update_link: link 0x0
01-01 02:18:33.676 0 0 D mv2112_read_status: autoneg is disabled
01-01 02:18:34.103 0 0 I IRQ 5 : no longer affine to CPU4
01-01 02:18:34.403 0 0 I IRQ 5 : no longer affine to CPU5
01-01 02:18:34.502 0 0 W logd : Skipping entries from slow reader, pid 1286, fd 14, from LogBuffer::Prune()
01-01 02:18:34.538 0 0 W logd : Skipping entries from slow reader, pid 1286, fd 14, from LogBuffer::Prune()
01-01 02:18:34.699 0 0 D : mv2112_read_status
01-01 02:18:34.699 0 0 D mv2112_update_link: 3.0x901(1G): 0x80
01-01 02:18:34.699 0 0 D mv2112_update_link: 3.0x8109(100M): 0x0
01-01 02:18:34.699 0 0 D mv2112_update_link: link 0x0
01-01 02:18:34.699 0 0 D mv2112_read_status: autoneg is disabled
01-01 02:18:34.894 0 0 W logd : Skipping entries from slow reader, pid 1286, fd 14, from LogBuffer::Prune()
01-01 02:18:35.155 0 0 W logd : Skipping entries from slow reader, pid 1286, fd 14, from LogBuffer::Prune()
01-01 02:18:35.303 0 0 I IRQ 5 : no longer affine to CPU4
01-01 02:18:35.553 0 0 W logd : Skipping entries from slow reader, pid 1286, fd 14, from LogBuffer::Prune()
01-01 02:18:35.731 0 0 D : mv2112_read_status
01-01 02:18:35.731 0 0 D mv2112_update_link: 3.0x901(1G): 0x80
01-01 02:18:35.731 0 0 D mv2112_update_link: 3.0x8109(100M): 0x0
01-01 02:18:35.731 0 0 D mv2112_update_link: link 0x0
01-01 02:18:35.731 0 0 D mv2112_read_status: autoneg is disabled
01-01 02:18:35.843 0 0 I IRQ 5 : no longer affine to CPU5
01-01 02:18:35.883 0 0 W logd : Skipping entries from slow reader, pid 1286, fd 14, from LogBuffer::Prune()
01-01 02:18:36.150 0 0 W logd : Skipping entries from slow reader, pid 1286, fd 14, from LogBuffer::Prune()
01-01 02:18:36.208 0 0 W logd : Skipping entries from slow reader, pid 1286, fd 14, from LogBuffer::Prune()
01-01 02:18:36.343 0 0 I IRQ 5 : no longer affine to CPU6
01-01 02:18:36.560 0 0 W logd : Skipping entries from slow reader, pid 1286, fd 14, from LogBuffer::Prune()
01-01 02:18:36.663 0 0 I IRQ 5 : no longer affine to CPU5
01-01 02:18:36.747 0 0 D : mv2112_read_status
01-01 02:18:36.747 0 0 D mv2112_update_link: 3.0x901(1G): 0x80
01-01 02:18:36.747 0 0 D mv2112_update_link: 3.0x8109(100M): 0x0
01-01 02:18:36.747 0 0 D mv2112_update_link: link 0x0
01-01 02:18:36.747 0 0 D mv2112_read_status: autoneg is disabled
01-01 02:18:36.803 0 0 I IRQ 5 : no longer affine to CPU6
01-01 02:18:36.867 0 0 W logd : Skipping entries from slow reader, pid 1286, fd 14, from LogBuffer::Prune()
01-01 02:18:37.659 0 0 I init : starting service 'qvrd_vndr'...
01-01 02:18:37.664 0 0 I init : Created socket '/dev/socket/qvrservice_vndr', mode 660, user 1000, group 1000
01-01 02:18:37.668 0 0 I init : Created socket '/dev/socket/qvrservice_vndr_camera', mode 660, user 1000, group 1000
01-01 02:18:37.712 0 0 I init : starting service 'sxrd'...
01-01 02:18:37.771 0 0 D : mv2112_read_status
01-01 02:18:37.771 0 0 D mv2112_update_link: 3.0x901(1G): 0x80
01-01 02:18:37.771 0 0 D mv2112_update_link: 3.0x8109(100M): 0x0
01-01 02:18:37.771 0 0 D mv2112_update_link: link 0x0
01-01 02:18:37.771 0 0 D mv2112_read_status: autoneg is disabled
08-24 14:33:11.587 29402 29402 F linker : CANNOT LINK EXECUTABLE "/vendor/bin/hw/qvrservice": library "vendor.qti.hardware.qxr-V1-ndk_platform.so" not found: needed by /vendor/lib64/libqvrservice.so in namespace (default)
01-01 02:18:37.778 0 0 I init : Service 'qvrd_vndr' (pid 29402) exited with status 1
01-01 02:18:37.778 0 0 I init : Sending signal 9 to service 'qvrd_vndr' (pid 29402) process group...
01-01 02:18:37.779 0 0 I libprocessgroup: Successfully killed process cgroup uid 1000 pid 29402 in 0ms
01-01 02:18:37.786 0 0 I init : Service 'sxrd' (pid 29422) exited with status 1
01-01 02:18:37.786 0 0 I init : Sending signal 9 to service 'sxrd' (pid 29422) process group...
01-01 02:18:37.787 0 0 I libprocessgroup: Successfully killed process cgroup uid 1000 pid 29422 in 0ms
08-24 14:33:11.592 29422 29422 F linker : CANNOT LINK EXECUTABLE "/vendor/bin/hw/sxrservice": library "vendor.qti.hardware.qxr-V1-ndk_platform.so" not found: needed by main executable
01-01 02:18:37.843 0 0 I IRQ 5 : no longer affine to CPU5
01-01 02:18:37.963 0 0 I IRQ 5 : no longer affine to CPU6
01-01 02:18:38.795 0 0 D : mv2112_read_status
01-01 02:18:38.795 0 0 D mv2112_update_link: 3.0x901(1G): 0x80
01-01 02:18:38.796 0 0 D mv2112_update_link: 3.0x8109(100M): 0x0
01-01 02:18:38.796 0 0 D mv2112_update_link: link 0x0
01-01 02:18:38.796 0 0 D mv2112_read_status: autoneg is disabled
01-01 02:18:38.803 0 0 I IRQ 5 : no longer affine to CPU4
01-01 02:18:39.163 0 0 I IRQ 5 : no longer affine to CPU5
01-01 02:18:39.544 0 0 W logd : Skipping entries from slow reader, pid 1286, fd 14, from LogBuffer::Prune()
01-01 02:18:39.663 0 0 I IRQ 5 : no longer affine to CPU4
01-01 02:18:39.771 0 0 W logd : Skipping entries from slow reader, pid 1286, fd 14, from LogBuffer::Prune()
01-01 02:18:39.819 0 0 D : mv2112_read_status
01-01 02:18:39.819 0 0 D mv2112_update_link: 3.0x901(1G): 0x80
01-01 02:18:39.820 0 0 D mv2112_update_link: 3.0x8109(100M): 0x0
01-01 02:18:39.820 0 0 D mv2112_update_link: link 0x0
01-01 02:18:39.820 0 0 D mv2112_read_status: autoneg is disabled
01-01 02:18:39.953 0 0 W logd : Skipping entries from slow reader, pid 1286, fd 14, from LogBuffer::Prune()
01-01 02:18:40.261 0 0 W logd : Skipping entries from slow reader, pid 1286, fd 14, from LogBuffer::Prune()
01-01 02:18:40.623 0 0 W logd : Skipping entries from slow reader, pid 1286, fd 14, from LogBuffer::Prune()
01-01 02:18:40.843 0 0 D : mv2112_read_status
01-01 02:18:40.843 0 0 D mv2112_update_link: 3.0x901(1G): 0x80
01-01 02:18:40.843 0 0 W irq_migrate_all_off_this_cpu: 1 callbacks suppressed
01-01 02:18:40.843 0 0 I IRQ 5 : no longer affine to CPU4
01-01 02:18:40.844 0 0 D mv2112_update_link: 3.0x8109(100M): 0x0
01-01 02:18:40.844 0 0 D mv2112_update_link: link 0x0
01-01 02:18:40.844 0 0 D mv2112_read_status: autoneg is disabled
01-01 02:18:40.943 0 0 W logd : Skipping entries from slow reader, pid 1286, fd 14, from LogBuffer::Prune()
01-01 02:18:41.309 0 0 W logd : Skipping entries from slow reader, pid 1286, fd 14, from LogBuffer::Prune()
01-01 02:18:41.412 0 0 W logd : Skipping entries from slow reader, pid 1286, fd 14, from LogBuffer::Prune()
01-01 02:18:41.648 0 0 W logd : Skipping entries from slow reader, pid 1286, fd 14, from LogBuffer::Prune()
01-01 02:18:41.868 0 0 D : mv2112_read_status
01-01 02:18:41.868 0 0 D mv2112_update_link: 3.0x901(1G): 0x80
01-01 02:18:41.868 0 0 D mv2112_update_link: 3.0x8109(100M): 0x0
01-01 02:18:41.868 0 0 D mv2112_update_link: link 0x0
01-01 02:18:41.868 0 0 D mv2112_read_status: autoneg is disabled
01-01 02:18:42.075 0 0 W logd : Skipping entries from slow reader, pid 1286, fd 14, from LogBuffer::Prune()
01-01 02:18:42.503 0 0 I IRQ 5 : no longer affine to CPU6
01-01 02:18:42.697 0 0 I init : starting service 'qvrd_vndr'...
01-01 02:18:42.699 0 0 I init : Created socket '/dev/socket/qvrservice_vndr', mode 660, user 1000, group 1000
01-01 02:18:42.702 0 0 I init : Created socket '/dev/socket/qvrservice_vndr_camera', mode 660, user 1000, group 1000
01-01 02:18:42.735 0 0 I init : starting service 'sxrd'...
01-01 02:18:42.790 0 0 I init : Service 'qvrd_vndr' (pid 30773) exited with status 1
01-01 02:18:42.790 0 0 I init : Sending signal 9 to service 'qvrd_vndr' (pid 30773) process group...
01-01 02:18:42.791 0 0 I libprocessgroup: Successfully killed process cgroup uid 1000 pid 30773 in 0ms
01-01 02:18:42.812 0 0 I init : Service 'sxrd' (pid 30786) exited with status 1
01-01 02:18:42.813 0 0 I init : Sending signal 9 to service 'sxrd' (pid 30786) process group...
01-01 02:18:42.813 0 0 I libprocessgroup: Successfully killed process cgroup uid 1000 pid 30786 in 0ms
01-01 02:18:42.891 0 0 D : mv2112_read_status
01-01 02:18:42.891 0 0 D mv2112_update_link: 3.0x901(1G): 0x80
01-01 02:18:42.892 0 0 D mv2112_update_link: 3.0x8109(100M): 0x0
01-01 02:18:42.892 0 0 D mv2112_update_link: link 0x0
01-01 02:18:42.892 0 0 D mv2112_read_status: autoneg is disabled
08-24 14:33:16.596 30773 30773 F linker : CANNOT LINK EXECUTABLE "/vendor/bin/hw/qvrservice": library "vendor.qti.hardware.qxr-V1-ndk_platform.so" not found: needed by /vendor/lib64/libqvrservice.so in namespace (default)
08-24 14:33:16.622 30786 30786 F linker : CANNOT LINK EXECUTABLE "/vendor/bin/hw/sxrservice": library "vendor.qti.hardware.qxr-V1-ndk_platform.so" not found: needed by main executable
01-01 02:18:43.118 0 0 I binder : 1151:1830 ioctl 400c620e 7509d725d8 returned -22
01-01 02:18:43.123 0 0 I binder : 1151:1830 ioctl c00c620f 7509d725b8 returned -22
08-24 14:33:16.929 1151 1830 D ActivityManager: freezing 30671 android.process.media
08-24 14:33:16.930 1151 1830 E ActivityManager: Unable to freeze binder for 30671 android.process.media
08-24 14:33:16.934 1151 1830 D ActivityManager: froze 30671 android.process.media
08-24 14:33:16.934 1151 1830 E ActivityManager: Unable to freeze binder for 30671 android.process.media
08-24 14:33:16.936 1151 1830 I ActivityManager: Killing 30671:android.process.media/u0a28 (adj 915): Unable to freeze binder interface
01-01 02:18:43.915 0 0 D : mv2112_read_status
01-01 02:18:43.915 0 0 D mv2112_update_link: 3.0x901(1G): 0x80
01-01 02:18:43.915 0 0 D mv2112_update_link: 3.0x8109(100M): 0x0
01-01 02:18:43.915 0 0 D mv2112_update_link: link 0x0
01-01 02:18:43.915 0 0 D mv2112_read_status: autoneg is disabled
01-01 02:18:44.605 0 0 W logd : Skipping entries from slow reader, pid 1286, fd 14, from LogBuffer::Prune()
01-01 02:18:44.939 0 0 D : mv2112_read_status
01-01 02:18:44.939 0 0 D mv2112_update_link: 3.0x901(1G): 0x80
01-01 02:18:44.939 0 0 D mv2112_update_link: 3.0x8109(100M): 0x0
01-01 02:18:44.939 0 0 D mv2112_update_link: link 0x0
01-01 02:18:44.939 0 0 D mv2112_read_status: autoneg is disabled
01-01 02:18:44.978 0 0 W logd : Skipping entries from slow reader, pid 1286, fd 14, from LogBuffer::Prune()
01-01 02:18:45.131 0 0 W logd : Skipping entries from slow reader, pid 1286, fd 14, from LogBuffer::Prune()
01-01 02:18:45.284 0 0 I IRQ 5 : no longer affine to CPU5
01-01 02:18:45.341 0 0 W logd : Skipping entries from slow reader, pid 1286, fd 14, from LogBuffer::Prune()
01-01 02:18:45.637 0 0 W logd : Skipping entries from slow reader, pid 1286, fd 14, from LogBuffer::Prune()
01-01 02:18:45.963 0 0 D : mv2112_read_status
01-01 02:18:45.963 0 0 D mv2112_update_link: 3.0x901(1G): 0x80
01-01 02:18:45.963 0 0 D mv2112_update_link: 3.0x8109(100M): 0x0
01-01 02:18:45.963 0 0 D mv2112_update_link: link 0x0
01-01 02:18:45.963 0 0 D mv2112_read_status: autoneg is disabled
01-01 02:18:45.971 0 0 W logd : Skipping entries from slow reader, pid 1286, fd 14, from LogBuffer::Prune()
01-01 02:18:46.003 0 0 I IRQ 5 : no longer affine to CPU4
01-01 02:18:46.163 0 0 I IRQ 5 : no longer affine to CPU6
01-01 02:18:46.458 0 0 W logd : Skipping entries from slow reader, pid 1286, fd 14, from LogBuffer::Prune()
01-01 02:18:46.543 0 0 I IRQ 5 : no longer affine to CPU4
01-01 02:18:46.957 0 0 W logd : Skipping entries from slow reader, pid 1286, fd 14, from LogBuffer::Prune()
01-01 02:18:46.987 0 0 D : mv2112_read_status
01-01 02:18:46.987 0 0 D mv2112_update_link: 3.0x901(1G): 0x80
01-01 02:18:46.988 0 0 D mv2112_update_link: 3.0x8109(100M): 0x0
01-01 02:18:46.988 0 0 D mv2112_update_link: link 0x0
01-01 02:18:46.988 0 0 D mv2112_read_status: autoneg is disabled
01-01 02:18:47.169 0 0 W logd : Skipping entries from slow reader, pid 1286, fd 14, from LogBuffer::Prune()
01-01 02:18:47.428 0 0 W logd : Skipping entries from slow reader, pid 1286, fd 14, from LogBuffer::Prune()
01-01 02:18:47.718 0 0 I init : starting service 'qvrd_vndr'...
01-01 02:18:47.722 0 0 I init : Created socket '/dev/socket/qvrservice_vndr', mode 660, user 1000, group 1000
01-01 02:18:47.727 0 0 I init : Created socket '/dev/socket/qvrservice_vndr_camera', mode 660, user 1000, group 1000
01-01 02:18:47.764 0 0 I init : starting service 'sxrd'...
01-01 02:18:47.823 0 0 I init : Service 'sxrd' (pid 32060) exited with status 1
01-01 02:18:47.823 0 0 I init : Sending signal 9 to service 'sxrd' (pid 32060) process group...
01-01 02:18:47.824 0 0 I libprocessgroup: Successfully killed process cgroup uid 1000 pid 32060 in 0ms
01-01 02:18:47.832 0 0 I init : Service 'qvrd_vndr' (pid 32055) exited with status 1
01-01 02:18:47.833 0 0 I init : Sending signal 9 to service 'qvrd_vndr' (pid 32055) process group...
01-01 02:18:47.833 0 0 I libprocessgroup: Successfully killed process cgroup uid 1000 pid 32055 in 0ms
01-01 02:18:48.011 0 0 D : mv2112_read_status
01-01 02:18:48.011 0 0 D mv2112_update_link: 3.0x901(1G): 0x80
01-01 02:18:48.012 0 0 D mv2112_update_link: 3.0x8109(100M): 0x0
01-01 02:18:48.012 0 0 D mv2112_update_link: link 0x0
01-01 02:18:48.012 0 0 D mv2112_read_status: autoneg is disabled
08-24 14:33:21.632 32060 32060 F linker : CANNOT LINK EXECUTABLE "/vendor/bin/hw/sxrservice": library "vendor.qti.hardware.qxr-V1-ndk_platform.so" not found: needed by main executable
08-24 14:33:21.640 32055 32055 F linker : CANNOT LINK EXECUTABLE "/vendor/bin/hw/qvrservice": library "vendor.qti.hardware.qxr-V1-ndk_platform.so" not found: needed by /vendor/lib64/libqvrservice.so in namespace (default)
01-01 02:18:49.035 0 0 D : mv2112_read_status
01-01 02:18:49.035 0 0 D mv2112_update_link: 3.0x901(1G): 0x80
01-01 02:18:49.035 0 0 D mv2112_update_link: 3.0x8109(100M): 0x0
01-01 02:18:49.035 0 0 D mv2112_update_link: link 0x0
01-01 02:18:49.035 0 0 D mv2112_read_status: autoneg is disabled
01-01 02:18:49.878 0 0 W logd : Skipping entries from slow reader, pid 1286, fd 14, from LogBuffer::Prune()
01-01 02:18:49.910 0 0 W logd : Skipping entries from slow reader, pid 1286, fd 14, from LogBuffer::Prune()
01-01 02:18:50.025 0 0 I IRQ 5 : no longer affine to CPU6
01-01 02:18:50.060 0 0 D : mv2112_read_status
01-01 02:18:50.061 0 0 D mv2112_update_link: 3.0x901(1G): 0x80
01-01 02:18:50.061 0 0 D mv2112_update_link: 3.0x8109(100M): 0x0
01-01 02:18:50.061 0 0 D mv2112_update_link: link 0x0
01-01 02:18:50.061 0 0 D mv2112_read_status: autoneg is disabled
01-01 02:18:50.182 0 0 W logd : Skipping entries from slow reader, pid 1286, fd 14, from LogBuffer::Prune()
01-01 02:18:50.753 0 0 W logd : Skipping entries from slow reader, pid 1286, fd 14, from LogBuffer::Prune()
01-01 02:18:51.084 0 0 D : mv2112_read_status
01-01 02:18:51.084 0 0 D mv2112_update_link: 3.0x901(1G): 0x80
01-01 02:18:51.084 0 0 D mv2112_update_link: 3.0x8109(100M): 0x0
01-01 02:18:51.084 0 0 D mv2112_update_link: link 0x0
01-01 02:18:51.084 0 0 D mv2112_read_status: autoneg is disabled
01-01 02:18:51.612 0 0 W logd : Skipping entries from slow reader, pid 1286, fd 14, from LogBuffer::Prune()
01-01 02:18:51.899 0 0 W logd : Skipping entries from slow reader, pid 1286, fd 14, from LogBuffer::Prune()
01-01 02:18:52.063 0 0 I IRQ 5 : no longer affine to CPU4
01-01 02:18:52.107 0 0 D : mv2112_read_status
01-01 02:18:52.107 0 0 D mv2112_update_link: 3.0x901(1G): 0x80
01-01 02:18:52.107 0 0 D mv2112_update_link: 3.0x8109(100M): 0x0
01-01 02:18:52.107 0 0 D mv2112_update_link: link 0x0
01-01 02:18:52.107 0 0 D mv2112_read_status: autoneg is disabled
01-01 02:18:52.242 0 0 W logd : Skipping entries from slow reader, pid 1286, fd 14, from LogBuffer::Prune()
01-01 02:18:52.363 0 0 I IRQ 5 : no longer affine to CPU6
01-01 02:18:52.620 0 0 W logd : Skipping entries from slow reader, pid 1286, fd 14, from LogBuffer::Prune()
01-01 02:18:52.755 0 0 I init : starting service 'qvrd_vndr'...
01-01 02:18:52.760 0 0 I init : Created socket '/dev/socket/qvrservice_vndr', mode 660, user 1000, group 1000
01-01 02:18:52.763 0 0 I init : Created socket '/dev/socket/qvrservice_vndr_camera', mode 660, user 1000, group 1000
01-01 02:18:52.780 0 0 W logd : Skipping entries from slow reader, pid 1286, fd 14, from LogBuffer::Prune()
01-01 02:18:52.799 0 0 I init : starting service 'sxrd'...
01-01 02:18:52.843 0 0 I init : Service 'qvrd_vndr' (pid 1310) exited with status 1
01-01 02:18:52.843 0 0 I init : Sending signal 9 to service 'qvrd_vndr' (pid 1310) process group...
01-01 02:18:52.844 0 0 I libprocessgroup: Successfully killed process cgroup uid 1000 pid 1310 in 0ms
01-01 02:18:52.860 0 0 I init : Service 'sxrd' (pid 1331) exited with status 1
01-01 02:18:52.861 0 0 I init : Sending signal 9 to service 'sxrd' (pid 1331) process group...
01-01 02:18:52.861 0 0 I libprocessgroup: Successfully killed process cgroup uid 1000 pid 1331 in 0ms
08-24 14:33:26.652 1310 1310 F linker : CANNOT LINK EXECUTABLE "/vendor/bin/hw/qvrservice": library "vendor.qti.hardware.qxr-V1-ndk_platform.so" not found: needed by /vendor/lib64/libqvrservice.so in namespace (default)
08-24 14:33:26.670 1331 1331 F linker : CANNOT LINK EXECUTABLE "/vendor/bin/hw/sxrservice": library "vendor.qti.hardware.qxr-V1-ndk_platform.so" not found: needed by main executable
01-01 02:18:53.132 0 0 D : mv2112_read_status
01-01 02:18:53.132 0 0 D mv2112_update_link: 3.0x901(1G): 0x80
01-01 02:18:53.132 0 0 D mv2112_update_link: 3.0x8109(100M): 0x0
01-01 02:18:53.132 0 0 D mv2112_update_link: link 0x0
01-01 02:18:53.132 0 0 D mv2112_read_status: autoneg is disabled
01-01 02:18:53.195 0 0 W logd : Skipping entries from slow reader, pid 1286, fd 14, from LogBuffer::Prune()
01-01 02:18:53.723 0 0 I IRQ 5 : no longer affine to CPU6
01-01 02:18:54.155 0 0 D : mv2112_read_status
01-01 02:18:54.155 0 0 D mv2112_update_link: 3.0x901(1G): 0x80
01-01 02:18:54.155 0 0 D mv2112_update_link: 3.0x8109(100M): 0x0
01-01 02:18:54.155 0 0 D mv2112_update_link: link 0x0
01-01 02:18:54.155 0 0 D mv2112_read_status: autoneg is disabled
01-01 02:18:54.623 0 0 I IRQ 5 : no longer affine to CPU5
01-01 02:18:54.901 0 0 W logd : Skipping entries from slow reader, pid 1286, fd 14, from LogBuffer::Prune()
01-01 02:18:55.173 0 0 W logd : Skipping entries from slow reader, pid 1286, fd 14, from LogBuffer::Prune()
01-01 02:18:55.179 0 0 D : mv2112_read_status
01-01 02:18:55.179 0 0 D mv2112_update_link: 3.0x901(1G): 0x80
01-01 02:18:55.179 0 0 D mv2112_update_link: 3.0x8109(100M): 0x0
01-01 02:18:55.179 0 0 D mv2112_update_link: link 0x0
01-01 02:18:55.179 0 0 D mv2112_read_status: autoneg is disabled
01-01 02:18:55.299 0 0 W logd : Skipping entries from slow reader, pid 1286, fd 14, from LogBuffer::Prune()
01-01 02:18:55.606 0 0 W logd : Skipping entries from slow reader, pid 1286, fd 14, from LogBuffer::Prune()
01-01 02:18:56.206 0 0 D : mv2112_read_status
01-01 02:18:56.207 0 0 D mv2112_update_link: 3.0x901(1G): 0x80
01-01 02:18:56.207 0 0 D mv2112_update_link: 3.0x8109(100M): 0x0
01-01 02:18:56.207 0 0 D mv2112_update_link: link 0x0
01-01 02:18:56.207 0 0 D mv2112_read_status: autoneg is disabled
01-01 02:18:56.329 0 0 W logd : Skipping entries from slow reader, pid 1286, fd 14, from LogBuffer::Prune()
01-01 02:18:57.025 0 0 I IRQ 5 : no longer affine to CPU4
01-01 02:18:57.113 0 0 W logd : Skipping entries from slow reader, pid 1286, fd 14, from LogBuffer::Prune()
01-01 02:18:57.227 0 0 D : mv2112_read_status
01-01 02:18:57.227 0 0 D mv2112_update_link: 3.0x901(1G): 0x80
01-01 02:18:57.227 0 0 D mv2112_update_link: 3.0x8109(100M): 0x0
01-01 02:18:57.227 0 0 D mv2112_update_link: link 0x0
01-01 02:18:57.227 0 0 D mv2112_read_status: autoneg is disabled
01-01 02:18:57.751 0 0 W logd : Skipping entries from slow reader, pid 1286, fd 14, from LogBuffer::Prune()
01-01 02:18:57.788 0 0 I init : starting service 'qvrd_vndr'...
01-01 02:18:57.792 0 0 I init : Created socket '/dev/socket/qvrservice_vndr', mode 660, user 1000, group 1000
01-01 02:18:57.795 0 0 I init : Created socket '/dev/socket/qvrservice_vndr_camera', mode 660, user 1000, group 1000
01-01 02:18:57.840 0 0 I init : starting service 'sxrd'...
01-01 02:18:57.901 0 0 I init : Service 'qvrd_vndr' (pid 3391) exited with status 1
01-01 02:18:57.902 0 0 I init : Sending signal 9 to service 'qvrd_vndr' (pid 3391) process group...
01-01 02:18:57.902 0 0 I libprocessgroup: Successfully killed process cgroup uid 1000 pid 3391 in 0ms
01-01 02:18:57.909 0 0 I init : Service 'sxrd' (pid 3413) exited with status 1
01-01 02:18:57.909 0 0 I init : Sending signal 9 to service 'sxrd' (pid 3413) process group...
01-01 02:18:57.910 0 0 I libprocessgroup: Successfully killed process cgroup uid 1000 pid 3413 in 0ms
08-24 14:33:31.711 3391 3391 F linker : CANNOT LINK EXECUTABLE "/vendor/bin/hw/qvrservice": library "vendor.qti.hardware.qxr-V1-ndk_platform.so" not found: needed by /vendor/lib64/libqvrservice.so in namespace (default)
08-24 14:33:31.717 3413 3413 F linker : CANNOT LINK EXECUTABLE "/vendor/bin/hw/sxrservice": library "vendor.qti.hardware.qxr-V1-ndk_platform.so" not found: needed by main executable
01-01 02:18:58.251 0 0 D : mv2112_read_status
01-01 02:18:58.251 0 0 D mv2112_update_link: 3.0x901(1G): 0x80
01-01 02:18:58.252 0 0 D mv2112_update_link: 3.0x8109(100M): 0x0
01-01 02:18:58.252 0 0 D mv2112_update_link: link 0x0
01-01 02:18:58.252 0 0 D mv2112_read_status: autoneg is disabled
01-01 02:18:58.523 0 0 I IRQ 5 : no longer affine to CPU6
