08-24 13:45:17.747 1151 2760 I PreBootBroadcaster: Pre-boot of {com.android.providers.contacts/com.android.providers.contacts.ContactsUpgradeReceiver} for user 0
08-24 13:45:17.757 1151 2760 D CompatibilityChangeReporter: Compat change id reported: 168419799; UID 10029; state: DISABLED
08-24 13:45:17.770 1151 3275 D CompatibilityChangeReporter: Compat change id reported: 168419799; UID 10028; state: DISABLED
08-24 13:45:17.803 1151 1702 W VoiceInteractionManager: no available voice recognition services found for user 0
08-24 13:45:17.825 1151 1650 D CompatibilityChangeReporter: Compat change id reported: 168419799; UID 10099; state: DISABLED
08-24 13:45:17.829 1151 1151 W CarrierConfigManager: Error getting config for subId -1 ICarrierConfigLoader is null
08-24 13:45:17.829 1151 1151 I Telecom : PhoneAccountRegistrar: getSimCallManager: SimCallManager for subId -1 queried, returning: null: TSI.gSCMFU@ABE
08-24 13:45:17.832 1151 1650 D CompatibilityChangeReporter: Compat change id reported: 135634846; UID 10077; state: DISABLED
08-24 13:45:17.832 1151 1650 D CompatibilityChangeReporter: Compat change id reported: 177438394; UID 10077; state: DISABLED
08-24 13:45:17.832 1151 1650 D CompatibilityChangeReporter: Compat change id reported: 135772972; UID 10077; state: DISABLED
08-24 13:45:17.832 1151 1650 D CompatibilityChangeReporter: Compat change id reported: 135754954; UID 10077; state: ENABLED
08-24 13:45:17.833 1151 1151 W CarrierConfigManager: Error getting config for subId -1 ICarrierConfigLoader is null
08-24 13:45:17.833 1151 1151 I Telecom : PhoneAccountRegistrar: getSimCallManager: SimCallManager for subId -1 queried, returning: null: TSI.gSCMFU@ABI
08-24 13:45:17.834 1151 1702 W VoiceInteractionManager: no available voice recognition services found for user 0
08-24 13:45:17.834 1151 1704 D CompatibilityChangeReporter: Compat change id reported: 143937733; UID 10077; state: ENABLED
08-24 13:45:17.845 1151 1702 W VoiceInteractionManager: no available voice recognition services found for user 0
08-24 13:45:17.910 1151 1704 W ActivityManager: Slow operation: 78ms so far, now at startProcess: returned from zygote!
08-24 13:45:17.910 1151 1704 W ActivityManager: Slow operation: 79ms so far, now at startProcess: done updating battery stats
08-24 13:45:17.911 1151 1704 W ActivityManager: Slow operation: 79ms so far, now at startProcess: building log message
08-24 13:45:17.911 1151 1704 I ActivityManager: Start proc 3739:com.qti.ltebc/u0a77 for broadcast {com.qti.ltebc/com.qualcomm.ltebc.LTEBroadcastReceiver}
08-24 13:45:17.911 1151 1704 W ActivityManager: Slow operation: 79ms so far, now at startProcess: starting to update pids map
08-24 13:45:17.911 1151 1704 W ActivityManager: Slow operation: 79ms so far, now at startProcess: done updating pids map
08-24 13:45:17.922 1151 1702 W VoiceInteractionManager: no available voice recognition services found for user 0
08-24 13:45:17.944 1151 1702 W VoiceInteractionManager: no available voice recognition services found for user 0
08-24 13:45:18.043 1151 2391 D CompatibilityChangeReporter: Compat change id reported: 168419799; UID 10077; state: DISABLED
08-24 13:45:18.689 1151 1692 D ColorDisplayService: NightDisplayTintController Animation cancelled: false to matrix:
08-24 13:45:18.689 1151 1692 D ColorDisplayService: 1.000000 0.000000 0.000000 0.000000 0.000000 1.000000 0.000000 0.000000 0.000000 0.000000 1.000000 0.000000 0.000000 0.000000 0.000000 1.000000 min matrix coefficients:
08-24 13:45:18.689 1151 1692 D ColorDisplayService: 1.000000 0.000000 0.000000 0.000000 0.000000 1.000000 0.000000 0.000000 0.000000 0.000000 1.000000 0.000000 0.000000 0.000000 0.000000 1.000000 max matrix coefficients:
08-24 13:45:18.689 1151 1692 D ColorDisplayService: 1.000000 0.000000 0.000000 0.000000 0.000000 1.000000 0.000000 0.000000 0.000000 0.000000 1.000000 0.000000 0.000000 0.000000 0.000000 1.000000
08-24 13:45:19.740 1151 1650 D CompatibilityChangeReporter: Compat change id reported: 172100307; UID 10099; state: DISABLED
08-24 13:45:21.964 3797 3797 F linker : CANNOT LINK EXECUTABLE "/vendor/bin/hw/qvrservice": library "vendor.qti.hardware.qxr-V1-ndk_platform.so" not found: needed by /vendor/lib64/libqvrservice.so in namespace (default)
08-24 13:45:21.981 3798 3798 F linker : CANNOT LINK EXECUTABLE "/vendor/bin/hw/sxrservice": library "vendor.qti.hardware.qxr-V1-ndk_platform.so" not found: needed by main executable
08-24 13:45:23.305 1151 2302 I ActivityManager: Process com.qti.ltebc (pid 3739) has died: fg RCVR
08-24 13:45:23.365 1151 2391 D CompatibilityChangeReporter: Compat change id reported: 168419799; UID 10021; state: DISABLED
08-24 13:45:23.388 1151 2391 I PreBootBroadcaster: Pre-boot of {com.android.providers.media.module/com.android.providers.media.MediaUpgradeReceiver} for user 0
08-24 13:45:23.395 1151 2391 I PreBootBroadcaster: Pre-boot of {com.android.settings/com.android.settings.SettingsInitialize} for user 0
08-24 13:45:23.399 1151 2391 D CompatibilityChangeReporter: Compat change id reported: 168419799; UID 1000; state: DISABLED
08-24 13:45:23.411 1151 1650 D PackageManager: Instant App installer not found with android.intent.action.INSTALL_INSTANT_APP_PACKAGE
08-24 13:45:23.411 1151 1650 D PackageManager: Clear ephemeral installer activity
08-24 13:45:23.418 1151 1703 I SystemServerTimingAsync: ssm.UnlockedUser-0
08-24 13:45:23.418 1151 1703 I SystemServiceManager: Calling onUnlockedUser 0
08-24 13:45:23.418 1151 1703 I SystemServerTimingAsync: ssm.onUnlockedUser-0_com.android.server.security.FileIntegrityService
08-24 13:45:23.418 1151 1703 D SystemServerTimingAsync: ssm.onUnlockedUser-0_com.android.server.security.FileIntegrityService took to complete: 0ms
08-24 13:45:23.418 1151 1703 I SystemServerTimingAsync: ssm.onUnlockedUser-0_com.android.server.pm.Installer
08-24 13:45:23.418 1151 1703 D SystemServerTimingAsync: ssm.onUnlockedUser-0_com.android.server.pm.Installer took to complete: 0ms
08-24 13:45:23.418 1151 1703 I SystemServerTimingAsync: ssm.onUnlockedUser-0_com.android.server.os.DeviceIdentifiersPolicyService
08-24 13:45:23.418 1151 1703 D SystemServerTimingAsync: ssm.onUnlockedUser-0_com.android.server.os.DeviceIdentifiersPolicyService took to complete: 0ms
08-24 13:45:23.418 1151 1703 I SystemServerTimingAsync: ssm.onUnlockedUser-0_com.android.server.uri.UriGrantsManagerService$Lifecycle
08-24 13:45:23.418 1151 1703 D SystemServerTimingAsync: ssm.onUnlockedUser-0_com.android.server.uri.UriGrantsManagerService$Lifecycle took to complete: 0ms
08-24 13:45:23.419 1151 1703 I SystemServerTimingAsync: ssm.onUnlockedUser-0_com.android.server.powerstats.PowerStatsService
08-24 13:45:23.419 1151 1703 D SystemServerTimingAsync: ssm.onUnlockedUser-0_com.android.server.powerstats.PowerStatsService took to complete: 0ms
08-24 13:45:23.419 1151 1703 I SystemServerTimingAsync: ssm.onUnlockedUser-0_com.android.server.wm.ActivityTaskManagerService$Lifecycle
08-24 13:45:23.420 1151 1703 I LaunchParamsPersister: Didn't find launch param folder for user 0
08-24 13:45:23.422 1151 1703 D SystemServerTimingAsync: ssm.onUnlockedUser-0_com.android.server.wm.ActivityTaskManagerService$Lifecycle took to complete: 4ms
08-24 13:45:23.422 1151 1703 I SystemServerTimingAsync: ssm.onUnlockedUser-0_com.android.server.am.ActivityManagerService$Lifecycle
08-24 13:45:23.422 1151 1703 D SystemServerTimingAsync: ssm.onUnlockedUser-0_com.android.server.am.ActivityManagerService$Lifecycle took to complete: 0ms
08-24 13:45:23.423 1151 1703 I SystemServerTimingAsync: ssm.onUnlockedUser-0_com.android.server.pm.DataLoaderManagerService
08-24 13:45:23.423 1151 1703 D SystemServerTimingAsync: ssm.onUnlockedUser-0_com.android.server.pm.DataLoaderManagerService took to complete: 0ms
08-24 13:45:23.423 1151 1703 I SystemServerTimingAsync: ssm.onUnlockedUser-0_com.android.server.power.PowerManagerService
08-24 13:45:23.423 1151 1703 D SystemServerTimingAsync: ssm.onUnlockedUser-0_com.android.server.power.PowerManagerService took to complete: 0ms
08-24 13:45:23.423 1151 1703 I SystemServerTimingAsync: ssm.onUnlockedUser-0_com.android.server.power.ThermalManagerService
08-24 13:45:23.423 1151 1703 D SystemServerTimingAsync: ssm.onUnlockedUser-0_com.android.server.power.ThermalManagerService took to complete: 0ms
08-24 13:45:23.423 1151 1703 I SystemServerTimingAsync: ssm.onUnlockedUser-0_com.android.server.power.hint.HintManagerService
08-24 13:45:23.423 1151 1703 D SystemServerTimingAsync: ssm.onUnlockedUser-0_com.android.server.power.hint.HintManagerService took to complete: 0ms
08-24 13:45:23.423 1151 1703 I SystemServerTimingAsync: ssm.onUnlockedUser-0_com.android.server.recoverysystem.RecoverySystemService$Lifecycle
08-24 13:45:23.423 1151 1703 D SystemServerTimingAsync: ssm.onUnlockedUser-0_com.android.server.recoverysystem.RecoverySystemService$Lifecycle took to complete: 0ms
08-24 13:45:23.423 1151 1703 I SystemServerTimingAsync: ssm.onUnlockedUser-0_com.android.server.lights.LightsService
08-24 13:45:23.423 1151 1703 D SystemServerTimingAsync: ssm.onUnlockedUser-0_com.android.server.lights.LightsService took to complete: 0ms
08-24 13:45:23.423 1151 1703 I SystemServerTimingAsync: ssm.onUnlockedUser-0_com.android.server.display.DisplayManagerService
08-24 13:45:23.423 1151 1703 D SystemServerTimingAsync: ssm.onUnlockedUser-0_com.android.server.display.DisplayManagerService took to complete: 0ms
08-24 13:45:23.424 1151 1703 I SystemServerTimingAsync: ssm.onUnlockedUser-0_com.android.server.pm.verify.domain.DomainVerificationService
08-24 13:45:23.424 1151 1703 D SystemServerTimingAsync: ssm.onUnlockedUser-0_com.android.server.pm.verify.domain.DomainVerificationService took to complete: 0ms
08-24 13:45:23.424 1151 1703 I SystemServerTimingAsync: ssm.onUnlockedUser-0_com.android.server.pm.PackageInstallerService$Lifecycle
08-24 13:45:23.424 1151 1703 D SystemServerTimingAsync: ssm.onUnlockedUser-0_com.android.server.pm.PackageInstallerService$Lifecycle took to complete: 0ms
08-24 13:45:23.424 1151 1703 I SystemServerTimingAsync: ssm.onUnlockedUser-0_com.android.server.pm.UserManagerService$LifeCycle
08-24 13:45:23.424 1151 1703 D SystemServerTimingAsync: ssm.onUnlockedUser-0_com.android.server.pm.UserManagerService$LifeCycle took to complete: 0ms
08-24 13:45:23.424 1151 1703 I SystemServerTimingAsync: ssm.onUnlockedUser-0_com.android.server.om.OverlayManagerService
08-24 13:45:23.424 1151 1703 D SystemServerTimingAsync: ssm.onUnlockedUser-0_com.android.server.om.OverlayManagerService took to complete: 0ms
08-24 13:45:23.424 1151 1703 I SystemServerTimingAsync: ssm.onUnlockedUser-0_com.android.server.SensorPrivacyService
08-24 13:45:23.424 1151 1703 D SystemServerTimingAsync: ssm.onUnlockedUser-0_com.android.server.SensorPrivacyService took to complete: 0ms
08-24 13:45:23.424 1151 1703 I SystemServerTimingAsync: ssm.onUnlockedUser-0_com.android.server.sensors.SensorService
08-24 13:45:23.424 1151 1703 D SystemServerTimingAsync: ssm.onUnlockedUser-0_com.android.server.sensors.SensorService took to complete: 0ms
08-24 13:45:23.424 1151 1703 I SystemServerTimingAsync: ssm.onUnlockedUser-0_com.android.server.SystemConfigService
08-24 13:45:23.425 1151 1703 D SystemServerTimingAsync: ssm.onUnlockedUser-0_com.android.server.SystemConfigService took to complete: 0ms
08-24 13:45:23.425 1151 1703 I SystemServerTimingAsync: ssm.onUnlockedUser-0_com.android.server.BatteryService
08-24 13:45:23.425 1151 1650 I ActivityManager: Posting BOOT_COMPLETED user #0
08-24 13:45:23.425 1151 1703 D SystemServerTimingAsync: ssm.onUnlockedUser-0_com.android.server.BatteryService took to complete: 0ms
08-24 13:45:23.425 1151 1703 I SystemServerTimingAsync: ssm.onUnlockedUser-0_com.android.server.usage.UsageStatsService
08-24 13:45:23.425 1151 1703 D SystemServerTimingAsync: ssm.onUnlockedUser-0_com.android.server.usage.UsageStatsService took to complete: 0ms
08-24 13:45:23.425 1151 3830 E TaskPersister: File error accessing recents directory (directory doesn't exist?).
08-24 13:45:23.425 1151 1703 I SystemServerTimingAsync: ssm.onUnlockedUser-0_com.android.server.webkit.WebViewUpdateService
08-24 13:45:23.426 1151 1703 D SystemServerTimingAsync: ssm.onUnlockedUser-0_com.android.server.webkit.WebViewUpdateService took to complete: 0ms
08-24 13:45:23.426 1151 1703 I SystemServerTimingAsync: ssm.onUnlockedUser-0_com.android.server.CachedDeviceStateService
08-24 13:45:23.426 1151 1703 D SystemServerTimingAsync: ssm.onUnlockedUser-0_com.android.server.CachedDeviceStateService took to complete: 0ms
08-24 13:45:23.426 1151 1703 I SystemServerTimingAsync: ssm.onUnlockedUser-0_com.android.server.BinderCallsStatsService$LifeCycle
08-24 13:45:23.426 1151 1703 D SystemServerTimingAsync: ssm.onUnlockedUser-0_com.android.server.BinderCallsStatsService$LifeCycle took to complete: 0ms
08-24 13:45:23.426 1151 1703 I SystemServerTimingAsync: ssm.onUnlockedUser-0_com.android.server.LooperStatsService$Lifecycle
08-24 13:45:23.427 1151 1151 D CompatibilityChangeReporter: Compat change id reported: 175319604; UID 10087; state: ENABLED
08-24 13:45:23.428 1151 1703 D SystemServerTimingAsync: ssm.onUnlockedUser-0_com.android.server.LooperStatsService$Lifecycle took to complete: 0ms
08-24 13:45:23.428 1151 1703 I SystemServerTimingAsync: ssm.onUnlockedUser-0_com.android.server.rollback.RollbackManagerService
08-24 13:45:23.428 1151 1703 D SystemServerTimingAsync: ssm.onUnlockedUser-0_com.android.server.rollback.RollbackManagerService took to complete: 0ms
08-24 13:45:23.428 1151 1650 D CompatibilityChangeReporter: Compat change id reported: 135634846; UID 10077; state: DISABLED
08-24 13:45:23.429 1151 1703 I SystemServerTimingAsync: ssm.onUnlockedUser-0_com.android.server.os.NativeTombstoneManagerService
08-24 13:45:23.429 1151 1650 D CompatibilityChangeReporter: Compat change id reported: 177438394; UID 10077; state: DISABLED
08-24 13:45:23.429 1151 1703 D SystemServerTimingAsync: ssm.onUnlockedUser-0_com.android.server.os.NativeTombstoneManagerService took to complete: 0ms
08-24 13:45:23.429 1151 1703 I SystemServerTimingAsync: ssm.onUnlockedUser-0_com.android.server.os.BugreportManagerService
08-24 13:45:23.429 1151 1703 D SystemServerTimingAsync: ssm.onUnlockedUser-0_com.android.server.os.BugreportManagerService took to complete: 1ms
08-24 13:45:23.429 1151 1703 I SystemServerTimingAsync: ssm.onUnlockedUser-0_com.android.server.gpu.GpuService
08-24 13:45:23.430 1151 1650 D CompatibilityChangeReporter: Compat change id reported: 135772972; UID 10077; state: DISABLED
08-24 13:45:23.430 1151 1703 D SystemServerTimingAsync: ssm.onUnlockedUser-0_com.android.server.gpu.GpuService took to complete: 0ms
08-24 13:45:23.430 1151 1703 I SystemServerTimingAsync: ssm.onUnlockedUser-0_com.android.server.security.KeyChainSystemService
08-24 13:45:23.430 1151 1703 D SystemServerTimingAsync: ssm.onUnlockedUser-0_com.android.server.security.KeyChainSystemService took to complete: 0ms
08-24 13:45:23.430 1151 1703 I SystemServerTimingAsync: ssm.onUnlockedUser-0_com.android.server.telecom.TelecomLoaderService
08-24 13:45:23.430 1151 1703 D SystemServerTimingAsync: ssm.onUnlockedUser-0_com.android.server.telecom.TelecomLoaderService took to complete: 0ms
08-24 13:45:23.431 1151 1703 I SystemServerTimingAsync: ssm.onUnlockedUser-0_com.android.server.accounts.AccountManagerService$Lifecycle
08-24 13:45:23.431 1151 1703 D SystemServerTimingAsync: ssm.onUnlockedUser-0_com.android.server.accounts.AccountManagerService$Lifecycle took to complete: 0ms
08-24 13:45:23.431 1151 1703 I SystemServerTimingAsync: ssm.onUnlockedUser-0_com.android.server.content.ContentService$Lifecycle
08-24 13:45:23.431 1151 1151 D CompatibilityChangeReporter: Compat change id reported: 175319604; UID 10100; state: DISABLED
08-24 13:45:23.431 1151 1703 D SystemServerTimingAsync: ssm.onUnlockedUser-0_com.android.server.content.ContentService$Lifecycle took to complete: 0ms
08-24 13:45:23.431 1151 1703 I SystemServerTimingAsync: ssm.onUnlockedUser-0_com.android.server.DropBoxManagerService
08-24 13:45:23.431 1151 1703 D SystemServerTimingAsync: ssm.onUnlockedUser-0_com.android.server.DropBoxManagerService took to complete: 0ms
08-24 13:45:23.431 1151 1703 I SystemServerTimingAsync: ssm.onUnlockedUser-0_com.android.role.RoleService
08-24 13:45:23.432 1151 1703 D SystemServerTimingAsync: ssm.onUnlockedUser-0_com.android.role.RoleService took to complete: 0ms
08-24 13:45:23.432 1151 1703 I SystemServerTimingAsync: ssm.onUnlockedUser-0_com.android.server.vibrator.VibratorManagerService$Lifecycle
08-24 13:45:23.432 1151 1703 D SystemServerTimingAsync: ssm.onUnlockedUser-0_com.android.server.vibrator.VibratorManagerService$Lifecycle took to complete: 0ms
08-24 13:45:23.432 1151 1703 I SystemServerTimingAsync: ssm.onUnlockedUser-0_com.android.server.alarm.AlarmManagerService
08-24 13:45:23.432 1151 1703 D SystemServerTimingAsync: ssm.onUnlockedUser-0_com.android.server.alarm.AlarmManagerService took to complete: 0ms
08-24 13:45:23.432 1151 1703 I SystemServerTimingAsync: ssm.onUnlockedUser-0_com.android.server.devicestate.DeviceStateManagerService
08-24 13:45:23.432 1151 1703 D SystemServerTimingAsync: ssm.onUnlockedUser-0_com.android.server.devicestate.DeviceStateManagerService took to complete: 0ms
08-24 13:45:23.432 1151 1703 I SystemServerTimingAsync: ssm.onUnlockedUser-0_com.android.server.camera.CameraServiceProxy
08-24 13:45:23.433 1151 1703 D SystemServerTimingAsync: ssm.onUnlockedUser-0_com.android.server.camera.CameraServiceProxy took to complete: 0ms
08-24 13:45:23.433 1151 1703 I SystemServerTimingAsync: ssm.onUnlockedUser-0_com.android.server.BluetoothService
08-24 13:45:23.433 1151 1703 D SystemServerTimingAsync: ssm.onUnlockedUser-0_com.android.server.BluetoothService took to complete: 0ms
08-24 13:45:23.433 1151 1703 I SystemServerTimingAsync: ssm.onUnlockedUser-0_com.android.server.connectivity.IpConnectivityMetrics
08-24 13:45:23.433 1151 1703 D SystemServerTimingAsync: ssm.onUnlockedUser-0_com.android.server.connectivity.IpConnectivityMetrics took to complete: 0ms
08-24 13:45:23.433 1151 1703 I SystemServerTimingAsync: ssm.onUnlockedUser-0_com.android.server.net.watchlist.NetworkWatchlistService$Lifecycle
08-24 13:45:23.433 1151 1703 D SystemServerTimingAsync: ssm.onUnlockedUser-0_com.android.server.net.watchlist.NetworkWatchlistService$Lifecycle took to complete: 0ms
08-24 13:45:23.433 1151 1703 I SystemServerTimingAsync: ssm.onUnlockedUser-0_com.android.server.PinnerService
08-24 13:45:23.433 1151 1703 D SystemServerTimingAsync: ssm.onUnlockedUser-0_com.android.server.PinnerService took to complete: 0ms
08-24 13:45:23.433 1151 1703 I SystemServerTimingAsync: ssm.onUnlockedUser-0_com.google.android.startop.iorap.IorapForwardingService
08-24 13:45:23.433 1151 1703 D SystemServerTimingAsync: ssm.onUnlockedUser-0_com.google.android.startop.iorap.IorapForwardingService took to complete: 0ms
08-24 13:45:23.434 1151 1703 I SystemServerTimingAsync: ssm.onUnlockedUser-0_com.android.server.ActivityTriggerService
08-24 13:45:23.434 1151 1703 D SystemServerTimingAsync: ssm.onUnlockedUser-0_com.android.server.ActivityTriggerService took to complete: 0ms
08-24 13:45:23.434 1151 1703 I SystemServerTimingAsync: ssm.onUnlockedUser-0_com.android.server.integrity.AppIntegrityManagerService
08-24 13:45:23.434 1151 1703 D SystemServerTimingAsync: ssm.onUnlockedUser-0_com.android.server.integrity.AppIntegrityManagerService took to complete: 0ms
08-24 13:45:23.434 1151 1703 I SystemServerTimingAsync: ssm.onUnlockedUser-0_com.android.server.inputmethod.InputMethodManagerService$Lifecycle
08-24 13:45:23.434 1151 1703 D SystemServerTimingAsync: ssm.onUnlockedUser-0_com.android.server.inputmethod.InputMethodManagerService$Lifecycle took to complete: 0ms
08-24 13:45:23.434 1151 1703 I SystemServerTimingAsync: ssm.onUnlockedUser-0_com.android.server.accessibility.AccessibilityManagerService$Lifecycle
08-24 13:45:23.434 1151 1703 D SystemServerTimingAsync: ssm.onUnlockedUser-0_com.android.server.accessibility.AccessibilityManagerService$Lifecycle took to complete: 0ms
08-24 13:45:23.434 1151 1703 I SystemServerTimingAsync: ssm.onUnlockedUser-0_com.android.server.StorageManagerService$Lifecycle
08-24 13:45:23.435 1151 1703 D SystemServerTimingAsync: ssm.onUnlockedUser-0_com.android.server.StorageManagerService$Lifecycle took to complete: 0ms
08-24 13:45:23.435 1151 1703 I SystemServerTimingAsync: ssm.onUnlockedUser-0_com.android.server.usage.StorageStatsService$Lifecycle
08-24 13:45:23.435 1151 1703 D SystemServerTimingAsync: ssm.onUnlockedUser-0_com.android.server.usage.StorageStatsService$Lifecycle took to complete: 0ms
08-24 13:45:23.435 1151 1703 I SystemServerTimingAsync: ssm.onUnlockedUser-0_com.android.server.UiModeManagerService
08-24 13:45:23.436 1151 1703 D SystemServerTimingAsync: ssm.onUnlockedUser-0_com.android.server.UiModeManagerService took to complete: 0ms
08-24 13:45:23.436 1151 1703 I SystemServerTimingAsync: ssm.onUnlockedUser-0_com.android.server.locksettings.LockSettingsService$Lifecycle
08-24 13:45:23.436 1151 1703 D SystemServerTimingAsync: ssm.onUnlockedUser-0_com.android.server.locksettings.LockSettingsService$Lifecycle took to complete: 0ms
08-24 13:45:23.436 1151 1703 I SystemServerTimingAsync: ssm.onUnlockedUser-0_com.android.server.PersistentDataBlockService
08-24 13:45:23.436 1151 1703 D SystemServerTimingAsync: ssm.onUnlockedUser-0_com.android.server.PersistentDataBlockService took to complete: 0ms
08-24 13:45:23.436 1151 1703 I SystemServerTimingAsync: ssm.onUnlockedUser-0_com.android.server.testharness.TestHarnessModeService
08-24 13:45:23.436 1151 1703 D SystemServerTimingAsync: ssm.onUnlockedUser-0_com.android.server.testharness.TestHarnessModeService took to complete: 0ms
08-24 13:45:23.436 1151 1703 I SystemServerTimingAsync: ssm.onUnlockedUser-0_com.android.server.oemlock.OemLockService
08-24 13:45:23.436 1151 1703 D SystemServerTimingAsync: ssm.onUnlockedUser-0_com.android.server.oemlock.OemLockService took to complete: 0ms
08-24 13:45:23.436 1151 1703 I SystemServerTimingAsync: ssm.onUnlockedUser-0_com.android.server.DeviceIdleController
08-24 13:45:23.436 1151 1703 D SystemServerTimingAsync: ssm.onUnlockedUser-0_com.android.server.DeviceIdleController took to complete: 0ms
08-24 13:45:23.436 1151 1703 I SystemServerTimingAsync: ssm.onUnlockedUser-0_com.android.server.devicepolicy.DevicePolicyManagerService$Lifecycle
08-24 13:45:23.436 1151 3830 E TaskPersister: File error accessing recents directory (directory doesn't exist?).
08-24 13:45:23.437 1151 1650 D CompatibilityChangeReporter: Compat change id reported: 135754954; UID 10077; state: ENABLED
08-24 13:45:23.437 1151 1703 D SystemServerTimingAsync: ssm.onUnlockedUser-0_com.android.server.devicepolicy.DevicePolicyManagerService$Lifecycle took to complete: 0ms
08-24 13:45:23.437 1151 1703 I SystemServerTimingAsync: ssm.onUnlockedUser-0_com.android.server.texttospeech.TextToSpeechManagerService
08-24 13:45:23.437 1151 1703 D SystemServerTimingAsync: ssm.onUnlockedUser-0_com.android.server.texttospeech.TextToSpeechManagerService took to complete: 0ms
08-24 13:45:23.437 1151 1703 I SystemServerTimingAsync: ssm.onUnlockedUser-0_com.android.server.speech.SpeechRecognitionManagerService
08-24 13:45:23.437 1151 1703 D SystemServerTimingAsync: ssm.onUnlockedUser-0_com.android.server.speech.SpeechRecognitionManagerService took to complete: 0ms
08-24 13:45:23.437 1151 1703 I SystemServerTimingAsync: ssm.onUnlockedUser-0_com.android.server.searchui.SearchUiManagerService
08-24 13:45:23.437 1151 1703 D SystemServerTimingAsync: ssm.onUnlockedUser-0_com.android.server.searchui.SearchUiManagerService took to complete: 0ms
08-24 13:45:23.437 1151 1703 I SystemServerTimingAsync: ssm.onUnlockedUser-0_com.android.server.smartspace.SmartspaceManagerService
08-24 13:45:23.437 1151 1703 D SystemServerTimingAsync: ssm.onUnlockedUser-0_com.android.server.smartspace.SmartspaceManagerService took to complete: 0ms
08-24 13:45:23.437 1151 1703 I SystemServerTimingAsync: ssm.onUnlockedUser-0_com.android.server.graphics.fonts.FontManagerService$Lifecycle
08-24 13:45:23.437 1151 1703 D SystemServerTimingAsync: ssm.onUnlockedUser-0_com.android.server.graphics.fonts.FontManagerService$Lifecycle took to complete: 0ms
08-24 13:45:23.438 1151 1703 I SystemServerTimingAsync: ssm.onUnlockedUser-0_com.android.server.textservices.TextServicesManagerService$Lifecycle
08-24 13:45:23.438 1151 1703 D SystemServerTimingAsync: ssm.onUnlockedUser-0_com.android.server.textservices.TextServicesManagerService$Lifecycle took to complete: 0ms
08-24 13:45:23.438 1151 1703 I SystemServerTimingAsync: ssm.onUnlockedUser-0_com.android.server.textclassifier.TextClassificationManagerService$Lifecycle
08-24 13:45:23.438 1151 1703 D SystemServerTimingAsync: ssm.onUnlockedUser-0_com.android.server.textclassifier.TextClassificationManagerService$Lifecycle took to complete: 0ms
08-24 13:45:23.438 1151 1703 I SystemServerTimingAsync: ssm.onUnlockedUser-0_com.android.server.NetworkScoreService$Lifecycle
08-24 13:45:23.438 1151 1703 D SystemServerTimingAsync: ssm.onUnlockedUser-0_com.android.server.NetworkScoreService$Lifecycle took to complete: 0ms
08-24 13:45:23.438 1151 1703 I SystemServerTimingAsync: ssm.onUnlockedUser-0_com.android.server.wifi.WifiService
08-24 13:45:23.438 1151 1703 D SystemServerTimingAsync: ssm.onUnlockedUser-0_com.android.server.wifi.WifiService took to complete: 0ms
08-24 13:45:23.438 1151 1703 I SystemServerTimingAsync: ssm.onUnlockedUser-0_com.android.server.wifi.scanner.WifiScanningService
08-24 13:45:23.439 1151 1703 D SystemServerTimingAsync: ssm.onUnlockedUser-0_com.android.server.wifi.scanner.WifiScanningService took to complete: 0ms
08-24 13:45:23.439 1151 1703 I SystemServerTimingAsync: ssm.onUnlockedUser-0_com.android.server.wifi.rtt.RttService
08-24 13:45:23.439 1151 1704 D CompatibilityChangeReporter: Compat change id reported: 143937733; UID 10077; state: ENABLED
08-24 13:45:23.439 1151 1689 I AppWidgetServiceImpl: Processing of handleUserUnlocked u0 took 15 ms
08-24 13:45:23.443 1151 1703 D SystemServerTimingAsync: ssm.onUnlockedUser-0_com.android.server.wifi.rtt.RttService took to complete: 0ms
08-24 13:45:23.443 1151 1703 I SystemServerTimingAsync: ssm.onUnlockedUser-0_com.android.server.wifi.aware.WifiAwareService
08-24 13:45:23.443 1151 1703 D SystemServerTimingAsync: ssm.onUnlockedUser-0_com.android.server.wifi.aware.WifiAwareService took to complete: 0ms
08-24 13:45:23.443 1151 1703 I SystemServerTimingAsync: ssm.onUnlockedUser-0_com.android.server.wifi.p2p.WifiP2pService
08-24 13:45:23.443 1151 1703 D SystemServerTimingAsync: ssm.onUnlockedUser-0_com.android.server.wifi.p2p.WifiP2pService took to complete: 0ms
08-24 13:45:23.443 1151 1703 I SystemServerTimingAsync: ssm.onUnlockedUser-0_com.android.server.ethernet.EthernetService
08-24 13:45:23.443 1151 1703 D SystemServerTimingAsync: ssm.onUnlockedUser-0_com.android.server.ethernet.EthernetService took to complete: 0ms
08-24 13:45:23.443 1151 1703 I SystemServerTimingAsync: ssm.onUnlockedUser-0_com.android.server.ConnectivityServiceInitializer
08-24 13:45:23.443 1151 1703 D SystemServerTimingAsync: ssm.onUnlockedUser-0_com.android.server.ConnectivityServiceInitializer took to complete: 0ms
08-24 13:45:23.443 1151 1703 I SystemServerTimingAsync: ssm.onUnlockedUser-0_com.android.server.notification.NotificationManagerService
08-24 13:45:23.444 1151 1703 D SystemServerTimingAsync: ssm.onUnlockedUser-0_com.android.server.notification.NotificationManagerService took to complete: 0ms
08-24 13:45:23.444 1151 1703 I SystemServerTimingAsync: ssm.onUnlockedUser-0_com.android.server.storage.DeviceStorageMonitorService
08-24 13:45:23.444 1151 1703 D SystemServerTimingAsync: ssm.onUnlockedUser-0_com.android.server.storage.DeviceStorageMonitorService took to complete: 0ms
08-24 13:45:23.444 1151 1703 I SystemServerTimingAsync: ssm.onUnlockedUser-0_com.android.server.location.LocationManagerService$Lifecycle
08-24 13:45:23.444 1151 1703 D SystemServerTimingAsync: ssm.onUnlockedUser-0_com.android.server.location.LocationManagerService$Lifecycle took to complete: 0ms
08-24 13:45:23.444 1151 1703 I SystemServerTimingAsync: ssm.onUnlockedUser-0_com.android.server.timedetector.TimeDetectorService$Lifecycle
08-24 13:45:23.444 1151 1703 D SystemServerTimingAsync: ssm.onUnlockedUser-0_com.android.server.timedetector.TimeDetectorService$Lifecycle took to complete: 0ms
08-24 13:45:23.444 1151 1703 I SystemServerTimingAsync: ssm.onUnlockedUser-0_com.android.server.timezonedetector.TimeZoneDetectorService$Lifecycle
08-24 13:45:23.444 1151 1703 D SystemServerTimingAsync: ssm.onUnlockedUser-0_com.android.server.timezonedetector.TimeZoneDetectorService$Lifecycle took to complete: 0ms
08-24 13:45:23.444 1151 1703 I SystemServerTimingAsync: ssm.onUnlockedUser-0_com.android.server.timezonedetector.location.LocationTimeZoneManagerService$Lifecycle
08-24 13:45:23.444 1151 1703 D SystemServerTimingAsync: ssm.onUnlockedUser-0_com.android.server.timezonedetector.location.LocationTimeZoneManagerService$Lifecycle took to complete: 0ms
08-24 13:45:23.444 1151 1703 I SystemServerTimingAsync: ssm.onUnlockedUser-0_com.android.server.search.SearchManagerService$Lifecycle
08-24 13:45:23.444 1151 1703 D SystemServerTimingAsync: ssm.onUnlockedUser-0_com.android.server.search.SearchManagerService$Lifecycle took to complete: 0ms
08-24 13:45:23.444 1151 1703 I SystemServerTimingAsync: ssm.onUnlockedUser-0_com.android.server.wallpaper.WallpaperManagerService$Lifecycle
08-24 13:45:23.444 1151 1703 D SystemServerTimingAsync: ssm.onUnlockedUser-0_com.android.server.wallpaper.WallpaperManagerService$Lifecycle took to complete: 0ms
08-24 13:45:23.445 1151 1703 I SystemServerTimingAsync: ssm.onUnlockedUser-0_com.android.server.audio.AudioService$Lifecycle
08-24 13:45:23.445 1151 1703 D SystemServerTimingAsync: ssm.onUnlockedUser-0_com.android.server.audio.AudioService$Lifecycle took to complete: 0ms
08-24 13:45:23.445 1151 1703 I SystemServerTimingAsync: ssm.onUnlockedUser-0_com.android.server.soundtrigger_middleware.SoundTriggerMiddlewareService$Lifecycle
08-24 13:45:23.445 1151 1703 D SystemServerTimingAsync: ssm.onUnlockedUser-0_com.android.server.soundtrigger_middleware.SoundTriggerMiddlewareService$Lifecycle took to complete: 0ms
08-24 13:45:23.445 1151 1703 I SystemServerTimingAsync: ssm.onUnlockedUser-0_com.android.server.DockObserver
08-24 13:45:23.445 1151 1703 D SystemServerTimingAsync: ssm.onUnlockedUser-0_com.android.server.DockObserver took to complete: 0ms
08-24 13:45:23.445 1151 1703 I SystemServerTimingAsync: ssm.onUnlockedUser-0_com.android.server.midi.MidiService$Lifecycle
08-24 13:45:23.445 1151 1703 D SystemServerTimingAsync: ssm.onUnlockedUser-0_com.android.server.midi.MidiService$Lifecycle took to complete: 0ms
08-24 13:45:23.445 1151 1703 I SystemServerTimingAsync: ssm.onUnlockedUser-0_com.android.server.adb.AdbService$Lifecycle
08-24 13:45:23.445 1151 1703 D SystemServerTimingAsync: ssm.onUnlockedUser-0_com.android.server.adb.AdbService$Lifecycle took to complete: 0ms
08-24 13:45:23.445 1151 1703 I SystemServerTimingAsync: ssm.onUnlockedUser-0_com.android.server.usb.UsbService$Lifecycle
08-24 13:45:23.445 1151 1703 D SystemServerTimingAsync: ssm.onUnlockedUser-0_com.android.server.usb.UsbService$Lifecycle took to complete: 0ms
08-24 13:45:23.445 1151 1703 I SystemServerTimingAsync: ssm.onUnlockedUser-0_com.android.server.twilight.TwilightService
08-24 13:45:23.445 1151 1703 D SystemServerTimingAsync: ssm.onUnlockedUser-0_com.android.server.twilight.TwilightService took to complete: 0ms
08-24 13:45:23.445 1151 1703 I SystemServerTimingAsync: ssm.onUnlockedUser-0_com.android.server.display.color.ColorDisplayService
08-24 13:45:23.446 1151 1703 D SystemServerTimingAsync: ssm.onUnlockedUser-0_com.android.server.display.color.ColorDisplayService took to complete: 0ms
08-24 13:45:23.446 1151 1703 I SystemServerTimingAsync: ssm.onUnlockedUser-0_com.android.server.job.JobSchedulerService
08-24 13:45:23.446 1151 1703 D SystemServerTimingAsync: ssm.onUnlockedUser-0_com.android.server.job.JobSchedulerService took to complete: 0ms
08-24 13:45:23.446 1151 1703 I SystemServerTimingAsync: ssm.onUnlockedUser-0_com.android.server.soundtrigger.SoundTriggerService
08-24 13:45:23.446 1151 1703 D SystemServerTimingAsync: ssm.onUnlockedUser-0_com.android.server.soundtrigger.SoundTriggerService took to complete: 0ms
08-24 13:45:23.446 1151 1703 I SystemServerTimingAsync: ssm.onUnlockedUser-0_com.android.server.trust.TrustManagerService
08-24 13:45:23.446 1151 1703 D SystemServerTimingAsync: ssm.onUnlockedUser-0_com.android.server.trust.TrustManagerService took to complete: 0ms
08-24 13:45:23.446 1151 1703 I SystemServerTimingAsync: ssm.onUnlockedUser-0_com.android.server.backup.BackupManagerService$Lifecycle
08-24 13:45:23.446 1151 1703 D SystemServerTimingAsync: ssm.onUnlockedUser-0_com.android.server.backup.BackupManagerService$Lifecycle took to complete: 0ms
08-24 13:45:23.446 1151 1703 I SystemServerTimingAsync: ssm.onUnlockedUser-0_com.android.server.appwidget.AppWidgetService
08-24 13:45:23.446 1151 1703 D SystemServerTimingAsync: ssm.onUnlockedUser-0_com.android.server.appwidget.AppWidgetService took to complete: 0ms
08-24 13:45:23.446 1151 1703 I SystemServerTimingAsync: ssm.onUnlockedUser-0_com.android.server.voiceinteraction.VoiceInteractionManagerService
08-24 13:45:23.446 1151 1703 D SystemServerTimingAsync: ssm.onUnlockedUser-0_com.android.server.voiceinteraction.VoiceInteractionManagerService took to complete: 0ms
08-24 13:45:23.447 1151 1703 I SystemServerTimingAsync: ssm.onUnlockedUser-0_com.android.server.apphibernation.AppHibernationService
08-24 13:45:23.447 1151 1703 D SystemServerTimingAsync: ssm.onUnlockedUser-0_com.android.server.apphibernation.AppHibernationService took to complete: 0ms
08-24 13:45:23.447 1151 1703 I SystemServerTimingAsync: ssm.onUnlockedUser-0_com.android.server.GestureLauncherService
08-24 13:45:23.447 1151 1703 D SystemServerTimingAsync: ssm.onUnlockedUser-0_com.android.server.GestureLauncherService took to complete: 0ms
08-24 13:45:23.447 1151 1703 I SystemServerTimingAsync: ssm.onUnlockedUser-0_com.android.server.SensorNotificationService
08-24 13:45:23.447 1151 1703 D SystemServerTimingAsync: ssm.onUnlockedUser-0_com.android.server.SensorNotificationService took to complete: 0ms
08-24 13:45:23.447 1151 1703 I SystemServerTimingAsync: ssm.onUnlockedUser-0_com.android.server.emergency.EmergencyAffordanceService
08-24 13:45:23.447 1151 1703 D SystemServerTimingAsync: ssm.onUnlockedUser-0_com.android.server.emergency.EmergencyAffordanceService took to complete: 0ms
08-24 13:45:23.447 1151 1703 I SystemServerTimingAsync: ssm.onUnlockedUser-0_com.android.server.blob.BlobStoreManagerService
08-24 13:45:23.447 1151 1703 D SystemServerTimingAsync: ssm.onUnlockedUser-0_com.android.server.blob.BlobStoreManagerService took to complete: 0ms
08-24 13:45:23.447 1151 1703 I SystemServerTimingAsync: ssm.onUnlockedUser-0_com.android.server.dreams.DreamManagerService
08-24 13:45:23.447 1151 1703 D SystemServerTimingAsync: ssm.onUnlockedUser-0_com.android.server.dreams.DreamManagerService took to complete: 0ms
08-24 13:45:23.447 1151 1703 I SystemServerTimingAsync: ssm.onUnlockedUser-0_com.android.server.companion.CompanionDeviceManagerService
08-24 13:45:23.447 1151 1703 D SystemServerTimingAsync: ssm.onUnlockedUser-0_com.android.server.companion.CompanionDeviceManagerService took to complete: 0ms
08-24 13:45:23.447 1151 1703 I SystemServerTimingAsync: ssm.onUnlockedUser-0_com.android.server.restrictions.RestrictionsManagerService
08-24 13:45:23.447 1151 1703 D SystemServerTimingAsync: ssm.onUnlockedUser-0_com.android.server.restrictions.RestrictionsManagerService took to complete: 0ms
08-24 13:45:23.448 1151 1703 I SystemServerTimingAsync: ssm.onUnlockedUser-0_com.android.server.media.MediaSessionService
08-24 13:45:23.448 1151 1703 D SystemServerTimingAsync: ssm.onUnlockedUser-0_com.android.server.media.MediaSessionService took to complete: 0ms
08-24 13:45:23.448 1151 1703 I SystemServerTimingAsync: ssm.onUnlockedUser-0_com.android.server.media.MediaResourceMonitorService
08-24 13:45:23.448 1151 1703 D SystemServerTimingAsync: ssm.onUnlockedUser-0_com.android.server.media.MediaResourceMonitorService took to complete: 0ms
08-24 13:45:23.448 1151 1703 I SystemServerTimingAsync: ssm.onUnlockedUser-0_com.android.server.biometrics.sensors.fingerprint.FingerprintService
08-24 13:45:23.448 1151 1703 D SystemServerTimingAsync: ssm.onUnlockedUser-0_com.android.server.biometrics.sensors.fingerprint.FingerprintService took to complete: 0ms
08-24 13:45:23.448 1151 1703 I SystemServerTimingAsync: ssm.onUnlockedUser-0_com.android.server.biometrics.BiometricService
08-24 13:45:23.448 1151 1703 D SystemServerTimingAsync: ssm.onUnlockedUser-0_com.android.server.biometrics.BiometricService took to complete: 0ms
08-24 13:45:23.448 1151 1703 I SystemServerTimingAsync: ssm.onUnlockedUser-0_com.android.server.biometrics.AuthService
08-24 13:45:23.448 1151 1703 D SystemServerTimingAsync: ssm.onUnlockedUser-0_com.android.server.biometrics.AuthService took to complete: 0ms
08-24 13:45:23.448 1151 1703 I SystemServerTimingAsync: ssm.onUnlockedUser-0_com.android.server.pm.ShortcutService$Lifecycle
08-24 13:45:23.448 1151 1703 D SystemServerTimingAsync: ssm.onUnlockedUser-0_com.android.server.pm.ShortcutService$Lifecycle took to complete: 0ms
08-24 13:45:23.448 1151 1703 I SystemServerTimingAsync: ssm.onUnlockedUser-0_com.android.server.pm.LauncherAppsService
08-24 13:45:23.448 1151 1703 D SystemServerTimingAsync: ssm.onUnlockedUser-0_com.android.server.pm.LauncherAppsService took to complete: 0ms
08-24 13:45:23.448 1151 1703 I SystemServerTimingAsync: ssm.onUnlockedUser-0_com.android.server.pm.CrossProfileAppsService
08-24 13:45:23.448 1151 1703 D SystemServerTimingAsync: ssm.onUnlockedUser-0_com.android.server.pm.CrossProfileAppsService took to complete: 0ms
08-24 13:45:23.449 1151 1703 I SystemServerTimingAsync: ssm.onUnlockedUser-0_com.android.server.people.PeopleService
08-24 13:45:23.450 1151 1703 D SystemServerTimingAsync: ssm.onUnlockedUser-0_com.android.server.people.PeopleService took to complete: 1ms
08-24 13:45:23.450 1151 1703 I SystemServerTimingAsync: ssm.onUnlockedUser-0_com.android.server.media.metrics.MediaMetricsManagerService
08-24 13:45:23.450 1151 1703 D SystemServerTimingAsync: ssm.onUnlockedUser-0_com.android.server.media.metrics.MediaMetricsManagerService took to complete: 0ms
08-24 13:45:23.450 1151 1703 I SystemServerTimingAsync: ssm.onUnlockedUser-0_com.android.server.media.projection.MediaProjectionManagerService
08-24 13:45:23.450 1151 1703 D SystemServerTimingAsync: ssm.onUnlockedUser-0_com.android.server.media.projection.MediaProjectionManagerService took to complete: 0ms
08-24 13:45:23.450 1151 1703 I SystemServerTimingAsync: ssm.onUnlockedUser-0_com.android.server.slice.SliceManagerService$Lifecycle
08-24 13:45:23.450 1151 1703 D SystemServerTimingAsync: ssm.onUnlockedUser-0_com.android.server.slice.SliceManagerService$Lifecycle took to complete: 0ms
08-24 13:45:23.450 1151 1703 I SystemServerTimingAsync: ssm.onUnlockedUser-0_com.android.server.stats.StatsCompanion$Lifecycle
08-24 13:45:23.450 1151 1703 D SystemServerTimingAsync: ssm.onUnlockedUser-0_com.android.server.stats.StatsCompanion$Lifecycle took to complete: 0ms
08-24 13:45:23.451 1151 1703 I SystemServerTimingAsync: ssm.onUnlockedUser-0_com.android.server.scheduling.RebootReadinessManagerService$Lifecycle
08-24 13:45:23.451 1151 1703 D SystemServerTimingAsync: ssm.onUnlockedUser-0_com.android.server.scheduling.RebootReadinessManagerService$Lifecycle took to complete: 0ms
08-24 13:45:23.451 1151 1703 I SystemServerTimingAsync: ssm.onUnlockedUser-0_com.android.server.stats.pull.StatsPullAtomService
08-24 13:45:23.451 1151 1703 D SystemServerTimingAsync: ssm.onUnlockedUser-0_com.android.server.stats.pull.StatsPullAtomService took to complete: 0ms
08-24 13:45:23.452 1151 1703 I SystemServerTimingAsync: ssm.onUnlockedUser-0_com.android.server.incident.IncidentCompanionService
08-24 13:45:23.452 1151 1703 D SystemServerTimingAsync: ssm.onUnlockedUser-0_com.android.server.incident.IncidentCompanionService took to complete: 0ms
08-24 13:45:23.452 1151 1703 I SystemServerTimingAsync: ssm.onUnlockedUser-0_com.android.server.MmsServiceBroker
08-24 13:45:23.452 1151 1703 D SystemServerTimingAsync: ssm.onUnlockedUser-0_com.android.server.MmsServiceBroker took to complete: 0ms
08-24 13:45:23.452 1151 1703 I SystemServerTimingAsync: ssm.onUnlockedUser-0_com.android.server.autofill.AutofillManagerService
08-24 13:45:23.452 1151 1703 D SystemServerTimingAsync: ssm.onUnlockedUser-0_com.android.server.autofill.AutofillManagerService took to complete: 0ms
08-24 13:45:23.452 1151 1703 I SystemServerTimingAsync: ssm.onUnlockedUser-0_com.android.server.clipboard.ClipboardService
08-24 13:45:23.452 1151 1703 D SystemServerTimingAsync: ssm.onUnlockedUser-0_com.android.server.clipboard.ClipboardService took to complete: 0ms
08-24 13:45:23.452 1151 1703 I SystemServerTimingAsync: ssm.onUnlockedUser-0_com.android.server.appbinding.AppBindingService$Lifecycle
08-24 13:45:23.452 1151 1703 D SystemServerTimingAsync: ssm.onUnlockedUser-0_com.android.server.appbinding.AppBindingService$Lifecycle took to complete: 0ms
08-24 13:45:23.452 1151 1703 I SystemServerTimingAsync: ssm.onUnlockedUser-0_com.android.server.tracing.TracingServiceProxy
08-24 13:45:23.453 1151 1703 D SystemServerTimingAsync: ssm.onUnlockedUser-0_com.android.server.tracing.TracingServiceProxy took to complete: 0ms
08-24 13:45:23.453 1151 1703 I SystemServerTimingAsync: ssm.onUnlockedUser-0_com.android.server.policy.PermissionPolicyService
08-24 13:45:23.453 1151 1703 D SystemServerTimingAsync: ssm.onUnlockedUser-0_com.android.server.policy.PermissionPolicyService took to complete: 0ms
08-24 13:45:23.453 1151 1703 I SystemServerTimingAsync: ssm.onUnlockedUser-0_com.android.server.pm.StagingManager$Lifecycle
08-24 13:45:23.453 1151 1703 D SystemServerTimingAsync: ssm.onUnlockedUser-0_com.android.server.pm.StagingManager$Lifecycle took to complete: 0ms
08-24 13:45:23.453 1151 1703 I SystemServerTimingAsync: ssm.onUnlockedUser-0_com.android.server.app.GameManagerService$Lifecycle
08-24 13:45:23.453 1151 1703 D SystemServerTimingAsync: ssm.onUnlockedUser-0_com.android.server.app.GameManagerService$Lifecycle took to complete: 0ms
08-24 13:45:23.453 1151 1703 I SystemServerTimingAsync: ssm.onUnlockedUser-0_com.android.server.appsearch.AppSearchManagerService
08-24 13:45:23.453 1151 1703 D SystemServerTimingAsync: ssm.onUnlockedUser-0_com.android.server.appsearch.AppSearchManagerService took to complete: 0ms
08-24 13:45:23.453 1151 1703 I SystemServerTimingAsync: ssm.onUnlockedUser-0_com.android.server.media.MediaCommunicationService
08-24 13:45:23.453 1151 1703 D SystemServerTimingAsync: ssm.onUnlockedUser-0_com.android.server.media.MediaCommunicationService took to complete: 0ms
08-24 13:45:23.453 1151 1703 D SystemServerTimingAsync: ssm.UnlockedUser-0 took to complete: 35ms
08-24 13:45:23.453 1151 1703 W ActivityManager: UserLifecycleEvent 6 received without an active userJourneySession.
08-24 13:45:23.460 1151 1691 I DropBoxManagerService: add tag=system_server_strictmode isTagEnabled=true flags=0x2
08-24 13:45:23.478 1151 1704 W ActivityManager: Slow operation: 51ms so far, now at startProcess: done updating battery stats
08-24 13:45:23.478 1151 1704 W ActivityManager: Slow operation: 51ms so far, now at startProcess: building log message
08-24 13:45:23.478 1151 1704 I ActivityManager: Start proc 3832:com.qti.ltebc/u0a77 for broadcast {com.qti.ltebc/com.qualcomm.ltebc.LTEBroadcastReceiver}
08-24 13:45:23.479 1151 1704 W ActivityManager: Slow operation: 51ms so far, now at startProcess: starting to update pids map
08-24 13:45:23.479 1151 1704 W ActivityManager: Slow operation: 51ms so far, now at startProcess: done updating pids map
08-24 13:45:23.532 1151 1650 D CompatibilityChangeReporter: Compat change id reported: 168419799; UID 10077; state: DISABLED
08-24 13:45:23.605 1151 1151 I NotificationService: Cannot find enqueued record for key: 0|android|13|PreBootBroadcaster|1000
08-24 13:45:23.605 1151 1151 I NotificationService: Cannot find enqueued record for key: 0|android|13|PreBootBroadcaster|1000
08-24 13:45:26.996 3873 3873 F linker : CANNOT LINK EXECUTABLE "/vendor/bin/hw/sxrservice": library "vendor.qti.hardware.qxr-V1-ndk_platform.so" not found: needed by main executable
08-24 13:45:27.008 3872 3872 F linker : CANNOT LINK EXECUTABLE "/vendor/bin/hw/qvrservice": library "vendor.qti.hardware.qxr-V1-ndk_platform.so" not found: needed by /vendor/lib64/libqvrservice.so in namespace (default)
08-24 13:45:27.796 1151 2760 W OverlayManager: service 'idmap' died
08-24 13:45:28.491 1151 1703 I ActivityManager: Waited long enough for: ServiceRecord{9f28701 u0 com.qualcomm.location/.LocationService}
08-24 13:45:28.497 1151 1703 I ActivityManager: Waited long enough for: ServiceRecord{d2bf9a6 u0 com.qualcomm.location/.izat.IzatService}
08-24 13:45:28.908 1151 2760 I ActivityManager: Process com.qti.ltebc (pid 3832) has died: fg RCVR
08-24 13:45:28.946 1151 2302 D CompatibilityChangeReporter: Compat change id reported: 135634846; UID 10023; state: DISABLED
08-24 13:45:28.948 1151 2302 D CompatibilityChangeReporter: Compat change id reported: 177438394; UID 10023; state: DISABLED
08-24 13:45:28.948 1151 2302 D CompatibilityChangeReporter: Compat change id reported: 135772972; UID 10023; state: DISABLED
08-24 13:45:28.949 1151 2302 D CompatibilityChangeReporter: Compat change id reported: 135754954; UID 10023; state: ENABLED
08-24 13:45:28.950 1151 1704 D CompatibilityChangeReporter: Compat change id reported: 143937733; UID 10023; state: ENABLED
08-24 13:45:28.994 1151 1704 I ActivityManager: Start proc 3915:com.android.traceur/u0a23 for broadcast {com.android.traceur/com.android.traceur.Receiver}
08-24 13:45:29.078 1151 2302 D CompatibilityChangeReporter: Compat change id reported: 168419799; UID 10023; state: DISABLED
08-24 13:45:29.214 1151 2302 D PackageManager: Instant App installer not found with android.intent.action.INSTALL_INSTANT_APP_PACKAGE
08-24 13:45:29.214 1151 2302 D PackageManager: Clear ephemeral installer activity
08-24 13:45:29.226 1151 2302 D PackageManager: Instant App installer not found with android.intent.action.INSTALL_INSTANT_APP_PACKAGE
08-24 13:45:29.226 1151 2302 D PackageManager: Clear ephemeral installer activity
08-24 13:45:29.235 1151 2302 D CompatibilityChangeReporter: Compat change id reported: 135634846; UID 1000; state: DISABLED
08-24 13:45:29.235 1151 2302 D CompatibilityChangeReporter: Compat change id reported: 177438394; UID 1000; state: DISABLED
08-24 13:45:29.236 1151 2302 D CompatibilityChangeReporter: Compat change id reported: 135772972; UID 1000; state: DISABLED
08-24 13:45:29.238 1151 2302 D CompatibilityChangeReporter: Compat change id reported: 135754954; UID 1000; state: DISABLED
08-24 13:45:29.307 1151 1704 W ActivityManager: Slow operation: 74ms so far, now at startProcess: returned from zygote!
08-24 13:45:29.307 1151 1704 W ActivityManager: Slow operation: 74ms so far, now at startProcess: done updating battery stats
08-24 13:45:29.307 1151 1704 W ActivityManager: Slow operation: 74ms so far, now at startProcess: building log message
08-24 13:45:29.307 1151 1704 I ActivityManager: Start proc 3933:com.qualcomm.qti.qmmi/1000 for broadcast {com.qualcomm.qti.qmmi/com.qualcomm.qti.qmmi.framework.QmmiReceiver}
08-24 13:45:29.307 1151 1704 W ActivityManager: Slow operation: 74ms so far, now at startProcess: starting to update pids map
08-24 13:45:29.307 1151 1704 W ActivityManager: Slow operation: 75ms so far, now at startProcess: done updating pids map
08-24 13:45:29.514 1151 2302 D CompatibilityChangeReporter: Compat change id reported: 168419799; UID 10067; state: DISABLED
08-24 13:45:29.539 2635 2635 E AndroidRuntime: FATAL EXCEPTION: main
08-24 13:45:29.539 2635 2635 E AndroidRuntime: Process: com.qualcomm.qti.devicestatisticsservice, PID: 2635
08-24 13:45:29.539 2635 2635 E AndroidRuntime: java.lang.NoClassDefFoundError: Failed resolution of: Landroid/hidl/manager/V1_0/IServiceNotification$Stub;
08-24 13:45:29.539 2635 2635 E AndroidRuntime: at com.qualcomm.qti.devicestatisticsservice.DeviceStatisticsService.onStartCommand(DeviceStatisticsService.java:83)
08-24 13:45:29.539 2635 2635 E AndroidRuntime: at android.app.ActivityThread.handleServiceArgs(ActivityThread.java:4640)
08-24 13:45:29.539 2635 2635 E AndroidRuntime: at android.app.ActivityThread.access$2000(ActivityThread.java:248)
08-24 13:45:29.539 2635 2635 E AndroidRuntime: at android.app.ActivityThread$H.handleMessage(ActivityThread.java:2092)
08-24 13:45:29.539 2635 2635 E AndroidRuntime: at android.os.Handler.dispatchMessage(Handler.java:106)
08-24 13:45:29.539 2635 2635 E AndroidRuntime: at android.os.Looper.loopOnce(Looper.java:201)
08-24 13:45:29.539 2635 2635 E AndroidRuntime: at android.os.Looper.loop(Looper.java:288)
08-24 13:45:29.539 2635 2635 E AndroidRuntime: at android.app.ActivityThread.main(ActivityThread.java:7880)
08-24 13:45:29.539 2635 2635 E AndroidRuntime: at java.lang.reflect.Method.invoke(Native Method)
08-24 13:45:29.539 2635 2635 E AndroidRuntime: at com.android.internal.os.RuntimeInit$MethodAndArgsCaller.run(RuntimeInit.java:548)
08-24 13:45:29.539 2635 2635 E AndroidRuntime: at com.android.internal.os.ZygoteInit.main(ZygoteInit.java:1009)
08-24 13:45:29.539 2635 2635 E AndroidRuntime: Caused by: java.lang.ClassNotFoundException: android.hidl.manager.V1_0.IServiceNotification$Stub
08-24 13:45:29.539 2635 2635 E AndroidRuntime: ... 11 more
08-24 13:45:29.548 1151 3951 I DropBoxManagerService: add tag=system_app_crash isTagEnabled=true flags=0x2
08-24 13:45:29.550 1151 2302 D CompatibilityChangeReporter: Compat change id reported: 168419799; UID 1000; state: DISABLED
