01-01 02:25:40.398 0 0 D mv2112_update_link: 3.0x901(1G): 0x80
01-01 02:25:40.404 0 0 D mv2112_update_link: 3.0x8109(100M): 0x0
01-01 02:25:40.411 0 0 D mv2112_update_link: link 0x0
01-01 02:25:40.415 0 0 D mv2112_read_status: autoneg is disabled
01-01 02:25:40.481 0 0 W logd : Skipping entries from slow reader, pid 1286, fd 14, from LogBuffer::Prune()
01-01 02:25:40.541 0 0 I init : starting service 'qvrd_vndr'...
01-01 02:25:40.551 0 0 I init : Created socket '/dev/socket/qvrservice_vndr', mode 660, user 1000, group 1000
01-01 02:25:40.561 0 0 I init : Created socket '/dev/socket/qvrservice_vndr_camera', mode 660, user 1000, group 1000
01-01 02:25:40.592 0 0 I init : starting service 'sxrd'...
08-24 14:40:14.449 13122 13122 F linker : CANNOT LINK EXECUTABLE "/vendor/bin/hw/qvrservice": library "vendor.qti.hardware.qxr-V1-ndk_platform.so" not found: needed by /vendor/lib64/libqvrservice.so in namespace (default)
01-01 02:25:40.644 0 0 I init : Service 'sxrd' (pid 13128) exited with status 1
01-01 02:25:40.651 0 0 I init : Sending signal 9 to service 'sxrd' (pid 13128) process group...
01-01 02:25:40.659 0 0 I libprocessgroup: Successfully killed process cgroup uid 1000 pid 13128 in 0ms
08-24 14:40:14.455 13128 13128 F linker : CANNOT LINK EXECUTABLE "/vendor/bin/hw/sxrservice": library "vendor.qti.hardware.qxr-V1-ndk_platform.so" not found: needed by main executable
01-01 02:25:40.669 0 0 I init : Service 'qvrd_vndr' (pid 13122) exited with status 1
01-01 02:25:40.676 0 0 I init : Sending signal 9 to service 'qvrd_vndr' (pid 13122) process group...
01-01 02:25:40.684 0 0 I libprocessgroup: Successfully killed process cgroup uid 1000 pid 13122 in 0ms
01-01 02:25:40.715 0 0 W logd : Skipping entries from slow reader, pid 1286, fd 14, from LogBuffer::Prune()
01-01 02:25:41.397 0 0 W logd : Skipping entries from slow reader, pid 1286, fd 14, from LogBuffer::Prune()
01-01 02:25:41.419 0 0 D : mv2112_read_status
01-01 02:25:41.423 0 0 D mv2112_update_link: 3.0x901(1G): 0x80
01-01 02:25:41.432 0 0 D mv2112_update_link: 3.0x8109(100M): 0x0
01-01 02:25:41.437 0 0 D mv2112_update_link: link 0x0
01-01 02:25:41.444 0 0 D mv2112_read_status: autoneg is disabled
01-01 02:25:41.538 0 0 I [schedu][0xf3cd0e2d2][14:40:15.350096] wlan: [4656:I:HIF] Deinitializing Runtime PM wakelock &vdev->vdev_set_key_runtime_wakelock
01-01 02:25:41.557 0 0 I [schedu][0xf3cd662ee][14:40:15.368870] wlan: [4656:I:HIF] Initializing Runtime PM wakelock &vdev->vdev_set_key_runtime_wakelock
01-01 02:25:41.572 0 0 I [wifi@1][0xf3cdad663][14:40:15.384062] wlan: [970:I:DP] dp_vdev_attach_wifi3: wlan_cfg_ap_bridge_enabled 0
01-01 02:25:41.609 0 0 E [wifi@1][0xf3ce5c5cc][14:40:15.421387] wlan: [5182:E:wifipos] wifi_pos_process_app_reg_req: 608: Received App Req Req pid(-272628790), len(16)
01-01 02:25:41.626 0 0 I [wifi@1][0xf3ceacd1f][14:40:15.438552] wlan: [5182:I:wifipos] wifi_pos_get_ch_info: 461: num channels: 26
01-01 02:25:41.641 0 0 I [wifi@1][0xf3cef1f9c][14:40:15.453305] wlan: [5182:I:wifipos] wifi_pos_get_ch_info: 461: num channels: 26
08-24 14:40:15.257 1151 2138 W ContextImpl: Calling a method in the system process without a qualified user: android.app.ContextImpl.sendBroadcastMultiplePermissions:1206 android.content.Context.sendBroadcastWithMultiplePermissions:2262 com.android.server.wifi.WifiServiceImpl.broadcastWifiCredentialChanged:4925 com.android.server.wifi.WifiServiceImpl.lambda$connect$106:4975 com.android.server.wifi.WifiServiceImpl.$r8$lambda$k_VbQ0XctrStvVsieclZczsvs-g:0
08-24 14:40:15.383 970 970 D android.hardware.wifi@1.0-service: Successfully SetMacAddress.
08-24 14:40:15.409 1287 1287 W wificond: Scan is not started. Ignore abort request
01-01 02:25:41.790 0 0 W logd : Skipping entries from slow reader, pid 1286, fd 14, from LogBuffer::Prune()
01-01 02:25:41.809 0 0 I [wpa_su][0xf3d204f0f][14:40:15.621191] wlan: [5253:I:SME] vdev-0: Connecting to TP-LINK_9319 96:2a:7d:83:93:1a rssi: -19 freq: 2462 akm 9 cipher: uc 6 mc 6, CC: CN
01-01 02:25:41.830 0 0 E [wpa_su][0xf3d26632c][14:40:15.641939] wlan: [5253:E:QDF] qdf_mem_malloc_debug: 1206: Cannot malloc 0 bytes @ csr_get_cfg_max_tx_power:14199
01-01 02:25:41.850 0 0 I [schedu][0xf3d2c4eb1][14:40:15.662147] wlan: [4656:I:WMI] send_vdev_start_cmd_tlv: 1062: send_vdev_start_cmd_tlv: vdev_id 0 freq 2462 chanmode 12 ch_info: 0xc is_dfs 0 beacon interval 100 dtim 0 center_chan 2452 center_freq2 0 reg_info_1: 0x140000 reg_info_2: 0x1400, req->max_txpow: 0x14 Tx SS 1, Rx SS 1, ldpc_rx: 0, cac 0, regd 4, HE ops: 0req->dis_hw_ack: 0
01-01 02:25:41.869 0 0 I [soft_i][0xf3d31ed2b][14:40:15.681326] wlan: [0:I:TXRX] HTT_T2H_MSG_TYPE_PEER_MAP msg for peer id 8 vdev id 0 n
01-01 02:25:41.891 0 0 E [wifico][0xf3d383901][14:40:15.702817] wlan: [1287:E:HDD] __wlan_hdd_cfg80211_scan: 572: Scan not allowed. scan_ebusy_cnt: 1 Session 0 Reason 1
01-01 02:25:41.895 0 0 E [soft_i][0xf3d399965][14:40:15.707515] wlan: [0:E:DP] dp_peer_find_add_id: peer ffffffd247b00000 ID 8 vid 0 mac 96:2a:7d:83:93:1a
01-01 02:25:41.923 0 0 I [soft_i][0xf3d4199fd][14:40:15.734830] wlan: [0:I:DP] dp_peer_find_add_id: ref_cnt: 2
01-01 02:25:41.932 0 0 E [soft_i][0xf3d44476b][14:40:15.743969] wlan: [0:E:DP] dp_peer_map_ast: peer ffffffd247b00000 ID 68 vid 0 mac 96:2a:7d:83:93:1a
08-24 14:40:15.723 1287 1287 E wificond: NL80211_CMD_TRIGGER_SCAN failed: Device or resource busy
01-01 02:25:42.096 0 0 I [schedu][0xf3d744656][14:40:15.907796] wlan: [4656:I:PE] Auth TX: seq 1 seq num 2049 status 0 WEP 0 to 96:2a:7d:83:93:1a
01-01 02:25:42.116 0 0 I [schedu][0xf3d7a414f][14:40:15.928208] wlan: [4656:I:PE] Auth TX: success
01-01 02:25:42.125 0 0 I [schedu][0xf3d7cd554][14:40:15.937008] wlan: [4656:I:PE] Auth RX: vdev 0 sys role 3 lim_state 5 from 96:2a:7d:83:93:1a rssi -18 auth_alg 0 seq 3627
01-01 02:25:42.141 0 0 I [schedu][0xf3d8178ac][14:40:15.952840] wlan: [4656:I:PE] Assoc req TX: vdev 0 to 96:2a:7d:83:93:1a seq num 2050
01-01 02:25:42.157 0 0 I [schedu][0xf3d8621d9][14:40:15.968748] wlan: [4656:I:PE] Assoc req TX: success
01-01 02:25:42.166 0 0 I [schedu][0xf3d88df0e][14:40:15.978097] wlan: [4656:I:PE] Assoc rsp RX: subtype 0 vdev 0 sys role 3 lim state 10 rssi -18 from 96:2a:7d:83:93:1a
01-01 02:25:42.197 0 0 I [soft_i][0xf3d920e49][14:40:16.009448] wlan: [0:I:DP] dp_addba_requestprocess_wifi3 restore BA win 64 based on addba req
01-01 02:25:42.211 0 0 E [schedu][0xf3d961523][14:40:16.023192] wlan: [4656:E:QDF] qdf_mem_malloc_debug: 1206: Cannot malloc 0 bytes @ csr_get_cfg_max_tx_power:14199
01-01 02:25:42.225 0 0 E [schedu][0xf3d9a3614][14:40:16.037286] wlan: [4656:E:QDF] qdf_mem_malloc_debug: 1206: Cannot malloc 0 bytes @ csr_get_cfg_max_tx_power:14199
01-01 02:25:42.241 0 0 E [soft_i][0xf3d9ef8f9][14:40:16.053537] wlan: [0:E:DP] dp_tx_initialize_threshold: tx flow control threshold is set, pool size is 4096
01-01 02:25:42.255 0 0 I [schedu][0xf3da2f80f][14:40:16.067178] wlan: [4656:I:HDD] wlan0(vdevid-0): 96:ad:5e:92:7c:2e connected to 96:2a:7d:83:93:1a
01-01 02:25:42.284 0 0 I [dp_rx_][0xf3dab96bd][14:40:16.096601] wlan: [4931:I:QDF] EAPOL-1 RX: SA:96:2a:7d:83:93:1a DA:96:ad:5e:92:7c:2e
01-01 02:25:42.310 0 0 I [soft_i][0xf3db32ca7][14:40:16.122493] wlan: [0:I:QDF] EAPOL-2 TX: SA:96:ad:5e:92:7c:2e DA:96:2a:7d:83:93:1a msdu_id:0 status: succ
01-01 02:25:42.414 0 0 I [dp_rx_][0xf3dd176a6][14:40:16.225879] wlan: [4931:I:QDF] EAPOL-3 RX: SA:96:2a:7d:83:93:1a DA:96:ad:5e:92:7c:2e
01-01 02:25:42.431 0 0 I [soft_i][0xf3dd6a483][14:40:16.243557] wlan: [0:I:QDF] EAPOL-4 TX: SA:96:ad:5e:92:7c:2e DA:96:2a:7d:83:93:1a msdu_id:0 status: succ
01-01 02:25:42.448 0 0 E [schedu][0xf3ddb7a31][14:40:16.260059] wlan: [4656:E:QDF] qdf_mem_malloc_debug: 1206: Cannot malloc 0 bytes @ csr_get_cfg_max_tx_power:14199
01-01 02:25:42.475 0 0 D : mv2112_read_status
01-01 02:25:42.475 0 0 I [schedu][0xf3de37cbf][14:40:16.287400] wlan: [4656:I:WMI] LFR3:OKC enabled
01-01 02:25:42.479 0 0 D mv2112_update_link: 3.0x901(1G): 0x80
01-01 02:25:42.487 0 0 I [schedu][0xf3de6f381][14:40:16.299223] wlan: [4656:I:WMI] LFR3:PMKSA caching enabled
01-01 02:25:42.498 0 0 D mv2112_update_link: 3.0x8109(100M): 0x0
01-01 02:25:42.506 0 0 D mv2112_update_link: link 0x0
01-01 02:25:42.510 0 0 D mv2112_read_status: autoneg is disabled
01-01 02:25:42.519 0 0 E [schedu][0xf3df04134][14:40:16.330979] wlan: [4656:E:PE] OBSS Scan Indication bssid 96:2a:7d:83:93:1a
01-01 02:25:42.532 0 0 E [schedu][0xf3df41877][14:40:16.344089] wlan: [4656:E:WMA] cmdlen 140 vdev_id 0 channel count 13 iefield_len 0
01-01 02:25:42.543 0 0 E [schedu][0xf3df76e49][14:40:16.355474] wlan: [4656:E:WMA] scantype 1 active_time 10 passive 20 Obss interval 200
01-01 02:25:42.683 0 0 E [wifi@1][0xf3e2059b8][14:40:16.495147] wlan: [970:E:HDD] hdd_enable_ns_offload: 484: Failed to cache ns request; status:4
01-01 02:25:42.774 0 0 I [soft_i][0xf3e3b0108][14:40:16.586125] wlan: [0:I:QDF] DHCP-D TX: SA:96:ad:5e:92:7c:2e DA:ff:ff:ff:ff:ff:ff msdu_id:1 status: succ
01-01 02:25:42.787 0 0 I [dp_rx_][0xf3e3eea4a][14:40:16.599474] wlan: [4931:I:QDF] DHCP-D RX: SA:96:ad:5e:92:7c:2e DA:ff:ff:ff:ff:ff:ff
08-24 14:40:16.416 1151 3251 D CompatibilityChangeReporter: Compat change id reported: 171306433; UID 1073; state: ENABLED
08-24 14:40:16.763 1151 15274 W OverlayManager: service 'idmap' died
01-01 02:25:43.293 0 0 I [dp_rx_][0xf3ed30530][14:40:17.105006] wlan: [4931:I:QDF] DHCP-O RX: SA:f4:2a:7d:83:93:19 DA:ff:ff:ff:ff:ff:ff
01-01 02:25:43.457 0 0 I [soft_i][0xf3f033508][14:40:17.269485] wlan: [0:I:QDF] DHCP-R TX: SA:96:ad:5e:92:7c:2e DA:ff:ff:ff:ff:ff:ff msdu_id:1 status: succ
01-01 02:25:43.471 0 0 I [dp_rx_][0xf3f072591][14:40:17.282931] wlan: [4931:I:QDF] DHCP-R RX: SA:96:ad:5e:92:7c:2e DA:ff:ff:ff:ff:ff:ff
01-01 02:25:43.483 0 0 I [dp_rx_][0xf3f0a9527][14:40:17.294659] wlan: [4931:I:QDF] DHCP-A RX: SA:f4:2a:7d:83:93:19 DA:ff:ff:ff:ff:ff:ff
01-01 02:25:43.531 0 0 D : mv2112_read_status
01-01 02:25:43.543 0 0 D mv2112_update_link: 3.0x901(1G): 0x80
01-01 02:25:43.549 0 0 D mv2112_update_link: 3.0x8109(100M): 0x0
01-01 02:25:43.555 0 0 D mv2112_update_link: link 0x0
01-01 02:25:43.560 0 0 D mv2112_read_status: autoneg is disabled
08-24 14:40:17.352 1151 1151 D CompatibilityChangeReporter: Compat change id reported: 175319604; UID 1000; state: ENABLED
08-24 14:40:17.352 1151 1151 D CompatibilityChangeReporter: Compat change id reported: 175319604; UID 1000; state: DISABLED
01-01 02:25:43.739 0 0 E [wifi@1][0xf3f55d2dd][14:40:17.551482] wlan: [970:E:QDF] qdf_mem_malloc_debug: 1206: Cannot malloc 0 bytes @ csr_get_cfg_max_tx_power:14199
01-01 02:25:43.756 0 0 E [wifi@1][0xf3f5a9ecd][14:40:17.567854] wlan: [970:E:QDF] qdf_mem_malloc_debug: 1206: Cannot malloc 0 bytes @ csr_get_cfg_max_tx_power:14199
01-01 02:25:43.757 0 0 I [schedu][0xf3f5b232d][14:40:17.569620] wlan: [4656:I:WMI] LFR3:OKC enabled
01-01 02:25:43.781 0 0 I [schedu][0xf3f621339][14:40:17.593300] wlan: [4656:I:WMI] LFR3:PMKSA caching enabled
08-24 14:40:17.434 695 755 E NetlinkEvent: NetlinkEvent::FindParam(): Parameter 'INTERFACE' not found
08-24 14:40:17.434 695 755 E NetlinkEvent: NetlinkEvent::FindParam(): Parameter 'STATE' not found
08-24 14:40:17.434 695 755 E NetlinkEvent: NetlinkEvent::FindParam(): Parameter 'TIME_NS' not found
08-24 14:40:17.434 695 755 E NetlinkEvent: NetlinkEvent::FindParam(): Parameter 'UID' not found
01-01 02:25:43.792 0 0 I [schedu][0xf3f654b59][14:40:17.604288] wlan: [4656:I:WMI] LFR3:OKC enabled
01-01 02:25:43.801 0 0 I [schedu][0xf3f67c2ba][14:40:17.612707] wlan: [4656:I:WMI] LFR3:PMKSA caching enabled
08-24 14:40:17.474 2646 3190 W ContextImpl: Calling a method in the system process without a qualified user: android.app.ContextImpl.startService:1816 android.content.ContextWrapper.startService:774 com.qualcomm.qti.qdma.util.PeriodicCI.run:477 com.qualcomm.qti.qdma.util.PeriodicCI.checkRun:435 com.qualcomm.qti.qdma.util.PeriodicCI$1.onAvailable:131
08-24 14:40:17.478 1151 2145 W ContextImpl: Calling a method in the system process without a qualified user: android.app.ContextImpl.sendStickyBroadcast:1559 com.android.server.ConnectivityService.sendStickyBroadcast:2811 com.android.server.ConnectivityService.sendGeneralBroadcast:2786 com.android.server.ConnectivityService.sendConnectedBroadcast:2759 com.android.server.ConnectivityService.sendLegacyNetworkBroadcast:8704
08-24 14:40:17.505 1151 2145 W ContextImpl: Calling a method in the system process without a qualified user: android.app.ContextImpl.sendStickyBroadcast:1559 com.android.server.ConnectivityService.sendStickyBroadcast:2811 com.android.server.ConnectivityService.sendGeneralBroadcast:2786 com.android.server.ConnectivityService.sendInetConditionBroadcast:2763 com.android.server.ConnectivityService.updateInetCondition:8451
08-24 14:40:17.639 2646 13785 W ContextImpl: Calling a method in the system process without a qualified user: android.app.ContextImpl.sendBroadcast:1188 android.content.ContextWrapper.sendBroadcast:484 com.qualcomm.qti.qdma.app.ActiveCareService$ProcessSessionRequest.run:536 java.lang.Thread.run:920
01-01 02:25:43.998 0 0 W logd : Skipping entries from slow reader, pid 1286, fd 14, from LogBuffer::Prune()
01-01 02:25:44.396 0 0 W logd : Skipping entries from slow reader, pid 1286, fd 14, from LogBuffer::Prune()
01-01 02:25:44.409 0 0 W logd : Skipping entries from slow reader, pid 1286, fd 14, from LogBuffer::Prune()
01-01 02:25:44.575 0 0 I afe_close: port_id = 0x9000
01-01 02:25:44.590 0 0 D : mv2112_read_status
01-01 02:25:44.595 0 0 D mv2112_update_link: 3.0x901(1G): 0x80
01-01 02:25:44.602 0 0 D mv2112_update_link: 3.0x8109(100M): 0x0
01-01 02:25:44.607 0 0 D mv2112_update_link: link 0x0
01-01 02:25:44.611 0 0 D mv2112_read_status: autoneg is disabled
01-01 02:25:44.646 0 0 W logd : Skipping entries from slow reader, pid 1286, fd 14, from LogBuffer::Prune()
01-01 02:25:44.734 0 0 W logd : Skipping entries from slow reader, pid 1286, fd 14, from LogBuffer::Prune()
01-01 02:25:45.024 0 0 W logd : Skipping entries from slow reader, pid 1286, fd 14, from LogBuffer::Prune()
08-24 14:40:18.806 1151 3830 E TaskPersister: File error accessing recents directory (directory doesn't exist?).
01-01 02:25:45.584 0 0 I init : starting service 'qvrd_vndr'...
01-01 02:25:45.592 0 0 I init : Created socket '/dev/socket/qvrservice_vndr', mode 660, user 1000, group 1000
01-01 02:25:45.605 0 0 I init : Created socket '/dev/socket/qvrservice_vndr_camera', mode 660, user 1000, group 1000
01-01 02:25:45.628 0 0 I init : starting service 'sxrd'...
01-01 02:25:45.645 0 0 D : mv2112_read_status
01-01 02:25:45.648 0 0 D mv2112_update_link: 3.0x901(1G): 0x80
01-01 02:25:45.656 0 0 I init : Service 'qvrd_vndr' (pid 14357) exited with status 1
01-01 02:25:45.657 0 0 D mv2112_update_link: 3.0x8109(100M): 0x0
01-01 02:25:45.663 0 0 I init : Sending signal 9 to service 'qvrd_vndr' (pid 14357) process group...
01-01 02:25:45.663 0 0 I libprocessgroup: Successfully killed process cgroup uid 1000 pid 14357 in 0ms
01-01 02:25:45.668 0 0 D mv2112_update_link: link 0x0
01-01 02:25:45.685 0 0 I init : Service 'sxrd' (pid 14368) exited with status 1
01-01 02:25:45.689 0 0 D mv2112_read_status: autoneg is disabled
01-01 02:25:45.695 0 0 I init : Sending signal 9 to service 'sxrd' (pid 14368) process group...
01-01 02:25:45.706 0 0 W logd : Skipping entries from slow reader, pid 1286, fd 14, from LogBuffer::Prune()
01-01 02:25:45.708 0 0 I libprocessgroup: Successfully killed process cgroup uid 1000 pid 14368 in 0ms
08-24 14:40:19.464 14357 14357 F linker : CANNOT LINK EXECUTABLE "/vendor/bin/hw/qvrservice": library "vendor.qti.hardware.qxr-V1-ndk_platform.so" not found: needed by /vendor/lib64/libqvrservice.so in namespace (default)
08-24 14:40:19.495 14368 14368 F linker : CANNOT LINK EXECUTABLE "/vendor/bin/hw/sxrservice": library "vendor.qti.hardware.qxr-V1-ndk_platform.so" not found: needed by main executable
01-01 02:25:45.953 0 0 W logd : Skipping entries from slow reader, pid 1286, fd 14, from LogBuffer::Prune()
01-01 02:25:46.216 0 0 W logd : Skipping entries from slow reader, pid 1286, fd 14, from LogBuffer::Prune()
01-01 02:25:46.428 0 0 W logd : Skipping entries from slow reader, pid 1286, fd 14, from LogBuffer::Prune()
01-01 02:25:46.699 0 0 D : mv2112_read_status
01-01 02:25:46.703 0 0 D mv2112_update_link: 3.0x901(1G): 0x80
01-01 02:25:46.712 0 0 D mv2112_update_link: 3.0x8109(100M): 0x0
01-01 02:25:46.723 0 0 D mv2112_update_link: link 0x0
01-01 02:25:46.727 0 0 D mv2112_read_status: autoneg is disabled
08-24 14:40:20.395 1151 1691 I DropBoxManagerService: add tag=system_app_strictmode isTagEnabled=true flags=0x2
08-24 14:40:20.470 1151 1689 D AutofillManagerService: Close system dialogs
01-01 02:25:47.755 0 0 D : mv2112_read_status
01-01 02:25:47.762 0 0 D mv2112_update_link: 3.0x901(1G): 0x80
01-01 02:25:47.767 0 0 D mv2112_update_link: 3.0x8109(100M): 0x0
01-01 02:25:47.772 0 0 D mv2112_update_link: link 0x0
01-01 02:25:47.777 0 0 D mv2112_read_status: autoneg is disabled
01-01 02:25:48.779 0 0 D : mv2112_read_status
01-01 02:25:48.782 0 0 D mv2112_update_link: 3.0x901(1G): 0x80
01-01 02:25:48.788 0 0 D mv2112_update_link: 3.0x8109(100M): 0x0
01-01 02:25:48.793 0 0 D mv2112_update_link: link 0x0
01-01 02:25:48.797 0 0 D mv2112_read_status: autoneg is disabled
01-01 02:25:49.010 0 0 W logd : Skipping entries from slow reader, pid 1286, fd 14, from LogBuffer::Prune()
01-01 02:25:49.167 0 0 W logd : Skipping entries from slow reader, pid 1286, fd 14, from LogBuffer::Prune()
01-01 02:25:49.360 0 0 W logd : Skipping entries from slow reader, pid 1286, fd 14, from LogBuffer::Prune()
01-01 02:25:49.808 0 0 D : mv2112_read_status
01-01 02:25:49.816 0 0 D mv2112_update_link: 3.0x901(1G): 0x80
01-01 02:25:49.822 0 0 D mv2112_update_link: 3.0x8109(100M): 0x0
01-01 02:25:49.827 0 0 D mv2112_update_link: link 0x0
01-01 02:25:49.834 0 0 D mv2112_read_status: autoneg is disabled
08-24 14:40:23.648 1151 1702 I ActivityManager: PendingStartActivityUids startActivity to updateOomAdj delay:3223ms, uid:10079
01-01 02:25:50.035 0 0 W logd : Skipping entries from slow reader, pid 1286, fd 14, from LogBuffer::Prune()
01-01 02:25:50.375 0 0 W logd : Skipping entries from slow reader, pid 1286, fd 14, from LogBuffer::Prune()
01-01 02:25:50.625 0 0 I init : starting service 'qvrd_vndr'...
01-01 02:25:50.634 0 0 I init : Created socket '/dev/socket/qvrservice_vndr', mode 660, user 1000, group 1000
01-01 02:25:50.645 0 0 I init : Created socket '/dev/socket/qvrservice_vndr_camera', mode 660, user 1000, group 1000
01-01 02:25:50.665 0 0 I init : starting service 'sxrd'...
01-01 02:25:50.689 0 0 I init : Service 'qvrd_vndr' (pid 15989) exited with status 1
01-01 02:25:50.696 0 0 I init : Sending signal 9 to service 'qvrd_vndr' (pid 15989) process group...
01-01 02:25:50.705 0 0 I libprocessgroup: Successfully killed process cgroup uid 1000 pid 15989 in 0ms
01-01 02:25:50.706 0 0 W logd : Skipping entries from slow reader, pid 1286, fd 14, from LogBuffer::Prune()
01-01 02:25:50.715 0 0 I init : Service 'sxrd' (pid 15997) exited with status 1
01-01 02:25:50.729 0 0 I init : Sending signal 9 to service 'sxrd' (pid 15997) process group...
01-01 02:25:50.737 0 0 I libprocessgroup: Successfully killed process cgroup uid 1000 pid 15997 in 0ms
08-24 14:40:24.499 15989 15989 F linker : CANNOT LINK EXECUTABLE "/vendor/bin/hw/qvrservice": library "vendor.qti.hardware.qxr-V1-ndk_platform.so" not found: needed by /vendor/lib64/libqvrservice.so in namespace (default)
08-24 14:40:24.522 15997 15997 F linker : CANNOT LINK EXECUTABLE "/vendor/bin/hw/sxrservice": library "vendor.qti.hardware.qxr-V1-ndk_platform.so" not found: needed by main executable
01-01 02:25:50.859 0 0 D : mv2112_read_status
01-01 02:25:50.864 0 0 D mv2112_update_link: 3.0x901(1G): 0x80
01-01 02:25:50.870 0 0 D mv2112_update_link: 3.0x8109(100M): 0x0
01-01 02:25:50.875 0 0 D mv2112_update_link: link 0x0
01-01 02:25:50.882 0 0 D mv2112_read_status: autoneg is disabled
01-01 02:25:50.908 0 0 W logd : Skipping entries from slow reader, pid 1286, fd 14, from LogBuffer::Prune()
01-01 02:25:51.141 0 0 W logd : Skipping entries from slow reader, pid 1286, fd 14, from LogBuffer::Prune()
01-01 02:25:51.461 0 0 W logd : Skipping entries from slow reader, pid 1286, fd 14, from LogBuffer::Prune()
01-01 02:25:51.667 0 0 W logd : Skipping entries from slow reader, pid 1286, fd 14, from LogBuffer::Prune()
01-01 02:25:51.915 0 0 D : mv2112_read_status
01-01 02:25:51.918 0 0 D mv2112_update_link: 3.0x901(1G): 0x80
01-01 02:25:51.925 0 0 D mv2112_update_link: 3.0x8109(100M): 0x0
01-01 02:25:51.930 0 0 D mv2112_update_link: link 0x0
01-01 02:25:51.934 0 0 D mv2112_read_status: autoneg is disabled
01-01 02:25:52.939 0 0 D : mv2112_read_status
01-01 02:25:52.942 0 0 D mv2112_update_link: 3.0x901(1G): 0x80
01-01 02:25:52.948 0 0 D mv2112_update_link: 3.0x8109(100M): 0x0
01-01 02:25:52.955 0 0 D mv2112_update_link: link 0x0
01-01 02:25:52.959 0 0 D mv2112_read_status: autoneg is disabled
01-01 02:25:53.963 0 0 D : mv2112_read_status
01-01 02:25:53.970 0 0 D mv2112_update_link: 3.0x901(1G): 0x80
01-01 02:25:53.978 0 0 D mv2112_update_link: 3.0x8109(100M): 0x0
01-01 02:25:53.984 0 0 D mv2112_update_link: link 0x0
01-01 02:25:53.988 0 0 D mv2112_read_status: autoneg is disabled
01-01 02:25:54.110 0 0 W logd : Skipping entries from slow reader, pid 1286, fd 14, from LogBuffer::Prune()
01-01 02:25:54.120 0 0 W logd : Skipping entries from slow reader, pid 1286, fd 14, from LogBuffer::Prune()
08-24 14:40:27.884 2646 17194 W ContextImpl: Calling a method in the system process without a qualified user: android.app.ContextImpl.stopService:1828 android.content.ContextWrapper.stopService:784 com.qualcomm.qti.qdma.app.ApplicationManager$1.run:2494 java.util.TimerThread.mainLoop:562 java.util.TimerThread.run:512
01-01 02:25:54.531 0 0 W logd : Skipping entries from slow reader, pid 1286, fd 14, from LogBuffer::Prune()
01-01 02:25:54.881 0 0 W logd : Skipping entries from slow reader, pid 1286, fd 14, from LogBuffer::Prune()
01-01 02:25:54.924 0 0 W logd : Skipping entries from slow reader, pid 1286, fd 14, from LogBuffer::Prune()
01-01 02:25:55.019 0 0 D : mv2112_read_status
01-01 02:25:55.022 0 0 D mv2112_update_link: 3.0x901(1G): 0x80
01-01 02:25:55.028 0 0 D mv2112_update_link: 3.0x8109(100M): 0x0
01-01 02:25:55.033 0 0 D mv2112_update_link: link 0x0
01-01 02:25:55.038 0 0 D mv2112_read_status: autoneg is disabled
01-01 02:25:55.514 0 0 W logd : Skipping entries from slow reader, pid 1286, fd 14, from LogBuffer::Prune()
01-01 02:25:55.665 0 0 I init : starting service 'qvrd_vndr'...
01-01 02:25:55.671 0 0 I init : Created socket '/dev/socket/qvrservice_vndr', mode 660, user 1000, group 1000
01-01 02:25:55.682 0 0 I init : Created socket '/dev/socket/qvrservice_vndr_camera', mode 660, user 1000, group 1000
01-01 02:25:55.710 0 0 I init : starting service 'sxrd'...
01-01 02:25:55.747 0 0 I init : Service 'qvrd_vndr' (pid 17807) exited with status 1
01-01 02:25:55.754 0 0 I init : Sending signal 9 to service 'qvrd_vndr' (pid 17807) process group...
01-01 02:25:55.763 0 0 I libprocessgroup: Successfully killed process cgroup uid 1000 pid 17807 in 0ms
01-01 02:25:55.777 0 0 I init : Service 'sxrd' (pid 17818) exited with status 1
01-01 02:25:55.784 0 0 I init : Sending signal 9 to service 'sxrd' (pid 17818) process group...
01-01 02:25:55.794 0 0 I libprocessgroup: Successfully killed process cgroup uid 1000 pid 17818 in 0ms
01-01 02:25:55.814 0 0 W logd : Skipping entries from slow reader, pid 1286, fd 14, from LogBuffer::Prune()
08-24 14:40:29.556 17807 17807 F linker : CANNOT LINK EXECUTABLE "/vendor/bin/hw/qvrservice": library "vendor.qti.hardware.qxr-V1-ndk_platform.so" not found: needed by /vendor/lib64/libqvrservice.so in namespace (default)
08-24 14:40:29.586 17818 17818 F linker : CANNOT LINK EXECUTABLE "/vendor/bin/hw/sxrservice": library "vendor.qti.hardware.qxr-V1-ndk_platform.so" not found: needed by main executable
01-01 02:25:56.043 0 0 D : mv2112_read_status
01-01 02:25:56.046 0 0 D mv2112_update_link: 3.0x901(1G): 0x80
01-01 02:25:56.052 0 0 D mv2112_update_link: 3.0x8109(100M): 0x0
01-01 02:25:56.058 0 0 D mv2112_update_link: link 0x0
01-01 02:25:56.063 0 0 D mv2112_read_status: autoneg is disabled
01-01 02:25:56.210 0 0 W logd : Skipping entries from slow reader, pid 1286, fd 14, from LogBuffer::Prune()
01-01 02:25:56.419 0 0 W logd : Skipping entries from slow reader, pid 1286, fd 14, from LogBuffer::Prune()
01-01 02:25:56.579 0 0 W logd : Skipping entries from slow reader, pid 1286, fd 14, from LogBuffer::Prune()
01-01 02:25:57.067 0 0 D : mv2112_read_status
01-01 02:25:57.070 0 0 D mv2112_update_link: 3.0x901(1G): 0x80
01-01 02:25:57.076 0 0 D mv2112_update_link: 3.0x8109(100M): 0x0
01-01 02:25:57.083 0 0 D mv2112_update_link: link 0x0
01-01 02:25:57.087 0 0 D mv2112_read_status: autoneg is disabled
01-01 02:25:58.091 0 0 D : mv2112_read_status
01-01 02:25:58.094 0 0 D mv2112_update_link: 3.0x901(1G): 0x80
01-01 02:25:58.099 0 0 D mv2112_update_link: 3.0x8109(100M): 0x0
01-01 02:25:58.105 0 0 D mv2112_update_link: link 0x0
01-01 02:25:58.110 0 0 D mv2112_read_status: autoneg is disabled
01-01 02:25:58.490 0 0 I [soft_i][0xf50373d0d][14:40:32.301912] wlan: [0:I:DP] dp_addba_requestprocess_wifi3 restore BA win 64 based on addba req
01-01 02:25:59.115 0 0 D : mv2112_read_status
01-01 02:25:59.118 0 0 D mv2112_update_link: 3.0x901(1G): 0x80
01-01 02:25:59.123 0 0 D mv2112_update_link: 3.0x8109(100M): 0x0
01-01 02:25:59.130 0 0 D mv2112_update_link: link 0x0
01-01 02:25:59.135 0 0 D mv2112_read_status: autoneg is disabled
01-01 02:25:59.210 0 0 W logd : Skipping entries from slow reader, pid 1286, fd 14, from LogBuffer::Prune()
01-01 02:25:59.510 0 0 W logd : Skipping entries from slow reader, pid 1286, fd 14, from LogBuffer::Prune()
01-01 02:25:59.792 0 0 W logd : Skipping entries from slow reader, pid 1286, fd 14, from LogBuffer::Prune()
01-01 02:26:00.099 0 0 W logd : Skipping entries from slow reader, pid 1286, fd 14, from LogBuffer::Prune()
01-01 02:26:00.139 0 0 D : mv2112_read_status
01-01 02:26:00.142 0 0 D mv2112_update_link: 3.0x901(1G): 0x80
01-01 02:26:00.149 0 0 D mv2112_update_link: 3.0x8109(100M): 0x0
01-01 02:26:00.155 0 0 D mv2112_update_link: link 0x0
01-01 02:26:00.161 0 0 D mv2112_read_status: autoneg is disabled
01-01 02:26:00.274 0 0 W logd : Skipping entries from slow reader, pid 1286, fd 14, from LogBuffer::Prune()
01-01 02:26:00.316 0 0 W logd : Skipping entries from slow reader, pid 1286, fd 14, from LogBuffer::Prune()
01-01 02:26:00.593 0 0 W logd : Skipping entries from slow reader, pid 1286, fd 14, from LogBuffer::Prune()
01-01 02:26:00.704 0 0 I init : starting service 'qvrd_vndr'...
01-01 02:26:00.712 0 0 I init : Created socket '/dev/socket/qvrservice_vndr', mode 660, user 1000, group 1000
01-01 02:26:00.726 0 0 I init : Created socket '/dev/socket/qvrservice_vndr_camera', mode 660, user 1000, group 1000
01-01 02:26:00.757 0 0 I init : starting service 'sxrd'...
01-01 02:26:00.791 0 0 I init : Service 'qvrd_vndr' (pid 19715) exited with status 1
01-01 02:26:00.798 0 0 I init : Sending signal 9 to service 'qvrd_vndr' (pid 19715) process group...
01-01 02:26:00.807 0 0 I libprocessgroup: Successfully killed process cgroup uid 1000 pid 19715 in 0ms
01-01 02:26:00.819 0 0 I init : Service 'sxrd' (pid 19731) exited with status 1
01-01 02:26:00.826 0 0 I init : Sending signal 9 to service 'sxrd' (pid 19731) process group...
01-01 02:26:00.834 0 0 I libprocessgroup: Successfully killed process cgroup uid 1000 pid 19731 in 0ms
08-24 14:40:34.599 19715 19715 F linker : CANNOT LINK EXECUTABLE "/vendor/bin/hw/qvrservice": library "vendor.qti.hardware.qxr-V1-ndk_platform.so" not found: needed by /vendor/lib64/libqvrservice.so in namespace (default)
08-24 14:40:34.622 19731 19731 F linker : CANNOT LINK EXECUTABLE "/vendor/bin/hw/sxrservice": library "vendor.qti.hardware.qxr-V1-ndk_platform.so" not found: needed by main executable
01-01 02:26:01.102 0 0 W logd : Skipping entries from slow reader, pid 1286, fd 14, from LogBuffer::Prune()
01-01 02:26:01.196 0 0 D : mv2112_read_status
01-01 02:26:01.200 0 0 D mv2112_update_link: 3.0x901(1G): 0x80
01-01 02:26:01.207 0 0 D mv2112_update_link: 3.0x8109(100M): 0x0
01-01 02:26:01.212 0 0 D mv2112_update_link: link 0x0
01-01 02:26:01.218 0 0 D mv2112_read_status: autoneg is disabled
01-01 02:26:01.293 0 0 W logd : Skipping entries from slow reader, pid 1286, fd 14, from LogBuffer::Prune()
01-01 02:26:01.496 0 0 W logd : Skipping entries from slow reader, pid 1286, fd 14, from LogBuffer::Prune()
01-01 02:26:02.251 0 0 D : mv2112_read_status
01-01 02:26:02.254 0 0 D mv2112_update_link: 3.0x901(1G): 0x80
01-01 02:26:02.259 0 0 D mv2112_update_link: 3.0x8109(100M): 0x0
01-01 02:26:02.265 0 0 D mv2112_update_link: link 0x0
01-01 02:26:02.269 0 0 D mv2112_read_status: autoneg is disabled
01-01 02:26:03.307 0 0 D : mv2112_read_status
01-01 02:26:03.311 0 0 D mv2112_update_link: 3.0x901(1G): 0x80
01-01 02:26:03.318 0 0 D mv2112_update_link: 3.0x8109(100M): 0x0
01-01 02:26:03.324 0 0 D mv2112_update_link: link 0x0
01-01 02:26:03.328 0 0 D mv2112_read_status: autoneg is disabled
01-01 02:26:04.331 0 0 D : mv2112_read_status
01-01 02:26:04.336 0 0 D mv2112_update_link: 3.0x901(1G): 0x80
01-01 02:26:04.341 0 0 W logd : Skipping entries from slow reader, pid 1286, fd 14, from LogBuffer::Prune()
01-01 02:26:04.342 0 0 D mv2112_update_link: 3.0x8109(100M): 0x0
01-01 02:26:04.356 0 0 D mv2112_update_link: link 0x0
01-01 02:26:04.360 0 0 D mv2112_read_status: autoneg is disabled
01-01 02:26:04.438 0 0 W logd : Skipping entries from slow reader, pid 1286, fd 14, from LogBuffer::Prune()
01-01 02:26:04.648 0 0 W logd : Skipping entries from slow reader, pid 1286, fd 14, from LogBuffer::Prune()
01-01 02:26:04.962 0 0 W logd : Skipping entries from slow reader, pid 1286, fd 14, from LogBuffer::Prune()
01-01 02:26:05.243 0 0 W logd : Skipping entries from slow reader, pid 1286, fd 14, from LogBuffer::Prune()
01-01 02:26:05.387 0 0 D : mv2112_read_status
01-01 02:26:05.390 0 0 D mv2112_update_link: 3.0x901(1G): 0x80
01-01 02:26:05.396 0 0 D mv2112_update_link: 3.0x8109(100M): 0x0
01-01 02:26:05.402 0 0 D mv2112_update_link: link 0x0
01-01 02:26:05.406 0 0 D mv2112_read_status: autoneg is disabled
01-01 02:26:05.508 0 0 W logd : Skipping entries from slow reader, pid 1286, fd 14, from LogBuffer::Prune()
01-01 02:26:05.623 0 0 W logd : Skipping entries from slow reader, pid 1286, fd 14, from LogBuffer::Prune()
01-01 02:26:05.748 0 0 I init : starting service 'qvrd_vndr'...
01-01 02:26:05.755 0 0 I init : Created socket '/dev/socket/qvrservice_vndr', mode 660, user 1000, group 1000
01-01 02:26:05.766 0 0 I init : Created socket '/dev/socket/qvrservice_vndr_camera', mode 660, user 1000, group 1000
01-01 02:26:05.798 0 0 I init : starting service 'sxrd'...
01-01 02:26:05.810 0 0 W logd : Skipping entries from slow reader, pid 1286, fd 14, from LogBuffer::Prune()
01-01 02:26:05.836 0 0 I init : Service 'qvrd_vndr' (pid 21508) exited with status 1
01-01 02:26:05.842 0 0 I init : Sending signal 9 to service 'qvrd_vndr' (pid 21508) process group...
01-01 02:26:05.852 0 0 I libprocessgroup: Successfully killed process cgroup uid 1000 pid 21508 in 0ms
01-01 02:26:05.864 0 0 I init : Service 'sxrd' (pid 21521) exited with status 1
01-01 02:26:05.871 0 0 I init : Sending signal 9 to service 'sxrd' (pid 21521) process group...
01-01 02:26:05.879 0 0 I libprocessgroup: Successfully killed process cgroup uid 1000 pid 21521 in 0ms
08-24 14:40:39.645 21508 21508 F linker : CANNOT LINK EXECUTABLE "/vendor/bin/hw/qvrservice": library "vendor.qti.hardware.qxr-V1-ndk_platform.so" not found: needed by /vendor/lib64/libqvrservice.so in namespace (default)
08-24 14:40:39.669 21521 21521 F linker : CANNOT LINK EXECUTABLE "/vendor/bin/hw/sxrservice": library "vendor.qti.hardware.qxr-V1-ndk_platform.so" not found: needed by main executable
01-01 02:26:06.036 0 0 W logd : Skipping entries from slow reader, pid 1286, fd 14, from LogBuffer::Prune()
01-01 02:26:06.277 0 0 W logd : Skipping entries from slow reader, pid 1286, fd 14, from LogBuffer::Prune()
01-01 02:26:06.411 0 0 D : mv2112_read_status
01-01 02:26:06.414 0 0 D mv2112_update_link: 3.0x901(1G): 0x80
01-01 02:26:06.423 0 0 D mv2112_update_link: 3.0x8109(100M): 0x0
01-01 02:26:06.430 0 0 D mv2112_update_link: link 0x0
01-01 02:26:06.434 0 0 D mv2112_read_status: autoneg is disabled
01-01 02:26:07.467 0 0 D : mv2112_read_status
01-01 02:26:07.470 0 0 D mv2112_update_link: 3.0x901(1G): 0x80
01-01 02:26:07.475 0 0 D mv2112_update_link: 3.0x8109(100M): 0x0
01-01 02:26:07.482 0 0 D mv2112_update_link: link 0x0
01-01 02:26:07.486 0 0 D mv2112_read_status: autoneg is disabled
01-01 02:26:08.492 0 0 D : mv2112_read_status
01-01 02:26:08.498 0 0 D mv2112_update_link: 3.0x901(1G): 0x80
01-01 02:26:08.505 0 0 D mv2112_update_link: 3.0x8109(100M): 0x0
01-01 02:26:08.510 0 0 D mv2112_update_link: link 0x0
01-01 02:26:08.514 0 0 D mv2112_read_status: autoneg is disabled
01-01 02:26:09.536 0 0 W logd : Skipping entries from slow reader, pid 1286, fd 14, from LogBuffer::Prune()
01-01 02:26:09.547 0 0 D : mv2112_read_status
01-01 02:26:09.550 0 0 D mv2112_update_link: 3.0x901(1G): 0x80
01-01 02:26:09.556 0 0 D mv2112_update_link: 3.0x8109(100M): 0x0
01-01 02:26:09.561 0 0 D mv2112_update_link: link 0x0
01-01 02:26:09.565 0 0 D mv2112_read_status: autoneg is disabled
01-01 02:26:09.760 0 0 W logd : Skipping entries from slow reader, pid 1286, fd 14, from LogBuffer::Prune()
01-01 02:26:10.012 0 0 W logd : Skipping entries from slow reader, pid 1286, fd 14, from LogBuffer::Prune()
01-01 02:26:10.321 0 0 W logd : Skipping entries from slow reader, pid 1286, fd 14, from LogBuffer::Prune()
01-01 02:26:10.431 0 0 W logd : Skipping entries from slow reader, pid 1286, fd 14, from LogBuffer::Prune()
01-01 02:26:10.571 0 0 D : mv2112_read_status
01-01 02:26:10.575 0 0 D mv2112_update_link: 3.0x901(1G): 0x80
01-01 02:26:10.581 0 0 D mv2112_update_link: 3.0x8109(100M): 0x0
01-01 02:26:10.586 0 0 D mv2112_update_link: link 0x0
01-01 02:26:10.593 0 0 D mv2112_read_status: autoneg is disabled
01-01 02:26:10.694 0 0 W logd : Skipping entries from slow reader, pid 1286, fd 14, from LogBuffer::Prune()
01-01 02:26:10.792 0 0 I init : starting service 'qvrd_vndr'...
01-01 02:26:10.800 0 0 I init : Created socket '/dev/socket/qvrservice_vndr', mode 660, user 1000, group 1000
01-01 02:26:10.811 0 0 I init : Created socket '/dev/socket/qvrservice_vndr_camera', mode 660, user 1000, group 1000
01-01 02:26:10.844 0 0 I init : starting service 'sxrd'...
01-01 02:26:10.877 0 0 I init : Service 'qvrd_vndr' (pid 23325) exited with status 1
01-01 02:26:10.884 0 0 I init : Sending signal 9 to service 'qvrd_vndr' (pid 23325) process group...
01-01 02:26:10.894 0 0 I libprocessgroup: Successfully killed process cgroup uid 1000 pid 23325 in 0ms
01-01 02:26:10.907 0 0 I init : Service 'sxrd' (pid 23337) exited with status 1
01-01 02:26:10.914 0 0 I init : Sending signal 9 to service 'sxrd' (pid 23337) process group...
01-01 02:26:10.922 0 0 I libprocessgroup: Successfully killed process cgroup uid 1000 pid 23337 in 0ms
01-01 02:26:10.926 0 0 W logd : Skipping entries from slow reader, pid 1286, fd 14, from LogBuffer::Prune()
08-24 14:40:44.686 23325 23325 F linker : CANNOT LINK EXECUTABLE "/vendor/bin/hw/qvrservice": library "vendor.qti.hardware.qxr-V1-ndk_platform.so" not found: needed by /vendor/lib64/libqvrservice.so in namespace (default)
08-24 14:40:44.713 23337 23337 F linker : CANNOT LINK EXECUTABLE "/vendor/bin/hw/sxrservice": library "vendor.qti.hardware.qxr-V1-ndk_platform.so" not found: needed by main executable
01-01 02:26:11.196 0 0 W logd : Skipping entries from slow reader, pid 1286, fd 14, from LogBuffer::Prune()
01-01 02:26:11.487 0 0 W logd : Skipping entries from slow reader, pid 1286, fd 14, from LogBuffer::Prune()
01-01 02:26:11.516 0 0 W logd : Skipping entries from slow reader, pid 1286, fd 14, from LogBuffer::Prune()
01-01 02:26:11.627 0 0 D : mv2112_read_status
01-01 02:26:11.630 0 0 D mv2112_update_link: 3.0x901(1G): 0x80
01-01 02:26:11.642 0 0 D mv2112_update_link: 3.0x8109(100M): 0x0
01-01 02:26:11.647 0 0 D mv2112_update_link: link 0x0
01-01 02:26:11.651 0 0 D mv2112_read_status: autoneg is disabled
01-01 02:26:12.562 0 0 I [schedu][0xf6051d401][14:40:46.373685] wlan: [4656:I:WMA] [14:40:46.336000] [NEIGH_RPT_REQ] VDEV[0]
01-01 02:26:12.572 0 0 I [schedu][0xf6054f67d][14:40:46.384384] wlan: [4656:I:WMA] [14:40:46.346000] [NEIGH_RPT_RSP] VDEV[0] NO Ch update
01-01 02:26:12.684 0 0 D : mv2112_read_status
01-01 02:26:12.689 0 0 D mv2112_update_link: 3.0x901(1G): 0x80
01-01 02:26:12.698 0 0 D mv2112_update_link: 3.0x8109(100M): 0x0
01-01 02:26:12.703 0 0 D mv2112_update_link: link 0x0
01-01 02:26:12.707 0 0 D mv2112_read_status: autoneg is disabled
01-01 02:26:13.739 0 0 D : mv2112_read_status
01-01 02:26:13.742 0 0 D mv2112_update_link: 3.0x901(1G): 0x80
01-01 02:26:13.748 0 0 D mv2112_update_link: 3.0x8109(100M): 0x0
01-01 02:26:13.753 0 0 D mv2112_update_link: link 0x0
01-01 02:26:13.757 0 0 D mv2112_read_status: autoneg is disabled
01-01 02:26:14.590 0 0 W logd : Skipping entries from slow reader, pid 1286, fd 14, from LogBuffer::Prune()
01-01 02:26:14.763 0 0 D : mv2112_read_status
01-01 02:26:14.766 0 0 D mv2112_update_link: 3.0x901(1G): 0x80
01-01 02:26:14.774 0 0 D mv2112_update_link: 3.0x8109(100M): 0x0
01-01 02:26:14.780 0 0 D mv2112_update_link: link 0x0
01-01 02:26:14.784 0 0 D mv2112_read_status: autoneg is disabled
01-01 02:26:14.880 0 0 W logd : Skipping entries from slow reader, pid 1286, fd 14, from LogBuffer::Prune()
01-01 02:26:15.148 0 0 W logd : Skipping entries from slow reader, pid 1286, fd 14, from LogBuffer::Prune()
01-01 02:26:15.347 0 0 W logd : Skipping entries from slow reader, pid 1286, fd 14, from LogBuffer::Prune()
01-01 02:26:15.377 0 0 W logd : Skipping entries from slow reader, pid 1286, fd 14, from LogBuffer::Prune()
01-01 02:26:15.639 0 0 W logd : Skipping entries from slow reader, pid 1286, fd 14, from LogBuffer::Prune()
01-01 02:26:15.787 0 0 D : mv2112_read_status
01-01 02:26:15.791 0 0 D mv2112_update_link: 3.0x901(1G): 0x80
01-01 02:26:15.796 0 0 D mv2112_update_link: 3.0x8109(100M): 0x0
01-01 02:26:15.801 0 0 D mv2112_update_link: link 0x0
01-01 02:26:15.806 0 0 D mv2112_read_status: autoneg is disabled
01-01 02:26:15.836 0 0 I init : starting service 'qvrd_vndr'...
01-01 02:26:15.845 0 0 I init : Created socket '/dev/socket/qvrservice_vndr', mode 660, user 1000, group 1000
01-01 02:26:15.856 0 0 I init : Created socket '/dev/socket/qvrservice_vndr_camera', mode 660, user 1000, group 1000
01-01 02:26:15.886 0 0 I init : starting service 'sxrd'...
01-01 02:26:15.922 0 0 I init : Service 'qvrd_vndr' (pid 25179) exited with status 1
01-01 02:26:15.924 0 0 W logd : Skipping entries from slow reader, pid 1286, fd 14, from LogBuffer::Prune()
01-01 02:26:15.929 0 0 I init : Sending signal 9 to service 'qvrd_vndr' (pid 25179) process group...
01-01 02:26:15.947 0 0 I libprocessgroup: Successfully killed process cgroup uid 1000 pid 25179 in 0ms
01-01 02:26:15.958 0 0 I init : Service 'sxrd' (pid 25188) exited with status 1
01-01 02:26:15.965 0 0 I init : Sending signal 9 to service 'sxrd' (pid 25188) process group...
01-01 02:26:15.973 0 0 I libprocessgroup: Successfully killed process cgroup uid 1000 pid 25188 in 0ms
08-24 14:40:49.732 25179 25179 F linker : CANNOT LINK EXECUTABLE "/vendor/bin/hw/qvrservice": library "vendor.qti.hardware.qxr-V1-ndk_platform.so" not found: needed by /vendor/lib64/libqvrservice.so in namespace (default)
08-24 14:40:49.765 25188 25188 F linker : CANNOT LINK EXECUTABLE "/vendor/bin/hw/sxrservice": library "vendor.qti.hardware.qxr-V1-ndk_platform.so" not found: needed by main executable
01-01 02:26:16.135 0 0 W logd : Skipping entries from slow reader, pid 1286, fd 14, from LogBuffer::Prune()
01-01 02:26:16.355 0 0 W logd : Skipping entries from slow reader, pid 1286, fd 14, from LogBuffer::Prune()
01-01 02:26:16.639 0 0 W logd : Skipping entries from slow reader, pid 1286, fd 14, from LogBuffer::Prune()
01-01 02:26:16.811 0 0 D : mv2112_read_status
01-01 02:26:16.814 0 0 D mv2112_update_link: 3.0x901(1G): 0x80
01-01 02:26:16.819 0 0 D mv2112_update_link: 3.0x8109(100M): 0x0
01-01 02:26:16.827 0 0 D mv2112_update_link: link 0x0
01-01 02:26:16.831 0 0 D mv2112_read_status: autoneg is disabled
01-01 02:26:17.836 0 0 D : mv2112_read_status
01-01 02:26:17.841 0 0 D mv2112_update_link: 3.0x901(1G): 0x80
01-01 02:26:17.848 0 0 D mv2112_update_link: 3.0x8109(100M): 0x0
01-01 02:26:17.854 0 0 D mv2112_update_link: link 0x0
01-01 02:26:17.860 0 0 D mv2112_read_status: autoneg is disabled
01-01 02:26:18.891 0 0 D : mv2112_read_status
01-01 02:26:18.897 0 0 D mv2112_update_link: 3.0x901(1G): 0x80
01-01 02:26:18.902 0 0 D mv2112_update_link: 3.0x8109(100M): 0x0
01-01 02:26:18.907 0 0 D mv2112_update_link: link 0x0
01-01 02:26:18.912 0 0 D mv2112_read_status: autoneg is disabled
01-01 02:26:19.777 0 0 W logd : Skipping entries from slow reader, pid 1286, fd 14, from LogBuffer::Prune()
01-01 02:26:19.915 0 0 D : mv2112_read_status
01-01 02:26:19.918 0 0 D mv2112_update_link: 3.0x901(1G): 0x80
01-01 02:26:19.924 0 0 D mv2112_update_link: 3.0x8109(100M): 0x0
01-01 02:26:19.930 0 0 D mv2112_update_link: link 0x0
01-01 02:26:19.935 0 0 D mv2112_read_status: autoneg is disabled
01-01 02:26:20.018 0 0 W logd : Skipping entries from slow reader, pid 1286, fd 14, from LogBuffer::Prune()
01-01 02:26:20.310 0 0 W logd : Skipping entries from slow reader, pid 1286, fd 14, from LogBuffer::Prune()
01-01 02:26:20.346 0 0 W logd : Skipping entries from slow reader, pid 1286, fd 14, from LogBuffer::Prune()
01-01 02:26:20.628 0 0 W logd : Skipping entries from slow reader, pid 1286, fd 14, from LogBuffer::Prune()
01-01 02:26:20.829 0 0 W logd : Skipping entries from slow reader, pid 1286, fd 14, from LogBuffer::Prune()
01-01 02:26:20.882 0 0 I init : starting service 'qvrd_vndr'...
01-01 02:26:20.889 0 0 I init : Created socket '/dev/socket/qvrservice_vndr', mode 660, user 1000, group 1000
01-01 02:26:20.900 0 0 I init : Created socket '/dev/socket/qvrservice_vndr_camera', mode 660, user 1000, group 1000
01-01 02:26:20.934 0 0 I init : starting service 'sxrd'...
01-01 02:26:20.939 0 0 D : mv2112_read_status
01-01 02:26:20.942 0 0 D mv2112_update_link: 3.0x901(1G): 0x80
01-01 02:26:20.955 0 0 D mv2112_update_link: 3.0x8109(100M): 0x0
01-01 02:26:20.962 0 0 D mv2112_update_link: link 0x0
01-01 02:26:20.966 0 0 D mv2112_read_status: autoneg is disabled
01-01 02:26:20.983 0 0 I init : Service 'qvrd_vndr' (pid 27013) exited with status 1
01-01 02:26:20.990 0 0 I init : Sending signal 9 to service 'qvrd_vndr' (pid 27013) process group...
01-01 02:26:20.999 0 0 I libprocessgroup: Successfully killed process cgroup uid 1000 pid 27013 in 0ms
01-01 02:26:21.011 0 0 I init : Service 'sxrd' (pid 27027) exited with status 1
01-01 02:26:21.018 0 0 I init : Sending signal 9 to service 'sxrd' (pid 27027) process group...
01-01 02:26:21.026 0 0 I libprocessgroup: Successfully killed process cgroup uid 1000 pid 27027 in 0ms
08-24 14:40:54.792 27013 27013 F linker : CANNOT LINK EXECUTABLE "/vendor/bin/hw/qvrservice": library "vendor.qti.hardware.qxr-V1-ndk_platform.so" not found: needed by /vendor/lib64/libqvrservice.so in namespace (default)
08-24 14:40:54.810 27027 27027 F linker : CANNOT LINK EXECUTABLE "/vendor/bin/hw/sxrservice": library "vendor.qti.hardware.qxr-V1-ndk_platform.so" not found: needed by main executable
01-01 02:26:21.085 0 0 W logd : Skipping entries from slow reader, pid 1286, fd 14, from LogBuffer::Prune()
01-01 02:26:21.395 0 0 W logd : Skipping entries from slow reader, pid 1286, fd 14, from LogBuffer::Prune()
01-01 02:26:21.573 0 0 W logd : Skipping entries from slow reader, pid 1286, fd 14, from LogBuffer::Prune()
01-01 02:26:21.717 0 0 W logd : Skipping entries from slow reader, pid 1286, fd 14, from LogBuffer::Prune()
01-01 02:26:21.995 0 0 D : mv2112_read_status
01-01 02:26:22.002 0 0 D mv2112_update_link: 3.0x901(1G): 0x80
01-01 02:26:22.007 0 0 D mv2112_update_link: 3.0x8109(100M): 0x0
01-01 02:26:22.012 0 0 D mv2112_update_link: link 0x0
01-01 02:26:22.017 0 0 D mv2112_read_status: autoneg is disabled
01-01 02:26:23.051 0 0 D : mv2112_read_status
01-01 02:26:23.055 0 0 D mv2112_update_link: 3.0x901(1G): 0x80
01-01 02:26:23.061 0 0 D mv2112_update_link: 3.0x8109(100M): 0x0
01-01 02:26:23.066 0 0 D mv2112_update_link: link 0x0
01-01 02:26:23.072 0 0 D mv2112_read_status: autoneg is disabled
01-01 02:26:24.107 0 0 D : mv2112_read_status
01-01 02:26:24.110 0 0 D mv2112_update_link: 3.0x901(1G): 0x80
01-01 02:26:24.119 0 0 D mv2112_update_link: 3.0x8109(100M): 0x0
01-01 02:26:24.126 0 0 D mv2112_update_link: link 0x0
01-01 02:26:24.130 0 0 D mv2112_read_status: autoneg is disabled
01-01 02:26:24.968 0 0 W logd : Skipping entries from slow reader, pid 1286, fd 14, from LogBuffer::Prune()
01-01 02:26:25.136 0 0 W logd : Skipping entries from slow reader, pid 1286, fd 14, from LogBuffer::Prune()
01-01 02:26:25.163 0 0 D : mv2112_read_status
01-01 02:26:25.169 0 0 D mv2112_update_link: 3.0x901(1G): 0x80
01-01 02:26:25.174 0 0 D mv2112_update_link: 3.0x8109(100M): 0x0
01-01 02:26:25.179 0 0 D mv2112_update_link: link 0x0
01-01 02:26:25.184 0 0 D mv2112_read_status: autoneg is disabled
01-01 02:26:25.329 0 0 W logd : Skipping entries from slow reader, pid 1286, fd 14, from LogBuffer::Prune()
01-01 02:26:25.552 0 0 W logd : Skipping entries from slow reader, pid 1286, fd 14, from LogBuffer::Prune()
01-01 02:26:25.769 0 0 W logd : Skipping entries from slow reader, pid 1286, fd 14, from LogBuffer::Prune()
01-01 02:26:25.924 0 0 I init : starting service 'qvrd_vndr'...
01-01 02:26:25.933 0 0 I init : Created socket '/dev/socket/qvrservice_vndr', mode 660, user 1000, group 1000
01-01 02:26:25.944 0 0 I init : Created socket '/dev/socket/qvrservice_vndr_camera', mode 660, user 1000, group 1000
01-01 02:26:25.972 0 0 I init : starting service 'sxrd'...
01-01 02:26:26.020 0 0 I init : Service 'qvrd_vndr' (pid 28800) exited with status 1
01-01 02:26:26.027 0 0 I init : Sending signal 9 to service 'qvrd_vndr' (pid 28800) process group...
01-01 02:26:26.035 0 0 I libprocessgroup: Successfully killed process cgroup uid 1000 pid 28800 in 0ms
01-01 02:26:26.047 0 0 I init : Service 'sxrd' (pid 28812) exited with status 1
01-01 02:26:26.053 0 0 I init : Sending signal 9 to service 'sxrd' (pid 28812) process group...
01-01 02:26:26.053 0 0 W logd : Skipping entries from slow reader, pid 1286, fd 14, from LogBuffer::Prune()
01-01 02:26:26.061 0 0 I libprocessgroup: Successfully killed process cgroup uid 1000 pid 28812 in 0ms
08-24 14:40:59.829 28800 28800 F linker : CANNOT LINK EXECUTABLE "/vendor/bin/hw/qvrservice": library "vendor.qti.hardware.qxr-V1-ndk_platform.so" not found: needed by /vendor/lib64/libqvrservice.so in namespace (default)
08-24 14:40:59.832 28812 28812 F linker : CANNOT LINK EXECUTABLE "/vendor/bin/hw/sxrservice": library "vendor.qti.hardware.qxr-V1-ndk_platform.so" not found: needed by main executable
01-01 02:26:26.187 0 0 D : mv2112_read_status
01-01 02:26:26.190 0 0 D mv2112_update_link: 3.0x901(1G): 0x80
01-01 02:26:26.195 0 0 D mv2112_update_link: 3.0x8109(100M): 0x0
01-01 02:26:26.203 0 0 D mv2112_update_link: link 0x0
01-01 02:26:26.207 0 0 D mv2112_read_status: autoneg is disabled
01-01 02:26:26.323 0 0 W logd : Skipping entries from slow reader, pid 1286, fd 14, from LogBuffer::Prune()
01-01 02:26:26.359 0 0 W logd : Skipping entries from slow reader, pid 1286, fd 14, from LogBuffer::Prune()
01-01 02:26:26.558 0 0 W logd : Skipping entries from slow reader, pid 1286, fd 14, from LogBuffer::Prune()
01-01 02:26:26.786 0 0 W logd : Skipping entries from slow reader, pid 1286, fd 14, from LogBuffer::Prune()
01-01 02:26:27.211 0 0 D : mv2112_read_status
01-01 02:26:27.214 0 0 D mv2112_update_link: 3.0x901(1G): 0x80
01-01 02:26:27.221 0 0 D mv2112_update_link: 3.0x8109(100M): 0x0
01-01 02:26:27.226 0 0 D mv2112_update_link: link 0x0
01-01 02:26:27.230 0 0 D mv2112_read_status: autoneg is disabled
01-01 02:26:28.238 0 0 D : mv2112_read_status
01-01 02:26:28.243 0 0 D mv2112_update_link: 3.0x901(1G): 0x80
01-01 02:26:28.250 0 0 D mv2112_update_link: 3.0x8109(100M): 0x0
01-01 02:26:28.255 0 0 D mv2112_update_link: link 0x0
01-01 02:26:28.259 0 0 D mv2112_read_status: autoneg is disabled
01-01 02:26:29.294 0 0 D : mv2112_read_status
01-01 02:26:29.305 0 0 D mv2112_update_link: 3.0x901(1G): 0x80
01-01 02:26:29.310 0 0 D mv2112_update_link: 3.0x8109(100M): 0x0
01-01 02:26:29.315 0 0 D mv2112_update_link: link 0x0
01-01 02:26:29.319 0 0 D mv2112_read_status: autoneg is disabled
01-01 02:26:30.116 0 0 W logd : Skipping entries from slow reader, pid 1286, fd 14, from LogBuffer::Prune()
01-01 02:26:30.347 0 0 D : mv2112_read_status
01-01 02:26:30.350 0 0 D mv2112_update_link: 3.0x901(1G): 0x80
01-01 02:26:30.356 0 0 D mv2112_update_link: 3.0x8109(100M): 0x0
01-01 02:26:30.363 0 0 D mv2112_update_link: link 0x0
01-01 02:26:30.368 0 0 D mv2112_read_status: autoneg is disabled
01-01 02:26:30.389 0 0 W logd : Skipping entries from slow reader, pid 1286, fd 14, from LogBuffer::Prune()
01-01 02:26:30.560 0 0 W logd : Skipping entries from slow reader, pid 1286, fd 14, from LogBuffer::Prune()
01-01 02:26:30.793 0 0 W logd : Skipping entries from slow reader, pid 1286, fd 14, from LogBuffer::Prune()
01-01 02:26:30.968 0 0 I init : starting service 'qvrd_vndr'...
01-01 02:26:30.975 0 0 I init : Created socket '/dev/socket/qvrservice_vndr', mode 660, user 1000, group 1000
01-01 02:26:30.987 0 0 I init : Created socket '/dev/socket/qvrservice_vndr_camera', mode 660, user 1000, group 1000
01-01 02:26:31.021 0 0 I init : starting service 'sxrd'...
01-01 02:26:31.054 0 0 I init : Service 'qvrd_vndr' (pid 30632) exited with status 1
