01-01 02:23:05.851 0 0 W logd : Skipping entries from slow reader, pid 1286, fd 14, from LogBuffer::Prune()
01-01 02:23:06.059 0 0 D : mv2112_read_status
01-01 02:23:06.059 0 0 D mv2112_update_link: 3.0x901(1G): 0x80
01-01 02:23:06.059 0 0 D mv2112_update_link: 3.0x8109(100M): 0x0
01-01 02:23:06.059 0 0 D mv2112_update_link: link 0x0
01-01 02:23:06.059 0 0 D mv2112_read_status: autoneg is disabled
01-01 02:23:06.209 0 0 W logd : Skipping entries from slow reader, pid 1286, fd 14, from LogBuffer::Prune()
01-01 02:23:06.843 0 0 I IRQ 5 : no longer affine to CPU6
01-01 02:23:07.083 0 0 D : mv2112_read_status
01-01 02:23:07.083 0 0 D mv2112_update_link: 3.0x901(1G): 0x80
01-01 02:23:07.083 0 0 D mv2112_update_link: 3.0x8109(100M): 0x0
01-01 02:23:07.083 0 0 D mv2112_update_link: link 0x0
01-01 02:23:07.083 0 0 D mv2112_read_status: autoneg is disabled
01-01 02:23:08.108 0 0 D : mv2112_read_status
01-01 02:23:08.108 0 0 D mv2112_update_link: 3.0x901(1G): 0x80
01-01 02:23:08.108 0 0 D mv2112_update_link: 3.0x8109(100M): 0x0
01-01 02:23:08.108 0 0 D mv2112_update_link: link 0x0
01-01 02:23:08.108 0 0 D mv2112_read_status: autoneg is disabled
01-01 02:23:08.894 0 0 W logd : Skipping entries from slow reader, pid 1286, fd 14, from LogBuffer::Prune()
01-01 02:23:09.043 0 0 I IRQ 5 : no longer affine to CPU4
01-01 02:23:09.058 0 0 W logd : Skipping entries from slow reader, pid 1286, fd 14, from LogBuffer::Prune()
01-01 02:23:09.131 0 0 D : mv2112_read_status
01-01 02:23:09.131 0 0 D mv2112_update_link: 3.0x901(1G): 0x80
01-01 02:23:09.131 0 0 D mv2112_update_link: 3.0x8109(100M): 0x0
01-01 02:23:09.131 0 0 D mv2112_update_link: link 0x0
01-01 02:23:09.131 0 0 D mv2112_read_status: autoneg is disabled
01-01 02:23:09.136 0 0 W logd : Skipping entries from slow reader, pid 1286, fd 14, from LogBuffer::Prune()
01-01 02:23:09.343 0 0 I IRQ 5 : no longer affine to CPU6
01-01 02:23:09.448 0 0 I init : starting service 'qvrd_vndr'...
01-01 02:23:09.451 0 0 I init : Created socket '/dev/socket/qvrservice_vndr', mode 660, user 1000, group 1000
01-01 02:23:09.453 0 0 I init : Created socket '/dev/socket/qvrservice_vndr_camera', mode 660, user 1000, group 1000
01-01 02:23:09.485 0 0 I init : starting service 'sxrd'...
01-01 02:23:09.498 0 0 W logd : Skipping entries from slow reader, pid 1286, fd 14, from LogBuffer::Prune()
01-01 02:23:09.540 0 0 I init : Service 'qvrd_vndr' (pid 5768) exited with status 1
01-01 02:23:09.540 0 0 I init : Sending signal 9 to service 'qvrd_vndr' (pid 5768) process group...
01-01 02:23:09.540 0 0 I libprocessgroup: Successfully killed process cgroup uid 1000 pid 5768 in 0ms
01-01 02:23:09.561 0 0 I init : Service 'sxrd' (pid 5781) exited with status 1
01-01 02:23:09.561 0 0 I init : Sending signal 9 to service 'sxrd' (pid 5781) process group...
01-01 02:23:09.561 0 0 I libprocessgroup: Successfully killed process cgroup uid 1000 pid 5781 in 0ms
08-24 14:37:43.349 5768 5768 F linker : CANNOT LINK EXECUTABLE "/vendor/bin/hw/qvrservice": library "vendor.qti.hardware.qxr-V1-ndk_platform.so" not found: needed by /vendor/lib64/libqvrservice.so in namespace (default)
08-24 14:37:43.370 5781 5781 F linker : CANNOT LINK EXECUTABLE "/vendor/bin/hw/sxrservice": library "vendor.qti.hardware.qxr-V1-ndk_platform.so" not found: needed by main executable
01-01 02:23:09.827 0 0 W logd : Skipping entries from slow reader, pid 1286, fd 14, from LogBuffer::Prune()
01-01 02:23:10.102 0 0 W logd : Skipping entries from slow reader, pid 1286, fd 14, from LogBuffer::Prune()
01-01 02:23:10.155 0 0 D : mv2112_read_status
01-01 02:23:10.155 0 0 D mv2112_update_link: 3.0x901(1G): 0x80
01-01 02:23:10.155 0 0 D mv2112_update_link: 3.0x8109(100M): 0x0
01-01 02:23:10.155 0 0 D mv2112_update_link: link 0x0
01-01 02:23:10.155 0 0 D mv2112_read_status: autoneg is disabled
01-01 02:23:10.500 0 0 W logd : Skipping entries from slow reader, pid 1286, fd 14, from LogBuffer::Prune()
01-01 02:23:10.723 0 0 I IRQ 5 : no longer affine to CPU5
01-01 02:23:10.912 0 0 W logd : Skipping entries from slow reader, pid 1286, fd 14, from LogBuffer::Prune()
01-01 02:23:11.011 0 0 W logd : Skipping entries from slow reader, pid 1286, fd 14, from LogBuffer::Prune()
01-01 02:23:11.179 0 0 D : mv2112_read_status
01-01 02:23:11.179 0 0 D mv2112_update_link: 3.0x901(1G): 0x80
01-01 02:23:11.179 0 0 D mv2112_update_link: 3.0x8109(100M): 0x0
01-01 02:23:11.179 0 0 D mv2112_update_link: link 0x0
01-01 02:23:11.179 0 0 D mv2112_read_status: autoneg is disabled
01-01 02:23:11.201 0 0 W logd : Skipping entries from slow reader, pid 1286, fd 14, from LogBuffer::Prune()
01-01 02:23:12.203 0 0 D : mv2112_read_status
01-01 02:23:12.203 0 0 D mv2112_update_link: 3.0x901(1G): 0x80
01-01 02:23:12.203 0 0 D mv2112_update_link: 3.0x8109(100M): 0x0
01-01 02:23:12.203 0 0 D mv2112_update_link: link 0x0
01-01 02:23:12.203 0 0 D mv2112_read_status: autoneg is disabled
01-01 02:23:12.483 0 0 I IRQ 5 : no longer affine to CPU5
01-01 02:23:13.228 0 0 D : mv2112_read_status
01-01 02:23:13.229 0 0 D mv2112_update_link: 3.0x901(1G): 0x80
01-01 02:23:13.229 0 0 D mv2112_update_link: 3.0x8109(100M): 0x0
01-01 02:23:13.229 0 0 D mv2112_update_link: link 0x0
01-01 02:23:13.229 0 0 D mv2112_read_status: autoneg is disabled
01-01 02:23:13.744 0 0 I IRQ 5 : no longer affine to CPU6
01-01 02:23:14.140 0 0 W logd : Skipping entries from slow reader, pid 1286, fd 14, from LogBuffer::Prune()
01-01 02:23:14.251 0 0 D : mv2112_read_status
01-01 02:23:14.251 0 0 D mv2112_update_link: 3.0x901(1G): 0x80
01-01 02:23:14.251 0 0 D mv2112_update_link: 3.0x8109(100M): 0x0
01-01 02:23:14.251 0 0 D mv2112_update_link: link 0x0
01-01 02:23:14.251 0 0 D mv2112_read_status: autoneg is disabled
01-01 02:23:14.401 0 0 W logd : Skipping entries from slow reader, pid 1286, fd 14, from LogBuffer::Prune()
01-01 02:23:14.474 0 0 I init : starting service 'qvrd_vndr'...
01-01 02:23:14.476 0 0 I init : Created socket '/dev/socket/qvrservice_vndr', mode 660, user 1000, group 1000
01-01 02:23:14.478 0 0 I init : Created socket '/dev/socket/qvrservice_vndr_camera', mode 660, user 1000, group 1000
01-01 02:23:14.516 0 0 I init : starting service 'sxrd'...
01-01 02:23:14.578 0 0 I init : Service 'qvrd_vndr' (pid 6918) exited with status 1
01-01 02:23:14.578 0 0 I init : Sending signal 9 to service 'qvrd_vndr' (pid 6918) process group...
01-01 02:23:14.579 0 0 I libprocessgroup: Successfully killed process cgroup uid 1000 pid 6918 in 0ms
01-01 02:23:14.581 0 0 I init : Service 'sxrd' (pid 6925) exited with status 1
01-01 02:23:14.581 0 0 I init : Sending signal 9 to service 'sxrd' (pid 6925) process group...
01-01 02:23:14.582 0 0 I libprocessgroup: Successfully killed process cgroup uid 1000 pid 6925 in 0ms
08-24 14:37:48.387 6918 6918 F linker : CANNOT LINK EXECUTABLE "/vendor/bin/hw/qvrservice": library "vendor.qti.hardware.qxr-V1-ndk_platform.so" not found: needed by /vendor/lib64/libqvrservice.so in namespace (default)
08-24 14:37:48.392 6925 6925 F linker : CANNOT LINK EXECUTABLE "/vendor/bin/hw/sxrservice": library "vendor.qti.hardware.qxr-V1-ndk_platform.so" not found: needed by main executable
01-01 02:23:14.687 0 0 W logd : Skipping entries from slow reader, pid 1286, fd 14, from LogBuffer::Prune()
01-01 02:23:15.042 0 0 W logd : Skipping entries from slow reader, pid 1286, fd 14, from LogBuffer::Prune()
01-01 02:23:15.275 0 0 D : mv2112_read_status
01-01 02:23:15.275 0 0 D mv2112_update_link: 3.0x901(1G): 0x80
01-01 02:23:15.275 0 0 D mv2112_update_link: 3.0x8109(100M): 0x0
01-01 02:23:15.276 0 0 D mv2112_update_link: link 0x0
01-01 02:23:15.276 0 0 D mv2112_read_status: autoneg is disabled
01-01 02:23:15.377 0 0 W logd : Skipping entries from slow reader, pid 1286, fd 14, from LogBuffer::Prune()
01-01 02:23:15.397 0 0 W logd : Skipping entries from slow reader, pid 1286, fd 14, from LogBuffer::Prune()
01-01 02:23:15.719 0 0 W logd : Skipping entries from slow reader, pid 1286, fd 14, from LogBuffer::Prune()
01-01 02:23:15.966 0 0 W logd : Skipping entries from slow reader, pid 1286, fd 14, from LogBuffer::Prune()
01-01 02:23:16.063 0 0 I IRQ 5 : no longer affine to CPU4
01-01 02:23:16.247 0 0 W logd : Skipping entries from slow reader, pid 1286, fd 14, from LogBuffer::Prune()
01-01 02:23:16.299 0 0 D : mv2112_read_status
01-01 02:23:16.299 0 0 D mv2112_update_link: 3.0x901(1G): 0x80
01-01 02:23:16.299 0 0 D mv2112_update_link: 3.0x8109(100M): 0x0
01-01 02:23:16.299 0 0 D mv2112_update_link: link 0x0
01-01 02:23:16.299 0 0 D mv2112_read_status: autoneg is disabled
01-01 02:23:16.643 0 0 I IRQ 5 : no longer affine to CPU6
01-01 02:23:16.709 0 0 W logd : Skipping entries from slow reader, pid 1286, fd 14, from LogBuffer::Prune()
01-01 02:23:17.323 0 0 D : mv2112_read_status
01-01 02:23:17.323 0 0 D mv2112_update_link: 3.0x901(1G): 0x80
01-01 02:23:17.323 0 0 D mv2112_update_link: 3.0x8109(100M): 0x0
01-01 02:23:17.323 0 0 D mv2112_update_link: link 0x0
01-01 02:23:17.323 0 0 D mv2112_read_status: autoneg is disabled
01-01 02:23:17.763 0 0 I IRQ 5 : no longer affine to CPU5
01-01 02:23:18.347 0 0 D : mv2112_read_status
01-01 02:23:18.347 0 0 D mv2112_update_link: 3.0x901(1G): 0x80
01-01 02:23:18.348 0 0 D mv2112_update_link: 3.0x8109(100M): 0x0
01-01 02:23:18.348 0 0 D mv2112_update_link: link 0x0
01-01 02:23:18.348 0 0 D mv2112_read_status: autoneg is disabled
01-01 02:23:18.683 0 0 I IRQ 5 : no longer affine to CPU5
01-01 02:23:19.203 0 0 W logd : Skipping entries from slow reader, pid 1286, fd 14, from LogBuffer::Prune()
01-01 02:23:19.372 0 0 D : mv2112_read_status
01-01 02:23:19.372 0 0 D mv2112_update_link: 3.0x901(1G): 0x80
01-01 02:23:19.372 0 0 D mv2112_update_link: 3.0x8109(100M): 0x0
01-01 02:23:19.372 0 0 D mv2112_update_link: link 0x0
01-01 02:23:19.372 0 0 D mv2112_read_status: autoneg is disabled
01-01 02:23:19.404 0 0 W logd : Skipping entries from slow reader, pid 1286, fd 14, from LogBuffer::Prune()
01-01 02:23:19.500 0 0 I init : starting service 'qvrd_vndr'...
01-01 02:23:19.504 0 0 I init : Created socket '/dev/socket/qvrservice_vndr', mode 660, user 1000, group 1000
01-01 02:23:19.508 0 0 I init : Created socket '/dev/socket/qvrservice_vndr_camera', mode 660, user 1000, group 1000
01-01 02:23:19.552 0 0 I init : starting service 'sxrd'...
01-01 02:23:19.595 0 0 W logd : Skipping entries from slow reader, pid 1286, fd 14, from LogBuffer::Prune()
01-01 02:23:19.599 0 0 I init : Service 'qvrd_vndr' (pid 8072) exited with status 1
01-01 02:23:19.599 0 0 I init : Sending signal 9 to service 'qvrd_vndr' (pid 8072) process group...
01-01 02:23:19.600 0 0 I libprocessgroup: Successfully killed process cgroup uid 1000 pid 8072 in 0ms
01-01 02:23:19.605 0 0 I init : Service 'sxrd' (pid 8078) exited with status 1
01-01 02:23:19.605 0 0 I init : Sending signal 9 to service 'sxrd' (pid 8078) process group...
01-01 02:23:19.606 0 0 I libprocessgroup: Successfully killed process cgroup uid 1000 pid 8078 in 0ms
08-24 14:37:53.405 8072 8072 F linker : CANNOT LINK EXECUTABLE "/vendor/bin/hw/qvrservice": library "vendor.qti.hardware.qxr-V1-ndk_platform.so" not found: needed by /vendor/lib64/libqvrservice.so in namespace (default)
08-24 14:37:53.415 8078 8078 F linker : CANNOT LINK EXECUTABLE "/vendor/bin/hw/sxrservice": library "vendor.qti.hardware.qxr-V1-ndk_platform.so" not found: needed by main executable
01-01 02:23:19.917 0 0 W logd : Skipping entries from slow reader, pid 1286, fd 14, from LogBuffer::Prune()
01-01 02:23:19.943 0 0 I IRQ 5 : no longer affine to CPU6
01-01 02:23:20.183 0 0 I IRQ 5 : no longer affine to CPU4
01-01 02:23:20.208 0 0 W logd : Skipping entries from slow reader, pid 1286, fd 14, from LogBuffer::Prune()
01-01 02:23:20.363 0 0 I IRQ 5 : no longer affine to CPU5
01-01 02:23:20.395 0 0 D : mv2112_read_status
01-01 02:23:20.395 0 0 D mv2112_update_link: 3.0x901(1G): 0x80
01-01 02:23:20.395 0 0 D mv2112_update_link: 3.0x8109(100M): 0x0
01-01 02:23:20.395 0 0 D mv2112_update_link: link 0x0
01-01 02:23:20.395 0 0 D mv2112_read_status: autoneg is disabled
01-01 02:23:20.508 0 0 W logd : Skipping entries from slow reader, pid 1286, fd 14, from LogBuffer::Prune()
01-01 02:23:20.823 0 0 I IRQ 5 : no longer affine to CPU4
01-01 02:23:20.941 0 0 W logd : Skipping entries from slow reader, pid 1286, fd 14, from LogBuffer::Prune()
01-01 02:23:21.103 0 0 I IRQ 5 : no longer affine to CPU5
01-01 02:23:21.282 0 0 W logd : Skipping entries from slow reader, pid 1286, fd 14, from LogBuffer::Prune()
01-01 02:23:21.321 0 0 W logd : Skipping entries from slow reader, pid 1286, fd 14, from LogBuffer::Prune()
01-01 02:23:21.419 0 0 D : mv2112_read_status
01-01 02:23:21.419 0 0 D mv2112_update_link: 3.0x901(1G): 0x80
01-01 02:23:21.419 0 0 D mv2112_update_link: 3.0x8109(100M): 0x0
01-01 02:23:21.419 0 0 D mv2112_update_link: link 0x0
01-01 02:23:21.419 0 0 D mv2112_read_status: autoneg is disabled
01-01 02:23:21.623 0 0 I IRQ 5 : no longer affine to CPU6
01-01 02:23:21.751 0 0 W logd : Skipping entries from slow reader, pid 1286, fd 14, from LogBuffer::Prune()
01-01 02:23:21.803 0 0 I IRQ 5 : no longer affine to CPU4
01-01 02:23:21.983 0 0 I IRQ 5 : no longer affine to CPU5
01-01 02:23:22.443 0 0 D : mv2112_read_status
01-01 02:23:22.443 0 0 D mv2112_update_link: 3.0x901(1G): 0x80
01-01 02:23:22.443 0 0 D mv2112_update_link: 3.0x8109(100M): 0x0
01-01 02:23:22.443 0 0 D mv2112_update_link: link 0x0
01-01 02:23:22.443 0 0 D mv2112_read_status: autoneg is disabled
01-01 02:23:23.043 0 0 I IRQ 5 : no longer affine to CPU4
01-01 02:23:23.468 0 0 D : mv2112_read_status
01-01 02:23:23.468 0 0 D mv2112_update_link: 3.0x901(1G): 0x80
01-01 02:23:23.468 0 0 D mv2112_update_link: 3.0x8109(100M): 0x0
01-01 02:23:23.468 0 0 D mv2112_update_link: link 0x0
01-01 02:23:23.468 0 0 D mv2112_read_status: autoneg is disabled
01-01 02:23:24.497 0 0 D : mv2112_read_status
01-01 02:23:24.498 0 0 D mv2112_update_link: 3.0x901(1G): 0x80
01-01 02:23:24.498 0 0 D mv2112_update_link: 3.0x8109(100M): 0x0
01-01 02:23:24.498 0 0 D mv2112_update_link: link 0x0
01-01 02:23:24.498 0 0 D mv2112_read_status: autoneg is disabled
01-01 02:23:24.546 0 0 I init : starting service 'qvrd_vndr'...
01-01 02:23:24.550 0 0 I init : Created socket '/dev/socket/qvrservice_vndr', mode 660, user 1000, group 1000
01-01 02:23:24.554 0 0 I init : Created socket '/dev/socket/qvrservice_vndr_camera', mode 660, user 1000, group 1000
01-01 02:23:24.593 0 0 I init : starting service 'sxrd'...
01-01 02:23:24.635 0 0 W logd : Skipping entries from slow reader, pid 1286, fd 14, from LogBuffer::Prune()
01-01 02:23:24.654 0 0 I init : Service 'qvrd_vndr' (pid 9140) exited with status 1
01-01 02:23:24.655 0 0 I init : Sending signal 9 to service 'qvrd_vndr' (pid 9140) process group...
01-01 02:23:24.656 0 0 I libprocessgroup: Successfully killed process cgroup uid 1000 pid 9140 in 0ms
08-24 14:37:58.448 9140 9140 F linker : CANNOT LINK EXECUTABLE "/vendor/bin/hw/qvrservice": library "vendor.qti.hardware.qxr-V1-ndk_platform.so" not found: needed by /vendor/lib64/libqvrservice.so in namespace (default)
01-01 02:23:24.680 0 0 I init : Service 'sxrd' (pid 9146) exited with status 1
01-01 02:23:24.680 0 0 I init : Sending signal 9 to service 'sxrd' (pid 9146) process group...
01-01 02:23:24.680 0 0 I libprocessgroup: Successfully killed process cgroup uid 1000 pid 9146 in 0ms
08-24 14:37:58.489 9146 9146 F linker : CANNOT LINK EXECUTABLE "/vendor/bin/hw/sxrservice": library "vendor.qti.hardware.qxr-V1-ndk_platform.so" not found: needed by main executable
01-01 02:23:24.896 0 0 W logd : Skipping entries from slow reader, pid 1286, fd 14, from LogBuffer::Prune()
01-01 02:23:25.193 0 0 W logd : Skipping entries from slow reader, pid 1286, fd 14, from LogBuffer::Prune()
01-01 02:23:25.485 0 0 W logd : Skipping entries from slow reader, pid 1286, fd 14, from LogBuffer::Prune()
01-01 02:23:25.515 0 0 D : mv2112_read_status
01-01 02:23:25.515 0 0 D mv2112_update_link: 3.0x901(1G): 0x80
01-01 02:23:25.515 0 0 D mv2112_update_link: 3.0x8109(100M): 0x0
01-01 02:23:25.515 0 0 D mv2112_update_link: link 0x0
01-01 02:23:25.515 0 0 D mv2112_read_status: autoneg is disabled
01-01 02:23:25.791 0 0 W logd : Skipping entries from slow reader, pid 1286, fd 14, from LogBuffer::Prune()
01-01 02:23:26.123 0 0 W logd : Skipping entries from slow reader, pid 1286, fd 14, from LogBuffer::Prune()
01-01 02:23:26.444 0 0 W logd : Skipping entries from slow reader, pid 1286, fd 14, from LogBuffer::Prune()
01-01 02:23:26.539 0 0 D : mv2112_read_status
01-01 02:23:26.539 0 0 D mv2112_update_link: 3.0x901(1G): 0x80
01-01 02:23:26.539 0 0 D mv2112_update_link: 3.0x8109(100M): 0x0
01-01 02:23:26.539 0 0 D mv2112_update_link: link 0x0
01-01 02:23:26.539 0 0 D mv2112_read_status: autoneg is disabled
01-01 02:23:26.648 0 0 W logd : Skipping entries from slow reader, pid 1286, fd 14, from LogBuffer::Prune()
01-01 02:23:26.770 0 0 W logd : Skipping entries from slow reader, pid 1286, fd 14, from LogBuffer::Prune()
01-01 02:23:27.036 0 0 W logd : Skipping entries from slow reader, pid 1286, fd 14, from LogBuffer::Prune()
01-01 02:23:27.223 0 0 I IRQ 5 : no longer affine to CPU4
01-01 02:23:27.563 0 0 D : mv2112_read_status
01-01 02:23:27.564 0 0 D mv2112_update_link: 3.0x901(1G): 0x80
01-01 02:23:27.564 0 0 D mv2112_update_link: 3.0x8109(100M): 0x0
01-01 02:23:27.564 0 0 D mv2112_update_link: link 0x0
01-01 02:23:27.564 0 0 D mv2112_read_status: autoneg is disabled
01-01 02:23:28.587 0 0 D : mv2112_read_status
01-01 02:23:28.587 0 0 D mv2112_update_link: 3.0x901(1G): 0x80
01-01 02:23:28.588 0 0 D mv2112_update_link: 3.0x8109(100M): 0x0
01-01 02:23:28.588 0 0 D mv2112_update_link: link 0x0
01-01 02:23:28.588 0 0 D mv2112_read_status: autoneg is disabled
01-01 02:23:28.606 0 0 I qcom_rpmh DRV: apps_rsc TCS Busy, retrying RPMH message send: addr=0x40d00
01-01 02:23:28.606 0 0 I qcom_rpmh DRV: apps_rsc TCS Busy, retrying RPMH message send: addr=0x40d00
01-01 02:23:28.606 0 0 I qcom_rpmh DRV: apps_rsc TCS Busy, retrying RPMH message send: addr=0x40d00
01-01 02:23:28.606 0 0 I qcom_rpmh DRV: apps_rsc TCS Busy, retrying RPMH message send: addr=0x40d00
01-01 02:23:28.606 0 0 I qcom_rpmh DRV: apps_rsc TCS Busy, retrying RPMH message send: addr=0x40d00
01-01 02:23:28.606 0 0 I qcom_rpmh DRV: apps_rsc TCS Busy, retrying RPMH message send: addr=0x40d00
01-01 02:23:28.606 0 0 I qcom_rpmh DRV: apps_rsc TCS Busy, retrying RPMH message send: addr=0x40d00
01-01 02:23:28.606 0 0 I qcom_rpmh DRV: apps_rsc TCS Busy, retrying RPMH message send: addr=0x40d00
01-01 02:23:28.606 0 0 I qcom_rpmh DRV: apps_rsc TCS Busy, retrying RPMH message send: addr=0x40d00
01-01 02:23:28.606 0 0 I qcom_rpmh DRV: apps_rsc TCS Busy, retrying RPMH message send: addr=0x40d00
01-01 02:23:29.580 0 0 I init : starting service 'qvrd_vndr'...
01-01 02:23:29.582 0 0 I init : Created socket '/dev/socket/qvrservice_vndr', mode 660, user 1000, group 1000
01-01 02:23:29.585 0 0 I init : Created socket '/dev/socket/qvrservice_vndr_camera', mode 660, user 1000, group 1000
01-01 02:23:29.611 0 0 D : mv2112_read_status
01-01 02:23:29.611 0 0 D mv2112_update_link: 3.0x901(1G): 0x80
01-01 02:23:29.611 0 0 D mv2112_update_link: 3.0x8109(100M): 0x0
01-01 02:23:29.611 0 0 D mv2112_update_link: link 0x0
01-01 02:23:29.611 0 0 D mv2112_read_status: autoneg is disabled
01-01 02:23:29.640 0 0 I init : starting service 'sxrd'...
01-01 02:23:29.670 0 0 I init : Service 'qvrd_vndr' (pid 10021) exited with status 1
01-01 02:23:29.670 0 0 I init : Sending signal 9 to service 'qvrd_vndr' (pid 10021) process group...
01-01 02:23:29.671 0 0 I libprocessgroup: Successfully killed process cgroup uid 1000 pid 10021 in 0ms
01-01 02:23:29.688 0 0 I init : Service 'sxrd' (pid 10036) exited with status 1
01-01 02:23:29.688 0 0 I init : Sending signal 9 to service 'sxrd' (pid 10036) process group...
01-01 02:23:29.689 0 0 I libprocessgroup: Successfully killed process cgroup uid 1000 pid 10036 in 0ms
08-24 14:38:03.475 10021 10021 F linker : CANNOT LINK EXECUTABLE "/vendor/bin/hw/qvrservice": library "vendor.qti.hardware.qxr-V1-ndk_platform.so" not found: needed by /vendor/lib64/libqvrservice.so in namespace (default)
08-24 14:38:03.498 10036 10036 F linker : CANNOT LINK EXECUTABLE "/vendor/bin/hw/sxrservice": library "vendor.qti.hardware.qxr-V1-ndk_platform.so" not found: needed by main executable
01-01 02:23:29.897 0 0 W logd : Skipping entries from slow reader, pid 1286, fd 14, from LogBuffer::Prune()
01-01 02:23:30.366 0 0 W logd : Skipping entries from slow reader, pid 1286, fd 14, from LogBuffer::Prune()
01-01 02:23:30.635 0 0 D : mv2112_read_status
01-01 02:23:30.635 0 0 D mv2112_update_link: 3.0x901(1G): 0x80
01-01 02:23:30.636 0 0 D mv2112_update_link: 3.0x8109(100M): 0x0
01-01 02:23:30.636 0 0 D mv2112_update_link: link 0x0
01-01 02:23:30.636 0 0 D mv2112_read_status: autoneg is disabled
01-01 02:23:30.678 0 0 W logd : Skipping entries from slow reader, pid 1286, fd 14, from LogBuffer::Prune()
01-01 02:23:30.998 0 0 W logd : Skipping entries from slow reader, pid 1286, fd 14, from LogBuffer::Prune()
01-01 02:23:31.263 0 0 I IRQ 5 : no longer affine to CPU4
01-01 02:23:31.310 0 0 W logd : Skipping entries from slow reader, pid 1286, fd 14, from LogBuffer::Prune()
01-01 02:23:31.313 0 0 W logd : Skipping entries from slow reader, pid 1286, fd 14, from LogBuffer::Prune()
01-01 02:23:31.314 0 0 W logd : Skipping entries from slow reader, pid 1286, fd 14, from LogBuffer::Prune()
01-01 02:23:31.659 0 0 D : mv2112_read_status
01-01 02:23:31.659 0 0 D mv2112_update_link: 3.0x901(1G): 0x80
01-01 02:23:31.659 0 0 D mv2112_update_link: 3.0x8109(100M): 0x0
01-01 02:23:31.659 0 0 D mv2112_update_link: link 0x0
01-01 02:23:31.659 0 0 D mv2112_read_status: autoneg is disabled
01-01 02:23:31.728 0 0 W logd : Skipping entries from slow reader, pid 1286, fd 14, from LogBuffer::Prune()
01-01 02:23:31.990 0 0 W logd : Skipping entries from slow reader, pid 1286, fd 14, from LogBuffer::Prune()
01-01 02:23:32.163 0 0 I IRQ 5 : no longer affine to CPU6
01-01 02:23:32.324 0 0 W logd : Skipping entries from slow reader, pid 1286, fd 14, from LogBuffer::Prune()
01-01 02:23:32.683 0 0 D : mv2112_read_status
01-01 02:23:32.683 0 0 D mv2112_update_link: 3.0x901(1G): 0x80
01-01 02:23:32.683 0 0 D mv2112_update_link: 3.0x8109(100M): 0x0
01-01 02:23:32.683 0 0 D mv2112_update_link: link 0x0
01-01 02:23:32.683 0 0 D mv2112_read_status: autoneg is disabled
01-01 02:23:33.503 0 0 I IRQ 5 : no longer affine to CPU6
01-01 02:23:33.707 0 0 D : mv2112_read_status
01-01 02:23:33.708 0 0 D mv2112_update_link: 3.0x901(1G): 0x80
01-01 02:23:33.708 0 0 D mv2112_update_link: 3.0x8109(100M): 0x0
01-01 02:23:33.708 0 0 D mv2112_update_link: link 0x0
01-01 02:23:33.708 0 0 D mv2112_read_status: autoneg is disabled
01-01 02:23:33.923 0 0 I IRQ 5 : no longer affine to CPU4
01-01 02:23:34.610 0 0 I init : starting service 'qvrd_vndr'...
01-01 02:23:34.615 0 0 I init : Created socket '/dev/socket/qvrservice_vndr', mode 660, user 1000, group 1000
01-01 02:23:34.621 0 0 I init : Created socket '/dev/socket/qvrservice_vndr_camera', mode 660, user 1000, group 1000
01-01 02:23:34.661 0 0 I init : starting service 'sxrd'...
08-24 14:38:08.520 11224 11224 F linker : CANNOT LINK EXECUTABLE "/vendor/bin/hw/qvrservice": library "vendor.qti.hardware.qxr-V1-ndk_platform.so" not found: needed by /vendor/lib64/libqvrservice.so in namespace (default)
01-01 02:23:34.712 0 0 I init : Service 'qvrd_vndr' (pid 11224) exited with status 1
01-01 02:23:34.712 0 0 I init : Sending signal 9 to service 'qvrd_vndr' (pid 11224) process group...
01-01 02:23:34.712 0 0 I libprocessgroup: Successfully killed process cgroup uid 1000 pid 11224 in 0ms
08-24 14:38:08.542 11230 11230 F linker : CANNOT LINK EXECUTABLE "/vendor/bin/hw/sxrservice": library "vendor.qti.hardware.qxr-V1-ndk_platform.so" not found: needed by main executable
01-01 02:23:34.731 0 0 D : mv2112_read_status
01-01 02:23:34.731 0 0 D mv2112_update_link: 3.0x901(1G): 0x80
01-01 02:23:34.731 0 0 D mv2112_update_link: 3.0x8109(100M): 0x0
01-01 02:23:34.731 0 0 D mv2112_update_link: link 0x0
01-01 02:23:34.731 0 0 D mv2112_read_status: autoneg is disabled
01-01 02:23:34.733 0 0 I init : Service 'sxrd' (pid 11230) exited with status 1
01-01 02:23:34.733 0 0 I init : Sending signal 9 to service 'sxrd' (pid 11230) process group...
01-01 02:23:34.734 0 0 I libprocessgroup: Successfully killed process cgroup uid 1000 pid 11230 in 0ms
01-01 02:23:35.079 0 0 W logd : Skipping entries from slow reader, pid 1286, fd 14, from LogBuffer::Prune()
01-01 02:23:35.459 0 0 W logd : Skipping entries from slow reader, pid 1286, fd 14, from LogBuffer::Prune()
01-01 02:23:35.496 0 0 W logd : Skipping entries from slow reader, pid 1286, fd 14, from LogBuffer::Prune()
01-01 02:23:35.756 0 0 D : mv2112_read_status
01-01 02:23:35.756 0 0 D mv2112_update_link: 3.0x901(1G): 0x80
01-01 02:23:35.756 0 0 D mv2112_update_link: 3.0x8109(100M): 0x0
01-01 02:23:35.756 0 0 D mv2112_update_link: link 0x0
01-01 02:23:35.756 0 0 D mv2112_read_status: autoneg is disabled
01-01 02:23:35.807 0 0 W logd : Skipping entries from slow reader, pid 1286, fd 14, from LogBuffer::Prune()
01-01 02:23:36.088 0 0 W logd : Skipping entries from slow reader, pid 1286, fd 14, from LogBuffer::Prune()
01-01 02:23:36.480 0 0 W logd : Skipping entries from slow reader, pid 1286, fd 14, from LogBuffer::Prune()
01-01 02:23:36.743 0 0 I IRQ 5 : no longer affine to CPU6
01-01 02:23:36.779 0 0 D : mv2112_read_status
01-01 02:23:36.779 0 0 D mv2112_update_link: 3.0x901(1G): 0x80
01-01 02:23:36.779 0 0 D mv2112_update_link: 3.0x8109(100M): 0x0
01-01 02:23:36.779 0 0 D mv2112_update_link: link 0x0
01-01 02:23:36.779 0 0 D mv2112_read_status: autoneg is disabled
01-01 02:23:36.922 0 0 W logd : Skipping entries from slow reader, pid 1286, fd 14, from LogBuffer::Prune()
01-01 02:23:37.163 0 0 I IRQ 5 : no longer affine to CPU5
01-01 02:23:37.184 0 0 W logd : Skipping entries from slow reader, pid 1286, fd 14, from LogBuffer::Prune()
01-01 02:23:37.466 0 0 W logd : Skipping entries from slow reader, pid 1286, fd 14, from LogBuffer::Prune()
01-01 02:23:37.574 0 0 W logd : Skipping entries from slow reader, pid 1286, fd 14, from LogBuffer::Prune()
01-01 02:23:37.803 0 0 D : mv2112_read_status
01-01 02:23:37.803 0 0 D mv2112_update_link: 3.0x901(1G): 0x80
01-01 02:23:37.803 0 0 D mv2112_update_link: 3.0x8109(100M): 0x0
01-01 02:23:37.803 0 0 D mv2112_update_link: link 0x0
01-01 02:23:37.803 0 0 D mv2112_read_status: autoneg is disabled
01-01 02:23:38.828 0 0 D : mv2112_read_status
01-01 02:23:38.828 0 0 D mv2112_update_link: 3.0x901(1G): 0x80
01-01 02:23:38.828 0 0 D mv2112_update_link: 3.0x8109(100M): 0x0
01-01 02:23:38.828 0 0 D mv2112_update_link: link 0x0
01-01 02:23:38.828 0 0 D mv2112_read_status: autoneg is disabled
01-01 02:23:39.652 0 0 I init : starting service 'qvrd_vndr'...
01-01 02:23:39.656 0 0 I init : Created socket '/dev/socket/qvrservice_vndr', mode 660, user 1000, group 1000
01-01 02:23:39.661 0 0 I init : Created socket '/dev/socket/qvrservice_vndr_camera', mode 660, user 1000, group 1000
01-01 02:23:39.698 0 0 I init : starting service 'sxrd'...
01-01 02:23:39.750 0 0 I init : Service 'sxrd' (pid 12428) exited with status 1
01-01 02:23:39.750 0 0 I init : Sending signal 9 to service 'sxrd' (pid 12428) process group...
01-01 02:23:39.751 0 0 I libprocessgroup: Successfully killed process cgroup uid 1000 pid 12428 in 0ms
01-01 02:23:39.763 0 0 I init : Service 'qvrd_vndr' (pid 12415) exited with status 1
01-01 02:23:39.763 0 0 I init : Sending signal 9 to service 'qvrd_vndr' (pid 12415) process group...
01-01 02:23:39.764 0 0 I libprocessgroup: Successfully killed process cgroup uid 1000 pid 12415 in 0ms
01-01 02:23:39.851 0 0 D : mv2112_read_status
01-01 02:23:39.851 0 0 D mv2112_update_link: 3.0x901(1G): 0x80
01-01 02:23:39.851 0 0 D mv2112_update_link: 3.0x8109(100M): 0x0
01-01 02:23:39.851 0 0 D mv2112_update_link: link 0x0
01-01 02:23:39.852 0 0 D mv2112_read_status: autoneg is disabled
08-24 14:38:13.559 12428 12428 F linker : CANNOT LINK EXECUTABLE "/vendor/bin/hw/sxrservice": library "vendor.qti.hardware.qxr-V1-ndk_platform.so" not found: needed by main executable
08-24 14:38:13.571 12415 12415 F linker : CANNOT LINK EXECUTABLE "/vendor/bin/hw/qvrservice": library "vendor.qti.hardware.qxr-V1-ndk_platform.so" not found: needed by /vendor/lib64/libqvrservice.so in namespace (default)
01-01 02:23:40.230 0 0 W logd : Skipping entries from slow reader, pid 1286, fd 14, from LogBuffer::Prune()
01-01 02:23:40.743 0 0 I IRQ 5 : no longer affine to CPU5
01-01 02:23:40.875 0 0 D : mv2112_read_status
01-01 02:23:40.875 0 0 D mv2112_update_link: 3.0x901(1G): 0x80
01-01 02:23:40.875 0 0 D mv2112_update_link: 3.0x8109(100M): 0x0
01-01 02:23:40.875 0 0 D mv2112_update_link: link 0x0
01-01 02:23:40.875 0 0 D mv2112_read_status: autoneg is disabled
01-01 02:23:40.919 0 0 W logd : Skipping entries from slow reader, pid 1286, fd 14, from LogBuffer::Prune()
01-01 02:23:41.023 0 0 I IRQ 5 : no longer affine to CPU4
01-01 02:23:41.185 0 0 W logd : Skipping entries from slow reader, pid 1286, fd 14, from LogBuffer::Prune()
01-01 02:23:41.572 0 0 W logd : Skipping entries from slow reader, pid 1286, fd 14, from LogBuffer::Prune()
01-01 02:23:41.572 0 0 W logd : Skipping entries from slow reader, pid 1286, fd 14, from LogBuffer::Prune()
01-01 02:23:41.743 0 0 I IRQ 5 : no longer affine to CPU5
01-01 02:23:41.899 0 0 D : mv2112_read_status
01-01 02:23:41.899 0 0 D mv2112_update_link: 3.0x901(1G): 0x80
01-01 02:23:41.900 0 0 D mv2112_update_link: 3.0x8109(100M): 0x0
01-01 02:23:41.900 0 0 D mv2112_update_link: link 0x0
01-01 02:23:41.900 0 0 D mv2112_read_status: autoneg is disabled
01-01 02:23:42.093 0 0 W logd : Skipping entries from slow reader, pid 1286, fd 14, from LogBuffer::Prune()
01-01 02:23:42.150 0 0 W logd : Skipping entries from slow reader, pid 1286, fd 14, from LogBuffer::Prune()
01-01 02:23:42.584 0 0 W logd : Skipping entries from slow reader, pid 1286, fd 14, from LogBuffer::Prune()
01-01 02:23:42.585 0 0 W logd : Skipping entries from slow reader, pid 1286, fd 14, from LogBuffer::Prune()
01-01 02:23:42.902 0 0 W logd : Skipping entries from slow reader, pid 1286, fd 14, from LogBuffer::Prune()
01-01 02:23:42.923 0 0 D : mv2112_read_status
01-01 02:23:42.923 0 0 D mv2112_update_link: 3.0x901(1G): 0x80
01-01 02:23:42.924 0 0 D mv2112_update_link: 3.0x8109(100M): 0x0
01-01 02:23:42.924 0 0 D mv2112_update_link: link 0x0
01-01 02:23:42.924 0 0 D mv2112_read_status: autoneg is disabled
01-01 02:23:43.947 0 0 D : mv2112_read_status
01-01 02:23:43.947 0 0 D mv2112_update_link: 3.0x901(1G): 0x80
01-01 02:23:43.947 0 0 D mv2112_update_link: 3.0x8109(100M): 0x0
01-01 02:23:43.947 0 0 D mv2112_update_link: link 0x0
01-01 02:23:43.947 0 0 D mv2112_read_status: autoneg is disabled
01-01 02:23:44.692 0 0 I init : starting service 'qvrd_vndr'...
01-01 02:23:44.694 0 0 I init : Created socket '/dev/socket/qvrservice_vndr', mode 660, user 1000, group 1000
01-01 02:23:44.697 0 0 I init : Created socket '/dev/socket/qvrservice_vndr_camera', mode 660, user 1000, group 1000
01-01 02:23:44.743 0 0 I init : starting service 'sxrd'...
01-01 02:23:44.795 0 0 I init : Service 'qvrd_vndr' (pid 13565) exited with status 1
01-01 02:23:44.796 0 0 I init : Sending signal 9 to service 'qvrd_vndr' (pid 13565) process group...
01-01 02:23:44.796 0 0 I libprocessgroup: Successfully killed process cgroup uid 1000 pid 13565 in 0ms
01-01 02:23:44.834 0 0 I init : Service 'sxrd' (pid 13574) exited with status 1
01-01 02:23:44.834 0 0 I init : Sending signal 9 to service 'sxrd' (pid 13574) process group...
01-01 02:23:44.834 0 0 I libprocessgroup: Successfully killed process cgroup uid 1000 pid 13574 in 0ms
01-01 02:23:44.903 0 0 I IRQ 5 : no longer affine to CPU5
08-24 14:38:18.604 13565 13565 F linker : CANNOT LINK EXECUTABLE "/vendor/bin/hw/qvrservice": library "vendor.qti.hardware.qxr-V1-ndk_platform.so" not found: needed by /vendor/lib64/libqvrservice.so in namespace (default)
08-24 14:38:18.642 13574 13574 F linker : CANNOT LINK EXECUTABLE "/vendor/bin/hw/sxrservice": library "vendor.qti.hardware.qxr-V1-ndk_platform.so" not found: needed by main executable
01-01 02:23:44.971 0 0 D : mv2112_read_status
01-01 02:23:44.971 0 0 D mv2112_update_link: 3.0x901(1G): 0x80
01-01 02:23:44.972 0 0 D mv2112_update_link: 3.0x8109(100M): 0x0
01-01 02:23:44.972 0 0 D mv2112_update_link: link 0x0
01-01 02:23:44.972 0 0 D mv2112_read_status: autoneg is disabled
01-01 02:23:45.336 0 0 W logd : Skipping entries from slow reader, pid 1286, fd 14, from LogBuffer::Prune()
01-01 02:23:45.657 0 0 W logd : Skipping entries from slow reader, pid 1286, fd 14, from LogBuffer::Prune()
01-01 02:23:45.995 0 0 D : mv2112_read_status
01-01 02:23:45.995 0 0 D mv2112_update_link: 3.0x901(1G): 0x80
01-01 02:23:45.995 0 0 D mv2112_update_link: 3.0x8109(100M): 0x0
01-01 02:23:45.995 0 0 D mv2112_update_link: link 0x0
01-01 02:23:45.995 0 0 D mv2112_read_status: autoneg is disabled
01-01 02:23:45.996 0 0 W logd : Skipping entries from slow reader, pid 1286, fd 14, from LogBuffer::Prune()
01-01 02:23:46.336 0 0 W logd : Skipping entries from slow reader, pid 1286, fd 14, from LogBuffer::Prune()
01-01 02:23:46.609 0 0 W logd : Skipping entries from slow reader, pid 1286, fd 14, from LogBuffer::Prune()
01-01 02:23:46.651 0 0 W logd : Skipping entries from slow reader, pid 1286, fd 14, from LogBuffer::Prune()
01-01 02:23:46.763 0 0 I IRQ 5 : no longer affine to CPU4
01-01 02:23:47.018 0 0 W logd : Skipping entries from slow reader, pid 1286, fd 14, from LogBuffer::Prune()
01-01 02:23:47.019 0 0 D : mv2112_read_status
01-01 02:23:47.019 0 0 D mv2112_update_link: 3.0x901(1G): 0x80
01-01 02:23:47.020 0 0 D mv2112_update_link: 3.0x8109(100M): 0x0
01-01 02:23:47.020 0 0 D mv2112_update_link: link 0x0
01-01 02:23:47.020 0 0 D mv2112_read_status: autoneg is disabled
01-01 02:23:47.517 0 0 W logd : Skipping entries from slow reader, pid 1286, fd 14, from LogBuffer::Prune()
01-01 02:23:47.663 0 0 I IRQ 5 : no longer affine to CPU6
01-01 02:23:47.755 0 0 W logd : Skipping entries from slow reader, pid 1286, fd 14, from LogBuffer::Prune()
01-01 02:23:48.043 0 0 D : mv2112_read_status
01-01 02:23:48.043 0 0 D mv2112_update_link: 3.0x901(1G): 0x80
01-01 02:23:48.043 0 0 D mv2112_update_link: 3.0x8109(100M): 0x0
01-01 02:23:48.043 0 0 D mv2112_update_link: link 0x0
01-01 02:23:48.043 0 0 D mv2112_read_status: autoneg is disabled
01-01 02:23:48.212 0 0 W logd : Skipping entries from slow reader, pid 1286, fd 14, from LogBuffer::Prune()
01-01 02:23:49.067 0 0 D : mv2112_read_status
01-01 02:23:49.067 0 0 D mv2112_update_link: 3.0x901(1G): 0x80
01-01 02:23:49.067 0 0 D mv2112_update_link: 3.0x8109(100M): 0x0
01-01 02:23:49.067 0 0 D mv2112_update_link: link 0x0
01-01 02:23:49.067 0 0 D mv2112_read_status: autoneg is disabled
01-01 02:23:49.443 0 0 I IRQ 5 : no longer affine to CPU6
01-01 02:23:49.724 0 0 I init : starting service 'qvrd_vndr'...
01-01 02:23:49.728 0 0 I init : Created socket '/dev/socket/qvrservice_vndr', mode 660, user 1000, group 1000
01-01 02:23:49.735 0 0 I init : Created socket '/dev/socket/qvrservice_vndr_camera', mode 660, user 1000, group 1000
01-01 02:23:49.769 0 0 I init : starting service 'sxrd'...
01-01 02:23:49.823 0 0 I init : Service 'qvrd_vndr' (pid 14893) exited with status 1
01-01 02:23:49.823 0 0 I init : Sending signal 9 to service 'qvrd_vndr' (pid 14893) process group...
01-01 02:23:49.823 0 0 I libprocessgroup: Successfully killed process cgroup uid 1000 pid 14893 in 0ms
01-01 02:23:49.832 0 0 I init : Service 'sxrd' (pid 14897) exited with status 1
01-01 02:23:49.832 0 0 I init : Sending signal 9 to service 'sxrd' (pid 14897) process group...
01-01 02:23:49.834 0 0 I libprocessgroup: Successfully killed process cgroup uid 1000 pid 14897 in 0ms
08-24 14:38:23.631 14893 14893 F linker : CANNOT LINK EXECUTABLE "/vendor/bin/hw/qvrservice": library "vendor.qti.hardware.qxr-V1-ndk_platform.so" not found: needed by /vendor/lib64/libqvrservice.so in namespace (default)
08-24 14:38:23.642 14897 14897 F linker : CANNOT LINK EXECUTABLE "/vendor/bin/hw/sxrservice": library "vendor.qti.hardware.qxr-V1-ndk_platform.so" not found: needed by main executable
01-01 02:23:50.003 0 0 I IRQ 5 : no longer affine to CPU5
01-01 02:23:50.093 0 0 D : mv2112_read_status
01-01 02:23:50.093 0 0 D mv2112_update_link: 3.0x901(1G): 0x80
01-01 02:23:50.093 0 0 D mv2112_update_link: 3.0x8109(100M): 0x0
01-01 02:23:50.093 0 0 D mv2112_update_link: link 0x0
01-01 02:23:50.093 0 0 D mv2112_read_status: autoneg is disabled
01-01 02:23:50.543 0 0 I IRQ 5 : no longer affine to CPU4
01-01 02:23:50.630 0 0 W logd : Skipping entries from slow reader, pid 1286, fd 14, from LogBuffer::Prune()
01-01 02:23:51.022 0 0 W logd : Skipping entries from slow reader, pid 1286, fd 14, from LogBuffer::Prune()
01-01 02:23:51.115 0 0 D : mv2112_read_status
01-01 02:23:51.115 0 0 D mv2112_update_link: 3.0x901(1G): 0x80
01-01 02:23:51.115 0 0 D mv2112_update_link: 3.0x8109(100M): 0x0
01-01 02:23:51.115 0 0 D mv2112_update_link: link 0x0
01-01 02:23:51.115 0 0 D mv2112_read_status: autoneg is disabled
01-01 02:23:51.343 0 0 I IRQ 5 : no longer affine to CPU6
01-01 02:23:51.407 0 0 W logd : Skipping entries from slow reader, pid 1286, fd 14, from LogBuffer::Prune()
01-01 02:23:51.503 0 0 I IRQ 5 : no longer affine to CPU5
01-01 02:23:51.753 0 0 W logd : Skipping entries from slow reader, pid 1286, fd 14, from LogBuffer::Prune()
01-01 02:23:51.847 0 0 W logd : Skipping entries from slow reader, pid 1286, fd 14, from LogBuffer::Prune()
01-01 02:23:52.140 0 0 D : mv2112_read_status
01-01 02:23:52.140 0 0 D mv2112_update_link: 3.0x901(1G): 0x80
01-01 02:23:52.140 0 0 D mv2112_update_link: 3.0x8109(100M): 0x0
01-01 02:23:52.140 0 0 D mv2112_update_link: link 0x0
01-01 02:23:52.140 0 0 D mv2112_read_status: autoneg is disabled
01-01 02:23:52.149 0 0 W logd : Skipping entries from slow reader, pid 1286, fd 14, from LogBuffer::Prune()
01-01 02:23:52.478 0 0 W logd : Skipping entries from slow reader, pid 1286, fd 14, from LogBuffer::Prune()
01-01 02:23:52.483 0 0 I IRQ 5 : no longer affine to CPU6
01-01 02:23:52.744 0 0 I IRQ 5 : no longer affine to CPU5
01-01 02:23:52.810 0 0 W logd : Skipping entries from slow reader, pid 1286, fd 14, from LogBuffer::Prune()
01-01 02:23:52.863 0 0 I IRQ 5 : no longer affine to CPU4
01-01 02:23:53.163 0 0 D : mv2112_read_status
01-01 02:23:53.163 0 0 D mv2112_update_link: 3.0x901(1G): 0x80
01-01 02:23:53.163 0 0 D mv2112_update_link: 3.0x8109(100M): 0x0
01-01 02:23:53.163 0 0 D mv2112_update_link: link 0x0
01-01 02:23:53.163 0 0 D mv2112_read_status: autoneg is disabled
01-01 02:23:53.211 0 0 W logd : Skipping entries from slow reader, pid 1286, fd 14, from LogBuffer::Prune()
01-01 02:23:53.227 0 0 W logd : Skipping entries from slow reader, pid 1286, fd 14, from LogBuffer::Prune()
01-01 02:23:53.583 0 0 I IRQ 5 : no longer affine to CPU6
01-01 02:23:54.187 0 0 D : mv2112_read_status
01-01 02:23:54.187 0 0 D mv2112_update_link: 3.0x901(1G): 0x80
01-01 02:23:54.187 0 0 D mv2112_update_link: 3.0x8109(100M): 0x0
01-01 02:23:54.187 0 0 D mv2112_update_link: link 0x0
01-01 02:23:54.187 0 0 D mv2112_read_status: autoneg is disabled
01-01 02:23:54.757 0 0 I init : starting service 'qvrd_vndr'...
01-01 02:23:54.762 0 0 I init : Created socket '/dev/socket/qvrservice_vndr', mode 660, user 1000, group 1000
01-01 02:23:54.765 0 0 I init : Created socket '/dev/socket/qvrservice_vndr_camera', mode 660, user 1000, group 1000
01-01 02:23:54.808 0 0 I init : starting service 'sxrd'...
01-01 02:23:54.858 0 0 I init : Service 'qvrd_vndr' (pid 16204) exited with status 1
01-01 02:23:54.858 0 0 I init : Sending signal 9 to service 'qvrd_vndr' (pid 16204) process group...
01-01 02:23:54.859 0 0 I libprocessgroup: Successfully killed process cgroup uid 1000 pid 16204 in 0ms
01-01 02:23:54.881 0 0 I init : Service 'sxrd' (pid 16215) exited with status 1
01-01 02:23:54.881 0 0 I init : Sending signal 9 to service 'sxrd' (pid 16215) process group...
01-01 02:23:54.882 0 0 I libprocessgroup: Successfully killed process cgroup uid 1000 pid 16215 in 0ms
08-24 14:38:28.667 16204 16204 F linker : CANNOT LINK EXECUTABLE "/vendor/bin/hw/qvrservice": library "vendor.qti.hardware.qxr-V1-ndk_platform.so" not found: needed by /vendor/lib64/libqvrservice.so in namespace (default)
08-24 14:38:28.688 16215 16215 F linker : CANNOT LINK EXECUTABLE "/vendor/bin/hw/sxrservice": library "vendor.qti.hardware.qxr-V1-ndk_platform.so" not found: needed by main executable
01-01 02:23:55.213 0 0 D : mv2112_read_status
01-01 02:23:55.213 0 0 D mv2112_update_link: 3.0x901(1G): 0x80
01-01 02:23:55.213 0 0 D mv2112_update_link: 3.0x8109(100M): 0x0
01-01 02:23:55.213 0 0 D mv2112_update_link: link 0x0
01-01 02:23:55.213 0 0 D mv2112_read_status: autoneg is disabled
01-01 02:23:55.645 0 0 W logd : Skipping entries from slow reader, pid 1286, fd 14, from LogBuffer::Prune()
01-01 02:23:55.916 0 0 W logd : Skipping entries from slow reader, pid 1286, fd 14, from LogBuffer::Prune()
01-01 02:23:56.063 0 0 I IRQ 5 : no longer affine to CPU5
01-01 02:23:56.235 0 0 D : mv2112_read_status
01-01 02:23:56.235 0 0 D mv2112_update_link: 3.0x901(1G): 0x80
01-01 02:23:56.235 0 0 D mv2112_update_link: 3.0x8109(100M): 0x0
01-01 02:23:56.235 0 0 D mv2112_update_link: link 0x0
01-01 02:23:56.235 0 0 D mv2112_read_status: autoneg is disabled
01-01 02:23:56.366 0 0 W logd : Skipping entries from slow reader, pid 1286, fd 14, from LogBuffer::Prune()
01-01 02:23:56.465 0 0 W logd : Skipping entries from slow reader, pid 1286, fd 14, from LogBuffer::Prune()
01-01 02:23:56.776 0 0 W logd : Skipping entries from slow reader, pid 1286, fd 14, from LogBuffer::Prune()
01-01 02:23:57.044 0 0 W logd : Skipping entries from slow reader, pid 1286, fd 14, from LogBuffer::Prune()
01-01 02:23:57.259 0 0 D : mv2112_read_status
01-01 02:23:57.259 0 0 D mv2112_update_link: 3.0x901(1G): 0x80
01-01 02:23:57.259 0 0 D mv2112_update_link: 3.0x8109(100M): 0x0
01-01 02:23:57.259 0 0 D mv2112_update_link: link 0x0
01-01 02:23:57.259 0 0 D mv2112_read_status: autoneg is disabled
01-01 02:23:57.310 0 0 W logd : Skipping entries from slow reader, pid 1286, fd 14, from LogBuffer::Prune()
01-01 02:23:57.692 0 0 W logd : Skipping entries from slow reader, pid 1286, fd 14, from LogBuffer::Prune()
01-01 02:23:58.041 0 0 W logd : Skipping entries from slow reader, pid 1286, fd 14, from LogBuffer::Prune()
01-01 02:23:58.257 0 0 W logd : Skipping entries from slow reader, pid 1286, fd 14, from LogBuffer::Prune()
01-01 02:23:58.284 0 0 D : mv2112_read_status
01-01 02:23:58.284 0 0 D mv2112_update_link: 3.0x901(1G): 0x80
01-01 02:23:58.284 0 0 D mv2112_update_link: 3.0x8109(100M): 0x0
01-01 02:23:58.284 0 0 D mv2112_update_link: link 0x0
01-01 02:23:58.284 0 0 D mv2112_read_status: autoneg is disabled
01-01 02:23:58.304 0 0 I IRQ 5 : no longer affine to CPU5
01-01 02:23:59.307 0 0 D : mv2112_read_status
01-01 02:23:59.307 0 0 D mv2112_update_link: 3.0x901(1G): 0x80
01-01 02:23:59.308 0 0 D mv2112_update_link: 3.0x8109(100M): 0x0
01-01 02:23:59.308 0 0 D mv2112_update_link: link 0x0
01-01 02:23:59.308 0 0 D mv2112_read_status: autoneg is disabled
01-01 02:23:59.792 0 0 I init : starting service 'qvrd_vndr'...
01-01 02:23:59.795 0 0 I init : Created socket '/dev/socket/qvrservice_vndr', mode 660, user 1000, group 1000
01-01 02:23:59.797 0 0 I init : Created socket '/dev/socket/qvrservice_vndr_camera', mode 660, user 1000, group 1000
01-01 02:23:59.833 0 0 I init : starting service 'sxrd'...
01-01 02:23:59.881 0 0 I init : Service 'qvrd_vndr' (pid 17527) exited with status 1
01-01 02:23:59.881 0 0 I init : Sending signal 9 to service 'qvrd_vndr' (pid 17527) process group...
01-01 02:23:59.881 0 0 I libprocessgroup: Successfully killed process cgroup uid 1000 pid 17527 in 0ms
01-01 02:23:59.894 0 0 I init : Service 'sxrd' (pid 17540) exited with status 1
01-01 02:23:59.894 0 0 I init : Sending signal 9 to service 'sxrd' (pid 17540) process group...
01-01 02:23:59.894 0 0 I libprocessgroup: Successfully killed process cgroup uid 1000 pid 17540 in 0ms
08-24 14:38:33.690 17527 17527 F linker : CANNOT LINK EXECUTABLE "/vendor/bin/hw/qvrservice": library "vendor.qti.hardware.qxr-V1-ndk_platform.so" not found: needed by /vendor/lib64/libqvrservice.so in namespace (default)
08-24 14:38:33.703 17540 17540 F linker : CANNOT LINK EXECUTABLE "/vendor/bin/hw/sxrservice": library "vendor.qti.hardware.qxr-V1-ndk_platform.so" not found: needed by main executable
01-01 02:24:00.331 0 0 D : mv2112_read_status
01-01 02:24:00.331 0 0 D mv2112_update_link: 3.0x901(1G): 0x80
01-01 02:24:00.331 0 0 D mv2112_update_link: 3.0x8109(100M): 0x0
01-01 02:24:00.331 0 0 D mv2112_update_link: link 0x0
01-01 02:24:00.331 0 0 D mv2112_read_status: autoneg is disabled
01-01 02:24:00.686 0 0 W logd : Skipping entries from slow reader, pid 1286, fd 14, from LogBuffer::Prune()
01-01 02:24:01.109 0 0 W logd : Skipping entries from slow reader, pid 1286, fd 14, from LogBuffer::Prune()
01-01 02:24:01.355 0 0 D : mv2112_read_status
01-01 02:24:01.355 0 0 D mv2112_update_link: 3.0x901(1G): 0x80
01-01 02:24:01.355 0 0 D mv2112_update_link: 3.0x8109(100M): 0x0
01-01 02:24:01.355 0 0 D mv2112_update_link: link 0x0
01-01 02:24:01.355 0 0 D mv2112_read_status: autoneg is disabled
01-01 02:24:01.397 0 0 W logd : Skipping entries from slow reader, pid 1286, fd 14, from LogBuffer::Prune()
01-01 02:24:01.736 0 0 W logd : Skipping entries from slow reader, pid 1286, fd 14, from LogBuffer::Prune()
01-01 02:24:01.776 0 0 W logd : Skipping entries from slow reader, pid 1286, fd 14, from LogBuffer::Prune()
01-01 02:24:02.249 0 0 W logd : Skipping entries from slow reader, pid 1286, fd 14, from LogBuffer::Prune()
01-01 02:24:02.379 0 0 D : mv2112_read_status
01-01 02:24:02.379 0 0 D mv2112_update_link: 3.0x901(1G): 0x80
01-01 02:24:02.379 0 0 D mv2112_update_link: 3.0x8109(100M): 0x0
01-01 02:24:02.379 0 0 D mv2112_update_link: link 0x0
01-01 02:24:02.379 0 0 D mv2112_read_status: autoneg is disabled
01-01 02:24:02.637 0 0 W logd : Skipping entries from slow reader, pid 1286, fd 14, from LogBuffer::Prune()
01-01 02:24:02.963 0 0 I IRQ 5 : no longer affine to CPU5
01-01 02:24:02.991 0 0 W logd : Skipping entries from slow reader, pid 1286, fd 14, from LogBuffer::Prune()
01-01 02:24:03.282 0 0 W logd : Skipping entries from slow reader, pid 1286, fd 14, from LogBuffer::Prune()
01-01 02:24:03.403 0 0 D : mv2112_read_status
01-01 02:24:03.403 0 0 D mv2112_update_link: 3.0x901(1G): 0x80
01-01 02:24:03.403 0 0 D mv2112_update_link: 3.0x8109(100M): 0x0
01-01 02:24:03.403 0 0 D mv2112_update_link: link 0x0
01-01 02:24:03.403 0 0 D mv2112_read_status: autoneg is disabled
01-01 02:24:03.504 0 0 W logd : Skipping entries from slow reader, pid 1286, fd 14, from LogBuffer::Prune()
01-01 02:24:04.365 0 0 I IRQ 5 : no longer affine to CPU5
01-01 02:24:04.428 0 0 D : mv2112_read_status
01-01 02:24:04.428 0 0 D mv2112_update_link: 3.0x901(1G): 0x80
01-01 02:24:04.428 0 0 D mv2112_update_link: 3.0x8109(100M): 0x0
01-01 02:24:04.428 0 0 D mv2112_update_link: link 0x0
01-01 02:24:04.428 0 0 D mv2112_read_status: autoneg is disabled
01-01 02:24:04.816 0 0 I init : starting service 'qvrd_vndr'...
01-01 02:24:04.822 0 0 I init : Created socket '/dev/socket/qvrservice_vndr', mode 660, user 1000, group 1000
01-01 02:24:04.825 0 0 I init : Created socket '/dev/socket/qvrservice_vndr_camera', mode 660, user 1000, group 1000
01-01 02:24:04.861 0 0 I init : starting service 'sxrd'...
01-01 02:24:04.926 0 0 I init : Service 'qvrd_vndr' (pid 18882) exited with status 1
01-01 02:24:04.926 0 0 I init : Sending signal 9 to service 'qvrd_vndr' (pid 18882) process group...
01-01 02:24:04.927 0 0 I libprocessgroup: Successfully killed process cgroup uid 1000 pid 18882 in 0ms
01-01 02:24:04.933 0 0 I init : Service 'sxrd' (pid 18890) exited with status 1
01-01 02:24:04.933 0 0 I init : Sending signal 9 to service 'sxrd' (pid 18890) process group...
01-01 02:24:04.933 0 0 I libprocessgroup: Successfully killed process cgroup uid 1000 pid 18890 in 0ms
08-24 14:38:38.733 18882 18882 F linker : CANNOT LINK EXECUTABLE "/vendor/bin/hw/qvrservice": library "vendor.qti.hardware.qxr-V1-ndk_platform.so" not found: needed by /vendor/lib64/libqvrservice.so in namespace (default)
08-24 14:38:38.736 18890 18890 F linker : CANNOT LINK EXECUTABLE "/vendor/bin/hw/sxrservice": library "vendor.qti.hardware.qxr-V1-ndk_platform.so" not found: needed by main executable
01-01 02:24:05.263 0 0 I IRQ 5 : no longer affine to CPU6
01-01 02:24:05.453 0 0 D : mv2112_read_status
01-01 02:24:05.453 0 0 D mv2112_update_link: 3.0x901(1G): 0x80
01-01 02:24:05.453 0 0 D mv2112_update_link: 3.0x8109(100M): 0x0
01-01 02:24:05.453 0 0 D mv2112_update_link: link 0x0
01-01 02:24:05.453 0 0 D mv2112_read_status: autoneg is disabled
01-01 02:24:06.208 0 0 W logd : Skipping entries from slow reader, pid 1286, fd 14, from LogBuffer::Prune()
01-01 02:24:06.475 0 0 D : mv2112_read_status
01-01 02:24:06.475 0 0 D mv2112_update_link: 3.0x901(1G): 0x80
01-01 02:24:06.476 0 0 D mv2112_update_link: 3.0x8109(100M): 0x0
01-01 02:24:06.476 0 0 D mv2112_update_link: link 0x0
01-01 02:24:06.476 0 0 D mv2112_read_status: autoneg is disabled
01-01 02:24:06.669 0 0 W logd : Skipping entries from slow reader, pid 1286, fd 14, from LogBuffer::Prune()
01-01 02:24:07.185 0 0 W logd : Skipping entries from slow reader, pid 1286, fd 14, from LogBuffer::Prune()
01-01 02:24:07.500 0 0 D : mv2112_read_status
01-01 02:24:07.500 0 0 D mv2112_update_link: 3.0x901(1G): 0x80
01-01 02:24:07.501 0 0 D mv2112_update_link: 3.0x8109(100M): 0x0
01-01 02:24:07.501 0 0 D mv2112_update_link: link 0x0
01-01 02:24:07.501 0 0 D mv2112_read_status: autoneg is disabled
01-01 02:24:07.530 0 0 W logd : Skipping entries from slow reader, pid 1286, fd 14, from LogBuffer::Prune()
