01-01 02:11:00.044 0 0 D mv2112_update_link: link 0x0
01-01 02:11:00.044 0 0 D mv2112_read_status: autoneg is disabled
01-01 02:11:00.143 0 0 I IRQ 5 : no longer affine to CPU4
01-01 02:11:00.150 0 0 W logd : Skipping entries from slow reader, pid 1286, fd 14, from LogBuffer::Prune()
01-01 02:11:00.423 0 0 I IRQ 5 : no longer affine to CPU6
01-01 02:11:00.511 0 0 W logd : Skipping entries from slow reader, pid 1286, fd 14, from LogBuffer::Prune()
01-01 02:11:00.643 0 0 I IRQ 5 : no longer affine to CPU5
01-01 02:11:00.934 0 0 W logd : Skipping entries from slow reader, pid 1286, fd 14, from LogBuffer::Prune()
01-01 02:11:01.067 0 0 D : mv2112_read_status
01-01 02:11:01.067 0 0 D mv2112_update_link: 3.0x901(1G): 0x80
01-01 02:11:01.067 0 0 D mv2112_update_link: 3.0x8109(100M): 0x0
01-01 02:11:01.067 0 0 D mv2112_update_link: link 0x0
01-01 02:11:01.067 0 0 D mv2112_read_status: autoneg is disabled
01-01 02:11:01.067 0 0 W logd : Skipping entries from slow reader, pid 1286, fd 14, from LogBuffer::Prune()
01-01 02:11:01.292 0 0 W logd : Skipping entries from slow reader, pid 1286, fd 14, from LogBuffer::Prune()
01-01 02:11:01.343 0 0 I IRQ 5 : no longer affine to CPU4
01-01 02:11:02.003 0 0 I IRQ 5 : no longer affine to CPU5
01-01 02:11:02.091 0 0 D : mv2112_read_status
01-01 02:11:02.091 0 0 D mv2112_update_link: 3.0x901(1G): 0x80
01-01 02:11:02.091 0 0 D mv2112_update_link: 3.0x8109(100M): 0x0
01-01 02:11:02.091 0 0 D mv2112_update_link: link 0x0
01-01 02:11:02.091 0 0 D mv2112_read_status: autoneg is disabled
01-01 02:11:03.115 0 0 D : mv2112_read_status
01-01 02:11:03.115 0 0 D mv2112_update_link: 3.0x901(1G): 0x80
01-01 02:11:03.115 0 0 D mv2112_update_link: 3.0x8109(100M): 0x0
01-01 02:11:03.115 0 0 D mv2112_update_link: link 0x0
01-01 02:11:03.115 0 0 D mv2112_read_status: autoneg is disabled
01-01 02:11:03.364 0 0 I IRQ 5 : no longer affine to CPU5
01-01 02:11:03.843 0 0 I IRQ 5 : no longer affine to CPU6
01-01 02:11:03.901 0 0 W logd : Skipping entries from slow reader, pid 1286, fd 14, from LogBuffer::Prune()
01-01 02:11:03.934 0 0 W logd : Skipping entries from slow reader, pid 1286, fd 14, from LogBuffer::Prune()
01-01 02:11:04.139 0 0 D : mv2112_read_status
01-01 02:11:04.139 0 0 D mv2112_update_link: 3.0x901(1G): 0x80
01-01 02:11:04.139 0 0 D mv2112_update_link: 3.0x8109(100M): 0x0
01-01 02:11:04.139 0 0 D mv2112_update_link: link 0x0
01-01 02:11:04.139 0 0 D mv2112_read_status: autoneg is disabled
01-01 02:11:04.205 0 0 W logd : Skipping entries from slow reader, pid 1286, fd 14, from LogBuffer::Prune()
01-01 02:11:04.243 0 0 I IRQ 5 : no longer affine to CPU5
01-01 02:11:04.383 0 0 I IRQ 5 : no longer affine to CPU4
01-01 02:11:04.494 0 0 W logd : Skipping entries from slow reader, pid 1286, fd 14, from LogBuffer::Prune()
01-01 02:11:04.793 0 0 I init : starting service 'qvrd_vndr'...
01-01 02:11:04.800 0 0 I init : Created socket '/dev/socket/qvrservice_vndr', mode 660, user 1000, group 1000
01-01 02:11:04.803 0 0 I init : Created socket '/dev/socket/qvrservice_vndr_camera', mode 660, user 1000, group 1000
01-01 02:11:04.841 0 0 I init : starting service 'sxrd'...
01-01 02:11:04.862 0 0 W logd : Skipping entries from slow reader, pid 1286, fd 14, from LogBuffer::Prune()
01-01 02:11:04.892 0 0 I init : Service 'qvrd_vndr' (pid 7024) exited with status 1
01-01 02:11:04.892 0 0 I init : Sending signal 9 to service 'qvrd_vndr' (pid 7024) process group...
01-01 02:11:04.893 0 0 I libprocessgroup: Successfully killed process cgroup uid 1000 pid 7024 in 0ms
01-01 02:11:04.919 0 0 I init : Service 'sxrd' (pid 7041) exited with status 1
01-01 02:11:04.919 0 0 I init : Sending signal 9 to service 'sxrd' (pid 7041) process group...
01-01 02:11:04.920 0 0 I libprocessgroup: Successfully killed process cgroup uid 1000 pid 7041 in 0ms
01-01 02:11:05.003 0 0 I IRQ 5 : no longer affine to CPU6
08-24 14:25:38.694 7024 7024 F linker : CANNOT LINK EXECUTABLE "/vendor/bin/hw/qvrservice": library "vendor.qti.hardware.qxr-V1-ndk_platform.so" not found: needed by /vendor/lib64/libqvrservice.so in namespace (default)
08-24 14:25:38.728 7041 7041 F linker : CANNOT LINK EXECUTABLE "/vendor/bin/hw/sxrservice": library "vendor.qti.hardware.qxr-V1-ndk_platform.so" not found: needed by main executable
01-01 02:11:05.163 0 0 D : mv2112_read_status
01-01 02:11:05.163 0 0 D mv2112_update_link: 3.0x901(1G): 0x80
01-01 02:11:05.163 0 0 D mv2112_update_link: 3.0x8109(100M): 0x0
01-01 02:11:05.163 0 0 D mv2112_update_link: link 0x0
01-01 02:11:05.163 0 0 D mv2112_read_status: autoneg is disabled
01-01 02:11:05.183 0 0 I IRQ 5 : no longer affine to CPU5
01-01 02:11:05.224 0 0 W logd : Skipping entries from slow reader, pid 1286, fd 14, from LogBuffer::Prune()
01-01 02:11:05.541 0 0 W logd : Skipping entries from slow reader, pid 1286, fd 14, from LogBuffer::Prune()
01-01 02:11:05.689 0 0 W logd : Skipping entries from slow reader, pid 1286, fd 14, from LogBuffer::Prune()
01-01 02:11:05.874 0 0 W logd : Skipping entries from slow reader, pid 1286, fd 14, from LogBuffer::Prune()
01-01 02:11:06.149 0 0 W logd : Skipping entries from slow reader, pid 1286, fd 14, from LogBuffer::Prune()
01-01 02:11:06.187 0 0 D : mv2112_read_status
01-01 02:11:06.187 0 0 D mv2112_update_link: 3.0x901(1G): 0x80
01-01 02:11:06.187 0 0 D mv2112_update_link: 3.0x8109(100M): 0x0
01-01 02:11:06.187 0 0 D mv2112_update_link: link 0x0
01-01 02:11:06.187 0 0 D mv2112_read_status: autoneg is disabled
01-01 02:11:06.863 0 0 I IRQ 5 : no longer affine to CPU5
01-01 02:11:07.211 0 0 D : mv2112_read_status
01-01 02:11:07.211 0 0 D mv2112_update_link: 3.0x901(1G): 0x80
01-01 02:11:07.211 0 0 D mv2112_update_link: 3.0x8109(100M): 0x0
01-01 02:11:07.211 0 0 D mv2112_update_link: link 0x0
01-01 02:11:07.211 0 0 D mv2112_read_status: autoneg is disabled
01-01 02:11:08.236 0 0 D : mv2112_read_status
01-01 02:11:08.236 0 0 D mv2112_update_link: 3.0x901(1G): 0x80
01-01 02:11:08.236 0 0 D mv2112_update_link: 3.0x8109(100M): 0x0
01-01 02:11:08.236 0 0 D mv2112_update_link: link 0x0
01-01 02:11:08.236 0 0 D mv2112_read_status: autoneg is disabled
01-01 02:11:08.344 0 0 I IRQ 5 : no longer affine to CPU4
01-01 02:11:08.926 0 0 W logd : Skipping entries from slow reader, pid 1286, fd 14, from LogBuffer::Prune()
01-01 02:11:08.985 0 0 W logd : Skipping entries from slow reader, pid 1286, fd 14, from LogBuffer::Prune()
01-01 02:11:09.259 0 0 D : mv2112_read_status
01-01 02:11:09.259 0 0 D mv2112_update_link: 3.0x901(1G): 0x80
01-01 02:11:09.259 0 0 D mv2112_update_link: 3.0x8109(100M): 0x0
01-01 02:11:09.259 0 0 D mv2112_update_link: link 0x0
01-01 02:11:09.259 0 0 D mv2112_read_status: autoneg is disabled
01-01 02:11:09.367 0 0 W logd : Skipping entries from slow reader, pid 1286, fd 14, from LogBuffer::Prune()
01-01 02:11:09.677 0 0 W logd : Skipping entries from slow reader, pid 1286, fd 14, from LogBuffer::Prune()
01-01 02:11:09.828 0 0 I init : starting service 'qvrd_vndr'...
01-01 02:11:09.832 0 0 I init : Created socket '/dev/socket/qvrservice_vndr', mode 660, user 1000, group 1000
01-01 02:11:09.837 0 0 I init : Created socket '/dev/socket/qvrservice_vndr_camera', mode 660, user 1000, group 1000
01-01 02:11:09.877 0 0 I init : starting service 'sxrd'...
01-01 02:11:09.920 0 0 I init : Service 'qvrd_vndr' (pid 8416) exited with status 1
01-01 02:11:09.920 0 0 I init : Sending signal 9 to service 'qvrd_vndr' (pid 8416) process group...
01-01 02:11:09.921 0 0 I libprocessgroup: Successfully killed process cgroup uid 1000 pid 8416 in 0ms
01-01 02:11:09.953 0 0 I init : Service 'sxrd' (pid 8425) exited with status 1
01-01 02:11:09.953 0 0 I init : Sending signal 9 to service 'sxrd' (pid 8425) process group...
01-01 02:11:09.954 0 0 I libprocessgroup: Successfully killed process cgroup uid 1000 pid 8425 in 0ms
01-01 02:11:10.061 0 0 W logd : Skipping entries from slow reader, pid 1286, fd 14, from LogBuffer::Prune()
08-24 14:25:43.730 8416 8416 F linker : CANNOT LINK EXECUTABLE "/vendor/bin/hw/qvrservice": library "vendor.qti.hardware.qxr-V1-ndk_platform.so" not found: needed by /vendor/lib64/libqvrservice.so in namespace (default)
08-24 14:25:43.762 8425 8425 F linker : CANNOT LINK EXECUTABLE "/vendor/bin/hw/sxrservice": library "vendor.qti.hardware.qxr-V1-ndk_platform.so" not found: needed by main executable
01-01 02:11:10.283 0 0 D : mv2112_read_status
01-01 02:11:10.283 0 0 D mv2112_update_link: 3.0x901(1G): 0x80
01-01 02:11:10.283 0 0 D mv2112_update_link: 3.0x8109(100M): 0x0
01-01 02:11:10.283 0 0 D mv2112_update_link: link 0x0
01-01 02:11:10.283 0 0 D mv2112_read_status: autoneg is disabled
01-01 02:11:10.428 0 0 W logd : Skipping entries from slow reader, pid 1286, fd 14, from LogBuffer::Prune()
01-01 02:11:10.473 0 0 W logd : Skipping entries from slow reader, pid 1286, fd 14, from LogBuffer::Prune()
01-01 02:11:10.583 0 0 I IRQ 5 : no longer affine to CPU5
01-01 02:11:10.761 0 0 W logd : Skipping entries from slow reader, pid 1286, fd 14, from LogBuffer::Prune()
01-01 02:11:10.923 0 0 I IRQ 5 : no longer affine to CPU4
01-01 02:11:11.131 0 0 W logd : Skipping entries from slow reader, pid 1286, fd 14, from LogBuffer::Prune()
01-01 02:11:11.307 0 0 D : mv2112_read_status
01-01 02:11:11.307 0 0 D mv2112_update_link: 3.0x901(1G): 0x80
01-01 02:11:11.307 0 0 D mv2112_update_link: 3.0x8109(100M): 0x0
01-01 02:11:11.307 0 0 D mv2112_update_link: link 0x0
01-01 02:11:11.307 0 0 D mv2112_read_status: autoneg is disabled
01-01 02:11:11.452 0 0 W logd : Skipping entries from slow reader, pid 1286, fd 14, from LogBuffer::Prune()
01-01 02:11:12.331 0 0 D : mv2112_read_status
01-01 02:11:12.331 0 0 D mv2112_update_link: 3.0x901(1G): 0x80
01-01 02:11:12.331 0 0 D mv2112_update_link: 3.0x8109(100M): 0x0
01-01 02:11:12.331 0 0 D mv2112_update_link: link 0x0
01-01 02:11:12.331 0 0 D mv2112_read_status: autoneg is disabled
01-01 02:11:12.663 0 0 I IRQ 5 : no longer affine to CPU4
01-01 02:11:13.355 0 0 D : mv2112_read_status
01-01 02:11:13.355 0 0 D mv2112_update_link: 3.0x901(1G): 0x80
01-01 02:11:13.355 0 0 D mv2112_update_link: 3.0x8109(100M): 0x0
01-01 02:11:13.355 0 0 D mv2112_update_link: link 0x0
01-01 02:11:13.355 0 0 D mv2112_read_status: autoneg is disabled
01-01 02:11:14.157 0 0 W logd : Skipping entries from slow reader, pid 1286, fd 14, from LogBuffer::Prune()
01-01 02:11:14.379 0 0 D : mv2112_read_status
01-01 02:11:14.380 0 0 D mv2112_update_link: 3.0x901(1G): 0x80
01-01 02:11:14.380 0 0 D mv2112_update_link: 3.0x8109(100M): 0x0
01-01 02:11:14.380 0 0 D mv2112_update_link: link 0x0
01-01 02:11:14.380 0 0 D mv2112_read_status: autoneg is disabled
01-01 02:11:14.384 0 0 I IRQ 5 : no longer affine to CPU5
01-01 02:11:14.478 0 0 W logd : Skipping entries from slow reader, pid 1286, fd 14, from LogBuffer::Prune()
01-01 02:11:14.793 0 0 W logd : Skipping entries from slow reader, pid 1286, fd 14, from LogBuffer::Prune()
01-01 02:11:14.864 0 0 I init : starting service 'qvrd_vndr'...
01-01 02:11:14.868 0 0 I init : Created socket '/dev/socket/qvrservice_vndr', mode 660, user 1000, group 1000
01-01 02:11:14.870 0 0 I init : Created socket '/dev/socket/qvrservice_vndr_camera', mode 660, user 1000, group 1000
01-01 02:11:14.908 0 0 I init : starting service 'sxrd'...
01-01 02:11:14.956 0 0 I init : Service 'qvrd_vndr' (pid 9685) exited with status 1
01-01 02:11:14.956 0 0 I init : Sending signal 9 to service 'qvrd_vndr' (pid 9685) process group...
01-01 02:11:14.957 0 0 I libprocessgroup: Successfully killed process cgroup uid 1000 pid 9685 in 0ms
01-01 02:11:14.968 0 0 I init : Service 'sxrd' (pid 9698) exited with status 1
01-01 02:11:14.968 0 0 I init : Sending signal 9 to service 'sxrd' (pid 9698) process group...
01-01 02:11:14.969 0 0 I libprocessgroup: Successfully killed process cgroup uid 1000 pid 9698 in 0ms
01-01 02:11:15.043 0 0 I IRQ 5 : no longer affine to CPU5
08-24 14:25:48.765 9685 9685 F linker : CANNOT LINK EXECUTABLE "/vendor/bin/hw/qvrservice": library "vendor.qti.hardware.qxr-V1-ndk_platform.so" not found: needed by /vendor/lib64/libqvrservice.so in namespace (default)
08-24 14:25:48.777 9698 9698 F linker : CANNOT LINK EXECUTABLE "/vendor/bin/hw/sxrservice": library "vendor.qti.hardware.qxr-V1-ndk_platform.so" not found: needed by main executable
01-01 02:11:15.128 0 0 W logd : Skipping entries from slow reader, pid 1286, fd 14, from LogBuffer::Prune()
01-01 02:11:15.368 0 0 W logd : Skipping entries from slow reader, pid 1286, fd 14, from LogBuffer::Prune()
01-01 02:11:15.403 0 0 D : mv2112_read_status
01-01 02:11:15.403 0 0 D mv2112_update_link: 3.0x901(1G): 0x80
01-01 02:11:15.403 0 0 D mv2112_update_link: 3.0x8109(100M): 0x0
01-01 02:11:15.403 0 0 D mv2112_update_link: link 0x0
01-01 02:11:15.403 0 0 D mv2112_read_status: autoneg is disabled
01-01 02:11:15.536 0 0 W logd : Skipping entries from slow reader, pid 1286, fd 14, from LogBuffer::Prune()
01-01 02:11:15.663 0 0 I IRQ 5 : no longer affine to CPU6
01-01 02:11:16.153 0 0 W logd : Skipping entries from slow reader, pid 1286, fd 14, from LogBuffer::Prune()
01-01 02:11:16.427 0 0 D : mv2112_read_status
01-01 02:11:16.427 0 0 D mv2112_update_link: 3.0x901(1G): 0x80
01-01 02:11:16.427 0 0 D mv2112_update_link: 3.0x8109(100M): 0x0
01-01 02:11:16.427 0 0 D mv2112_update_link: link 0x0
01-01 02:11:16.427 0 0 D mv2112_read_status: autoneg is disabled
01-01 02:11:16.490 0 0 W logd : Skipping entries from slow reader, pid 1286, fd 14, from LogBuffer::Prune()
01-01 02:11:16.779 0 0 W logd : Skipping entries from slow reader, pid 1286, fd 14, from LogBuffer::Prune()
01-01 02:11:17.114 0 0 W logd : Skipping entries from slow reader, pid 1286, fd 14, from LogBuffer::Prune()
01-01 02:11:17.204 0 0 I IRQ 5 : no longer affine to CPU4
01-01 02:11:17.323 0 0 I IRQ 5 : no longer affine to CPU6
01-01 02:11:17.452 0 0 D : mv2112_read_status
01-01 02:11:17.452 0 0 D mv2112_update_link: 3.0x901(1G): 0x80
01-01 02:11:17.452 0 0 D mv2112_update_link: 3.0x8109(100M): 0x0
01-01 02:11:17.452 0 0 D mv2112_update_link: link 0x0
01-01 02:11:17.452 0 0 D mv2112_read_status: autoneg is disabled
01-01 02:11:17.483 0 0 I IRQ 5 : no longer affine to CPU5
01-01 02:11:18.203 0 0 I IRQ 5 : no longer affine to CPU4
01-01 02:11:18.475 0 0 D : mv2112_read_status
01-01 02:11:18.476 0 0 D mv2112_update_link: 3.0x901(1G): 0x80
01-01 02:11:18.476 0 0 D mv2112_update_link: 3.0x8109(100M): 0x0
01-01 02:11:18.476 0 0 D mv2112_update_link: link 0x0
01-01 02:11:18.476 0 0 D mv2112_read_status: autoneg is disabled
01-01 02:11:19.188 0 0 W logd : Skipping entries from slow reader, pid 1286, fd 14, from LogBuffer::Prune()
01-01 02:11:19.499 0 0 D : mv2112_read_status
01-01 02:11:19.499 0 0 D mv2112_update_link: 3.0x901(1G): 0x80
01-01 02:11:19.499 0 0 D mv2112_update_link: 3.0x8109(100M): 0x0
01-01 02:11:19.499 0 0 D mv2112_update_link: link 0x0
01-01 02:11:19.499 0 0 D mv2112_read_status: autoneg is disabled
01-01 02:11:19.834 0 0 W logd : Skipping entries from slow reader, pid 1286, fd 14, from LogBuffer::Prune()
01-01 02:11:19.896 0 0 I init : starting service 'qvrd_vndr'...
01-01 02:11:19.905 0 0 I init : Created socket '/dev/socket/qvrservice_vndr', mode 660, user 1000, group 1000
01-01 02:11:19.907 0 0 I init : Created socket '/dev/socket/qvrservice_vndr_camera', mode 660, user 1000, group 1000
01-01 02:11:19.937 0 0 I init : starting service 'sxrd'...
01-01 02:11:19.986 0 0 I init : Service 'qvrd_vndr' (pid 11087) exited with status 1
01-01 02:11:19.986 0 0 I init : Sending signal 9 to service 'qvrd_vndr' (pid 11087) process group...
01-01 02:11:19.986 0 0 I libprocessgroup: Successfully killed process cgroup uid 1000 pid 11087 in 0ms
01-01 02:11:20.017 0 0 I init : Service 'sxrd' (pid 11095) exited with status 1
01-01 02:11:20.017 0 0 I init : Sending signal 9 to service 'sxrd' (pid 11095) process group...
01-01 02:11:20.018 0 0 I libprocessgroup: Successfully killed process cgroup uid 1000 pid 11095 in 0ms
08-24 14:25:53.789 11087 11087 F linker : CANNOT LINK EXECUTABLE "/vendor/bin/hw/qvrservice": library "vendor.qti.hardware.qxr-V1-ndk_platform.so" not found: needed by /vendor/lib64/libqvrservice.so in namespace (default)
08-24 14:25:53.825 11095 11095 F linker : CANNOT LINK EXECUTABLE "/vendor/bin/hw/sxrservice": library "vendor.qti.hardware.qxr-V1-ndk_platform.so" not found: needed by main executable
01-01 02:11:20.372 0 0 W logd : Skipping entries from slow reader, pid 1286, fd 14, from LogBuffer::Prune()
01-01 02:11:20.373 0 0 W logd : Skipping entries from slow reader, pid 1286, fd 14, from LogBuffer::Prune()
01-01 02:11:20.523 0 0 D : mv2112_read_status
01-01 02:11:20.523 0 0 D mv2112_update_link: 3.0x901(1G): 0x80
01-01 02:11:20.523 0 0 D mv2112_update_link: 3.0x8109(100M): 0x0
01-01 02:11:20.524 0 0 D mv2112_update_link: link 0x0
01-01 02:11:20.524 0 0 D mv2112_read_status: autoneg is disabled
01-01 02:11:20.968 0 0 W logd : Skipping entries from slow reader, pid 1286, fd 14, from LogBuffer::Prune()
01-01 02:11:21.009 0 0 W logd : Skipping entries from slow reader, pid 1286, fd 14, from LogBuffer::Prune()
01-01 02:11:21.403 0 0 W logd : Skipping entries from slow reader, pid 1286, fd 14, from LogBuffer::Prune()
01-01 02:11:21.503 0 0 I IRQ 5 : no longer affine to CPU5
01-01 02:11:21.548 0 0 D : mv2112_read_status
01-01 02:11:21.548 0 0 D mv2112_update_link: 3.0x901(1G): 0x80
01-01 02:11:21.548 0 0 D mv2112_update_link: 3.0x8109(100M): 0x0
01-01 02:11:21.548 0 0 D mv2112_update_link: link 0x0
01-01 02:11:21.548 0 0 D mv2112_read_status: autoneg is disabled
01-01 02:11:21.741 0 0 W logd : Skipping entries from slow reader, pid 1286, fd 14, from LogBuffer::Prune()
01-01 02:11:22.036 0 0 W logd : Skipping entries from slow reader, pid 1286, fd 14, from LogBuffer::Prune()
01-01 02:11:22.384 0 0 W logd : Skipping entries from slow reader, pid 1286, fd 14, from LogBuffer::Prune()
01-01 02:11:22.483 0 0 I IRQ 5 : no longer affine to CPU6
01-01 02:11:22.572 0 0 D : mv2112_read_status
01-01 02:11:22.573 0 0 D mv2112_update_link: 3.0x901(1G): 0x80
01-01 02:11:22.573 0 0 D mv2112_update_link: 3.0x8109(100M): 0x0
01-01 02:11:22.573 0 0 D mv2112_update_link: link 0x0
01-01 02:11:22.573 0 0 D mv2112_read_status: autoneg is disabled
01-01 02:11:23.596 0 0 D : mv2112_read_status
01-01 02:11:23.596 0 0 D mv2112_update_link: 3.0x901(1G): 0x80
01-01 02:11:23.596 0 0 D mv2112_update_link: 3.0x8109(100M): 0x0
01-01 02:11:23.596 0 0 D mv2112_update_link: link 0x0
01-01 02:11:23.596 0 0 D mv2112_read_status: autoneg is disabled
01-01 02:11:24.381 0 0 W logd : Skipping entries from slow reader, pid 1286, fd 14, from LogBuffer::Prune()
01-01 02:11:24.494 0 0 W logd : Skipping entries from slow reader, pid 1286, fd 14, from LogBuffer::Prune()
01-01 02:11:24.619 0 0 D : mv2112_read_status
01-01 02:11:24.619 0 0 D mv2112_update_link: 3.0x901(1G): 0x80
01-01 02:11:24.619 0 0 D mv2112_update_link: 3.0x8109(100M): 0x0
01-01 02:11:24.619 0 0 D mv2112_update_link: link 0x0
01-01 02:11:24.619 0 0 D mv2112_read_status: autoneg is disabled
01-01 02:11:24.799 0 0 W logd : Skipping entries from slow reader, pid 1286, fd 14, from LogBuffer::Prune()
01-01 02:11:24.928 0 0 I init : starting service 'qvrd_vndr'...
01-01 02:11:24.933 0 0 I init : Created socket '/dev/socket/qvrservice_vndr', mode 660, user 1000, group 1000
01-01 02:11:24.935 0 0 I init : Created socket '/dev/socket/qvrservice_vndr_camera', mode 660, user 1000, group 1000
01-01 02:11:24.963 0 0 I init : starting service 'sxrd'...
01-01 02:11:25.008 0 0 I init : Service 'qvrd_vndr' (pid 12347) exited with status 1
01-01 02:11:25.008 0 0 I init : Sending signal 9 to service 'qvrd_vndr' (pid 12347) process group...
01-01 02:11:25.009 0 0 I libprocessgroup: Successfully killed process cgroup uid 1000 pid 12347 in 0ms
01-01 02:11:25.022 0 0 I init : Service 'sxrd' (pid 12357) exited with status 1
01-01 02:11:25.022 0 0 I init : Sending signal 9 to service 'sxrd' (pid 12357) process group...
01-01 02:11:25.022 0 0 I libprocessgroup: Successfully killed process cgroup uid 1000 pid 12357 in 0ms
01-01 02:11:25.102 0 0 W logd : Skipping entries from slow reader, pid 1286, fd 14, from LogBuffer::Prune()
08-24 14:25:58.818 12347 12347 F linker : CANNOT LINK EXECUTABLE "/vendor/bin/hw/qvrservice": library "vendor.qti.hardware.qxr-V1-ndk_platform.so" not found: needed by /vendor/lib64/libqvrservice.so in namespace (default)
08-24 14:25:58.831 12357 12357 F linker : CANNOT LINK EXECUTABLE "/vendor/bin/hw/sxrservice": library "vendor.qti.hardware.qxr-V1-ndk_platform.so" not found: needed by main executable
01-01 02:11:25.434 0 0 W logd : Skipping entries from slow reader, pid 1286, fd 14, from LogBuffer::Prune()
01-01 02:11:25.435 0 0 W logd : Skipping entries from slow reader, pid 1286, fd 14, from LogBuffer::Prune()
01-01 02:11:25.643 0 0 D : mv2112_read_status
01-01 02:11:25.643 0 0 D mv2112_update_link: 3.0x901(1G): 0x80
01-01 02:11:25.643 0 0 D mv2112_update_link: 3.0x8109(100M): 0x0
01-01 02:11:25.643 0 0 D mv2112_update_link: link 0x0
01-01 02:11:25.643 0 0 D mv2112_read_status: autoneg is disabled
01-01 02:11:25.734 0 0 W logd : Skipping entries from slow reader, pid 1286, fd 14, from LogBuffer::Prune()
01-01 02:11:26.023 0 0 I IRQ 5 : no longer affine to CPU5
01-01 02:11:26.311 0 0 W logd : Skipping entries from slow reader, pid 1286, fd 14, from LogBuffer::Prune()
01-01 02:11:26.388 0 0 W logd : Skipping entries from slow reader, pid 1286, fd 14, from LogBuffer::Prune()
01-01 02:11:26.667 0 0 D : mv2112_read_status
01-01 02:11:26.667 0 0 D mv2112_update_link: 3.0x901(1G): 0x80
01-01 02:11:26.667 0 0 D mv2112_update_link: 3.0x8109(100M): 0x0
01-01 02:11:26.667 0 0 D mv2112_update_link: link 0x0
01-01 02:11:26.667 0 0 D mv2112_read_status: autoneg is disabled
01-01 02:11:26.704 0 0 I IRQ 5 : no longer affine to CPU7
01-01 02:11:26.731 0 0 W logd : Skipping entries from slow reader, pid 1286, fd 14, from LogBuffer::Prune()
01-01 02:11:27.691 0 0 D : mv2112_read_status
01-01 02:11:27.692 0 0 D mv2112_update_link: 3.0x901(1G): 0x80
01-01 02:11:27.693 0 0 D mv2112_update_link: 3.0x8109(100M): 0x0
01-01 02:11:27.693 0 0 D mv2112_update_link: link 0x0
01-01 02:11:27.693 0 0 D mv2112_read_status: autoneg is disabled
01-01 02:11:27.963 0 0 I IRQ 5 : no longer affine to CPU5
01-01 02:11:28.717 0 0 D : mv2112_read_status
01-01 02:11:28.717 0 0 D mv2112_update_link: 3.0x901(1G): 0x80
01-01 02:11:28.717 0 0 D mv2112_update_link: 3.0x8109(100M): 0x0
01-01 02:11:28.717 0 0 D mv2112_update_link: link 0x0
01-01 02:11:28.717 0 0 D mv2112_read_status: autoneg is disabled
01-01 02:11:29.063 0 0 I IRQ 5 : no longer affine to CPU5
01-01 02:11:29.470 0 0 W logd : Skipping entries from slow reader, pid 1286, fd 14, from LogBuffer::Prune()
01-01 02:11:29.483 0 0 I IRQ 5 : no longer affine to CPU6
01-01 02:11:29.739 0 0 D : mv2112_read_status
01-01 02:11:29.739 0 0 D mv2112_update_link: 3.0x901(1G): 0x80
01-01 02:11:29.739 0 0 D mv2112_update_link: 3.0x8109(100M): 0x0
01-01 02:11:29.739 0 0 D mv2112_update_link: link 0x0
01-01 02:11:29.739 0 0 D mv2112_read_status: autoneg is disabled
01-01 02:11:29.809 0 0 W logd : Skipping entries from slow reader, pid 1286, fd 14, from LogBuffer::Prune()
01-01 02:11:29.952 0 0 I init : starting service 'qvrd_vndr'...
01-01 02:11:29.955 0 0 I init : Created socket '/dev/socket/qvrservice_vndr', mode 660, user 1000, group 1000
01-01 02:11:29.958 0 0 I init : Created socket '/dev/socket/qvrservice_vndr_camera', mode 660, user 1000, group 1000
01-01 02:11:29.981 0 0 I init : starting service 'sxrd'...
01-01 02:11:30.032 0 0 I init : Service 'qvrd_vndr' (pid 13461) exited with status 1
01-01 02:11:30.032 0 0 I init : Sending signal 9 to service 'qvrd_vndr' (pid 13461) process group...
01-01 02:11:30.032 0 0 I libprocessgroup: Successfully killed process cgroup uid 1000 pid 13461 in 0ms
01-01 02:11:30.047 0 0 I init : Service 'sxrd' (pid 13467) exited with status 1
01-01 02:11:30.047 0 0 I init : Sending signal 9 to service 'sxrd' (pid 13467) process group...
01-01 02:11:30.048 0 0 I libprocessgroup: Successfully killed process cgroup uid 1000 pid 13467 in 0ms
08-24 14:26:03.841 13461 13461 F linker : CANNOT LINK EXECUTABLE "/vendor/bin/hw/qvrservice": library "vendor.qti.hardware.qxr-V1-ndk_platform.so" not found: needed by /vendor/lib64/libqvrservice.so in namespace (default)
08-24 14:26:03.857 13467 13467 F linker : CANNOT LINK EXECUTABLE "/vendor/bin/hw/sxrservice": library "vendor.qti.hardware.qxr-V1-ndk_platform.so" not found: needed by main executable
01-01 02:11:30.223 0 0 W logd : Skipping entries from slow reader, pid 1286, fd 14, from LogBuffer::Prune()
01-01 02:11:30.397 0 0 W logd : Skipping entries from slow reader, pid 1286, fd 14, from LogBuffer::Prune()
01-01 02:11:30.622 0 0 W logd : Skipping entries from slow reader, pid 1286, fd 14, from LogBuffer::Prune()
01-01 02:11:30.643 0 0 I IRQ 5 : no longer affine to CPU5
01-01 02:11:30.763 0 0 D : mv2112_read_status
01-01 02:11:30.763 0 0 D mv2112_update_link: 3.0x901(1G): 0x80
01-01 02:11:30.763 0 0 D mv2112_update_link: 3.0x8109(100M): 0x0
01-01 02:11:30.763 0 0 D mv2112_update_link: link 0x0
01-01 02:11:30.763 0 0 D mv2112_read_status: autoneg is disabled
01-01 02:11:30.959 0 0 W logd : Skipping entries from slow reader, pid 1286, fd 14, from LogBuffer::Prune()
01-01 02:11:31.318 0 0 W logd : Skipping entries from slow reader, pid 1286, fd 14, from LogBuffer::Prune()
01-01 02:11:31.619 0 0 W logd : Skipping entries from slow reader, pid 1286, fd 14, from LogBuffer::Prune()
01-01 02:11:31.787 0 0 D : mv2112_read_status
01-01 02:11:31.787 0 0 D mv2112_update_link: 3.0x901(1G): 0x80
01-01 02:11:31.787 0 0 D mv2112_update_link: 3.0x8109(100M): 0x0
01-01 02:11:31.787 0 0 D mv2112_update_link: link 0x0
01-01 02:11:31.787 0 0 D mv2112_read_status: autoneg is disabled
01-01 02:11:31.839 0 0 W logd : Skipping entries from slow reader, pid 1286, fd 14, from LogBuffer::Prune()
01-01 02:11:31.967 0 0 W logd : Skipping entries from slow reader, pid 1286, fd 14, from LogBuffer::Prune()
01-01 02:11:32.304 0 0 I IRQ 5 : no longer affine to CPU6
01-01 02:11:32.483 0 0 I IRQ 5 : no longer affine to CPU4
01-01 02:11:32.811 0 0 D : mv2112_read_status
01-01 02:11:32.811 0 0 D mv2112_update_link: 3.0x901(1G): 0x80
01-01 02:11:32.811 0 0 D mv2112_update_link: 3.0x8109(100M): 0x0
01-01 02:11:32.811 0 0 D mv2112_update_link: link 0x0
01-01 02:11:32.811 0 0 D mv2112_read_status: autoneg is disabled
01-01 02:11:33.835 0 0 D : mv2112_read_status
01-01 02:11:33.835 0 0 D mv2112_update_link: 3.0x901(1G): 0x80
01-01 02:11:33.835 0 0 D mv2112_update_link: 3.0x8109(100M): 0x0
01-01 02:11:33.835 0 0 D mv2112_update_link: link 0x0
01-01 02:11:33.835 0 0 D mv2112_read_status: autoneg is disabled
01-01 02:11:34.616 0 0 W logd : Skipping entries from slow reader, pid 1286, fd 14, from LogBuffer::Prune()
01-01 02:11:34.743 0 0 W logd : Skipping entries from slow reader, pid 1286, fd 14, from LogBuffer::Prune()
01-01 02:11:34.860 0 0 D : mv2112_read_status
01-01 02:11:34.860 0 0 D mv2112_update_link: 3.0x901(1G): 0x80
01-01 02:11:34.860 0 0 D mv2112_update_link: 3.0x8109(100M): 0x0
01-01 02:11:34.860 0 0 D mv2112_update_link: link 0x0
01-01 02:11:34.860 0 0 D mv2112_read_status: autoneg is disabled
01-01 02:11:34.969 0 0 I init : starting service 'qvrd_vndr'...
01-01 02:11:34.972 0 0 I init : Created socket '/dev/socket/qvrservice_vndr', mode 660, user 1000, group 1000
01-01 02:11:34.974 0 0 I init : Created socket '/dev/socket/qvrservice_vndr_camera', mode 660, user 1000, group 1000
01-01 02:11:35.012 0 0 I init : starting service 'sxrd'...
01-01 02:11:35.056 0 0 I init : Service 'qvrd_vndr' (pid 14779) exited with status 1
01-01 02:11:35.056 0 0 I init : Sending signal 9 to service 'qvrd_vndr' (pid 14779) process group...
01-01 02:11:35.057 0 0 I libprocessgroup: Successfully killed process cgroup uid 1000 pid 14779 in 0ms
01-01 02:11:35.078 0 0 I init : Service 'sxrd' (pid 14790) exited with status 1
01-01 02:11:35.078 0 0 I init : Sending signal 9 to service 'sxrd' (pid 14790) process group...
01-01 02:11:35.078 0 0 I libprocessgroup: Successfully killed process cgroup uid 1000 pid 14790 in 0ms
08-24 14:26:08.865 14779 14779 F linker : CANNOT LINK EXECUTABLE "/vendor/bin/hw/qvrservice": library "vendor.qti.hardware.qxr-V1-ndk_platform.so" not found: needed by /vendor/lib64/libqvrservice.so in namespace (default)
01-01 02:11:35.114 0 0 W logd : Skipping entries from slow reader, pid 1286, fd 14, from LogBuffer::Prune()
08-24 14:26:08.887 14790 14790 F linker : CANNOT LINK EXECUTABLE "/vendor/bin/hw/sxrservice": library "vendor.qti.hardware.qxr-V1-ndk_platform.so" not found: needed by main executable
01-01 02:11:35.370 0 0 W logd : Skipping entries from slow reader, pid 1286, fd 14, from LogBuffer::Prune()
01-01 02:11:35.706 0 0 W logd : Skipping entries from slow reader, pid 1286, fd 14, from LogBuffer::Prune()
01-01 02:11:35.883 0 0 D : mv2112_read_status
01-01 02:11:35.884 0 0 D mv2112_update_link: 3.0x901(1G): 0x80
01-01 02:11:35.884 0 0 D mv2112_update_link: 3.0x8109(100M): 0x0
01-01 02:11:35.884 0 0 D mv2112_update_link: link 0x0
01-01 02:11:35.884 0 0 D mv2112_read_status: autoneg is disabled
01-01 02:11:36.058 0 0 W logd : Skipping entries from slow reader, pid 1286, fd 14, from LogBuffer::Prune()
01-01 02:11:36.323 0 0 W logd : Skipping entries from slow reader, pid 1286, fd 14, from LogBuffer::Prune()
01-01 02:11:36.660 0 0 W logd : Skipping entries from slow reader, pid 1286, fd 14, from LogBuffer::Prune()
01-01 02:11:36.797 0 0 W logd : Skipping entries from slow reader, pid 1286, fd 14, from LogBuffer::Prune()
01-01 02:11:36.907 0 0 D : mv2112_read_status
01-01 02:11:36.908 0 0 D mv2112_update_link: 3.0x901(1G): 0x80
01-01 02:11:36.908 0 0 D mv2112_update_link: 3.0x8109(100M): 0x0
01-01 02:11:36.908 0 0 D mv2112_update_link: link 0x0
01-01 02:11:36.908 0 0 D mv2112_read_status: autoneg is disabled
01-01 02:11:37.012 0 0 W logd : Skipping entries from slow reader, pid 1286, fd 14, from LogBuffer::Prune()
01-01 02:11:37.931 0 0 D : mv2112_read_status
01-01 02:11:37.931 0 0 D mv2112_update_link: 3.0x901(1G): 0x80
01-01 02:11:37.932 0 0 D mv2112_update_link: 3.0x8109(100M): 0x0
01-01 02:11:37.932 0 0 D mv2112_update_link: link 0x0
01-01 02:11:37.932 0 0 D mv2112_read_status: autoneg is disabled
01-01 02:11:38.955 0 0 D : mv2112_read_status
01-01 02:11:38.955 0 0 D mv2112_update_link: 3.0x901(1G): 0x80
01-01 02:11:38.956 0 0 D mv2112_update_link: 3.0x8109(100M): 0x0
01-01 02:11:38.956 0 0 D mv2112_update_link: link 0x0
01-01 02:11:38.956 0 0 D mv2112_read_status: autoneg is disabled
01-01 02:11:39.675 0 0 W logd : Skipping entries from slow reader, pid 1286, fd 14, from LogBuffer::Prune()
01-01 02:11:39.979 0 0 D : mv2112_read_status
01-01 02:11:39.979 0 0 D mv2112_update_link: 3.0x901(1G): 0x80
01-01 02:11:39.980 0 0 D mv2112_update_link: 3.0x8109(100M): 0x0
01-01 02:11:39.980 0 0 D mv2112_update_link: link 0x0
01-01 02:11:39.980 0 0 D mv2112_read_status: autoneg is disabled
01-01 02:11:40.001 0 0 I init : starting service 'qvrd_vndr'...
01-01 02:11:40.007 0 0 I init : Created socket '/dev/socket/qvrservice_vndr', mode 660, user 1000, group 1000
01-01 02:11:40.010 0 0 I init : Created socket '/dev/socket/qvrservice_vndr_camera', mode 660, user 1000, group 1000
01-01 02:11:40.045 0 0 I init : starting service 'sxrd'...
01-01 02:11:40.081 0 0 W logd : Skipping entries from slow reader, pid 1286, fd 14, from LogBuffer::Prune()
01-01 02:11:40.106 0 0 I init : Service 'sxrd' (pid 15977) exited with status 1
08-24 14:26:13.915 15977 15977 F linker : CANNOT LINK EXECUTABLE "/vendor/bin/hw/sxrservice": library "vendor.qti.hardware.qxr-V1-ndk_platform.so" not found: needed by main executable
08-24 14:26:13.920 15971 15971 F linker : CANNOT LINK EXECUTABLE "/vendor/bin/hw/qvrservice": library "vendor.qti.hardware.qxr-V1-ndk_platform.so" not found: needed by /vendor/lib64/libqvrservice.so in namespace (default)
01-01 02:11:40.106 0 0 I init : Sending signal 9 to service 'sxrd' (pid 15977) process group...
01-01 02:11:40.107 0 0 I libprocessgroup: Successfully killed process cgroup uid 1000 pid 15977 in 0ms
01-01 02:11:40.111 0 0 I init : Service 'qvrd_vndr' (pid 15971) exited with status 1
01-01 02:11:40.111 0 0 I init : Sending signal 9 to service 'qvrd_vndr' (pid 15971) process group...
01-01 02:11:40.112 0 0 I libprocessgroup: Successfully killed process cgroup uid 1000 pid 15971 in 0ms
01-01 02:11:40.204 0 0 I IRQ 5 : no longer affine to CPU5
01-01 02:11:40.331 0 0 W logd : Skipping entries from slow reader, pid 1286, fd 14, from LogBuffer::Prune()
01-01 02:11:40.600 0 0 W logd : Skipping entries from slow reader, pid 1286, fd 14, from LogBuffer::Prune()
01-01 02:11:40.908 0 0 W logd : Skipping entries from slow reader, pid 1286, fd 14, from LogBuffer::Prune()
01-01 02:11:41.004 0 0 D : mv2112_read_status
01-01 02:11:41.004 0 0 D mv2112_update_link: 3.0x901(1G): 0x80
01-01 02:11:41.004 0 0 D mv2112_update_link: 3.0x8109(100M): 0x0
01-01 02:11:41.004 0 0 D mv2112_update_link: link 0x0
01-01 02:11:41.004 0 0 D mv2112_read_status: autoneg is disabled
01-01 02:11:41.137 0 0 W logd : Skipping entries from slow reader, pid 1286, fd 14, from LogBuffer::Prune()
01-01 02:11:41.440 0 0 W logd : Skipping entries from slow reader, pid 1286, fd 14, from LogBuffer::Prune()
01-01 02:11:41.783 0 0 I IRQ 5 : no longer affine to CPU4
01-01 02:11:41.798 0 0 W logd : Skipping entries from slow reader, pid 1286, fd 14, from LogBuffer::Prune()
01-01 02:11:42.027 0 0 D : mv2112_read_status
01-01 02:11:42.027 0 0 D mv2112_update_link: 3.0x901(1G): 0x80
01-01 02:11:42.027 0 0 D mv2112_update_link: 3.0x8109(100M): 0x0
01-01 02:11:42.027 0 0 D mv2112_update_link: link 0x0
01-01 02:11:42.027 0 0 D mv2112_read_status: autoneg is disabled
01-01 02:11:42.155 0 0 W logd : Skipping entries from slow reader, pid 1286, fd 14, from LogBuffer::Prune()
01-01 02:11:42.600 0 0 W logd : Skipping entries from slow reader, pid 1286, fd 14, from LogBuffer::Prune()
01-01 02:11:43.051 0 0 D : mv2112_read_status
01-01 02:11:43.051 0 0 D mv2112_update_link: 3.0x901(1G): 0x80
01-01 02:11:43.052 0 0 D mv2112_update_link: 3.0x8109(100M): 0x0
01-01 02:11:43.052 0 0 D mv2112_update_link: link 0x0
01-01 02:11:43.052 0 0 D mv2112_read_status: autoneg is disabled
01-01 02:11:44.075 0 0 D : mv2112_read_status
01-01 02:11:44.076 0 0 D mv2112_update_link: 3.0x901(1G): 0x80
01-01 02:11:44.076 0 0 D mv2112_update_link: 3.0x8109(100M): 0x0
01-01 02:11:44.076 0 0 D mv2112_update_link: link 0x0
01-01 02:11:44.076 0 0 D mv2112_read_status: autoneg is disabled
01-01 02:11:44.827 0 0 W logd : Skipping entries from slow reader, pid 1286, fd 14, from LogBuffer::Prune()
01-01 02:11:45.032 0 0 I init : starting service 'qvrd_vndr'...
01-01 02:11:45.037 0 0 I init : Created socket '/dev/socket/qvrservice_vndr', mode 660, user 1000, group 1000
01-01 02:11:45.041 0 0 I init : Created socket '/dev/socket/qvrservice_vndr_camera', mode 660, user 1000, group 1000
01-01 02:11:45.068 0 0 I init : starting service 'sxrd'...
01-01 02:11:45.099 0 0 D : mv2112_read_status
01-01 02:11:45.099 0 0 D mv2112_update_link: 3.0x901(1G): 0x80
01-01 02:11:45.099 0 0 D mv2112_update_link: 3.0x8109(100M): 0x0
01-01 02:11:45.099 0 0 D mv2112_update_link: link 0x0
01-01 02:11:45.099 0 0 D mv2112_read_status: autoneg is disabled
08-24 14:26:18.950 17191 17191 F linker : CANNOT LINK EXECUTABLE "/vendor/bin/hw/sxrservice": library "vendor.qti.hardware.qxr-V1-ndk_platform.so" not found: needed by main executable
01-01 02:11:45.140 0 0 I init : Service 'sxrd' (pid 17191) exited with status 1
01-01 02:11:45.141 0 0 I init : Sending signal 9 to service 'sxrd' (pid 17191) process group...
01-01 02:11:45.141 0 0 I libprocessgroup: Successfully killed process cgroup uid 1000 pid 17191 in 0ms
08-24 14:26:18.958 17188 17188 F linker : CANNOT LINK EXECUTABLE "/vendor/bin/hw/qvrservice": library "vendor.qti.hardware.qxr-V1-ndk_platform.so" not found: needed by /vendor/lib64/libqvrservice.so in namespace (default)
01-01 02:11:45.149 0 0 I init : Service 'qvrd_vndr' (pid 17188) exited with status 1
01-01 02:11:45.149 0 0 I init : Sending signal 9 to service 'qvrd_vndr' (pid 17188) process group...
01-01 02:11:45.150 0 0 I libprocessgroup: Successfully killed process cgroup uid 1000 pid 17188 in 0ms
01-01 02:11:45.204 0 0 W logd : Skipping entries from slow reader, pid 1286, fd 14, from LogBuffer::Prune()
01-01 02:11:45.468 0 0 W logd : Skipping entries from slow reader, pid 1286, fd 14, from LogBuffer::Prune()
01-01 02:11:45.903 0 0 I IRQ 5 : no longer affine to CPU4
01-01 02:11:45.969 0 0 W logd : Skipping entries from slow reader, pid 1286, fd 14, from LogBuffer::Prune()
01-01 02:11:46.056 0 0 W logd : Skipping entries from slow reader, pid 1286, fd 14, from LogBuffer::Prune()
01-01 02:11:46.124 0 0 D : mv2112_read_status
01-01 02:11:46.124 0 0 D mv2112_update_link: 3.0x901(1G): 0x80
01-01 02:11:46.124 0 0 D mv2112_update_link: 3.0x8109(100M): 0x0
01-01 02:11:46.124 0 0 D mv2112_update_link: link 0x0
01-01 02:11:46.124 0 0 D mv2112_read_status: autoneg is disabled
01-01 02:11:46.334 0 0 W logd : Skipping entries from slow reader, pid 1286, fd 14, from LogBuffer::Prune()
01-01 02:11:46.610 0 0 W logd : Skipping entries from slow reader, pid 1286, fd 14, from LogBuffer::Prune()
01-01 02:11:46.979 0 0 W logd : Skipping entries from slow reader, pid 1286, fd 14, from LogBuffer::Prune()
01-01 02:11:47.147 0 0 D : mv2112_read_status
01-01 02:11:47.147 0 0 D mv2112_update_link: 3.0x901(1G): 0x80
01-01 02:11:47.147 0 0 D mv2112_update_link: 3.0x8109(100M): 0x0
01-01 02:11:47.147 0 0 D mv2112_update_link: link 0x0
01-01 02:11:47.147 0 0 D mv2112_read_status: autoneg is disabled
01-01 02:11:47.280 0 0 W logd : Skipping entries from slow reader, pid 1286, fd 14, from LogBuffer::Prune()
01-01 02:11:47.383 0 0 I IRQ 5 : no longer affine to CPU4
01-01 02:11:47.543 0 0 I IRQ 5 : no longer affine to CPU6
01-01 02:11:47.605 0 0 W logd : Skipping entries from slow reader, pid 1286, fd 14, from LogBuffer::Prune()
01-01 02:11:47.663 0 0 I IRQ 5 : no longer affine to CPU5
01-01 02:11:47.823 0 0 I IRQ 5 : no longer affine to CPU4
01-01 02:11:48.171 0 0 D : mv2112_read_status
01-01 02:11:48.171 0 0 D mv2112_update_link: 3.0x901(1G): 0x80
01-01 02:11:48.171 0 0 D mv2112_update_link: 3.0x8109(100M): 0x0
01-01 02:11:48.171 0 0 D mv2112_update_link: link 0x0
01-01 02:11:48.171 0 0 D mv2112_read_status: autoneg is disabled
01-01 02:11:48.904 0 0 I IRQ 5 : no longer affine to CPU6
01-01 02:11:49.195 0 0 D : mv2112_read_status
01-01 02:11:49.196 0 0 D mv2112_update_link: 3.0x901(1G): 0x80
01-01 02:11:49.196 0 0 D mv2112_update_link: 3.0x8109(100M): 0x0
01-01 02:11:49.196 0 0 D mv2112_update_link: link 0x0
01-01 02:11:49.196 0 0 D mv2112_read_status: autoneg is disabled
01-01 02:11:49.984 0 0 I IRQ 5 : no longer affine to CPU4
01-01 02:11:50.002 0 0 W logd : Skipping entries from slow reader, pid 1286, fd 14, from LogBuffer::Prune()
01-01 02:11:50.037 0 0 W logd : Skipping entries from slow reader, pid 1286, fd 14, from LogBuffer::Prune()
01-01 02:11:50.056 0 0 I init : starting service 'qvrd_vndr'...
01-01 02:11:50.059 0 0 I init : Created socket '/dev/socket/qvrservice_vndr', mode 660, user 1000, group 1000
01-01 02:11:50.062 0 0 I init : Created socket '/dev/socket/qvrservice_vndr_camera', mode 660, user 1000, group 1000
01-01 02:11:50.098 0 0 I init : starting service 'sxrd'...
01-01 02:11:50.157 0 0 I init : Service 'sxrd' (pid 18360) exited with status 1
01-01 02:11:50.157 0 0 I init : Sending signal 9 to service 'sxrd' (pid 18360) process group...
01-01 02:11:50.158 0 0 I libprocessgroup: Successfully killed process cgroup uid 1000 pid 18360 in 0ms
01-01 02:11:50.162 0 0 I init : Service 'qvrd_vndr' (pid 18355) exited with status 1
01-01 02:11:50.163 0 0 I init : Sending signal 9 to service 'qvrd_vndr' (pid 18355) process group...
01-01 02:11:50.163 0 0 I libprocessgroup: Successfully killed process cgroup uid 1000 pid 18355 in 0ms
01-01 02:11:50.219 0 0 D : mv2112_read_status
01-01 02:11:50.219 0 0 D mv2112_update_link: 3.0x901(1G): 0x80
01-01 02:11:50.219 0 0 D mv2112_update_link: 3.0x8109(100M): 0x0
01-01 02:11:50.219 0 0 D mv2112_update_link: link 0x0
01-01 02:11:50.219 0 0 D mv2112_read_status: autoneg is disabled
08-24 14:26:23.966 18355 18355 F linker : CANNOT LINK EXECUTABLE "/vendor/bin/hw/qvrservice": library "vendor.qti.hardware.qxr-V1-ndk_platform.so" not found: needed by /vendor/lib64/libqvrservice.so in namespace (default)
08-24 14:26:23.966 18360 18360 F linker : CANNOT LINK EXECUTABLE "/vendor/bin/hw/sxrservice": library "vendor.qti.hardware.qxr-V1-ndk_platform.so" not found: needed by main executable
01-01 02:11:50.325 0 0 W logd : Skipping entries from slow reader, pid 1286, fd 14, from LogBuffer::Prune()
01-01 02:11:50.563 0 0 I IRQ 5 : no longer affine to CPU4
01-01 02:11:50.725 0 0 W logd : Skipping entries from slow reader, pid 1286, fd 14, from LogBuffer::Prune()
01-01 02:11:51.198 0 0 W logd : Skipping entries from slow reader, pid 1286, fd 14, from LogBuffer::Prune()
01-01 02:11:51.243 0 0 D : mv2112_read_status
01-01 02:11:51.243 0 0 D mv2112_update_link: 3.0x901(1G): 0x80
01-01 02:11:51.243 0 0 D mv2112_update_link: 3.0x8109(100M): 0x0
01-01 02:11:51.243 0 0 D mv2112_update_link: link 0x0
01-01 02:11:51.243 0 0 D mv2112_read_status: autoneg is disabled
01-01 02:11:51.485 0 0 W logd : Skipping entries from slow reader, pid 1286, fd 14, from LogBuffer::Prune()
01-01 02:11:51.792 0 0 W logd : Skipping entries from slow reader, pid 1286, fd 14, from LogBuffer::Prune()
01-01 02:11:51.816 0 0 W logd : Skipping entries from slow reader, pid 1286, fd 14, from LogBuffer::Prune()
01-01 02:11:52.083 0 0 I IRQ 5 : no longer affine to CPU5
01-01 02:11:52.127 0 0 W logd : Skipping entries from slow reader, pid 1286, fd 14, from LogBuffer::Prune()
01-01 02:11:52.267 0 0 D : mv2112_read_status
01-01 02:11:52.268 0 0 D mv2112_update_link: 3.0x901(1G): 0x80
01-01 02:11:52.268 0 0 D mv2112_update_link: 3.0x8109(100M): 0x0
01-01 02:11:52.268 0 0 D mv2112_update_link: link 0x0
01-01 02:11:52.268 0 0 D mv2112_read_status: autoneg is disabled
01-01 02:11:52.323 0 0 I IRQ 5 : no longer affine to CPU4
01-01 02:11:52.470 0 0 W logd : Skipping entries from slow reader, pid 1286, fd 14, from LogBuffer::Prune()
01-01 02:11:53.291 0 0 D : mv2112_read_status
01-01 02:11:53.291 0 0 D mv2112_update_link: 3.0x901(1G): 0x80
01-01 02:11:53.291 0 0 D mv2112_update_link: 3.0x8109(100M): 0x0
01-01 02:11:53.291 0 0 D mv2112_update_link: link 0x0
01-01 02:11:53.291 0 0 D mv2112_read_status: autoneg is disabled
01-01 02:11:53.563 0 0 I IRQ 5 : no longer affine to CPU4
01-01 02:11:54.315 0 0 D : mv2112_read_status
01-01 02:11:54.315 0 0 D mv2112_update_link: 3.0x901(1G): 0x80
01-01 02:11:54.315 0 0 D mv2112_update_link: 3.0x8109(100M): 0x0
01-01 02:11:54.315 0 0 D mv2112_update_link: link 0x0
01-01 02:11:54.315 0 0 D mv2112_read_status: autoneg is disabled
01-01 02:11:55.023 0 0 I IRQ 5 : no longer affine to CPU6
01-01 02:11:55.087 0 0 I init : starting service 'qvrd_vndr'...
01-01 02:11:55.090 0 0 I init : Created socket '/dev/socket/qvrservice_vndr', mode 660, user 1000, group 1000
01-01 02:11:55.093 0 0 I init : Created socket '/dev/socket/qvrservice_vndr_camera', mode 660, user 1000, group 1000
01-01 02:11:55.125 0 0 I init : starting service 'sxrd'...
01-01 02:11:55.189 0 0 I init : Service 'qvrd_vndr' (pid 19543) exited with status 1
01-01 02:11:55.189 0 0 I init : Sending signal 9 to service 'qvrd_vndr' (pid 19543) process group...
01-01 02:11:55.190 0 0 I libprocessgroup: Successfully killed process cgroup uid 1000 pid 19543 in 0ms
01-01 02:11:55.195 0 0 I init : Service 'sxrd' (pid 19552) exited with status 1
01-01 02:11:55.195 0 0 I init : Sending signal 9 to service 'sxrd' (pid 19552) process group...
01-01 02:11:55.196 0 0 I libprocessgroup: Successfully killed process cgroup uid 1000 pid 19552 in 0ms
01-01 02:11:55.283 0 0 I IRQ 5 : no longer affine to CPU5
08-24 14:26:28.998 19543 19543 F linker : CANNOT LINK EXECUTABLE "/vendor/bin/hw/qvrservice": library "vendor.qti.hardware.qxr-V1-ndk_platform.so" not found: needed by /vendor/lib64/libqvrservice.so in namespace (default)
01-01 02:11:55.341 0 0 D : mv2112_read_status
01-01 02:11:55.341 0 0 D mv2112_update_link: 3.0x901(1G): 0x80
01-01 02:11:55.341 0 0 D mv2112_update_link: 3.0x8109(100M): 0x0
01-01 02:11:55.341 0 0 D mv2112_update_link: link 0x0
01-01 02:11:55.341 0 0 D mv2112_read_status: autoneg is disabled
08-24 14:26:29.001 19552 19552 F linker : CANNOT LINK EXECUTABLE "/vendor/bin/hw/sxrservice": library "vendor.qti.hardware.qxr-V1-ndk_platform.so" not found: needed by main executable
01-01 02:11:55.376 0 0 W logd : Skipping entries from slow reader, pid 1286, fd 14, from LogBuffer::Prune()
01-01 02:11:55.718 0 0 W logd : Skipping entries from slow reader, pid 1286, fd 14, from LogBuffer::Prune()
01-01 02:11:55.723 0 0 I IRQ 5 : no longer affine to CPU4
01-01 02:11:55.983 0 0 I IRQ 5 : no longer affine to CPU6
01-01 02:11:56.064 0 0 W logd : Skipping entries from slow reader, pid 1286, fd 14, from LogBuffer::Prune()
01-01 02:11:56.091 0 0 W logd : Skipping entries from slow reader, pid 1286, fd 14, from LogBuffer::Prune()
01-01 02:11:56.363 0 0 D : mv2112_read_status
01-01 02:11:56.363 0 0 D mv2112_update_link: 3.0x901(1G): 0x80
01-01 02:11:56.363 0 0 D mv2112_update_link: 3.0x8109(100M): 0x0
01-01 02:11:56.363 0 0 D mv2112_update_link: link 0x0
01-01 02:11:56.363 0 0 D mv2112_read_status: autoneg is disabled
01-01 02:11:56.410 0 0 W logd : Skipping entries from slow reader, pid 1286, fd 14, from LogBuffer::Prune()
01-01 02:11:56.743 0 0 W logd : Skipping entries from slow reader, pid 1286, fd 14, from LogBuffer::Prune()
01-01 02:11:57.094 0 0 W logd : Skipping entries from slow reader, pid 1286, fd 14, from LogBuffer::Prune()
01-01 02:11:57.388 0 0 D : mv2112_read_status
01-01 02:11:57.388 0 0 D mv2112_update_link: 3.0x901(1G): 0x80
01-01 02:11:57.388 0 0 D mv2112_update_link: 3.0x8109(100M): 0x0
01-01 02:11:57.388 0 0 D mv2112_update_link: link 0x0
01-01 02:11:57.388 0 0 D mv2112_read_status: autoneg is disabled
01-01 02:11:57.609 0 0 W logd : Skipping entries from slow reader, pid 1286, fd 14, from LogBuffer::Prune()
01-01 02:11:57.921 0 0 W logd : Skipping entries from slow reader, pid 1286, fd 14, from LogBuffer::Prune()
01-01 02:11:58.292 0 0 W logd : Skipping entries from slow reader, pid 1286, fd 14, from LogBuffer::Prune()
01-01 02:11:58.412 0 0 D : mv2112_read_status
01-01 02:11:58.412 0 0 D mv2112_update_link: 3.0x901(1G): 0x80
01-01 02:11:58.412 0 0 D mv2112_update_link: 3.0x8109(100M): 0x0
01-01 02:11:58.412 0 0 D mv2112_update_link: link 0x0
01-01 02:11:58.412 0 0 D mv2112_read_status: autoneg is disabled
01-01 02:11:59.363 0 0 I IRQ 5 : no longer affine to CPU6
01-01 02:11:59.435 0 0 D : mv2112_read_status
01-01 02:11:59.435 0 0 D mv2112_update_link: 3.0x901(1G): 0x80
01-01 02:11:59.436 0 0 D mv2112_update_link: 3.0x8109(100M): 0x0
01-01 02:11:59.436 0 0 D mv2112_update_link: link 0x0
01-01 02:11:59.436 0 0 D mv2112_read_status: autoneg is disabled
01-01 02:12:00.112 0 0 I init : starting service 'qvrd_vndr'...
01-01 02:12:00.117 0 0 I init : Created socket '/dev/socket/qvrservice_vndr', mode 660, user 1000, group 1000
01-01 02:12:00.123 0 0 I init : Created socket '/dev/socket/qvrservice_vndr_camera', mode 660, user 1000, group 1000
01-01 02:12:00.171 0 0 I init : starting service 'sxrd'...
01-01 02:12:00.227 0 0 I init : Service 'qvrd_vndr' (pid 20767) exited with status 1
01-01 02:12:00.227 0 0 I init : Sending signal 9 to service 'qvrd_vndr' (pid 20767) process group...
01-01 02:12:00.229 0 0 I libprocessgroup: Successfully killed process cgroup uid 1000 pid 20767 in 1ms
01-01 02:12:00.245 0 0 I init : Service 'sxrd' (pid 20779) exited with status 1
01-01 02:12:00.245 0 0 I init : Sending signal 9 to service 'sxrd' (pid 20779) process group...
01-01 02:12:00.246 0 0 I libprocessgroup: Successfully killed process cgroup uid 1000 pid 20779 in 0ms
08-24 14:26:34.036 20767 20767 F linker : CANNOT LINK EXECUTABLE "/vendor/bin/hw/qvrservice": library "vendor.qti.hardware.qxr-V1-ndk_platform.so" not found: needed by /vendor/lib64/libqvrservice.so in namespace (default)
08-24 14:26:34.054 20779 20779 F linker : CANNOT LINK EXECUTABLE "/vendor/bin/hw/sxrservice": library "vendor.qti.hardware.qxr-V1-ndk_platform.so" not found: needed by main executable
01-01 02:12:00.414 0 0 W logd : Skipping entries from slow reader, pid 1286, fd 14, from LogBuffer::Prune()
01-01 02:12:00.462 0 0 D : mv2112_read_status
01-01 02:12:00.462 0 0 D mv2112_update_link: 3.0x901(1G): 0x80
01-01 02:12:00.463 0 0 D mv2112_update_link: 3.0x8109(100M): 0x0
01-01 02:12:00.463 0 0 D mv2112_update_link: link 0x0
01-01 02:12:00.463 0 0 D mv2112_read_status: autoneg is disabled
01-01 02:12:00.559 0 0 W logd : Skipping entries from slow reader, pid 1286, fd 14, from LogBuffer::Prune()
01-01 02:12:00.899 0 0 W logd : Skipping entries from slow reader, pid 1286, fd 14, from LogBuffer::Prune()
01-01 02:12:00.923 0 0 I IRQ 5 : no longer affine to CPU5
01-01 02:12:01.483 0 0 D : mv2112_read_status
01-01 02:12:01.483 0 0 D mv2112_update_link: 3.0x901(1G): 0x80
01-01 02:12:01.483 0 0 D mv2112_update_link: 3.0x8109(100M): 0x0
01-01 02:12:01.483 0 0 D mv2112_update_link: link 0x0
01-01 02:12:01.483 0 0 D mv2112_read_status: autoneg is disabled
01-01 02:12:01.584 0 0 W logd : Skipping entries from slow reader, pid 1286, fd 14, from LogBuffer::Prune()
01-01 02:12:01.920 0 0 W logd : Skipping entries from slow reader, pid 1286, fd 14, from LogBuffer::Prune()
01-01 02:12:02.145 0 0 W logd : Skipping entries from slow reader, pid 1286, fd 14, from LogBuffer::Prune()
01-01 02:12:02.461 0 0 W logd : Skipping entries from slow reader, pid 1286, fd 14, from LogBuffer::Prune()
01-01 02:12:02.507 0 0 D : mv2112_read_status
01-01 02:12:02.507 0 0 D mv2112_update_link: 3.0x901(1G): 0x80
01-01 02:12:02.507 0 0 D mv2112_update_link: 3.0x8109(100M): 0x0
01-01 02:12:02.507 0 0 D mv2112_update_link: link 0x0
