08-24 13:45:07.235 1151 1151 I SystemServerTiming: OnBootPhase_550_com.android.server.pm.CrossProfileAppsService
08-24 13:45:07.235 1151 1151 D SystemServerTiming: OnBootPhase_550_com.android.server.pm.CrossProfileAppsService took to complete: 0ms
08-24 13:45:07.235 1151 1151 I SystemServerTiming: OnBootPhase_550_com.android.server.people.PeopleService
08-24 13:45:07.235 1151 1151 D SystemServerTiming: OnBootPhase_550_com.android.server.people.PeopleService took to complete: 0ms
08-24 13:45:07.236 1151 1151 I SystemServerTiming: OnBootPhase_550_com.android.server.media.metrics.MediaMetricsManagerService
08-24 13:45:07.236 1151 1689 I UsbPortManager: USB port added: port=UsbPort{id=, supportedModes=nonesupportedContaminantProtectionModes=0supportsEnableContaminantPresenceProtection=falsesupportsEnableContaminantPresenceDetection=false, status=UsbPortStatus{connected=false, currentMode=none, currentPowerRole=no-power, currentDataRole=no-data, supportedRoleCombinations=[no-power:no-data], contaminantDetectionStatus=0, contaminantProtectionStatus=0}, canChangeMode=false, canChangePowerRole=false, canChangeDataRole=false, connectedAtMillis=0, lastConnectDurationMillis=0
08-24 13:45:07.236 1151 1151 D SystemServerTiming: OnBootPhase_550_com.android.server.media.metrics.MediaMetricsManagerService took to complete: 0ms
08-24 13:45:07.236 1151 1151 I SystemServerTiming: OnBootPhase_550_com.android.server.media.projection.MediaProjectionManagerService
08-24 13:45:07.236 1151 1151 D SystemServerTiming: OnBootPhase_550_com.android.server.media.projection.MediaProjectionManagerService took to complete: 0ms
08-24 13:45:07.236 1151 1151 I SystemServerTiming: OnBootPhase_550_com.android.server.slice.SliceManagerService$Lifecycle
08-24 13:45:07.236 1151 1151 D SystemServerTiming: OnBootPhase_550_com.android.server.slice.SliceManagerService$Lifecycle took to complete: 0ms
08-24 13:45:07.236 1151 1151 I SystemServerTiming: OnBootPhase_550_com.android.server.stats.StatsCompanion$Lifecycle
08-24 13:45:07.236 1151 1151 D SystemServerTiming: OnBootPhase_550_com.android.server.stats.StatsCompanion$Lifecycle took to complete: 0ms
08-24 13:45:07.236 1151 1151 I SystemServerTiming: OnBootPhase_550_com.android.server.scheduling.RebootReadinessManagerService$Lifecycle
08-24 13:45:07.236 1151 1151 D SystemServerTiming: OnBootPhase_550_com.android.server.scheduling.RebootReadinessManagerService$Lifecycle took to complete: 0ms
08-24 13:45:07.237 1151 1151 I SystemServerTiming: OnBootPhase_550_com.android.server.stats.pull.StatsPullAtomService
08-24 13:45:07.237 1151 1151 D SystemServerTiming: OnBootPhase_550_com.android.server.stats.pull.StatsPullAtomService took to complete: 0ms
08-24 13:45:07.237 1151 1151 I SystemServerTiming: OnBootPhase_550_com.android.server.incident.IncidentCompanionService
08-24 13:45:07.237 1151 1151 D SystemServerTiming: OnBootPhase_550_com.android.server.incident.IncidentCompanionService took to complete: 0ms
08-24 13:45:07.237 1151 1151 I SystemServerTiming: OnBootPhase_550_com.android.server.MmsServiceBroker
08-24 13:45:07.237 1151 1151 D SystemServerTiming: OnBootPhase_550_com.android.server.MmsServiceBroker took to complete: 0ms
08-24 13:45:07.237 1151 1151 I SystemServerTiming: OnBootPhase_550_com.android.server.autofill.AutofillManagerService
08-24 13:45:07.237 1151 1151 D SystemServerTiming: OnBootPhase_550_com.android.server.autofill.AutofillManagerService took to complete: 0ms
08-24 13:45:07.237 1151 1151 I SystemServerTiming: OnBootPhase_550_com.android.server.clipboard.ClipboardService
08-24 13:45:07.237 1151 1151 D SystemServerTiming: OnBootPhase_550_com.android.server.clipboard.ClipboardService took to complete: 0ms
08-24 13:45:07.237 1151 1151 I SystemServerTiming: OnBootPhase_550_com.android.server.appbinding.AppBindingService$Lifecycle
08-24 13:45:07.238 1151 1151 I AppBindingService: Updating constants with: null
08-24 13:45:07.238 1151 1151 D SystemServerTiming: OnBootPhase_550_com.android.server.appbinding.AppBindingService$Lifecycle took to complete: 0ms
08-24 13:45:07.238 1151 1151 I SystemServerTiming: OnBootPhase_550_com.android.server.tracing.TracingServiceProxy
08-24 13:45:07.238 1151 1151 D SystemServerTiming: OnBootPhase_550_com.android.server.tracing.TracingServiceProxy took to complete: 0ms
08-24 13:45:07.238 1151 1151 I SystemServerTiming: OnBootPhase_550_com.android.server.policy.PermissionPolicyService
08-24 13:45:07.241 1151 1689 D CompatibilityChangeReporter: Compat change id reported: 135634846; UID 10098; state: DISABLED
08-24 13:45:07.241 1151 1689 D CompatibilityChangeReporter: Compat change id reported: 177438394; UID 10098; state: DISABLED
08-24 13:45:07.241 1151 1689 D CompatibilityChangeReporter: Compat change id reported: 135772972; UID 10098; state: DISABLED
08-24 13:45:07.241 1151 1689 D CompatibilityChangeReporter: Compat change id reported: 135754954; UID 10098; state: DISABLED
08-24 13:45:07.276 1151 1704 I ActivityManager: Start proc 2215:com.android.systemui/u0a87 for service {com.android.systemui/com.android.systemui.ImageWallpaper}
08-24 13:45:07.277 1151 1704 W ActivityManager: Slow operation: 51ms so far, now at startProcess: done updating pids map
08-24 13:45:07.278 1151 1704 D CompatibilityChangeReporter: Compat change id reported: 143937733; UID 10098; state: DISABLED
08-24 13:45:07.278 1151 1704 W ActivityManager: com.android.permissioncontroller inode == 0 (b/152760674)
08-24 13:45:07.280 1151 2159 D CompatibilityChangeReporter: Compat change id reported: 168419799; UID 1002; state: DISABLED
08-24 13:45:07.337 1151 1704 W ActivityManager: Slow operation: 96ms so far, now at startProcess: returned from zygote!
08-24 13:45:07.412 1151 1704 W ActivityManager: Slow operation: 171ms so far, now at startProcess: done updating battery stats
08-24 13:45:07.412 1151 1704 W ActivityManager: Slow operation: 172ms so far, now at startProcess: building log message
08-24 13:45:07.412 1151 1704 I ActivityManager: Start proc 2232:com.android.permissioncontroller/u0a98 for service {com.android.permissioncontroller/com.android.permissioncontroller.permission.service.PermissionControllerServiceImpl}
08-24 13:45:07.412 1151 1704 W ActivityManager: Slow operation: 172ms so far, now at startProcess: starting to update pids map
08-24 13:45:07.413 1151 1704 W ActivityManager: Slow operation: 172ms so far, now at startProcess: done updating pids map
08-24 13:45:07.415 1151 1649 D CompatibilityChangeReporter: Compat change id reported: 168419799; UID 10087; state: DISABLED
08-24 13:45:07.427 1151 2159 D CompatibilityChangeReporter: Compat change id reported: 168419799; UID 10098; state: DISABLED
08-24 13:45:07.483 1151 1856 W StorageManagerService: No primary storage defined yet; hacking together a stub
08-24 13:45:07.503 1151 1856 D PackageManager: Instant App installer not found with android.intent.action.INSTALL_INSTANT_APP_PACKAGE
08-24 13:45:07.503 1151 1856 D PackageManager: Clear ephemeral installer activity
08-24 13:45:07.694 1151 2275 D CompatibilityChangeReporter: Compat change id reported: 171306433; UID 1000; state: ENABLED
08-24 13:45:07.729 2215 2215 W OneHandedController: Device doesn't support OneHanded feature
08-24 13:45:07.808 1151 1151 V StorageManagerService: Package null has legacy storage
08-24 13:45:07.809 1151 1151 V StorageManagerService: Package null has legacy storage
08-24 13:45:07.811 1151 1151 V StorageManagerService: Package null does not have legacy storage
08-24 13:45:07.812 1151 1151 V StorageManagerService: Package null does not have legacy storage
08-24 13:45:07.812 1151 1151 V StorageManagerService: Package null does not have legacy storage
08-24 13:45:07.813 1151 1151 V StorageManagerService: Package null does not have legacy storage
08-24 13:45:07.814 1151 1151 V StorageManagerService: Package null does not have legacy storage
08-24 13:45:07.815 1151 1151 V StorageManagerService: Package null does not have legacy storage
08-24 13:45:07.815 1151 1151 V StorageManagerService: Package null does not have legacy storage
08-24 13:45:07.816 1151 1151 V StorageManagerService: Package null does not have legacy storage
08-24 13:45:07.819 1151 1151 V StorageManagerService: Package null does not have legacy storage
08-24 13:45:07.819 1151 1151 V StorageManagerService: Package null does not have legacy storage
08-24 13:45:07.819 1151 1151 V StorageManagerService: Package null does not have legacy storage
08-24 13:45:07.819 1151 1151 V StorageManagerService: Package null does not have legacy storage
08-24 13:45:07.819 1151 1151 V StorageManagerService: Package null does not have legacy storage
08-24 13:45:07.820 1151 1151 V StorageManagerService: Package null does not have legacy storage
08-24 13:45:07.820 1151 1151 V StorageManagerService: Package null does not have legacy storage
08-24 13:45:07.820 1151 1151 V StorageManagerService: Package null does not have legacy storage
08-24 13:45:07.820 1151 1151 V StorageManagerService: Package null does not have legacy storage
08-24 13:45:07.821 1151 1151 V StorageManagerService: Package null does not have legacy storage
08-24 13:45:07.821 1151 1151 V StorageManagerService: Package null does not have legacy storage
08-24 13:45:07.821 1151 1151 V StorageManagerService: Package null does not have legacy storage
08-24 13:45:07.821 1151 1151 V StorageManagerService: Package null does not have legacy storage
08-24 13:45:07.821 1151 1151 I PackageManager: Permission ownership changed. Updating all permissions.
08-24 13:45:07.843 1151 1151 W SystemServiceManager: Service com.android.server.policy.PermissionPolicyService took 606 ms in onBootPhase
08-24 13:45:07.843 1151 1151 D SystemServerTiming: OnBootPhase_550_com.android.server.policy.PermissionPolicyService took to complete: 605ms
08-24 13:45:07.844 1151 1151 I SystemServerTiming: OnBootPhase_550_com.android.server.pm.StagingManager$Lifecycle
08-24 13:45:07.844 1151 1151 D SystemServerTiming: OnBootPhase_550_com.android.server.pm.StagingManager$Lifecycle took to complete: 0ms
08-24 13:45:07.844 1151 1151 I SystemServerTiming: OnBootPhase_550_com.android.server.app.GameManagerService$Lifecycle
08-24 13:45:07.844 1151 1151 D SystemServerTiming: OnBootPhase_550_com.android.server.app.GameManagerService$Lifecycle took to complete: 0ms
08-24 13:45:07.844 1151 1151 I SystemServerTiming: OnBootPhase_550_com.android.server.appsearch.AppSearchManagerService
08-24 13:45:07.844 1151 1151 D SystemServerTiming: OnBootPhase_550_com.android.server.appsearch.AppSearchManagerService took to complete: 0ms
08-24 13:45:07.844 1151 1151 I SystemServerTiming: OnBootPhase_550_com.android.server.media.MediaCommunicationService
08-24 13:45:07.844 1151 1151 D SystemServerTiming: OnBootPhase_550_com.android.server.media.MediaCommunicationService took to complete: 0ms
08-24 13:45:07.844 1151 1151 D SystemServerTiming: OnBootPhase_550 took to complete: 693ms
08-24 13:45:07.844 1151 1151 D SystemServerTiming: StartActivityManagerReadyPhase took to complete: 693ms
08-24 13:45:07.844 1151 1151 I SystemServerTiming: StartObservingNativeCrashes
08-24 13:45:07.845 1151 1151 D SystemServerTiming: StartObservingNativeCrashes took to complete: 0ms
08-24 13:45:07.845 1151 1151 I SystemServerTiming: RegisterAppOpsPolicy
08-24 13:45:07.848 1151 1151 D SystemServerTiming: RegisterAppOpsPolicy took to complete: 3ms
08-24 13:45:07.848 1151 1151 I SystemServerTiming: MakeNetworkManagementServiceReady
08-24 13:45:07.848 1151 1789 I SystemServerTimingAsync: InitThreadPoolExec:WebViewFactoryPreparation
08-24 13:45:07.849 1151 1789 D SystemServerInitThreadPool: Started executing WebViewFactoryPreparation
08-24 13:45:07.850 1151 1789 I SystemServer: WebViewFactoryPreparation
08-24 13:45:07.850 1151 1789 I SystemServerTimingAsync: WebViewFactoryPreparation
08-24 13:45:07.851 1151 1789 D CompatibilityChangeReporter: Compat change id reported: 135634846; UID 1000; state: DISABLED
08-24 13:45:07.851 1151 1789 D CompatibilityChangeReporter: Compat change id reported: 177438394; UID 1000; state: DISABLED
08-24 13:45:07.852 1151 1789 D CompatibilityChangeReporter: Compat change id reported: 135772972; UID 1000; state: DISABLED
08-24 13:45:07.852 1151 1789 D CompatibilityChangeReporter: Compat change id reported: 178038272; UID 1000; state: DISABLED
08-24 13:45:07.852 1151 1704 W ActivityManager: com.android.providers.settings inode == 0 (b/152760674)
08-24 13:45:07.853 1151 1789 D SystemServerTimingAsync: WebViewFactoryPreparation took to complete: 3ms
08-24 13:45:07.853 1151 1789 D SystemServerInitThreadPool: Finished executing WebViewFactoryPreparation
08-24 13:45:07.853 1151 1789 D SystemServerTimingAsync: InitThreadPoolExec:WebViewFactoryPreparation took to complete: 3ms
08-24 13:45:07.858 1151 1151 D SystemServerTiming: MakeNetworkManagementServiceReady took to complete: 10ms
08-24 13:45:07.858 1151 1151 I SystemServerTiming: MakeIpSecServiceReady
08-24 13:45:07.861 1151 2135 W NetworkPolicy: setRestrictBackgroundUL: already false
08-24 13:45:07.869 1151 2302 W OverlayManager: service 'idmap' died
08-24 13:45:07.869 1151 1151 D IpSecService: IpSecService is ready
08-24 13:45:07.869 1151 1151 D SystemServerTiming: MakeIpSecServiceReady took to complete: 11ms
08-24 13:45:07.869 1151 1151 I SystemServerTiming: MakeNetworkStatsServiceReady
08-24 13:45:07.870 1151 1713 W BatteryExternalStatsWorker: error reading modem stats:ERROR_PHONE_NOT_AVAILABLE
08-24 13:45:07.876 1151 2275 D PackageManager: Instant App installer not found with android.intent.action.INSTALL_INSTANT_APP_PACKAGE
08-24 13:45:07.876 1151 2275 D PackageManager: Clear ephemeral installer activity
08-24 13:45:07.887 1151 2135 D TelephonyRegistry: listen oscl: mHasNotifySubscriptionInfoChangedOccurred==false no callback
08-24 13:45:07.893 1151 2134 D TelephonyRegistry: listen oscl: mHasNotifySubscriptionInfoChangedOccurred==false no callback
08-24 13:45:07.899 1151 1151 D SystemServerTiming: MakeNetworkStatsServiceReady took to complete: 30ms
08-24 13:45:07.899 1151 1151 I SystemServerTiming: MakeConnectivityServiceReady
08-24 13:45:07.917 1151 2275 D TelephonyRegistry: listen oscl: mHasNotifySubscriptionInfoChangedOccurred==false no callback
08-24 13:45:07.923 1151 1151 D SystemServerTiming: MakeConnectivityServiceReady took to complete: 23ms
08-24 13:45:07.923 1151 1151 I SystemServerTiming: MakeVpnManagerServiceReady
08-24 13:45:07.936 1151 1151 D SystemServerTiming: MakeVpnManagerServiceReady took to complete: 13ms
08-24 13:45:07.936 1151 1151 I SystemServerTiming: MakeVcnManagementServiceReady
08-24 13:45:07.938 1151 1151 D TelephonyRegistry: listen oscl: mHasNotifySubscriptionInfoChangedOccurred==false no callback
08-24 13:45:07.943 1151 1151 D SystemServerTiming: MakeVcnManagementServiceReady took to complete: 8ms
08-24 13:45:07.944 1151 1151 I SystemServerTiming: MakeNetworkPolicyServiceReady
08-24 13:45:07.944 1151 1151 D SystemServerTiming: MakeNetworkPolicyServiceReady took to complete: 0ms
08-24 13:45:07.944 1151 1151 I SystemServerTiming: PhaseThirdPartyAppsCanStart
08-24 13:45:07.945 1151 1151 I SystemServiceManager: Starting phase 600
08-24 13:45:07.945 1151 1151 I SystemServerTiming: OnBootPhase_600
08-24 13:45:07.945 1151 1151 I SystemServerTiming: OnBootPhase_600_com.android.server.security.FileIntegrityService
08-24 13:45:07.945 1151 1151 D SystemServerTiming: OnBootPhase_600_com.android.server.security.FileIntegrityService took to complete: 0ms
08-24 13:45:07.945 1151 1151 I SystemServerTiming: OnBootPhase_600_com.android.server.pm.Installer
08-24 13:45:07.945 1151 1151 D SystemServerTiming: OnBootPhase_600_com.android.server.pm.Installer took to complete: 0ms
08-24 13:45:07.945 1151 1151 I SystemServerTiming: OnBootPhase_600_com.android.server.os.DeviceIdentifiersPolicyService
08-24 13:45:07.945 1151 1151 D SystemServerTiming: OnBootPhase_600_com.android.server.os.DeviceIdentifiersPolicyService took to complete: 0ms
08-24 13:45:07.945 1151 1151 I SystemServerTiming: OnBootPhase_600_com.android.server.uri.UriGrantsManagerService$Lifecycle
08-24 13:45:07.945 1151 1151 D SystemServerTiming: OnBootPhase_600_com.android.server.uri.UriGrantsManagerService$Lifecycle took to complete: 0ms
08-24 13:45:07.946 1151 1151 I SystemServerTiming: OnBootPhase_600_com.android.server.powerstats.PowerStatsService
08-24 13:45:07.946 1151 1151 D SystemServerTiming: OnBootPhase_600_com.android.server.powerstats.PowerStatsService took to complete: 0ms
08-24 13:45:07.946 1151 1151 I SystemServerTiming: OnBootPhase_600_com.android.server.wm.ActivityTaskManagerService$Lifecycle
08-24 13:45:07.946 1151 1151 D SystemServerTiming: OnBootPhase_600_com.android.server.wm.ActivityTaskManagerService$Lifecycle took to complete: 0ms
08-24 13:45:07.946 1151 1151 I SystemServerTiming: OnBootPhase_600_com.android.server.am.ActivityManagerService$Lifecycle
08-24 13:45:07.947 1151 1151 I ExplicitHealthCheckController: Explicit health checks enabled.
08-24 13:45:07.947 1151 1151 I PackageWatchdog: Syncing state, reason: health check state enabled
08-24 13:45:07.947 1151 1151 I PackageWatchdog: Not pruning observers, elapsed time: 0ms
08-24 13:45:07.948 1151 1151 I PackageWatchdog: Cancelling state sync, nothing to sync
08-24 13:45:07.948 1151 1151 D SystemServerTiming: OnBootPhase_600_com.android.server.am.ActivityManagerService$Lifecycle took to complete: 2ms
08-24 13:45:07.948 1151 1151 I SystemServerTiming: OnBootPhase_600_com.android.server.pm.DataLoaderManagerService
08-24 13:45:07.948 1151 1151 D SystemServerTiming: OnBootPhase_600_com.android.server.pm.DataLoaderManagerService took to complete: 0ms
08-24 13:45:07.948 1151 1151 I SystemServerTiming: OnBootPhase_600_com.android.server.power.PowerManagerService
08-24 13:45:07.949 1151 1151 D SystemServerTiming: OnBootPhase_600_com.android.server.power.PowerManagerService took to complete: 1ms
08-24 13:45:07.949 1151 1151 I SystemServerTiming: OnBootPhase_600_com.android.server.power.ThermalManagerService
08-24 13:45:07.949 1151 1151 D SystemServerTiming: OnBootPhase_600_com.android.server.power.ThermalManagerService took to complete: 0ms
08-24 13:45:07.949 1151 1151 I SystemServerTiming: OnBootPhase_600_com.android.server.power.hint.HintManagerService
08-24 13:45:07.949 1151 1151 D SystemServerTiming: OnBootPhase_600_com.android.server.power.hint.HintManagerService took to complete: 0ms
08-24 13:45:07.949 1151 1151 I SystemServerTiming: OnBootPhase_600_com.android.server.recoverysystem.RecoverySystemService$Lifecycle
08-24 13:45:07.949 1151 1151 D SystemServerTiming: OnBootPhase_600_com.android.server.recoverysystem.RecoverySystemService$Lifecycle took to complete: 0ms
08-24 13:45:07.949 1151 1151 I SystemServerTiming: OnBootPhase_600_com.android.server.lights.LightsService
08-24 13:45:07.950 1151 1151 D SystemServerTiming: OnBootPhase_600_com.android.server.lights.LightsService took to complete: 0ms
08-24 13:45:07.950 1151 1151 I SystemServerTiming: OnBootPhase_600_com.android.server.display.DisplayManagerService
08-24 13:45:07.950 1151 1151 D SystemServerTiming: OnBootPhase_600_com.android.server.display.DisplayManagerService took to complete: 0ms
08-24 13:45:07.950 1151 1151 I SystemServerTiming: OnBootPhase_600_com.android.server.pm.verify.domain.DomainVerificationService
08-24 13:45:07.950 1151 1151 D SystemServerTiming: OnBootPhase_600_com.android.server.pm.verify.domain.DomainVerificationService took to complete: 0ms
08-24 13:45:07.950 1151 1151 I SystemServerTiming: OnBootPhase_600_com.android.server.pm.PackageInstallerService$Lifecycle
08-24 13:45:07.950 1151 1151 D SystemServerTiming: OnBootPhase_600_com.android.server.pm.PackageInstallerService$Lifecycle took to complete: 0ms
08-24 13:45:07.951 1151 1151 I SystemServerTiming: OnBootPhase_600_com.android.server.pm.UserManagerService$LifeCycle
08-24 13:45:07.951 1151 1151 D SystemServerTiming: OnBootPhase_600_com.android.server.pm.UserManagerService$LifeCycle took to complete: 0ms
08-24 13:45:07.951 1151 1151 I SystemServerTiming: OnBootPhase_600_com.android.server.om.OverlayManagerService
08-24 13:45:07.951 1151 1151 D SystemServerTiming: OnBootPhase_600_com.android.server.om.OverlayManagerService took to complete: 0ms
08-24 13:45:07.951 1151 1151 I SystemServerTiming: OnBootPhase_600_com.android.server.SensorPrivacyService
08-24 13:45:07.951 1151 1151 D SystemServerTiming: OnBootPhase_600_com.android.server.SensorPrivacyService took to complete: 0ms
08-24 13:45:07.951 1151 1151 I SystemServerTiming: OnBootPhase_600_com.android.server.sensors.SensorService
08-24 13:45:07.951 1151 1151 D SystemServerTiming: OnBootPhase_600_com.android.server.sensors.SensorService took to complete: 0ms
08-24 13:45:07.951 1151 1151 I SystemServerTiming: OnBootPhase_600_com.android.server.SystemConfigService
08-24 13:45:07.951 1151 1151 D SystemServerTiming: OnBootPhase_600_com.android.server.SystemConfigService took to complete: 0ms
08-24 13:45:07.952 1151 1151 I SystemServerTiming: OnBootPhase_600_com.android.server.BatteryService
08-24 13:45:07.952 1151 1151 D SystemServerTiming: OnBootPhase_600_com.android.server.BatteryService took to complete: 0ms
08-24 13:45:07.952 1151 1151 I SystemServerTiming: OnBootPhase_600_com.android.server.usage.UsageStatsService
08-24 13:45:07.952 1151 1151 D SystemServerTiming: OnBootPhase_600_com.android.server.usage.UsageStatsService took to complete: 0ms
08-24 13:45:07.952 1151 1151 I SystemServerTiming: OnBootPhase_600_com.android.server.webkit.WebViewUpdateService
08-24 13:45:07.952 1151 1151 D SystemServerTiming: OnBootPhase_600_com.android.server.webkit.WebViewUpdateService took to complete: 0ms
08-24 13:45:07.952 1151 1151 I SystemServerTiming: OnBootPhase_600_com.android.server.CachedDeviceStateService
08-24 13:45:07.952 1151 1151 D SystemServerTiming: OnBootPhase_600_com.android.server.CachedDeviceStateService took to complete: 0ms
08-24 13:45:07.952 1151 1151 I SystemServerTiming: OnBootPhase_600_com.android.server.BinderCallsStatsService$LifeCycle
08-24 13:45:07.952 1151 1151 D SystemServerTiming: OnBootPhase_600_com.android.server.BinderCallsStatsService$LifeCycle took to complete: 0ms
08-24 13:45:07.952 1151 1151 I SystemServerTiming: OnBootPhase_600_com.android.server.LooperStatsService$Lifecycle
08-24 13:45:07.952 1151 1151 D SystemServerTiming: OnBootPhase_600_com.android.server.LooperStatsService$Lifecycle took to complete: 0ms
08-24 13:45:07.953 1151 1151 I SystemServerTiming: OnBootPhase_600_com.android.server.rollback.RollbackManagerService
08-24 13:45:07.953 1151 1151 D SystemServerTiming: OnBootPhase_600_com.android.server.rollback.RollbackManagerService took to complete: 0ms
08-24 13:45:07.953 1151 1151 I SystemServerTiming: OnBootPhase_600_com.android.server.os.NativeTombstoneManagerService
08-24 13:45:07.953 1151 1151 D SystemServerTiming: OnBootPhase_600_com.android.server.os.NativeTombstoneManagerService took to complete: 0ms
08-24 13:45:07.953 1151 1151 I SystemServerTiming: OnBootPhase_600_com.android.server.os.BugreportManagerService
08-24 13:45:07.953 1151 1151 D SystemServerTiming: OnBootPhase_600_com.android.server.os.BugreportManagerService took to complete: 0ms
08-24 13:45:07.953 1151 1151 I SystemServerTiming: OnBootPhase_600_com.android.server.gpu.GpuService
08-24 13:45:07.953 1151 1151 D SystemServerTiming: OnBootPhase_600_com.android.server.gpu.GpuService took to complete: 0ms
08-24 13:45:07.953 1151 1151 I SystemServerTiming: OnBootPhase_600_com.android.server.security.KeyChainSystemService
08-24 13:45:07.953 1151 1151 D SystemServerTiming: OnBootPhase_600_com.android.server.security.KeyChainSystemService took to complete: 0ms
08-24 13:45:07.953 1151 1151 I SystemServerTiming: OnBootPhase_600_com.android.server.telecom.TelecomLoaderService
08-24 13:45:07.953 1151 1151 D SystemServerTiming: OnBootPhase_600_com.android.server.telecom.TelecomLoaderService took to complete: 0ms
08-24 13:45:07.954 1151 1151 I SystemServerTiming: OnBootPhase_600_com.android.server.accounts.AccountManagerService$Lifecycle
08-24 13:45:07.954 1151 1151 D SystemServerTiming: OnBootPhase_600_com.android.server.accounts.AccountManagerService$Lifecycle took to complete: 0ms
08-24 13:45:07.954 1151 1151 I SystemServerTiming: OnBootPhase_600_com.android.server.content.ContentService$Lifecycle
08-24 13:45:07.954 1151 1151 D SystemServerTiming: OnBootPhase_600_com.android.server.content.ContentService$Lifecycle took to complete: 0ms
08-24 13:45:07.954 1151 1151 I SystemServerTiming: OnBootPhase_600_com.android.server.DropBoxManagerService
08-24 13:45:07.954 1151 1151 D SystemServerTiming: OnBootPhase_600_com.android.server.DropBoxManagerService took to complete: 0ms
08-24 13:45:07.954 1151 1151 I SystemServerTiming: OnBootPhase_600_com.android.role.RoleService
08-24 13:45:07.954 1151 1151 D SystemServerTiming: OnBootPhase_600_com.android.role.RoleService took to complete: 0ms
08-24 13:45:07.954 1151 1151 I SystemServerTiming: OnBootPhase_600_com.android.server.vibrator.VibratorManagerService$Lifecycle
08-24 13:45:07.954 1151 1151 D SystemServerTiming: OnBootPhase_600_com.android.server.vibrator.VibratorManagerService$Lifecycle took to complete: 0ms
08-24 13:45:07.954 1151 1151 I SystemServerTiming: OnBootPhase_600_com.android.server.alarm.AlarmManagerService
08-24 13:45:07.954 1151 1151 D SystemServerTiming: OnBootPhase_600_com.android.server.alarm.AlarmManagerService took to complete: 0ms
08-24 13:45:07.955 1151 1151 I SystemServerTiming: OnBootPhase_600_com.android.server.devicestate.DeviceStateManagerService
08-24 13:45:07.955 1151 1151 D SystemServerTiming: OnBootPhase_600_com.android.server.devicestate.DeviceStateManagerService took to complete: 0ms
08-24 13:45:07.955 1151 1151 I SystemServerTiming: OnBootPhase_600_com.android.server.camera.CameraServiceProxy
08-24 13:45:07.955 1151 1151 D SystemServerTiming: OnBootPhase_600_com.android.server.camera.CameraServiceProxy took to complete: 0ms
08-24 13:45:07.955 1151 1151 I SystemServerTiming: OnBootPhase_600_com.android.server.BluetoothService
08-24 13:45:07.955 1151 1151 D SystemServerTiming: OnBootPhase_600_com.android.server.BluetoothService took to complete: 0ms
08-24 13:45:07.955 1151 1151 I SystemServerTiming: OnBootPhase_600_com.android.server.connectivity.IpConnectivityMetrics
08-24 13:45:07.955 1151 1151 D SystemServerTiming: OnBootPhase_600_com.android.server.connectivity.IpConnectivityMetrics took to complete: 0ms
08-24 13:45:07.955 1151 1151 I SystemServerTiming: OnBootPhase_600_com.android.server.net.watchlist.NetworkWatchlistService$Lifecycle
08-24 13:45:07.955 1151 1151 D SystemServerTiming: OnBootPhase_600_com.android.server.net.watchlist.NetworkWatchlistService$Lifecycle took to complete: 0ms
08-24 13:45:07.955 1151 1151 I SystemServerTiming: OnBootPhase_600_com.android.server.PinnerService
08-24 13:45:07.955 1151 1151 D SystemServerTiming: OnBootPhase_600_com.android.server.PinnerService took to complete: 0ms
08-24 13:45:07.956 1151 1151 I SystemServerTiming: OnBootPhase_600_com.google.android.startop.iorap.IorapForwardingService
08-24 13:45:07.956 1151 1151 D SystemServerTiming: OnBootPhase_600_com.google.android.startop.iorap.IorapForwardingService took to complete: 0ms
08-24 13:45:07.956 1151 1151 I SystemServerTiming: OnBootPhase_600_com.android.server.ActivityTriggerService
08-24 13:45:07.956 1151 1151 D SystemServerTiming: OnBootPhase_600_com.android.server.ActivityTriggerService took to complete: 0ms
08-24 13:45:07.956 1151 1151 I SystemServerTiming: OnBootPhase_600_com.android.server.integrity.AppIntegrityManagerService
08-24 13:45:07.956 1151 1151 D SystemServerTiming: OnBootPhase_600_com.android.server.integrity.AppIntegrityManagerService took to complete: 0ms
08-24 13:45:07.956 1151 1151 I SystemServerTiming: OnBootPhase_600_com.android.server.inputmethod.InputMethodManagerService$Lifecycle
08-24 13:45:07.956 1151 1151 D SystemServerTiming: OnBootPhase_600_com.android.server.inputmethod.InputMethodManagerService$Lifecycle took to complete: 0ms
08-24 13:45:07.956 1151 1151 I SystemServerTiming: OnBootPhase_600_com.android.server.accessibility.AccessibilityManagerService$Lifecycle
08-24 13:45:07.956 1151 1151 D SystemServerTiming: OnBootPhase_600_com.android.server.accessibility.AccessibilityManagerService$Lifecycle took to complete: 0ms
08-24 13:45:07.957 1151 1151 I SystemServerTiming: OnBootPhase_600_com.android.server.StorageManagerService$Lifecycle
08-24 13:45:07.957 1151 1151 D SystemServerTiming: OnBootPhase_600_com.android.server.StorageManagerService$Lifecycle took to complete: 0ms
08-24 13:45:07.957 1151 1151 I SystemServerTiming: OnBootPhase_600_com.android.server.usage.StorageStatsService$Lifecycle
08-24 13:45:07.957 1151 1151 D SystemServerTiming: OnBootPhase_600_com.android.server.usage.StorageStatsService$Lifecycle took to complete: 0ms
08-24 13:45:07.957 1151 1151 I SystemServerTiming: OnBootPhase_600_com.android.server.UiModeManagerService
08-24 13:45:07.957 1151 1151 D SystemServerTiming: OnBootPhase_600_com.android.server.UiModeManagerService took to complete: 0ms
08-24 13:45:07.957 1151 1151 I SystemServerTiming: OnBootPhase_600_com.android.server.locksettings.LockSettingsService$Lifecycle
08-24 13:45:07.957 1151 1151 D SystemServerTiming: OnBootPhase_600_com.android.server.locksettings.LockSettingsService$Lifecycle took to complete: 0ms
08-24 13:45:07.957 1151 1151 I SystemServerTiming: OnBootPhase_600_com.android.server.PersistentDataBlockService
08-24 13:45:07.958 1151 1151 D SystemServerTiming: OnBootPhase_600_com.android.server.PersistentDataBlockService took to complete: 0ms
08-24 13:45:07.958 1151 1151 I SystemServerTiming: OnBootPhase_600_com.android.server.testharness.TestHarnessModeService
08-24 13:45:07.958 1151 1151 D SystemServerTiming: OnBootPhase_600_com.android.server.testharness.TestHarnessModeService took to complete: 0ms
08-24 13:45:07.958 1151 1151 I SystemServerTiming: OnBootPhase_600_com.android.server.oemlock.OemLockService
08-24 13:45:07.958 1151 1151 D SystemServerTiming: OnBootPhase_600_com.android.server.oemlock.OemLockService took to complete: 0ms
08-24 13:45:07.958 1151 1151 I SystemServerTiming: OnBootPhase_600_com.android.server.DeviceIdleController
08-24 13:45:07.958 1151 1151 D SystemServerTiming: OnBootPhase_600_com.android.server.DeviceIdleController took to complete: 0ms
08-24 13:45:07.958 1151 1151 I SystemServerTiming: OnBootPhase_600_com.android.server.devicepolicy.DevicePolicyManagerService$Lifecycle
08-24 13:45:07.958 1151 1151 D SystemServerTiming: OnBootPhase_600_com.android.server.devicepolicy.DevicePolicyManagerService$Lifecycle took to complete: 0ms
08-24 13:45:07.958 1151 1151 I SystemServerTiming: OnBootPhase_600_com.android.server.texttospeech.TextToSpeechManagerService
08-24 13:45:07.959 1151 1151 D SystemServerTiming: OnBootPhase_600_com.android.server.texttospeech.TextToSpeechManagerService took to complete: 0ms
08-24 13:45:07.959 1151 1151 I SystemServerTiming: OnBootPhase_600_com.android.server.speech.SpeechRecognitionManagerService
08-24 13:45:07.959 1151 1151 D SystemServerTiming: OnBootPhase_600_com.android.server.speech.SpeechRecognitionManagerService took to complete: 1ms
08-24 13:45:07.959 1151 1151 I SystemServerTiming: OnBootPhase_600_com.android.server.searchui.SearchUiManagerService
08-24 13:45:07.960 1151 1151 D SystemServerTiming: OnBootPhase_600_com.android.server.searchui.SearchUiManagerService took to complete: 0ms
08-24 13:45:07.960 1151 1151 I SystemServerTiming: OnBootPhase_600_com.android.server.smartspace.SmartspaceManagerService
08-24 13:45:07.960 1151 1702 I PackageWatchdog: Saving observer state to file
08-24 13:45:07.960 1151 1151 D SystemServerTiming: OnBootPhase_600_com.android.server.smartspace.SmartspaceManagerService took to complete: 0ms
08-24 13:45:07.960 1151 1151 I SystemServerTiming: OnBootPhase_600_com.android.server.graphics.fonts.FontManagerService$Lifecycle
08-24 13:45:07.960 1151 1151 D SystemServerTiming: OnBootPhase_600_com.android.server.graphics.fonts.FontManagerService$Lifecycle took to complete: 0ms
08-24 13:45:07.960 1151 1151 I SystemServerTiming: OnBootPhase_600_com.android.server.textservices.TextServicesManagerService$Lifecycle
08-24 13:45:07.960 1151 1151 D SystemServerTiming: OnBootPhase_600_com.android.server.textservices.TextServicesManagerService$Lifecycle took to complete: 0ms
08-24 13:45:07.960 1151 1151 I SystemServerTiming: OnBootPhase_600_com.android.server.textclassifier.TextClassificationManagerService$Lifecycle
08-24 13:45:07.960 1151 1151 D SystemServerTiming: OnBootPhase_600_com.android.server.textclassifier.TextClassificationManagerService$Lifecycle took to complete: 0ms
08-24 13:45:07.960 1151 1151 I SystemServerTiming: OnBootPhase_600_com.android.server.NetworkScoreService$Lifecycle
08-24 13:45:07.960 1151 1151 D SystemServerTiming: OnBootPhase_600_com.android.server.NetworkScoreService$Lifecycle took to complete: 0ms
08-24 13:45:07.960 1151 1151 I SystemServerTiming: OnBootPhase_600_com.android.server.wifi.WifiService
08-24 13:45:07.960 1151 1151 D SystemServerTiming: OnBootPhase_600_com.android.server.wifi.WifiService took to complete: 0ms
08-24 13:45:07.960 1151 1151 I SystemServerTiming: OnBootPhase_600_com.android.server.wifi.scanner.WifiScanningService
08-24 13:45:07.961 1151 1151 D SystemServerTiming: OnBootPhase_600_com.android.server.wifi.scanner.WifiScanningService took to complete: 0ms
08-24 13:45:07.961 1151 1151 I SystemServerTiming: OnBootPhase_600_com.android.server.wifi.rtt.RttService
08-24 13:45:07.961 1151 1151 D SystemServerTiming: OnBootPhase_600_com.android.server.wifi.rtt.RttService took to complete: 0ms
08-24 13:45:07.961 1151 1151 I SystemServerTiming: OnBootPhase_600_com.android.server.wifi.aware.WifiAwareService
08-24 13:45:07.961 1151 1151 D SystemServerTiming: OnBootPhase_600_com.android.server.wifi.aware.WifiAwareService took to complete: 0ms
08-24 13:45:07.961 1151 1151 I SystemServerTiming: OnBootPhase_600_com.android.server.wifi.p2p.WifiP2pService
08-24 13:45:07.961 1151 1151 D SystemServerTiming: OnBootPhase_600_com.android.server.wifi.p2p.WifiP2pService took to complete: 0ms
08-24 13:45:07.961 1151 1151 I SystemServerTiming: OnBootPhase_600_com.android.server.ethernet.EthernetService
08-24 13:45:07.961 1151 1151 D SystemServerTiming: OnBootPhase_600_com.android.server.ethernet.EthernetService took to complete: 0ms
08-24 13:45:07.961 1151 1151 I SystemServerTiming: OnBootPhase_600_com.android.server.ConnectivityServiceInitializer
08-24 13:45:07.961 1151 1151 D SystemServerTiming: OnBootPhase_600_com.android.server.ConnectivityServiceInitializer took to complete: 0ms
08-24 13:45:07.961 1151 1151 I SystemServerTiming: OnBootPhase_600_com.android.server.notification.NotificationManagerService
08-24 13:45:07.975 1151 1151 D SystemServerTiming: OnBootPhase_600_com.android.server.notification.NotificationManagerService took to complete: 14ms
08-24 13:45:07.975 1151 1151 I SystemServerTiming: OnBootPhase_600_com.android.server.storage.DeviceStorageMonitorService
08-24 13:45:07.976 1151 1151 D SystemServerTiming: OnBootPhase_600_com.android.server.storage.DeviceStorageMonitorService took to complete: 0ms
08-24 13:45:07.976 1151 1151 I SystemServerTiming: OnBootPhase_600_com.android.server.location.LocationManagerService$Lifecycle
08-24 13:45:08.011 1151 2275 D CompatibilityChangeReporter: Compat change id reported: 157233955; UID 10087; state: ENABLED
08-24 13:45:08.052 1151 1151 D TelephonyRegistry: listen oscl: mHasNotifySubscriptionInfoChangedOccurred==false no callback
08-24 13:45:08.092 1151 1151 W SystemServiceManager: Service com.android.server.location.LocationManagerService$Lifecycle took 116 ms in onBootPhase
08-24 13:45:08.092 1151 1151 D SystemServerTiming: OnBootPhase_600_com.android.server.location.LocationManagerService$Lifecycle took to complete: 116ms
08-24 13:45:08.092 1151 1151 I SystemServerTiming: OnBootPhase_600_com.android.server.timedetector.TimeDetectorService$Lifecycle
08-24 13:45:08.092 1151 1151 D SystemServerTiming: OnBootPhase_600_com.android.server.timedetector.TimeDetectorService$Lifecycle took to complete: 0ms
08-24 13:45:08.092 1151 1151 I SystemServerTiming: OnBootPhase_600_com.android.server.timezonedetector.TimeZoneDetectorService$Lifecycle
08-24 13:45:08.092 1151 1151 D SystemServerTiming: OnBootPhase_600_com.android.server.timezonedetector.TimeZoneDetectorService$Lifecycle took to complete: 0ms
08-24 13:45:08.092 1151 1151 I SystemServerTiming: OnBootPhase_600_com.android.server.timezonedetector.location.LocationTimeZoneManagerService$Lifecycle
08-24 13:45:08.092 1151 1151 D SystemServerTiming: OnBootPhase_600_com.android.server.timezonedetector.location.LocationTimeZoneManagerService$Lifecycle took to complete: 0ms
08-24 13:45:08.092 1151 1151 I SystemServerTiming: OnBootPhase_600_com.android.server.search.SearchManagerService$Lifecycle
08-24 13:45:08.092 1151 1151 D SystemServerTiming: OnBootPhase_600_com.android.server.search.SearchManagerService$Lifecycle took to complete: 0ms
08-24 13:45:08.092 1151 1151 I SystemServerTiming: OnBootPhase_600_com.android.server.wallpaper.WallpaperManagerService$Lifecycle
08-24 13:45:08.093 1151 1151 I WallpaperManagerService: switch-user-0
08-24 13:45:08.093 1151 1151 V WallpaperManagerService: bindWallpaperComponentLocked: componentName=null
08-24 13:45:08.093 1151 1151 V WallpaperManagerService: No default component; using image wallpaper
08-24 13:45:08.094 1151 1151 D WallpaperManagerService: switch-user-0 took to complete: 1ms
08-24 13:45:08.094 1151 1151 D SystemServerTiming: OnBootPhase_600_com.android.server.wallpaper.WallpaperManagerService$Lifecycle took to complete: 2ms
08-24 13:45:08.094 1151 1151 I SystemServerTiming: OnBootPhase_600_com.android.server.audio.AudioService$Lifecycle
08-24 13:45:08.094 1151 1151 D SystemServerTiming: OnBootPhase_600_com.android.server.audio.AudioService$Lifecycle took to complete: 0ms
08-24 13:45:08.094 1151 1151 I SystemServerTiming: OnBootPhase_600_com.android.server.soundtrigger_middleware.SoundTriggerMiddlewareService$Lifecycle
08-24 13:45:08.094 1151 1151 D SystemServerTiming: OnBootPhase_600_com.android.server.soundtrigger_middleware.SoundTriggerMiddlewareService$Lifecycle took to complete: 0ms
08-24 13:45:08.095 1151 1151 I SystemServerTiming: OnBootPhase_600_com.android.server.DockObserver
08-24 13:45:08.095 1151 1151 D SystemServerTiming: OnBootPhase_600_com.android.server.DockObserver took to complete: 0ms
08-24 13:45:08.095 1151 1151 I SystemServerTiming: OnBootPhase_600_com.android.server.midi.MidiService$Lifecycle
08-24 13:45:08.095 1151 1151 D SystemServerTiming: OnBootPhase_600_com.android.server.midi.MidiService$Lifecycle took to complete: 0ms
08-24 13:45:08.095 1151 1151 I SystemServerTiming: OnBootPhase_600_com.android.server.adb.AdbService$Lifecycle
08-24 13:45:08.095 1151 1151 D SystemServerTiming: OnBootPhase_600_com.android.server.adb.AdbService$Lifecycle took to complete: 0ms
08-24 13:45:08.095 1151 1151 I SystemServerTiming: OnBootPhase_600_com.android.server.usb.UsbService$Lifecycle
08-24 13:45:08.095 1151 1151 D SystemServerTiming: OnBootPhase_600_com.android.server.usb.UsbService$Lifecycle took to complete: 0ms
08-24 13:45:08.095 1151 1151 I SystemServerTiming: OnBootPhase_600_com.android.server.twilight.TwilightService
08-24 13:45:08.095 1151 1151 D SystemServerTiming: OnBootPhase_600_com.android.server.twilight.TwilightService took to complete: 0ms
08-24 13:45:08.095 1151 1151 I SystemServerTiming: OnBootPhase_600_com.android.server.display.color.ColorDisplayService
08-24 13:45:08.095 1151 1151 D SystemServerTiming: OnBootPhase_600_com.android.server.display.color.ColorDisplayService took to complete: 0ms
08-24 13:45:08.095 1151 1151 I SystemServerTiming: OnBootPhase_600_com.android.server.job.JobSchedulerService
08-24 13:45:08.097 1151 1689 W CarrierConfigManager: Error getting config for subId -1 ICarrierConfigLoader is null
08-24 13:45:08.102 1151 1151 D SystemServerTiming: OnBootPhase_600_com.android.server.job.JobSchedulerService took to complete: 6ms
08-24 13:45:08.102 1151 1151 I SystemServerTiming: OnBootPhase_600_com.android.server.soundtrigger.SoundTriggerService
08-24 13:45:08.102 1151 1151 D SoundTriggerService: onBootPhase: 600 : false
08-24 13:45:08.102 1151 1151 D SystemServerTiming: OnBootPhase_600_com.android.server.soundtrigger.SoundTriggerService took to complete: 1ms
08-24 13:45:08.102 1151 1151 I SystemServerTiming: OnBootPhase_600_com.android.server.trust.TrustManagerService
08-24 13:45:08.103 1151 1151 D BiometricService: Sensor ID(0), oemStrength: 15, updatedStrength: 15, modality 2, state: 0, cookie: 0, props: ID: 0, Strength: 2, Type: 1, sensorId 0, hasEnrollments: false cannot participate in Keystore operations
08-24 13:45:08.106 1151 1151 D SystemServerTiming: OnBootPhase_600_com.android.server.trust.TrustManagerService took to complete: 3ms
08-24 13:45:08.106 1151 1151 I SystemServerTiming: OnBootPhase_600_com.android.server.backup.BackupManagerService$Lifecycle
08-24 13:45:08.106 1151 1151 D SystemServerTiming: OnBootPhase_600_com.android.server.backup.BackupManagerService$Lifecycle took to complete: 0ms
08-24 13:45:08.106 1151 1151 I SystemServerTiming: OnBootPhase_600_com.android.server.appwidget.AppWidgetService
08-24 13:45:08.106 1151 1151 D SystemServerTiming: OnBootPhase_600_com.android.server.appwidget.AppWidgetService took to complete: 0ms
08-24 13:45:08.106 1151 1151 I SystemServerTiming: OnBootPhase_600_com.android.server.voiceinteraction.VoiceInteractionManagerService
08-24 13:45:08.107 1151 1151 D SystemServerTiming: OnBootPhase_600_com.android.server.voiceinteraction.VoiceInteractionManagerService took to complete: 1ms
08-24 13:45:08.107 1151 1151 I SystemServerTiming: OnBootPhase_600_com.android.server.apphibernation.AppHibernationService
08-24 13:45:08.107 1151 1151 D SystemServerTiming: OnBootPhase_600_com.android.server.apphibernation.AppHibernationService took to complete: 0ms
08-24 13:45:08.107 1151 1151 I SystemServerTiming: OnBootPhase_600_com.android.server.GestureLauncherService
08-24 13:45:08.107 1151 1151 D SystemServerTiming: OnBootPhase_600_com.android.server.GestureLauncherService took to complete: 0ms
08-24 13:45:08.107 1151 1151 I SystemServerTiming: OnBootPhase_600_com.android.server.SensorNotificationService
08-24 13:45:08.108 1151 1151 D SystemServerTiming: OnBootPhase_600_com.android.server.SensorNotificationService took to complete: 2ms
08-24 13:45:08.109 1151 1151 I SystemServerTiming: OnBootPhase_600_com.android.server.emergency.EmergencyAffordanceService
08-24 13:45:08.109 1151 1151 D SystemServerTiming: OnBootPhase_600_com.android.server.emergency.EmergencyAffordanceService took to complete: 0ms
08-24 13:45:08.109 1151 1151 I SystemServerTiming: OnBootPhase_600_com.android.server.blob.BlobStoreManagerService
08-24 13:45:08.115 1151 1689 D CompatibilityChangeReporter: Compat change id reported: 168936375; UID 1000; state: ENABLED
08-24 13:45:08.115 1151 1689 D CompatibilityChangeReporter: Compat change id reported: 168936375; UID 1000; state: DISABLED
08-24 13:45:08.117 1151 1151 D SystemServerTiming: OnBootPhase_600_com.android.server.blob.BlobStoreManagerService took to complete: 8ms
08-24 13:45:08.117 1151 1151 I SystemServerTiming: OnBootPhase_600_com.android.server.dreams.DreamManagerService
08-24 13:45:08.124 1151 1151 D SystemServerTiming: OnBootPhase_600_com.android.server.dreams.DreamManagerService took to complete: 7ms
08-24 13:45:08.124 1151 1151 I SystemServerTiming: OnBootPhase_600_com.android.server.companion.CompanionDeviceManagerService
08-24 13:45:08.124 1151 1151 D SystemServerTiming: OnBootPhase_600_com.android.server.companion.CompanionDeviceManagerService took to complete: 0ms
08-24 13:45:08.124 1151 1151 I SystemServerTiming: OnBootPhase_600_com.android.server.restrictions.RestrictionsManagerService
08-24 13:45:08.125 1151 1151 D SystemServerTiming: OnBootPhase_600_com.android.server.restrictions.RestrictionsManagerService took to complete: 0ms
08-24 13:45:08.125 1151 1151 I SystemServerTiming: OnBootPhase_600_com.android.server.media.MediaSessionService
08-24 13:45:08.125 1151 1151 D SystemServerTiming: OnBootPhase_600_com.android.server.media.MediaSessionService took to complete: 0ms
08-24 13:45:08.125 1151 1151 I SystemServerTiming: OnBootPhase_600_com.android.server.media.MediaResourceMonitorService
08-24 13:45:08.125 1151 1151 D SystemServerTiming: OnBootPhase_600_com.android.server.media.MediaResourceMonitorService took to complete: 0ms
08-24 13:45:08.125 1151 1151 I SystemServerTiming: OnBootPhase_600_com.android.server.biometrics.sensors.fingerprint.FingerprintService
08-24 13:45:08.125 1151 1151 D SystemServerTiming: OnBootPhase_600_com.android.server.biometrics.sensors.fingerprint.FingerprintService took to complete: 0ms
08-24 13:45:08.125 1151 1151 I SystemServerTiming: OnBootPhase_600_com.android.server.biometrics.BiometricService
08-24 13:45:08.125 1151 1151 D SystemServerTiming: OnBootPhase_600_com.android.server.biometrics.BiometricService took to complete: 0ms
08-24 13:45:08.125 1151 1151 I SystemServerTiming: OnBootPhase_600_com.android.server.biometrics.AuthService
08-24 13:45:08.125 1151 1151 D SystemServerTiming: OnBootPhase_600_com.android.server.biometrics.AuthService took to complete: 0ms
08-24 13:45:08.125 1151 1151 I SystemServerTiming: OnBootPhase_600_com.android.server.pm.ShortcutService$Lifecycle
08-24 13:45:08.125 1151 1151 D SystemServerTiming: OnBootPhase_600_com.android.server.pm.ShortcutService$Lifecycle took to complete: 0ms
08-24 13:45:08.126 1151 1151 I SystemServerTiming: OnBootPhase_600_com.android.server.pm.LauncherAppsService
08-24 13:45:08.126 1151 1151 D SystemServerTiming: OnBootPhase_600_com.android.server.pm.LauncherAppsService took to complete: 0ms
08-24 13:45:08.126 1151 1151 I SystemServerTiming: OnBootPhase_600_com.android.server.pm.CrossProfileAppsService
08-24 13:45:08.126 1151 1151 D SystemServerTiming: OnBootPhase_600_com.android.server.pm.CrossProfileAppsService took to complete: 0ms
08-24 13:45:08.126 1151 1151 I SystemServerTiming: OnBootPhase_600_com.android.server.people.PeopleService
08-24 13:45:08.126 1151 1151 D SystemServerTiming: OnBootPhase_600_com.android.server.people.PeopleService took to complete: 0ms
08-24 13:45:08.126 1151 1151 I SystemServerTiming: OnBootPhase_600_com.android.server.media.metrics.MediaMetricsManagerService
08-24 13:45:08.126 1151 1151 D SystemServerTiming: OnBootPhase_600_com.android.server.media.metrics.MediaMetricsManagerService took to complete: 0ms
08-24 13:45:08.126 1151 1151 I SystemServerTiming: OnBootPhase_600_com.android.server.media.projection.MediaProjectionManagerService
08-24 13:45:08.126 1151 1151 D SystemServerTiming: OnBootPhase_600_com.android.server.media.projection.MediaProjectionManagerService took to complete: 0ms
08-24 13:45:08.126 1151 1151 I SystemServerTiming: OnBootPhase_600_com.android.server.slice.SliceManagerService$Lifecycle
08-24 13:45:08.126 1151 1151 D SystemServerTiming: OnBootPhase_600_com.android.server.slice.SliceManagerService$Lifecycle took to complete: 0ms
08-24 13:45:08.127 1151 1151 I SystemServerTiming: OnBootPhase_600_com.android.server.stats.StatsCompanion$Lifecycle
08-24 13:45:08.206 1151 1151 W SystemServiceManager: Service com.android.server.stats.StatsCompanion$Lifecycle took 79 ms in onBootPhase
08-24 13:45:08.206 1151 1151 D SystemServerTiming: OnBootPhase_600_com.android.server.stats.StatsCompanion$Lifecycle took to complete: 79ms
08-24 13:45:08.206 1151 1151 I SystemServerTiming: OnBootPhase_600_com.android.server.scheduling.RebootReadinessManagerService$Lifecycle
08-24 13:45:08.206 1151 1151 D SystemServerTiming: OnBootPhase_600_com.android.server.scheduling.RebootReadinessManagerService$Lifecycle took to complete: 0ms
08-24 13:45:08.206 1151 1151 I SystemServerTiming: OnBootPhase_600_com.android.server.stats.pull.StatsPullAtomService
08-24 13:45:08.207 1151 1151 D SystemServerTiming: OnBootPhase_600_com.android.server.stats.pull.StatsPullAtomService took to complete: 1ms
08-24 13:45:08.207 1151 1151 I SystemServerTiming: OnBootPhase_600_com.android.server.incident.IncidentCompanionService
08-24 13:45:08.207 1151 1702 D StatsPullAtomService: Registering NetworkStats pullers with statsd
08-24 13:45:08.209 1151 1151 D SystemServerTiming: OnBootPhase_600_com.android.server.incident.IncidentCompanionService took to complete: 0ms
08-24 13:45:08.209 1151 1151 I SystemServerTiming: OnBootPhase_600_com.android.server.MmsServiceBroker
08-24 13:45:08.209 1151 1151 D SystemServerTiming: OnBootPhase_600_com.android.server.MmsServiceBroker took to complete: 0ms
08-24 13:45:08.209 1151 1151 I SystemServerTiming: OnBootPhase_600_com.android.server.autofill.AutofillManagerService
08-24 13:45:08.209 1151 1151 D SystemServerTiming: OnBootPhase_600_com.android.server.autofill.AutofillManagerService took to complete: 1ms
08-24 13:45:08.210 1151 1151 I SystemServerTiming: OnBootPhase_600_com.android.server.clipboard.ClipboardService
08-24 13:45:08.210 1151 1151 D SystemServerTiming: OnBootPhase_600_com.android.server.clipboard.ClipboardService took to complete: 0ms
08-24 13:45:08.210 1151 1151 I SystemServerTiming: OnBootPhase_600_com.android.server.appbinding.AppBindingService$Lifecycle
08-24 13:45:08.210 1151 1151 D SystemServerTiming: OnBootPhase_600_com.android.server.appbinding.AppBindingService$Lifecycle took to complete: 0ms
08-24 13:45:08.210 1151 1151 I SystemServerTiming: OnBootPhase_600_com.android.server.tracing.TracingServiceProxy
08-24 13:45:08.210 1151 1151 D SystemServerTiming: OnBootPhase_600_com.android.server.tracing.TracingServiceProxy took to complete: 0ms
08-24 13:45:08.210 1151 1151 I SystemServerTiming: OnBootPhase_600_com.android.server.policy.PermissionPolicyService
08-24 13:45:08.210 1151 1151 D SystemServerTiming: OnBootPhase_600_com.android.server.policy.PermissionPolicyService took to complete: 0ms
08-24 13:45:08.210 1151 1151 I SystemServerTiming: OnBootPhase_600_com.android.server.pm.StagingManager$Lifecycle
