01-01 02:25:11.520 0 0 I [kworke][0xf1a7690f9][14:39:45.332150] wlan: [339:I:HIF] Initializing Runtime PM wakelock &vdev->vdev_set_key_runtime_wakelock
01-01 02:25:11.535 0 0 I [kworke][0xf1a7ad6a8][14:39:45.346733] wlan: [339:I:HIF] Initializing Runtime PM wakelock &vdev->vdev_set_key_runtime_wakelock
01-01 02:25:11.549 0 0 I [kworke][0xf1a7f0b11][14:39:45.361085] wlan: [339:I:HIF] Initializing Runtime PM wakelock &vdev->vdev_set_key_runtime_wakelock
01-01 02:25:11.563 0 0 I [kworke][0xf1a8315aa][14:39:45.374879] wlan: [339:I:HIF] Initializing Runtime PM wakelock &vdev->vdev_set_key_runtime_wakelock
01-01 02:25:11.578 0 0 I [kworke][0xf1a876e94][14:39:45.389718] wlan: [339:I:HIF] Initializing Runtime PM wakelock &wma_handle->wmi_cmd_rsp_runtime_lock
01-01 02:25:11.590 0 0 I [kworke][0xf1a8b3599][14:39:45.402611] wlan: [339:I:HIF] Initializing Runtime PM wakelock &wma_handle->sap_prevent_runtime_pm_lock
01-01 02:25:11.631 0 0 E [kworke][0xf1a96fd85][14:39:45.442824] wlan: [339:E:QDF] htc_wait_target: 684: Target Ready! TX resource : 1 size:2176, MaxMsgsPerHTCBundle = 1
01-01 02:25:11.645 0 0 E [kworke][0xf1a9b2e4e][14:39:45.457127] wlan: [339:E:QDF] htc_setup_target_buffer_assignments: 576: SVS Index : 1 TX : 0x100 : alloc:1
01-01 02:25:11.658 0 0 D cnss : Assign MSI to user: DP, num_vectors: 18, user_base_data: 814, base_vector: 14
01-01 02:25:11.669 0 0 I [kworke][0xf1aa22882][14:39:45.480944] wlan: [339:I:HIF] +hif_update_pipe_callback pipeid 5
01-01 02:25:11.680 0 0 I [kworke][0xf1aa56fd5][14:39:45.492135] wlan: [339:I:HIF] -hif_update_pipe_callback
01-01 02:25:11.690 0 0 D cnss : Assign MSI to user: DP, num_vectors: 18, user_base_data: 814, base_vector: 14
01-01 02:25:11.702 0 0 E [kworke][0xf1aac0237][14:39:45.514566] wlan: [339:E:DP] dp_srng_get_str_from_hal_ring_type: 7726: Invalid ring type
01-01 02:25:11.714 0 0 D cnss : Assign MSI to user: DP, num_vectors: 18, user_base_data: 814, base_vector: 14
01-01 02:25:11.724 0 0 D cnss : Assign MSI to user: DP, num_vectors: 18, user_base_data: 814, base_vector: 14
01-01 02:25:11.733 0 0 D cnss : Assign MSI to user: DP, num_vectors: 18, user_base_data: 814, base_vector: 14
01-01 02:25:11.742 0 0 D cnss : Assign MSI to user: DP, num_vectors: 18, user_base_data: 814, base_vector: 14
01-01 02:25:11.751 0 0 D cnss : Assign MSI to user: DP, num_vectors: 18, user_base_data: 814, base_vector: 14
01-01 02:25:11.760 0 0 D cnss : Assign MSI to user: DP, num_vectors: 18, user_base_data: 814, base_vector: 14
01-01 02:25:11.769 0 0 D cnss : Assign MSI to user: DP, num_vectors: 18, user_base_data: 814, base_vector: 14
01-01 02:25:11.778 0 0 D cnss : Assign MSI to user: DP, num_vectors: 18, user_base_data: 814, base_vector: 14
01-01 02:25:11.787 0 0 I [kworke][0xf1ac4bbda][14:39:45.598961] wlan: [339:I:DP] dp_tx_soc_attach Tx Desc Alloc num_pool = 4, descs = 4096
01-01 02:25:11.799 0 0 I [kworke][0xf1ac8363c][14:39:45.610833] wlan: [339:I:DP] dp_tx_soc_attach MSDU Ext Desc Alloc 4, descs = 4096
01-01 02:25:11.810 0 0 I [kworke][0xf1acb968e][14:39:45.622357] wlan: [339:I:DP] dp_tx_soc_attach HAL Tx init Success
01-01 02:25:11.820 0 0 D cnss : Assign MSI to user: DP, num_vectors: 18, user_base_data: 814, base_vector: 14
01-01 02:25:11.829 0 0 D cnss : Assign MSI to user: DP, num_vectors: 18, user_base_data: 814, base_vector: 14
01-01 02:25:11.838 0 0 I [kworke][0xf1ad3c861][14:39:45.650328] wlan: [339:I:DP] dp_soc_cmn_setup: 3274: num_reo_dest_rings 4
01-01 02:25:11.849 0 0 D cnss : Assign MSI to user: DP, num_vectors: 18, user_base_data: 814, base_vector: 14
01-01 02:25:11.858 0 0 D cnss : Assign MSI to user: DP, num_vectors: 18, user_base_data: 814, base_vector: 14
01-01 02:25:11.867 0 0 D cnss : Assign MSI to user: DP, num_vectors: 18, user_base_data: 814, base_vector: 14
01-01 02:25:11.876 0 0 D cnss : Assign MSI to user: DP, num_vectors: 18, user_base_data: 814, base_vector: 14
01-01 02:25:11.885 0 0 D cnss : Assign MSI to user: DP, num_vectors: 18, user_base_data: 814, base_vector: 14
01-01 02:25:11.894 0 0 D cnss : Assign MSI to user: DP, num_vectors: 18, user_base_data: 814, base_vector: 14
01-01 02:25:11.903 0 0 D cnss : Assign MSI to user: DP, num_vectors: 18, user_base_data: 814, base_vector: 14
01-01 02:25:11.912 0 0 D cnss : Assign MSI to user: DP, num_vectors: 18, user_base_data: 814, base_vector: 14
01-01 02:25:11.921 0 0 D cnss : Assign MSI to user: DP, num_vectors: 18, user_base_data: 814, base_vector: 14
01-01 02:25:11.931 0 0 D cnss : Assign MSI to user: DP, num_vectors: 18, user_base_data: 814, base_vector: 14
01-01 02:25:11.940 0 0 D cnss : Assign MSI to user: DP, num_vectors: 18, user_base_data: 814, base_vector: 14
01-01 02:25:11.949 0 0 I [kworke][0xf1af42bc4][14:39:45.760880] wlan: [339:I:HAL] hal_reo_set_err_dst_remap_6390: 1024: HWIO_REO_R0_ERROR_DESTINATION_MAPPING_IX_0 0x28005b6d
01-01 02:25:11.963 0 0 D cnss : Assign MSI to user: DP, num_vectors: 18, user_base_data: 814, base_vector: 14
01-01 02:25:11.973 0 0 D cnss : Assign MSI to user: DP, num_vectors: 18, user_base_data: 814, base_vector: 14
01-01 02:25:11.982 0 0 D cnss : Assign MSI to user: DP, num_vectors: 18, user_base_data: 814, base_vector: 14
01-01 02:25:11.991 0 0 D cnss : Assign MSI to user: DP, num_vectors: 18, user_base_data: 814, base_vector: 14
01-01 02:25:12.000 0 0 D cnss : Assign MSI to user: DP, num_vectors: 18, user_base_data: 814, base_vector: 14
01-01 02:25:12.009 0 0 D cnss : Assign MSI to user: DP, num_vectors: 18, user_base_data: 814, base_vector: 14
01-01 02:25:12.139 0 0 D : mv2112_read_status
01-01 02:25:12.144 0 0 D mv2112_update_link: 3.0x901(1G): 0x80
01-01 02:25:12.149 0 0 D mv2112_update_link: 3.0x8109(100M): 0x0
01-01 02:25:12.155 0 0 D mv2112_update_link: link 0x0
01-01 02:25:12.155 0 0 I [kworke][0xf1b30b1fa][14:39:45.967470] wlan: [339:I:DP] Peer pool init
01-01 02:25:12.160 0 0 D mv2112_read_status: autoneg is disabled
01-01 02:25:12.167 0 0 W [kworke][0xf1b340742][14:39:45.978847] wlan: [339:W:DP] dp_rx_pdev_mon_attach: pdev attach id=0
01-01 02:25:12.206 0 0 D cnss : Assign MSI to user: DP, num_vectors: 18, user_base_data: 814, base_vector: 14
01-01 02:25:12.215 0 0 D cnss : Get IRQ number 426 for vector index 14
01-01 02:25:12.220 0 0 D cnss : Assign MSI to user: DP, num_vectors: 18, user_base_data: 814, base_vector: 14
01-01 02:25:12.229 0 0 D cnss : Get IRQ number 427 for vector index 15
01-01 02:25:12.234 0 0 D cnss : Assign MSI to user: DP, num_vectors: 18, user_base_data: 814, base_vector: 14
01-01 02:25:12.243 0 0 D cnss : Get IRQ number 428 for vector index 16
01-01 02:25:12.249 0 0 D cnss : Assign MSI to user: DP, num_vectors: 18, user_base_data: 814, base_vector: 14
01-01 02:25:12.258 0 0 D cnss : Get IRQ number 429 for vector index 17
01-01 02:25:12.263 0 0 D cnss : Assign MSI to user: DP, num_vectors: 18, user_base_data: 814, base_vector: 14
01-01 02:25:12.272 0 0 D cnss : Assign MSI to user: DP, num_vectors: 18, user_base_data: 814, base_vector: 14
01-01 02:25:12.281 0 0 D cnss : Get IRQ number 431 for vector index 19
01-01 02:25:12.287 0 0 D cnss : Assign MSI to user: DP, num_vectors: 18, user_base_data: 814, base_vector: 14
01-01 02:25:12.296 0 0 D cnss : Get IRQ number 432 for vector index 20
01-01 02:25:12.304 0 0 E [kworke][0xf1b5c285b][14:39:46.115821] wlan: [339:E:HIF] hif_pci_ce_irq_set_affinity_hint: 3708: Unable to set cpu mask for offline CPU 0
01-01 02:25:12.319 0 0 I [kworke][0xf1b6096fb][14:39:46.130950] wlan: [10993:I:WMA] wma_rx_service_ready_event: Firmware build version : 101a0521
01-01 02:25:12.331 0 0 I [kworke][0xf1b642d9f][14:39:46.143198] wlan: [10993:I:WMA] wma_rx_service_ready_event: Board id: 0, Board version: 8 0 0 0 6
01-01 02:25:12.345 0 0 I [kworke][0xf1b684234][14:39:46.157126] wlan: [10993:I:WMA] wma_is_dbs_mandatory: 5417: MAC0 does not support both bands 2 DBS is mandatory
01-01 02:25:12.359 0 0 E [kworke][0xf1b6c5a11][14:39:46.171097] wlan: [10993:E:QDF] copy_fw_abi_version_tlv: 6979: copy_fw_abi_version_tlv: INIT_CMD version: 1, 0, 0x5f414351, 0x4c4d, 0x0, 0x0
01-01 02:25:12.568 0 0 E [kworke][0xf1ba9899e][14:39:46.379946] wlan: [1770:E:QDF] ready_extract_init_status_tlv: 8884: ready_extract_init_status_tlv:0
01-01 02:25:12.584 0 0 E [kworke][0xf1bae2f5a][14:39:46.395809] wlan: [1770:E:QDF] cds_get_context: 1486: Module ID 65 context is Null
01-01 02:25:12.595 0 0 F [kworke][0xf1bb18ea0][14:39:46.407319] wlan: [1770:F:DP] cdp_ipa_set_uc_tx_partition_base invalid instance
01-01 02:25:12.606 0 0 I [kworke][0xf1bb4cec3][14:39:46.418413] wlan: [1770:I:WMA] wma_he_update_tgt_services: 996: 11ax is enabled
01-01 02:25:12.619 0 0 I [kworke][0xf1bb8a76a][14:39:46.431542] wlan: [1770:I:HIF] Initializing Runtime PM wakelock &mgmt_txrx_pdev_ctx->wakelock_tx_runtime_cmp
01-01 02:25:12.634 0 0 I [kworke][0xf1bbd0153][14:39:46.446394] wlan: [1770:I:dfs] WLAN_DEBUG_DFS_ALWAYS : wlan_dfs_pdev_obj_create_notification: 421: dfs_offload 1
01-01 02:25:12.648 0 0 I [kworke][0xf1bc118b7][14:39:46.460359] wlan: [1770:I:SPECTRAL] null_get_capability: 1715: SPECTRAL : get_capability not registered
01-01 02:25:12.663 0 0 I [kworke][0xf1bc56366][14:39:46.475009] wlan: [1770:I:SPECTRAL] target_if_pdev_spectral_init: 2249: HAL_CAP_PHYDIAG : Capable
01-01 02:25:12.675 0 0 I [kworke][0xf1bc913b8][14:39:46.487600] wlan: [1770:I:SPECTRAL] null_get_capability: 1715: SPECTRAL : get_capability not registered
01-01 02:25:12.690 0 0 I [kworke][0xf1bcd6085][14:39:46.502277] wlan: [1770:I:SPECTRAL] target_if_pdev_spectral_init: 2253: HAL_CAP_RADAR : Capable
01-01 02:25:12.703 0 0 I [kworke][0xf1bd11265][14:39:46.514889] wlan: [1770:I:SPECTRAL] null_get_capability: 1715: SPECTRAL : get_capability not registered
01-01 02:25:12.717 0 0 I [kworke][0xf1bd55fc8][14:39:46.529574] wlan: [1770:I:SPECTRAL] target_if_pdev_spectral_init: 2258: HAL_CAP_SPECTRAL_SCAN : Capable
01-01 02:25:12.731 0 0 I [kworke][0xf1bd93ddc][14:39:46.542776] wlan: [1770:I:SPECTRAL] null_get_tsf64: 1703: SPECTRAL : get_tsf64 not registered
01-01 02:25:12.744 0 0 I [kworke][0xf1bdd49ce][14:39:46.556587] wlan: [1770:I:GREEN_AP] wlan_green_ap_pdev_obj_create_notification: 106: Green AP creation successful, green ap ctx: ffffffd25f0f6ce8, pdev: ffffffd1806280e8
01-01 02:25:12.764 0 0 I [kworke][0xf1be2e0af][14:39:46.575666] wlan: [1770:I:IPA] wlan_ipa_wdi_init: 540: ipa_over_gsi: 1, is_smmu_enabled: 1
01-01 02:25:12.777 0 0 I [kworke][0xf1be6f058][14:39:46.589528] wlan: [1770:I:REGULATORY] reg_set_band: 483: set band bitmap: 3
01-01 02:25:12.788 0 0 I [kworke][0xf1bea1bd7][14:39:46.600348] wlan: [1770:I:HIF] Initializing Runtime PM wakelock &ctx->dfs
01-01 02:25:12.799 0 0 I [kworke][0xf1bed2d2b][14:39:46.610819] wlan: [1770:I:HIF] Initializing Runtime PM wakelock &ctx->connect
01-01 02:25:12.809 0 0 I [kworke][0xf1bf058c4][14:39:46.621640] wlan: [1770:I:HIF] Initializing Runtime PM wakelock &ctx->user
01-01 02:25:12.820 0 0 I [kworke][0xf1bf37208][14:39:46.632217] wlan: [1770:I:HIF] Initializing Runtime PM wakelock &scan_priv->runtime_pm_lock
01-01 02:25:12.832 0 0 I [kworke][0xf1bf6fc12][14:39:46.644298] wlan: [1770:I:GREEN_AP] target_if_green_ap_register_egap_event_handler: 131: Set the Enhance Green AP event handler
01-01 02:25:12.847 0 0 E [kworke][0xf1bfb75c3][14:39:46.659574] wlan: [1770:E:QDF] dp_peer_map_attach_wifi3: 10048: dp_peer_map_attach_wifi3 max_peers 55, max_ast_index: 144
01-01 02:25:12.864 0 0 I [kworke][0xf1c003947][14:39:46.675834] wlan: [1770:I:DP]
01-01 02:25:12.864 0 0 I : <=== cfg max peer id 55 ====>
01-01 02:25:12.874 0 0 I [kworke][0xf1c035f7f][14:39:46.686583] wlan: [1770:I:DP]
01-01 02:25:12.874 0 0 I : <=== cfg max ast idx 144 ====>
01-01 02:25:12.885 0 0 I [kworke][0xf1c068be0][14:39:46.697415] wlan: [1770:I:DP] ast hash_elems: 512, max_ast_idx: 144
01-01 02:25:12.896 0 0 I [kworke][0xf1c099670][14:39:46.707797] wlan: [339:I:WMA] wma_wait_for_ready_event: 6926: FW ready event received
01-01 02:25:12.924 0 0 E [kworke][0xf1c11c047][14:39:46.735661] wlan: [339:E:WMI] send_action_oui_cmd_tlv: 220: Invalid action id
01-01 02:25:12.934 0 0 E [kworke][0xf1c14f38f][14:39:46.746584] wlan: [339:E:action_oui] ucfg_action_oui_send: 160: Failed to send: 7
01-01 02:25:12.946 0 0 E [kworke][0xf1c18414c][14:39:46.757861] wlan: [339:E:WMI] send_action_oui_cmd_tlv: 220: Invalid action id
01-01 02:25:12.957 0 0 E [kworke][0xf1c1b7277][14:39:46.768757] wlan: [339:E:action_oui] ucfg_action_oui_send: 160: Failed to send: 9
01-01 02:25:12.968 0 0 E [kworke][0xf1c1eb9ea][14:39:46.779949] wlan: [339:E:HDD] hdd_action_oui_send: 13281: Failed to send one or all action_ouis
01-01 02:25:12.987 0 0 D cnss : dma-coherent is enabled
01-01 02:25:12.991 0 0 D cnss : IOMMU map: iova b0000000, len 4096
01-01 02:25:12.996 0 0 D cnss : IOMMU map: iova_addr b0000040
01-01 02:25:13.001 0 0 D cnss : dma-coherent is enabled
01-01 02:25:13.005 0 0 D cnss : IOMMU map: iova b0001000, len 4096
01-01 02:25:13.010 0 0 D cnss : IOMMU map: iova_addr b0001018
01-01 02:25:13.017 0 0 E [kworke][0xf1c2d227c][14:39:46.829130] wlan: [339:E:TXRX] dp_rxdma_ring_config: 5022: DBS enabled max_mac_rings 2
01-01 02:25:13.029 0 0 E [kworke][0xf1c309990][14:39:46.840958] wlan: [339:E:TXRX] dp_rxdma_ring_config: 5033: pdev_id 0 max_mac_rings 2
01-01 02:25:13.040 0 0 E [kworke][0xf1c33f5e7][14:39:46.852429] wlan: [339:E:TXRX] dp_rxdma_ring_config: 5050: mac_id 0
01-01 02:25:13.050 0 0 E [kworke][0xf1c36eb86][14:39:46.862530] wlan: [339:E:TXRX] dp_rxdma_ring_config: 5050: mac_id 1
01-01 02:25:13.061 0 0 I [kworke][0xf1c3a2615][14:39:46.873551] wlan: [339:I:POLICY_MGR] policy_mgr_update_5g_scc_prefer: 398: overwrite pm_second_connection_pcl_dbs_2x2_table, index 2 mode 3 system prefer 0 new pcl 6
01-01 02:25:13.081 0 0 I [kworke][0xf1c3fdd0b][14:39:46.893058] wlan: [339:I:POLICY_MGR] policy_mgr_update_5g_scc_prefer: 404: overwrite pm_second_connection_pcl_dbs_2x2_table, index 3 mode 3 system prefer 0 new pcl 6
01-01 02:25:13.100 0 0 E [kworke][0xf1c457785][14:39:46.912184] wlan: [339:E:REGULATORY] reg_freq_width_to_chan_op_class: 512: no op class for frequency 5745
01-01 02:25:13.114 0 0 I [kworke][0xf1c498409][14:39:46.926004] wlan: [339:I:HIF] hif_pm_runtime_start: Enabling RUNTIME PM, Delay: 500 ms
01-01 02:25:13.126 0 0 I [wifi@1][0xf1c4d1bab][14:39:46.938265] wlan: [970:I:DP] dp_vdev_attach_wifi3: wlan_cfg_ap_bridge_enabled 0
01-01 02:25:13.127 0 0 D cnss : Host time = 3380174190 us, device time = 3926190 us, offset = 3376248000 us
01-01 02:25:13.137 0 0 I [wifi@1][0xf1c50591d][14:39:46.949325] wlan: [970:I:DP] 00000000: 8c 76 29 1b 37 81 57 53 d7 e3 ce aa 4b 8f c4 86
01-01 02:25:13.147 0 0 D cnss : Updated time sync regs [0x984] = 0xc93d74c0, [0x988] = 0x0
01-01 02:25:13.158 0 0 I [wifi@1][0xf1c56614c][14:39:46.969914] wlan: [970:I:DP] 00000010: 9c 2b 02 5b
01-01 02:25:13.165 0 0 D cnss : Removing vote for Regulator vdd-wlan-rfa2
01-01 02:25:13.171 0 0 W logd : Skipping entries from slow reader, pid 1286, fd 14, from LogBuffer::Prune()
01-01 02:25:13.173 0 0 W logd : Skipping entries from slow reader, pid 1286, fd 14, from LogBuffer::Prune()
01-01 02:25:13.174 0 0 I [wifi@1][0xf1c5b1256][14:39:46.985928] wlan: [970:I:DP] 00000000: e0 4f 19 da e0 8d 0f c4 4e 71 56 09 e0 9a 21 ed
01-01 02:25:13.179 0 0 D cnss : Removing vote for Regulator vdd-wlan-rfa1
01-01 02:25:13.188 0 0 I [wifi@1][0xf1c5f51ff][14:39:47.000430] wlan: [970:I:DP] 00000010: b5 2d a4 3d 2f 2c b2 09 ce af aa f3 44 51 6b 87
01-01 02:25:13.196 0 0 D : mv2112_read_status
01-01 02:25:13.196 0 0 D mv2112_update_link: 3.0x901(1G): 0x80
01-01 02:25:13.196 0 0 D mv2112_update_link: 3.0x8109(100M): 0x0
01-01 02:25:13.196 0 0 D mv2112_update_link: link 0x0
01-01 02:25:13.196 0 0 D mv2112_read_status: autoneg is disabled
01-01 02:25:13.197 0 0 D cnss : Removing vote for Regulator vdd-wlan-dig
01-01 02:25:13.209 0 0 I [wifi@1][0xf1c656ed3][14:39:47.021294] wlan: [970:I:DP] 00000020: f5 ee 49 9e 6b 7a 55 f8 0f 62 82 7a
01-01 02:25:13.219 0 0 D cnss : Removing vote for Regulator vdd-wlan-aon
01-01 02:25:13.231 0 0 I IPv6 : ADDRCONF(NETDEV_UP): wlan0: link is not ready
01-01 02:25:13.235 0 0 D cnss : Removing vote for Regulator vdd-wlan-io
01-01 02:25:13.256 0 0 I [lowi-s][0xf1c73061b][14:39:47.067686] wlan: [1481:I:wifipos] wifi_pos_get_ch_info: 461: num channels: 26
01-01 02:25:13.265 0 0 D cnss : PM relax, state: 0x107, count: 0
01-01 02:25:13.280 0 0 I [wifi@1][0xf1c7a38bf][14:39:47.092253] wlan: [970:I:DP] dp_vdev_attach_wifi3: wlan_cfg_ap_bridge_enabled 1
01-01 02:25:13.310 0 0 E [wifi@1][0xf1c82f4d4][14:39:47.122068] wlan: [970:E:PMO] pmo_register_wow_wakeup_events: 88: Skipping wake event configuration for vdev_opmode 16
08-24 14:39:47.059 970 970 I android.hardware.wifi@1.0-service: Adding interface handle for wlan0
08-24 14:39:47.059 970 970 I android.hardware.wifi@1.0-service: Adding interface handle for wifi-aware0
08-24 14:39:47.059 970 970 I android.hardware.wifi@1.0-service: Adding interface handle for p2p0
08-24 14:39:47.059 970 970 W android.hardware.wifi@1.0-service: No active wlan interfaces in use! Using default
08-24 14:39:47.060 970 970 W android.hardware.wifi@1.0-service: No active wlan interfaces in use! Using default
01-01 02:25:13.325 0 0 E [wifi@1][0xf1c8755ff][14:39:47.137017] wlan: [970:E:SME] sme_get_nss_chain_shift: 4045: Device mode 16 invalid
01-01 02:25:13.336 0 0 E [wifi@1][0xf1c8aacd4][14:39:47.148415] wlan: [970:E:SME] sme_get_nss_chain_shift: 4045: Device mode 16 invalid
08-24 14:39:47.079 970 970 I android.hardware.wifi@1.0-service: Configured chip in mode 3
08-24 14:39:47.079 970 970 W android.hardware.wifi@1.0-service: No active wlan interfaces in use! Using default
01-01 02:25:13.352 0 0 I IPv6 : ADDRCONF(NETDEV_UP): wifi-aware0: link is not ready
01-01 02:25:13.365 0 0 E [wifi@1][0xf1c92fb85][14:39:47.176771] wlan: [5182:E:wifipos] wifi_pos_process_app_reg_req: 608: Received App Req Req pid(-272628790), len(16)
01-01 02:25:13.369 0 0 W logd : Skipping entries from slow reader, pid 1286, fd 14, from LogBuffer::Prune()
01-01 02:25:13.380 0 0 I [wifi@1][0xf1c978907][14:39:47.192310] wlan: [5182:I:wifipos] wifi_pos_get_ch_info: 461: num channels: 26
08-24 14:39:47.104 1151 3830 E TaskPersister: File error accessing recents directory (directory doesn't exist?).
01-01 02:25:13.401 0 0 I [wifi@1][0xf1c9d92b0][14:39:47.212919] wlan: [5182:I:wifipos] wifi_pos_get_ch_info: 461: num channels: 26
08-24 14:39:47.227 1287 1287 I wificond: createClientInterface: wiphy_index 0 iface_name wlan0
08-24 14:39:47.230 1287 1287 I wificond: create scanner for interface with index: 17
08-24 14:39:47.230 1287 1287 I wificond: subscribe scan result for interface with index: 17
08-24 14:39:47.231 1287 1287 I wificond: add channel type 0 support at wiphy index: 0
08-24 14:39:47.232 1287 1287 I wificond: add channel type 1 support at wiphy index: 0
01-01 02:25:13.570 0 0 W logd : Skipping entries from slow reader, pid 1286, fd 14, from LogBuffer::Prune()
01-01 02:25:13.579 0 0 W logd : Skipping entries from slow reader, pid 1286, fd 14, from LogBuffer::Prune()
01-01 02:25:13.622 0 0 I afe_close: port_id = 0x9000
01-01 02:25:13.661 0 0 I [schedu][0xf1ce9cb0e][14:39:47.473085] wlan: [4656:I:HIF] Deinitializing Runtime PM wakelock &vdev->vdev_set_key_runtime_wakelock
01-01 02:25:13.685 0 0 I [schedu][0xf1cf0f113][14:39:47.497485] wlan: [4656:I:HIF] Initializing Runtime PM wakelock &vdev->vdev_set_key_runtime_wakelock
01-01 02:25:13.843 0 0 W logd : Skipping entries from slow reader, pid 1286, fd 14, from LogBuffer::Prune()
01-01 02:25:13.963 0 0 W logd : Skipping entries from slow reader, pid 1286, fd 14, from LogBuffer::Prune()
01-01 02:25:13.973 0 0 I [schedu][0xf1d451912][14:39:47.784739] wlan: [4656:I:HIF] Deinitializing Runtime PM wakelock &vdev->vdev_set_key_runtime_wakelock
01-01 02:25:13.988 0 0 I [schedu][0xf1d49bc38][14:39:47.800567] wlan: [4656:I:HIF] Initializing Runtime PM wakelock &vdev->vdev_set_key_runtime_wakelock
01-01 02:25:14.008 0 0 I [wifi@1][0xf1d4f98b4][14:39:47.820573] wlan: [970:I:DP] dp_vdev_attach_wifi3: wlan_cfg_ap_bridge_enabled 0
01-01 02:25:14.040 0 0 E [wifi@1][0xf1d58dceb][14:39:47.852203] wlan: [5182:E:wifipos] wifi_pos_process_app_reg_req: 608: Received App Req Req pid(-272628790), len(16)
01-01 02:25:14.064 0 0 I [wifi@1][0xf1d5fdc78][14:39:47.876090] wlan: [5182:I:wifipos] wifi_pos_get_ch_info: 461: num channels: 26
01-01 02:25:14.082 0 0 I [wifi@1][0xf1d6517a3][14:39:47.893945] wlan: [5182:I:wifipos] wifi_pos_get_ch_info: 461: num channels: 26
01-01 02:25:14.161 0 0 W logd : Skipping entries from slow reader, pid 1286, fd 14, from LogBuffer::Prune()
01-01 02:25:14.171 0 0 W logd : Skipping entries from slow reader, pid 1286, fd 14, from LogBuffer::Prune()
01-01 02:25:14.219 0 0 D : mv2112_read_status
01-01 02:25:14.222 0 0 D mv2112_update_link: 3.0x901(1G): 0x80
01-01 02:25:14.238 0 0 D mv2112_update_link: 3.0x8109(100M): 0x0
01-01 02:25:14.244 0 0 D mv2112_update_link: link 0x0
01-01 02:25:14.248 0 0 D mv2112_read_status: autoneg is disabled
01-01 02:25:14.266 0 0 I [schedu][0xf1d9b07ce][14:39:48.078055] wlan: [4656:I:OSIF] scan start scan id 40961
01-01 02:25:14.385 0 0 W logd : Skipping entries from slow reader, pid 1286, fd 14, from LogBuffer::Prune()
08-24 14:39:48.121 1151 1151 W Looper : Slow dispatch took 418ms main h=android.app.ActivityThread$H c=android.app.LoadedApk$ReceiverDispatcher$Args$$ExternalSyntheticLambda0@4f877b0 m=0
08-24 14:39:48.121 1151 1151 W Looper : Slow delivery took 420ms main h=android.app.ActivityThread$H c=android.app.LoadedApk$ReceiverDispatcher$Args$$ExternalSyntheticLambda0@462c629 m=0
08-24 14:39:48.134 1151 1151 W Looper : Drained
08-24 14:39:48.161 1151 2391 D PackageManager: Instant App installer not found with android.intent.action.INSTALL_INSTANT_APP_PACKAGE
08-24 14:39:48.161 1151 2391 D PackageManager: Clear ephemeral installer activity
08-24 14:39:48.256 1151 1650 D PackageManager: Instant App installer not found with android.intent.action.INSTALL_INSTANT_APP_PACKAGE
08-24 14:39:48.256 1151 1650 D PackageManager: Clear ephemeral installer activity
01-01 02:25:15.275 0 0 D : mv2112_read_status
01-01 02:25:15.279 0 0 D mv2112_update_link: 3.0x901(1G): 0x80
01-01 02:25:15.288 0 0 D mv2112_update_link: 3.0x8109(100M): 0x0
01-01 02:25:15.289 0 0 I init : starting service 'qvrd_vndr'...
01-01 02:25:15.294 0 0 D mv2112_update_link: link 0x0
01-01 02:25:15.303 0 0 D mv2112_read_status: autoneg is disabled
01-01 02:25:15.304 0 0 I init : Created socket '/dev/socket/qvrservice_vndr', mode 660, user 1000, group 1000
01-01 02:25:15.320 0 0 I init : Created socket '/dev/socket/qvrservice_vndr_camera', mode 660, user 1000, group 1000
01-01 02:25:15.344 0 0 I init : starting service 'sxrd'...
01-01 02:25:15.399 0 0 I init : Service 'sxrd' (pid 5778) exited with status 1
01-01 02:25:15.405 0 0 I init : Sending signal 9 to service 'sxrd' (pid 5778) process group...
01-01 02:25:15.413 0 0 I libprocessgroup: Successfully killed process cgroup uid 1000 pid 5778 in 0ms
08-24 14:39:49.121 1287 1287 I wificond: Regulatory domain changed to country: CN on wiphy_index: 0
08-24 14:39:49.123 1287 1287 I wificond: 2.4Ghz frequencies: 2412 2417 2422 2427 2432 2437 2442 2447 2452 2457 2462 2467 2472
08-24 14:39:49.123 1287 1287 I wificond: 5Ghz non-DFS frequencies: 5180 5200 5220 5240 5745 5765 5785 5805 5825
08-24 14:39:49.124 1287 1287 I wificond: 5Ghz DFS frequencies: 5260 5280 5300 5320
08-24 14:39:49.124 1287 1287 I wificond: 6Ghz frequencies:
08-24 14:39:49.124 1287 1287 I wificond: 60Ghz frequencies:
01-01 02:25:15.423 0 0 I init : Service 'qvrd_vndr' (pid 5771) exited with status 1
01-01 02:25:15.430 0 0 I init : Sending signal 9 to service 'qvrd_vndr' (pid 5771) process group...
01-01 02:25:15.439 0 0 I libprocessgroup: Successfully killed process cgroup uid 1000 pid 5771 in 0ms
08-24 14:39:49.167 1151 1689 D CompanionDeviceManagerService: onPackageModified(packageName = com.android.settings)
01-01 02:25:15.464 0 0 I [schedu][0xf1efa290d][14:39:49.276579] wlan: [4656:I:OSIF] vdev 0, scan id 40961 type COMPLETED(1) reason COMPLETED(1) scan found 47 bss
08-24 14:39:49.176 1151 1151 I Telecom : DefaultDialerCache: Refreshing default dialer for user 0: now null: DDC.oR@ACU
08-24 14:39:49.205 5778 5778 F linker : CANNOT LINK EXECUTABLE "/vendor/bin/hw/sxrservice": library "vendor.qti.hardware.qxr-V1-ndk_platform.so" not found: needed by main executable
08-24 14:39:49.207 1151 1702 W VoiceInteractionManager: no available voice recognition services found for user 0
08-24 14:39:49.209 5771 5771 F linker : CANNOT LINK EXECUTABLE "/vendor/bin/hw/qvrservice": library "vendor.qti.hardware.qxr-V1-ndk_platform.so" not found: needed by /vendor/lib64/libqvrservice.so in namespace (default)
08-24 14:39:49.556 1151 1151 W NotificationHistory: Attempted to add notif for locked/gone/disabled user 0
01-01 02:25:16.331 0 0 D : mv2112_read_status
01-01 02:25:16.334 0 0 D mv2112_update_link: 3.0x901(1G): 0x80
01-01 02:25:16.341 0 0 D mv2112_update_link: 3.0x8109(100M): 0x0
01-01 02:25:16.347 0 0 D mv2112_update_link: link 0x0
01-01 02:25:16.352 0 0 D mv2112_read_status: autoneg is disabled
01-01 02:25:17.358 0 0 D : mv2112_read_status
01-01 02:25:17.367 0 0 D mv2112_update_link: 3.0x901(1G): 0x80
01-01 02:25:17.373 0 0 D mv2112_update_link: 3.0x8109(100M): 0x0
01-01 02:25:17.380 0 0 D mv2112_update_link: link 0x0
01-01 02:25:17.385 0 0 D mv2112_read_status: autoneg is disabled
01-01 02:25:18.225 0 0 W logd : Skipping entries from slow reader, pid 1286, fd 14, from LogBuffer::Prune()
01-01 02:25:18.411 0 0 D : mv2112_read_status
01-01 02:25:18.414 0 0 D mv2112_update_link: 3.0x901(1G): 0x80
01-01 02:25:18.423 0 0 D mv2112_update_link: 3.0x8109(100M): 0x0
01-01 02:25:18.428 0 0 D mv2112_update_link: link 0x0
01-01 02:25:18.433 0 0 D mv2112_read_status: autoneg is disabled
01-01 02:25:18.455 0 0 W logd : Skipping entries from slow reader, pid 1286, fd 14, from LogBuffer::Prune()
01-01 02:25:18.584 0 0 W logd : Skipping entries from slow reader, pid 1286, fd 14, from LogBuffer::Prune()
01-01 02:25:18.722 0 0 W logd : Skipping entries from slow reader, pid 1286, fd 14, from LogBuffer::Prune()
01-01 02:25:18.967 0 0 W logd : Skipping entries from slow reader, pid 1286, fd 14, from LogBuffer::Prune()
01-01 02:25:19.156 0 0 W logd : Skipping entries from slow reader, pid 1286, fd 14, from LogBuffer::Prune()
01-01 02:25:19.400 0 0 W logd : Skipping entries from slow reader, pid 1286, fd 14, from LogBuffer::Prune()
01-01 02:25:19.436 0 0 D : mv2112_read_status
01-01 02:25:19.440 0 0 D mv2112_update_link: 3.0x901(1G): 0x80
01-01 02:25:19.448 0 0 D mv2112_update_link: 3.0x8109(100M): 0x0
01-01 02:25:19.454 0 0 D mv2112_update_link: link 0x0
01-01 02:25:19.460 0 0 D mv2112_read_status: autoneg is disabled
01-01 02:25:19.690 0 0 W logd : Skipping entries from slow reader, pid 1286, fd 14, from LogBuffer::Prune()
01-01 02:25:19.702 0 0 W logd : Skipping entries from slow reader, pid 1286, fd 14, from LogBuffer::Prune()
01-01 02:25:19.987 0 0 W logd : Skipping entries from slow reader, pid 1286, fd 14, from LogBuffer::Prune()
01-01 02:25:20.343 0 0 I init : starting service 'qvrd_vndr'...
01-01 02:25:20.353 0 0 I init : Created socket '/dev/socket/qvrservice_vndr', mode 660, user 1000, group 1000
01-01 02:25:20.365 0 0 I init : Created socket '/dev/socket/qvrservice_vndr_camera', mode 660, user 1000, group 1000
01-01 02:25:20.404 0 0 I init : starting service 'sxrd'...
01-01 02:25:20.450 0 0 I init : Service 'qvrd_vndr' (pid 7424) exited with status 1
01-01 02:25:20.457 0 0 I init : Sending signal 9 to service 'qvrd_vndr' (pid 7424) process group...
01-01 02:25:20.466 0 0 I libprocessgroup: Successfully killed process cgroup uid 1000 pid 7424 in 0ms
01-01 02:25:20.478 0 0 I init : Service 'sxrd' (pid 7441) exited with status 1
01-01 02:25:20.484 0 0 I init : Sending signal 9 to service 'sxrd' (pid 7441) process group...
01-01 02:25:20.491 0 0 D : mv2112_read_status
01-01 02:25:20.493 0 0 I libprocessgroup: Successfully killed process cgroup uid 1000 pid 7441 in 0ms
01-01 02:25:20.497 0 0 D mv2112_update_link: 3.0x901(1G): 0x80
01-01 02:25:20.509 0 0 D mv2112_update_link: 3.0x8109(100M): 0x0
01-01 02:25:20.515 0 0 D mv2112_update_link: link 0x0
01-01 02:25:20.520 0 0 D mv2112_read_status: autoneg is disabled
08-24 14:39:54.260 7424 7424 F linker : CANNOT LINK EXECUTABLE "/vendor/bin/hw/qvrservice": library "vendor.qti.hardware.qxr-V1-ndk_platform.so" not found: needed by /vendor/lib64/libqvrservice.so in namespace (default)
08-24 14:39:54.284 7441 7441 F linker : CANNOT LINK EXECUTABLE "/vendor/bin/hw/sxrservice": library "vendor.qti.hardware.qxr-V1-ndk_platform.so" not found: needed by main executable
01-01 02:25:21.548 0 0 D : mv2112_read_status
01-01 02:25:21.553 0 0 D mv2112_update_link: 3.0x901(1G): 0x80
01-01 02:25:21.562 0 0 D mv2112_update_link: 3.0x8109(100M): 0x0
01-01 02:25:21.569 0 0 D mv2112_update_link: link 0x0
01-01 02:25:21.573 0 0 D mv2112_read_status: autoneg is disabled
01-01 02:25:22.603 0 0 D : mv2112_read_status
01-01 02:25:22.606 0 0 D mv2112_update_link: 3.0x901(1G): 0x80
01-01 02:25:22.614 0 0 D mv2112_update_link: 3.0x8109(100M): 0x0
01-01 02:25:22.619 0 0 D mv2112_update_link: link 0x0
01-01 02:25:22.623 0 0 D mv2112_read_status: autoneg is disabled
01-01 02:25:23.315 0 0 W logd : Skipping entries from slow reader, pid 1286, fd 14, from LogBuffer::Prune()
01-01 02:25:23.471 0 0 W logd : Skipping entries from slow reader, pid 1286, fd 14, from LogBuffer::Prune()
01-01 02:25:23.630 0 0 D : mv2112_read_status
01-01 02:25:23.634 0 0 D mv2112_update_link: 3.0x901(1G): 0x80
01-01 02:25:23.640 0 0 D mv2112_update_link: 3.0x8109(100M): 0x0
01-01 02:25:23.646 0 0 D mv2112_update_link: link 0x0
01-01 02:25:23.650 0 0 D mv2112_read_status: autoneg is disabled
01-01 02:25:23.986 0 0 W logd : Skipping entries from slow reader, pid 1286, fd 14, from LogBuffer::Prune()
01-01 02:25:24.221 0 0 W logd : Skipping entries from slow reader, pid 1286, fd 14, from LogBuffer::Prune()
01-01 02:25:24.472 0 0 I [schedu][0xf29490756][14:39:58.283916] wlan: [4656:I:OSIF] scan start scan id 40962
01-01 02:25:24.472 0 0 W logd : Skipping entries from slow reader, pid 1286, fd 14, from LogBuffer::Prune()
01-01 02:25:24.683 0 0 D : mv2112_read_status
01-01 02:25:24.686 0 0 D mv2112_update_link: 3.0x901(1G): 0x80
01-01 02:25:24.692 0 0 D mv2112_update_link: 3.0x8109(100M): 0x0
01-01 02:25:24.698 0 0 D mv2112_update_link: link 0x0
01-01 02:25:24.706 0 0 D mv2112_read_status: autoneg is disabled
01-01 02:25:24.713 0 0 W logd : Skipping entries from slow reader, pid 1286, fd 14, from LogBuffer::Prune()
01-01 02:25:24.940 0 0 W logd : Skipping entries from slow reader, pid 1286, fd 14, from LogBuffer::Prune()
01-01 02:25:25.140 0 0 W logd : Skipping entries from slow reader, pid 1286, fd 14, from LogBuffer::Prune()
01-01 02:25:25.241 0 0 W logd : Skipping entries from slow reader, pid 1286, fd 14, from LogBuffer::Prune()
01-01 02:25:25.362 0 0 I init : Sending signal 9 to service 'idmap2d' (pid 3549) process group...
01-01 02:25:25.380 0 0 I libprocessgroup: Successfully killed process cgroup uid 1000 pid 3549 in 9ms
01-01 02:25:25.394 0 0 I init : Control message: Processed ctl.stop for 'idmap2d' from pid: 1151 (system_server)
01-01 02:25:25.406 0 0 I init : starting service 'qvrd_vndr'...
01-01 02:25:25.412 0 0 I init : Created socket '/dev/socket/qvrservice_vndr', mode 660, user 1000, group 1000
01-01 02:25:25.423 0 0 I init : Created socket '/dev/socket/qvrservice_vndr_camera', mode 660, user 1000, group 1000
01-01 02:25:25.465 0 0 I init : starting service 'sxrd'...
01-01 02:25:25.470 0 0 W logd : Skipping entries from slow reader, pid 1286, fd 14, from LogBuffer::Prune()
01-01 02:25:25.485 0 0 I init : Service 'idmap2d' (pid 3549) received signal 9
08-24 14:39:59.190 1151 2391 W OverlayManager: service 'idmap' died
01-01 02:25:25.499 0 0 I init : Service 'qvrd_vndr' (pid 9065) exited with status 1
01-01 02:25:25.506 0 0 I init : Sending signal 9 to service 'qvrd_vndr' (pid 9065) process group...
08-24 14:39:59.309 9065 9065 F linker : CANNOT LINK EXECUTABLE "/vendor/bin/hw/qvrservice": library "vendor.qti.hardware.qxr-V1-ndk_platform.so" not found: needed by /vendor/lib64/libqvrservice.so in namespace (default)
08-24 14:39:59.325 9070 9070 F linker : CANNOT LINK EXECUTABLE "/vendor/bin/hw/sxrservice": library "vendor.qti.hardware.qxr-V1-ndk_platform.so" not found: needed by main executable
01-01 02:25:25.640 0 0 I [schedu][0xf2a9f56c4][14:39:59.452335] wlan: [4656:I:OSIF] vdev 0, scan id 40962 type COMPLETED(1) reason COMPLETED(1) scan found 46 bss
01-01 02:25:25.739 0 0 D : mv2112_read_status
01-01 02:25:25.743 0 0 D mv2112_update_link: 3.0x901(1G): 0x80
01-01 02:25:25.755 0 0 D mv2112_update_link: 3.0x8109(100M): 0x0
01-01 02:25:25.760 0 0 D mv2112_update_link: link 0x0
01-01 02:25:25.765 0 0 D mv2112_read_status: autoneg is disabled
01-01 02:25:26.797 0 0 D : mv2112_read_status
01-01 02:25:26.801 0 0 D mv2112_update_link: 3.0x901(1G): 0x80
01-01 02:25:26.807 0 0 D mv2112_update_link: 3.0x8109(100M): 0x0
01-01 02:25:26.819 0 0 D mv2112_update_link: link 0x0
01-01 02:25:26.824 0 0 D mv2112_read_status: autoneg is disabled
01-01 02:25:27.851 0 0 D : mv2112_read_status
01-01 02:25:27.856 0 0 D mv2112_update_link: 3.0x901(1G): 0x80
01-01 02:25:27.862 0 0 D mv2112_update_link: 3.0x8109(100M): 0x0
01-01 02:25:27.867 0 0 D mv2112_update_link: link 0x0
01-01 02:25:27.871 0 0 D mv2112_read_status: autoneg is disabled
01-01 02:25:28.587 0 0 W logd : Skipping entries from slow reader, pid 1286, fd 14, from LogBuffer::Prune()
01-01 02:25:28.907 0 0 D : mv2112_read_status
01-01 02:25:28.910 0 0 D mv2112_update_link: 3.0x901(1G): 0x80
01-01 02:25:28.915 0 0 D mv2112_update_link: 3.0x8109(100M): 0x0
01-01 02:25:28.923 0 0 D mv2112_update_link: link 0x0
01-01 02:25:28.927 0 0 D mv2112_read_status: autoneg is disabled
01-01 02:25:29.036 0 0 W logd : Skipping entries from slow reader, pid 1286, fd 14, from LogBuffer::Prune()
01-01 02:25:29.263 0 0 W logd : Skipping entries from slow reader, pid 1286, fd 14, from LogBuffer::Prune()
01-01 02:25:29.657 0 0 W logd : Skipping entries from slow reader, pid 1286, fd 14, from LogBuffer::Prune()
01-01 02:25:29.931 0 0 D : mv2112_read_status
01-01 02:25:29.939 0 0 D mv2112_update_link: 3.0x901(1G): 0x80
01-01 02:25:29.950 0 0 D mv2112_update_link: 3.0x8109(100M): 0x0
01-01 02:25:29.955 0 0 D mv2112_update_link: link 0x0
01-01 02:25:29.959 0 0 D mv2112_read_status: autoneg is disabled
01-01 02:25:30.025 0 0 W logd : Skipping entries from slow reader, pid 1286, fd 14, from LogBuffer::Prune()
01-01 02:25:30.450 0 0 W logd : Skipping entries from slow reader, pid 1286, fd 14, from LogBuffer::Prune()
01-01 02:25:30.452 0 0 I init : starting service 'qvrd_vndr'...
01-01 02:25:30.465 0 0 I init : Created socket '/dev/socket/qvrservice_vndr', mode 660, user 1000, group 1000
01-01 02:25:30.476 0 0 I init : Created socket '/dev/socket/qvrservice_vndr_camera', mode 660, user 1000, group 1000
01-01 02:25:30.506 0 0 I init : starting service 'sxrd'...
01-01 02:25:30.548 0 0 I init : Service 'qvrd_vndr' (pid 10329) exited with status 1
01-01 02:25:30.555 0 0 I init : Sending signal 9 to service 'qvrd_vndr' (pid 10329) process group...
01-01 02:25:30.564 0 0 I libprocessgroup: Successfully killed process cgroup uid 1000 pid 10329 in 0ms
01-01 02:25:30.576 0 0 I init : Service 'sxrd' (pid 10341) exited with status 1
01-01 02:25:30.583 0 0 I init : Sending signal 9 to service 'sxrd' (pid 10341) process group...
01-01 02:25:30.591 0 0 I libprocessgroup: Successfully killed process cgroup uid 1000 pid 10341 in 0ms
08-24 14:40:04.356 10329 10329 F linker : CANNOT LINK EXECUTABLE "/vendor/bin/hw/qvrservice": library "vendor.qti.hardware.qxr-V1-ndk_platform.so" not found: needed by /vendor/lib64/libqvrservice.so in namespace (default)
08-24 14:40:04.375 10341 10341 F linker : CANNOT LINK EXECUTABLE "/vendor/bin/hw/sxrservice": library "vendor.qti.hardware.qxr-V1-ndk_platform.so" not found: needed by main executable
01-01 02:25:30.802 0 0 W logd : Skipping entries from slow reader, pid 1286, fd 14, from LogBuffer::Prune()
01-01 02:25:30.987 0 0 D : mv2112_read_status
01-01 02:25:30.991 0 0 D mv2112_update_link: 3.0x901(1G): 0x80
01-01 02:25:31.001 0 0 D mv2112_update_link: 3.0x8109(100M): 0x0
01-01 02:25:31.007 0 0 D mv2112_update_link: link 0x0
01-01 02:25:31.011 0 0 D mv2112_read_status: autoneg is disabled
01-01 02:25:31.021 0 0 W logd : Skipping entries from slow reader, pid 1286, fd 14, from LogBuffer::Prune()
01-01 02:25:31.326 0 0 W logd : Skipping entries from slow reader, pid 1286, fd 14, from LogBuffer::Prune()
01-01 02:25:31.578 0 0 W logd : Skipping entries from slow reader, pid 1286, fd 14, from LogBuffer::Prune()
01-01 02:25:31.619 0 0 I afe_find_cal_topo_id_by_port: port id: 0x9000, dev_acdb_id: 0
01-01 02:25:31.626 0 0 I afe_find_cal_topo_id_by_port: top_id:112fc acdb_id:15 afe_port:0x9000
01-01 02:25:31.634 0 0 I afe_get_cal_topology_id: port_id = 0x9000 acdb_id = 15 topology_id = 0x112fc cal_type_index=8 ret=0
01-01 02:25:31.646 0 0 I afe_send_port_topology_id: AFE set topology id 0x112fc enable for port 0x9000 ret 0
01-01 02:25:31.655 0 0 I send_afe_cal_type: cal_index is 0
01-01 02:25:31.660 0 0 I send_afe_cal_type: dev_acdb_id[55] is 0
01-01 02:25:31.665 0 0 I send_afe_cal_type: Sending cal_index cal 0
01-01 02:25:31.670 0 0 E send_afe_cal_type: No cal sent for cal_index 0, port_id = 0x9000! ret -22
01-01 02:25:31.679 0 0 I afe_send_hw_delay: port_id 0x9000 rate 48000 delay_usec 474 status 0
08-24 14:40:05.411 1151 21288 I ActivityTaskManager: START u0 {act=android.intent.action.MAIN cmp=com.android.settings/.SubSettings (has extras)} from uid 1000
08-24 14:40:05.453 1151 3251 I ActivityTaskManager: The Process com.android.settings Already Exists in BG. So sending its PID: 28932
08-24 14:40:05.454 1151 3251 W ActivityTaskManager: Tried to set launchTime (0) < mLastActivityLaunchTime (3348498)
01-01 02:25:31.913 0 0 I [schedu][0xf31cceed4][14:40:05.724656] wlan: [4656:I:OSIF] scan start scan id 40963
08-24 14:40:05.622 1151 21288 D PackageManager: Instant App installer not found with android.intent.action.INSTALL_INSTANT_APP_PACKAGE
08-24 14:40:05.622 1151 21288 D PackageManager: Clear ephemeral installer activity
08-24 14:40:05.650 1151 1690 D AutofillUI: destroySaveUiUiThread(): already destroyed
08-24 14:40:05.650 1151 21288 D AutofillManagerServiceImpl: Reset component for user 0:
08-24 14:40:05.699 1151 1650 D PackageManager: Instant App installer not found with android.intent.action.INSTALL_INSTANT_APP_PACKAGE
08-24 14:40:05.699 1151 1650 D PackageManager: Clear ephemeral installer activity
01-01 02:25:32.046 0 0 D : mv2112_read_status
01-01 02:25:32.056 0 0 D mv2112_update_link: 3.0x901(1G): 0x80
01-01 02:25:32.063 0 0 D mv2112_update_link: 3.0x8109(100M): 0x0
01-01 02:25:32.069 0 0 D mv2112_update_link: link 0x0
01-01 02:25:32.073 0 0 D mv2112_read_status: autoneg is disabled
08-24 14:40:05.746 1151 1691 I DropBoxManagerService: add tag=system_app_strictmode isTagEnabled=true flags=0x2
08-24 14:40:05.748 1151 1691 I DropBoxManagerService: add tag=system_app_strictmode isTagEnabled=true flags=0x2
08-24 14:40:05.749 1151 1691 I DropBoxManagerService: add tag=system_app_strictmode isTagEnabled=true flags=0x2
08-24 14:40:05.757 1151 1691 I DropBoxManagerService: add tag=system_app_strictmode isTagEnabled=true flags=0x2
08-24 14:40:05.759 1151 1691 I DropBoxManagerService: add tag=system_app_strictmode isTagEnabled=true flags=0x2
08-24 14:40:05.761 1151 1691 I DropBoxManagerService: add tag=system_app_strictmode isTagEnabled=true flags=0x2
08-24 14:40:05.775 1151 1691 I DropBoxManagerService: add tag=system_app_strictmode isTagEnabled=true flags=0x2
08-24 14:40:05.776 1151 1691 I DropBoxManagerService: add tag=system_app_strictmode isTagEnabled=true flags=0x2
08-24 14:40:05.784 1151 1691 I DropBoxManagerService: add tag=system_app_strictmode isTagEnabled=true flags=0x2
08-24 14:40:05.788 1151 1691 I DropBoxManagerService: add tag=system_app_strictmode isTagEnabled=true flags=0x2
08-24 14:40:05.799 1151 1691 I DropBoxManagerService: add tag=system_app_strictmode isTagEnabled=true flags=0x2
08-24 14:40:05.804 1151 1691 I DropBoxManagerService: add tag=system_app_strictmode isTagEnabled=true flags=0x2
08-24 14:40:05.816 1151 1691 I DropBoxManagerService: add tag=system_app_strictmode isTagEnabled=true flags=0x2
08-24 14:40:05.819 1151 1691 I DropBoxManagerService: add tag=system_app_strictmode isTagEnabled=true flags=0x2
08-24 14:40:05.828 1151 1691 I DropBoxManagerService: add tag=system_app_strictmode isTagEnabled=true flags=0x2
08-24 14:40:05.846 1151 1691 I DropBoxManagerService: add tag=system_app_strictmode isTagEnabled=true flags=0x2
08-24 14:40:05.848 1151 1691 I DropBoxManagerService: add tag=system_app_strictmode isTagEnabled=true flags=0x2
08-24 14:40:05.860 1151 1691 I DropBoxManagerService: add tag=system_app_strictmode isTagEnabled=true flags=0x2
08-24 14:40:05.862 1151 1691 I DropBoxManagerService: add tag=system_app_strictmode isTagEnabled=true flags=0x2
08-24 14:40:05.871 1151 1691 I DropBoxManagerService: add tag=system_app_strictmode isTagEnabled=true flags=0x2
08-24 14:40:05.872 1151 1691 I DropBoxManagerService: add tag=system_app_strictmode isTagEnabled=true flags=0x2
08-24 14:40:05.873 1151 1691 I DropBoxManagerService: add tag=system_app_strictmode isTagEnabled=true flags=0x2
01-01 02:25:32.279 0 0 I binder : 2958:3021 ioctl 40046210 753cd5e1f4 returned -22
08-24 14:40:05.960 1151 1691 I DropBoxManagerService: add tag=system_app_strictmode isTagEnabled=true flags=0x2
08-24 14:40:05.963 1151 1691 I DropBoxManagerService: add tag=system_app_strictmode isTagEnabled=true flags=0x2
08-24 14:40:05.967 1151 1691 I DropBoxManagerService: add tag=system_app_strictmode isTagEnabled=true flags=0x2
08-24 14:40:05.970 1151 1691 I DropBoxManagerService: add tag=system_app_strictmode isTagEnabled=true flags=0x2
08-24 14:40:05.974 1151 1691 I DropBoxManagerService: add tag=system_app_strictmode isTagEnabled=true flags=0x2
08-24 14:40:05.977 1151 1691 I DropBoxManagerService: add tag=system_app_strictmode isTagEnabled=true flags=0x2
08-24 14:40:05.979 1151 1691 I DropBoxManagerService: add tag=system_app_strictmode isTagEnabled=true flags=0x2
08-24 14:40:05.982 1151 1691 I DropBoxManagerService: add tag=system_app_strictmode isTagEnabled=true flags=0x2
08-24 14:40:05.984 1151 1691 I DropBoxManagerService: add tag=system_app_strictmode isTagEnabled=true flags=0x2
08-24 14:40:05.986 1151 1691 I DropBoxManagerService: add tag=system_app_strictmode isTagEnabled=true flags=0x2
08-24 14:40:05.987 1151 1691 I DropBoxManagerService: add tag=system_app_strictmode isTagEnabled=true flags=0x2
08-24 14:40:05.988 1151 1691 I DropBoxManagerService: add tag=system_app_strictmode isTagEnabled=true flags=0x2
08-24 14:40:05.990 1151 1691 I DropBoxManagerService: add tag=system_app_strictmode isTagEnabled=true flags=0x2
08-24 14:40:05.992 1151 1691 I DropBoxManagerService: add tag=system_app_strictmode isTagEnabled=true flags=0x2
01-01 02:25:32.898 0 0 I binder : 10906:10906 ioctl 40046210 7fe0ec50e4 returned -22
08-24 14:40:06.636 1151 1689 D CompanionDeviceManagerService: onPackageModified(packageName = com.android.settings)
08-24 14:40:06.648 1151 1151 I Telecom : DefaultDialerCache: Refreshing default dialer for user 0: now null: DDC.oR@ACY
08-24 14:40:06.657 1151 1689 D CompatibilityChangeReporter: Compat change id reported: 168419799; UID 10098; state: DISABLED
08-24 14:40:06.708 1151 1702 W VoiceInteractionManager: no available voice recognition services found for user 0
01-01 02:25:33.090 0 0 I [schedu][0xf3325fbd3][14:40:06.902428] wlan: [4656:I:OSIF] vdev 0, scan id 40963 type COMPLETED(1) reason COMPLETED(1) scan found 44 bss
01-01 02:25:33.101 0 0 D : mv2112_read_status
01-01 02:25:33.108 0 0 D mv2112_update_link: 3.0x901(1G): 0x80
01-01 02:25:33.113 0 0 D mv2112_update_link: 3.0x8109(100M): 0x0
01-01 02:25:33.131 0 0 D mv2112_update_link: link 0x0
01-01 02:25:33.142 0 0 D mv2112_read_status: autoneg is disabled
08-24 14:40:07.218 1151 1151 W NotificationHistory: Attempted to add notif for locked/gone/disabled user 0
01-01 02:25:33.737 0 0 W logd : Skipping entries from slow reader, pid 1286, fd 14, from LogBuffer::Prune()
01-01 02:25:34.020 0 0 W logd : Skipping entries from slow reader, pid 1286, fd 14, from LogBuffer::Prune()
01-01 02:25:34.155 0 0 D : mv2112_read_status
01-01 02:25:34.158 0 0 D mv2112_update_link: 3.0x901(1G): 0x80
01-01 02:25:34.164 0 0 D mv2112_update_link: 3.0x8109(100M): 0x0
01-01 02:25:34.171 0 0 D mv2112_update_link: link 0x0
01-01 02:25:34.177 0 0 D mv2112_read_status: autoneg is disabled
01-01 02:25:34.398 0 0 W logd : Skipping entries from slow reader, pid 1286, fd 14, from LogBuffer::Prune()
08-24 14:40:08.432 1151 3830 E TaskPersister: File error accessing recents directory (directory doesn't exist?).
01-01 02:25:34.855 0 0 W logd : Skipping entries from slow reader, pid 1286, fd 14, from LogBuffer::Prune()
01-01 02:25:35.211 0 0 D : mv2112_read_status
01-01 02:25:35.214 0 0 D mv2112_update_link: 3.0x901(1G): 0x80
01-01 02:25:35.220 0 0 D mv2112_update_link: 3.0x8109(100M): 0x0
01-01 02:25:35.225 0 0 D mv2112_update_link: link 0x0
01-01 02:25:35.230 0 0 D mv2112_read_status: autoneg is disabled
01-01 02:25:35.393 0 0 W logd : Skipping entries from slow reader, pid 1286, fd 14, from LogBuffer::Prune()
01-01 02:25:35.500 0 0 I init : starting service 'qvrd_vndr'...
01-01 02:25:35.506 0 0 I init : Created socket '/dev/socket/qvrservice_vndr', mode 660, user 1000, group 1000
01-01 02:25:35.517 0 0 I init : Created socket '/dev/socket/qvrservice_vndr_camera', mode 660, user 1000, group 1000
01-01 02:25:35.543 0 0 I afe_close: port_id = 0x9000
01-01 02:25:35.546 0 0 I init : starting service 'sxrd'...
01-01 02:25:35.591 0 0 I init : Service 'sxrd' (pid 11631) exited with status 1
01-01 02:25:35.598 0 0 I init : Sending signal 9 to service 'sxrd' (pid 11631) process group...
01-01 02:25:35.607 0 0 I libprocessgroup: Successfully killed process cgroup uid 1000 pid 11631 in 0ms
01-01 02:25:35.622 0 0 I init : Service 'qvrd_vndr' (pid 11626) exited with status 1
01-01 02:25:35.629 0 0 I init : Sending signal 9 to service 'qvrd_vndr' (pid 11626) process group...
01-01 02:25:35.639 0 0 I libprocessgroup: Successfully killed process cgroup uid 1000 pid 11626 in 0ms
01-01 02:25:35.767 0 0 W logd : Skipping entries from slow reader, pid 1286, fd 14, from LogBuffer::Prune()
08-24 14:40:09.401 11631 11631 F linker : CANNOT LINK EXECUTABLE "/vendor/bin/hw/sxrservice": library "vendor.qti.hardware.qxr-V1-ndk_platform.so" not found: needed by main executable
08-24 14:40:09.411 11626 11626 F linker : CANNOT LINK EXECUTABLE "/vendor/bin/hw/qvrservice": library "vendor.qti.hardware.qxr-V1-ndk_platform.so" not found: needed by /vendor/lib64/libqvrservice.so in namespace (default)
01-01 02:25:35.863 0 0 W logd : Skipping entries from slow reader, pid 1286, fd 14, from LogBuffer::Prune()
01-01 02:25:35.874 0 0 W logd : Skipping entries from slow reader, pid 1286, fd 14, from LogBuffer::Prune()
01-01 02:25:36.235 0 0 D : mv2112_read_status
01-01 02:25:36.238 0 0 D mv2112_update_link: 3.0x901(1G): 0x80
01-01 02:25:36.249 0 0 D mv2112_update_link: 3.0x8109(100M): 0x0
01-01 02:25:36.255 0 0 D mv2112_update_link: link 0x0
01-01 02:25:36.259 0 0 D mv2112_read_status: autoneg is disabled
01-01 02:25:36.357 0 0 I afe_find_cal_topo_id_by_port: port id: 0x9000, dev_acdb_id: 0
01-01 02:25:36.364 0 0 I afe_find_cal_topo_id_by_port: top_id:112fc acdb_id:15 afe_port:0x9000
01-01 02:25:36.372 0 0 I afe_get_cal_topology_id: port_id = 0x9000 acdb_id = 15 topology_id = 0x112fc cal_type_index=8 ret=0
01-01 02:25:36.382 0 0 I afe_send_port_topology_id: AFE set topology id 0x112fc enable for port 0x9000 ret 0
01-01 02:25:36.392 0 0 I send_afe_cal_type: cal_index is 0
01-01 02:25:36.396 0 0 I send_afe_cal_type: dev_acdb_id[55] is 0
01-01 02:25:36.401 0 0 I send_afe_cal_type: Sending cal_index cal 0
01-01 02:25:36.407 0 0 E send_afe_cal_type: No cal sent for cal_index 0, port_id = 0x9000! ret -22
01-01 02:25:36.416 0 0 I afe_send_hw_delay: port_id 0x9000 rate 48000 delay_usec 474 status 0
01-01 02:25:36.789 0 0 W logd : Skipping entries from slow reader, pid 1286, fd 14, from LogBuffer::Prune()
01-01 02:25:36.803 0 0 W logd : Skipping entries from slow reader, pid 1286, fd 14, from LogBuffer::Prune()
01-01 02:25:37.291 0 0 D : mv2112_read_status
01-01 02:25:37.295 0 0 D mv2112_update_link: 3.0x901(1G): 0x80
01-01 02:25:37.301 0 0 D mv2112_update_link: 3.0x8109(100M): 0x0
01-01 02:25:37.306 0 0 D mv2112_update_link: link 0x0
01-01 02:25:37.310 0 0 D mv2112_read_status: autoneg is disabled
01-01 02:25:38.315 0 0 D : mv2112_read_status
01-01 02:25:38.318 0 0 D mv2112_update_link: 3.0x901(1G): 0x80
01-01 02:25:38.324 0 0 D mv2112_update_link: 3.0x8109(100M): 0x0
01-01 02:25:38.330 0 0 D mv2112_update_link: link 0x0
01-01 02:25:38.335 0 0 D mv2112_read_status: autoneg is disabled
01-01 02:25:38.797 0 0 W logd : Skipping entries from slow reader, pid 1286, fd 14, from LogBuffer::Prune()
01-01 02:25:39.091 0 0 W logd : Skipping entries from slow reader, pid 1286, fd 14, from LogBuffer::Prune()
01-01 02:25:39.101 0 0 W logd : Skipping entries from slow reader, pid 1286, fd 14, from LogBuffer::Prune()
01-01 02:25:39.339 0 0 D : mv2112_read_status
01-01 02:25:39.342 0 0 D mv2112_update_link: 3.0x901(1G): 0x80
01-01 02:25:39.356 0 0 D mv2112_update_link: 3.0x8109(100M): 0x0
01-01 02:25:39.361 0 0 D mv2112_update_link: link 0x0
01-01 02:25:39.366 0 0 D mv2112_read_status: autoneg is disabled
01-01 02:25:39.692 0 0 W logd : Skipping entries from slow reader, pid 1286, fd 14, from LogBuffer::Prune()
01-01 02:25:40.216 0 0 W logd : Skipping entries from slow reader, pid 1286, fd 14, from LogBuffer::Prune()
01-01 02:25:40.229 0 0 W logd : Skipping entries from slow reader, pid 1286, fd 14, from LogBuffer::Prune()
01-01 02:25:40.395 0 0 D : mv2112_read_status
