08-26 18:17:53.071 5092 5092 F linker : CANNOT LINK EXECUTABLE "/vendor/bin/hw/qvrservice": library "vendor.qti.hardware.qxr-V1-ndk_platform.so" not found: needed by /vendor/lib64/libqvrservice.so in namespace (default)
08-26 18:17:53.125 5093 5093 F linker : CANNOT LINK EXECUTABLE "/vendor/bin/hw/sxrservice": library "vendor.qti.hardware.qxr-V1-ndk_platform.so" not found: needed by main executable
08-26 18:17:58.141 5095 5095 F linker : CANNOT LINK EXECUTABLE "/vendor/bin/hw/qvrservice": library "vendor.qti.hardware.qxr-V1-ndk_platform.so" not found: needed by /vendor/lib64/libqvrservice.so in namespace (default)
08-26 18:17:58.168 5096 5096 F linker : CANNOT LINK EXECUTABLE "/vendor/bin/hw/sxrservice": library "vendor.qti.hardware.qxr-V1-ndk_platform.so" not found: needed by main executable
08-26 18:18:03.192 5099 5099 F linker : CANNOT LINK EXECUTABLE "/vendor/bin/hw/sxrservice": library "vendor.qti.hardware.qxr-V1-ndk_platform.so" not found: needed by main executable
08-26 18:18:03.195 5098 5098 F linker : CANNOT LINK EXECUTABLE "/vendor/bin/hw/qvrservice": library "vendor.qti.hardware.qxr-V1-ndk_platform.so" not found: needed by /vendor/lib64/libqvrservice.so in namespace (default)
08-26 18:18:08.249 5101 5101 F linker : CANNOT LINK EXECUTABLE "/vendor/bin/hw/qvrservice": library "vendor.qti.hardware.qxr-V1-ndk_platform.so" not found: needed by /vendor/lib64/libqvrservice.so in namespace (default)
08-26 18:18:08.251 5102 5102 F linker : CANNOT LINK EXECUTABLE "/vendor/bin/hw/sxrservice": library "vendor.qti.hardware.qxr-V1-ndk_platform.so" not found: needed by main executable
08-26 18:18:13.288 5105 5105 F linker : CANNOT LINK EXECUTABLE "/vendor/bin/hw/sxrservice": library "vendor.qti.hardware.qxr-V1-ndk_platform.so" not found: needed by main executable
08-26 18:18:13.289 5104 5104 F linker : CANNOT LINK EXECUTABLE "/vendor/bin/hw/qvrservice": library "vendor.qti.hardware.qxr-V1-ndk_platform.so" not found: needed by /vendor/lib64/libqvrservice.so in namespace (default)
08-26 18:18:18.350 5107 5107 F linker : CANNOT LINK EXECUTABLE "/vendor/bin/hw/qvrservice": library "vendor.qti.hardware.qxr-V1-ndk_platform.so" not found: needed by /vendor/lib64/libqvrservice.so in namespace (default)
08-26 18:18:18.352 5108 5108 F linker : CANNOT LINK EXECUTABLE "/vendor/bin/hw/sxrservice": library "vendor.qti.hardware.qxr-V1-ndk_platform.so" not found: needed by main executable
08-26 18:18:23.395 5110 5110 F linker : CANNOT LINK EXECUTABLE "/vendor/bin/hw/qvrservice": library "vendor.qti.hardware.qxr-V1-ndk_platform.so" not found: needed by /vendor/lib64/libqvrservice.so in namespace (default)
08-26 18:18:23.425 5111 5111 F linker : CANNOT LINK EXECUTABLE "/vendor/bin/hw/sxrservice": library "vendor.qti.hardware.qxr-V1-ndk_platform.so" not found: needed by main executable
08-26 18:18:28.453 5114 5114 F linker : CANNOT LINK EXECUTABLE "/vendor/bin/hw/qvrservice": library "vendor.qti.hardware.qxr-V1-ndk_platform.so" not found: needed by /vendor/lib64/libqvrservice.so in namespace (default)
08-26 18:18:28.453 5115 5115 F linker : CANNOT LINK EXECUTABLE "/vendor/bin/hw/sxrservice": library "vendor.qti.hardware.qxr-V1-ndk_platform.so" not found: needed by main executable
08-26 18:18:33.514 5118 5118 F linker : CANNOT LINK EXECUTABLE "/vendor/bin/hw/qvrservice": library "vendor.qti.hardware.qxr-V1-ndk_platform.so" not found: needed by /vendor/lib64/libqvrservice.so in namespace (default)
08-26 18:18:33.543 5119 5119 F linker : CANNOT LINK EXECUTABLE "/vendor/bin/hw/sxrservice": library "vendor.qti.hardware.qxr-V1-ndk_platform.so" not found: needed by main executable
08-26 18:18:36.169 1146 1863 D ActivityManager: freezing 2803 com.qualcomm.qti.qccauthmgr
08-26 18:18:36.178 1146 1863 E ActivityManager: Unable to freeze binder for 2803 com.qualcomm.qti.qccauthmgr
08-26 18:18:36.180 1146 1863 D ActivityManager: froze 2803 com.qualcomm.qti.qccauthmgr
08-26 18:18:36.187 1146 1863 E ActivityManager: Unable to freeze binder for 2803 com.qualcomm.qti.qccauthmgr
08-26 18:18:36.188 1146 1863 I ActivityManager: Killing 2803:com.qualcomm.qti.qccauthmgr/u0a94 (adj 915): Unable to freeze binder interface
08-26 18:18:38.570 5122 5122 F linker : CANNOT LINK EXECUTABLE "/vendor/bin/hw/qvrservice": library "vendor.qti.hardware.qxr-V1-ndk_platform.so" not found: needed by /vendor/lib64/libqvrservice.so in namespace (default)
08-26 18:18:38.611 5123 5123 F linker : CANNOT LINK EXECUTABLE "/vendor/bin/hw/sxrservice": library "vendor.qti.hardware.qxr-V1-ndk_platform.so" not found: needed by main executable
08-26 18:18:43.635 5125 5125 F linker : CANNOT LINK EXECUTABLE "/vendor/bin/hw/qvrservice": library "vendor.qti.hardware.qxr-V1-ndk_platform.so" not found: needed by /vendor/lib64/libqvrservice.so in namespace (default)
08-26 18:18:43.686 5126 5126 F linker : CANNOT LINK EXECUTABLE "/vendor/bin/hw/sxrservice": library "vendor.qti.hardware.qxr-V1-ndk_platform.so" not found: needed by main executable
08-26 18:18:48.714 5128 5128 F linker : CANNOT LINK EXECUTABLE "/vendor/bin/hw/qvrservice": library "vendor.qti.hardware.qxr-V1-ndk_platform.so" not found: needed by /vendor/lib64/libqvrservice.so in namespace (default)
08-26 18:18:48.725 5129 5129 F linker : CANNOT LINK EXECUTABLE "/vendor/bin/hw/sxrservice": library "vendor.qti.hardware.qxr-V1-ndk_platform.so" not found: needed by main executable
08-26 18:18:53.769 5131 5131 F linker : CANNOT LINK EXECUTABLE "/vendor/bin/hw/qvrservice": library "vendor.qti.hardware.qxr-V1-ndk_platform.so" not found: needed by /vendor/lib64/libqvrservice.so in namespace (default)
08-26 18:18:53.804 5132 5132 F linker : CANNOT LINK EXECUTABLE "/vendor/bin/hw/sxrservice": library "vendor.qti.hardware.qxr-V1-ndk_platform.so" not found: needed by main executable
08-26 18:18:58.834 5134 5134 F linker : CANNOT LINK EXECUTABLE "/vendor/bin/hw/qvrservice": library "vendor.qti.hardware.qxr-V1-ndk_platform.so" not found: needed by /vendor/lib64/libqvrservice.so in namespace (default)
08-26 18:18:58.846 5135 5135 F linker : CANNOT LINK EXECUTABLE "/vendor/bin/hw/sxrservice": library "vendor.qti.hardware.qxr-V1-ndk_platform.so" not found: needed by main executable
08-26 18:19:03.907 5138 5138 F linker : CANNOT LINK EXECUTABLE "/vendor/bin/hw/sxrservice": library "vendor.qti.hardware.qxr-V1-ndk_platform.so" not found: needed by main executable
08-26 18:19:03.908 5137 5137 F linker : CANNOT LINK EXECUTABLE "/vendor/bin/hw/qvrservice": library "vendor.qti.hardware.qxr-V1-ndk_platform.so" not found: needed by /vendor/lib64/libqvrservice.so in namespace (default)
08-26 18:19:08.950 5140 5140 F linker : CANNOT LINK EXECUTABLE "/vendor/bin/hw/qvrservice": library "vendor.qti.hardware.qxr-V1-ndk_platform.so" not found: needed by /vendor/lib64/libqvrservice.so in namespace (default)
08-26 18:19:08.990 5141 5141 F linker : CANNOT LINK EXECUTABLE "/vendor/bin/hw/sxrservice": library "vendor.qti.hardware.qxr-V1-ndk_platform.so" not found: needed by main executable
08-26 18:19:14.007 5143 5143 F linker : CANNOT LINK EXECUTABLE "/vendor/bin/hw/qvrservice": library "vendor.qti.hardware.qxr-V1-ndk_platform.so" not found: needed by /vendor/lib64/libqvrservice.so in namespace (default)
08-26 18:19:14.010 5144 5144 F linker : CANNOT LINK EXECUTABLE "/vendor/bin/hw/sxrservice": library "vendor.qti.hardware.qxr-V1-ndk_platform.so" not found: needed by main executable
08-26 18:19:19.070 5146 5146 F linker : CANNOT LINK EXECUTABLE "/vendor/bin/hw/qvrservice": library "vendor.qti.hardware.qxr-V1-ndk_platform.so" not found: needed by /vendor/lib64/libqvrservice.so in namespace (default)
08-26 18:19:19.073 5147 5147 F linker : CANNOT LINK EXECUTABLE "/vendor/bin/hw/sxrservice": library "vendor.qti.hardware.qxr-V1-ndk_platform.so" not found: needed by main executable
08-26 18:19:24.116 5149 5149 F linker : CANNOT LINK EXECUTABLE "/vendor/bin/hw/qvrservice": library "vendor.qti.hardware.qxr-V1-ndk_platform.so" not found: needed by /vendor/lib64/libqvrservice.so in namespace (default)
08-26 18:19:24.165 5150 5150 F linker : CANNOT LINK EXECUTABLE "/vendor/bin/hw/sxrservice": library "vendor.qti.hardware.qxr-V1-ndk_platform.so" not found: needed by main executable
08-26 18:19:29.192 5152 5152 F linker : CANNOT LINK EXECUTABLE "/vendor/bin/hw/qvrservice": library "vendor.qti.hardware.qxr-V1-ndk_platform.so" not found: needed by /vendor/lib64/libqvrservice.so in namespace (default)
08-26 18:19:29.193 5153 5153 F linker : CANNOT LINK EXECUTABLE "/vendor/bin/hw/sxrservice": library "vendor.qti.hardware.qxr-V1-ndk_platform.so" not found: needed by main executable
08-26 18:19:34.252 5155 5155 F linker : CANNOT LINK EXECUTABLE "/vendor/bin/hw/qvrservice": library "vendor.qti.hardware.qxr-V1-ndk_platform.so" not found: needed by /vendor/lib64/libqvrservice.so in namespace (default)
08-26 18:19:34.305 5156 5156 F linker : CANNOT LINK EXECUTABLE "/vendor/bin/hw/sxrservice": library "vendor.qti.hardware.qxr-V1-ndk_platform.so" not found: needed by main executable
08-26 18:19:36.291 1146 1770 I PowerManagerService: Napping display group (groupId=0, uid=1000)...
08-26 18:19:36.291 1146 1770 I PowerManagerService: Nap time (uid 1000)...
08-26 18:19:36.300 1146 1770 V DisplayPowerController[0]: Brightness [0.05] reason changing to: 'manual [ dim ]', previous reason: 'manual'.
08-26 18:19:36.301 1146 1770 I DreamManagerService: Entering dreamland.
08-26 18:19:36.306 1146 1770 I PowerManagerService: Dreaming...
08-26 18:19:36.313 1146 1726 I DreamController: Starting dream: name=ComponentInfo{com.android.deskclock/com.android.deskclock.Screensaver}, isTest=false, canDoze=false, userId=0
08-26 18:19:36.317 1146 2196 E DisplayDeviceConfig: requesting nits when no mapping exists.
08-26 18:19:36.318 1146 2196 E DisplayDeviceConfig: requesting nits when no mapping exists.
08-26 18:19:36.320 1146 1726 D AutofillManagerService: Close system dialogs
08-26 18:19:36.322 1146 1749 I DropBoxManagerService: add tag=system_server_wtf isTagEnabled=true flags=0x2
08-26 18:19:36.330 1146 1749 I DropBoxManagerService: add tag=system_server_wtf isTagEnabled=true flags=0x2
08-26 18:19:36.331 1146 2196 E DisplayDeviceConfig: requesting nits when no mapping exists.
08-26 18:19:36.331 1146 2196 E DisplayDeviceConfig: requesting nits when no mapping exists.
08-26 18:19:36.334 1146 1749 I DropBoxManagerService: add tag=system_server_wtf isTagEnabled=true flags=0x2
08-26 18:19:36.336 1146 5084 I ActivityTaskManager: START u0 {flg=0x10000000 pkg=com.android.deskclock cmp=com.android.deskclock/android.service.dreams.DreamActivity (has extras)} from uid 10068
08-26 18:19:36.337 1146 1749 I DropBoxManagerService: add tag=system_server_wtf isTagEnabled=true flags=0x2
08-26 18:19:36.339 1146 5084 W ActivityTaskManager: Can't find TaskDisplayArea to determine support for multi window. Task id=14 attached=false
08-26 18:19:36.346 1146 5084 V SplashScreenExceptionList: SplashScreen checking exception for package com.android.deskclock (target sdk:29) -> false
08-26 18:19:36.358 1146 2196 E DisplayDeviceConfig: requesting nits when no mapping exists.
08-26 18:19:36.359 1146 2196 E DisplayDeviceConfig: requesting nits when no mapping exists.
08-26 18:19:36.362 1146 1749 I DropBoxManagerService: add tag=system_server_wtf isTagEnabled=true flags=0x2
08-26 18:19:36.371 1146 2312 I ActivityTaskManager: The Process com.android.deskclock Already Exists in BG. So sending its PID: 3006
08-26 18:19:36.371 1146 2312 W ActivityTaskManager: Tried to set launchTime (0) < mLastActivityLaunchTime (378197)
08-26 18:19:36.379 1146 2196 E DisplayDeviceConfig: requesting nits when no mapping exists.
08-26 18:19:36.379 1146 2196 E DisplayDeviceConfig: requesting nits when no mapping exists.
08-26 18:19:36.397 1146 2196 E DisplayDeviceConfig: requesting nits when no mapping exists.
08-26 18:19:36.397 1146 2196 E DisplayDeviceConfig: requesting nits when no mapping exists.
08-26 18:19:36.397 1146 2312 W WindowManager: Failed looking up window session=Session{fa52990 3006:u0a10068} callers=com.android.server.wm.WindowManagerService.windowForClientLocked:5626 com.android.server.wm.Session.insetsModified:629 android.view.IWindowSession$Stub.onTransact:1151
08-26 18:19:36.415 1146 2196 E DisplayDeviceConfig: requesting nits when no mapping exists.
08-26 18:19:36.415 1146 2196 E DisplayDeviceConfig: requesting nits when no mapping exists.
08-26 18:19:36.429 1146 2196 E DisplayDeviceConfig: requesting nits when no mapping exists.
08-26 18:19:36.430 1146 2196 E DisplayDeviceConfig: requesting nits when no mapping exists.
08-26 18:19:36.448 1146 2196 E DisplayDeviceConfig: requesting nits when no mapping exists.
08-26 18:19:36.449 1146 2196 E DisplayDeviceConfig: requesting nits when no mapping exists.
08-26 18:19:36.463 1146 2196 E DisplayDeviceConfig: requesting nits when no mapping exists.
08-26 18:19:36.464 1146 2196 E DisplayDeviceConfig: requesting nits when no mapping exists.
08-26 18:19:36.473 1146 1770 V DisplayPowerController[0]: Brightness [0.39763778] reason changing to: 'manual', previous reason: 'manual [ dim ]'.
08-26 18:19:36.481 1146 2196 E DisplayDeviceConfig: requesting nits when no mapping exists.
08-26 18:19:36.481 1146 2196 E DisplayDeviceConfig: requesting nits when no mapping exists.
08-26 18:19:36.497 1146 2196 E DisplayDeviceConfig: requesting nits when no mapping exists.
08-26 18:19:36.497 1146 2196 E DisplayDeviceConfig: requesting nits when no mapping exists.
08-26 18:19:36.513 1146 2196 E DisplayDeviceConfig: requesting nits when no mapping exists.
08-26 18:19:36.513 1146 2196 E DisplayDeviceConfig: requesting nits when no mapping exists.
08-26 18:19:36.536 1146 2196 E DisplayDeviceConfig: requesting nits when no mapping exists.
08-26 18:19:36.537 1146 2196 E DisplayDeviceConfig: requesting nits when no mapping exists.
08-26 18:19:36.563 1146 2196 E DisplayDeviceConfig: requesting nits when no mapping exists.
08-26 18:19:36.564 1146 2196 E DisplayDeviceConfig: requesting nits when no mapping exists.
08-26 18:19:36.580 1146 2196 E DisplayDeviceConfig: requesting nits when no mapping exists.
08-26 18:19:36.580 1146 2196 E DisplayDeviceConfig: requesting nits when no mapping exists.
08-26 18:19:36.597 1146 2196 E DisplayDeviceConfig: requesting nits when no mapping exists.
08-26 18:19:36.598 1146 2196 E DisplayDeviceConfig: requesting nits when no mapping exists.
08-26 18:19:36.613 1146 2196 E DisplayDeviceConfig: requesting nits when no mapping exists.
08-26 18:19:36.614 1146 2196 E DisplayDeviceConfig: requesting nits when no mapping exists.
08-26 18:19:36.632 1146 2196 E DisplayDeviceConfig: requesting nits when no mapping exists.
08-26 18:19:36.632 1146 2196 E DisplayDeviceConfig: requesting nits when no mapping exists.
08-26 18:19:39.314 5163 5163 F linker : CANNOT LINK EXECUTABLE "/vendor/bin/hw/qvrservice": library "vendor.qti.hardware.qxr-V1-ndk_platform.so" not found: needed by /vendor/lib64/libqvrservice.so in namespace (default)
08-26 18:19:39.321 5164 5164 F linker : CANNOT LINK EXECUTABLE "/vendor/bin/hw/sxrservice": library "vendor.qti.hardware.qxr-V1-ndk_platform.so" not found: needed by main executable
08-26 18:19:44.410 5166 5166 F linker : CANNOT LINK EXECUTABLE "/vendor/bin/hw/qvrservice": library "vendor.qti.hardware.qxr-V1-ndk_platform.so" not found: needed by /vendor/lib64/libqvrservice.so in namespace (default)
08-26 18:19:44.411 5167 5167 F linker : CANNOT LINK EXECUTABLE "/vendor/bin/hw/sxrservice": library "vendor.qti.hardware.qxr-V1-ndk_platform.so" not found: needed by main executable
08-26 18:19:49.475 5170 5170 F linker : CANNOT LINK EXECUTABLE "/vendor/bin/hw/qvrservice": library "vendor.qti.hardware.qxr-V1-ndk_platform.so" not found: needed by /vendor/lib64/libqvrservice.so in namespace (default)
08-26 18:19:49.484 5171 5171 F linker : CANNOT LINK EXECUTABLE "/vendor/bin/hw/sxrservice": library "vendor.qti.hardware.qxr-V1-ndk_platform.so" not found: needed by main executable
08-26 18:19:54.536 5173 5173 F linker : CANNOT LINK EXECUTABLE "/vendor/bin/hw/qvrservice": library "vendor.qti.hardware.qxr-V1-ndk_platform.so" not found: needed by /vendor/lib64/libqvrservice.so in namespace (default)
08-26 18:19:54.547 5174 5174 F linker : CANNOT LINK EXECUTABLE "/vendor/bin/hw/sxrservice": library "vendor.qti.hardware.qxr-V1-ndk_platform.so" not found: needed by main executable
08-26 18:19:59.593 5177 5177 F linker : CANNOT LINK EXECUTABLE "/vendor/bin/hw/qvrservice": library "vendor.qti.hardware.qxr-V1-ndk_platform.so" not found: needed by /vendor/lib64/libqvrservice.so in namespace (default)
08-26 18:19:59.609 5178 5178 F linker : CANNOT LINK EXECUTABLE "/vendor/bin/hw/sxrservice": library "vendor.qti.hardware.qxr-V1-ndk_platform.so" not found: needed by main executable
08-26 18:20:04.656 5180 5180 F linker : CANNOT LINK EXECUTABLE "/vendor/bin/hw/qvrservice": library "vendor.qti.hardware.qxr-V1-ndk_platform.so" not found: needed by /vendor/lib64/libqvrservice.so in namespace (default)
08-26 18:20:04.669 5181 5181 F linker : CANNOT LINK EXECUTABLE "/vendor/bin/hw/sxrservice": library "vendor.qti.hardware.qxr-V1-ndk_platform.so" not found: needed by main executable
08-26 18:20:09.707 5183 5183 F linker : CANNOT LINK EXECUTABLE "/vendor/bin/hw/qvrservice": library "vendor.qti.hardware.qxr-V1-ndk_platform.so" not found: needed by /vendor/lib64/libqvrservice.so in namespace (default)
08-26 18:20:09.712 5184 5184 F linker : CANNOT LINK EXECUTABLE "/vendor/bin/hw/sxrservice": library "vendor.qti.hardware.qxr-V1-ndk_platform.so" not found: needed by main executable
08-26 18:20:14.772 5186 5186 F linker : CANNOT LINK EXECUTABLE "/vendor/bin/hw/qvrservice": library "vendor.qti.hardware.qxr-V1-ndk_platform.so" not found: needed by /vendor/lib64/libqvrservice.so in namespace (default)
08-26 18:20:14.798 5187 5187 F linker : CANNOT LINK EXECUTABLE "/vendor/bin/hw/sxrservice": library "vendor.qti.hardware.qxr-V1-ndk_platform.so" not found: needed by main executable
08-26 18:20:19.832 5190 5190 F linker : CANNOT LINK EXECUTABLE "/vendor/bin/hw/qvrservice": library "vendor.qti.hardware.qxr-V1-ndk_platform.so" not found: needed by /vendor/lib64/libqvrservice.so in namespace (default)
08-26 18:20:19.873 5191 5191 F linker : CANNOT LINK EXECUTABLE "/vendor/bin/hw/sxrservice": library "vendor.qti.hardware.qxr-V1-ndk_platform.so" not found: needed by main executable
08-26 18:20:24.913 5193 5193 F linker : CANNOT LINK EXECUTABLE "/vendor/bin/hw/qvrservice": library "vendor.qti.hardware.qxr-V1-ndk_platform.so" not found: needed by /vendor/lib64/libqvrservice.so in namespace (default)
08-26 18:20:24.943 5194 5194 F linker : CANNOT LINK EXECUTABLE "/vendor/bin/hw/sxrservice": library "vendor.qti.hardware.qxr-V1-ndk_platform.so" not found: needed by main executable
08-26 18:20:29.973 5196 5196 F linker : CANNOT LINK EXECUTABLE "/vendor/bin/hw/qvrservice": library "vendor.qti.hardware.qxr-V1-ndk_platform.so" not found: needed by /vendor/lib64/libqvrservice.so in namespace (default)
08-26 18:20:30.020 5197 5197 F linker : CANNOT LINK EXECUTABLE "/vendor/bin/hw/sxrservice": library "vendor.qti.hardware.qxr-V1-ndk_platform.so" not found: needed by main executable
08-26 18:20:32.605 1146 1841 I DreamManagerService: Gently waking up from dream.
08-26 18:20:32.608 1146 1726 I DreamManagerService: Performing gentle wake from dream.
08-26 18:20:32.700 1146 1770 I PowerManagerService: Powering on display group fromDreaming (groupId=0, uid=1000, reason=WAKE_REASON_UNKNOWN, details=android.server.power:DREAM_FINISHED)...
08-26 18:20:32.700 1146 1770 I PowerManagerService: Waking up from Dreaming (uid=1000, reason=WAKE_REASON_UNKNOWN, details=android.server.power:DREAM_FINISHED)...
08-26 18:20:33.234 1146 2313 I DreamManagerService: Leaving dreamland.
08-26 18:20:33.235 1146 1726 I DreamManagerService: Performing gentle wake from dream.
08-26 18:20:33.235 1146 1726 I DreamController: Stopping dream: name=ComponentInfo{com.android.deskclock/com.android.deskclock.Screensaver}, isTest=false, canDoze=false, userId=0, reason='finished self'(from 'finished self')
08-26 18:20:33.253 1146 1734 W ActivityTaskManager: Can't find TaskDisplayArea to determine support for multi window. Task id=14 attached=false
08-26 18:20:35.051 5202 5202 F linker : CANNOT LINK EXECUTABLE "/vendor/bin/hw/qvrservice": library "vendor.qti.hardware.qxr-V1-ndk_platform.so" not found: needed by /vendor/lib64/libqvrservice.so in namespace (default)
08-26 18:20:35.070 5203 5203 F linker : CANNOT LINK EXECUTABLE "/vendor/bin/hw/sxrservice": library "vendor.qti.hardware.qxr-V1-ndk_platform.so" not found: needed by main executable
08-26 18:20:40.112 5206 5206 F linker : CANNOT LINK EXECUTABLE "/vendor/bin/hw/qvrservice": library "vendor.qti.hardware.qxr-V1-ndk_platform.so" not found: needed by /vendor/lib64/libqvrservice.so in namespace (default)
08-26 18:20:40.165 5207 5207 F linker : CANNOT LINK EXECUTABLE "/vendor/bin/hw/sxrservice": library "vendor.qti.hardware.qxr-V1-ndk_platform.so" not found: needed by main executable
08-26 18:20:45.187 5209 5209 F linker : CANNOT LINK EXECUTABLE "/vendor/bin/hw/qvrservice": library "vendor.qti.hardware.qxr-V1-ndk_platform.so" not found: needed by /vendor/lib64/libqvrservice.so in namespace (default)
08-26 18:20:45.191 5210 5210 F linker : CANNOT LINK EXECUTABLE "/vendor/bin/hw/sxrservice": library "vendor.qti.hardware.qxr-V1-ndk_platform.so" not found: needed by main executable
08-26 18:20:50.233 5212 5212 F linker : CANNOT LINK EXECUTABLE "/vendor/bin/hw/qvrservice": library "vendor.qti.hardware.qxr-V1-ndk_platform.so" not found: needed by /vendor/lib64/libqvrservice.so in namespace (default)
08-26 18:20:50.282 5213 5213 F linker : CANNOT LINK EXECUTABLE "/vendor/bin/hw/sxrservice": library "vendor.qti.hardware.qxr-V1-ndk_platform.so" not found: needed by main executable
08-26 18:20:55.327 5215 5215 F linker : CANNOT LINK EXECUTABLE "/vendor/bin/hw/qvrservice": library "vendor.qti.hardware.qxr-V1-ndk_platform.so" not found: needed by /vendor/lib64/libqvrservice.so in namespace (default)
08-26 18:20:55.331 5216 5216 F linker : CANNOT LINK EXECUTABLE "/vendor/bin/hw/sxrservice": library "vendor.qti.hardware.qxr-V1-ndk_platform.so" not found: needed by main executable
08-26 18:21:00.390 5219 5219 F linker : CANNOT LINK EXECUTABLE "/vendor/bin/hw/sxrservice": library "vendor.qti.hardware.qxr-V1-ndk_platform.so" not found: needed by main executable
08-26 18:21:00.394 5218 5218 F linker : CANNOT LINK EXECUTABLE "/vendor/bin/hw/qvrservice": library "vendor.qti.hardware.qxr-V1-ndk_platform.so" not found: needed by /vendor/lib64/libqvrservice.so in namespace (default)
08-26 18:21:05.450 5221 5221 F linker : CANNOT LINK EXECUTABLE "/vendor/bin/hw/qvrservice": library "vendor.qti.hardware.qxr-V1-ndk_platform.so" not found: needed by /vendor/lib64/libqvrservice.so in namespace (default)
08-26 18:21:05.486 5222 5222 F linker : CANNOT LINK EXECUTABLE "/vendor/bin/hw/sxrservice": library "vendor.qti.hardware.qxr-V1-ndk_platform.so" not found: needed by main executable
08-26 18:21:10.497 5224 5224 F linker : CANNOT LINK EXECUTABLE "/vendor/bin/hw/qvrservice": library "vendor.qti.hardware.qxr-V1-ndk_platform.so" not found: needed by /vendor/lib64/libqvrservice.so in namespace (default)
08-26 18:21:10.517 5225 5225 F linker : CANNOT LINK EXECUTABLE "/vendor/bin/hw/sxrservice": library "vendor.qti.hardware.qxr-V1-ndk_platform.so" not found: needed by main executable
08-26 18:21:15.553 5227 5227 F linker : CANNOT LINK EXECUTABLE "/vendor/bin/hw/qvrservice": library "vendor.qti.hardware.qxr-V1-ndk_platform.so" not found: needed by /vendor/lib64/libqvrservice.so in namespace (default)
08-26 18:21:15.568 5228 5228 F linker : CANNOT LINK EXECUTABLE "/vendor/bin/hw/sxrservice": library "vendor.qti.hardware.qxr-V1-ndk_platform.so" not found: needed by main executable
08-26 18:21:20.612 5230 5230 F linker : CANNOT LINK EXECUTABLE "/vendor/bin/hw/qvrservice": library "vendor.qti.hardware.qxr-V1-ndk_platform.so" not found: needed by /vendor/lib64/libqvrservice.so in namespace (default)
08-26 18:21:20.665 5231 5231 F linker : CANNOT LINK EXECUTABLE "/vendor/bin/hw/sxrservice": library "vendor.qti.hardware.qxr-V1-ndk_platform.so" not found: needed by main executable
08-26 18:21:25.676 5234 5234 F linker : CANNOT LINK EXECUTABLE "/vendor/bin/hw/qvrservice": library "vendor.qti.hardware.qxr-V1-ndk_platform.so" not found: needed by /vendor/lib64/libqvrservice.so in namespace (default)
08-26 18:21:25.689 5235 5235 F linker : CANNOT LINK EXECUTABLE "/vendor/bin/hw/sxrservice": library "vendor.qti.hardware.qxr-V1-ndk_platform.so" not found: needed by main executable
08-26 18:21:25.716 1146 1770 V DisplayPowerController[0]: Brightness [0.05] reason changing to: 'manual [ dim ]', previous reason: 'manual'.
08-26 18:21:25.716 1146 1770 W PowerManagerService: Screen on took 53017 ms
08-26 18:21:25.726 1146 2196 E DisplayDeviceConfig: requesting nits when no mapping exists.
08-26 18:21:25.726 1146 2196 E DisplayDeviceConfig: requesting nits when no mapping exists.
08-26 18:21:25.729 1146 1749 I DropBoxManagerService: add tag=system_server_wtf isTagEnabled=true flags=0x2
08-26 18:21:25.735 1146 1749 I DropBoxManagerService: add tag=system_server_wtf isTagEnabled=true flags=0x2
08-26 18:21:25.743 1146 2196 E DisplayDeviceConfig: requesting nits when no mapping exists.
08-26 18:21:25.744 1146 2196 E DisplayDeviceConfig: requesting nits when no mapping exists.
08-26 18:21:25.745 1146 1749 I DropBoxManagerService: add tag=system_server_wtf isTagEnabled=true flags=0x2
08-26 18:21:25.748 1146 1749 I DropBoxManagerService: add tag=system_server_wtf isTagEnabled=true flags=0x2
08-26 18:21:25.759 1146 2196 E DisplayDeviceConfig: requesting nits when no mapping exists.
08-26 18:21:25.760 1146 2196 E DisplayDeviceConfig: requesting nits when no mapping exists.
08-26 18:21:25.761 1146 1749 I DropBoxManagerService: add tag=system_server_wtf isTagEnabled=true flags=0x2
08-26 18:21:25.776 1146 2196 E DisplayDeviceConfig: requesting nits when no mapping exists.
08-26 18:21:25.777 1146 2196 E DisplayDeviceConfig: requesting nits when no mapping exists.
08-26 18:21:25.793 1146 2196 E DisplayDeviceConfig: requesting nits when no mapping exists.
08-26 18:21:25.793 1146 2196 E DisplayDeviceConfig: requesting nits when no mapping exists.
08-26 18:21:25.810 1146 2196 E DisplayDeviceConfig: requesting nits when no mapping exists.
08-26 18:21:25.810 1146 2196 E DisplayDeviceConfig: requesting nits when no mapping exists.
08-26 18:21:25.827 1146 2196 E DisplayDeviceConfig: requesting nits when no mapping exists.
08-26 18:21:25.827 1146 2196 E DisplayDeviceConfig: requesting nits when no mapping exists.
08-26 18:21:25.844 1146 2196 E DisplayDeviceConfig: requesting nits when no mapping exists.
08-26 18:21:25.845 1146 2196 E DisplayDeviceConfig: requesting nits when no mapping exists.
08-26 18:21:25.860 1146 2196 E DisplayDeviceConfig: requesting nits when no mapping exists.
08-26 18:21:25.861 1146 2196 E DisplayDeviceConfig: requesting nits when no mapping exists.
08-26 18:21:25.878 1146 2196 E DisplayDeviceConfig: requesting nits when no mapping exists.
08-26 18:21:25.878 1146 2196 E DisplayDeviceConfig: requesting nits when no mapping exists.
08-26 18:21:25.900 1146 2196 E DisplayDeviceConfig: requesting nits when no mapping exists.
08-26 18:21:25.901 1146 2196 E DisplayDeviceConfig: requesting nits when no mapping exists.
08-26 18:21:25.910 1146 2196 E DisplayDeviceConfig: requesting nits when no mapping exists.
08-26 18:21:25.910 1146 2196 E DisplayDeviceConfig: requesting nits when no mapping exists.
08-26 18:21:25.927 1146 2196 E DisplayDeviceConfig: requesting nits when no mapping exists.
08-26 18:21:25.928 1146 2196 E DisplayDeviceConfig: requesting nits when no mapping exists.
08-26 18:21:25.944 1146 2196 E DisplayDeviceConfig: requesting nits when no mapping exists.
08-26 18:21:25.946 1146 2196 E DisplayDeviceConfig: requesting nits when no mapping exists.
08-26 18:21:25.960 1146 2196 E DisplayDeviceConfig: requesting nits when no mapping exists.
08-26 18:21:25.962 1146 2196 E DisplayDeviceConfig: requesting nits when no mapping exists.
08-26 18:21:25.977 1146 2196 E DisplayDeviceConfig: requesting nits when no mapping exists.
08-26 18:21:25.978 1146 2196 E DisplayDeviceConfig: requesting nits when no mapping exists.
08-26 18:21:26.000 1146 2196 E DisplayDeviceConfig: requesting nits when no mapping exists.
08-26 18:21:26.001 1146 2196 E DisplayDeviceConfig: requesting nits when no mapping exists.
08-26 18:21:26.010 1146 2196 E DisplayDeviceConfig: requesting nits when no mapping exists.
08-26 18:21:26.011 1146 2196 E DisplayDeviceConfig: requesting nits when no mapping exists.
08-26 18:21:26.027 1146 2196 E DisplayDeviceConfig: requesting nits when no mapping exists.
08-26 18:21:26.028 1146 2196 E DisplayDeviceConfig: requesting nits when no mapping exists.
08-26 18:21:26.044 1146 2196 E DisplayDeviceConfig: requesting nits when no mapping exists.
08-26 18:21:26.045 1146 2196 E DisplayDeviceConfig: requesting nits when no mapping exists.
08-26 18:21:26.064 1146 2196 E DisplayDeviceConfig: requesting nits when no mapping exists.
08-26 18:21:26.065 1146 2196 E DisplayDeviceConfig: requesting nits when no mapping exists.
08-26 18:21:26.084 1146 2196 E DisplayDeviceConfig: requesting nits when no mapping exists.
08-26 18:21:26.084 1146 2196 E DisplayDeviceConfig: requesting nits when no mapping exists.
08-26 18:21:26.094 1146 2196 E DisplayDeviceConfig: requesting nits when no mapping exists.
08-26 18:21:26.095 1146 2196 E DisplayDeviceConfig: requesting nits when no mapping exists.
08-26 18:21:26.112 1146 2196 E DisplayDeviceConfig: requesting nits when no mapping exists.
08-26 18:21:26.112 1146 2196 E DisplayDeviceConfig: requesting nits when no mapping exists.
08-26 18:21:26.130 1146 2196 E DisplayDeviceConfig: requesting nits when no mapping exists.
08-26 18:21:26.130 1146 2196 E DisplayDeviceConfig: requesting nits when no mapping exists.
08-26 18:21:26.144 1146 2196 E DisplayDeviceConfig: requesting nits when no mapping exists.
08-26 18:21:26.145 1146 2196 E DisplayDeviceConfig: requesting nits when no mapping exists.
08-26 18:21:26.163 1146 2196 E DisplayDeviceConfig: requesting nits when no mapping exists.
08-26 18:21:26.165 1146 2196 E DisplayDeviceConfig: requesting nits when no mapping exists.
08-26 18:21:26.179 1146 2196 E DisplayDeviceConfig: requesting nits when no mapping exists.
08-26 18:21:26.180 1146 2196 E DisplayDeviceConfig: requesting nits when no mapping exists.
08-26 18:21:26.196 1146 2196 E DisplayDeviceConfig: requesting nits when no mapping exists.
08-26 18:21:26.197 1146 2196 E DisplayDeviceConfig: requesting nits when no mapping exists.
08-26 18:21:26.213 1146 2196 E DisplayDeviceConfig: requesting nits when no mapping exists.
08-26 18:21:26.216 1146 2196 E DisplayDeviceConfig: requesting nits when no mapping exists.
08-26 18:21:30.732 5237 5237 F linker : CANNOT LINK EXECUTABLE "/vendor/bin/hw/qvrservice": library "vendor.qti.hardware.qxr-V1-ndk_platform.so" not found: needed by /vendor/lib64/libqvrservice.so in namespace (default)
08-26 18:21:30.780 5238 5238 F linker : CANNOT LINK EXECUTABLE "/vendor/bin/hw/sxrservice": library "vendor.qti.hardware.qxr-V1-ndk_platform.so" not found: needed by main executable
08-26 18:21:33.206 1146 1770 I PowerManagerService: Napping display group (groupId=0, uid=1000)...
08-26 18:21:33.207 1146 1770 I PowerManagerService: Nap time (uid 1000)...
08-26 18:21:33.212 1146 1770 I DreamManagerService: Entering dreamland.
08-26 18:21:33.219 1146 1770 I PowerManagerService: Dreaming...
08-26 18:21:33.221 1146 1726 I DreamController: Starting dream: name=ComponentInfo{com.android.deskclock/com.android.deskclock.Screensaver}, isTest=false, canDoze=false, userId=0
08-26 18:21:33.231 1146 1726 D AutofillManagerService: Close system dialogs
08-26 18:21:33.234 1146 5201 I ActivityTaskManager: START u0 {flg=0x10000000 pkg=com.android.deskclock cmp=com.android.deskclock/android.service.dreams.DreamActivity (has extras)} from uid 10068
08-26 18:21:33.238 1146 5201 W ActivityTaskManager: Can't find TaskDisplayArea to determine support for multi window. Task id=15 attached=false
08-26 18:21:33.246 1146 5201 V SplashScreenExceptionList: SplashScreen checking exception for package com.android.deskclock (target sdk:29) -> false
08-26 18:21:33.273 1146 1623 I ActivityTaskManager: The Process com.android.deskclock Already Exists in BG. So sending its PID: 3006
08-26 18:21:33.274 1146 1623 W ActivityTaskManager: Tried to set launchTime (0) < mLastActivityLaunchTime (1038369)
08-26 18:21:33.350 1146 1770 V DisplayPowerController[0]: Brightness [0.39763778] reason changing to: 'manual', previous reason: 'manual [ dim ]'.
08-26 18:21:33.363 1146 2196 E DisplayDeviceConfig: requesting nits when no mapping exists.
08-26 18:21:33.363 1146 2196 E DisplayDeviceConfig: requesting nits when no mapping exists.
08-26 18:21:33.382 1146 2196 E DisplayDeviceConfig: requesting nits when no mapping exists.
08-26 18:21:33.382 1146 2196 E DisplayDeviceConfig: requesting nits when no mapping exists.
08-26 18:21:33.395 1146 2196 E DisplayDeviceConfig: requesting nits when no mapping exists.
08-26 18:21:33.395 1146 2196 E DisplayDeviceConfig: requesting nits when no mapping exists.
08-26 18:21:33.412 1146 2196 E DisplayDeviceConfig: requesting nits when no mapping exists.
08-26 18:21:33.413 1146 2196 E DisplayDeviceConfig: requesting nits when no mapping exists.
08-26 18:21:33.444 1146 2196 E DisplayDeviceConfig: requesting nits when no mapping exists.
08-26 18:21:33.445 1146 2196 E DisplayDeviceConfig: requesting nits when no mapping exists.
08-26 18:21:33.460 1146 2196 E DisplayDeviceConfig: requesting nits when no mapping exists.
08-26 18:21:33.462 1146 2196 E DisplayDeviceConfig: requesting nits when no mapping exists.
08-26 18:21:33.479 1146 2196 E DisplayDeviceConfig: requesting nits when no mapping exists.
08-26 18:21:33.480 1146 2196 E DisplayDeviceConfig: requesting nits when no mapping exists.
08-26 18:21:33.497 1146 2196 E DisplayDeviceConfig: requesting nits when no mapping exists.
08-26 18:21:33.497 1146 2196 E DisplayDeviceConfig: requesting nits when no mapping exists.
08-26 18:21:33.511 1146 2196 E DisplayDeviceConfig: requesting nits when no mapping exists.
08-26 18:21:33.512 1146 2196 E DisplayDeviceConfig: requesting nits when no mapping exists.
08-26 18:21:33.529 1146 2196 E DisplayDeviceConfig: requesting nits when no mapping exists.
08-26 18:21:33.529 1146 2196 E DisplayDeviceConfig: requesting nits when no mapping exists.
08-26 18:21:33.545 1146 2196 E DisplayDeviceConfig: requesting nits when no mapping exists.
08-26 18:21:33.545 1146 2196 E DisplayDeviceConfig: requesting nits when no mapping exists.
08-26 18:21:33.562 1146 2196 E DisplayDeviceConfig: requesting nits when no mapping exists.
08-26 18:21:33.563 1146 2196 E DisplayDeviceConfig: requesting nits when no mapping exists.
08-26 18:21:33.578 1146 2196 E DisplayDeviceConfig: requesting nits when no mapping exists.
08-26 18:21:33.579 1146 2196 E DisplayDeviceConfig: requesting nits when no mapping exists.
08-26 18:21:33.598 1146 2196 E DisplayDeviceConfig: requesting nits when no mapping exists.
08-26 18:21:33.598 1146 2196 E DisplayDeviceConfig: requesting nits when no mapping exists.
08-26 18:21:33.612 1146 2196 E DisplayDeviceConfig: requesting nits when no mapping exists.
08-26 18:21:33.613 1146 2196 E DisplayDeviceConfig: requesting nits when no mapping exists.
08-26 18:21:33.628 1146 2196 E DisplayDeviceConfig: requesting nits when no mapping exists.
08-26 18:21:33.629 1146 2196 E DisplayDeviceConfig: requesting nits when no mapping exists.
08-26 18:21:33.647 1146 2196 E DisplayDeviceConfig: requesting nits when no mapping exists.
08-26 18:21:33.648 1146 2196 E DisplayDeviceConfig: requesting nits when no mapping exists.
08-26 18:21:33.662 1146 2196 E DisplayDeviceConfig: requesting nits when no mapping exists.
08-26 18:21:33.662 1146 2196 E DisplayDeviceConfig: requesting nits when no mapping exists.
08-26 18:21:33.679 1146 2196 E DisplayDeviceConfig: requesting nits when no mapping exists.
08-26 18:21:33.679 1146 2196 E DisplayDeviceConfig: requesting nits when no mapping exists.
08-26 18:21:33.697 1146 2196 E DisplayDeviceConfig: requesting nits when no mapping exists.
08-26 18:21:33.698 1146 2196 E DisplayDeviceConfig: requesting nits when no mapping exists.
08-26 18:21:33.719 1146 2196 E DisplayDeviceConfig: requesting nits when no mapping exists.
08-26 18:21:33.719 1146 2196 E DisplayDeviceConfig: requesting nits when no mapping exists.
08-26 18:21:33.728 1146 2196 E DisplayDeviceConfig: requesting nits when no mapping exists.
08-26 18:21:33.728 1146 2196 E DisplayDeviceConfig: requesting nits when no mapping exists.
08-26 18:21:33.745 1146 2196 E DisplayDeviceConfig: requesting nits when no mapping exists.
08-26 18:21:33.745 1146 2196 E DisplayDeviceConfig: requesting nits when no mapping exists.
08-26 18:21:33.763 1146 2196 E DisplayDeviceConfig: requesting nits when no mapping exists.
08-26 18:21:33.763 1146 2196 E DisplayDeviceConfig: requesting nits when no mapping exists.
08-26 18:21:33.781 1146 2196 E DisplayDeviceConfig: requesting nits when no mapping exists.
08-26 18:21:33.782 1146 2196 E DisplayDeviceConfig: requesting nits when no mapping exists.
08-26 18:21:33.796 1146 2196 E DisplayDeviceConfig: requesting nits when no mapping exists.
08-26 18:21:33.797 1146 2196 E DisplayDeviceConfig: requesting nits when no mapping exists.
08-26 18:21:33.812 1146 2196 E DisplayDeviceConfig: requesting nits when no mapping exists.
08-26 18:21:33.812 1146 2196 E DisplayDeviceConfig: requesting nits when no mapping exists.
08-26 18:21:33.830 1146 2196 E DisplayDeviceConfig: requesting nits when no mapping exists.
08-26 18:21:33.831 1146 2196 E DisplayDeviceConfig: requesting nits when no mapping exists.
08-26 18:21:33.845 1146 2196 E DisplayDeviceConfig: requesting nits when no mapping exists.
08-26 18:21:33.845 1146 2196 E DisplayDeviceConfig: requesting nits when no mapping exists.
08-26 18:21:35.815 5243 5243 F linker : CANNOT LINK EXECUTABLE "/vendor/bin/hw/qvrservice": library "vendor.qti.hardware.qxr-V1-ndk_platform.so" not found: needed by /vendor/lib64/libqvrservice.so in namespace (default)
08-26 18:21:35.826 5244 5244 F linker : CANNOT LINK EXECUTABLE "/vendor/bin/hw/sxrservice": library "vendor.qti.hardware.qxr-V1-ndk_platform.so" not found: needed by main executable
08-26 18:21:40.886 5246 5246 F linker : CANNOT LINK EXECUTABLE "/vendor/bin/hw/qvrservice": library "vendor.qti.hardware.qxr-V1-ndk_platform.so" not found: needed by /vendor/lib64/libqvrservice.so in namespace (default)
08-26 18:21:40.890 5247 5247 F linker : CANNOT LINK EXECUTABLE "/vendor/bin/hw/sxrservice": library "vendor.qti.hardware.qxr-V1-ndk_platform.so" not found: needed by main executable
08-26 18:21:45.947 5250 5250 F linker : CANNOT LINK EXECUTABLE "/vendor/bin/hw/sxrservice": library "vendor.qti.hardware.qxr-V1-ndk_platform.so" not found: needed by main executable
08-26 18:21:45.950 5249 5249 F linker : CANNOT LINK EXECUTABLE "/vendor/bin/hw/qvrservice": library "vendor.qti.hardware.qxr-V1-ndk_platform.so" not found: needed by /vendor/lib64/libqvrservice.so in namespace (default)
08-26 18:21:50.993 5252 5252 F linker : CANNOT LINK EXECUTABLE "/vendor/bin/hw/qvrservice": library "vendor.qti.hardware.qxr-V1-ndk_platform.so" not found: needed by /vendor/lib64/libqvrservice.so in namespace (default)
08-26 18:21:51.046 5253 5253 F linker : CANNOT LINK EXECUTABLE "/vendor/bin/hw/sxrservice": library "vendor.qti.hardware.qxr-V1-ndk_platform.so" not found: needed by main executable
08-26 18:21:56.073 5255 5255 F linker : CANNOT LINK EXECUTABLE "/vendor/bin/hw/qvrservice": library "vendor.qti.hardware.qxr-V1-ndk_platform.so" not found: needed by /vendor/lib64/libqvrservice.so in namespace (default)
08-26 18:21:56.125 5256 5256 F linker : CANNOT LINK EXECUTABLE "/vendor/bin/hw/sxrservice": library "vendor.qti.hardware.qxr-V1-ndk_platform.so" not found: needed by main executable
08-26 18:22:01.133 5258 5258 F linker : CANNOT LINK EXECUTABLE "/vendor/bin/hw/qvrservice": library "vendor.qti.hardware.qxr-V1-ndk_platform.so" not found: needed by /vendor/lib64/libqvrservice.so in namespace (default)
08-26 18:22:01.172 5259 5259 F linker : CANNOT LINK EXECUTABLE "/vendor/bin/hw/sxrservice": library "vendor.qti.hardware.qxr-V1-ndk_platform.so" not found: needed by main executable
08-26 18:22:06.229 5261 5261 F linker : CANNOT LINK EXECUTABLE "/vendor/bin/hw/qvrservice": library "vendor.qti.hardware.qxr-V1-ndk_platform.so" not found: needed by /vendor/lib64/libqvrservice.so in namespace (default)
08-26 18:22:06.232 5262 5262 F linker : CANNOT LINK EXECUTABLE "/vendor/bin/hw/sxrservice": library "vendor.qti.hardware.qxr-V1-ndk_platform.so" not found: needed by main executable
08-26 18:22:11.272 5264 5264 F linker : CANNOT LINK EXECUTABLE "/vendor/bin/hw/qvrservice": library "vendor.qti.hardware.qxr-V1-ndk_platform.so" not found: needed by /vendor/lib64/libqvrservice.so in namespace (default)
08-26 18:22:11.326 5265 5265 F linker : CANNOT LINK EXECUTABLE "/vendor/bin/hw/sxrservice": library "vendor.qti.hardware.qxr-V1-ndk_platform.so" not found: needed by main executable
08-26 18:22:16.352 5267 5267 F linker : CANNOT LINK EXECUTABLE "/vendor/bin/hw/qvrservice": library "vendor.qti.hardware.qxr-V1-ndk_platform.so" not found: needed by /vendor/lib64/libqvrservice.so in namespace (default)
08-26 18:22:16.405 5268 5268 F linker : CANNOT LINK EXECUTABLE "/vendor/bin/hw/sxrservice": library "vendor.qti.hardware.qxr-V1-ndk_platform.so" not found: needed by main executable
08-26 18:22:21.435 5270 5270 F linker : CANNOT LINK EXECUTABLE "/vendor/bin/hw/qvrservice": library "vendor.qti.hardware.qxr-V1-ndk_platform.so" not found: needed by /vendor/lib64/libqvrservice.so in namespace (default)
08-26 18:22:21.445 5271 5271 F linker : CANNOT LINK EXECUTABLE "/vendor/bin/hw/sxrservice": library "vendor.qti.hardware.qxr-V1-ndk_platform.so" not found: needed by main executable
08-26 18:22:26.492 5273 5273 F linker : CANNOT LINK EXECUTABLE "/vendor/bin/hw/qvrservice": library "vendor.qti.hardware.qxr-V1-ndk_platform.so" not found: needed by /vendor/lib64/libqvrservice.so in namespace (default)
08-26 18:22:26.545 5274 5274 F linker : CANNOT LINK EXECUTABLE "/vendor/bin/hw/sxrservice": library "vendor.qti.hardware.qxr-V1-ndk_platform.so" not found: needed by main executable
08-26 18:22:31.575 5276 5276 F linker : CANNOT LINK EXECUTABLE "/vendor/bin/hw/qvrservice": library "vendor.qti.hardware.qxr-V1-ndk_platform.so" not found: needed by /vendor/lib64/libqvrservice.so in namespace (default)
08-26 18:22:31.603 5277 5277 F linker : CANNOT LINK EXECUTABLE "/vendor/bin/hw/sxrservice": library "vendor.qti.hardware.qxr-V1-ndk_platform.so" not found: needed by main executable
08-26 18:22:36.653 5279 5279 F linker : CANNOT LINK EXECUTABLE "/vendor/bin/hw/qvrservice": library "vendor.qti.hardware.qxr-V1-ndk_platform.so" not found: needed by /vendor/lib64/libqvrservice.so in namespace (default)
08-26 18:22:36.684 5280 5280 F linker : CANNOT LINK EXECUTABLE "/vendor/bin/hw/sxrservice": library "vendor.qti.hardware.qxr-V1-ndk_platform.so" not found: needed by main executable
08-26 18:22:41.714 5282 5282 F linker : CANNOT LINK EXECUTABLE "/vendor/bin/hw/qvrservice": library "vendor.qti.hardware.qxr-V1-ndk_platform.so" not found: needed by /vendor/lib64/libqvrservice.so in namespace (default)
08-26 18:22:41.740 5283 5283 F linker : CANNOT LINK EXECUTABLE "/vendor/bin/hw/sxrservice": library "vendor.qti.hardware.qxr-V1-ndk_platform.so" not found: needed by main executable
08-26 18:22:46.793 5285 5285 F linker : CANNOT LINK EXECUTABLE "/vendor/bin/hw/qvrservice": library "vendor.qti.hardware.qxr-V1-ndk_platform.so" not found: needed by /vendor/lib64/libqvrservice.so in namespace (default)
08-26 18:22:46.808 5286 5286 F linker : CANNOT LINK EXECUTABLE "/vendor/bin/hw/sxrservice": library "vendor.qti.hardware.qxr-V1-ndk_platform.so" not found: needed by main executable
08-26 18:22:51.852 5288 5288 F linker : CANNOT LINK EXECUTABLE "/vendor/bin/hw/qvrservice": library "vendor.qti.hardware.qxr-V1-ndk_platform.so" not found: needed by /vendor/lib64/libqvrservice.so in namespace (default)
08-26 18:22:51.906 5289 5289 F linker : CANNOT LINK EXECUTABLE "/vendor/bin/hw/sxrservice": library "vendor.qti.hardware.qxr-V1-ndk_platform.so" not found: needed by main executable
08-26 18:22:56.933 5291 5291 F linker : CANNOT LINK EXECUTABLE "/vendor/bin/hw/qvrservice": library "vendor.qti.hardware.qxr-V1-ndk_platform.so" not found: needed by /vendor/lib64/libqvrservice.so in namespace (default)
08-26 18:22:56.960 5292 5292 F linker : CANNOT LINK EXECUTABLE "/vendor/bin/hw/sxrservice": library "vendor.qti.hardware.qxr-V1-ndk_platform.so" not found: needed by main executable
08-26 18:23:00.736 1146 2313 I DreamManagerService: Gently waking up from dream.
08-26 18:23:00.736 1146 1726 I DreamManagerService: Performing gentle wake from dream.
08-26 18:23:00.816 1146 1770 I PowerManagerService: Powering on display group fromDreaming (groupId=0, uid=1000, reason=WAKE_REASON_UNKNOWN, details=android.server.power:DREAM_FINISHED)...
08-26 18:23:00.816 1146 1770 I PowerManagerService: Waking up from Dreaming (uid=1000, reason=WAKE_REASON_UNKNOWN, details=android.server.power:DREAM_FINISHED)...
08-26 18:23:01.363 1146 2317 I DreamManagerService: Leaving dreamland.
08-26 18:23:01.364 1146 1726 I DreamManagerService: Performing gentle wake from dream.
08-26 18:23:01.364 1146 1726 I DreamController: Stopping dream: name=ComponentInfo{com.android.deskclock/com.android.deskclock.Screensaver}, isTest=false, canDoze=false, userId=0, reason='finished self'(from 'finished self')
08-26 18:23:01.387 1146 1734 W ActivityTaskManager: Can't find TaskDisplayArea to determine support for multi window. Task id=15 attached=false
08-26 18:23:01.971 5297 5297 F linker : CANNOT LINK EXECUTABLE "/vendor/bin/hw/sxrservice": library "vendor.qti.hardware.qxr-V1-ndk_platform.so" not found: needed by main executable
08-26 18:23:01.994 5296 5296 F linker : CANNOT LINK EXECUTABLE "/vendor/bin/hw/qvrservice": library "vendor.qti.hardware.qxr-V1-ndk_platform.so" not found: needed by /vendor/lib64/libqvrservice.so in namespace (default)
08-26 18:23:07.052 5299 5299 F linker : CANNOT LINK EXECUTABLE "/vendor/bin/hw/qvrservice": library "vendor.qti.hardware.qxr-V1-ndk_platform.so" not found: needed by /vendor/lib64/libqvrservice.so in namespace (default)
08-26 18:23:07.076 5300 5300 F linker : CANNOT LINK EXECUTABLE "/vendor/bin/hw/sxrservice": library "vendor.qti.hardware.qxr-V1-ndk_platform.so" not found: needed by main executable
08-26 18:23:12.114 5302 5302 F linker : CANNOT LINK EXECUTABLE "/vendor/bin/hw/qvrservice": library "vendor.qti.hardware.qxr-V1-ndk_platform.so" not found: needed by /vendor/lib64/libqvrservice.so in namespace (default)
08-26 18:23:12.164 5303 5303 F linker : CANNOT LINK EXECUTABLE "/vendor/bin/hw/sxrservice": library "vendor.qti.hardware.qxr-V1-ndk_platform.so" not found: needed by main executable
08-26 18:23:13.128 1146 1758 W BatteryExternalStatsWorker: error reading modem stats:ERROR_PHONE_NOT_AVAILABLE
08-26 18:23:13.173 1146 1758 E KernelCpuSpeedReader: Failed to read cpu-freq: /sys/devices/system/cpu/cpu4/cpufreq/stats/time_in_state: open failed: ENOENT (No such file or directory)
08-26 18:23:13.173 1146 1758 E KernelCpuSpeedReader: Failed to read cpu-freq: /sys/devices/system/cpu/cpu0/cpufreq/stats/time_in_state: open failed: ENOENT (No such file or directory)
08-26 18:23:13.278 1146 1758 D KernelCpuUidUserSysTimeReader: Removing uids 1037-1037
08-26 18:23:13.278 1146 1758 D KernelCpuUidUserSysTimeReader: Removing uids 1037-1037
08-26 18:23:13.291 1146 1758 W BatteryExternalStatsWorker: error reading modem stats:ERROR_PHONE_NOT_AVAILABLE
08-26 18:23:13.310 1146 1758 E KernelCpuSpeedReader: Failed to read cpu-freq: /sys/devices/system/cpu/cpu4/cpufreq/stats/time_in_state: open failed: ENOENT (No such file or directory)
08-26 18:23:13.310 1146 1758 E KernelCpuSpeedReader: Failed to read cpu-freq: /sys/devices/system/cpu/cpu0/cpufreq/stats/time_in_state: open failed: ENOENT (No such file or directory)
08-26 18:23:15.320 1146 1748 I UsageStatsService: User[0] Flushing usage stats to disk
08-26 18:23:16.424 1146 3809 E TaskPersister: File error accessing recents directory (directory doesn't exist?).
08-26 18:23:17.194 5311 5311 F linker : CANNOT LINK EXECUTABLE "/vendor/bin/hw/qvrservice": library "vendor.qti.hardware.qxr-V1-ndk_platform.so" not found: needed by /vendor/lib64/libqvrservice.so in namespace (default)
08-26 18:23:17.224 5312 5312 F linker : CANNOT LINK EXECUTABLE "/vendor/bin/hw/sxrservice": library "vendor.qti.hardware.qxr-V1-ndk_platform.so" not found: needed by main executable
08-26 18:23:22.253 5314 5314 F linker : CANNOT LINK EXECUTABLE "/vendor/bin/hw/qvrservice": library "vendor.qti.hardware.qxr-V1-ndk_platform.so" not found: needed by /vendor/lib64/libqvrservice.so in namespace (default)
08-26 18:23:22.306 5315 5315 F linker : CANNOT LINK EXECUTABLE "/vendor/bin/hw/sxrservice": library "vendor.qti.hardware.qxr-V1-ndk_platform.so" not found: needed by main executable
08-26 18:23:27.331 5317 5317 F linker : CANNOT LINK EXECUTABLE "/vendor/bin/hw/qvrservice": library "vendor.qti.hardware.qxr-V1-ndk_platform.so" not found: needed by /vendor/lib64/libqvrservice.so in namespace (default)
08-26 18:23:27.366 5318 5318 F linker : CANNOT LINK EXECUTABLE "/vendor/bin/hw/sxrservice": library "vendor.qti.hardware.qxr-V1-ndk_platform.so" not found: needed by main executable
08-26 18:23:32.414 5320 5320 F linker : CANNOT LINK EXECUTABLE "/vendor/bin/hw/qvrservice": library "vendor.qti.hardware.qxr-V1-ndk_platform.so" not found: needed by /vendor/lib64/libqvrservice.so in namespace (default)
