01-01 10:30:38.080 0 0 D mv2112_update_link: link 0x0
01-01 10:30:38.086 0 0 D mv2112_read_status: autoneg is disabled
01-01 10:30:38.334 0 0 I init : starting service 'qvrd_vndr'...
01-01 10:30:38.341 0 0 I init : Created socket '/dev/socket/qvrservice_vndr', mode 660, user 1000, group 1000
01-01 10:30:38.352 0 0 I init : Created socket '/dev/socket/qvrservice_vndr_camera', mode 660, user 1000, group 1000
01-01 10:30:38.377 0 0 I init : starting service 'sxrd'...
01-01 10:30:38.395 0 0 I init : starting service 'vendor.light-hal-2-0'...
08-26 19:51:39.767 9082 9082 F linker : CANNOT LINK EXECUTABLE "/vendor/bin/hw/sxrservice": library "vendor.qti.hardware.qxr-V1-ndk_platform.so" not found: needed by main executable
08-26 19:51:39.769 9081 9081 F linker : CANNOT LINK EXECUTABLE "/vendor/bin/hw/qvrservice": library "vendor.qti.hardware.qxr-V1-ndk_platform.so" not found: needed by /vendor/lib64/libqvrservice.so in namespace (default)
01-01 10:30:38.422 0 0 I init : Service 'sxrd' (pid 9082) exited with status 1
01-01 10:30:38.428 0 0 I init : Sending signal 9 to service 'sxrd' (pid 9082) process group...
01-01 10:30:38.436 0 0 I libprocessgroup: Successfully killed process cgroup uid 1000 pid 9082 in 0ms
01-01 10:30:38.447 0 0 I init : Service 'qvrd_vndr' (pid 9081) exited with status 1
01-01 10:30:38.454 0 0 I init : Sending signal 9 to service 'qvrd_vndr' (pid 9081) process group...
01-01 10:30:39.089 0 0 D : mv2112_read_status
01-01 10:30:39.092 0 0 D mv2112_update_link: 3.0x901(1G): 0x80
01-01 10:30:39.099 0 0 D mv2112_update_link: 3.0x8109(100M): 0x0
01-01 10:30:39.104 0 0 D mv2112_update_link: link 0x0
01-01 10:30:39.110 0 0 D mv2112_read_status: autoneg is disabled
01-01 10:30:40.113 0 0 D : mv2112_read_status
01-01 10:30:40.116 0 0 D mv2112_update_link: 3.0x901(1G): 0x80
01-01 10:30:40.123 0 0 D mv2112_update_link: 3.0x8109(100M): 0x0
01-01 10:30:40.128 0 0 D mv2112_update_link: link 0x0
01-01 10:30:40.133 0 0 D mv2112_read_status: autoneg is disabled
01-01 10:30:41.137 0 0 D : mv2112_read_status
01-01 10:30:41.140 0 0 D mv2112_update_link: 3.0x901(1G): 0x80
01-01 10:30:41.146 0 0 D mv2112_update_link: 3.0x8109(100M): 0x0
01-01 10:30:41.151 0 0 D mv2112_update_link: link 0x0
01-01 10:30:41.156 0 0 D mv2112_read_status: autoneg is disabled
01-01 10:30:42.161 0 0 D : mv2112_read_status
01-01 10:30:42.164 0 0 D mv2112_update_link: 3.0x901(1G): 0x80
01-01 10:30:42.171 0 0 D mv2112_update_link: 3.0x8109(100M): 0x0
01-01 10:30:42.178 0 0 D mv2112_update_link: link 0x0
01-01 10:30:42.183 0 0 D mv2112_read_status: autoneg is disabled
01-01 10:30:43.217 0 0 D : mv2112_read_status
01-01 10:30:43.220 0 0 D mv2112_update_link: 3.0x901(1G): 0x80
01-01 10:30:43.226 0 0 D mv2112_update_link: 3.0x8109(100M): 0x0
01-01 10:30:43.245 0 0 D mv2112_update_link: link 0x0
01-01 10:30:43.257 0 0 D mv2112_read_status: autoneg is disabled
01-01 10:30:43.378 0 0 I init : starting service 'qvrd_vndr'...
01-01 10:30:43.384 0 0 I init : Created socket '/dev/socket/qvrservice_vndr', mode 660, user 1000, group 1000
01-01 10:30:43.395 0 0 I init : Created socket '/dev/socket/qvrservice_vndr_camera', mode 660, user 1000, group 1000
01-01 10:30:43.421 0 0 I init : starting service 'sxrd'...
01-01 10:30:43.438 0 0 I init : starting service 'vendor.light-hal-2-0'...
08-26 19:51:44.807 9086 9086 F linker : CANNOT LINK EXECUTABLE "/vendor/bin/hw/sxrservice": library "vendor.qti.hardware.qxr-V1-ndk_platform.so" not found: needed by main executable
08-26 19:51:44.811 9085 9085 F linker : CANNOT LINK EXECUTABLE "/vendor/bin/hw/qvrservice": library "vendor.qti.hardware.qxr-V1-ndk_platform.so" not found: needed by /vendor/lib64/libqvrservice.so in namespace (default)
01-01 10:30:43.462 0 0 I init : Service 'sxrd' (pid 9086) exited with status 1
01-01 10:30:43.468 0 0 I init : Sending signal 9 to service 'sxrd' (pid 9086) process group...
01-01 10:30:43.476 0 0 I libprocessgroup: Successfully killed process cgroup uid 1000 pid 9086 in 0ms
01-01 10:30:43.486 0 0 I init : Service 'qvrd_vndr' (pid 9085) exited with status 1
01-01 10:30:43.493 0 0 I init : Sending signal 9 to service 'qvrd_vndr' (pid 9085) process group...
01-01 10:30:44.273 0 0 D : mv2112_read_status
01-01 10:30:44.277 0 0 D mv2112_update_link: 3.0x901(1G): 0x80
01-01 10:30:44.293 0 0 D mv2112_update_link: 3.0x8109(100M): 0x0
01-01 10:30:44.298 0 0 D mv2112_update_link: link 0x0
01-01 10:30:44.302 0 0 D mv2112_read_status: autoneg is disabled
01-01 10:30:45.329 0 0 D : mv2112_read_status
01-01 10:30:45.332 0 0 D mv2112_update_link: 3.0x901(1G): 0x80
01-01 10:30:45.338 0 0 D mv2112_update_link: 3.0x8109(100M): 0x0
01-01 10:30:45.343 0 0 D mv2112_update_link: link 0x0
01-01 10:30:45.348 0 0 D mv2112_read_status: autoneg is disabled
01-01 10:30:46.353 0 0 D : mv2112_read_status
01-01 10:30:46.357 0 0 D mv2112_update_link: 3.0x901(1G): 0x80
01-01 10:30:46.363 0 0 D mv2112_update_link: 3.0x8109(100M): 0x0
01-01 10:30:46.368 0 0 D mv2112_update_link: link 0x0
01-01 10:30:46.373 0 0 D mv2112_read_status: autoneg is disabled
01-01 10:30:47.377 0 0 D : mv2112_read_status
01-01 10:30:47.380 0 0 D mv2112_update_link: 3.0x901(1G): 0x80
01-01 10:30:47.389 0 0 D mv2112_update_link: 3.0x8109(100M): 0x0
01-01 10:30:47.396 0 0 D mv2112_update_link: link 0x0
01-01 10:30:47.400 0 0 D mv2112_read_status: autoneg is disabled
01-01 10:30:48.421 0 0 I init : starting service 'qvrd_vndr'...
01-01 10:30:48.428 0 0 I init : Created socket '/dev/socket/qvrservice_vndr', mode 660, user 1000, group 1000
01-01 10:30:48.438 0 0 I init : Created socket '/dev/socket/qvrservice_vndr_camera', mode 660, user 1000, group 1000
01-01 10:30:48.441 0 0 D : mv2112_read_status
01-01 10:30:48.461 0 0 D mv2112_update_link: 3.0x901(1G): 0x80
01-01 10:30:48.468 0 0 I init : starting service 'sxrd'...
01-01 10:30:48.473 0 0 D mv2112_update_link: 3.0x8109(100M): 0x0
01-01 10:30:48.478 0 0 D mv2112_update_link: link 0x0
01-01 10:30:48.482 0 0 D mv2112_read_status: autoneg is disabled
01-01 10:30:48.492 0 0 I init : starting service 'vendor.light-hal-2-0'...
08-26 19:51:49.852 9088 9088 F linker : CANNOT LINK EXECUTABLE "/vendor/bin/hw/qvrservice": library "vendor.qti.hardware.qxr-V1-ndk_platform.so" not found: needed by /vendor/lib64/libqvrservice.so in namespace (default)
08-26 19:51:49.865 9089 9089 F linker : CANNOT LINK EXECUTABLE "/vendor/bin/hw/sxrservice": library "vendor.qti.hardware.qxr-V1-ndk_platform.so" not found: needed by main executable
01-01 10:30:48.510 0 0 I init : Service 'qvrd_vndr' (pid 9088) exited with status 1
01-01 10:30:48.516 0 0 I init : Sending signal 9 to service 'qvrd_vndr' (pid 9088) process group...
01-01 10:30:48.525 0 0 I libprocessgroup: Successfully killed process cgroup uid 1000 pid 9088 in 0ms
01-01 10:30:48.536 0 0 I init : Service 'sxrd' (pid 9089) exited with status 1
01-01 10:30:48.542 0 0 I init : Sending signal 9 to service 'sxrd' (pid 9089) process group...
01-01 10:30:49.489 0 0 D : mv2112_read_status
01-01 10:30:49.493 0 0 D mv2112_update_link: 3.0x901(1G): 0x80
01-01 10:30:49.499 0 0 D mv2112_update_link: 3.0x8109(100M): 0x0
01-01 10:30:49.504 0 0 D mv2112_update_link: link 0x0
01-01 10:30:49.509 0 0 D mv2112_read_status: autoneg is disabled
01-01 10:30:50.513 0 0 D : mv2112_read_status
01-01 10:30:50.516 0 0 D mv2112_update_link: 3.0x901(1G): 0x80
01-01 10:30:50.522 0 0 D mv2112_update_link: 3.0x8109(100M): 0x0
01-01 10:30:50.528 0 0 D mv2112_update_link: link 0x0
01-01 10:30:50.532 0 0 D mv2112_read_status: autoneg is disabled
01-01 10:30:51.537 0 0 D : mv2112_read_status
01-01 10:30:51.540 0 0 D mv2112_update_link: 3.0x901(1G): 0x80
01-01 10:30:51.547 0 0 D mv2112_update_link: 3.0x8109(100M): 0x0
01-01 10:30:51.552 0 0 D mv2112_update_link: link 0x0
01-01 10:30:51.557 0 0 D mv2112_read_status: autoneg is disabled
01-01 10:30:51.735 0 0 D cnss : Host time = 6587686130 us, device time = 6314392010 us, offset = 273294120 us
01-01 10:30:51.744 0 0 D cnss : Updated time sync regs [0x984] = 0x104a2328, [0x988] = 0x0
01-01 10:30:52.561 0 0 D : mv2112_read_status
01-01 10:30:52.564 0 0 D mv2112_update_link: 3.0x901(1G): 0x80
01-01 10:30:52.570 0 0 D mv2112_update_link: 3.0x8109(100M): 0x0
01-01 10:30:52.575 0 0 D mv2112_update_link: link 0x0
01-01 10:30:52.579 0 0 D mv2112_read_status: autoneg is disabled
01-01 10:30:53.468 0 0 I init : starting service 'qvrd_vndr'...
01-01 10:30:53.475 0 0 I init : Created socket '/dev/socket/qvrservice_vndr', mode 660, user 1000, group 1000
01-01 10:30:53.485 0 0 I init : Created socket '/dev/socket/qvrservice_vndr_camera', mode 660, user 1000, group 1000
01-01 10:30:53.512 0 0 I init : starting service 'sxrd'...
01-01 10:30:53.529 0 0 I init : starting service 'vendor.light-hal-2-0'...
08-26 19:51:54.906 9092 9092 F linker : CANNOT LINK EXECUTABLE "/vendor/bin/hw/sxrservice": library "vendor.qti.hardware.qxr-V1-ndk_platform.so" not found: needed by main executable
08-26 19:51:54.906 9091 9091 F linker : CANNOT LINK EXECUTABLE "/vendor/bin/hw/qvrservice": library "vendor.qti.hardware.qxr-V1-ndk_platform.so" not found: needed by /vendor/lib64/libqvrservice.so in namespace (default)
01-01 10:30:53.561 0 0 I init : Service 'sxrd' (pid 9092) exited with status 1
01-01 10:30:53.567 0 0 I init : Sending signal 9 to service 'sxrd' (pid 9092) process group...
01-01 10:30:53.575 0 0 I libprocessgroup: Successfully killed process cgroup uid 1000 pid 9092 in 0ms
01-01 10:30:53.584 0 0 I init : Service 'qvrd_vndr' (pid 9091) exited with status 1
01-01 10:30:53.589 0 0 D : mv2112_read_status
01-01 10:30:53.591 0 0 I init : Sending signal 9 to service 'qvrd_vndr' (pid 9091) process group...
01-01 10:30:53.604 0 0 D mv2112_update_link: 3.0x901(1G): 0x80
01-01 10:30:53.609 0 0 D mv2112_update_link: 3.0x8109(100M): 0x0
01-01 10:30:53.614 0 0 D mv2112_update_link: link 0x0
01-01 10:30:53.619 0 0 D mv2112_read_status: autoneg is disabled
01-01 10:30:54.641 0 0 D : mv2112_read_status
01-01 10:30:54.645 0 0 D mv2112_update_link: 3.0x901(1G): 0x80
01-01 10:30:54.650 0 0 D mv2112_update_link: 3.0x8109(100M): 0x0
01-01 10:30:54.656 0 0 D mv2112_update_link: link 0x0
01-01 10:30:54.660 0 0 D mv2112_read_status: autoneg is disabled
01-01 10:30:55.665 0 0 D : mv2112_read_status
01-01 10:30:55.668 0 0 D mv2112_update_link: 3.0x901(1G): 0x80
01-01 10:30:55.682 0 0 D mv2112_update_link: 3.0x8109(100M): 0x0
01-01 10:30:55.701 0 0 D mv2112_update_link: link 0x0
01-01 10:30:55.705 0 0 D mv2112_read_status: autoneg is disabled
01-01 10:30:56.721 0 0 D : mv2112_read_status
01-01 10:30:56.724 0 0 D mv2112_update_link: 3.0x901(1G): 0x80
01-01 10:30:56.730 0 0 D mv2112_update_link: 3.0x8109(100M): 0x0
01-01 10:30:56.735 0 0 D mv2112_update_link: link 0x0
01-01 10:30:56.739 0 0 D mv2112_read_status: autoneg is disabled
01-01 10:30:57.745 0 0 D : mv2112_read_status
01-01 10:30:57.748 0 0 D mv2112_update_link: 3.0x901(1G): 0x80
01-01 10:30:57.754 0 0 D mv2112_update_link: 3.0x8109(100M): 0x0
01-01 10:30:57.759 0 0 D mv2112_update_link: link 0x0
01-01 10:30:57.763 0 0 D mv2112_read_status: autoneg is disabled
01-01 10:30:58.512 0 0 I init : starting service 'qvrd_vndr'...
01-01 10:30:58.519 0 0 I init : Created socket '/dev/socket/qvrservice_vndr', mode 660, user 1000, group 1000
01-01 10:30:58.529 0 0 I init : Created socket '/dev/socket/qvrservice_vndr_camera', mode 660, user 1000, group 1000
01-01 10:30:58.555 0 0 I init : starting service 'sxrd'...
01-01 10:30:58.573 0 0 I init : starting service 'vendor.light-hal-2-0'...
08-26 19:51:59.946 9095 9095 F linker : CANNOT LINK EXECUTABLE "/vendor/bin/hw/sxrservice": library "vendor.qti.hardware.qxr-V1-ndk_platform.so" not found: needed by main executable
08-26 19:51:59.947 9094 9094 F linker : CANNOT LINK EXECUTABLE "/vendor/bin/hw/qvrservice": library "vendor.qti.hardware.qxr-V1-ndk_platform.so" not found: needed by /vendor/lib64/libqvrservice.so in namespace (default)
01-01 10:30:58.601 0 0 I init : Service 'sxrd' (pid 9095) exited with status 1
01-01 10:30:58.608 0 0 I init : Sending signal 9 to service 'sxrd' (pid 9095) process group...
01-01 10:30:58.615 0 0 I libprocessgroup: Successfully killed process cgroup uid 1000 pid 9095 in 0ms
01-01 10:30:58.625 0 0 I init : Service 'qvrd_vndr' (pid 9094) exited with status 1
01-01 10:30:58.632 0 0 I init : Sending signal 9 to service 'qvrd_vndr' (pid 9094) process group...
01-01 10:30:58.769 0 0 D : mv2112_read_status
01-01 10:30:58.773 0 0 D mv2112_update_link: 3.0x901(1G): 0x80
01-01 10:30:58.779 0 0 D mv2112_update_link: 3.0x8109(100M): 0x0
01-01 10:30:58.784 0 0 D mv2112_update_link: link 0x0
01-01 10:30:58.789 0 0 D mv2112_read_status: autoneg is disabled
01-01 10:30:59.793 0 0 D : mv2112_read_status
01-01 10:30:59.797 0 0 D mv2112_update_link: 3.0x901(1G): 0x80
01-01 10:30:59.803 0 0 D mv2112_update_link: 3.0x8109(100M): 0x0
01-01 10:30:59.808 0 0 D mv2112_update_link: link 0x0
01-01 10:30:59.813 0 0 D mv2112_read_status: autoneg is disabled
01-01 10:31:00.817 0 0 D : mv2112_read_status
01-01 10:31:00.820 0 0 D mv2112_update_link: 3.0x901(1G): 0x80
01-01 10:31:00.826 0 0 D mv2112_update_link: 3.0x8109(100M): 0x0
01-01 10:31:00.833 0 0 D mv2112_update_link: link 0x0
01-01 10:31:00.838 0 0 D mv2112_read_status: autoneg is disabled
01-01 10:31:01.841 0 0 D : mv2112_read_status
01-01 10:31:01.844 0 0 D mv2112_update_link: 3.0x901(1G): 0x80
01-01 10:31:01.850 0 0 D mv2112_update_link: 3.0x8109(100M): 0x0
01-01 10:31:01.855 0 0 D mv2112_update_link: link 0x0
01-01 10:31:01.859 0 0 D mv2112_read_status: autoneg is disabled
01-01 10:31:02.865 0 0 D : mv2112_read_status
01-01 10:31:02.868 0 0 D mv2112_update_link: 3.0x901(1G): 0x80
01-01 10:31:02.874 0 0 D mv2112_update_link: 3.0x8109(100M): 0x0
01-01 10:31:02.879 0 0 D mv2112_update_link: link 0x0
01-01 10:31:02.883 0 0 D mv2112_read_status: autoneg is disabled
01-01 10:31:03.555 0 0 I init : starting service 'qvrd_vndr'...
01-01 10:31:03.561 0 0 I init : Created socket '/dev/socket/qvrservice_vndr', mode 660, user 1000, group 1000
01-01 10:31:03.572 0 0 I init : Created socket '/dev/socket/qvrservice_vndr_camera', mode 660, user 1000, group 1000
01-01 10:31:03.599 0 0 I init : starting service 'sxrd'...
01-01 10:31:03.617 0 0 I init : starting service 'vendor.light-hal-2-0'...
08-26 19:52:04.988 9097 9097 F linker : CANNOT LINK EXECUTABLE "/vendor/bin/hw/qvrservice": library "vendor.qti.hardware.qxr-V1-ndk_platform.so" not found: needed by /vendor/lib64/libqvrservice.so in namespace (default)
08-26 19:52:04.989 9098 9098 F linker : CANNOT LINK EXECUTABLE "/vendor/bin/hw/sxrservice": library "vendor.qti.hardware.qxr-V1-ndk_platform.so" not found: needed by main executable
01-01 10:31:03.644 0 0 I init : Service 'qvrd_vndr' (pid 9097) exited with status 1
01-01 10:31:03.651 0 0 I init : Sending signal 9 to service 'qvrd_vndr' (pid 9097) process group...
01-01 10:31:03.659 0 0 I libprocessgroup: Successfully killed process cgroup uid 1000 pid 9097 in 0ms
01-01 10:31:03.669 0 0 I init : Service 'sxrd' (pid 9098) exited with status 1
01-01 10:31:03.675 0 0 I init : Sending signal 9 to service 'sxrd' (pid 9098) process group...
01-01 10:31:03.889 0 0 D : mv2112_read_status
01-01 10:31:03.894 0 0 D mv2112_update_link: 3.0x901(1G): 0x80
01-01 10:31:03.900 0 0 D mv2112_update_link: 3.0x8109(100M): 0x0
01-01 10:31:03.907 0 0 D mv2112_update_link: link 0x0
01-01 10:31:03.912 0 0 D mv2112_read_status: autoneg is disabled
01-01 10:31:04.945 0 0 D : mv2112_read_status
01-01 10:31:04.948 0 0 D mv2112_update_link: 3.0x901(1G): 0x80
01-01 10:31:04.954 0 0 D mv2112_update_link: 3.0x8109(100M): 0x0
01-01 10:31:04.959 0 0 D mv2112_update_link: link 0x0
01-01 10:31:04.963 0 0 D mv2112_read_status: autoneg is disabled
01-01 10:31:05.969 0 0 D : mv2112_read_status
01-01 10:31:05.972 0 0 D mv2112_update_link: 3.0x901(1G): 0x80
01-01 10:31:05.979 0 0 D mv2112_update_link: 3.0x8109(100M): 0x0
01-01 10:31:05.984 0 0 D mv2112_update_link: link 0x0
01-01 10:31:05.989 0 0 D mv2112_read_status: autoneg is disabled
01-01 10:31:06.993 0 0 D : mv2112_read_status
01-01 10:31:06.997 0 0 D mv2112_update_link: 3.0x901(1G): 0x80
01-01 10:31:07.003 0 0 D mv2112_update_link: 3.0x8109(100M): 0x0
01-01 10:31:07.008 0 0 D mv2112_update_link: link 0x0
01-01 10:31:07.013 0 0 D mv2112_read_status: autoneg is disabled
01-01 10:31:08.017 0 0 D : mv2112_read_status
01-01 10:31:08.020 0 0 D mv2112_update_link: 3.0x901(1G): 0x80
01-01 10:31:08.027 0 0 D mv2112_update_link: 3.0x8109(100M): 0x0
01-01 10:31:08.032 0 0 D mv2112_update_link: link 0x0
01-01 10:31:08.036 0 0 D mv2112_read_status: autoneg is disabled
01-01 10:31:08.597 0 0 I init : starting service 'qvrd_vndr'...
01-01 10:31:08.604 0 0 I init : Created socket '/dev/socket/qvrservice_vndr', mode 660, user 1000, group 1000
01-01 10:31:08.615 0 0 I init : Created socket '/dev/socket/qvrservice_vndr_camera', mode 660, user 1000, group 1000
01-01 10:31:08.640 0 0 I init : starting service 'sxrd'...
01-01 10:31:08.656 0 0 I init : starting service 'vendor.light-hal-2-0'...
08-26 19:52:10.011 9100 9100 F linker : CANNOT LINK EXECUTABLE "/vendor/bin/hw/qvrservice": library "vendor.qti.hardware.qxr-V1-ndk_platform.so" not found: needed by /vendor/lib64/libqvrservice.so in namespace (default)
01-01 10:31:08.675 0 0 I init : Service 'qvrd_vndr' (pid 9100) exited with status 1
01-01 10:31:08.682 0 0 I init : Sending signal 9 to service 'qvrd_vndr' (pid 9100) process group...
01-01 10:31:08.690 0 0 I libprocessgroup: Successfully killed process cgroup uid 1000 pid 9100 in 0ms
08-26 19:52:10.043 9101 9101 F linker : CANNOT LINK EXECUTABLE "/vendor/bin/hw/sxrservice": library "vendor.qti.hardware.qxr-V1-ndk_platform.so" not found: needed by main executable
01-01 10:31:08.699 0 0 I init : Service 'sxrd' (pid 9101) exited with status 1
01-01 10:31:08.706 0 0 I init : Sending signal 9 to service 'sxrd' (pid 9101) process group...
01-01 10:31:09.041 0 0 D : mv2112_read_status
01-01 10:31:09.044 0 0 D mv2112_update_link: 3.0x901(1G): 0x80
01-01 10:31:09.050 0 0 D mv2112_update_link: 3.0x8109(100M): 0x0
01-01 10:31:09.055 0 0 D mv2112_update_link: link 0x0
01-01 10:31:09.060 0 0 D mv2112_read_status: autoneg is disabled
01-01 10:31:10.065 0 0 D : mv2112_read_status
01-01 10:31:10.068 0 0 D mv2112_update_link: 3.0x901(1G): 0x80
01-01 10:31:10.074 0 0 D mv2112_update_link: 3.0x8109(100M): 0x0
01-01 10:31:10.079 0 0 D mv2112_update_link: link 0x0
01-01 10:31:10.083 0 0 D mv2112_read_status: autoneg is disabled
01-01 10:31:11.089 0 0 D : mv2112_read_status
01-01 10:31:11.093 0 0 D mv2112_update_link: 3.0x901(1G): 0x80
01-01 10:31:11.098 0 0 D mv2112_update_link: 3.0x8109(100M): 0x0
01-01 10:31:11.103 0 0 D mv2112_update_link: link 0x0
01-01 10:31:11.107 0 0 D mv2112_read_status: autoneg is disabled
01-01 10:31:12.113 0 0 D : mv2112_read_status
01-01 10:31:12.117 0 0 D mv2112_update_link: 3.0x901(1G): 0x80
01-01 10:31:12.122 0 0 D mv2112_update_link: 3.0x8109(100M): 0x0
01-01 10:31:12.137 0 0 D mv2112_update_link: link 0x0
01-01 10:31:12.141 0 0 D mv2112_read_status: autoneg is disabled
01-01 10:31:13.169 0 0 D : mv2112_read_status
01-01 10:31:13.173 0 0 D mv2112_update_link: 3.0x901(1G): 0x80
01-01 10:31:13.178 0 0 D mv2112_update_link: 3.0x8109(100M): 0x0
01-01 10:31:13.183 0 0 D mv2112_update_link: link 0x0
01-01 10:31:13.188 0 0 D mv2112_read_status: autoneg is disabled
01-01 10:31:13.640 0 0 I init : starting service 'qvrd_vndr'...
01-01 10:31:13.647 0 0 I init : Created socket '/dev/socket/qvrservice_vndr', mode 660, user 1000, group 1000
01-01 10:31:13.657 0 0 I init : Created socket '/dev/socket/qvrservice_vndr_camera', mode 660, user 1000, group 1000
01-01 10:31:13.686 0 0 I init : starting service 'sxrd'...
01-01 10:31:13.703 0 0 I init : starting service 'vendor.light-hal-2-0'...
08-26 19:52:15.068 9104 9104 F linker : CANNOT LINK EXECUTABLE "/vendor/bin/hw/sxrservice": library "vendor.qti.hardware.qxr-V1-ndk_platform.so" not found: needed by main executable
08-26 19:52:15.069 9103 9103 F linker : CANNOT LINK EXECUTABLE "/vendor/bin/hw/qvrservice": library "vendor.qti.hardware.qxr-V1-ndk_platform.so" not found: needed by /vendor/lib64/libqvrservice.so in namespace (default)
01-01 10:31:13.723 0 0 I init : Service 'sxrd' (pid 9104) exited with status 1
01-01 10:31:13.729 0 0 I init : Sending signal 9 to service 'sxrd' (pid 9104) process group...
01-01 10:31:13.737 0 0 I libprocessgroup: Successfully killed process cgroup uid 1000 pid 9104 in 0ms
01-01 10:31:13.747 0 0 I init : Service 'qvrd_vndr' (pid 9103) exited with status 1
01-01 10:31:13.753 0 0 I init : Sending signal 9 to service 'qvrd_vndr' (pid 9103) process group...
01-01 10:31:14.193 0 0 D : mv2112_read_status
01-01 10:31:14.197 0 0 D mv2112_update_link: 3.0x901(1G): 0x80
01-01 10:31:14.202 0 0 D mv2112_update_link: 3.0x8109(100M): 0x0
01-01 10:31:14.208 0 0 D mv2112_update_link: link 0x0
01-01 10:31:14.212 0 0 D mv2112_read_status: autoneg is disabled
01-01 10:31:15.217 0 0 D : mv2112_read_status
01-01 10:31:15.221 0 0 D mv2112_update_link: 3.0x901(1G): 0x80
01-01 10:31:15.226 0 0 D mv2112_update_link: 3.0x8109(100M): 0x0
01-01 10:31:15.232 0 0 D mv2112_update_link: link 0x0
01-01 10:31:15.236 0 0 D mv2112_read_status: autoneg is disabled
01-01 10:31:16.241 0 0 D : mv2112_read_status
01-01 10:31:16.245 0 0 D mv2112_update_link: 3.0x901(1G): 0x80
01-01 10:31:16.250 0 0 D mv2112_update_link: 3.0x8109(100M): 0x0
01-01 10:31:16.269 0 0 D mv2112_update_link: link 0x0
01-01 10:31:16.273 0 0 D mv2112_read_status: autoneg is disabled
01-01 10:31:17.297 0 0 D : mv2112_read_status
01-01 10:31:17.301 0 0 D mv2112_update_link: 3.0x901(1G): 0x80
01-01 10:31:17.306 0 0 D mv2112_update_link: 3.0x8109(100M): 0x0
01-01 10:31:17.312 0 0 D mv2112_update_link: link 0x0
01-01 10:31:17.316 0 0 D mv2112_read_status: autoneg is disabled
01-01 10:31:18.321 0 0 D : mv2112_read_status
01-01 10:31:18.325 0 0 D mv2112_update_link: 3.0x901(1G): 0x80
01-01 10:31:18.330 0 0 D mv2112_update_link: 3.0x8109(100M): 0x0
01-01 10:31:18.336 0 0 D mv2112_update_link: link 0x0
01-01 10:31:18.340 0 0 D mv2112_read_status: autoneg is disabled
01-01 10:31:18.686 0 0 I init : starting service 'qvrd_vndr'...
01-01 10:31:18.693 0 0 I init : Created socket '/dev/socket/qvrservice_vndr', mode 660, user 1000, group 1000
01-01 10:31:18.703 0 0 I init : Created socket '/dev/socket/qvrservice_vndr_camera', mode 660, user 1000, group 1000
01-01 10:31:18.730 0 0 I init : starting service 'sxrd'...
01-01 10:31:18.747 0 0 I init : starting service 'vendor.light-hal-2-0'...
08-26 19:52:20.125 9107 9107 F linker : CANNOT LINK EXECUTABLE "/vendor/bin/hw/sxrservice": library "vendor.qti.hardware.qxr-V1-ndk_platform.so" not found: needed by main executable
08-26 19:52:20.126 9106 9106 F linker : CANNOT LINK EXECUTABLE "/vendor/bin/hw/qvrservice": library "vendor.qti.hardware.qxr-V1-ndk_platform.so" not found: needed by /vendor/lib64/libqvrservice.so in namespace (default)
01-01 10:31:18.780 0 0 I init : Service 'sxrd' (pid 9107) exited with status 1
01-01 10:31:18.787 0 0 I init : Sending signal 9 to service 'sxrd' (pid 9107) process group...
01-01 10:31:18.795 0 0 I libprocessgroup: Successfully killed process cgroup uid 1000 pid 9107 in 0ms
01-01 10:31:18.806 0 0 I init : Service 'qvrd_vndr' (pid 9106) exited with status 1
01-01 10:31:18.812 0 0 I init : Sending signal 9 to service 'qvrd_vndr' (pid 9106) process group...
01-01 10:31:19.345 0 0 D : mv2112_read_status
01-01 10:31:19.349 0 0 D mv2112_update_link: 3.0x901(1G): 0x80
01-01 10:31:19.354 0 0 D mv2112_update_link: 3.0x8109(100M): 0x0
01-01 10:31:19.359 0 0 D mv2112_update_link: link 0x0
01-01 10:31:19.363 0 0 D mv2112_read_status: autoneg is disabled
01-01 10:31:20.369 0 0 D : mv2112_read_status
01-01 10:31:20.373 0 0 D mv2112_update_link: 3.0x901(1G): 0x80
01-01 10:31:20.378 0 0 D mv2112_update_link: 3.0x8109(100M): 0x0
01-01 10:31:20.384 0 0 D mv2112_update_link: link 0x0
01-01 10:31:20.388 0 0 D mv2112_read_status: autoneg is disabled
01-01 10:31:21.393 0 0 D : mv2112_read_status
01-01 10:31:21.397 0 0 D mv2112_update_link: 3.0x901(1G): 0x80
01-01 10:31:21.403 0 0 D mv2112_update_link: 3.0x8109(100M): 0x0
01-01 10:31:21.408 0 0 D mv2112_update_link: link 0x0
01-01 10:31:21.414 0 0 D mv2112_read_status: autoneg is disabled
01-01 10:31:22.417 0 0 D : mv2112_read_status
01-01 10:31:22.421 0 0 D mv2112_update_link: 3.0x901(1G): 0x80
01-01 10:31:22.426 0 0 D mv2112_update_link: 3.0x8109(100M): 0x0
01-01 10:31:22.432 0 0 D mv2112_update_link: link 0x0
01-01 10:31:22.436 0 0 D mv2112_read_status: autoneg is disabled
01-01 10:31:23.441 0 0 D : mv2112_read_status
01-01 10:31:23.445 0 0 D mv2112_update_link: 3.0x901(1G): 0x80
01-01 10:31:23.450 0 0 D mv2112_update_link: 3.0x8109(100M): 0x0
01-01 10:31:23.456 0 0 D mv2112_update_link: link 0x0
01-01 10:31:23.460 0 0 D mv2112_read_status: autoneg is disabled
01-01 10:31:23.730 0 0 I init : starting service 'qvrd_vndr'...
01-01 10:31:23.737 0 0 I init : Created socket '/dev/socket/qvrservice_vndr', mode 660, user 1000, group 1000
01-01 10:31:23.747 0 0 I init : Created socket '/dev/socket/qvrservice_vndr_camera', mode 660, user 1000, group 1000
01-01 10:31:23.772 0 0 I init : starting service 'sxrd'...
01-01 10:31:23.792 0 0 I init : starting service 'vendor.light-hal-2-0'...
08-26 19:52:25.152 9109 9109 F linker : CANNOT LINK EXECUTABLE "/vendor/bin/hw/qvrservice": library "vendor.qti.hardware.qxr-V1-ndk_platform.so" not found: needed by /vendor/lib64/libqvrservice.so in namespace (default)
01-01 10:31:23.811 0 0 I init : Service 'qvrd_vndr' (pid 9109) exited with status 1
01-01 10:31:23.817 0 0 I init : Sending signal 9 to service 'qvrd_vndr' (pid 9109) process group...
08-26 19:52:25.178 9110 9110 F linker : CANNOT LINK EXECUTABLE "/vendor/bin/hw/sxrservice": library "vendor.qti.hardware.qxr-V1-ndk_platform.so" not found: needed by main executable
01-01 10:31:23.825 0 0 I libprocessgroup: Successfully killed process cgroup uid 1000 pid 9109 in 0ms
01-01 10:31:23.837 0 0 I init : Service 'sxrd' (pid 9110) exited with status 1
01-01 10:31:23.843 0 0 I init : Sending signal 9 to service 'sxrd' (pid 9110) process group...
01-01 10:31:24.465 0 0 D : mv2112_read_status
01-01 10:31:24.469 0 0 D mv2112_update_link: 3.0x901(1G): 0x80
01-01 10:31:24.476 0 0 D mv2112_update_link: 3.0x8109(100M): 0x0
01-01 10:31:24.481 0 0 D mv2112_update_link: link 0x0
01-01 10:31:24.485 0 0 D mv2112_read_status: autoneg is disabled
01-01 10:31:25.489 0 0 D : mv2112_read_status
01-01 10:31:25.492 0 0 D mv2112_update_link: 3.0x901(1G): 0x80
01-01 10:31:25.498 0 0 D mv2112_update_link: 3.0x8109(100M): 0x0
01-01 10:31:25.503 0 0 D mv2112_update_link: link 0x0
01-01 10:31:25.507 0 0 D mv2112_read_status: autoneg is disabled
01-01 10:31:26.513 0 0 D : mv2112_read_status
01-01 10:31:26.516 0 0 D mv2112_update_link: 3.0x901(1G): 0x80
01-01 10:31:26.522 0 0 D mv2112_update_link: 3.0x8109(100M): 0x0
01-01 10:31:26.527 0 0 D mv2112_update_link: link 0x0
01-01 10:31:26.532 0 0 D mv2112_read_status: autoneg is disabled
01-01 10:31:27.537 0 0 D : mv2112_read_status
01-01 10:31:27.541 0 0 D mv2112_update_link: 3.0x901(1G): 0x80
01-01 10:31:27.546 0 0 D mv2112_update_link: 3.0x8109(100M): 0x0
01-01 10:31:27.551 0 0 D mv2112_update_link: link 0x0
01-01 10:31:27.556 0 0 D mv2112_read_status: autoneg is disabled
01-01 10:31:28.561 0 0 D : mv2112_read_status
01-01 10:31:28.564 0 0 D mv2112_update_link: 3.0x901(1G): 0x80
01-01 10:31:28.570 0 0 D mv2112_update_link: 3.0x8109(100M): 0x0
01-01 10:31:28.575 0 0 D mv2112_update_link: link 0x0
01-01 10:31:28.579 0 0 D mv2112_read_status: autoneg is disabled
01-01 10:31:28.773 0 0 I init : starting service 'qvrd_vndr'...
01-01 10:31:28.779 0 0 I init : Created socket '/dev/socket/qvrservice_vndr', mode 660, user 1000, group 1000
01-01 10:31:28.790 0 0 I init : Created socket '/dev/socket/qvrservice_vndr_camera', mode 660, user 1000, group 1000
01-01 10:31:28.815 0 0 I init : starting service 'sxrd'...
01-01 10:31:28.832 0 0 I init : starting service 'vendor.light-hal-2-0'...
08-26 19:52:30.210 9112 9112 F linker : CANNOT LINK EXECUTABLE "/vendor/bin/hw/qvrservice": library "vendor.qti.hardware.qxr-V1-ndk_platform.so" not found: needed by /vendor/lib64/libqvrservice.so in namespace (default)
08-26 19:52:30.210 9113 9113 F linker : CANNOT LINK EXECUTABLE "/vendor/bin/hw/sxrservice": library "vendor.qti.hardware.qxr-V1-ndk_platform.so" not found: needed by main executable
01-01 10:31:28.866 0 0 I init : Service 'qvrd_vndr' (pid 9112) exited with status 1
01-01 10:31:28.872 0 0 I init : Sending signal 9 to service 'qvrd_vndr' (pid 9112) process group...
01-01 10:31:28.881 0 0 I libprocessgroup: Successfully killed process cgroup uid 1000 pid 9112 in 0ms
01-01 10:31:28.892 0 0 I init : Service 'sxrd' (pid 9113) exited with status 1
01-01 10:31:28.898 0 0 I init : Sending signal 9 to service 'sxrd' (pid 9113) process group...
01-01 10:31:29.585 0 0 D : mv2112_read_status
01-01 10:31:29.589 0 0 D mv2112_update_link: 3.0x901(1G): 0x80
01-01 10:31:29.594 0 0 D mv2112_update_link: 3.0x8109(100M): 0x0
01-01 10:31:29.600 0 0 D mv2112_update_link: link 0x0
01-01 10:31:29.604 0 0 D mv2112_read_status: autoneg is disabled
01-01 10:31:30.609 0 0 D : mv2112_read_status
01-01 10:31:30.613 0 0 D mv2112_update_link: 3.0x901(1G): 0x80
01-01 10:31:30.618 0 0 D mv2112_update_link: 3.0x8109(100M): 0x0
01-01 10:31:30.624 0 0 D mv2112_update_link: link 0x0
01-01 10:31:30.628 0 0 D mv2112_read_status: autoneg is disabled
01-01 10:31:31.633 0 0 D : mv2112_read_status
01-01 10:31:31.637 0 0 D mv2112_update_link: 3.0x901(1G): 0x80
01-01 10:31:31.642 0 0 D mv2112_update_link: 3.0x8109(100M): 0x0
01-01 10:31:31.647 0 0 D mv2112_update_link: link 0x0
01-01 10:31:31.652 0 0 D mv2112_read_status: autoneg is disabled
01-01 10:31:32.657 0 0 D : mv2112_read_status
01-01 10:31:32.661 0 0 D mv2112_update_link: 3.0x901(1G): 0x80
01-01 10:31:32.666 0 0 D mv2112_update_link: 3.0x8109(100M): 0x0
01-01 10:31:32.672 0 0 D mv2112_update_link: link 0x0
01-01 10:31:32.677 0 0 D mv2112_read_status: autoneg is disabled
01-01 10:31:33.681 0 0 D : mv2112_read_status
01-01 10:31:33.685 0 0 D mv2112_update_link: 3.0x901(1G): 0x80
01-01 10:31:33.690 0 0 D mv2112_update_link: 3.0x8109(100M): 0x0
01-01 10:31:33.696 0 0 D mv2112_update_link: link 0x0
01-01 10:31:33.700 0 0 D mv2112_read_status: autoneg is disabled
01-01 10:31:33.815 0 0 I init : starting service 'qvrd_vndr'...
01-01 10:31:33.822 0 0 I init : Created socket '/dev/socket/qvrservice_vndr', mode 660, user 1000, group 1000
01-01 10:31:33.832 0 0 I init : Created socket '/dev/socket/qvrservice_vndr_camera', mode 660, user 1000, group 1000
01-01 10:31:33.858 0 0 I init : starting service 'sxrd'...
01-01 10:31:33.876 0 0 I init : starting service 'vendor.light-hal-2-0'...
08-26 19:52:35.247 9116 9116 F linker : CANNOT LINK EXECUTABLE "/vendor/bin/hw/sxrservice": library "vendor.qti.hardware.qxr-V1-ndk_platform.so" not found: needed by main executable
08-26 19:52:35.248 9115 9115 F linker : CANNOT LINK EXECUTABLE "/vendor/bin/hw/qvrservice": library "vendor.qti.hardware.qxr-V1-ndk_platform.so" not found: needed by /vendor/lib64/libqvrservice.so in namespace (default)
01-01 10:31:33.902 0 0 I init : Service 'sxrd' (pid 9116) exited with status 1
01-01 10:31:33.908 0 0 I init : Sending signal 9 to service 'sxrd' (pid 9116) process group...
01-01 10:31:33.916 0 0 I libprocessgroup: Successfully killed process cgroup uid 1000 pid 9116 in 0ms
01-01 10:31:33.925 0 0 I init : Service 'qvrd_vndr' (pid 9115) exited with status 1
01-01 10:31:33.932 0 0 I init : Sending signal 9 to service 'qvrd_vndr' (pid 9115) process group...
01-01 10:31:34.705 0 0 D : mv2112_read_status
01-01 10:31:34.709 0 0 D mv2112_update_link: 3.0x901(1G): 0x80
01-01 10:31:34.714 0 0 D mv2112_update_link: 3.0x8109(100M): 0x0
01-01 10:31:34.720 0 0 D mv2112_update_link: link 0x0
01-01 10:31:34.724 0 0 D mv2112_read_status: autoneg is disabled
01-01 10:31:35.729 0 0 D : mv2112_read_status
01-01 10:31:35.733 0 0 D mv2112_update_link: 3.0x901(1G): 0x80
01-01 10:31:35.738 0 0 D mv2112_update_link: 3.0x8109(100M): 0x0
01-01 10:31:35.744 0 0 D mv2112_update_link: link 0x0
01-01 10:31:35.748 0 0 D mv2112_read_status: autoneg is disabled
01-01 10:31:36.753 0 0 D : mv2112_read_status
01-01 10:31:36.757 0 0 D mv2112_update_link: 3.0x901(1G): 0x80
01-01 10:31:36.762 0 0 D mv2112_update_link: 3.0x8109(100M): 0x0
01-01 10:31:36.781 0 0 D mv2112_update_link: link 0x0
01-01 10:31:36.785 0 0 D mv2112_read_status: autoneg is disabled
01-01 10:31:37.810 0 0 D : mv2112_read_status
01-01 10:31:37.814 0 0 D mv2112_update_link: 3.0x901(1G): 0x80
01-01 10:31:37.819 0 0 D mv2112_update_link: 3.0x8109(100M): 0x0
01-01 10:31:37.824 0 0 D mv2112_update_link: link 0x0
01-01 10:31:37.829 0 0 D mv2112_read_status: autoneg is disabled
01-01 10:31:38.833 0 0 D : mv2112_read_status
01-01 10:31:38.837 0 0 D mv2112_update_link: 3.0x901(1G): 0x80
01-01 10:31:38.843 0 0 D mv2112_update_link: 3.0x8109(100M): 0x0
01-01 10:31:38.848 0 0 D mv2112_update_link: link 0x0
01-01 10:31:38.853 0 0 D mv2112_read_status: autoneg is disabled
01-01 10:31:38.858 0 0 I init : starting service 'qvrd_vndr'...
01-01 10:31:38.864 0 0 I init : Created socket '/dev/socket/qvrservice_vndr', mode 660, user 1000, group 1000
01-01 10:31:38.874 0 0 I init : Created socket '/dev/socket/qvrservice_vndr_camera', mode 660, user 1000, group 1000
01-01 10:31:38.898 0 0 I init : starting service 'sxrd'...
01-01 10:31:38.914 0 0 I init : starting service 'vendor.light-hal-2-0'...
08-26 19:52:40.271 9118 9118 F linker : CANNOT LINK EXECUTABLE "/vendor/bin/hw/qvrservice": library "vendor.qti.hardware.qxr-V1-ndk_platform.so" not found: needed by /vendor/lib64/libqvrservice.so in namespace (default)
01-01 10:31:38.930 0 0 I init : Service 'qvrd_vndr' (pid 9118) exited with status 1
01-01 10:31:38.936 0 0 I init : Sending signal 9 to service 'qvrd_vndr' (pid 9118) process group...
01-01 10:31:38.944 0 0 I libprocessgroup: Successfully killed process cgroup uid 1000 pid 9118 in 0ms
08-26 19:52:40.299 9119 9119 F linker : CANNOT LINK EXECUTABLE "/vendor/bin/hw/sxrservice": library "vendor.qti.hardware.qxr-V1-ndk_platform.so" not found: needed by main executable
01-01 10:31:38.956 0 0 I init : Service 'sxrd' (pid 9119) exited with status 1
01-01 10:31:38.962 0 0 I init : Sending signal 9 to service 'sxrd' (pid 9119) process group...
01-01 10:31:39.858 0 0 D : mv2112_read_status
01-01 10:31:39.861 0 0 D mv2112_update_link: 3.0x901(1G): 0x80
01-01 10:31:39.867 0 0 D mv2112_update_link: 3.0x8109(100M): 0x0
01-01 10:31:39.873 0 0 D mv2112_update_link: link 0x0
01-01 10:31:39.877 0 0 D mv2112_read_status: autoneg is disabled
01-01 10:31:40.881 0 0 D : mv2112_read_status
01-01 10:31:40.885 0 0 D mv2112_update_link: 3.0x901(1G): 0x80
01-01 10:31:40.890 0 0 D mv2112_update_link: 3.0x8109(100M): 0x0
01-01 10:31:40.896 0 0 D mv2112_update_link: link 0x0
01-01 10:31:40.900 0 0 D mv2112_read_status: autoneg is disabled
01-01 10:31:41.906 0 0 D : mv2112_read_status
01-01 10:31:41.909 0 0 D mv2112_update_link: 3.0x901(1G): 0x80
01-01 10:31:41.915 0 0 D mv2112_update_link: 3.0x8109(100M): 0x0
01-01 10:31:41.921 0 0 D mv2112_update_link: link 0x0
01-01 10:31:41.925 0 0 D mv2112_read_status: autoneg is disabled
01-01 10:31:42.929 0 0 D : mv2112_read_status
01-01 10:31:42.933 0 0 D mv2112_update_link: 3.0x901(1G): 0x80
01-01 10:31:42.938 0 0 D mv2112_update_link: 3.0x8109(100M): 0x0
01-01 10:31:42.943 0 0 D mv2112_update_link: link 0x0
01-01 10:31:42.948 0 0 D mv2112_read_status: autoneg is disabled
01-01 10:31:43.899 0 0 I init : starting service 'qvrd_vndr'...
01-01 10:31:43.905 0 0 I init : Created socket '/dev/socket/qvrservice_vndr', mode 660, user 1000, group 1000
01-01 10:31:43.916 0 0 I init : Created socket '/dev/socket/qvrservice_vndr_camera', mode 660, user 1000, group 1000
01-01 10:31:43.941 0 0 I init : starting service 'sxrd'...
01-01 10:31:43.953 0 0 D : mv2112_read_status
01-01 10:31:43.956 0 0 D mv2112_update_link: 3.0x901(1G): 0x80
01-01 10:31:43.962 0 0 I init : starting service 'vendor.light-hal-2-0'...
01-01 10:31:43.965 0 0 D mv2112_update_link: 3.0x8109(100M): 0x0
01-01 10:31:43.977 0 0 D mv2112_update_link: link 0x0
01-01 10:31:43.981 0 0 D mv2112_read_status: autoneg is disabled
08-26 19:52:45.328 9121 9121 F linker : CANNOT LINK EXECUTABLE "/vendor/bin/hw/qvrservice": library "vendor.qti.hardware.qxr-V1-ndk_platform.so" not found: needed by /vendor/lib64/libqvrservice.so in namespace (default)
08-26 19:52:45.331 9122 9122 F linker : CANNOT LINK EXECUTABLE "/vendor/bin/hw/sxrservice": library "vendor.qti.hardware.qxr-V1-ndk_platform.so" not found: needed by main executable
01-01 10:31:43.988 0 0 I init : Service 'qvrd_vndr' (pid 9121) exited with status 1
01-01 10:31:43.995 0 0 I init : Sending signal 9 to service 'qvrd_vndr' (pid 9121) process group...
01-01 10:31:44.003 0 0 I libprocessgroup: Successfully killed process cgroup uid 1000 pid 9121 in 0ms
01-01 10:31:44.012 0 0 I init : Service 'sxrd' (pid 9122) exited with status 1
01-01 10:31:44.018 0 0 I init : Sending signal 9 to service 'sxrd' (pid 9122) process group...
01-01 10:31:45.009 0 0 D : mv2112_read_status
01-01 10:31:45.013 0 0 D mv2112_update_link: 3.0x901(1G): 0x80
01-01 10:31:45.020 0 0 D mv2112_update_link: 3.0x8109(100M): 0x0
01-01 10:31:45.025 0 0 D mv2112_update_link: link 0x0
01-01 10:31:45.029 0 0 D mv2112_read_status: autoneg is disabled
01-01 10:31:46.033 0 0 D : mv2112_read_status
01-01 10:31:46.037 0 0 D mv2112_update_link: 3.0x901(1G): 0x80
01-01 10:31:46.042 0 0 D mv2112_update_link: 3.0x8109(100M): 0x0
01-01 10:31:46.047 0 0 D mv2112_update_link: link 0x0
01-01 10:31:46.052 0 0 D mv2112_read_status: autoneg is disabled
01-01 10:31:47.058 0 0 D : mv2112_read_status
01-01 10:31:47.061 0 0 D mv2112_update_link: 3.0x901(1G): 0x80
01-01 10:31:47.068 0 0 D mv2112_update_link: 3.0x8109(100M): 0x0
01-01 10:31:47.073 0 0 D mv2112_update_link: link 0x0
01-01 10:31:47.078 0 0 D mv2112_read_status: autoneg is disabled
01-01 10:31:48.081 0 0 D : mv2112_read_status
01-01 10:31:48.085 0 0 D mv2112_update_link: 3.0x901(1G): 0x80
01-01 10:31:48.090 0 0 D mv2112_update_link: 3.0x8109(100M): 0x0
01-01 10:31:48.095 0 0 D mv2112_update_link: link 0x0
01-01 10:31:48.099 0 0 D mv2112_read_status: autoneg is disabled
01-01 10:31:48.941 0 0 I init : starting service 'qvrd_vndr'...
01-01 10:31:48.948 0 0 I init : Created socket '/dev/socket/qvrservice_vndr', mode 660, user 1000, group 1000
01-01 10:31:48.958 0 0 I init : Created socket '/dev/socket/qvrservice_vndr_camera', mode 660, user 1000, group 1000
01-01 10:31:48.986 0 0 I init : starting service 'sxrd'...
01-01 10:31:49.003 0 0 I init : starting service 'vendor.light-hal-2-0'...
08-26 19:52:50.385 9125 9125 F linker : CANNOT LINK EXECUTABLE "/vendor/bin/hw/sxrservice": library "vendor.qti.hardware.qxr-V1-ndk_platform.so" not found: needed by main executable
08-26 19:52:50.385 9124 9124 F linker : CANNOT LINK EXECUTABLE "/vendor/bin/hw/qvrservice": library "vendor.qti.hardware.qxr-V1-ndk_platform.so" not found: needed by /vendor/lib64/libqvrservice.so in namespace (default)
01-01 10:31:49.041 0 0 I init : Service 'qvrd_vndr' (pid 9124) exited with status 1
01-01 10:31:49.047 0 0 I init : Sending signal 9 to service 'qvrd_vndr' (pid 9124) process group...
01-01 10:31:49.056 0 0 I libprocessgroup: Successfully killed process cgroup uid 1000 pid 9124 in 0ms
01-01 10:31:49.067 0 0 I init : Service 'sxrd' (pid 9125) exited with status 1
01-01 10:31:49.074 0 0 I init : Sending signal 9 to service 'sxrd' (pid 9125) process group...
01-01 10:31:49.105 0 0 D : mv2112_read_status
01-01 10:31:49.109 0 0 D mv2112_update_link: 3.0x901(1G): 0x80
01-01 10:31:49.114 0 0 D mv2112_update_link: 3.0x8109(100M): 0x0
01-01 10:31:49.120 0 0 D mv2112_update_link: link 0x0
01-01 10:31:49.124 0 0 D mv2112_read_status: autoneg is disabled
01-01 10:31:50.129 0 0 D : mv2112_read_status
01-01 10:31:50.133 0 0 D mv2112_update_link: 3.0x901(1G): 0x80
01-01 10:31:50.138 0 0 D mv2112_update_link: 3.0x8109(100M): 0x0
01-01 10:31:50.143 0 0 D mv2112_update_link: link 0x0
01-01 10:31:50.147 0 0 D mv2112_read_status: autoneg is disabled
01-01 10:31:51.153 0 0 D : mv2112_read_status
01-01 10:31:51.157 0 0 D mv2112_update_link: 3.0x901(1G): 0x80
01-01 10:31:51.163 0 0 D mv2112_update_link: 3.0x8109(100M): 0x0
01-01 10:31:51.168 0 0 D mv2112_update_link: link 0x0
01-01 10:31:51.173 0 0 D mv2112_read_status: autoneg is disabled
01-01 10:31:52.178 0 0 D : mv2112_read_status
01-01 10:31:52.181 0 0 D mv2112_update_link: 3.0x901(1G): 0x80
01-01 10:31:52.187 0 0 D mv2112_update_link: 3.0x8109(100M): 0x0
01-01 10:31:52.192 0 0 D mv2112_update_link: link 0x0
01-01 10:31:52.196 0 0 D mv2112_read_status: autoneg is disabled
01-01 10:31:53.202 0 0 D : mv2112_read_status
01-01 10:31:53.206 0 0 D mv2112_update_link: 3.0x901(1G): 0x80
01-01 10:31:53.212 0 0 D mv2112_update_link: 3.0x8109(100M): 0x0
01-01 10:31:53.218 0 0 D mv2112_update_link: link 0x0
01-01 10:31:53.222 0 0 D mv2112_read_status: autoneg is disabled
01-01 10:31:53.988 0 0 I init : starting service 'qvrd_vndr'...
01-01 10:31:53.996 0 0 I init : Created socket '/dev/socket/qvrservice_vndr', mode 660, user 1000, group 1000
01-01 10:31:54.011 0 0 I init : Created socket '/dev/socket/qvrservice_vndr_camera', mode 660, user 1000, group 1000
01-01 10:31:54.065 0 0 I init : starting service 'sxrd'...
08-26 19:52:55.432 9127 9127 F linker : CANNOT LINK EXECUTABLE "/vendor/bin/hw/qvrservice": library "vendor.qti.hardware.qxr-V1-ndk_platform.so" not found: needed by /vendor/lib64/libqvrservice.so in namespace (default)
01-01 10:31:54.087 0 0 I init : Service 'qvrd_vndr' (pid 9127) exited with status 1
01-01 10:31:54.094 0 0 I init : Sending signal 9 to service 'qvrd_vndr' (pid 9127) process group...
01-01 10:31:54.102 0 0 I libprocessgroup: Successfully killed process cgroup uid 1000 pid 9127 in 0ms
01-01 10:31:54.113 0 0 I init : starting service 'vendor.light-hal-2-0'...
08-26 19:52:55.484 9128 9128 F linker : CANNOT LINK EXECUTABLE "/vendor/bin/hw/sxrservice": library "vendor.qti.hardware.qxr-V1-ndk_platform.so" not found: needed by main executable
01-01 10:31:54.139 0 0 I init : Service 'sxrd' (pid 9128) exited with status 1
01-01 10:31:54.146 0 0 I init : Sending signal 9 to service 'sxrd' (pid 9128) process group...
01-01 10:31:54.226 0 0 D : mv2112_read_status
01-01 10:31:54.229 0 0 D mv2112_update_link: 3.0x901(1G): 0x80
01-01 10:31:54.236 0 0 D mv2112_update_link: 3.0x8109(100M): 0x0
01-01 10:31:54.241 0 0 D mv2112_update_link: link 0x0
01-01 10:31:54.246 0 0 D mv2112_read_status: autoneg is disabled
01-01 10:31:55.249 0 0 D : mv2112_read_status
01-01 10:31:55.253 0 0 D mv2112_update_link: 3.0x901(1G): 0x80
01-01 10:31:55.258 0 0 D mv2112_update_link: 3.0x8109(100M): 0x0
01-01 10:31:55.264 0 0 D mv2112_update_link: link 0x0
01-01 10:31:55.268 0 0 D mv2112_read_status: autoneg is disabled
01-01 10:31:56.273 0 0 D : mv2112_read_status
01-01 10:31:56.276 0 0 D mv2112_update_link: 3.0x901(1G): 0x80
01-01 10:31:56.282 0 0 D mv2112_update_link: 3.0x8109(100M): 0x0
01-01 10:31:56.288 0 0 D mv2112_update_link: link 0x0
01-01 10:31:56.292 0 0 D mv2112_read_status: autoneg is disabled
01-01 10:31:57.297 0 0 D : mv2112_read_status
01-01 10:31:57.312 0 0 D mv2112_update_link: 3.0x901(1G): 0x80
01-01 10:31:57.318 0 0 D mv2112_update_link: 3.0x8109(100M): 0x0
01-01 10:31:57.323 0 0 D mv2112_update_link: link 0x0
01-01 10:31:57.327 0 0 D mv2112_read_status: autoneg is disabled
01-01 10:31:58.354 0 0 D : mv2112_read_status
01-01 10:31:58.357 0 0 D mv2112_update_link: 3.0x901(1G): 0x80
01-01 10:31:58.363 0 0 D mv2112_update_link: 3.0x8109(100M): 0x0
01-01 10:31:58.369 0 0 D mv2112_update_link: link 0x0
01-01 10:31:58.373 0 0 D mv2112_read_status: autoneg is disabled
01-01 10:31:59.059 0 0 I init : starting service 'qvrd_vndr'...
01-01 10:31:59.066 0 0 I init : Created socket '/dev/socket/qvrservice_vndr', mode 660, user 1000, group 1000
01-01 10:31:59.076 0 0 I init : Created socket '/dev/socket/qvrservice_vndr_camera', mode 660, user 1000, group 1000
01-01 10:31:59.102 0 0 I init : starting service 'sxrd'...
01-01 10:31:59.125 0 0 I init : starting service 'vendor.light-hal-2-0'...
08-26 19:53:00.487 9130 9130 F linker : CANNOT LINK EXECUTABLE "/vendor/bin/hw/qvrservice": library "vendor.qti.hardware.qxr-V1-ndk_platform.so" not found: needed by /vendor/lib64/libqvrservice.so in namespace (default)
08-26 19:53:00.491 9131 9131 F linker : CANNOT LINK EXECUTABLE "/vendor/bin/hw/sxrservice": library "vendor.qti.hardware.qxr-V1-ndk_platform.so" not found: needed by main executable
01-01 10:31:59.144 0 0 I init : Service 'qvrd_vndr' (pid 9130) exited with status 1
01-01 10:31:59.150 0 0 I init : Sending signal 9 to service 'qvrd_vndr' (pid 9130) process group...
01-01 10:31:59.158 0 0 I libprocessgroup: Successfully killed process cgroup uid 1000 pid 9130 in 0ms
01-01 10:31:59.168 0 0 I init : Service 'sxrd' (pid 9131) exited with status 1
01-01 10:31:59.175 0 0 I init : Sending signal 9 to service 'sxrd' (pid 9131) process group...
01-01 10:31:59.377 0 0 D : mv2112_read_status
01-01 10:31:59.380 0 0 D mv2112_update_link: 3.0x901(1G): 0x80
01-01 10:31:59.386 0 0 D mv2112_update_link: 3.0x8109(100M): 0x0
01-01 10:31:59.391 0 0 D mv2112_update_link: link 0x0
01-01 10:31:59.395 0 0 D mv2112_read_status: autoneg is disabled
01-01 10:32:00.402 0 0 D : mv2112_read_status
01-01 10:32:00.405 0 0 D mv2112_update_link: 3.0x901(1G): 0x80
01-01 10:32:00.412 0 0 D mv2112_update_link: 3.0x8109(100M): 0x0
01-01 10:32:00.417 0 0 D mv2112_update_link: link 0x0
01-01 10:32:00.421 0 0 D mv2112_read_status: autoneg is disabled
01-01 10:32:01.425 0 0 D : mv2112_read_status
01-01 10:32:01.428 0 0 D mv2112_update_link: 3.0x901(1G): 0x80
01-01 10:32:01.434 0 0 D mv2112_update_link: 3.0x8109(100M): 0x0
01-01 10:32:01.439 0 0 D mv2112_update_link: link 0x0
01-01 10:32:01.443 0 0 D mv2112_read_status: autoneg is disabled
01-01 10:32:02.450 0 0 D : mv2112_read_status
01-01 10:32:02.454 0 0 D mv2112_update_link: 3.0x901(1G): 0x80
01-01 10:32:02.460 0 0 D mv2112_update_link: 3.0x8109(100M): 0x0
01-01 10:32:02.466 0 0 D mv2112_update_link: link 0x0
01-01 10:32:02.470 0 0 D mv2112_read_status: autoneg is disabled
01-01 10:32:03.473 0 0 D : mv2112_read_status
01-01 10:32:03.477 0 0 D mv2112_update_link: 3.0x901(1G): 0x80
01-01 10:32:03.483 0 0 D mv2112_update_link: 3.0x8109(100M): 0x0
01-01 10:32:03.489 0 0 D mv2112_update_link: link 0x0
01-01 10:32:03.494 0 0 D mv2112_read_status: autoneg is disabled
01-01 10:32:04.101 0 0 I init : starting service 'qvrd_vndr'...
01-01 10:32:04.107 0 0 I init : Created socket '/dev/socket/qvrservice_vndr', mode 660, user 1000, group 1000
01-01 10:32:04.116 0 0 I init : Created socket '/dev/socket/qvrservice_vndr_camera', mode 660, user 1000, group 1000
01-01 10:32:04.142 0 0 I init : starting service 'sxrd'...
01-01 10:32:04.156 0 0 I init : starting service 'vendor.light-hal-2-0'...
08-26 19:53:05.527 9134 9134 F linker : CANNOT LINK EXECUTABLE "/vendor/bin/hw/sxrservice": library "vendor.qti.hardware.qxr-V1-ndk_platform.so" not found: needed by main executable
08-26 19:53:05.529 9133 9133 F linker : CANNOT LINK EXECUTABLE "/vendor/bin/hw/qvrservice": library "vendor.qti.hardware.qxr-V1-ndk_platform.so" not found: needed by /vendor/lib64/libqvrservice.so in namespace (default)
01-01 10:32:04.183 0 0 I init : Service 'sxrd' (pid 9134) exited with status 1
01-01 10:32:04.189 0 0 I init : Sending signal 9 to service 'sxrd' (pid 9134) process group...
01-01 10:32:04.197 0 0 I libprocessgroup: Successfully killed process cgroup uid 1000 pid 9134 in 0ms
01-01 10:32:04.207 0 0 I init : Service 'qvrd_vndr' (pid 9133) exited with status 1
01-01 10:32:04.214 0 0 I init : Sending signal 9 to service 'qvrd_vndr' (pid 9133) process group...
01-01 10:32:04.497 0 0 D : mv2112_read_status
01-01 10:32:04.501 0 0 D mv2112_update_link: 3.0x901(1G): 0x80
01-01 10:32:04.506 0 0 D mv2112_update_link: 3.0x8109(100M): 0x0
01-01 10:32:04.512 0 0 D mv2112_update_link: link 0x0
01-01 10:32:04.516 0 0 D mv2112_read_status: autoneg is disabled
01-01 10:32:05.521 0 0 D : mv2112_read_status
01-01 10:32:05.525 0 0 D mv2112_update_link: 3.0x901(1G): 0x80
01-01 10:32:05.531 0 0 D mv2112_update_link: 3.0x8109(100M): 0x0
01-01 10:32:05.536 0 0 D mv2112_update_link: link 0x0
01-01 10:32:05.540 0 0 D mv2112_read_status: autoneg is disabled
01-01 10:32:06.545 0 0 D : mv2112_read_status
01-01 10:32:06.549 0 0 D mv2112_update_link: 3.0x901(1G): 0x80
01-01 10:32:06.554 0 0 D mv2112_update_link: 3.0x8109(100M): 0x0
01-01 10:32:06.560 0 0 D mv2112_update_link: link 0x0
01-01 10:32:06.564 0 0 D mv2112_read_status: autoneg is disabled
01-01 10:32:07.569 0 0 D : mv2112_read_status
01-01 10:32:07.573 0 0 D mv2112_update_link: 3.0x901(1G): 0x80
01-01 10:32:07.579 0 0 D mv2112_update_link: 3.0x8109(100M): 0x0
01-01 10:32:07.584 0 0 D mv2112_update_link: link 0x0
01-01 10:32:07.589 0 0 D mv2112_read_status: autoneg is disabled
01-01 10:32:08.593 0 0 D : mv2112_read_status
01-01 10:32:08.597 0 0 D mv2112_update_link: 3.0x901(1G): 0x80
01-01 10:32:08.602 0 0 D mv2112_update_link: 3.0x8109(100M): 0x0
01-01 10:32:08.608 0 0 D mv2112_update_link: link 0x0
01-01 10:32:08.612 0 0 D mv2112_read_status: autoneg is disabled
01-01 10:32:09.141 0 0 I init : starting service 'qvrd_vndr'...
01-01 10:32:09.147 0 0 I init : Created socket '/dev/socket/qvrservice_vndr', mode 660, user 1000, group 1000
01-01 10:32:09.157 0 0 I init : Created socket '/dev/socket/qvrservice_vndr_camera', mode 660, user 1000, group 1000
01-01 10:32:09.182 0 0 I init : starting service 'sxrd'...
01-01 10:32:09.198 0 0 I init : starting service 'vendor.light-hal-2-0'...
08-26 19:53:10.567 9137 9137 F linker : CANNOT LINK EXECUTABLE "/vendor/bin/hw/sxrservice": library "vendor.qti.hardware.qxr-V1-ndk_platform.so" not found: needed by main executable
