01-01 10:38:10.709 0 0 D mv2112_update_link: 3.0x901(1G): 0x80
01-01 10:38:10.714 0 0 D mv2112_update_link: 3.0x8109(100M): 0x0
01-01 10:38:10.720 0 0 D mv2112_update_link: link 0x0
01-01 10:38:10.724 0 0 D mv2112_read_status: autoneg is disabled
01-01 10:38:11.729 0 0 D : mv2112_read_status
01-01 10:38:11.733 0 0 D mv2112_update_link: 3.0x901(1G): 0x80
01-01 10:38:11.738 0 0 D mv2112_update_link: 3.0x8109(100M): 0x0
01-01 10:38:11.744 0 0 D mv2112_update_link: link 0x0
01-01 10:38:11.748 0 0 D mv2112_read_status: autoneg is disabled
01-01 10:38:12.297 0 0 I init : starting service 'qvrd_vndr'...
01-01 10:38:12.303 0 0 I init : Created socket '/dev/socket/qvrservice_vndr', mode 660, user 1000, group 1000
01-01 10:38:12.313 0 0 I init : Created socket '/dev/socket/qvrservice_vndr_camera', mode 660, user 1000, group 1000
01-01 10:38:12.338 0 0 I init : starting service 'sxrd'...
01-01 10:38:12.354 0 0 I init : starting service 'vendor.light-hal-2-0'...
08-26 19:59:13.711 9654 9654 F linker : CANNOT LINK EXECUTABLE "/vendor/bin/hw/qvrservice": library "vendor.qti.hardware.qxr-V1-ndk_platform.so" not found: needed by /vendor/lib64/libqvrservice.so in namespace (default)
01-01 10:38:12.373 0 0 I init : Service 'qvrd_vndr' (pid 9654) exited with status 1
01-01 10:38:12.380 0 0 I init : Sending signal 9 to service 'qvrd_vndr' (pid 9654) process group...
01-01 10:38:12.388 0 0 I libprocessgroup: Successfully killed process cgroup uid 1000 pid 9654 in 0ms
08-26 19:59:13.745 9655 9655 F linker : CANNOT LINK EXECUTABLE "/vendor/bin/hw/sxrservice": library "vendor.qti.hardware.qxr-V1-ndk_platform.so" not found: needed by main executable
01-01 10:38:12.403 0 0 I init : Service 'sxrd' (pid 9655) exited with status 1
01-01 10:38:12.409 0 0 I init : Sending signal 9 to service 'sxrd' (pid 9655) process group...
01-01 10:38:12.753 0 0 D : mv2112_read_status
01-01 10:38:12.757 0 0 D mv2112_update_link: 3.0x901(1G): 0x80
01-01 10:38:12.762 0 0 D mv2112_update_link: 3.0x8109(100M): 0x0
01-01 10:38:12.767 0 0 D mv2112_update_link: link 0x0
01-01 10:38:12.772 0 0 D mv2112_read_status: autoneg is disabled
01-01 10:38:13.777 0 0 D : mv2112_read_status
01-01 10:38:13.780 0 0 D mv2112_update_link: 3.0x901(1G): 0x80
01-01 10:38:13.787 0 0 D mv2112_update_link: 3.0x8109(100M): 0x0
01-01 10:38:13.792 0 0 D mv2112_update_link: link 0x0
01-01 10:38:13.798 0 0 D mv2112_read_status: autoneg is disabled
01-01 10:38:14.801 0 0 D : mv2112_read_status
01-01 10:38:14.804 0 0 D mv2112_update_link: 3.0x901(1G): 0x80
01-01 10:38:14.811 0 0 D mv2112_update_link: 3.0x8109(100M): 0x0
01-01 10:38:14.816 0 0 D mv2112_update_link: link 0x0
01-01 10:38:14.821 0 0 D mv2112_read_status: autoneg is disabled
01-01 10:38:15.825 0 0 D : mv2112_read_status
01-01 10:38:15.829 0 0 D mv2112_update_link: 3.0x901(1G): 0x80
01-01 10:38:15.835 0 0 D mv2112_update_link: 3.0x8109(100M): 0x0
01-01 10:38:15.840 0 0 D mv2112_update_link: link 0x0
01-01 10:38:15.844 0 0 D mv2112_read_status: autoneg is disabled
01-01 10:38:16.849 0 0 D : mv2112_read_status
01-01 10:38:16.853 0 0 D mv2112_update_link: 3.0x901(1G): 0x80
01-01 10:38:16.858 0 0 D mv2112_update_link: 3.0x8109(100M): 0x0
01-01 10:38:16.863 0 0 D mv2112_update_link: link 0x0
01-01 10:38:16.868 0 0 D mv2112_read_status: autoneg is disabled
01-01 10:38:17.338 0 0 I init : starting service 'qvrd_vndr'...
01-01 10:38:17.347 0 0 I init : Created socket '/dev/socket/qvrservice_vndr', mode 660, user 1000, group 1000
01-01 10:38:17.357 0 0 I init : Created socket '/dev/socket/qvrservice_vndr_camera', mode 660, user 1000, group 1000
01-01 10:38:17.382 0 0 I init : starting service 'sxrd'...
01-01 10:38:17.398 0 0 I init : starting service 'vendor.light-hal-2-0'...
08-26 19:59:18.767 9658 9658 F linker : CANNOT LINK EXECUTABLE "/vendor/bin/hw/sxrservice": library "vendor.qti.hardware.qxr-V1-ndk_platform.so" not found: needed by main executable
08-26 19:59:18.768 9657 9657 F linker : CANNOT LINK EXECUTABLE "/vendor/bin/hw/qvrservice": library "vendor.qti.hardware.qxr-V1-ndk_platform.so" not found: needed by /vendor/lib64/libqvrservice.so in namespace (default)
01-01 10:38:17.422 0 0 I init : Service 'sxrd' (pid 9658) exited with status 1
01-01 10:38:17.428 0 0 I init : Sending signal 9 to service 'sxrd' (pid 9658) process group...
01-01 10:38:17.436 0 0 I libprocessgroup: Successfully killed process cgroup uid 1000 pid 9658 in 0ms
01-01 10:38:17.446 0 0 I init : Service 'qvrd_vndr' (pid 9657) exited with status 1
01-01 10:38:17.453 0 0 I init : Sending signal 9 to service 'qvrd_vndr' (pid 9657) process group...
01-01 10:38:17.873 0 0 D : mv2112_read_status
01-01 10:38:17.877 0 0 D mv2112_update_link: 3.0x901(1G): 0x80
01-01 10:38:17.882 0 0 D mv2112_update_link: 3.0x8109(100M): 0x0
01-01 10:38:17.888 0 0 D mv2112_update_link: link 0x0
01-01 10:38:17.892 0 0 D mv2112_read_status: autoneg is disabled
01-01 10:38:18.897 0 0 D : mv2112_read_status
01-01 10:38:18.901 0 0 D mv2112_update_link: 3.0x901(1G): 0x80
01-01 10:38:18.906 0 0 D mv2112_update_link: 3.0x8109(100M): 0x0
01-01 10:38:18.912 0 0 D mv2112_update_link: link 0x0
01-01 10:38:18.916 0 0 D mv2112_read_status: autoneg is disabled
01-01 10:38:19.921 0 0 D : mv2112_read_status
01-01 10:38:19.925 0 0 D mv2112_update_link: 3.0x901(1G): 0x80
01-01 10:38:19.931 0 0 D mv2112_update_link: 3.0x8109(100M): 0x0
01-01 10:38:19.937 0 0 D mv2112_update_link: link 0x0
01-01 10:38:19.941 0 0 D mv2112_read_status: autoneg is disabled
01-01 10:38:20.945 0 0 D : mv2112_read_status
01-01 10:38:20.949 0 0 D mv2112_update_link: 3.0x901(1G): 0x80
01-01 10:38:20.954 0 0 D mv2112_update_link: 3.0x8109(100M): 0x0
01-01 10:38:20.960 0 0 D mv2112_update_link: link 0x0
01-01 10:38:20.964 0 0 D mv2112_read_status: autoneg is disabled
01-01 10:38:21.969 0 0 D : mv2112_read_status
01-01 10:38:21.973 0 0 D mv2112_update_link: 3.0x901(1G): 0x80
01-01 10:38:21.978 0 0 D mv2112_update_link: 3.0x8109(100M): 0x0
01-01 10:38:21.984 0 0 D mv2112_update_link: link 0x0
01-01 10:38:21.988 0 0 D mv2112_read_status: autoneg is disabled
01-01 10:38:22.383 0 0 I init : starting service 'qvrd_vndr'...
01-01 10:38:22.389 0 0 I init : Created socket '/dev/socket/qvrservice_vndr', mode 660, user 1000, group 1000
01-01 10:38:22.399 0 0 I init : Created socket '/dev/socket/qvrservice_vndr_camera', mode 660, user 1000, group 1000
01-01 10:38:22.427 0 0 I init : starting service 'sxrd'...
01-01 10:38:22.444 0 0 I init : starting service 'vendor.light-hal-2-0'...
08-26 19:59:23.809 9660 9660 F linker : CANNOT LINK EXECUTABLE "/vendor/bin/hw/qvrservice": library "vendor.qti.hardware.qxr-V1-ndk_platform.so" not found: needed by /vendor/lib64/libqvrservice.so in namespace (default)
08-26 19:59:23.824 9661 9661 F linker : CANNOT LINK EXECUTABLE "/vendor/bin/hw/sxrservice": library "vendor.qti.hardware.qxr-V1-ndk_platform.so" not found: needed by main executable
01-01 10:38:22.465 0 0 I init : Service 'qvrd_vndr' (pid 9660) exited with status 1
01-01 10:38:22.472 0 0 I init : Sending signal 9 to service 'qvrd_vndr' (pid 9660) process group...
01-01 10:38:22.480 0 0 I libprocessgroup: Successfully killed process cgroup uid 1000 pid 9660 in 0ms
01-01 10:38:22.490 0 0 I init : Service 'sxrd' (pid 9661) exited with status 1
01-01 10:38:22.496 0 0 I init : Sending signal 9 to service 'sxrd' (pid 9661) process group...
01-01 10:38:22.993 0 0 D : mv2112_read_status
01-01 10:38:22.997 0 0 D mv2112_update_link: 3.0x901(1G): 0x80
01-01 10:38:23.003 0 0 D mv2112_update_link: 3.0x8109(100M): 0x0
01-01 10:38:23.008 0 0 D mv2112_update_link: link 0x0
01-01 10:38:23.012 0 0 D mv2112_read_status: autoneg is disabled
01-01 10:38:24.017 0 0 D : mv2112_read_status
01-01 10:38:24.021 0 0 D mv2112_update_link: 3.0x901(1G): 0x80
01-01 10:38:24.027 0 0 D mv2112_update_link: 3.0x8109(100M): 0x0
01-01 10:38:24.032 0 0 D mv2112_update_link: link 0x0
01-01 10:38:24.037 0 0 D mv2112_read_status: autoneg is disabled
01-01 10:38:25.041 0 0 D : mv2112_read_status
01-01 10:38:25.044 0 0 D mv2112_update_link: 3.0x901(1G): 0x80
01-01 10:38:25.050 0 0 D mv2112_update_link: 3.0x8109(100M): 0x0
01-01 10:38:25.055 0 0 D mv2112_update_link: link 0x0
01-01 10:38:25.059 0 0 D mv2112_read_status: autoneg is disabled
01-01 10:38:26.065 0 0 D : mv2112_read_status
01-01 10:38:26.068 0 0 D mv2112_update_link: 3.0x901(1G): 0x80
01-01 10:38:26.074 0 0 D mv2112_update_link: 3.0x8109(100M): 0x0
01-01 10:38:26.079 0 0 D mv2112_update_link: link 0x0
01-01 10:38:26.083 0 0 D mv2112_read_status: autoneg is disabled
01-01 10:38:27.089 0 0 D : mv2112_read_status
01-01 10:38:27.092 0 0 D mv2112_update_link: 3.0x901(1G): 0x80
01-01 10:38:27.098 0 0 D mv2112_update_link: 3.0x8109(100M): 0x0
01-01 10:38:27.103 0 0 D mv2112_update_link: link 0x0
01-01 10:38:27.108 0 0 D mv2112_read_status: autoneg is disabled
01-01 10:38:27.428 0 0 I init : starting service 'qvrd_vndr'...
01-01 10:38:27.434 0 0 I init : Created socket '/dev/socket/qvrservice_vndr', mode 660, user 1000, group 1000
01-01 10:38:27.444 0 0 I init : Created socket '/dev/socket/qvrservice_vndr_camera', mode 660, user 1000, group 1000
01-01 10:38:27.470 0 0 I init : starting service 'sxrd'...
01-01 10:38:27.488 0 0 I init : starting service 'vendor.light-hal-2-0'...
08-26 19:59:28.850 9663 9663 F linker : CANNOT LINK EXECUTABLE "/vendor/bin/hw/qvrservice": library "vendor.qti.hardware.qxr-V1-ndk_platform.so" not found: needed by /vendor/lib64/libqvrservice.so in namespace (default)
01-01 10:38:27.506 0 0 I init : Service 'qvrd_vndr' (pid 9663) exited with status 1
01-01 10:38:27.512 0 0 I init : Sending signal 9 to service 'qvrd_vndr' (pid 9663) process group...
01-01 10:38:27.521 0 0 I libprocessgroup: Successfully killed process cgroup uid 1000 pid 9663 in 0ms
08-26 19:59:28.865 9664 9664 F linker : CANNOT LINK EXECUTABLE "/vendor/bin/hw/sxrservice": library "vendor.qti.hardware.qxr-V1-ndk_platform.so" not found: needed by main executable
01-01 10:38:27.530 0 0 I init : Service 'sxrd' (pid 9664) exited with status 1
01-01 10:38:27.536 0 0 I init : Sending signal 9 to service 'sxrd' (pid 9664) process group...
01-01 10:38:28.113 0 0 D : mv2112_read_status
01-01 10:38:28.117 0 0 D mv2112_update_link: 3.0x901(1G): 0x80
01-01 10:38:28.123 0 0 D mv2112_update_link: 3.0x8109(100M): 0x0
01-01 10:38:28.128 0 0 D mv2112_update_link: link 0x0
01-01 10:38:28.133 0 0 D mv2112_read_status: autoneg is disabled
01-01 10:38:29.137 0 0 D : mv2112_read_status
01-01 10:38:29.141 0 0 D mv2112_update_link: 3.0x901(1G): 0x80
01-01 10:38:29.146 0 0 D mv2112_update_link: 3.0x8109(100M): 0x0
01-01 10:38:29.152 0 0 D mv2112_update_link: link 0x0
01-01 10:38:29.157 0 0 D mv2112_read_status: autoneg is disabled
01-01 10:38:30.161 0 0 D : mv2112_read_status
01-01 10:38:30.165 0 0 D mv2112_update_link: 3.0x901(1G): 0x80
01-01 10:38:30.170 0 0 D mv2112_update_link: 3.0x8109(100M): 0x0
01-01 10:38:30.176 0 0 D mv2112_update_link: link 0x0
01-01 10:38:30.180 0 0 D mv2112_read_status: autoneg is disabled
01-01 10:38:31.185 0 0 D : mv2112_read_status
01-01 10:38:31.189 0 0 D mv2112_update_link: 3.0x901(1G): 0x80
01-01 10:38:31.194 0 0 D mv2112_update_link: 3.0x8109(100M): 0x0
01-01 10:38:31.200 0 0 D mv2112_update_link: link 0x0
01-01 10:38:31.204 0 0 D mv2112_read_status: autoneg is disabled
01-01 10:38:32.209 0 0 D : mv2112_read_status
01-01 10:38:32.213 0 0 D mv2112_update_link: 3.0x901(1G): 0x80
01-01 10:38:32.219 0 0 D mv2112_update_link: 3.0x8109(100M): 0x0
01-01 10:38:32.224 0 0 D mv2112_update_link: link 0x0
01-01 10:38:32.229 0 0 D mv2112_read_status: autoneg is disabled
01-01 10:38:32.469 0 0 I init : starting service 'qvrd_vndr'...
01-01 10:38:32.476 0 0 I init : Created socket '/dev/socket/qvrservice_vndr', mode 660, user 1000, group 1000
01-01 10:38:32.487 0 0 I init : Created socket '/dev/socket/qvrservice_vndr_camera', mode 660, user 1000, group 1000
01-01 10:38:32.513 0 0 I init : starting service 'sxrd'...
01-01 10:38:32.530 0 0 I init : starting service 'vendor.light-hal-2-0'...
08-26 19:59:33.907 9667 9667 F linker : CANNOT LINK EXECUTABLE "/vendor/bin/hw/sxrservice": library "vendor.qti.hardware.qxr-V1-ndk_platform.so" not found: needed by main executable
08-26 19:59:33.909 9666 9666 F linker : CANNOT LINK EXECUTABLE "/vendor/bin/hw/qvrservice": library "vendor.qti.hardware.qxr-V1-ndk_platform.so" not found: needed by /vendor/lib64/libqvrservice.so in namespace (default)
01-01 10:38:32.563 0 0 I init : Service 'sxrd' (pid 9667) exited with status 1
01-01 10:38:32.569 0 0 I init : Sending signal 9 to service 'sxrd' (pid 9667) process group...
01-01 10:38:32.577 0 0 I libprocessgroup: Successfully killed process cgroup uid 1000 pid 9667 in 0ms
01-01 10:38:32.588 0 0 I init : Service 'qvrd_vndr' (pid 9666) exited with status 1
01-01 10:38:32.595 0 0 I init : Sending signal 9 to service 'qvrd_vndr' (pid 9666) process group...
01-01 10:38:33.233 0 0 D : mv2112_read_status
01-01 10:38:33.237 0 0 D mv2112_update_link: 3.0x901(1G): 0x80
01-01 10:38:33.242 0 0 D mv2112_update_link: 3.0x8109(100M): 0x0
01-01 10:38:33.247 0 0 D mv2112_update_link: link 0x0
01-01 10:38:33.252 0 0 D mv2112_read_status: autoneg is disabled
01-01 10:38:34.257 0 0 D : mv2112_read_status
01-01 10:38:34.261 0 0 D mv2112_update_link: 3.0x901(1G): 0x80
01-01 10:38:34.266 0 0 D mv2112_update_link: 3.0x8109(100M): 0x0
01-01 10:38:34.272 0 0 D mv2112_update_link: link 0x0
01-01 10:38:34.276 0 0 D mv2112_read_status: autoneg is disabled
01-01 10:38:35.281 0 0 D : mv2112_read_status
01-01 10:38:35.285 0 0 D mv2112_update_link: 3.0x901(1G): 0x80
01-01 10:38:35.290 0 0 D mv2112_update_link: 3.0x8109(100M): 0x0
01-01 10:38:35.297 0 0 D mv2112_update_link: link 0x0
01-01 10:38:35.302 0 0 D mv2112_read_status: autoneg is disabled
01-01 10:38:36.305 0 0 D : mv2112_read_status
01-01 10:38:36.309 0 0 D mv2112_update_link: 3.0x901(1G): 0x80
01-01 10:38:36.314 0 0 D mv2112_update_link: 3.0x8109(100M): 0x0
01-01 10:38:36.319 0 0 D mv2112_update_link: link 0x0
01-01 10:38:36.323 0 0 D mv2112_read_status: autoneg is disabled
01-01 10:38:37.329 0 0 D : mv2112_read_status
01-01 10:38:37.332 0 0 D mv2112_update_link: 3.0x901(1G): 0x80
01-01 10:38:37.338 0 0 D mv2112_update_link: 3.0x8109(100M): 0x0
01-01 10:38:37.343 0 0 D mv2112_update_link: link 0x0
01-01 10:38:37.347 0 0 D mv2112_read_status: autoneg is disabled
01-01 10:38:37.518 0 0 I init : starting service 'qvrd_vndr'...
01-01 10:38:37.527 0 0 I init : Created socket '/dev/socket/qvrservice_vndr', mode 660, user 1000, group 1000
01-01 10:38:37.539 0 0 I init : Created socket '/dev/socket/qvrservice_vndr_camera', mode 660, user 1000, group 1000
01-01 10:38:37.588 0 0 I init : starting service 'sxrd'...
01-01 10:38:37.609 0 0 I init : starting service 'vendor.light-hal-2-0'...
08-26 19:59:38.975 9669 9669 F linker : CANNOT LINK EXECUTABLE "/vendor/bin/hw/qvrservice": library "vendor.qti.hardware.qxr-V1-ndk_platform.so" not found: needed by /vendor/lib64/libqvrservice.so in namespace (default)
08-26 19:59:38.985 9670 9670 F linker : CANNOT LINK EXECUTABLE "/vendor/bin/hw/sxrservice": library "vendor.qti.hardware.qxr-V1-ndk_platform.so" not found: needed by main executable
01-01 10:38:37.630 0 0 I init : Service 'qvrd_vndr' (pid 9669) exited with status 1
01-01 10:38:37.637 0 0 I init : Sending signal 9 to service 'qvrd_vndr' (pid 9669) process group...
01-01 10:38:37.645 0 0 I libprocessgroup: Successfully killed process cgroup uid 1000 pid 9669 in 0ms
01-01 10:38:37.655 0 0 I init : Service 'sxrd' (pid 9670) exited with status 1
01-01 10:38:37.661 0 0 I init : Sending signal 9 to service 'sxrd' (pid 9670) process group...
01-01 10:38:38.353 0 0 D : mv2112_read_status
01-01 10:38:38.357 0 0 D mv2112_update_link: 3.0x901(1G): 0x80
01-01 10:38:38.363 0 0 D mv2112_update_link: 3.0x8109(100M): 0x0
01-01 10:38:38.370 0 0 D mv2112_update_link: link 0x0
01-01 10:38:38.374 0 0 D mv2112_read_status: autoneg is disabled
01-01 10:38:39.377 0 0 D : mv2112_read_status
01-01 10:38:39.381 0 0 D mv2112_update_link: 3.0x901(1G): 0x80
01-01 10:38:39.387 0 0 D mv2112_update_link: 3.0x8109(100M): 0x0
01-01 10:38:39.392 0 0 D mv2112_update_link: link 0x0
01-01 10:38:39.398 0 0 D mv2112_read_status: autoneg is disabled
01-01 10:38:40.401 0 0 D : mv2112_read_status
01-01 10:38:40.405 0 0 D mv2112_update_link: 3.0x901(1G): 0x80
01-01 10:38:40.410 0 0 D mv2112_update_link: 3.0x8109(100M): 0x0
01-01 10:38:40.415 0 0 D mv2112_update_link: link 0x0
01-01 10:38:40.420 0 0 D mv2112_read_status: autoneg is disabled
01-01 10:38:41.425 0 0 D : mv2112_read_status
01-01 10:38:41.429 0 0 D mv2112_update_link: 3.0x901(1G): 0x80
01-01 10:38:41.436 0 0 D mv2112_update_link: 3.0x8109(100M): 0x0
01-01 10:38:41.442 0 0 D mv2112_update_link: link 0x0
01-01 10:38:41.447 0 0 D mv2112_read_status: autoneg is disabled
01-01 10:38:42.481 0 0 D : mv2112_read_status
01-01 10:38:42.485 0 0 D mv2112_update_link: 3.0x901(1G): 0x80
01-01 10:38:42.490 0 0 D mv2112_update_link: 3.0x8109(100M): 0x0
01-01 10:38:42.495 0 0 D mv2112_update_link: link 0x0
01-01 10:38:42.499 0 0 D mv2112_read_status: autoneg is disabled
01-01 10:38:42.587 0 0 I init : starting service 'qvrd_vndr'...
01-01 10:38:42.593 0 0 I init : Created socket '/dev/socket/qvrservice_vndr', mode 660, user 1000, group 1000
01-01 10:38:42.604 0 0 I init : Created socket '/dev/socket/qvrservice_vndr_camera', mode 660, user 1000, group 1000
01-01 10:38:42.631 0 0 I init : starting service 'sxrd'...
01-01 10:38:42.652 0 0 I init : starting service 'vendor.light-hal-2-0'...
08-26 19:59:44.020 9672 9672 F linker : CANNOT LINK EXECUTABLE "/vendor/bin/hw/qvrservice": library "vendor.qti.hardware.qxr-V1-ndk_platform.so" not found: needed by /vendor/lib64/libqvrservice.so in namespace (default)
08-26 19:59:44.026 9673 9673 F linker : CANNOT LINK EXECUTABLE "/vendor/bin/hw/sxrservice": library "vendor.qti.hardware.qxr-V1-ndk_platform.so" not found: needed by main executable
01-01 10:38:42.676 0 0 I init : Service 'qvrd_vndr' (pid 9672) exited with status 1
01-01 10:38:42.683 0 0 I init : Sending signal 9 to service 'qvrd_vndr' (pid 9672) process group...
01-01 10:38:42.691 0 0 I libprocessgroup: Successfully killed process cgroup uid 1000 pid 9672 in 0ms
01-01 10:38:42.702 0 0 I init : Service 'sxrd' (pid 9673) exited with status 1
01-01 10:38:42.709 0 0 I init : Sending signal 9 to service 'sxrd' (pid 9673) process group...
01-01 10:38:43.505 0 0 D : mv2112_read_status
01-01 10:38:43.509 0 0 D mv2112_update_link: 3.0x901(1G): 0x80
01-01 10:38:43.515 0 0 D mv2112_update_link: 3.0x8109(100M): 0x0
01-01 10:38:43.520 0 0 D mv2112_update_link: link 0x0
01-01 10:38:43.524 0 0 D mv2112_read_status: autoneg is disabled
01-01 10:38:44.529 0 0 D : mv2112_read_status
01-01 10:38:44.533 0 0 D mv2112_update_link: 3.0x901(1G): 0x80
01-01 10:38:44.538 0 0 D mv2112_update_link: 3.0x8109(100M): 0x0
01-01 10:38:44.545 0 0 D mv2112_update_link: link 0x0
01-01 10:38:44.550 0 0 D mv2112_read_status: autoneg is disabled
01-01 10:38:45.553 0 0 D : mv2112_read_status
01-01 10:38:45.557 0 0 D mv2112_update_link: 3.0x901(1G): 0x80
01-01 10:38:45.563 0 0 D mv2112_update_link: 3.0x8109(100M): 0x0
01-01 10:38:45.569 0 0 D mv2112_update_link: link 0x0
01-01 10:38:45.574 0 0 D mv2112_read_status: autoneg is disabled
01-01 10:38:46.577 0 0 D : mv2112_read_status
01-01 10:38:46.581 0 0 D mv2112_update_link: 3.0x901(1G): 0x80
01-01 10:38:46.586 0 0 D mv2112_update_link: 3.0x8109(100M): 0x0
01-01 10:38:46.592 0 0 D mv2112_update_link: link 0x0
01-01 10:38:46.596 0 0 D mv2112_read_status: autoneg is disabled
01-01 10:38:47.601 0 0 D : mv2112_read_status
01-01 10:38:47.605 0 0 D mv2112_update_link: 3.0x901(1G): 0x80
01-01 10:38:47.610 0 0 D mv2112_update_link: 3.0x8109(100M): 0x0
01-01 10:38:47.629 0 0 D mv2112_update_link: link 0x0
01-01 10:38:47.631 0 0 I init : starting service 'qvrd_vndr'...
01-01 10:38:47.633 0 0 D mv2112_read_status: autoneg is disabled
01-01 10:38:47.640 0 0 I init : Created socket '/dev/socket/qvrservice_vndr', mode 660, user 1000, group 1000
01-01 10:38:47.653 0 0 I init : Created socket '/dev/socket/qvrservice_vndr_camera', mode 660, user 1000, group 1000
01-01 10:38:47.678 0 0 I init : starting service 'sxrd'...
01-01 10:38:47.697 0 0 I init : starting service 'vendor.light-hal-2-0'...
08-26 19:59:49.066 9676 9676 F linker : CANNOT LINK EXECUTABLE "/vendor/bin/hw/sxrservice": library "vendor.qti.hardware.qxr-V1-ndk_platform.so" not found: needed by main executable
08-26 19:59:49.067 9675 9675 F linker : CANNOT LINK EXECUTABLE "/vendor/bin/hw/qvrservice": library "vendor.qti.hardware.qxr-V1-ndk_platform.so" not found: needed by /vendor/lib64/libqvrservice.so in namespace (default)
01-01 10:38:47.721 0 0 I init : Service 'sxrd' (pid 9676) exited with status 1
01-01 10:38:47.728 0 0 I init : Sending signal 9 to service 'sxrd' (pid 9676) process group...
01-01 10:38:47.735 0 0 I libprocessgroup: Successfully killed process cgroup uid 1000 pid 9676 in 0ms
01-01 10:38:47.745 0 0 I init : Service 'qvrd_vndr' (pid 9675) exited with status 1
01-01 10:38:47.752 0 0 I init : Sending signal 9 to service 'qvrd_vndr' (pid 9675) process group...
01-01 10:38:48.657 0 0 D : mv2112_read_status
01-01 10:38:48.661 0 0 D mv2112_update_link: 3.0x901(1G): 0x80
01-01 10:38:48.666 0 0 D mv2112_update_link: 3.0x8109(100M): 0x0
01-01 10:38:48.671 0 0 D mv2112_update_link: link 0x0
01-01 10:38:48.676 0 0 D mv2112_read_status: autoneg is disabled
01-01 10:38:49.681 0 0 D : mv2112_read_status
01-01 10:38:49.685 0 0 D mv2112_update_link: 3.0x901(1G): 0x80
01-01 10:38:49.690 0 0 D mv2112_update_link: 3.0x8109(100M): 0x0
01-01 10:38:49.695 0 0 D mv2112_update_link: link 0x0
01-01 10:38:49.699 0 0 D mv2112_read_status: autoneg is disabled
01-01 10:38:50.705 0 0 D : mv2112_read_status
01-01 10:38:50.709 0 0 D mv2112_update_link: 3.0x901(1G): 0x80
01-01 10:38:50.715 0 0 D mv2112_update_link: 3.0x8109(100M): 0x0
01-01 10:38:50.720 0 0 D mv2112_update_link: link 0x0
01-01 10:38:50.724 0 0 D mv2112_read_status: autoneg is disabled
01-01 10:38:51.729 0 0 D : mv2112_read_status
01-01 10:38:51.733 0 0 D mv2112_update_link: 3.0x901(1G): 0x80
01-01 10:38:51.738 0 0 D mv2112_update_link: 3.0x8109(100M): 0x0
01-01 10:38:51.743 0 0 D mv2112_update_link: link 0x0
01-01 10:38:51.748 0 0 D mv2112_read_status: autoneg is disabled
01-01 10:38:52.678 0 0 I init : starting service 'qvrd_vndr'...
01-01 10:38:52.685 0 0 I init : Created socket '/dev/socket/qvrservice_vndr', mode 660, user 1000, group 1000
01-01 10:38:52.695 0 0 I init : Created socket '/dev/socket/qvrservice_vndr_camera', mode 660, user 1000, group 1000
01-01 10:38:52.720 0 0 I init : starting service 'sxrd'...
01-01 10:38:52.736 0 0 I init : starting service 'vendor.light-hal-2-0'...
01-01 10:38:52.753 0 0 D : mv2112_read_status
01-01 10:38:52.756 0 0 D mv2112_update_link: 3.0x901(1G): 0x80
08-26 19:59:54.107 9679 9679 F linker : CANNOT LINK EXECUTABLE "/vendor/bin/hw/sxrservice": library "vendor.qti.hardware.qxr-V1-ndk_platform.so" not found: needed by main executable
01-01 10:38:52.762 0 0 D mv2112_update_link: 3.0x8109(100M): 0x0
08-26 19:59:54.109 9678 9678 F linker : CANNOT LINK EXECUTABLE "/vendor/bin/hw/qvrservice": library "vendor.qti.hardware.qxr-V1-ndk_platform.so" not found: needed by /vendor/lib64/libqvrservice.so in namespace (default)
01-01 10:38:52.763 0 0 I init : Service 'sxrd' (pid 9679) exited with status 1
01-01 10:38:52.767 0 0 D mv2112_update_link: link 0x0
01-01 10:38:52.773 0 0 I init : Sending signal 9 to service 'sxrd' (pid 9679) process group...
01-01 10:38:52.773 0 0 I libprocessgroup: Successfully killed process cgroup uid 1000 pid 9679 in 0ms
01-01 10:38:52.777 0 0 D mv2112_read_status: autoneg is disabled
01-01 10:38:52.786 0 0 I init : Service 'qvrd_vndr' (pid 9678) exited with status 1
01-01 10:38:52.805 0 0 I init : Sending signal 9 to service 'qvrd_vndr' (pid 9678) process group...
01-01 10:38:53.809 0 0 D : mv2112_read_status
01-01 10:38:53.813 0 0 D mv2112_update_link: 3.0x901(1G): 0x80
01-01 10:38:53.818 0 0 D mv2112_update_link: 3.0x8109(100M): 0x0
01-01 10:38:53.824 0 0 D mv2112_update_link: link 0x0
01-01 10:38:53.828 0 0 D mv2112_read_status: autoneg is disabled
01-01 10:38:54.833 0 0 D : mv2112_read_status
01-01 10:38:54.837 0 0 D mv2112_update_link: 3.0x901(1G): 0x80
01-01 10:38:54.842 0 0 D mv2112_update_link: 3.0x8109(100M): 0x0
01-01 10:38:54.847 0 0 D mv2112_update_link: link 0x0
01-01 10:38:54.851 0 0 D mv2112_read_status: autoneg is disabled
01-01 10:38:55.857 0 0 D : mv2112_read_status
01-01 10:38:55.861 0 0 D mv2112_update_link: 3.0x901(1G): 0x80
01-01 10:38:55.866 0 0 D mv2112_update_link: 3.0x8109(100M): 0x0
01-01 10:38:55.871 0 0 D mv2112_update_link: link 0x0
01-01 10:38:55.876 0 0 D mv2112_read_status: autoneg is disabled
01-01 10:38:56.881 0 0 D : mv2112_read_status
01-01 10:38:56.885 0 0 D mv2112_update_link: 3.0x901(1G): 0x80
01-01 10:38:56.890 0 0 D mv2112_update_link: 3.0x8109(100M): 0x0
01-01 10:38:56.896 0 0 D mv2112_update_link: link 0x0
01-01 10:38:56.906 0 0 D mv2112_read_status: autoneg is disabled
01-01 10:38:57.720 0 0 I init : starting service 'qvrd_vndr'...
01-01 10:38:57.727 0 0 I init : Created socket '/dev/socket/qvrservice_vndr', mode 660, user 1000, group 1000
01-01 10:38:57.737 0 0 I init : Created socket '/dev/socket/qvrservice_vndr_camera', mode 660, user 1000, group 1000
01-01 10:38:57.762 0 0 I init : starting service 'sxrd'...
01-01 10:38:57.786 0 0 I init : starting service 'vendor.light-hal-2-0'...
08-26 19:59:59.147 9682 9682 F linker : CANNOT LINK EXECUTABLE "/vendor/bin/hw/sxrservice": library "vendor.qti.hardware.qxr-V1-ndk_platform.so" not found: needed by main executable
08-26 19:59:59.148 9681 9681 F linker : CANNOT LINK EXECUTABLE "/vendor/bin/hw/qvrservice": library "vendor.qti.hardware.qxr-V1-ndk_platform.so" not found: needed by /vendor/lib64/libqvrservice.so in namespace (default)
01-01 10:38:57.807 0 0 I init : Service 'qvrd_vndr' (pid 9681) exited with status 1
01-01 10:38:57.814 0 0 I init : Sending signal 9 to service 'qvrd_vndr' (pid 9681) process group...
01-01 10:38:57.822 0 0 I libprocessgroup: Successfully killed process cgroup uid 1000 pid 9681 in 0ms
01-01 10:38:57.833 0 0 I init : Service 'sxrd' (pid 9682) exited with status 1
01-01 10:38:57.839 0 0 I init : Sending signal 9 to service 'sxrd' (pid 9682) process group...
01-01 10:38:57.937 0 0 D : mv2112_read_status
01-01 10:38:57.940 0 0 D mv2112_update_link: 3.0x901(1G): 0x80
01-01 10:38:57.946 0 0 D mv2112_update_link: 3.0x8109(100M): 0x0
01-01 10:38:57.952 0 0 D mv2112_update_link: link 0x0
01-01 10:38:57.956 0 0 D mv2112_read_status: autoneg is disabled
01-01 10:38:58.961 0 0 D : mv2112_read_status
01-01 10:38:58.965 0 0 D mv2112_update_link: 3.0x901(1G): 0x80
01-01 10:38:58.970 0 0 D mv2112_update_link: 3.0x8109(100M): 0x0
01-01 10:38:58.975 0 0 D mv2112_update_link: link 0x0
01-01 10:38:58.980 0 0 D mv2112_read_status: autoneg is disabled
01-01 10:38:59.985 0 0 D : mv2112_read_status
01-01 10:38:59.988 0 0 D mv2112_update_link: 3.0x901(1G): 0x80
01-01 10:38:59.994 0 0 D mv2112_update_link: 3.0x8109(100M): 0x0
01-01 10:39:00.013 0 0 D mv2112_update_link: link 0x0
01-01 10:39:00.025 0 0 D mv2112_read_status: autoneg is disabled
01-01 10:39:01.041 0 0 D : mv2112_read_status
01-01 10:39:01.044 0 0 D mv2112_update_link: 3.0x901(1G): 0x80
01-01 10:39:01.050 0 0 D mv2112_update_link: 3.0x8109(100M): 0x0
01-01 10:39:01.055 0 0 D mv2112_update_link: link 0x0
01-01 10:39:01.059 0 0 D mv2112_read_status: autoneg is disabled
01-01 10:39:02.066 0 0 D : mv2112_read_status
01-01 10:39:02.070 0 0 D mv2112_update_link: 3.0x901(1G): 0x80
01-01 10:39:02.075 0 0 D mv2112_update_link: 3.0x8109(100M): 0x0
01-01 10:39:02.082 0 0 D mv2112_update_link: link 0x0
01-01 10:39:02.087 0 0 D mv2112_read_status: autoneg is disabled
01-01 10:39:02.763 0 0 I init : starting service 'qvrd_vndr'...
01-01 10:39:02.770 0 0 I init : Created socket '/dev/socket/qvrservice_vndr', mode 660, user 1000, group 1000
01-01 10:39:02.780 0 0 I init : Created socket '/dev/socket/qvrservice_vndr_camera', mode 660, user 1000, group 1000
01-01 10:39:02.808 0 0 I init : starting service 'sxrd'...
01-01 10:39:02.826 0 0 I init : starting service 'vendor.light-hal-2-0'...
08-26 20:00:04.206 9684 9684 F linker : CANNOT LINK EXECUTABLE "/vendor/bin/hw/qvrservice": library "vendor.qti.hardware.qxr-V1-ndk_platform.so" not found: needed by /vendor/lib64/libqvrservice.so in namespace (default)
08-26 20:00:04.206 9685 9685 F linker : CANNOT LINK EXECUTABLE "/vendor/bin/hw/sxrservice": library "vendor.qti.hardware.qxr-V1-ndk_platform.so" not found: needed by main executable
01-01 10:39:02.861 0 0 I init : Service 'qvrd_vndr' (pid 9684) exited with status 1
01-01 10:39:02.868 0 0 I init : Sending signal 9 to service 'qvrd_vndr' (pid 9684) process group...
01-01 10:39:02.877 0 0 I libprocessgroup: Successfully killed process cgroup uid 1000 pid 9684 in 0ms
01-01 10:39:02.888 0 0 I init : Service 'sxrd' (pid 9685) exited with status 1
01-01 10:39:02.894 0 0 I init : Sending signal 9 to service 'sxrd' (pid 9685) process group...
01-01 10:39:03.089 0 0 D : mv2112_read_status
01-01 10:39:03.092 0 0 D mv2112_update_link: 3.0x901(1G): 0x80
01-01 10:39:03.099 0 0 D mv2112_update_link: 3.0x8109(100M): 0x0
01-01 10:39:03.105 0 0 D mv2112_update_link: link 0x0
01-01 10:39:03.110 0 0 D mv2112_read_status: autoneg is disabled
01-01 10:39:04.113 0 0 D : mv2112_read_status
01-01 10:39:04.117 0 0 D mv2112_update_link: 3.0x901(1G): 0x80
01-01 10:39:04.122 0 0 D mv2112_update_link: 3.0x8109(100M): 0x0
01-01 10:39:04.127 0 0 D mv2112_update_link: link 0x0
01-01 10:39:04.132 0 0 D mv2112_read_status: autoneg is disabled
01-01 10:39:05.137 0 0 D : mv2112_read_status
01-01 10:39:05.141 0 0 D mv2112_update_link: 3.0x901(1G): 0x80
01-01 10:39:05.146 0 0 D mv2112_update_link: 3.0x8109(100M): 0x0
01-01 10:39:05.151 0 0 D mv2112_update_link: link 0x0
01-01 10:39:05.155 0 0 D mv2112_read_status: autoneg is disabled
01-01 10:39:06.161 0 0 D : mv2112_read_status
01-01 10:39:06.165 0 0 D mv2112_update_link: 3.0x901(1G): 0x80
01-01 10:39:06.170 0 0 D mv2112_update_link: 3.0x8109(100M): 0x0
01-01 10:39:06.176 0 0 D mv2112_update_link: link 0x0
01-01 10:39:06.180 0 0 D mv2112_read_status: autoneg is disabled
01-01 10:39:07.185 0 0 D : mv2112_read_status
01-01 10:39:07.189 0 0 D mv2112_update_link: 3.0x901(1G): 0x80
01-01 10:39:07.194 0 0 D mv2112_update_link: 3.0x8109(100M): 0x0
01-01 10:39:07.200 0 0 D mv2112_update_link: link 0x0
01-01 10:39:07.204 0 0 D mv2112_read_status: autoneg is disabled
01-01 10:39:07.809 0 0 I init : starting service 'qvrd_vndr'...
01-01 10:39:07.819 0 0 I init : Created socket '/dev/socket/qvrservice_vndr', mode 660, user 1000, group 1000
01-01 10:39:07.831 0 0 I init : Created socket '/dev/socket/qvrservice_vndr_camera', mode 660, user 1000, group 1000
01-01 10:39:07.882 0 0 I init : starting service 'sxrd'...
01-01 10:39:07.902 0 0 I init : starting service 'vendor.light-hal-2-0'...
08-26 20:00:09.268 9687 9687 F linker : CANNOT LINK EXECUTABLE "/vendor/bin/hw/qvrservice": library "vendor.qti.hardware.qxr-V1-ndk_platform.so" not found: needed by /vendor/lib64/libqvrservice.so in namespace (default)
08-26 20:00:09.269 9688 9688 F linker : CANNOT LINK EXECUTABLE "/vendor/bin/hw/sxrservice": library "vendor.qti.hardware.qxr-V1-ndk_platform.so" not found: needed by main executable
01-01 10:39:07.924 0 0 I init : Service 'qvrd_vndr' (pid 9687) exited with status 1
01-01 10:39:07.930 0 0 I init : Sending signal 9 to service 'qvrd_vndr' (pid 9687) process group...
01-01 10:39:07.939 0 0 I libprocessgroup: Successfully killed process cgroup uid 1000 pid 9687 in 0ms
01-01 10:39:07.948 0 0 I init : Service 'sxrd' (pid 9688) exited with status 1
01-01 10:39:07.955 0 0 I init : Sending signal 9 to service 'sxrd' (pid 9688) process group...
01-01 10:39:08.209 0 0 D : mv2112_read_status
01-01 10:39:08.213 0 0 D mv2112_update_link: 3.0x901(1G): 0x80
01-01 10:39:08.218 0 0 D mv2112_update_link: 3.0x8109(100M): 0x0
01-01 10:39:08.223 0 0 D mv2112_update_link: link 0x0
01-01 10:39:08.228 0 0 D mv2112_read_status: autoneg is disabled
01-01 10:39:09.233 0 0 D : mv2112_read_status
01-01 10:39:09.237 0 0 D mv2112_update_link: 3.0x901(1G): 0x80
01-01 10:39:09.243 0 0 D mv2112_update_link: 3.0x8109(100M): 0x0
01-01 10:39:09.248 0 0 D mv2112_update_link: link 0x0
01-01 10:39:09.253 0 0 D mv2112_read_status: autoneg is disabled
01-01 10:39:10.257 0 0 D : mv2112_read_status
01-01 10:39:10.261 0 0 D mv2112_update_link: 3.0x901(1G): 0x80
01-01 10:39:10.267 0 0 D mv2112_update_link: 3.0x8109(100M): 0x0
01-01 10:39:10.274 0 0 D mv2112_update_link: link 0x0
01-01 10:39:10.278 0 0 D mv2112_read_status: autoneg is disabled
01-01 10:39:11.281 0 0 D : mv2112_read_status
01-01 10:39:11.285 0 0 D mv2112_update_link: 3.0x901(1G): 0x80
01-01 10:39:11.290 0 0 D mv2112_update_link: 3.0x8109(100M): 0x0
01-01 10:39:11.296 0 0 D mv2112_update_link: link 0x0
01-01 10:39:11.300 0 0 D mv2112_read_status: autoneg is disabled
01-01 10:39:12.305 0 0 D : mv2112_read_status
01-01 10:39:12.309 0 0 D mv2112_update_link: 3.0x901(1G): 0x80
01-01 10:39:12.314 0 0 D mv2112_update_link: 3.0x8109(100M): 0x0
01-01 10:39:12.320 0 0 D mv2112_update_link: link 0x0
01-01 10:39:12.324 0 0 D mv2112_read_status: autoneg is disabled
01-01 10:39:12.876 0 0 I init : starting service 'qvrd_vndr'...
01-01 10:39:12.883 0 0 I init : Created socket '/dev/socket/qvrservice_vndr', mode 660, user 1000, group 1000
01-01 10:39:12.893 0 0 I init : Created socket '/dev/socket/qvrservice_vndr_camera', mode 660, user 1000, group 1000
01-01 10:39:12.920 0 0 I init : starting service 'sxrd'...
01-01 10:39:12.939 0 0 I init : starting service 'vendor.light-hal-2-0'...
08-26 20:00:14.309 9691 9691 F linker : CANNOT LINK EXECUTABLE "/vendor/bin/hw/sxrservice": library "vendor.qti.hardware.qxr-V1-ndk_platform.so" not found: needed by main executable
08-26 20:00:14.309 9690 9690 F linker : CANNOT LINK EXECUTABLE "/vendor/bin/hw/qvrservice": library "vendor.qti.hardware.qxr-V1-ndk_platform.so" not found: needed by /vendor/lib64/libqvrservice.so in namespace (default)
01-01 10:39:12.965 0 0 I init : Service 'sxrd' (pid 9691) exited with status 1
01-01 10:39:12.971 0 0 I init : Sending signal 9 to service 'sxrd' (pid 9691) process group...
01-01 10:39:12.979 0 0 I libprocessgroup: Successfully killed process cgroup uid 1000 pid 9691 in 0ms
01-01 10:39:12.990 0 0 I init : Service 'qvrd_vndr' (pid 9690) exited with status 1
01-01 10:39:12.997 0 0 I init : Sending signal 9 to service 'qvrd_vndr' (pid 9690) process group...
01-01 10:39:13.329 0 0 D : mv2112_read_status
01-01 10:39:13.332 0 0 D mv2112_update_link: 3.0x901(1G): 0x80
01-01 10:39:13.340 0 0 D mv2112_update_link: 3.0x8109(100M): 0x0
01-01 10:39:13.345 0 0 D mv2112_update_link: link 0x0
01-01 10:39:13.350 0 0 D mv2112_read_status: autoneg is disabled
01-01 10:39:14.353 0 0 D : mv2112_read_status
01-01 10:39:14.356 0 0 D mv2112_update_link: 3.0x901(1G): 0x80
01-01 10:39:14.362 0 0 D mv2112_update_link: 3.0x8109(100M): 0x0
01-01 10:39:14.367 0 0 D mv2112_update_link: link 0x0
01-01 10:39:14.372 0 0 D mv2112_read_status: autoneg is disabled
01-01 10:39:15.377 0 0 D : mv2112_read_status
01-01 10:39:15.381 0 0 D mv2112_update_link: 3.0x901(1G): 0x80
01-01 10:39:15.386 0 0 D mv2112_update_link: 3.0x8109(100M): 0x0
01-01 10:39:15.392 0 0 D mv2112_update_link: link 0x0
01-01 10:39:15.396 0 0 D mv2112_read_status: autoneg is disabled
01-01 10:39:16.401 0 0 D : mv2112_read_status
01-01 10:39:16.405 0 0 D mv2112_update_link: 3.0x901(1G): 0x80
01-01 10:39:16.410 0 0 D mv2112_update_link: 3.0x8109(100M): 0x0
01-01 10:39:16.416 0 0 D mv2112_update_link: link 0x0
01-01 10:39:16.420 0 0 D mv2112_read_status: autoneg is disabled
01-01 10:39:17.425 0 0 D : mv2112_read_status
01-01 10:39:17.429 0 0 D mv2112_update_link: 3.0x901(1G): 0x80
01-01 10:39:17.435 0 0 D mv2112_update_link: 3.0x8109(100M): 0x0
01-01 10:39:17.440 0 0 D mv2112_update_link: link 0x0
01-01 10:39:17.444 0 0 D mv2112_read_status: autoneg is disabled
01-01 10:39:17.919 0 0 I init : starting service 'qvrd_vndr'...
01-01 10:39:17.925 0 0 I init : Created socket '/dev/socket/qvrservice_vndr', mode 660, user 1000, group 1000
01-01 10:39:17.936 0 0 I init : Created socket '/dev/socket/qvrservice_vndr_camera', mode 660, user 1000, group 1000
01-01 10:39:17.961 0 0 I init : starting service 'sxrd'...
01-01 10:39:17.978 0 0 I init : starting service 'vendor.light-hal-2-0'...
08-26 20:00:19.347 9694 9694 F linker : CANNOT LINK EXECUTABLE "/vendor/bin/hw/sxrservice": library "vendor.qti.hardware.qxr-V1-ndk_platform.so" not found: needed by main executable
08-26 20:00:19.351 9693 9693 F linker : CANNOT LINK EXECUTABLE "/vendor/bin/hw/qvrservice": library "vendor.qti.hardware.qxr-V1-ndk_platform.so" not found: needed by /vendor/lib64/libqvrservice.so in namespace (default)
01-01 10:39:18.002 0 0 I init : Service 'sxrd' (pid 9694) exited with status 1
01-01 10:39:18.009 0 0 I init : Sending signal 9 to service 'sxrd' (pid 9694) process group...
01-01 10:39:18.016 0 0 I libprocessgroup: Successfully killed process cgroup uid 1000 pid 9694 in 0ms
01-01 10:39:18.026 0 0 I init : Service 'qvrd_vndr' (pid 9693) exited with status 1
01-01 10:39:18.033 0 0 I init : Sending signal 9 to service 'qvrd_vndr' (pid 9693) process group...
01-01 10:39:18.449 0 0 D : mv2112_read_status
01-01 10:39:18.452 0 0 D mv2112_update_link: 3.0x901(1G): 0x80
01-01 10:39:18.458 0 0 D mv2112_update_link: 3.0x8109(100M): 0x0
01-01 10:39:18.464 0 0 D mv2112_update_link: link 0x0
01-01 10:39:18.468 0 0 D mv2112_read_status: autoneg is disabled
01-01 10:39:19.473 0 0 D : mv2112_read_status
01-01 10:39:19.477 0 0 D mv2112_update_link: 3.0x901(1G): 0x80
01-01 10:39:19.482 0 0 D mv2112_update_link: 3.0x8109(100M): 0x0
01-01 10:39:19.488 0 0 D mv2112_update_link: link 0x0
01-01 10:39:19.492 0 0 D mv2112_read_status: autoneg is disabled
01-01 10:39:20.497 0 0 D : mv2112_read_status
01-01 10:39:20.501 0 0 D mv2112_update_link: 3.0x901(1G): 0x80
01-01 10:39:20.506 0 0 D mv2112_update_link: 3.0x8109(100M): 0x0
01-01 10:39:20.529 0 0 D mv2112_update_link: link 0x0
01-01 10:39:20.533 0 0 D mv2112_read_status: autoneg is disabled
01-01 10:39:21.553 0 0 D : mv2112_read_status
01-01 10:39:21.557 0 0 D mv2112_update_link: 3.0x901(1G): 0x80
01-01 10:39:21.562 0 0 D mv2112_update_link: 3.0x8109(100M): 0x0
01-01 10:39:21.567 0 0 D mv2112_update_link: link 0x0
01-01 10:39:21.572 0 0 D mv2112_read_status: autoneg is disabled
01-01 10:39:22.577 0 0 D : mv2112_read_status
01-01 10:39:22.581 0 0 D mv2112_update_link: 3.0x901(1G): 0x80
01-01 10:39:22.586 0 0 D mv2112_update_link: 3.0x8109(100M): 0x0
01-01 10:39:22.592 0 0 D mv2112_update_link: link 0x0
01-01 10:39:22.596 0 0 D mv2112_read_status: autoneg is disabled
01-01 10:39:22.962 0 0 I init : starting service 'qvrd_vndr'...
01-01 10:39:22.968 0 0 I init : Created socket '/dev/socket/qvrservice_vndr', mode 660, user 1000, group 1000
01-01 10:39:22.979 0 0 I init : Created socket '/dev/socket/qvrservice_vndr_camera', mode 660, user 1000, group 1000
01-01 10:39:23.008 0 0 I init : starting service 'sxrd'...
01-01 10:39:23.031 0 0 I init : starting service 'vendor.light-hal-2-0'...
08-26 20:00:24.390 9696 9696 F linker : CANNOT LINK EXECUTABLE "/vendor/bin/hw/qvrservice": library "vendor.qti.hardware.qxr-V1-ndk_platform.so" not found: needed by /vendor/lib64/libqvrservice.so in namespace (default)
01-01 10:39:23.050 0 0 I init : Service 'qvrd_vndr' (pid 9696) exited with status 1
01-01 10:39:23.057 0 0 I init : Sending signal 9 to service 'qvrd_vndr' (pid 9696) process group...
01-01 10:39:23.065 0 0 I libprocessgroup: Successfully killed process cgroup uid 1000 pid 9696 in 0ms
08-26 20:00:24.412 9697 9697 F linker : CANNOT LINK EXECUTABLE "/vendor/bin/hw/sxrservice": library "vendor.qti.hardware.qxr-V1-ndk_platform.so" not found: needed by main executable
01-01 10:39:23.076 0 0 I init : Service 'sxrd' (pid 9697) exited with status 1
01-01 10:39:23.083 0 0 I init : Sending signal 9 to service 'sxrd' (pid 9697) process group...
01-01 10:39:23.601 0 0 D : mv2112_read_status
01-01 10:39:23.605 0 0 D mv2112_update_link: 3.0x901(1G): 0x80
01-01 10:39:23.611 0 0 D mv2112_update_link: 3.0x8109(100M): 0x0
01-01 10:39:23.617 0 0 D mv2112_update_link: link 0x0
01-01 10:39:23.621 0 0 D mv2112_read_status: autoneg is disabled
01-01 10:39:24.625 0 0 D : mv2112_read_status
01-01 10:39:24.629 0 0 D mv2112_update_link: 3.0x901(1G): 0x80
01-01 10:39:24.634 0 0 D mv2112_update_link: 3.0x8109(100M): 0x0
01-01 10:39:24.639 0 0 D mv2112_update_link: link 0x0
01-01 10:39:24.644 0 0 D mv2112_read_status: autoneg is disabled
01-01 10:39:25.649 0 0 D : mv2112_read_status
01-01 10:39:25.653 0 0 D mv2112_update_link: 3.0x901(1G): 0x80
01-01 10:39:25.658 0 0 D mv2112_update_link: 3.0x8109(100M): 0x0
01-01 10:39:25.664 0 0 D mv2112_update_link: link 0x0
01-01 10:39:25.668 0 0 D mv2112_read_status: autoneg is disabled
01-01 10:39:26.673 0 0 D : mv2112_read_status
01-01 10:39:26.676 0 0 D mv2112_update_link: 3.0x901(1G): 0x80
01-01 10:39:26.682 0 0 D mv2112_update_link: 3.0x8109(100M): 0x0
01-01 10:39:26.687 0 0 D mv2112_update_link: link 0x0
01-01 10:39:26.692 0 0 D mv2112_read_status: autoneg is disabled
01-01 10:39:27.697 0 0 D : mv2112_read_status
01-01 10:39:27.701 0 0 D mv2112_update_link: 3.0x901(1G): 0x80
01-01 10:39:27.706 0 0 D mv2112_update_link: 3.0x8109(100M): 0x0
01-01 10:39:27.712 0 0 D mv2112_update_link: link 0x0
01-01 10:39:27.716 0 0 D mv2112_read_status: autoneg is disabled
01-01 10:39:28.008 0 0 I init : starting service 'qvrd_vndr'...
01-01 10:39:28.014 0 0 I init : Created socket '/dev/socket/qvrservice_vndr', mode 660, user 1000, group 1000
01-01 10:39:28.025 0 0 I init : Created socket '/dev/socket/qvrservice_vndr_camera', mode 660, user 1000, group 1000
01-01 10:39:28.051 0 0 I init : starting service 'sxrd'...
01-01 10:39:28.069 0 0 I init : starting service 'vendor.light-hal-2-0'...
08-26 20:00:29.446 9701 9701 F linker : CANNOT LINK EXECUTABLE "/vendor/bin/hw/sxrservice": library "vendor.qti.hardware.qxr-V1-ndk_platform.so" not found: needed by main executable
08-26 20:00:29.447 9700 9700 F linker : CANNOT LINK EXECUTABLE "/vendor/bin/hw/qvrservice": library "vendor.qti.hardware.qxr-V1-ndk_platform.so" not found: needed by /vendor/lib64/libqvrservice.so in namespace (default)
01-01 10:39:28.101 0 0 I init : Service 'sxrd' (pid 9701) exited with status 1
01-01 10:39:28.108 0 0 I init : Sending signal 9 to service 'sxrd' (pid 9701) process group...
01-01 10:39:28.115 0 0 I libprocessgroup: Successfully killed process cgroup uid 1000 pid 9701 in 0ms
01-01 10:39:28.127 0 0 I init : Service 'qvrd_vndr' (pid 9700) exited with status 1
01-01 10:39:28.134 0 0 I init : Sending signal 9 to service 'qvrd_vndr' (pid 9700) process group...
01-01 10:39:28.721 0 0 D : mv2112_read_status
01-01 10:39:28.725 0 0 D mv2112_update_link: 3.0x901(1G): 0x80
01-01 10:39:28.730 0 0 D mv2112_update_link: 3.0x8109(100M): 0x0
01-01 10:39:28.735 0 0 D mv2112_update_link: link 0x0
01-01 10:39:28.739 0 0 D mv2112_read_status: autoneg is disabled
01-01 10:39:29.745 0 0 D : mv2112_read_status
01-01 10:39:29.748 0 0 D mv2112_update_link: 3.0x901(1G): 0x80
01-01 10:39:29.755 0 0 D mv2112_update_link: 3.0x8109(100M): 0x0
01-01 10:39:29.760 0 0 D mv2112_update_link: link 0x0
01-01 10:39:29.764 0 0 D mv2112_read_status: autoneg is disabled
01-01 10:39:30.769 0 0 D : mv2112_read_status
01-01 10:39:30.773 0 0 D mv2112_update_link: 3.0x901(1G): 0x80
01-01 10:39:30.778 0 0 D mv2112_update_link: 3.0x8109(100M): 0x0
01-01 10:39:30.797 0 0 D mv2112_update_link: link 0x0
01-01 10:39:30.801 0 0 D mv2112_read_status: autoneg is disabled
01-01 10:39:31.825 0 0 D : mv2112_read_status
01-01 10:39:31.829 0 0 D mv2112_update_link: 3.0x901(1G): 0x80
01-01 10:39:31.834 0 0 D mv2112_update_link: 3.0x8109(100M): 0x0
01-01 10:39:31.840 0 0 D mv2112_update_link: link 0x0
01-01 10:39:31.844 0 0 D mv2112_read_status: autoneg is disabled
01-01 10:39:32.849 0 0 D : mv2112_read_status
01-01 10:39:32.853 0 0 D mv2112_update_link: 3.0x901(1G): 0x80
01-01 10:39:32.858 0 0 D mv2112_update_link: 3.0x8109(100M): 0x0
01-01 10:39:32.864 0 0 D mv2112_update_link: link 0x0
01-01 10:39:32.868 0 0 D mv2112_read_status: autoneg is disabled
01-01 10:39:33.051 0 0 I init : starting service 'qvrd_vndr'...
01-01 10:39:33.058 0 0 I init : Created socket '/dev/socket/qvrservice_vndr', mode 660, user 1000, group 1000
01-01 10:39:33.068 0 0 I init : Created socket '/dev/socket/qvrservice_vndr_camera', mode 660, user 1000, group 1000
01-01 10:39:33.094 0 0 I init : starting service 'sxrd'...
01-01 10:39:33.111 0 0 I init : starting service 'vendor.light-hal-2-0'...
08-26 20:00:34.471 9703 9703 F linker : CANNOT LINK EXECUTABLE "/vendor/bin/hw/qvrservice": library "vendor.qti.hardware.qxr-V1-ndk_platform.so" not found: needed by /vendor/lib64/libqvrservice.so in namespace (default)
01-01 10:39:33.131 0 0 I init : Service 'qvrd_vndr' (pid 9703) exited with status 1
01-01 10:39:33.138 0 0 I init : Sending signal 9 to service 'qvrd_vndr' (pid 9703) process group...
01-01 10:39:33.146 0 0 I libprocessgroup: Successfully killed process cgroup uid 1000 pid 9703 in 0ms
08-26 20:00:34.499 9704 9704 F linker : CANNOT LINK EXECUTABLE "/vendor/bin/hw/sxrservice": library "vendor.qti.hardware.qxr-V1-ndk_platform.so" not found: needed by main executable
01-01 10:39:33.158 0 0 I init : Service 'sxrd' (pid 9704) exited with status 1
01-01 10:39:33.164 0 0 I init : Sending signal 9 to service 'sxrd' (pid 9704) process group...
01-01 10:39:33.873 0 0 D : mv2112_read_status
01-01 10:39:33.876 0 0 D mv2112_update_link: 3.0x901(1G): 0x80
01-01 10:39:33.883 0 0 D mv2112_update_link: 3.0x8109(100M): 0x0
01-01 10:39:33.889 0 0 D mv2112_update_link: link 0x0
01-01 10:39:33.894 0 0 D mv2112_read_status: autoneg is disabled
01-01 10:39:34.897 0 0 D : mv2112_read_status
01-01 10:39:34.901 0 0 D mv2112_update_link: 3.0x901(1G): 0x80
01-01 10:39:34.906 0 0 D mv2112_update_link: 3.0x8109(100M): 0x0
01-01 10:39:34.912 0 0 D mv2112_update_link: link 0x0
01-01 10:39:34.916 0 0 D mv2112_read_status: autoneg is disabled
01-01 10:39:35.921 0 0 D : mv2112_read_status
01-01 10:39:35.925 0 0 D mv2112_update_link: 3.0x901(1G): 0x80
01-01 10:39:35.930 0 0 D mv2112_update_link: 3.0x8109(100M): 0x0
01-01 10:39:35.936 0 0 D mv2112_update_link: link 0x0
01-01 10:39:35.940 0 0 D mv2112_read_status: autoneg is disabled
01-01 10:39:36.945 0 0 D : mv2112_read_status
01-01 10:39:36.949 0 0 D mv2112_update_link: 3.0x901(1G): 0x80
01-01 10:39:36.955 0 0 D mv2112_update_link: 3.0x8109(100M): 0x0
01-01 10:39:36.960 0 0 D mv2112_update_link: link 0x0
01-01 10:39:36.964 0 0 D mv2112_read_status: autoneg is disabled
01-01 10:39:37.969 0 0 D : mv2112_read_status
01-01 10:39:37.973 0 0 D mv2112_update_link: 3.0x901(1G): 0x80
01-01 10:39:37.978 0 0 D mv2112_update_link: 3.0x8109(100M): 0x0
01-01 10:39:37.983 0 0 D mv2112_update_link: link 0x0
01-01 10:39:37.988 0 0 D mv2112_read_status: autoneg is disabled
01-01 10:39:38.094 0 0 I init : starting service 'qvrd_vndr'...
01-01 10:39:38.101 0 0 I init : Created socket '/dev/socket/qvrservice_vndr', mode 660, user 1000, group 1000
01-01 10:39:38.112 0 0 I init : Created socket '/dev/socket/qvrservice_vndr_camera', mode 660, user 1000, group 1000
01-01 10:39:38.138 0 0 I init : starting service 'sxrd'...
01-01 10:39:38.155 0 0 I init : starting service 'vendor.light-hal-2-0'...
08-26 20:00:39.528 9707 9707 F linker : CANNOT LINK EXECUTABLE "/vendor/bin/hw/sxrservice": library "vendor.qti.hardware.qxr-V1-ndk_platform.so" not found: needed by main executable
08-26 20:00:39.530 9706 9706 F linker : CANNOT LINK EXECUTABLE "/vendor/bin/hw/qvrservice": library "vendor.qti.hardware.qxr-V1-ndk_platform.so" not found: needed by /vendor/lib64/libqvrservice.so in namespace (default)
01-01 10:39:38.183 0 0 I init : Service 'sxrd' (pid 9707) exited with status 1
01-01 10:39:38.190 0 0 I init : Sending signal 9 to service 'sxrd' (pid 9707) process group...
01-01 10:39:38.198 0 0 I libprocessgroup: Successfully killed process cgroup uid 1000 pid 9707 in 0ms
01-01 10:39:38.208 0 0 I init : Service 'qvrd_vndr' (pid 9706) exited with status 1
01-01 10:39:38.214 0 0 I init : Sending signal 9 to service 'qvrd_vndr' (pid 9706) process group...
01-01 10:39:38.993 0 0 D : mv2112_read_status
01-01 10:39:38.997 0 0 D mv2112_update_link: 3.0x901(1G): 0x80
01-01 10:39:39.003 0 0 D mv2112_update_link: 3.0x8109(100M): 0x0
01-01 10:39:39.008 0 0 D mv2112_update_link: link 0x0
01-01 10:39:39.013 0 0 D mv2112_read_status: autoneg is disabled
01-01 10:39:40.017 0 0 D : mv2112_read_status
01-01 10:39:40.021 0 0 D mv2112_update_link: 3.0x901(1G): 0x80
01-01 10:39:40.026 0 0 D mv2112_update_link: 3.0x8109(100M): 0x0
01-01 10:39:40.031 0 0 D mv2112_update_link: link 0x0
01-01 10:39:40.036 0 0 D mv2112_read_status: autoneg is disabled
01-01 10:39:41.041 0 0 D : mv2112_read_status
01-01 10:39:41.045 0 0 D mv2112_update_link: 3.0x901(1G): 0x80
01-01 10:39:41.051 0 0 D mv2112_update_link: 3.0x8109(100M): 0x0
01-01 10:39:41.056 0 0 D mv2112_update_link: link 0x0
01-01 10:39:41.060 0 0 D mv2112_read_status: autoneg is disabled
01-01 10:39:42.065 0 0 D : mv2112_read_status
01-01 10:39:42.069 0 0 D mv2112_update_link: 3.0x901(1G): 0x80
01-01 10:39:42.074 0 0 D mv2112_update_link: 3.0x8109(100M): 0x0
01-01 10:39:42.093 0 0 D mv2112_update_link: link 0x0
01-01 10:39:42.097 0 0 D mv2112_read_status: autoneg is disabled
01-01 10:39:43.121 0 0 D : mv2112_read_status
01-01 10:39:43.125 0 0 D mv2112_update_link: 3.0x901(1G): 0x80
01-01 10:39:43.131 0 0 D mv2112_update_link: 3.0x8109(100M): 0x0
01-01 10:39:43.136 0 0 D mv2112_update_link: link 0x0
01-01 10:39:43.138 0 0 I init : starting service 'qvrd_vndr'...
01-01 10:39:43.140 0 0 D mv2112_read_status: autoneg is disabled
01-01 10:39:43.146 0 0 I init : Created socket '/dev/socket/qvrservice_vndr', mode 660, user 1000, group 1000
