01-01 08:42:13.061 1146 1146 D SystemServerTiming: StartPackageManagerService took to complete: 2101ms
01-01 08:42:13.061 1146 1146 I SystemServerTiming: StartOtaDexOptService
01-01 08:42:13.061 1146 1146 I Watchdog: Pausing HandlerChecker: main thread for reason: moveab. Pause count: 1
01-01 08:42:13.062 1146 1146 D OTADexopt: No upgrade, skipping A/B artifacts check.
01-01 08:42:13.062 1146 1146 I Watchdog: Resuming HandlerChecker: main thread for reason: moveab. Pause count: 0
01-01 08:42:13.062 1146 1146 D SystemServerTiming: StartOtaDexOptService took to complete: 1ms
01-01 08:42:13.062 1146 1146 I SystemServerTiming: StartUserManagerService
01-01 08:42:13.063 1146 1146 I SystemServiceManager: Starting com.android.server.pm.UserManagerService$LifeCycle
01-01 08:42:13.064 1146 1146 D SystemServerTiming: StartUserManagerService took to complete: 1ms
01-01 08:42:13.064 1146 1146 I SystemServerTiming: InitAttributerCache
01-01 08:42:13.064 1146 1146 D SystemServerTiming: InitAttributerCache took to complete: 0ms
01-01 08:42:13.064 1146 1146 I SystemServerTiming: SetSystemProcess
01-01 08:42:13.077 1146 1753 I ActivityManager: Connection with lmkd established
01-01 08:42:13.078 1146 1625 V HistoricalRegistry: Interaction before persistence initialized
01-01 08:42:13.082 1146 1623 V HistoricalRegistry: Interaction before persistence initialized
01-01 08:42:13.088 1146 1146 D SystemServerTiming: SetSystemProcess took to complete: 24ms
01-01 08:42:13.089 1146 1146 I SystemServerTiming: InitWatchdog
01-01 08:42:13.089 1146 1146 D SystemServerTiming: InitWatchdog took to complete: 0ms
01-01 08:42:13.098 1146 1146 I SystemServerTiming: StartOverlayManagerService
01-01 08:42:13.101 1280 1843 I storaged: storaged: Start
01-01 08:42:13.208 1146 1146 D SystemServerTiming: StartOverlayManagerService took to complete: 110ms
01-01 08:42:13.208 1146 1146 I SystemServerTiming: StartSensorPrivacyService
01-01 08:42:13.211 1146 1146 D SystemServerTiming: StartSensorPrivacyService took to complete: 3ms
01-01 08:42:13.211 1146 1146 I SystemServerTiming: StartSensorService
01-01 08:42:13.211 1146 1146 I SystemServiceManager: Starting com.android.server.sensors.SensorService
01-01 08:42:13.212 1146 1146 D SystemServerTiming: StartSensorService took to complete: 1ms
01-01 08:42:13.212 1146 1146 D SystemServerTiming: startBootstrapServices took to complete: 2934ms
01-01 08:42:13.212 1146 1146 I SystemServerTiming: startCoreServices
01-01 08:42:13.212 1146 1146 I SystemServerTiming: StartSystemConfigService
01-01 08:42:13.212 1146 1850 I SystemServerTimingAsync: InitThreadPoolExec:StartNativeSensorService
01-01 08:42:13.212 1146 1850 D SystemServerInitThreadPool: Started executing StartNativeSensorService
01-01 08:42:13.212 1146 1850 I SystemServerTimingAsync: StartNativeSensorService
01-01 08:42:13.213 1146 1146 I SystemServiceManager: Starting com.android.server.SystemConfigService
01-01 08:42:13.214 1146 1146 D SystemServerTiming: StartSystemConfigService took to complete: 2ms
01-01 08:42:13.214 1146 1146 I SystemServerTiming: StartBatteryService
01-01 08:42:13.214 1146 1146 I SystemServiceManager: Starting com.android.server.BatteryService
01-01 08:42:13.227 1146 1850 D SystemServerTimingAsync: StartNativeSensorService took to complete: 15ms
01-01 08:42:13.227 1146 1850 D SystemServerInitThreadPool: Finished executing StartNativeSensorService
01-01 08:42:13.227 1146 1850 D SystemServerTimingAsync: InitThreadPoolExec:StartNativeSensorService took to complete: 15ms
01-01 08:42:13.239 1146 1146 I HealthServiceWrapper: health: HealthServiceWrapper listening to instance default
01-01 08:42:13.239 1146 1146 I BatteryService: health: Waited 0ms and received the update.
01-01 08:42:13.241 1146 1146 D SystemServerTiming: StartBatteryService took to complete: 27ms
01-01 08:42:13.241 1146 1146 I SystemServerTiming: StartUsageService
01-01 08:42:13.241 1146 1146 I SystemServiceManager: Starting com.android.server.usage.UsageStatsService
01-01 08:42:13.247 1146 1146 D SystemServerTiming: StartUsageService took to complete: 5ms
01-01 08:42:13.247 1146 1146 I SystemServerTiming: StartWebViewUpdateService
01-01 08:42:13.247 1146 1146 I SystemServiceManager: Starting com.android.server.webkit.WebViewUpdateService
01-01 08:42:13.251 1146 1146 D SystemServerTiming: StartWebViewUpdateService took to complete: 4ms
01-01 08:42:13.251 1146 1146 I SystemServerTiming: StartCachedDeviceStateService
01-01 08:42:13.252 1146 1146 I SystemServiceManager: Starting com.android.server.CachedDeviceStateService
01-01 08:42:13.252 1146 1146 D SystemServerTiming: StartCachedDeviceStateService took to complete: 0ms
01-01 08:42:13.252 1146 1146 I SystemServerTiming: StartBinderCallsStatsService
01-01 08:42:13.252 1146 1146 I SystemServiceManager: Starting com.android.server.BinderCallsStatsService$LifeCycle
01-01 08:42:13.254 1146 1146 D SystemServerTiming: StartBinderCallsStatsService took to complete: 2ms
01-01 08:42:13.254 1146 1146 I SystemServerTiming: StartLooperStatsService
01-01 08:42:13.254 1146 1146 I SystemServiceManager: Starting com.android.server.LooperStatsService$Lifecycle
01-01 08:42:13.255 1146 1146 D SystemServerTiming: StartLooperStatsService took to complete: 1ms
01-01 08:42:13.255 1146 1146 I SystemServerTiming: StartRollbackManagerService
01-01 08:42:13.255 1146 1146 I SystemServiceManager: Starting com.android.server.rollback.RollbackManagerService
01-01 08:42:13.262 1146 1146 I PackageWatchdog: Syncing state, reason: added new observer
01-01 08:42:13.262 1146 1146 I PackageWatchdog: Not pruning observers, elapsed time: 0ms
01-01 08:42:13.262 1146 1146 I PackageWatchdog: Cancelling state sync, nothing to sync
01-01 08:42:13.264 1146 1146 D SystemServerTiming: StartRollbackManagerService took to complete: 9ms
01-01 08:42:13.264 1146 1146 I SystemServerTiming: StartNativeTombstoneManagerService
01-01 08:42:13.265 1146 1146 I SystemServiceManager: Starting com.android.server.os.NativeTombstoneManagerService
01-01 08:42:13.265 1146 1748 I PackageWatchdog: Saving observer state to file
01-01 08:42:13.268 1146 1146 D SystemServerTiming: StartNativeTombstoneManagerService took to complete: 3ms
01-01 08:42:13.268 1146 1146 I SystemServerTiming: StartBugreportManagerService
01-01 08:42:13.269 1146 1146 I SystemServiceManager: Starting com.android.server.os.BugreportManagerService
01-01 08:42:13.270 1146 1146 D SystemServerTiming: StartBugreportManagerService took to complete: 1ms
01-01 08:42:13.270 1146 1146 I SystemServerTiming: GpuService
01-01 08:42:13.270 1146 1146 I SystemServiceManager: Starting com.android.server.gpu.GpuService
01-01 08:42:13.271 1146 1146 D SystemServerTiming: GpuService took to complete: 1ms
01-01 08:42:13.271 1146 1146 D SystemServerTiming: startCoreServices took to complete: 59ms
01-01 08:42:13.271 1146 1146 I SystemServerTiming: startOtherServices
01-01 08:42:13.271 1146 1146 I SystemServerTiming: StartKeyAttestationApplicationIdProviderService
01-01 08:42:13.272 1146 1146 D SystemServerTiming: StartKeyAttestationApplicationIdProviderService took to complete: 1ms
01-01 08:42:13.272 1146 1146 I SystemServerTiming: StartKeyChainSystemService
01-01 08:42:13.272 1146 1146 I SystemServiceManager: Starting com.android.server.security.KeyChainSystemService
01-01 08:42:13.272 1146 1146 D SystemServerTiming: StartKeyChainSystemService took to complete: 0ms
01-01 08:42:13.272 1146 1146 I SystemServerTiming: StartSchedulingPolicyService
01-01 08:42:13.274 1146 1859 I SystemServerTimingAsync: InitThreadPoolExec:SecondaryZygotePreload
01-01 08:42:13.274 1146 1859 D SystemServerInitThreadPool: Started executing SecondaryZygotePreload
01-01 08:42:13.274 1146 1859 I SystemServer: SecondaryZygotePreload
01-01 08:42:13.274 1146 1859 I SystemServerTimingAsync: SecondaryZygotePreload
01-01 08:42:13.274 1146 1146 D SystemServerTiming: StartSchedulingPolicyService took to complete: 1ms
01-01 08:42:13.274 1146 1146 I SystemServerTiming: StartTelecomLoaderService
01-01 08:42:13.274 1146 1146 I SystemServiceManager: Starting com.android.server.telecom.TelecomLoaderService
01-01 08:42:13.274 1146 1146 D SystemServerTiming: StartTelecomLoaderService took to complete: 1ms
01-01 08:42:13.275 1146 1146 I SystemServerTiming: StartTelephonyRegistry
01-01 08:42:13.276 1146 1860 I SystemServerTimingAsync: InitThreadPoolExec:SchedulingPolicyService.
01-01 08:42:13.276 1146 1860 D SystemServerInitThreadPool: Started executing SchedulingPolicyService.
01-01 08:42:13.276 1146 1146 D SystemServerTiming: StartTelephonyRegistry took to complete: 1ms
01-01 08:42:13.276 1146 1146 I SystemServerTiming: StartEntropyMixer
01-01 08:42:13.278 1146 1146 W EntropyMixer: No existing entropy file -- first boot?
01-01 08:42:13.279 1146 1146 I EntropyMixer: Writing entropy...
01-01 08:42:13.281 1146 1146 D SystemServerTiming: StartEntropyMixer took to complete: 4ms
01-01 08:42:13.281 1146 1146 I SystemServerTiming: StartAccountManagerService
01-01 08:42:13.281 1146 1146 I SystemServiceManager: Starting com.android.server.accounts.AccountManagerService$Lifecycle
01-01 08:42:13.288 1146 1146 D SystemServerTiming: StartAccountManagerService took to complete: 6ms
01-01 08:42:13.288 1146 1146 I SystemServerTiming: StartContentService
01-01 08:42:13.289 1146 1146 I SystemServiceManager: Starting com.android.server.content.ContentService$Lifecycle
01-01 08:42:13.297 1146 1146 D SystemServerTiming: StartContentService took to complete: 8ms
01-01 08:42:13.297 1146 1146 I SystemServerTiming: InstallSystemProviders
01-01 08:42:13.362 1146 1860 D SystemServerInitThreadPool: Finished executing SchedulingPolicyService.
01-01 08:42:13.363 1146 1860 D SystemServerTimingAsync: InitThreadPoolExec:SchedulingPolicyService. took to complete: 87ms
01-01 08:42:13.376 695 695 D ZygoteInitTiming_lazy: BeginPreload took to complete: 96ms
01-01 08:42:13.394 1146 1146 W SettingsState: No settings state /data/system/users/0/settings_system.xml
01-01 08:42:13.407 1146 1146 I SettingsState: directory info for directory/file /data/system/users/0/settings_system.xml with stacktrace
01-01 08:42:13.407 1146 1146 I SettingsState: java.lang.Exception
01-01 08:42:13.407 1146 1146 I SettingsState: at com.android.providers.settings.SettingsState.logSettingsDirectoryInformation(SettingsState.java:877)
01-01 08:42:13.407 1146 1146 I SettingsState: at com.android.providers.settings.SettingsState.readStateSyncLocked(SettingsState.java:1008)
01-01 08:42:13.407 1146 1146 I SettingsState: at com.android.providers.settings.SettingsState.(SettingsState.java:283)
01-01 08:42:13.407 1146 1146 I SettingsState: at com.android.providers.settings.SettingsProvider$SettingsRegistry.ensureSettingsStateLocked(SettingsProvider.java:2883)
01-01 08:42:13.407 1146 1146 I SettingsState: at com.android.providers.settings.SettingsProvider$SettingsRegistry.migrateLegacySettingsForUserLocked(SettingsProvider.java:3250)
01-01 08:42:13.407 1146 1146 I SettingsState: at com.android.providers.settings.SettingsProvider$SettingsRegistry.migrateAllLegacySettingsIfNeededLocked(SettingsProvider.java:3216)
01-01 08:42:13.407 1146 1146 I SettingsState: at com.android.providers.settings.SettingsProvider$SettingsRegistry.access$000(SettingsProvider.java:2666)
01-01 08:42:13.407 1146 1146 I SettingsState: at com.android.providers.settings.SettingsProvider.onCreate(SettingsProvider.java:395)
01-01 08:42:13.407 1146 1146 I SettingsState: at android.content.ContentProvider.attachInfo(ContentProvider.java:2404)
01-01 08:42:13.407 1146 1146 I SettingsState: at android.content.ContentProvider.attachInfo(ContentProvider.java:2374)
01-01 08:42:13.407 1146 1146 I SettingsState: at android.app.ActivityThread.installProvider(ActivityThread.java:7463)
01-01 08:42:13.407 1146 1146 I SettingsState: at android.app.ActivityThread.installContentProviders(ActivityThread.java:6980)
01-01 08:42:13.407 1146 1146 I SettingsState: at android.app.ActivityThread.installSystemProviders(ActivityThread.java:7650)
01-01 08:42:13.407 1146 1146 I SettingsState: at com.android.server.am.ContentProviderHelper.installSystemProviders(ContentProviderHelper.java:1247)
01-01 08:42:13.407 1146 1146 I SettingsState: at com.android.server.SystemServer.startOtherServices(SystemServer.java:1439)
01-01 08:42:13.407 1146 1146 I SettingsState: at com.android.server.SystemServer.run(SystemServer.java:883)
01-01 08:42:13.407 1146 1146 I SettingsState: at com.android.server.SystemServer.main(SystemServer.java:614)
01-01 08:42:13.407 1146 1146 I SettingsState: at java.lang.reflect.Method.invoke(Native Method)
01-01 08:42:13.407 1146 1146 I SettingsState: at com.android.internal.os.RuntimeInit$MethodAndArgsCaller.run(RuntimeInit.java:548)
01-01 08:42:13.407 1146 1146 I SettingsState: at com.android.internal.os.ZygoteInit.main(ZygoteInit.java:987)
01-01 08:42:13.407 1146 1146 I SettingsState: ancestor directory /data/system/users/0 exists
01-01 08:42:13.407 1146 1146 I SettingsState: ancestor directory /data/system/users/0 permissions: r: true w: true x: true
01-01 08:42:13.408 1146 1146 I SettingsState: ancestor's parent directory /data/system/users permissions: r: true w: true x: true
01-01 08:42:13.424 1146 1146 W SettingsState: No settings state /data/system/users/0/settings_secure.xml
01-01 08:42:13.425 1146 1146 I SettingsState: directory info for directory/file /data/system/users/0/settings_secure.xml with stacktrace
01-01 08:42:13.425 1146 1146 I SettingsState: java.lang.Exception
01-01 08:42:13.425 1146 1146 I SettingsState: at com.android.providers.settings.SettingsState.logSettingsDirectoryInformation(SettingsState.java:877)
01-01 08:42:13.425 1146 1146 I SettingsState: at com.android.providers.settings.SettingsState.readStateSyncLocked(SettingsState.java:1008)
01-01 08:42:13.425 1146 1146 I SettingsState: at com.android.providers.settings.SettingsState.(SettingsState.java:283)
01-01 08:42:13.425 1146 1146 I SettingsState: at com.android.providers.settings.SettingsProvider$SettingsRegistry.ensureSettingsStateLocked(SettingsProvider.java:2883)
01-01 08:42:13.425 1146 1146 I SettingsState: at com.android.providers.settings.SettingsProvider$SettingsRegistry.migrateLegacySettingsForUserLocked(SettingsProvider.java:3259)
01-01 08:42:13.425 1146 1146 I SettingsState: at com.android.providers.settings.SettingsProvider$SettingsRegistry.migrateAllLegacySettingsIfNeededLocked(SettingsProvider.java:3216)
01-01 08:42:13.425 1146 1146 I SettingsState: at com.android.providers.settings.SettingsProvider$SettingsRegistry.access$000(SettingsProvider.java:2666)
01-01 08:42:13.425 1146 1146 I SettingsState: at com.android.providers.settings.SettingsProvider.onCreate(SettingsProvider.java:395)
01-01 08:42:13.425 1146 1146 I SettingsState: at android.content.ContentProvider.attachInfo(ContentProvider.java:2404)
01-01 08:42:13.425 1146 1146 I SettingsState: at android.content.ContentProvider.attachInfo(ContentProvider.java:2374)
01-01 08:42:13.425 1146 1146 I SettingsState: at android.app.ActivityThread.installProvider(ActivityThread.java:7463)
01-01 08:42:13.425 1146 1146 I SettingsState: at android.app.ActivityThread.installContentProviders(ActivityThread.java:6980)
01-01 08:42:13.425 1146 1146 I SettingsState: at android.app.ActivityThread.installSystemProviders(ActivityThread.java:7650)
01-01 08:42:13.425 1146 1146 I SettingsState: at com.android.server.am.ContentProviderHelper.installSystemProviders(ContentProviderHelper.java:1247)
01-01 08:42:13.425 1146 1146 I SettingsState: at com.android.server.SystemServer.startOtherServices(SystemServer.java:1439)
01-01 08:42:13.425 1146 1146 I SettingsState: at com.android.server.SystemServer.run(SystemServer.java:883)
01-01 08:42:13.425 1146 1146 I SettingsState: at com.android.server.SystemServer.main(SystemServer.java:614)
01-01 08:42:13.425 1146 1146 I SettingsState: at java.lang.reflect.Method.invoke(Native Method)
01-01 08:42:13.425 1146 1146 I SettingsState: at com.android.internal.os.RuntimeInit$MethodAndArgsCaller.run(RuntimeInit.java:548)
01-01 08:42:13.425 1146 1146 I SettingsState: at com.android.internal.os.ZygoteInit.main(ZygoteInit.java:987)
01-01 08:42:13.425 1146 1146 I SettingsState: ancestor directory /data/system/users/0 exists
01-01 08:42:13.426 1146 1146 I SettingsState: ancestor directory /data/system/users/0 permissions: r: true w: true x: true
01-01 08:42:13.426 1146 1146 I SettingsState: ancestor's parent directory /data/system/users permissions: r: true w: true x: true
01-01 08:42:13.433 1146 1146 D SettingsProvider: Generated and saved new ANDROID_ID [796f4d83005c6bf] for user 0
01-01 08:42:13.437 1146 1146 W SettingsState: No settings state /data/system/users/0/settings_global.xml
01-01 08:42:13.438 1146 1146 I SettingsState: directory info for directory/file /data/system/users/0/settings_global.xml with stacktrace
01-01 08:42:13.438 1146 1146 I SettingsState: java.lang.Exception
01-01 08:42:13.438 1146 1146 I SettingsState: at com.android.providers.settings.SettingsState.logSettingsDirectoryInformation(SettingsState.java:877)
01-01 08:42:13.438 1146 1146 I SettingsState: at com.android.providers.settings.SettingsState.readStateSyncLocked(SettingsState.java:1008)
01-01 08:42:13.438 1146 1146 I SettingsState: at com.android.providers.settings.SettingsState.(SettingsState.java:283)
01-01 08:42:13.438 1146 1146 I SettingsState: at com.android.providers.settings.SettingsProvider$SettingsRegistry.ensureSettingsStateLocked(SettingsProvider.java:2883)
01-01 08:42:13.438 1146 1146 I SettingsState: at com.android.providers.settings.SettingsProvider$SettingsRegistry.migrateLegacySettingsForUserLocked(SettingsProvider.java:3270)
01-01 08:42:13.438 1146 1146 I SettingsState: at com.android.providers.settings.SettingsProvider$SettingsRegistry.migrateAllLegacySettingsIfNeededLocked(SettingsProvider.java:3216)
01-01 08:42:13.438 1146 1146 I SettingsState: at com.android.providers.settings.SettingsProvider$SettingsRegistry.access$000(SettingsProvider.java:2666)
01-01 08:42:13.438 1146 1146 I SettingsState: at com.android.providers.settings.SettingsProvider.onCreate(SettingsProvider.java:395)
01-01 08:42:13.438 1146 1146 I SettingsState: at android.content.ContentProvider.attachInfo(ContentProvider.java:2404)
01-01 08:42:13.438 1146 1146 I SettingsState: at android.content.ContentProvider.attachInfo(ContentProvider.java:2374)
01-01 08:42:13.438 1146 1146 I SettingsState: at android.app.ActivityThread.installProvider(ActivityThread.java:7463)
01-01 08:42:13.438 1146 1146 I SettingsState: at android.app.ActivityThread.installContentProviders(ActivityThread.java:6980)
01-01 08:42:13.438 1146 1146 I SettingsState: at android.app.ActivityThread.installSystemProviders(ActivityThread.java:7650)
01-01 08:42:13.438 1146 1146 I SettingsState: at com.android.server.am.ContentProviderHelper.installSystemProviders(ContentProviderHelper.java:1247)
01-01 08:42:13.438 1146 1146 I SettingsState: at com.android.server.SystemServer.startOtherServices(SystemServer.java:1439)
01-01 08:42:13.438 1146 1146 I SettingsState: at com.android.server.SystemServer.run(SystemServer.java:883)
01-01 08:42:13.438 1146 1146 I SettingsState: at com.android.server.SystemServer.main(SystemServer.java:614)
01-01 08:42:13.438 1146 1146 I SettingsState: at java.lang.reflect.Method.invoke(Native Method)
01-01 08:42:13.438 1146 1146 I SettingsState: at com.android.internal.os.RuntimeInit$MethodAndArgsCaller.run(RuntimeInit.java:548)
01-01 08:42:13.438 1146 1146 I SettingsState: at com.android.internal.os.ZygoteInit.main(ZygoteInit.java:987)
01-01 08:42:13.438 1146 1146 I SettingsState: ancestor directory /data/system/users/0 exists
01-01 08:42:13.439 1146 1146 I SettingsState: ancestor directory /data/system/users/0 permissions: r: true w: true x: true
01-01 08:42:13.440 1146 1146 I SettingsState: ancestor's parent directory /data/system/users permissions: r: true w: true x: true
01-01 08:42:13.462 1146 1146 D SettingsProvider: Setting [] as Autofill Service for user 0
01-01 08:42:13.497 1146 1726 W ActivityTaskManager: Skip updateConfiguration because mWindowManager isn't set
01-01 08:42:13.501 1146 1146 W SettingsState: No settings state /data/system/users/0/settings_config.xml
01-01 08:42:13.501 1146 1146 I SettingsState: directory info for directory/file /data/system/users/0/settings_config.xml with stacktrace
01-01 08:42:13.501 1146 1146 I SettingsState: java.lang.Exception
01-01 08:42:13.501 1146 1146 I SettingsState: at com.android.providers.settings.SettingsState.logSettingsDirectoryInformation(SettingsState.java:877)
01-01 08:42:13.501 1146 1146 I SettingsState: at com.android.providers.settings.SettingsState.readStateSyncLocked(SettingsState.java:1008)
01-01 08:42:13.501 1146 1146 I SettingsState: at com.android.providers.settings.SettingsState.(SettingsState.java:283)
01-01 08:42:13.501 1146 1146 I SettingsState: at com.android.providers.settings.SettingsProvider$SettingsRegistry.ensureSettingsStateLocked(SettingsProvider.java:2883)
01-01 08:42:13.501 1146 1146 I SettingsState: at com.android.providers.settings.SettingsProvider$SettingsRegistry.ensureSettingsForUserLocked(SettingsProvider.java:2848)
01-01 08:42:13.501 1146 1146 I SettingsState: at com.android.providers.settings.SettingsProvider$SettingsRegistry.peekSettingsStateLocked(SettingsProvider.java:3191)
01-01 08:42:13.501 1146 1146 I SettingsState: at com.android.providers.settings.SettingsProvider$SettingsRegistry.getSettingsNamesLocked(SettingsProvider.java:2813)
01-01 08:42:13.501 1146 1146 I SettingsState: at com.android.providers.settings.SettingsProvider$SettingsRegistry.syncSsaidTableOnStartLocked(SettingsProvider.java:2796)
01-01 08:42:13.501 1146 1146 I SettingsState: at com.android.providers.settings.SettingsProvider$SettingsRegistry.access$100(SettingsProvider.java:2666)
01-01 08:42:13.501 1146 1146 I SettingsState: at com.android.providers.settings.SettingsProvider.onCreate(SettingsProvider.java:396)
01-01 08:42:13.501 1146 1146 I SettingsState: at android.content.ContentProvider.attachInfo(ContentProvider.java:2404)
01-01 08:42:13.501 1146 1146 I SettingsState: at android.content.ContentProvider.attachInfo(ContentProvider.java:2374)
01-01 08:42:13.501 1146 1146 I SettingsState: at android.app.ActivityThread.installProvider(ActivityThread.java:7463)
01-01 08:42:13.501 1146 1146 I SettingsState: at android.app.ActivityThread.installContentProviders(ActivityThread.java:6980)
01-01 08:42:13.501 1146 1146 I SettingsState: at android.app.ActivityThread.installSystemProviders(ActivityThread.java:7650)
01-01 08:42:13.501 1146 1146 I SettingsState: at com.android.server.am.ContentProviderHelper.installSystemProviders(ContentProviderHelper.java:1247)
01-01 08:42:13.501 1146 1146 I SettingsState: at com.android.server.SystemServer.startOtherServices(SystemServer.java:1439)
01-01 08:42:13.501 1146 1146 I SettingsState: at com.android.server.SystemServer.run(SystemServer.java:883)
01-01 08:42:13.501 1146 1146 I SettingsState: at com.android.server.SystemServer.main(SystemServer.java:614)
01-01 08:42:13.501 1146 1146 I SettingsState: at java.lang.reflect.Method.invoke(Native Method)
01-01 08:42:13.501 1146 1146 I SettingsState: at com.android.internal.os.RuntimeInit$MethodAndArgsCaller.run(RuntimeInit.java:548)
01-01 08:42:13.501 1146 1146 I SettingsState: at com.android.internal.os.ZygoteInit.main(ZygoteInit.java:987)
01-01 08:42:13.501 1146 1146 I SettingsState: ancestor directory /data/system/users/0 exists
01-01 08:42:13.501 1146 1146 I SettingsState: ancestor directory /data/system/users/0 permissions: r: true w: true x: true
01-01 08:42:13.502 1146 1146 I SettingsState: ancestor's parent directory /data/system/users permissions: r: true w: true x: true
01-01 08:42:13.502 1146 1146 W SettingsState: No settings state /data/system/users/0/settings_ssaid.xml
01-01 08:42:13.503 1146 1146 I SettingsState: directory info for directory/file /data/system/users/0/settings_ssaid.xml with stacktrace
01-01 08:42:13.503 1146 1146 I SettingsState: java.lang.Exception
01-01 08:42:13.503 1146 1146 I SettingsState: at com.android.providers.settings.SettingsState.logSettingsDirectoryInformation(SettingsState.java:877)
01-01 08:42:13.503 1146 1146 I SettingsState: at com.android.providers.settings.SettingsState.readStateSyncLocked(SettingsState.java:1008)
01-01 08:42:13.503 1146 1146 I SettingsState: at com.android.providers.settings.SettingsState.(SettingsState.java:283)
01-01 08:42:13.503 1146 1146 I SettingsState: at com.android.providers.settings.SettingsProvider$SettingsRegistry.ensureSettingsStateLocked(SettingsProvider.java:2883)
01-01 08:42:13.503 1146 1146 I SettingsState: at com.android.providers.settings.SettingsProvider$SettingsRegistry.ensureSettingsForUserLocked(SettingsProvider.java:2871)
01-01 08:42:13.503 1146 1146 I SettingsState: at com.android.providers.settings.SettingsProvider$SettingsRegistry.peekSettingsStateLocked(SettingsProvider.java:3191)
01-01 08:42:13.503 1146 1146 I SettingsState: at com.android.providers.settings.SettingsProvider$SettingsRegistry.getSettingsNamesLocked(SettingsProvider.java:2813)
01-01 08:42:13.503 1146 1146 I SettingsState: at com.android.providers.settings.SettingsProvider$SettingsRegistry.syncSsaidTableOnStartLocked(SettingsProvider.java:2796)
01-01 08:42:13.503 1146 1146 I SettingsState: at com.android.providers.settings.SettingsProvider$SettingsRegistry.access$100(SettingsProvider.java:2666)
01-01 08:42:13.503 1146 1146 I SettingsState: at com.android.providers.settings.SettingsProvider.onCreate(SettingsProvider.java:396)
01-01 08:42:13.503 1146 1146 I SettingsState: at android.content.ContentProvider.attachInfo(ContentProvider.java:2404)
01-01 08:42:13.503 1146 1146 I SettingsState: at android.content.ContentProvider.attachInfo(ContentProvider.java:2374)
01-01 08:42:13.503 1146 1146 I SettingsState: at android.app.ActivityThread.installProvider(ActivityThread.java:7463)
01-01 08:42:13.503 1146 1146 I SettingsState: at android.app.ActivityThread.installContentProviders(ActivityThread.java:6980)
01-01 08:42:13.503 1146 1146 I SettingsState: at android.app.ActivityThread.installSystemProviders(ActivityThread.java:7650)
01-01 08:42:13.503 1146 1146 I SettingsState: at com.android.server.am.ContentProviderHelper.installSystemProviders(ContentProviderHelper.java:1247)
01-01 08:42:13.503 1146 1146 I SettingsState: at com.android.server.SystemServer.startOtherServices(SystemServer.java:1439)
01-01 08:42:13.503 1146 1146 I SettingsState: at com.android.server.SystemServer.run(SystemServer.java:883)
01-01 08:42:13.503 1146 1146 I SettingsState: at com.android.server.SystemServer.main(SystemServer.java:614)
01-01 08:42:13.503 1146 1146 I SettingsState: at java.lang.reflect.Method.invoke(Native Method)
01-01 08:42:13.503 1146 1146 I SettingsState: at com.android.internal.os.RuntimeInit$MethodAndArgsCaller.run(RuntimeInit.java:548)
01-01 08:42:13.503 1146 1146 I SettingsState: at com.android.internal.os.ZygoteInit.main(ZygoteInit.java:987)
01-01 08:42:13.503 1146 1146 I SettingsState: ancestor directory /data/system/users/0 exists
01-01 08:42:13.503 1146 1146 I SettingsState: ancestor directory /data/system/users/0 permissions: r: true w: true x: true
01-01 08:42:13.503 1146 1146 I SettingsState: ancestor's parent directory /data/system/users permissions: r: true w: true x: true
01-01 08:42:13.541 1146 1749 D ActivityManager: Freezer enabled
01-01 08:42:13.541 1146 1749 D ActivityManager: freezer override set to false
01-01 08:42:13.549 1146 1146 D SystemServerTiming: InstallSystemProviders took to complete: 251ms
01-01 08:42:13.549 1146 1146 I SystemServerTiming: StartDropBoxManager
01-01 08:42:13.549 1146 1146 I SystemServiceManager: Starting com.android.server.DropBoxManagerService
01-01 08:42:13.556 1146 1146 D SystemServerTiming: StartDropBoxManager took to complete: 6ms
01-01 08:42:13.556 1146 1146 I SystemServerTiming: StartRoleManagerService
01-01 08:42:13.557 1146 1146 I SystemServiceManager: Starting com.android.role.RoleService
01-01 08:42:13.563 1146 1146 D SystemServerTiming: StartRoleManagerService took to complete: 7ms
01-01 08:42:13.563 1146 1146 I SystemServerTiming: StartVibratorManagerService
01-01 08:42:13.563 1146 1146 I SystemServiceManager: Starting com.android.server.vibrator.VibratorManagerService$Lifecycle
01-01 08:42:13.604 1146 1146 D SystemServerTiming: StartVibratorManagerService took to complete: 41ms
01-01 08:42:13.604 1146 1146 I SystemServerTiming: StartDynamicSystemService
01-01 08:42:13.606 1146 1146 D SystemServerTiming: StartDynamicSystemService took to complete: 2ms
01-01 08:42:13.606 1146 1146 I SystemServerTiming: StartConsumerIrService
01-01 08:42:13.611 1146 1146 D SystemServerTiming: StartConsumerIrService took to complete: 6ms
01-01 08:42:13.612 1146 1146 I SystemServerTiming: StartAlarmManagerService
01-01 08:42:13.612 1146 1146 I SystemServiceManager: Starting com.android.server.alarm.AlarmManagerService
01-01 08:42:13.645 1146 1146 I AlarmManager: Current time only 2533645, advancing to build time 1661508195000
08-26 18:03:15.007 1146 1146 D SystemServerTiming: StartAlarmManagerService took to complete: 41ms
08-26 18:03:15.007 1146 1146 I SystemServerTiming: StartInputManagerService
08-26 18:03:15.007 1146 1146 I InputManager: Initializing input manager, mUseDevInputEventForAudioJack=true
08-26 18:03:15.025 1146 1146 D SystemServerTiming: StartInputManagerService took to complete: 18ms
08-26 18:03:15.025 1146 1146 I SystemServerTiming: DeviceStateManagerService
08-26 18:03:15.025 1146 1146 I SystemServiceManager: Starting com.android.server.devicestate.DeviceStateManagerService
08-26 18:03:15.029 1146 1146 D SystemServerTiming: DeviceStateManagerService took to complete: 4ms
08-26 18:03:15.029 1146 1146 I SystemServerTiming: StartCameraServiceProxy
08-26 18:03:15.029 1146 1146 I SystemServiceManager: Starting com.android.server.camera.CameraServiceProxy
08-26 18:03:15.033 1146 1146 D SystemServerTiming: StartCameraServiceProxy took to complete: 3ms
08-26 18:03:15.033 1146 1146 I SystemServerTiming: StartWindowManagerService
08-26 18:03:15.033 1146 1146 I SystemServiceManager: Starting phase 200
08-26 18:03:15.033 1146 1146 I SystemServerTiming: OnBootPhase_200
08-26 18:03:15.033 1146 1146 I SystemServerTiming: OnBootPhase_200_com.android.server.security.FileIntegrityService
08-26 18:03:15.034 1146 1146 D SystemServerTiming: OnBootPhase_200_com.android.server.security.FileIntegrityService took to complete: 0ms
08-26 18:03:15.034 1146 1146 I SystemServerTiming: OnBootPhase_200_com.android.server.pm.Installer
08-26 18:03:15.034 1146 1146 D SystemServerTiming: OnBootPhase_200_com.android.server.pm.Installer took to complete: 0ms
08-26 18:03:15.034 1146 1146 I SystemServerTiming: OnBootPhase_200_com.android.server.os.DeviceIdentifiersPolicyService
08-26 18:03:15.034 1146 1146 D SystemServerTiming: OnBootPhase_200_com.android.server.os.DeviceIdentifiersPolicyService took to complete: 0ms
08-26 18:03:15.034 1146 1146 I SystemServerTiming: OnBootPhase_200_com.android.server.uri.UriGrantsManagerService$Lifecycle
08-26 18:03:15.034 1146 1146 D SystemServerTiming: OnBootPhase_200_com.android.server.uri.UriGrantsManagerService$Lifecycle took to complete: 0ms
08-26 18:03:15.034 1146 1146 I SystemServerTiming: OnBootPhase_200_com.android.server.powerstats.PowerStatsService
08-26 18:03:15.034 1146 1146 D SystemServerTiming: OnBootPhase_200_com.android.server.powerstats.PowerStatsService took to complete: 0ms
08-26 18:03:15.035 1146 1146 I SystemServerTiming: OnBootPhase_200_com.android.server.wm.ActivityTaskManagerService$Lifecycle
08-26 18:03:15.035 1146 1146 D SystemServerTiming: OnBootPhase_200_com.android.server.wm.ActivityTaskManagerService$Lifecycle took to complete: 0ms
08-26 18:03:15.035 1146 1146 I SystemServerTiming: OnBootPhase_200_com.android.server.am.ActivityManagerService$Lifecycle
08-26 18:03:15.035 1146 1146 D SystemServerTiming: OnBootPhase_200_com.android.server.am.ActivityManagerService$Lifecycle took to complete: 0ms
08-26 18:03:15.035 1146 1146 I SystemServerTiming: OnBootPhase_200_com.android.server.pm.DataLoaderManagerService
08-26 18:03:15.035 1146 1146 D SystemServerTiming: OnBootPhase_200_com.android.server.pm.DataLoaderManagerService took to complete: 0ms
08-26 18:03:15.035 1146 1146 I SystemServerTiming: OnBootPhase_200_com.android.server.power.PowerManagerService
08-26 18:03:15.035 1146 1146 D SystemServerTiming: OnBootPhase_200_com.android.server.power.PowerManagerService took to complete: 0ms
08-26 18:03:15.035 1146 1146 I SystemServerTiming: OnBootPhase_200_com.android.server.power.ThermalManagerService
08-26 18:03:15.035 1146 1146 D SystemServerTiming: OnBootPhase_200_com.android.server.power.ThermalManagerService took to complete: 0ms
08-26 18:03:15.035 1146 1146 I SystemServerTiming: OnBootPhase_200_com.android.server.power.hint.HintManagerService
08-26 18:03:15.035 1146 1146 D SystemServerTiming: OnBootPhase_200_com.android.server.power.hint.HintManagerService took to complete: 0ms
08-26 18:03:15.035 1146 1146 I SystemServerTiming: OnBootPhase_200_com.android.server.recoverysystem.RecoverySystemService$Lifecycle
08-26 18:03:15.035 1146 1146 D SystemServerTiming: OnBootPhase_200_com.android.server.recoverysystem.RecoverySystemService$Lifecycle took to complete: 0ms
08-26 18:03:15.035 1146 1146 I SystemServerTiming: OnBootPhase_200_com.android.server.lights.LightsService
08-26 18:03:15.036 1146 1146 D SystemServerTiming: OnBootPhase_200_com.android.server.lights.LightsService took to complete: 0ms
08-26 18:03:15.036 1146 1146 I SystemServerTiming: OnBootPhase_200_com.android.server.display.DisplayManagerService
08-26 18:03:15.036 1146 1146 D SystemServerTiming: OnBootPhase_200_com.android.server.display.DisplayManagerService took to complete: 0ms
08-26 18:03:15.036 1146 1146 I SystemServerTiming: OnBootPhase_200_com.android.server.pm.verify.domain.DomainVerificationService
08-26 18:03:15.036 1146 1146 D SystemServerTiming: OnBootPhase_200_com.android.server.pm.verify.domain.DomainVerificationService took to complete: 0ms
08-26 18:03:15.036 1146 1146 I SystemServerTiming: OnBootPhase_200_com.android.server.pm.PackageInstallerService$Lifecycle
08-26 18:03:15.036 1146 1146 D SystemServerTiming: OnBootPhase_200_com.android.server.pm.PackageInstallerService$Lifecycle took to complete: 0ms
08-26 18:03:15.036 1146 1146 I SystemServerTiming: OnBootPhase_200_com.android.server.pm.UserManagerService$LifeCycle
08-26 18:03:15.036 1146 1146 D SystemServerTiming: OnBootPhase_200_com.android.server.pm.UserManagerService$LifeCycle took to complete: 0ms
08-26 18:03:15.036 1146 1146 I SystemServerTiming: OnBootPhase_200_com.android.server.om.OverlayManagerService
08-26 18:03:15.036 1146 1146 D SystemServerTiming: OnBootPhase_200_com.android.server.om.OverlayManagerService took to complete: 0ms
08-26 18:03:15.036 1146 1146 I SystemServerTiming: OnBootPhase_200_com.android.server.SensorPrivacyService
08-26 18:03:15.036 1146 1146 D SystemServerTiming: OnBootPhase_200_com.android.server.SensorPrivacyService took to complete: 0ms
08-26 18:03:15.036 1146 1146 I SystemServerTiming: OnBootPhase_200_com.android.server.sensors.SensorService
08-26 18:03:15.037 1146 1146 D SystemServerTiming: OnBootPhase_200_com.android.server.sensors.SensorService took to complete: 0ms
08-26 18:03:15.037 1146 1146 I SystemServerTiming: OnBootPhase_200_com.android.server.SystemConfigService
08-26 18:03:15.037 1146 1146 D SystemServerTiming: OnBootPhase_200_com.android.server.SystemConfigService took to complete: 0ms
08-26 18:03:15.037 1146 1146 I SystemServerTiming: OnBootPhase_200_com.android.server.BatteryService
08-26 18:03:15.037 1146 1146 D SystemServerTiming: OnBootPhase_200_com.android.server.BatteryService took to complete: 0ms
08-26 18:03:15.037 1146 1146 I SystemServerTiming: OnBootPhase_200_com.android.server.usage.UsageStatsService
08-26 18:03:15.037 1146 1146 D SystemServerTiming: OnBootPhase_200_com.android.server.usage.UsageStatsService took to complete: 0ms
08-26 18:03:15.037 1146 1146 I SystemServerTiming: OnBootPhase_200_com.android.server.webkit.WebViewUpdateService
08-26 18:03:15.037 1146 1146 D SystemServerTiming: OnBootPhase_200_com.android.server.webkit.WebViewUpdateService took to complete: 0ms
08-26 18:03:15.037 1146 1146 I SystemServerTiming: OnBootPhase_200_com.android.server.CachedDeviceStateService
08-26 18:03:15.037 1146 1146 D SystemServerTiming: OnBootPhase_200_com.android.server.CachedDeviceStateService took to complete: 1ms
08-26 18:03:15.037 1146 1146 I SystemServerTiming: OnBootPhase_200_com.android.server.BinderCallsStatsService$LifeCycle
08-26 18:03:15.038 1146 1146 D SystemServerTiming: OnBootPhase_200_com.android.server.BinderCallsStatsService$LifeCycle took to complete: 0ms
08-26 18:03:15.038 1146 1146 I SystemServerTiming: OnBootPhase_200_com.android.server.LooperStatsService$Lifecycle
08-26 18:03:15.038 1146 1146 D SystemServerTiming: OnBootPhase_200_com.android.server.LooperStatsService$Lifecycle took to complete: 0ms
08-26 18:03:15.038 1146 1146 I SystemServerTiming: OnBootPhase_200_com.android.server.rollback.RollbackManagerService
08-26 18:03:15.038 1146 1146 D SystemServerTiming: OnBootPhase_200_com.android.server.rollback.RollbackManagerService took to complete: 0ms
08-26 18:03:15.038 1146 1146 I SystemServerTiming: OnBootPhase_200_com.android.server.os.NativeTombstoneManagerService
08-26 18:03:15.038 1146 1146 D SystemServerTiming: OnBootPhase_200_com.android.server.os.NativeTombstoneManagerService took to complete: 0ms
08-26 18:03:15.038 1146 1146 I SystemServerTiming: OnBootPhase_200_com.android.server.os.BugreportManagerService
08-26 18:03:15.038 1146 1146 D SystemServerTiming: OnBootPhase_200_com.android.server.os.BugreportManagerService took to complete: 0ms
08-26 18:03:15.038 1146 1146 I SystemServerTiming: OnBootPhase_200_com.android.server.gpu.GpuService
08-26 18:03:15.038 1146 1146 D SystemServerTiming: OnBootPhase_200_com.android.server.gpu.GpuService took to complete: 0ms
08-26 18:03:15.038 1146 1146 I SystemServerTiming: OnBootPhase_200_com.android.server.security.KeyChainSystemService
08-26 18:03:15.038 1146 1146 D SystemServerTiming: OnBootPhase_200_com.android.server.security.KeyChainSystemService took to complete: 0ms
08-26 18:03:15.039 1146 1146 I SystemServerTiming: OnBootPhase_200_com.android.server.telecom.TelecomLoaderService
08-26 18:03:15.039 1146 1146 D SystemServerTiming: OnBootPhase_200_com.android.server.telecom.TelecomLoaderService took to complete: 0ms
08-26 18:03:15.039 1146 1146 I SystemServerTiming: OnBootPhase_200_com.android.server.accounts.AccountManagerService$Lifecycle
08-26 18:03:15.039 1146 1146 D SystemServerTiming: OnBootPhase_200_com.android.server.accounts.AccountManagerService$Lifecycle took to complete: 0ms
08-26 18:03:15.039 1146 1146 I SystemServerTiming: OnBootPhase_200_com.android.server.content.ContentService$Lifecycle
08-26 18:03:15.039 1146 1146 D SystemServerTiming: OnBootPhase_200_com.android.server.content.ContentService$Lifecycle took to complete: 0ms
08-26 18:03:15.039 1146 1146 I SystemServerTiming: OnBootPhase_200_com.android.server.DropBoxManagerService
08-26 18:03:15.039 1146 1146 D SystemServerTiming: OnBootPhase_200_com.android.server.DropBoxManagerService took to complete: 0ms
08-26 18:03:15.039 1146 1146 I SystemServerTiming: OnBootPhase_200_com.android.role.RoleService
08-26 18:03:15.039 1146 1146 D SystemServerTiming: OnBootPhase_200_com.android.role.RoleService took to complete: 0ms
08-26 18:03:15.039 1146 1146 I SystemServerTiming: OnBootPhase_200_com.android.server.vibrator.VibratorManagerService$Lifecycle
08-26 18:03:15.039 1146 1146 D SystemServerTiming: OnBootPhase_200_com.android.server.vibrator.VibratorManagerService$Lifecycle took to complete: 0ms
08-26 18:03:15.039 1146 1146 I SystemServerTiming: OnBootPhase_200_com.android.server.alarm.AlarmManagerService
08-26 18:03:15.046 1146 1146 D SystemServerTiming: OnBootPhase_200_com.android.server.alarm.AlarmManagerService took to complete: 6ms
08-26 18:03:15.047 1146 1146 I SystemServerTiming: OnBootPhase_200_com.android.server.devicestate.DeviceStateManagerService
08-26 18:03:15.047 1146 1146 D SystemServerTiming: OnBootPhase_200_com.android.server.devicestate.DeviceStateManagerService took to complete: 0ms
08-26 18:03:15.047 1146 1146 I SystemServerTiming: OnBootPhase_200_com.android.server.camera.CameraServiceProxy
08-26 18:03:15.047 1146 1146 D SystemServerTiming: OnBootPhase_200_com.android.server.camera.CameraServiceProxy took to complete: 0ms
08-26 18:03:15.047 1146 1146 D SystemServerTiming: OnBootPhase_200 took to complete: 13ms
08-26 18:03:15.048 1146 1146 I WindowManager: No existing display settings, starting empty
08-26 18:03:15.049 1146 1146 I WindowManager: No existing display settings, starting empty
08-26 18:03:15.068 1146 1146 D SystemServerTiming: StartWindowManagerService took to complete: 35ms
08-26 18:03:15.068 1146 1146 I SystemServerTiming: SetWindowManagerService
08-26 18:03:15.123 1146 1839 D SystemServerTimingAsync: AppDataPrepare took to complete: 825ms
08-26 18:03:15.124 1146 1839 I PackageManager: Deferred reconcileAppsData finished 110 packages
08-26 18:03:15.124 1146 1839 D SystemServerInitThreadPool: Finished executing prepareAppData
08-26 18:03:15.124 1146 1839 D SystemServerTimingAsync: InitThreadPoolExec:prepareAppData took to complete: 838ms
08-26 18:03:15.126 1146 1146 I ActivityTaskManager: Loaded persisted task ids for user 0
08-26 18:03:15.128 1146 1146 D SystemServerTiming: SetWindowManagerService took to complete: 60ms
08-26 18:03:15.128 1146 1146 I SystemServerTiming: WindowManagerServiceOnInitReady
08-26 18:03:15.149 1146 1146 D SystemServerTiming: WindowManagerServiceOnInitReady took to complete: 21ms
08-26 18:03:15.150 1146 1146 I SystemServerTiming: StartInputManager
08-26 18:03:15.150 1146 1146 I InputManager: Starting input manager
08-26 18:03:15.153 1146 1146 D SystemServerTiming: StartInputManager took to complete: 3ms
08-26 18:03:15.153 1146 1146 I SystemServerTiming: DisplayManagerWindowManagerAndInputReady
08-26 18:03:15.154 1146 1146 D SystemServerTiming: DisplayManagerWindowManagerAndInputReady took to complete: 1ms
08-26 18:03:15.154 1146 1731 I LogicalDisplayMapper: Requesting Transition to state: 0
08-26 18:03:15.154 1146 1146 I SystemServerTiming: StartBluetoothService
08-26 18:03:15.154 1146 1146 I SystemServiceManager: Starting com.android.server.BluetoothService
08-26 18:03:15.155 1146 1731 I LogicalDisplayMapper: Applying layout: [{addr: {port=129, model=0x40446d3026322d}, dispId: 0(ON)}], Previous layout: [{addr: {port=129, model=0x40446d3026322d}, dispId: 0(ON)}]
08-26 18:03:15.156 1146 1146 D BluetoothManagerService: Loading stored name and address
08-26 18:03:15.157 1146 1146 D BluetoothManagerService: Stored bluetooth Name=null,Address=null
08-26 18:03:15.157 1146 1146 D BluetoothManagerService: Bluetooth persisted state: 1
08-26 18:03:15.157 1146 1146 D BluetoothManagerService: Startup: Bluetooth persisted state is ON.
08-26 18:03:15.157 1146 1146 D BluetoothManagerService: Detected SystemUiUid: 10087
08-26 18:03:15.157 1146 1146 D SystemServerTiming: StartBluetoothService took to complete: 3ms
08-26 18:03:15.157 1146 1146 I SystemServerTiming: IpConnectivityMetrics
08-26 18:03:15.157 1146 1146 I SystemServiceManager: Starting com.android.server.connectivity.IpConnectivityMetrics
08-26 18:03:15.158 1146 1146 D SystemServerTiming: IpConnectivityMetrics took to complete: 1ms
08-26 18:03:15.158 1146 1146 I SystemServerTiming: NetworkWatchlistService
08-26 18:03:15.158 1146 1146 I SystemServiceManager: Starting com.android.server.net.watchlist.NetworkWatchlistService$Lifecycle
08-26 18:03:15.159 1146 1877 I SystemServerTimingAsync: InitThreadPoolExec:StartHidlServices
08-26 18:03:15.159 1146 1877 D SystemServerInitThreadPool: Started executing StartHidlServices
08-26 18:03:15.159 1146 1877 I SystemServerTimingAsync: StartHidlServices
08-26 18:03:15.172 1146 1882 I WatchlistLoggingHandler: Start aggregating watchlist records.
08-26 18:03:15.175 1146 1146 D SystemServerTiming: NetworkWatchlistService took to complete: 17ms
08-26 18:03:15.175 1146 1146 I SystemServerTiming: PinnerService
08-26 18:03:15.175 1146 1146 I SystemServiceManager: Starting com.android.server.PinnerService
08-26 18:03:15.175 1146 1877 D SystemServerTimingAsync: StartHidlServices took to complete: 16ms
08-26 18:03:15.175 1146 1877 D SystemServerInitThreadPool: Finished executing StartHidlServices
08-26 18:03:15.175 1146 1146 V HistoricalRegistry: Interaction before persistence initialized
08-26 18:03:15.176 1146 1877 D SystemServerTimingAsync: InitThreadPoolExec:StartHidlServices took to complete: 17ms
08-26 18:03:15.177 1146 1146 D SystemServerTiming: PinnerService took to complete: 2ms
08-26 18:03:15.177 1146 1146 I SystemServerTiming: IorapForwardingService
08-26 18:03:15.177 1146 1146 I SystemServiceManager: Starting com.google.android.startop.iorap.IorapForwardingService
08-26 18:03:15.178 1146 1748 D PinnerService: pinRangeStream: null
08-26 18:03:15.178 1146 1146 D SystemServerTiming: IorapForwardingService took to complete: 1ms
08-26 18:03:15.178 1146 1146 I SystemServiceManager: Starting com.android.server.ActivityTriggerService
08-26 18:03:15.178 1146 1146 I ActivityTriggerService: Starting ActivityTriggerService
08-26 18:03:15.210 1146 1748 D PinnerService: pinRangeStream: null
08-26 18:03:15.211 1146 1748 D PinnerService: pinRangeStream: null
08-26 18:03:15.211 1146 1748 D PinnerService: pinRangeStream: null
08-26 18:03:15.211 1146 1146 I SystemServerTiming: SignedConfigService
08-26 18:03:15.212 1146 1146 D SystemServerTiming: SignedConfigService took to complete: 0ms
08-26 18:03:15.212 1146 1146 I SystemServerTiming: AppIntegrityService
08-26 18:03:15.212 1146 1146 I SystemServiceManager: Starting com.android.server.integrity.AppIntegrityManagerService
08-26 18:03:15.222 1146 1146 D SystemServerTiming: AppIntegrityService took to complete: 10ms
08-26 18:03:15.256 1146 1146 I WindowManager: SAFE MODE not enabled
08-26 18:03:15.256 1146 1146 I SystemServerTiming: StartInputMethodManagerLifecycle
08-26 18:03:15.256 1146 1146 I SystemServiceManager: Starting com.android.server.inputmethod.InputMethodManagerService$Lifecycle
08-26 18:03:15.269 1146 1146 D SystemServerTiming: StartInputMethodManagerLifecycle took to complete: 13ms
08-26 18:03:15.269 1146 1146 I SystemServerTiming: StartAccessibilityManagerService
08-26 18:03:15.270 1146 1146 I SystemServiceManager: Starting com.android.server.accessibility.AccessibilityManagerService$Lifecycle
08-26 18:03:15.301 1146 1146 D SystemServerTiming: StartAccessibilityManagerService took to complete: 31ms
08-26 18:03:15.301 1146 1146 I SystemServerTiming: MakeDisplayReady
08-26 18:03:15.311 1146 1146 I ActivityTaskManager: Config changes=20005df8 {1.0 ?mcc?mnc [zh_CN] ldltr sw680dp w1586dp h608dp 240dpi lrg long land ?uimode ?night -touch -keyb/h/h -nav/h winConfig={ mBounds=Rect(0, 0 - 2380, 1020) mAppBounds=Rect(0, 0 - 2380, 948) mMaxBounds=Rect(0, 0 - 2380, 1020) mWindowingMode=fullscreen mDisplayWindowingMode=fullscreen mActivityType=undefined mAlwaysOnTop=undefined mRotation=ROTATION_0} s.2 ?fontWeightAdjustment}
08-26 18:03:15.312 1146 1146 I WindowManager: Override config changes=60007dfc {1.0 ?mcc?mnc [zh_CN] ldltr sw680dp w1586dp h608dp 240dpi lrg long land ?uimode ?night -touch -keyb/h/h -nav/h winConfig={ mBounds=Rect(0, 0 - 2380, 1020) mAppBounds=Rect(0, 0 - 2380, 948) mMaxBounds=Rect(0, 0 - 2380, 1020) mWindowingMode=fullscreen mDisplayWindowingMode=fullscreen mActivityType=undefined mAlwaysOnTop=undefined mRotation=ROTATION_0} s.2 ?fontWeightAdjustment} for displayId=0
08-26 18:03:15.319 1146 1146 I ActivityTaskManager: Config changes=8 {1.0 ?mcc?mnc [zh_CN] ldltr sw680dp w1586dp h608dp 240dpi lrg long land ?uimode ?night finger -keyb/h/h -nav/h winConfig={ mBounds=Rect(0, 0 - 2380, 1020) mAppBounds=Rect(0, 0 - 2380, 948) mMaxBounds=Rect(0, 0 - 2380, 1020) mWindowingMode=fullscreen mDisplayWindowingMode=fullscreen mActivityType=undefined mAlwaysOnTop=undefined mRotation=ROTATION_0} s.4 ?fontWeightAdjustment}
08-26 18:03:15.320 1146 1146 I WindowManager: Override config changes=8 {1.0 ?mcc?mnc [zh_CN] ldltr sw680dp w1586dp h608dp 240dpi lrg long land ?uimode ?night finger -keyb/h/h -nav/h winConfig={ mBounds=Rect(0, 0 - 2380, 1020) mAppBounds=Rect(0, 0 - 2380, 948) mMaxBounds=Rect(0, 0 - 2380, 1020) mWindowingMode=fullscreen mDisplayWindowingMode=fullscreen mActivityType=undefined mAlwaysOnTop=undefined mRotation=ROTATION_0} s.4 ?fontWeightAdjustment} for displayId=0
08-26 18:03:15.323 1146 1146 D SystemServerTiming: MakeDisplayReady took to complete: 21ms
08-26 18:03:15.323 1146 1146 I SystemServerTiming: StartStorageManagerService
08-26 18:03:15.323 1146 1146 I SystemServiceManager: Starting com.android.server.StorageManagerService$Lifecycle
08-26 18:03:15.334 1146 1748 D PinnerService: pinRangeStream: null
08-26 18:03:15.335 1146 1748 D PinnerService: pinRangeStream: null
08-26 18:03:15.339 1146 1892 D StorageManagerService: Thinking about init, mBootCompleted=false, mDaemonConnected=true
08-26 18:03:15.339 1146 1892 D StorageManagerService: Thinking about reset, mBootCompleted=false, mDaemonConnected=true
08-26 18:03:15.340 1146 1748 D PinnerService: pinRangeStream: null
08-26 18:03:15.340 1146 1146 D StorageManagerService: CE storage for users [0] is already unlocked
08-26 18:03:15.341 1146 1892 D StorageManagerService: Thinking about init, mBootCompleted=false, mDaemonConnected=true
08-26 18:03:15.341 1146 1892 D StorageManagerService: Thinking about reset, mBootCompleted=false, mDaemonConnected=true
08-26 18:03:15.342 1146 1146 D SystemServerTiming: StartStorageManagerService took to complete: 19ms
08-26 18:03:15.342 1146 1146 I SystemServerTiming: StartStorageStatsService
08-26 18:03:15.342 1146 1146 I SystemServiceManager: Starting com.android.server.usage.StorageStatsService$Lifecycle
