01-01 10:39:43.160 0 0 I init : Created socket '/dev/socket/qvrservice_vndr_camera', mode 660, user 1000, group 1000
01-01 10:39:43.185 0 0 I init : starting service 'sxrd'...
01-01 10:39:43.201 0 0 I init : starting service 'vendor.light-hal-2-0'...
08-26 20:00:44.553 9709 9709 F linker : CANNOT LINK EXECUTABLE "/vendor/bin/hw/qvrservice": library "vendor.qti.hardware.qxr-V1-ndk_platform.so" not found: needed by /vendor/lib64/libqvrservice.so in namespace (default)
01-01 10:39:43.222 0 0 I init : Service 'qvrd_vndr' (pid 9709) exited with status 1
01-01 10:39:43.228 0 0 I init : Sending signal 9 to service 'qvrd_vndr' (pid 9709) process group...
01-01 10:39:43.237 0 0 I libprocessgroup: Successfully killed process cgroup uid 1000 pid 9709 in 0ms
08-26 20:00:44.585 9710 9710 F linker : CANNOT LINK EXECUTABLE "/vendor/bin/hw/sxrservice": library "vendor.qti.hardware.qxr-V1-ndk_platform.so" not found: needed by main executable
01-01 10:39:43.247 0 0 I init : Service 'sxrd' (pid 9710) exited with status 1
01-01 10:39:43.253 0 0 I init : Sending signal 9 to service 'sxrd' (pid 9710) process group...
01-01 10:39:44.177 0 0 D : mv2112_read_status
01-01 10:39:44.181 0 0 D mv2112_update_link: 3.0x901(1G): 0x80
01-01 10:39:44.187 0 0 D mv2112_update_link: 3.0x8109(100M): 0x0
01-01 10:39:44.193 0 0 D mv2112_update_link: link 0x0
01-01 10:39:44.197 0 0 D mv2112_read_status: autoneg is disabled
01-01 10:39:45.201 0 0 D : mv2112_read_status
01-01 10:39:45.205 0 0 D mv2112_update_link: 3.0x901(1G): 0x80
01-01 10:39:45.211 0 0 D mv2112_update_link: 3.0x8109(100M): 0x0
01-01 10:39:45.216 0 0 D mv2112_update_link: link 0x0
01-01 10:39:45.220 0 0 D mv2112_read_status: autoneg is disabled
01-01 10:39:46.225 0 0 D : mv2112_read_status
01-01 10:39:46.229 0 0 D mv2112_update_link: 3.0x901(1G): 0x80
01-01 10:39:46.234 0 0 D mv2112_update_link: 3.0x8109(100M): 0x0
01-01 10:39:46.239 0 0 D mv2112_update_link: link 0x0
01-01 10:39:46.244 0 0 D mv2112_read_status: autoneg is disabled
01-01 10:39:47.249 0 0 D : mv2112_read_status
01-01 10:39:47.253 0 0 D mv2112_update_link: 3.0x901(1G): 0x80
01-01 10:39:47.258 0 0 D mv2112_update_link: 3.0x8109(100M): 0x0
01-01 10:39:47.264 0 0 D mv2112_update_link: link 0x0
01-01 10:39:47.268 0 0 D mv2112_read_status: autoneg is disabled
01-01 10:39:48.185 0 0 I init : starting service 'qvrd_vndr'...
01-01 10:39:48.191 0 0 I init : Created socket '/dev/socket/qvrservice_vndr', mode 660, user 1000, group 1000
01-01 10:39:48.201 0 0 I init : Created socket '/dev/socket/qvrservice_vndr_camera', mode 660, user 1000, group 1000
01-01 10:39:48.229 0 0 I init : starting service 'sxrd'...
01-01 10:39:48.247 0 0 I init : starting service 'vendor.light-hal-2-0'...
08-26 20:00:49.626 9713 9713 F linker : CANNOT LINK EXECUTABLE "/vendor/bin/hw/sxrservice": library "vendor.qti.hardware.qxr-V1-ndk_platform.so" not found: needed by main executable
01-01 10:39:48.273 0 0 D : mv2112_read_status
08-26 20:00:49.627 9712 9712 F linker : CANNOT LINK EXECUTABLE "/vendor/bin/hw/qvrservice": library "vendor.qti.hardware.qxr-V1-ndk_platform.so" not found: needed by /vendor/lib64/libqvrservice.so in namespace (default)
01-01 10:39:48.276 0 0 D mv2112_update_link: 3.0x901(1G): 0x80
01-01 10:39:48.281 0 0 I init : Service 'sxrd' (pid 9713) exited with status 1
01-01 10:39:48.282 0 0 D mv2112_update_link: 3.0x8109(100M): 0x0
01-01 10:39:48.288 0 0 I init : Sending signal 9 to service 'sxrd' (pid 9713) process group...
01-01 10:39:48.301 0 0 I libprocessgroup: Successfully killed process cgroup uid 1000 pid 9713 in 0ms
01-01 10:39:48.301 0 0 D mv2112_update_link: link 0x0
01-01 10:39:48.312 0 0 I init : Service 'qvrd_vndr' (pid 9712) exited with status 1
01-01 10:39:48.313 0 0 D mv2112_read_status: autoneg is disabled
01-01 10:39:48.320 0 0 I init : Sending signal 9 to service 'qvrd_vndr' (pid 9712) process group...
01-01 10:39:49.361 0 0 D : mv2112_read_status
01-01 10:39:49.365 0 0 D mv2112_update_link: 3.0x901(1G): 0x80
01-01 10:39:49.370 0 0 D mv2112_update_link: 3.0x8109(100M): 0x0
01-01 10:39:49.375 0 0 D mv2112_update_link: link 0x0
01-01 10:39:49.379 0 0 D mv2112_read_status: autoneg is disabled
01-01 10:39:50.385 0 0 D : mv2112_read_status
01-01 10:39:50.389 0 0 D mv2112_update_link: 3.0x901(1G): 0x80
01-01 10:39:50.395 0 0 D mv2112_update_link: 3.0x8109(100M): 0x0
01-01 10:39:50.400 0 0 D mv2112_update_link: link 0x0
01-01 10:39:50.404 0 0 D mv2112_read_status: autoneg is disabled
01-01 10:39:51.409 0 0 D : mv2112_read_status
01-01 10:39:51.413 0 0 D mv2112_update_link: 3.0x901(1G): 0x80
01-01 10:39:51.419 0 0 D mv2112_update_link: 3.0x8109(100M): 0x0
01-01 10:39:51.426 0 0 D mv2112_update_link: link 0x0
01-01 10:39:51.435 0 0 D mv2112_read_status: autoneg is disabled
01-01 10:39:52.465 0 0 D : mv2112_read_status
01-01 10:39:52.468 0 0 D mv2112_update_link: 3.0x901(1G): 0x80
01-01 10:39:52.474 0 0 D mv2112_update_link: 3.0x8109(100M): 0x0
01-01 10:39:52.492 0 0 D mv2112_update_link: link 0x0
01-01 10:39:52.496 0 0 D mv2112_read_status: autoneg is disabled
01-01 10:39:53.229 0 0 I init : starting service 'qvrd_vndr'...
01-01 10:39:53.235 0 0 I init : Created socket '/dev/socket/qvrservice_vndr', mode 660, user 1000, group 1000
01-01 10:39:53.246 0 0 I init : Created socket '/dev/socket/qvrservice_vndr_camera', mode 660, user 1000, group 1000
01-01 10:39:53.272 0 0 I init : starting service 'sxrd'...
01-01 10:39:53.290 0 0 I init : starting service 'vendor.light-hal-2-0'...
08-26 20:00:54.667 9716 9716 F linker : CANNOT LINK EXECUTABLE "/vendor/bin/hw/sxrservice": library "vendor.qti.hardware.qxr-V1-ndk_platform.so" not found: needed by main executable
08-26 20:00:54.669 9715 9715 F linker : CANNOT LINK EXECUTABLE "/vendor/bin/hw/qvrservice": library "vendor.qti.hardware.qxr-V1-ndk_platform.so" not found: needed by /vendor/lib64/libqvrservice.so in namespace (default)
01-01 10:39:53.323 0 0 I init : Service 'sxrd' (pid 9716) exited with status 1
01-01 10:39:53.329 0 0 I init : Sending signal 9 to service 'sxrd' (pid 9716) process group...
01-01 10:39:53.337 0 0 I libprocessgroup: Successfully killed process cgroup uid 1000 pid 9716 in 0ms
01-01 10:39:53.347 0 0 I init : Service 'qvrd_vndr' (pid 9715) exited with status 1
01-01 10:39:53.354 0 0 I init : Sending signal 9 to service 'qvrd_vndr' (pid 9715) process group...
01-01 10:39:53.521 0 0 D : mv2112_read_status
01-01 10:39:53.525 0 0 D mv2112_update_link: 3.0x901(1G): 0x80
01-01 10:39:53.530 0 0 D mv2112_update_link: 3.0x8109(100M): 0x0
01-01 10:39:53.536 0 0 D mv2112_update_link: link 0x0
01-01 10:39:53.540 0 0 D mv2112_read_status: autoneg is disabled
01-01 10:39:54.545 0 0 D : mv2112_read_status
01-01 10:39:54.548 0 0 D mv2112_update_link: 3.0x901(1G): 0x80
01-01 10:39:54.555 0 0 D mv2112_update_link: 3.0x8109(100M): 0x0
01-01 10:39:54.560 0 0 D mv2112_update_link: link 0x0
01-01 10:39:54.565 0 0 D mv2112_read_status: autoneg is disabled
01-01 10:39:55.569 0 0 D : mv2112_read_status
01-01 10:39:55.573 0 0 D mv2112_update_link: 3.0x901(1G): 0x80
01-01 10:39:55.578 0 0 D mv2112_update_link: 3.0x8109(100M): 0x0
01-01 10:39:55.597 0 0 D mv2112_update_link: link 0x0
01-01 10:39:55.601 0 0 D mv2112_read_status: autoneg is disabled
01-01 10:39:56.631 0 0 D : mv2112_read_status
01-01 10:39:56.635 0 0 D mv2112_update_link: 3.0x901(1G): 0x80
01-01 10:39:56.641 0 0 D mv2112_update_link: 3.0x8109(100M): 0x0
01-01 10:39:56.646 0 0 D mv2112_update_link: link 0x0
01-01 10:39:56.650 0 0 D mv2112_read_status: autoneg is disabled
01-01 10:39:57.681 0 0 D : mv2112_read_status
01-01 10:39:57.684 0 0 D mv2112_update_link: 3.0x901(1G): 0x80
01-01 10:39:57.690 0 0 D mv2112_update_link: 3.0x8109(100M): 0x0
01-01 10:39:57.695 0 0 D mv2112_update_link: link 0x0
01-01 10:39:57.699 0 0 D mv2112_read_status: autoneg is disabled
01-01 10:39:58.272 0 0 I init : starting service 'qvrd_vndr'...
01-01 10:39:58.279 0 0 I init : Created socket '/dev/socket/qvrservice_vndr', mode 660, user 1000, group 1000
01-01 10:39:58.289 0 0 I init : Created socket '/dev/socket/qvrservice_vndr_camera', mode 660, user 1000, group 1000
01-01 10:39:58.321 0 0 I init : starting service 'sxrd'...
01-01 10:39:58.341 0 0 I init : starting service 'vendor.light-hal-2-0'...
08-26 20:00:59.709 9719 9719 F linker : CANNOT LINK EXECUTABLE "/vendor/bin/hw/qvrservice": library "vendor.qti.hardware.qxr-V1-ndk_platform.so" not found: needed by /vendor/lib64/libqvrservice.so in namespace (default)
08-26 20:00:59.712 9720 9720 F linker : CANNOT LINK EXECUTABLE "/vendor/bin/hw/sxrservice": library "vendor.qti.hardware.qxr-V1-ndk_platform.so" not found: needed by main executable
01-01 10:39:58.366 0 0 I init : Service 'qvrd_vndr' (pid 9719) exited with status 1
01-01 10:39:58.372 0 0 I init : Sending signal 9 to service 'qvrd_vndr' (pid 9719) process group...
01-01 10:39:58.381 0 0 I libprocessgroup: Successfully killed process cgroup uid 1000 pid 9719 in 0ms
01-01 10:39:58.391 0 0 I init : Service 'sxrd' (pid 9720) exited with status 1
01-01 10:39:58.397 0 0 I init : Sending signal 9 to service 'sxrd' (pid 9720) process group...
01-01 10:39:58.705 0 0 D : mv2112_read_status
01-01 10:39:58.708 0 0 D mv2112_update_link: 3.0x901(1G): 0x80
01-01 10:39:58.714 0 0 D mv2112_update_link: 3.0x8109(100M): 0x0
01-01 10:39:58.725 0 0 D mv2112_update_link: link 0x0
01-01 10:39:58.729 0 0 D mv2112_read_status: autoneg is disabled
01-01 10:39:59.761 0 0 D : mv2112_read_status
01-01 10:39:59.764 0 0 D mv2112_update_link: 3.0x901(1G): 0x80
01-01 10:39:59.770 0 0 D mv2112_update_link: 3.0x8109(100M): 0x0
01-01 10:39:59.776 0 0 D mv2112_update_link: link 0x0
01-01 10:39:59.781 0 0 D mv2112_read_status: autoneg is disabled
01-01 10:40:00.785 0 0 D : mv2112_read_status
01-01 10:40:00.788 0 0 D mv2112_update_link: 3.0x901(1G): 0x80
01-01 10:40:00.794 0 0 D mv2112_update_link: 3.0x8109(100M): 0x0
01-01 10:40:00.799 0 0 D mv2112_update_link: link 0x0
01-01 10:40:00.803 0 0 D mv2112_read_status: autoneg is disabled
01-01 10:40:01.809 0 0 D : mv2112_read_status
01-01 10:40:01.813 0 0 D mv2112_update_link: 3.0x901(1G): 0x80
01-01 10:40:01.819 0 0 D mv2112_update_link: 3.0x8109(100M): 0x0
01-01 10:40:01.824 0 0 D mv2112_update_link: link 0x0
01-01 10:40:01.828 0 0 D mv2112_read_status: autoneg is disabled
01-01 10:40:02.833 0 0 D : mv2112_read_status
01-01 10:40:02.837 0 0 D mv2112_update_link: 3.0x901(1G): 0x80
01-01 10:40:02.842 0 0 D mv2112_update_link: 3.0x8109(100M): 0x0
01-01 10:40:02.847 0 0 D mv2112_update_link: link 0x0
01-01 10:40:02.852 0 0 D mv2112_read_status: autoneg is disabled
01-01 10:40:03.314 0 0 I init : starting service 'qvrd_vndr'...
01-01 10:40:03.321 0 0 I init : Created socket '/dev/socket/qvrservice_vndr', mode 660, user 1000, group 1000
01-01 10:40:03.331 0 0 I init : Created socket '/dev/socket/qvrservice_vndr_camera', mode 660, user 1000, group 1000
01-01 10:40:03.356 0 0 I init : starting service 'sxrd'...
01-01 10:40:03.375 0 0 I init : starting service 'vendor.light-hal-2-0'...
08-26 20:01:04.734 9722 9722 F linker : CANNOT LINK EXECUTABLE "/vendor/bin/hw/qvrservice": library "vendor.qti.hardware.qxr-V1-ndk_platform.so" not found: needed by /vendor/lib64/libqvrservice.so in namespace (default)
01-01 10:40:03.394 0 0 I init : Service 'qvrd_vndr' (pid 9722) exited with status 1
01-01 10:40:03.400 0 0 I init : Sending signal 9 to service 'qvrd_vndr' (pid 9722) process group...
01-01 10:40:03.409 0 0 I libprocessgroup: Successfully killed process cgroup uid 1000 pid 9722 in 0ms
08-26 20:01:04.763 9723 9723 F linker : CANNOT LINK EXECUTABLE "/vendor/bin/hw/sxrservice": library "vendor.qti.hardware.qxr-V1-ndk_platform.so" not found: needed by main executable
01-01 10:40:03.419 0 0 I init : Service 'sxrd' (pid 9723) exited with status 1
01-01 10:40:03.425 0 0 I init : Sending signal 9 to service 'sxrd' (pid 9723) process group...
01-01 10:40:03.857 0 0 D : mv2112_read_status
01-01 10:40:03.861 0 0 D mv2112_update_link: 3.0x901(1G): 0x80
01-01 10:40:03.867 0 0 D mv2112_update_link: 3.0x8109(100M): 0x0
01-01 10:40:03.874 0 0 D mv2112_update_link: link 0x0
01-01 10:40:03.878 0 0 D mv2112_read_status: autoneg is disabled
01-01 10:40:04.881 0 0 D : mv2112_read_status
01-01 10:40:04.885 0 0 D mv2112_update_link: 3.0x901(1G): 0x80
01-01 10:40:04.890 0 0 D mv2112_update_link: 3.0x8109(100M): 0x0
01-01 10:40:04.895 0 0 D mv2112_update_link: link 0x0
01-01 10:40:04.899 0 0 D mv2112_read_status: autoneg is disabled
01-01 10:40:05.905 0 0 D : mv2112_read_status
01-01 10:40:05.909 0 0 D mv2112_update_link: 3.0x901(1G): 0x80
01-01 10:40:05.914 0 0 D mv2112_update_link: 3.0x8109(100M): 0x0
01-01 10:40:05.919 0 0 D mv2112_update_link: link 0x0
01-01 10:40:05.924 0 0 D mv2112_read_status: autoneg is disabled
01-01 10:40:06.929 0 0 D : mv2112_read_status
01-01 10:40:06.933 0 0 D mv2112_update_link: 3.0x901(1G): 0x80
01-01 10:40:06.949 0 0 D mv2112_update_link: 3.0x8109(100M): 0x0
01-01 10:40:06.961 0 0 D mv2112_update_link: link 0x0
01-01 10:40:06.965 0 0 D mv2112_read_status: autoneg is disabled
01-01 10:40:07.985 0 0 D : mv2112_read_status
01-01 10:40:07.989 0 0 D mv2112_update_link: 3.0x901(1G): 0x80
01-01 10:40:07.995 0 0 D mv2112_update_link: 3.0x8109(100M): 0x0
01-01 10:40:08.001 0 0 D mv2112_update_link: link 0x0
01-01 10:40:08.006 0 0 D mv2112_read_status: autoneg is disabled
01-01 10:40:08.356 0 0 I init : starting service 'qvrd_vndr'...
01-01 10:40:08.363 0 0 I init : Created socket '/dev/socket/qvrservice_vndr', mode 660, user 1000, group 1000
01-01 10:40:08.374 0 0 I init : Created socket '/dev/socket/qvrservice_vndr_camera', mode 660, user 1000, group 1000
01-01 10:40:08.399 0 0 I init : starting service 'sxrd'...
01-01 10:40:08.416 0 0 I init : starting service 'vendor.light-hal-2-0'...
08-26 20:01:09.774 9726 9726 F linker : CANNOT LINK EXECUTABLE "/vendor/bin/hw/qvrservice": library "vendor.qti.hardware.qxr-V1-ndk_platform.so" not found: needed by /vendor/lib64/libqvrservice.so in namespace (default)
08-26 20:01:09.787 9727 9727 F linker : CANNOT LINK EXECUTABLE "/vendor/bin/hw/sxrservice": library "vendor.qti.hardware.qxr-V1-ndk_platform.so" not found: needed by main executable
01-01 10:40:08.436 0 0 I init : Service 'qvrd_vndr' (pid 9726) exited with status 1
01-01 10:40:08.443 0 0 I init : Sending signal 9 to service 'qvrd_vndr' (pid 9726) process group...
01-01 10:40:08.451 0 0 I libprocessgroup: Successfully killed process cgroup uid 1000 pid 9726 in 0ms
01-01 10:40:08.461 0 0 I init : Service 'sxrd' (pid 9727) exited with status 1
01-01 10:40:08.467 0 0 I init : Sending signal 9 to service 'sxrd' (pid 9727) process group...
01-01 10:40:09.009 0 0 D : mv2112_read_status
01-01 10:40:09.013 0 0 D mv2112_update_link: 3.0x901(1G): 0x80
01-01 10:40:09.018 0 0 D mv2112_update_link: 3.0x8109(100M): 0x0
01-01 10:40:09.024 0 0 D mv2112_update_link: link 0x0
01-01 10:40:09.029 0 0 D mv2112_read_status: autoneg is disabled
01-01 10:40:10.033 0 0 D : mv2112_read_status
01-01 10:40:10.037 0 0 D mv2112_update_link: 3.0x901(1G): 0x80
01-01 10:40:10.044 0 0 D mv2112_update_link: 3.0x8109(100M): 0x0
01-01 10:40:10.049 0 0 D mv2112_update_link: link 0x0
01-01 10:40:10.053 0 0 D mv2112_read_status: autoneg is disabled
01-01 10:40:11.057 0 0 D : mv2112_read_status
01-01 10:40:11.061 0 0 D mv2112_update_link: 3.0x901(1G): 0x80
01-01 10:40:11.066 0 0 D mv2112_update_link: 3.0x8109(100M): 0x0
01-01 10:40:11.072 0 0 D mv2112_update_link: link 0x0
01-01 10:40:11.076 0 0 D mv2112_read_status: autoneg is disabled
01-01 10:40:12.081 0 0 D : mv2112_read_status
01-01 10:40:12.085 0 0 D mv2112_update_link: 3.0x901(1G): 0x80
01-01 10:40:12.090 0 0 D mv2112_update_link: 3.0x8109(100M): 0x0
01-01 10:40:12.095 0 0 D mv2112_update_link: link 0x0
01-01 10:40:12.099 0 0 D mv2112_read_status: autoneg is disabled
01-01 10:40:13.105 0 0 D : mv2112_read_status
01-01 10:40:13.109 0 0 D mv2112_update_link: 3.0x901(1G): 0x80
01-01 10:40:13.115 0 0 D mv2112_update_link: 3.0x8109(100M): 0x0
01-01 10:40:13.121 0 0 D mv2112_update_link: link 0x0
01-01 10:40:13.127 0 0 D mv2112_read_status: autoneg is disabled
01-01 10:40:13.399 0 0 I init : starting service 'qvrd_vndr'...
01-01 10:40:13.405 0 0 I init : Created socket '/dev/socket/qvrservice_vndr', mode 660, user 1000, group 1000
01-01 10:40:13.416 0 0 I init : Created socket '/dev/socket/qvrservice_vndr_camera', mode 660, user 1000, group 1000
01-01 10:40:13.442 0 0 I init : starting service 'sxrd'...
01-01 10:40:13.459 0 0 I init : starting service 'vendor.light-hal-2-0'...
08-26 20:01:14.828 9730 9730 F linker : CANNOT LINK EXECUTABLE "/vendor/bin/hw/sxrservice": library "vendor.qti.hardware.qxr-V1-ndk_platform.so" not found: needed by main executable
08-26 20:01:14.828 9729 9729 F linker : CANNOT LINK EXECUTABLE "/vendor/bin/hw/qvrservice": library "vendor.qti.hardware.qxr-V1-ndk_platform.so" not found: needed by /vendor/lib64/libqvrservice.so in namespace (default)
01-01 10:40:13.483 0 0 I init : Service 'sxrd' (pid 9730) exited with status 1
01-01 10:40:13.489 0 0 I init : Sending signal 9 to service 'sxrd' (pid 9730) process group...
01-01 10:40:13.497 0 0 I libprocessgroup: Successfully killed process cgroup uid 1000 pid 9730 in 0ms
01-01 10:40:13.507 0 0 I init : Service 'qvrd_vndr' (pid 9729) exited with status 1
01-01 10:40:13.514 0 0 I init : Sending signal 9 to service 'qvrd_vndr' (pid 9729) process group...
01-01 10:40:14.161 0 0 D : mv2112_read_status
01-01 10:40:14.165 0 0 D mv2112_update_link: 3.0x901(1G): 0x80
01-01 10:40:14.170 0 0 D mv2112_update_link: 3.0x8109(100M): 0x0
01-01 10:40:14.176 0 0 D mv2112_update_link: link 0x0
01-01 10:40:14.180 0 0 D mv2112_read_status: autoneg is disabled
01-01 10:40:15.185 0 0 D : mv2112_read_status
01-01 10:40:15.189 0 0 D mv2112_update_link: 3.0x901(1G): 0x80
01-01 10:40:15.194 0 0 D mv2112_update_link: 3.0x8109(100M): 0x0
01-01 10:40:15.200 0 0 D mv2112_update_link: link 0x0
01-01 10:40:15.204 0 0 D mv2112_read_status: autoneg is disabled
01-01 10:40:16.209 0 0 D : mv2112_read_status
01-01 10:40:16.212 0 0 D mv2112_update_link: 3.0x901(1G): 0x80
01-01 10:40:16.219 0 0 D mv2112_update_link: 3.0x8109(100M): 0x0
01-01 10:40:16.224 0 0 D mv2112_update_link: link 0x0
01-01 10:40:16.228 0 0 D mv2112_read_status: autoneg is disabled
01-01 10:40:17.233 0 0 D : mv2112_read_status
01-01 10:40:17.237 0 0 D mv2112_update_link: 3.0x901(1G): 0x80
01-01 10:40:17.242 0 0 D mv2112_update_link: 3.0x8109(100M): 0x0
01-01 10:40:17.247 0 0 D mv2112_update_link: link 0x0
01-01 10:40:17.252 0 0 D mv2112_read_status: autoneg is disabled
01-01 10:40:18.257 0 0 D : mv2112_read_status
01-01 10:40:18.261 0 0 D mv2112_update_link: 3.0x901(1G): 0x80
01-01 10:40:18.267 0 0 D mv2112_update_link: 3.0x8109(100M): 0x0
01-01 10:40:18.272 0 0 D mv2112_update_link: link 0x0
01-01 10:40:18.277 0 0 D mv2112_read_status: autoneg is disabled
01-01 10:40:18.440 0 0 I init : starting service 'qvrd_vndr'...
01-01 10:40:18.447 0 0 I init : Created socket '/dev/socket/qvrservice_vndr', mode 660, user 1000, group 1000
01-01 10:40:18.457 0 0 I init : Created socket '/dev/socket/qvrservice_vndr_camera', mode 660, user 1000, group 1000
01-01 10:40:18.482 0 0 I init : starting service 'sxrd'...
01-01 10:40:18.498 0 0 I init : starting service 'vendor.light-hal-2-0'...
08-26 20:01:19.868 9732 9732 F linker : CANNOT LINK EXECUTABLE "/vendor/bin/hw/qvrservice": library "vendor.qti.hardware.qxr-V1-ndk_platform.so" not found: needed by /vendor/lib64/libqvrservice.so in namespace (default)
08-26 20:01:19.868 9733 9733 F linker : CANNOT LINK EXECUTABLE "/vendor/bin/hw/sxrservice": library "vendor.qti.hardware.qxr-V1-ndk_platform.so" not found: needed by main executable
01-01 10:40:18.523 0 0 I init : Service 'qvrd_vndr' (pid 9732) exited with status 1
01-01 10:40:18.530 0 0 I init : Sending signal 9 to service 'qvrd_vndr' (pid 9732) process group...
01-01 10:40:18.538 0 0 I libprocessgroup: Successfully killed process cgroup uid 1000 pid 9732 in 0ms
01-01 10:40:18.548 0 0 I init : Service 'sxrd' (pid 9733) exited with status 1
01-01 10:40:18.554 0 0 I init : Sending signal 9 to service 'sxrd' (pid 9733) process group...
01-01 10:40:19.281 0 0 D : mv2112_read_status
01-01 10:40:19.285 0 0 D mv2112_update_link: 3.0x901(1G): 0x80
01-01 10:40:19.291 0 0 D mv2112_update_link: 3.0x8109(100M): 0x0
01-01 10:40:19.296 0 0 D mv2112_update_link: link 0x0
01-01 10:40:19.300 0 0 D mv2112_read_status: autoneg is disabled
01-01 10:40:20.305 0 0 D : mv2112_read_status
01-01 10:40:20.309 0 0 D mv2112_update_link: 3.0x901(1G): 0x80
01-01 10:40:20.314 0 0 D mv2112_update_link: 3.0x8109(100M): 0x0
01-01 10:40:20.320 0 0 D mv2112_update_link: link 0x0
01-01 10:40:20.324 0 0 D mv2112_read_status: autoneg is disabled
01-01 10:40:21.329 0 0 D : mv2112_read_status
01-01 10:40:21.333 0 0 D mv2112_update_link: 3.0x901(1G): 0x80
01-01 10:40:21.338 0 0 D mv2112_update_link: 3.0x8109(100M): 0x0
01-01 10:40:21.344 0 0 D mv2112_update_link: link 0x0
01-01 10:40:21.348 0 0 D mv2112_read_status: autoneg is disabled
01-01 10:40:22.353 0 0 D : mv2112_read_status
01-01 10:40:22.357 0 0 D mv2112_update_link: 3.0x901(1G): 0x80
01-01 10:40:22.362 0 0 D mv2112_update_link: 3.0x8109(100M): 0x0
01-01 10:40:22.368 0 0 D mv2112_update_link: link 0x0
01-01 10:40:22.372 0 0 D mv2112_read_status: autoneg is disabled
01-01 10:40:23.380 0 0 D : mv2112_read_status
01-01 10:40:23.383 0 0 D mv2112_update_link: 3.0x901(1G): 0x80
01-01 10:40:23.389 0 0 D mv2112_update_link: 3.0x8109(100M): 0x0
01-01 10:40:23.394 0 0 D mv2112_update_link: link 0x0
01-01 10:40:23.398 0 0 D mv2112_read_status: autoneg is disabled
01-01 10:40:23.482 0 0 I init : starting service 'qvrd_vndr'...
01-01 10:40:23.488 0 0 I init : Created socket '/dev/socket/qvrservice_vndr', mode 660, user 1000, group 1000
01-01 10:40:23.499 0 0 I init : Created socket '/dev/socket/qvrservice_vndr_camera', mode 660, user 1000, group 1000
01-01 10:40:23.528 0 0 I init : starting service 'sxrd'...
01-01 10:40:23.551 0 0 I init : starting service 'vendor.light-hal-2-0'...
08-26 20:01:24.912 9735 9735 F linker : CANNOT LINK EXECUTABLE "/vendor/bin/hw/qvrservice": library "vendor.qti.hardware.qxr-V1-ndk_platform.so" not found: needed by /vendor/lib64/libqvrservice.so in namespace (default)
01-01 10:40:23.568 0 0 I init : Service 'qvrd_vndr' (pid 9735) exited with status 1
01-01 10:40:23.575 0 0 I init : Sending signal 9 to service 'qvrd_vndr' (pid 9735) process group...
08-26 20:01:24.925 9736 9736 F linker : CANNOT LINK EXECUTABLE "/vendor/bin/hw/sxrservice": library "vendor.qti.hardware.qxr-V1-ndk_platform.so" not found: needed by main executable
01-01 10:40:23.583 0 0 I libprocessgroup: Successfully killed process cgroup uid 1000 pid 9735 in 0ms
01-01 10:40:23.593 0 0 I init : Service 'sxrd' (pid 9736) exited with status 1
01-01 10:40:23.600 0 0 I init : Sending signal 9 to service 'sxrd' (pid 9736) process group...
01-01 10:40:24.401 0 0 D : mv2112_read_status
01-01 10:40:24.404 0 0 D mv2112_update_link: 3.0x901(1G): 0x80
01-01 10:40:24.410 0 0 D mv2112_update_link: 3.0x8109(100M): 0x0
01-01 10:40:24.415 0 0 D mv2112_update_link: link 0x0
01-01 10:40:24.419 0 0 D mv2112_read_status: autoneg is disabled
01-01 10:40:25.425 0 0 D : mv2112_read_status
01-01 10:40:25.429 0 0 D mv2112_update_link: 3.0x901(1G): 0x80
01-01 10:40:25.434 0 0 D mv2112_update_link: 3.0x8109(100M): 0x0
01-01 10:40:25.453 0 0 D mv2112_update_link: link 0x0
01-01 10:40:25.457 0 0 D mv2112_read_status: autoneg is disabled
01-01 10:40:26.481 0 0 D : mv2112_read_status
01-01 10:40:26.484 0 0 D mv2112_update_link: 3.0x901(1G): 0x80
01-01 10:40:26.497 0 0 D mv2112_update_link: 3.0x8109(100M): 0x0
01-01 10:40:26.502 0 0 D mv2112_update_link: link 0x0
01-01 10:40:26.507 0 0 D mv2112_read_status: autoneg is disabled
01-01 10:40:27.537 0 0 D : mv2112_read_status
01-01 10:40:27.540 0 0 D mv2112_update_link: 3.0x901(1G): 0x80
01-01 10:40:27.545 0 0 D mv2112_update_link: 3.0x8109(100M): 0x0
01-01 10:40:27.551 0 0 D mv2112_update_link: link 0x0
01-01 10:40:27.555 0 0 D mv2112_read_status: autoneg is disabled
01-01 10:40:28.528 0 0 I init : starting service 'qvrd_vndr'...
01-01 10:40:28.535 0 0 I init : Created socket '/dev/socket/qvrservice_vndr', mode 660, user 1000, group 1000
01-01 10:40:28.545 0 0 I init : Created socket '/dev/socket/qvrservice_vndr_camera', mode 660, user 1000, group 1000
01-01 10:40:28.561 0 0 D : mv2112_read_status
01-01 10:40:28.565 0 0 D mv2112_update_link: 3.0x901(1G): 0x80
01-01 10:40:28.572 0 0 D mv2112_update_link: 3.0x8109(100M): 0x0
01-01 10:40:28.574 0 0 I init : starting service 'sxrd'...
01-01 10:40:28.578 0 0 D mv2112_update_link: link 0x0
01-01 10:40:28.586 0 0 D mv2112_read_status: autoneg is disabled
01-01 10:40:28.595 0 0 I init : starting service 'vendor.light-hal-2-0'...
08-26 20:01:29.949 9739 9739 F linker : CANNOT LINK EXECUTABLE "/vendor/bin/hw/sxrservice": library "vendor.qti.hardware.qxr-V1-ndk_platform.so" not found: needed by main executable
08-26 20:01:29.967 9738 9738 F linker : CANNOT LINK EXECUTABLE "/vendor/bin/hw/qvrservice": library "vendor.qti.hardware.qxr-V1-ndk_platform.so" not found: needed by /vendor/lib64/libqvrservice.so in namespace (default)
01-01 10:40:28.615 0 0 I init : Service 'sxrd' (pid 9739) exited with status 1
01-01 10:40:28.621 0 0 I init : Sending signal 9 to service 'sxrd' (pid 9739) process group...
01-01 10:40:28.629 0 0 I libprocessgroup: Successfully killed process cgroup uid 1000 pid 9739 in 0ms
01-01 10:40:28.638 0 0 I init : Service 'qvrd_vndr' (pid 9738) exited with status 1
01-01 10:40:28.645 0 0 I init : Sending signal 9 to service 'qvrd_vndr' (pid 9738) process group...
01-01 10:40:29.617 0 0 D : mv2112_read_status
01-01 10:40:29.621 0 0 D mv2112_update_link: 3.0x901(1G): 0x80
01-01 10:40:29.627 0 0 D mv2112_update_link: 3.0x8109(100M): 0x0
01-01 10:40:29.632 0 0 D mv2112_update_link: link 0x0
01-01 10:40:29.637 0 0 D mv2112_read_status: autoneg is disabled
01-01 10:40:30.641 0 0 D : mv2112_read_status
01-01 10:40:30.645 0 0 D mv2112_update_link: 3.0x901(1G): 0x80
01-01 10:40:30.650 0 0 D mv2112_update_link: 3.0x8109(100M): 0x0
01-01 10:40:30.656 0 0 D mv2112_update_link: link 0x0
01-01 10:40:30.660 0 0 D mv2112_read_status: autoneg is disabled
01-01 10:40:31.665 0 0 D : mv2112_read_status
01-01 10:40:31.669 0 0 D mv2112_update_link: 3.0x901(1G): 0x80
01-01 10:40:31.674 0 0 D mv2112_update_link: 3.0x8109(100M): 0x0
01-01 10:40:31.680 0 0 D mv2112_update_link: link 0x0
01-01 10:40:31.684 0 0 D mv2112_read_status: autoneg is disabled
01-01 10:40:32.689 0 0 D : mv2112_read_status
01-01 10:40:32.693 0 0 D mv2112_update_link: 3.0x901(1G): 0x80
01-01 10:40:32.698 0 0 D mv2112_update_link: 3.0x8109(100M): 0x0
01-01 10:40:32.704 0 0 D mv2112_update_link: link 0x0
01-01 10:40:32.708 0 0 D mv2112_read_status: autoneg is disabled
01-01 10:40:33.572 0 0 I init : starting service 'qvrd_vndr'...
01-01 10:40:33.579 0 0 I init : Created socket '/dev/socket/qvrservice_vndr', mode 660, user 1000, group 1000
01-01 10:40:33.589 0 0 I init : Created socket '/dev/socket/qvrservice_vndr_camera', mode 660, user 1000, group 1000
01-01 10:40:33.615 0 0 I init : starting service 'sxrd'...
01-01 10:40:33.633 0 0 I init : starting service 'vendor.light-hal-2-0'...
08-26 20:01:34.992 9741 9741 F linker : CANNOT LINK EXECUTABLE "/vendor/bin/hw/qvrservice": library "vendor.qti.hardware.qxr-V1-ndk_platform.so" not found: needed by /vendor/lib64/libqvrservice.so in namespace (default)
01-01 10:40:33.653 0 0 I init : Service 'qvrd_vndr' (pid 9741) exited with status 1
01-01 10:40:33.659 0 0 I init : Sending signal 9 to service 'qvrd_vndr' (pid 9741) process group...
01-01 10:40:33.667 0 0 I libprocessgroup: Successfully killed process cgroup uid 1000 pid 9741 in 0ms
08-26 20:01:35.020 9742 9742 F linker : CANNOT LINK EXECUTABLE "/vendor/bin/hw/sxrservice": library "vendor.qti.hardware.qxr-V1-ndk_platform.so" not found: needed by main executable
01-01 10:40:33.678 0 0 I init : Service 'sxrd' (pid 9742) exited with status 1
01-01 10:40:33.684 0 0 I init : Sending signal 9 to service 'sxrd' (pid 9742) process group...
01-01 10:40:33.713 0 0 D : mv2112_read_status
01-01 10:40:33.716 0 0 D mv2112_update_link: 3.0x901(1G): 0x80
01-01 10:40:33.722 0 0 D mv2112_update_link: 3.0x8109(100M): 0x0
01-01 10:40:33.728 0 0 D mv2112_update_link: link 0x0
01-01 10:40:33.732 0 0 D mv2112_read_status: autoneg is disabled
01-01 10:40:34.737 0 0 D : mv2112_read_status
01-01 10:40:34.741 0 0 D mv2112_update_link: 3.0x901(1G): 0x80
01-01 10:40:34.747 0 0 D mv2112_update_link: 3.0x8109(100M): 0x0
01-01 10:40:34.752 0 0 D mv2112_update_link: link 0x0
01-01 10:40:34.756 0 0 D mv2112_read_status: autoneg is disabled
01-01 10:40:35.761 0 0 D : mv2112_read_status
01-01 10:40:35.765 0 0 D mv2112_update_link: 3.0x901(1G): 0x80
01-01 10:40:35.770 0 0 D mv2112_update_link: 3.0x8109(100M): 0x0
01-01 10:40:35.776 0 0 D mv2112_update_link: link 0x0
01-01 10:40:35.780 0 0 D mv2112_read_status: autoneg is disabled
01-01 10:40:36.785 0 0 D : mv2112_read_status
01-01 10:40:36.789 0 0 D mv2112_update_link: 3.0x901(1G): 0x80
01-01 10:40:36.794 0 0 D mv2112_update_link: 3.0x8109(100M): 0x0
01-01 10:40:36.800 0 0 D mv2112_update_link: link 0x0
01-01 10:40:36.804 0 0 D mv2112_read_status: autoneg is disabled
01-01 10:40:37.809 0 0 D : mv2112_read_status
01-01 10:40:37.813 0 0 D mv2112_update_link: 3.0x901(1G): 0x80
01-01 10:40:37.818 0 0 D mv2112_update_link: 3.0x8109(100M): 0x0
01-01 10:40:37.823 0 0 D mv2112_update_link: link 0x0
01-01 10:40:37.828 0 0 D mv2112_read_status: autoneg is disabled
01-01 10:40:38.615 0 0 I init : starting service 'qvrd_vndr'...
01-01 10:40:38.622 0 0 I init : Created socket '/dev/socket/qvrservice_vndr', mode 660, user 1000, group 1000
01-01 10:40:38.632 0 0 I init : Created socket '/dev/socket/qvrservice_vndr_camera', mode 660, user 1000, group 1000
01-01 10:40:38.658 0 0 I init : starting service 'sxrd'...
01-01 10:40:38.675 0 0 I init : starting service 'vendor.light-hal-2-0'...
08-26 20:01:40.048 9745 9745 F linker : CANNOT LINK EXECUTABLE "/vendor/bin/hw/sxrservice": library "vendor.qti.hardware.qxr-V1-ndk_platform.so" not found: needed by main executable
08-26 20:01:40.049 9744 9744 F linker : CANNOT LINK EXECUTABLE "/vendor/bin/hw/qvrservice": library "vendor.qti.hardware.qxr-V1-ndk_platform.so" not found: needed by /vendor/lib64/libqvrservice.so in namespace (default)
01-01 10:40:38.704 0 0 I init : Service 'sxrd' (pid 9745) exited with status 1
01-01 10:40:38.710 0 0 I init : Sending signal 9 to service 'sxrd' (pid 9745) process group...
01-01 10:40:38.718 0 0 I libprocessgroup: Successfully killed process cgroup uid 1000 pid 9745 in 0ms
01-01 10:40:38.729 0 0 I init : Service 'qvrd_vndr' (pid 9744) exited with status 1
01-01 10:40:38.735 0 0 I init : Sending signal 9 to service 'qvrd_vndr' (pid 9744) process group...
01-01 10:40:38.833 0 0 D : mv2112_read_status
01-01 10:40:38.837 0 0 D mv2112_update_link: 3.0x901(1G): 0x80
01-01 10:40:38.842 0 0 D mv2112_update_link: 3.0x8109(100M): 0x0
01-01 10:40:38.848 0 0 D mv2112_update_link: link 0x0
01-01 10:40:38.853 0 0 D mv2112_read_status: autoneg is disabled
01-01 10:40:39.857 0 0 D : mv2112_read_status
01-01 10:40:39.862 0 0 D mv2112_update_link: 3.0x901(1G): 0x80
01-01 10:40:39.867 0 0 D mv2112_update_link: 3.0x8109(100M): 0x0
01-01 10:40:39.873 0 0 D mv2112_update_link: link 0x0
01-01 10:40:39.877 0 0 D mv2112_read_status: autoneg is disabled
01-01 10:40:40.881 0 0 D : mv2112_read_status
01-01 10:40:40.884 0 0 D mv2112_update_link: 3.0x901(1G): 0x80
01-01 10:40:40.890 0 0 D mv2112_update_link: 3.0x8109(100M): 0x0
01-01 10:40:40.895 0 0 D mv2112_update_link: link 0x0
01-01 10:40:40.899 0 0 D mv2112_read_status: autoneg is disabled
01-01 10:40:41.905 0 0 D : mv2112_read_status
01-01 10:40:41.909 0 0 D mv2112_update_link: 3.0x901(1G): 0x80
01-01 10:40:41.915 0 0 D mv2112_update_link: 3.0x8109(100M): 0x0
01-01 10:40:41.922 0 0 D mv2112_update_link: link 0x0
01-01 10:40:41.926 0 0 D mv2112_read_status: autoneg is disabled
01-01 10:40:42.961 0 0 D : mv2112_read_status
01-01 10:40:42.965 0 0 D mv2112_update_link: 3.0x901(1G): 0x80
01-01 10:40:42.970 0 0 D mv2112_update_link: 3.0x8109(100M): 0x0
01-01 10:40:42.975 0 0 D mv2112_update_link: link 0x0
01-01 10:40:42.980 0 0 D mv2112_read_status: autoneg is disabled
01-01 10:40:43.658 0 0 I init : starting service 'qvrd_vndr'...
01-01 10:40:43.664 0 0 I init : Created socket '/dev/socket/qvrservice_vndr', mode 660, user 1000, group 1000
01-01 10:40:43.675 0 0 I init : Created socket '/dev/socket/qvrservice_vndr_camera', mode 660, user 1000, group 1000
01-01 10:40:43.702 0 0 I init : starting service 'sxrd'...
01-01 10:40:43.718 0 0 I init : starting service 'vendor.light-hal-2-0'...
08-26 20:01:45.087 9747 9747 F linker : CANNOT LINK EXECUTABLE "/vendor/bin/hw/qvrservice": library "vendor.qti.hardware.qxr-V1-ndk_platform.so" not found: needed by /vendor/lib64/libqvrservice.so in namespace (default)
08-26 20:01:45.088 9748 9748 F linker : CANNOT LINK EXECUTABLE "/vendor/bin/hw/sxrservice": library "vendor.qti.hardware.qxr-V1-ndk_platform.so" not found: needed by main executable
01-01 10:40:43.743 0 0 I init : Service 'qvrd_vndr' (pid 9747) exited with status 1
01-01 10:40:43.750 0 0 I init : Sending signal 9 to service 'qvrd_vndr' (pid 9747) process group...
01-01 10:40:43.758 0 0 I libprocessgroup: Successfully killed process cgroup uid 1000 pid 9747 in 0ms
01-01 10:40:43.768 0 0 I init : Service 'sxrd' (pid 9748) exited with status 1
01-01 10:40:43.774 0 0 I init : Sending signal 9 to service 'sxrd' (pid 9748) process group...
01-01 10:40:43.985 0 0 D : mv2112_read_status
01-01 10:40:43.988 0 0 D mv2112_update_link: 3.0x901(1G): 0x80
01-01 10:40:43.994 0 0 D mv2112_update_link: 3.0x8109(100M): 0x0
01-01 10:40:44.000 0 0 D mv2112_update_link: link 0x0
01-01 10:40:44.004 0 0 D mv2112_read_status: autoneg is disabled
01-01 10:40:45.009 0 0 D : mv2112_read_status
01-01 10:40:45.012 0 0 D mv2112_update_link: 3.0x901(1G): 0x80
01-01 10:40:45.019 0 0 D mv2112_update_link: 3.0x8109(100M): 0x0
01-01 10:40:45.024 0 0 D mv2112_update_link: link 0x0
01-01 10:40:45.030 0 0 D mv2112_read_status: autoneg is disabled
01-01 10:40:46.033 0 0 D : mv2112_read_status
01-01 10:40:46.037 0 0 D mv2112_update_link: 3.0x901(1G): 0x80
01-01 10:40:46.048 0 0 D mv2112_update_link: 3.0x8109(100M): 0x0
01-01 10:40:46.054 0 0 D mv2112_update_link: link 0x0
01-01 10:40:46.058 0 0 D mv2112_read_status: autoneg is disabled
01-01 10:40:47.089 0 0 D : mv2112_read_status
01-01 10:40:47.093 0 0 D mv2112_update_link: 3.0x901(1G): 0x80
01-01 10:40:47.098 0 0 D mv2112_update_link: 3.0x8109(100M): 0x0
01-01 10:40:47.103 0 0 D mv2112_update_link: link 0x0
01-01 10:40:47.107 0 0 D mv2112_read_status: autoneg is disabled
01-01 10:40:48.113 0 0 D : mv2112_read_status
01-01 10:40:48.117 0 0 D mv2112_update_link: 3.0x901(1G): 0x80
01-01 10:40:48.122 0 0 D mv2112_update_link: 3.0x8109(100M): 0x0
01-01 10:40:48.127 0 0 D mv2112_update_link: link 0x0
01-01 10:40:48.132 0 0 D mv2112_read_status: autoneg is disabled
01-01 10:40:48.701 0 0 I init : starting service 'qvrd_vndr'...
01-01 10:40:48.707 0 0 I init : Created socket '/dev/socket/qvrservice_vndr', mode 660, user 1000, group 1000
01-01 10:40:48.718 0 0 I init : Created socket '/dev/socket/qvrservice_vndr_camera', mode 660, user 1000, group 1000
01-01 10:40:48.746 0 0 I init : starting service 'sxrd'...
01-01 10:40:48.764 0 0 I init : starting service 'vendor.light-hal-2-0'...
08-26 20:01:50.147 9750 9750 F linker : CANNOT LINK EXECUTABLE "/vendor/bin/hw/qvrservice": library "vendor.qti.hardware.qxr-V1-ndk_platform.so" not found: needed by /vendor/lib64/libqvrservice.so in namespace (default)
08-26 20:01:50.147 9751 9751 F linker : CANNOT LINK EXECUTABLE "/vendor/bin/hw/sxrservice": library "vendor.qti.hardware.qxr-V1-ndk_platform.so" not found: needed by main executable
01-01 10:40:48.802 0 0 I init : Service 'sxrd' (pid 9751) exited with status 1
01-01 10:40:48.808 0 0 I init : Sending signal 9 to service 'sxrd' (pid 9751) process group...
01-01 10:40:48.816 0 0 I libprocessgroup: Successfully killed process cgroup uid 1000 pid 9751 in 0ms
01-01 10:40:48.828 0 0 I init : Service 'qvrd_vndr' (pid 9750) exited with status 1
01-01 10:40:48.835 0 0 I init : Sending signal 9 to service 'qvrd_vndr' (pid 9750) process group...
01-01 10:40:49.137 0 0 D : mv2112_read_status
01-01 10:40:49.141 0 0 D mv2112_update_link: 3.0x901(1G): 0x80
01-01 10:40:49.147 0 0 D mv2112_update_link: 3.0x8109(100M): 0x0
01-01 10:40:49.152 0 0 D mv2112_update_link: link 0x0
01-01 10:40:49.156 0 0 D mv2112_read_status: autoneg is disabled
01-01 10:40:50.161 0 0 D : mv2112_read_status
01-01 10:40:50.166 0 0 D mv2112_update_link: 3.0x901(1G): 0x80
01-01 10:40:50.171 0 0 D mv2112_update_link: 3.0x8109(100M): 0x0
01-01 10:40:50.178 0 0 D mv2112_update_link: link 0x0
01-01 10:40:50.182 0 0 D mv2112_read_status: autoneg is disabled
01-01 10:40:51.185 0 0 D : mv2112_read_status
01-01 10:40:51.189 0 0 D mv2112_update_link: 3.0x901(1G): 0x80
01-01 10:40:51.194 0 0 D mv2112_update_link: 3.0x8109(100M): 0x0
01-01 10:40:51.200 0 0 D mv2112_update_link: link 0x0
01-01 10:40:51.204 0 0 D mv2112_read_status: autoneg is disabled
01-01 10:40:52.209 0 0 D : mv2112_read_status
01-01 10:40:52.213 0 0 D mv2112_update_link: 3.0x901(1G): 0x80
01-01 10:40:52.218 0 0 D mv2112_update_link: 3.0x8109(100M): 0x0
01-01 10:40:52.223 0 0 D mv2112_update_link: link 0x0
01-01 10:40:52.228 0 0 D mv2112_read_status: autoneg is disabled
01-01 10:40:53.233 0 0 D : mv2112_read_status
01-01 10:40:53.236 0 0 D mv2112_update_link: 3.0x901(1G): 0x80
01-01 10:40:53.243 0 0 D mv2112_update_link: 3.0x8109(100M): 0x0
01-01 10:40:53.248 0 0 D mv2112_update_link: link 0x0
01-01 10:40:53.253 0 0 D mv2112_read_status: autoneg is disabled
01-01 10:40:53.747 0 0 I init : starting service 'qvrd_vndr'...
01-01 10:40:53.753 0 0 I init : Created socket '/dev/socket/qvrservice_vndr', mode 660, user 1000, group 1000
01-01 10:40:53.763 0 0 I init : Created socket '/dev/socket/qvrservice_vndr_camera', mode 660, user 1000, group 1000
01-01 10:40:53.790 0 0 I init : starting service 'sxrd'...
01-01 10:40:53.808 0 0 I init : starting service 'vendor.light-hal-2-0'...
08-26 20:01:55.188 9753 9753 F linker : CANNOT LINK EXECUTABLE "/vendor/bin/hw/qvrservice": library "vendor.qti.hardware.qxr-V1-ndk_platform.so" not found: needed by /vendor/lib64/libqvrservice.so in namespace (default)
08-26 20:01:55.189 9754 9754 F linker : CANNOT LINK EXECUTABLE "/vendor/bin/hw/sxrservice": library "vendor.qti.hardware.qxr-V1-ndk_platform.so" not found: needed by main executable
01-01 10:40:53.844 0 0 I init : Service 'qvrd_vndr' (pid 9753) exited with status 1
01-01 10:40:53.851 0 0 I init : Sending signal 9 to service 'qvrd_vndr' (pid 9753) process group...
01-01 10:40:53.859 0 0 I libprocessgroup: Successfully killed process cgroup uid 1000 pid 9753 in 0ms
01-01 10:40:53.869 0 0 I init : Service 'sxrd' (pid 9754) exited with status 1
01-01 10:40:53.875 0 0 I init : Sending signal 9 to service 'sxrd' (pid 9754) process group...
01-01 10:40:54.257 0 0 D : mv2112_read_status
01-01 10:40:54.261 0 0 D mv2112_update_link: 3.0x901(1G): 0x80
01-01 10:40:54.267 0 0 D mv2112_update_link: 3.0x8109(100M): 0x0
01-01 10:40:54.274 0 0 D mv2112_update_link: link 0x0
01-01 10:40:54.278 0 0 D mv2112_read_status: autoneg is disabled
01-01 10:40:55.281 0 0 D : mv2112_read_status
01-01 10:40:55.284 0 0 D mv2112_update_link: 3.0x901(1G): 0x80
01-01 10:40:55.290 0 0 D mv2112_update_link: 3.0x8109(100M): 0x0
01-01 10:40:55.295 0 0 D mv2112_update_link: link 0x0
01-01 10:40:55.299 0 0 D mv2112_read_status: autoneg is disabled
01-01 10:40:56.305 0 0 D : mv2112_read_status
01-01 10:40:56.308 0 0 D mv2112_update_link: 3.0x901(1G): 0x80
01-01 10:40:56.315 0 0 D mv2112_update_link: 3.0x8109(100M): 0x0
01-01 10:40:56.321 0 0 D mv2112_update_link: link 0x0
01-01 10:40:56.325 0 0 D mv2112_read_status: autoneg is disabled
01-01 10:40:57.329 0 0 D : mv2112_read_status
01-01 10:40:57.333 0 0 D mv2112_update_link: 3.0x901(1G): 0x80
01-01 10:40:57.339 0 0 D mv2112_update_link: 3.0x8109(100M): 0x0
01-01 10:40:57.345 0 0 D mv2112_update_link: link 0x0
01-01 10:40:57.350 0 0 D mv2112_read_status: autoneg is disabled
01-01 10:40:58.385 0 0 D : mv2112_read_status
01-01 10:40:58.398 0 0 D mv2112_update_link: 3.0x901(1G): 0x80
01-01 10:40:58.403 0 0 D mv2112_update_link: 3.0x8109(100M): 0x0
01-01 10:40:58.408 0 0 D mv2112_update_link: link 0x0
01-01 10:40:58.412 0 0 D mv2112_read_status: autoneg is disabled
01-01 10:40:58.790 0 0 I init : starting service 'qvrd_vndr'...
01-01 10:40:58.796 0 0 I init : Created socket '/dev/socket/qvrservice_vndr', mode 660, user 1000, group 1000
01-01 10:40:58.806 0 0 I init : Created socket '/dev/socket/qvrservice_vndr_camera', mode 660, user 1000, group 1000
01-01 10:40:58.833 0 0 I init : starting service 'sxrd'...
01-01 10:40:58.852 0 0 I init : starting service 'vendor.light-hal-2-0'...
08-26 20:02:00.224 9757 9757 F linker : CANNOT LINK EXECUTABLE "/vendor/bin/hw/sxrservice": library "vendor.qti.hardware.qxr-V1-ndk_platform.so" not found: needed by main executable
08-26 20:02:00.228 9756 9756 F linker : CANNOT LINK EXECUTABLE "/vendor/bin/hw/qvrservice": library "vendor.qti.hardware.qxr-V1-ndk_platform.so" not found: needed by /vendor/lib64/libqvrservice.so in namespace (default)
01-01 10:40:58.879 0 0 I init : Service 'sxrd' (pid 9757) exited with status 1
01-01 10:40:58.885 0 0 I init : Sending signal 9 to service 'sxrd' (pid 9757) process group...
01-01 10:40:58.893 0 0 I libprocessgroup: Successfully killed process cgroup uid 1000 pid 9757 in 0ms
01-01 10:40:58.903 0 0 I init : Service 'qvrd_vndr' (pid 9756) exited with status 1
01-01 10:40:58.910 0 0 I init : Sending signal 9 to service 'qvrd_vndr' (pid 9756) process group...
01-01 10:40:59.448 0 0 D : mv2112_read_status
01-01 10:40:59.451 0 0 D mv2112_update_link: 3.0x901(1G): 0x80
01-01 10:40:59.456 0 0 D mv2112_update_link: 3.0x8109(100M): 0x0
01-01 10:40:59.462 0 0 D mv2112_update_link: link 0x0
01-01 10:40:59.466 0 0 D mv2112_read_status: autoneg is disabled
01-01 10:41:00.497 0 0 D : mv2112_read_status
01-01 10:41:00.500 0 0 D mv2112_update_link: 3.0x901(1G): 0x80
01-01 10:41:00.507 0 0 D mv2112_update_link: 3.0x8109(100M): 0x0
01-01 10:41:00.519 0 0 D mv2112_update_link: link 0x0
01-01 10:41:00.523 0 0 D mv2112_read_status: autoneg is disabled
01-01 10:41:01.553 0 0 D : mv2112_read_status
01-01 10:41:01.556 0 0 D mv2112_update_link: 3.0x901(1G): 0x80
01-01 10:41:01.562 0 0 D mv2112_update_link: 3.0x8109(100M): 0x0
01-01 10:41:01.567 0 0 D mv2112_update_link: link 0x0
01-01 10:41:01.571 0 0 D mv2112_read_status: autoneg is disabled
01-01 10:41:02.577 0 0 D : mv2112_read_status
01-01 10:41:02.581 0 0 D mv2112_update_link: 3.0x901(1G): 0x80
01-01 10:41:02.587 0 0 D mv2112_update_link: 3.0x8109(100M): 0x0
01-01 10:41:02.592 0 0 D mv2112_update_link: link 0x0
01-01 10:41:02.596 0 0 D mv2112_read_status: autoneg is disabled
01-01 10:41:03.601 0 0 D : mv2112_read_status
01-01 10:41:03.605 0 0 D mv2112_update_link: 3.0x901(1G): 0x80
01-01 10:41:03.610 0 0 D mv2112_update_link: 3.0x8109(100M): 0x0
01-01 10:41:03.615 0 0 D mv2112_update_link: link 0x0
01-01 10:41:03.619 0 0 D mv2112_read_status: autoneg is disabled
01-01 10:41:03.832 0 0 I init : starting service 'qvrd_vndr'...
01-01 10:41:03.839 0 0 I init : Created socket '/dev/socket/qvrservice_vndr', mode 660, user 1000, group 1000
01-01 10:41:03.849 0 0 I init : Created socket '/dev/socket/qvrservice_vndr_camera', mode 660, user 1000, group 1000
01-01 10:41:03.874 0 0 I init : starting service 'sxrd'...
01-01 10:41:03.892 0 0 I init : starting service 'vendor.light-hal-2-0'...
08-26 20:02:05.267 9759 9759 F linker : CANNOT LINK EXECUTABLE "/vendor/bin/hw/qvrservice": library "vendor.qti.hardware.qxr-V1-ndk_platform.so" not found: needed by /vendor/lib64/libqvrservice.so in namespace (default)
08-26 20:02:05.267 9760 9760 F linker : CANNOT LINK EXECUTABLE "/vendor/bin/hw/sxrservice": library "vendor.qti.hardware.qxr-V1-ndk_platform.so" not found: needed by main executable
01-01 10:41:03.922 0 0 I init : Service 'qvrd_vndr' (pid 9759) exited with status 1
01-01 10:41:03.928 0 0 I init : Sending signal 9 to service 'qvrd_vndr' (pid 9759) process group...
01-01 10:41:03.937 0 0 I libprocessgroup: Successfully killed process cgroup uid 1000 pid 9759 in 0ms
01-01 10:41:03.948 0 0 I init : Service 'sxrd' (pid 9760) exited with status 1
01-01 10:41:03.955 0 0 I init : Sending signal 9 to service 'sxrd' (pid 9760) process group...
01-01 10:41:04.625 0 0 D : mv2112_read_status
01-01 10:41:04.629 0 0 D mv2112_update_link: 3.0x901(1G): 0x80
01-01 10:41:04.635 0 0 D mv2112_update_link: 3.0x8109(100M): 0x0
01-01 10:41:04.640 0 0 D mv2112_update_link: link 0x0
01-01 10:41:04.644 0 0 D mv2112_read_status: autoneg is disabled
01-01 10:41:05.649 0 0 D : mv2112_read_status
01-01 10:41:05.653 0 0 D mv2112_update_link: 3.0x901(1G): 0x80
01-01 10:41:05.658 0 0 D mv2112_update_link: 3.0x8109(100M): 0x0
01-01 10:41:05.663 0 0 D mv2112_update_link: link 0x0
01-01 10:41:05.668 0 0 D mv2112_read_status: autoneg is disabled
01-01 10:41:06.673 0 0 D : mv2112_read_status
01-01 10:41:06.677 0 0 D mv2112_update_link: 3.0x901(1G): 0x80
01-01 10:41:06.682 0 0 D mv2112_update_link: 3.0x8109(100M): 0x0
01-01 10:41:06.687 0 0 D mv2112_update_link: link 0x0
01-01 10:41:06.692 0 0 D mv2112_read_status: autoneg is disabled
01-01 10:41:07.697 0 0 D : mv2112_read_status
01-01 10:41:07.701 0 0 D mv2112_update_link: 3.0x901(1G): 0x80
01-01 10:41:07.706 0 0 D mv2112_update_link: 3.0x8109(100M): 0x0
01-01 10:41:07.711 0 0 D mv2112_update_link: link 0x0
01-01 10:41:07.716 0 0 D mv2112_read_status: autoneg is disabled
01-01 10:41:08.721 0 0 D : mv2112_read_status
01-01 10:41:08.725 0 0 D mv2112_update_link: 3.0x901(1G): 0x80
01-01 10:41:08.730 0 0 D mv2112_update_link: 3.0x8109(100M): 0x0
01-01 10:41:08.735 0 0 D mv2112_update_link: link 0x0
01-01 10:41:08.739 0 0 D mv2112_read_status: autoneg is disabled
01-01 10:41:08.874 0 0 I init : starting service 'qvrd_vndr'...
01-01 10:41:08.881 0 0 I init : Created socket '/dev/socket/qvrservice_vndr', mode 660, user 1000, group 1000
01-01 10:41:08.892 0 0 I init : Created socket '/dev/socket/qvrservice_vndr_camera', mode 660, user 1000, group 1000
01-01 10:41:08.918 0 0 I init : starting service 'sxrd'...
01-01 10:41:08.936 0 0 I init : starting service 'vendor.light-hal-2-0'...
08-26 20:02:10.293 9762 9762 F linker : CANNOT LINK EXECUTABLE "/vendor/bin/hw/qvrservice": library "vendor.qti.hardware.qxr-V1-ndk_platform.so" not found: needed by /vendor/lib64/libqvrservice.so in namespace (default)
08-26 20:02:10.306 9763 9763 F linker : CANNOT LINK EXECUTABLE "/vendor/bin/hw/sxrservice": library "vendor.qti.hardware.qxr-V1-ndk_platform.so" not found: needed by main executable
01-01 10:41:08.954 0 0 I init : Service 'qvrd_vndr' (pid 9762) exited with status 1
01-01 10:41:08.961 0 0 I init : Sending signal 9 to service 'qvrd_vndr' (pid 9762) process group...
01-01 10:41:08.969 0 0 I libprocessgroup: Successfully killed process cgroup uid 1000 pid 9762 in 0ms
01-01 10:41:08.981 0 0 I init : Service 'sxrd' (pid 9763) exited with status 1
01-01 10:41:08.987 0 0 I init : Sending signal 9 to service 'sxrd' (pid 9763) process group...
01-01 10:41:09.745 0 0 D : mv2112_read_status
01-01 10:41:09.749 0 0 D mv2112_update_link: 3.0x901(1G): 0x80
01-01 10:41:09.756 0 0 D mv2112_update_link: 3.0x8109(100M): 0x0
01-01 10:41:09.761 0 0 D mv2112_update_link: link 0x0
01-01 10:41:09.766 0 0 D mv2112_read_status: autoneg is disabled
01-01 10:41:10.769 0 0 D : mv2112_read_status
01-01 10:41:10.773 0 0 D mv2112_update_link: 3.0x901(1G): 0x80
01-01 10:41:10.778 0 0 D mv2112_update_link: 3.0x8109(100M): 0x0
01-01 10:41:10.784 0 0 D mv2112_update_link: link 0x0
01-01 10:41:10.788 0 0 D mv2112_read_status: autoneg is disabled
01-01 10:41:11.793 0 0 D : mv2112_read_status
01-01 10:41:11.797 0 0 D mv2112_update_link: 3.0x901(1G): 0x80
01-01 10:41:11.802 0 0 D mv2112_update_link: 3.0x8109(100M): 0x0
01-01 10:41:11.807 0 0 D mv2112_update_link: link 0x0
01-01 10:41:11.811 0 0 D mv2112_read_status: autoneg is disabled
01-01 10:41:12.817 0 0 D : mv2112_read_status
01-01 10:41:12.821 0 0 D mv2112_update_link: 3.0x901(1G): 0x80
01-01 10:41:12.827 0 0 D mv2112_update_link: 3.0x8109(100M): 0x0
01-01 10:41:12.832 0 0 D mv2112_update_link: link 0x0
01-01 10:41:12.836 0 0 D mv2112_read_status: autoneg is disabled
01-01 10:41:13.841 0 0 D : mv2112_read_status
01-01 10:41:13.845 0 0 D mv2112_update_link: 3.0x901(1G): 0x80
01-01 10:41:13.850 0 0 D mv2112_update_link: 3.0x8109(100M): 0x0
01-01 10:41:13.855 0 0 D mv2112_update_link: link 0x0
01-01 10:41:13.860 0 0 D mv2112_read_status: autoneg is disabled
01-01 10:41:13.917 0 0 I init : starting service 'qvrd_vndr'...
01-01 10:41:13.924 0 0 I init : Created socket '/dev/socket/qvrservice_vndr', mode 660, user 1000, group 1000
01-01 10:41:13.935 0 0 I init : Created socket '/dev/socket/qvrservice_vndr_camera', mode 660, user 1000, group 1000
01-01 10:41:13.960 0 0 I init : starting service 'sxrd'...
01-01 10:41:13.977 0 0 I init : starting service 'vendor.light-hal-2-0'...
08-26 20:02:15.333 9765 9765 F linker : CANNOT LINK EXECUTABLE "/vendor/bin/hw/qvrservice": library "vendor.qti.hardware.qxr-V1-ndk_platform.so" not found: needed by /vendor/lib64/libqvrservice.so in namespace (default)
01-01 10:41:13.998 0 0 I init : Service 'qvrd_vndr' (pid 9765) exited with status 1
01-01 10:41:14.004 0 0 I init : Sending signal 9 to service 'qvrd_vndr' (pid 9765) process group...
01-01 10:41:14.013 0 0 I libprocessgroup: Successfully killed process cgroup uid 1000 pid 9765 in 0ms
08-26 20:02:15.364 9766 9766 F linker : CANNOT LINK EXECUTABLE "/vendor/bin/hw/sxrservice": library "vendor.qti.hardware.qxr-V1-ndk_platform.so" not found: needed by main executable
01-01 10:41:14.022 0 0 I init : Service 'sxrd' (pid 9766) exited with status 1
