08-26 18:10:02.721 4749 4749 F linker : CANNOT LINK EXECUTABLE "/vendor/bin/hw/qvrservice": library "vendor.qti.hardware.qxr-V1-ndk_platform.so" not found: needed by /vendor/lib64/libqvrservice.so in namespace (default)
08-26 18:10:02.728 4750 4750 F linker : CANNOT LINK EXECUTABLE "/vendor/bin/hw/sxrservice": library "vendor.qti.hardware.qxr-V1-ndk_platform.so" not found: needed by main executable
08-26 18:10:07.775 4752 4752 F linker : CANNOT LINK EXECUTABLE "/vendor/bin/hw/qvrservice": library "vendor.qti.hardware.qxr-V1-ndk_platform.so" not found: needed by /vendor/lib64/libqvrservice.so in namespace (default)
08-26 18:10:07.815 4753 4753 F linker : CANNOT LINK EXECUTABLE "/vendor/bin/hw/sxrservice": library "vendor.qti.hardware.qxr-V1-ndk_platform.so" not found: needed by main executable
08-26 18:10:12.834 4755 4755 F linker : CANNOT LINK EXECUTABLE "/vendor/bin/hw/qvrservice": library "vendor.qti.hardware.qxr-V1-ndk_platform.so" not found: needed by /vendor/lib64/libqvrservice.so in namespace (default)
08-26 18:10:12.884 4756 4756 F linker : CANNOT LINK EXECUTABLE "/vendor/bin/hw/sxrservice": library "vendor.qti.hardware.qxr-V1-ndk_platform.so" not found: needed by main executable
08-26 18:10:17.897 4758 4758 F linker : CANNOT LINK EXECUTABLE "/vendor/bin/hw/qvrservice": library "vendor.qti.hardware.qxr-V1-ndk_platform.so" not found: needed by /vendor/lib64/libqvrservice.so in namespace (default)
08-26 18:10:17.949 4759 4759 F linker : CANNOT LINK EXECUTABLE "/vendor/bin/hw/sxrservice": library "vendor.qti.hardware.qxr-V1-ndk_platform.so" not found: needed by main executable
08-26 18:10:22.956 4761 4761 F linker : CANNOT LINK EXECUTABLE "/vendor/bin/hw/qvrservice": library "vendor.qti.hardware.qxr-V1-ndk_platform.so" not found: needed by /vendor/lib64/libqvrservice.so in namespace (default)
08-26 18:10:23.007 4762 4762 F linker : CANNOT LINK EXECUTABLE "/vendor/bin/hw/sxrservice": library "vendor.qti.hardware.qxr-V1-ndk_platform.so" not found: needed by main executable
08-26 18:10:28.003 4764 4764 F linker : CANNOT LINK EXECUTABLE "/vendor/bin/hw/qvrservice": library "vendor.qti.hardware.qxr-V1-ndk_platform.so" not found: needed by /vendor/lib64/libqvrservice.so in namespace (default)
08-26 18:10:28.008 4765 4765 F linker : CANNOT LINK EXECUTABLE "/vendor/bin/hw/sxrservice": library "vendor.qti.hardware.qxr-V1-ndk_platform.so" not found: needed by main executable
08-26 18:10:33.055 4767 4767 F linker : CANNOT LINK EXECUTABLE "/vendor/bin/hw/qvrservice": library "vendor.qti.hardware.qxr-V1-ndk_platform.so" not found: needed by /vendor/lib64/libqvrservice.so in namespace (default)
08-26 18:10:33.108 4768 4768 F linker : CANNOT LINK EXECUTABLE "/vendor/bin/hw/sxrservice": library "vendor.qti.hardware.qxr-V1-ndk_platform.so" not found: needed by main executable
08-26 18:10:38.113 4770 4770 F linker : CANNOT LINK EXECUTABLE "/vendor/bin/hw/qvrservice": library "vendor.qti.hardware.qxr-V1-ndk_platform.so" not found: needed by /vendor/lib64/libqvrservice.so in namespace (default)
08-26 18:10:38.167 4771 4771 F linker : CANNOT LINK EXECUTABLE "/vendor/bin/hw/sxrservice": library "vendor.qti.hardware.qxr-V1-ndk_platform.so" not found: needed by main executable
08-26 18:10:43.176 4773 4773 F linker : CANNOT LINK EXECUTABLE "/vendor/bin/hw/qvrservice": library "vendor.qti.hardware.qxr-V1-ndk_platform.so" not found: needed by /vendor/lib64/libqvrservice.so in namespace (default)
08-26 18:10:43.227 4774 4774 F linker : CANNOT LINK EXECUTABLE "/vendor/bin/hw/sxrservice": library "vendor.qti.hardware.qxr-V1-ndk_platform.so" not found: needed by main executable
08-26 18:10:48.234 4776 4776 F linker : CANNOT LINK EXECUTABLE "/vendor/bin/hw/qvrservice": library "vendor.qti.hardware.qxr-V1-ndk_platform.so" not found: needed by /vendor/lib64/libqvrservice.so in namespace (default)
08-26 18:10:48.286 4777 4777 F linker : CANNOT LINK EXECUTABLE "/vendor/bin/hw/sxrservice": library "vendor.qti.hardware.qxr-V1-ndk_platform.so" not found: needed by main executable
08-26 18:10:53.296 4780 4780 F linker : CANNOT LINK EXECUTABLE "/vendor/bin/hw/qvrservice": library "vendor.qti.hardware.qxr-V1-ndk_platform.so" not found: needed by /vendor/lib64/libqvrservice.so in namespace (default)
08-26 18:10:53.349 4781 4781 F linker : CANNOT LINK EXECUTABLE "/vendor/bin/hw/sxrservice": library "vendor.qti.hardware.qxr-V1-ndk_platform.so" not found: needed by main executable
08-26 18:10:58.356 4783 4783 F linker : CANNOT LINK EXECUTABLE "/vendor/bin/hw/qvrservice": library "vendor.qti.hardware.qxr-V1-ndk_platform.so" not found: needed by /vendor/lib64/libqvrservice.so in namespace (default)
08-26 18:10:58.363 4784 4784 F linker : CANNOT LINK EXECUTABLE "/vendor/bin/hw/sxrservice": library "vendor.qti.hardware.qxr-V1-ndk_platform.so" not found: needed by main executable
08-26 18:11:03.374 4786 4786 F linker : CANNOT LINK EXECUTABLE "/vendor/bin/hw/qvrservice": library "vendor.qti.hardware.qxr-V1-ndk_platform.so" not found: needed by /vendor/lib64/libqvrservice.so in namespace (default)
08-26 18:11:03.407 4787 4787 F linker : CANNOT LINK EXECUTABLE "/vendor/bin/hw/sxrservice": library "vendor.qti.hardware.qxr-V1-ndk_platform.so" not found: needed by main executable
08-26 18:11:08.435 4789 4789 F linker : CANNOT LINK EXECUTABLE "/vendor/bin/hw/qvrservice": library "vendor.qti.hardware.qxr-V1-ndk_platform.so" not found: needed by /vendor/lib64/libqvrservice.so in namespace (default)
08-26 18:11:08.487 4790 4790 F linker : CANNOT LINK EXECUTABLE "/vendor/bin/hw/sxrservice": library "vendor.qti.hardware.qxr-V1-ndk_platform.so" not found: needed by main executable
08-26 18:11:13.476 4792 4792 F linker : CANNOT LINK EXECUTABLE "/vendor/bin/hw/qvrservice": library "vendor.qti.hardware.qxr-V1-ndk_platform.so" not found: needed by /vendor/lib64/libqvrservice.so in namespace (default)
08-26 18:11:13.529 4793 4793 F linker : CANNOT LINK EXECUTABLE "/vendor/bin/hw/sxrservice": library "vendor.qti.hardware.qxr-V1-ndk_platform.so" not found: needed by main executable
08-26 18:11:18.536 4795 4795 F linker : CANNOT LINK EXECUTABLE "/vendor/bin/hw/qvrservice": library "vendor.qti.hardware.qxr-V1-ndk_platform.so" not found: needed by /vendor/lib64/libqvrservice.so in namespace (default)
08-26 18:11:18.582 4796 4796 F linker : CANNOT LINK EXECUTABLE "/vendor/bin/hw/sxrservice": library "vendor.qti.hardware.qxr-V1-ndk_platform.so" not found: needed by main executable
08-26 18:11:23.615 4799 4799 F linker : CANNOT LINK EXECUTABLE "/vendor/bin/hw/sxrservice": library "vendor.qti.hardware.qxr-V1-ndk_platform.so" not found: needed by main executable
08-26 18:11:23.615 4798 4798 F linker : CANNOT LINK EXECUTABLE "/vendor/bin/hw/qvrservice": library "vendor.qti.hardware.qxr-V1-ndk_platform.so" not found: needed by /vendor/lib64/libqvrservice.so in namespace (default)
08-26 18:11:28.655 4801 4801 F linker : CANNOT LINK EXECUTABLE "/vendor/bin/hw/qvrservice": library "vendor.qti.hardware.qxr-V1-ndk_platform.so" not found: needed by /vendor/lib64/libqvrservice.so in namespace (default)
08-26 18:11:28.707 4802 4802 F linker : CANNOT LINK EXECUTABLE "/vendor/bin/hw/sxrservice": library "vendor.qti.hardware.qxr-V1-ndk_platform.so" not found: needed by main executable
08-26 18:11:33.721 4804 4804 F linker : CANNOT LINK EXECUTABLE "/vendor/bin/hw/qvrservice": library "vendor.qti.hardware.qxr-V1-ndk_platform.so" not found: needed by /vendor/lib64/libqvrservice.so in namespace (default)
08-26 18:11:33.746 4805 4805 F linker : CANNOT LINK EXECUTABLE "/vendor/bin/hw/sxrservice": library "vendor.qti.hardware.qxr-V1-ndk_platform.so" not found: needed by main executable
08-26 18:11:38.757 4807 4807 F linker : CANNOT LINK EXECUTABLE "/vendor/bin/hw/qvrservice": library "vendor.qti.hardware.qxr-V1-ndk_platform.so" not found: needed by /vendor/lib64/libqvrservice.so in namespace (default)
08-26 18:11:38.806 4808 4808 F linker : CANNOT LINK EXECUTABLE "/vendor/bin/hw/sxrservice": library "vendor.qti.hardware.qxr-V1-ndk_platform.so" not found: needed by main executable
08-26 18:11:43.817 4810 4810 F linker : CANNOT LINK EXECUTABLE "/vendor/bin/hw/qvrservice": library "vendor.qti.hardware.qxr-V1-ndk_platform.so" not found: needed by /vendor/lib64/libqvrservice.so in namespace (default)
08-26 18:11:43.870 4811 4811 F linker : CANNOT LINK EXECUTABLE "/vendor/bin/hw/sxrservice": library "vendor.qti.hardware.qxr-V1-ndk_platform.so" not found: needed by main executable
08-26 18:11:48.875 4813 4813 F linker : CANNOT LINK EXECUTABLE "/vendor/bin/hw/qvrservice": library "vendor.qti.hardware.qxr-V1-ndk_platform.so" not found: needed by /vendor/lib64/libqvrservice.so in namespace (default)
08-26 18:11:48.890 4814 4814 F linker : CANNOT LINK EXECUTABLE "/vendor/bin/hw/sxrservice": library "vendor.qti.hardware.qxr-V1-ndk_platform.so" not found: needed by main executable
08-26 18:11:53.933 4816 4816 F linker : CANNOT LINK EXECUTABLE "/vendor/bin/hw/qvrservice": library "vendor.qti.hardware.qxr-V1-ndk_platform.so" not found: needed by /vendor/lib64/libqvrservice.so in namespace (default)
08-26 18:11:53.934 4817 4817 F linker : CANNOT LINK EXECUTABLE "/vendor/bin/hw/sxrservice": library "vendor.qti.hardware.qxr-V1-ndk_platform.so" not found: needed by main executable
08-26 18:11:58.963 4819 4819 F linker : CANNOT LINK EXECUTABLE "/vendor/bin/hw/qvrservice": library "vendor.qti.hardware.qxr-V1-ndk_platform.so" not found: needed by /vendor/lib64/libqvrservice.so in namespace (default)
08-26 18:11:58.970 4820 4820 F linker : CANNOT LINK EXECUTABLE "/vendor/bin/hw/sxrservice": library "vendor.qti.hardware.qxr-V1-ndk_platform.so" not found: needed by main executable
08-26 18:12:04.016 4822 4822 F linker : CANNOT LINK EXECUTABLE "/vendor/bin/hw/qvrservice": library "vendor.qti.hardware.qxr-V1-ndk_platform.so" not found: needed by /vendor/lib64/libqvrservice.so in namespace (default)
08-26 18:12:04.067 4823 4823 F linker : CANNOT LINK EXECUTABLE "/vendor/bin/hw/sxrservice": library "vendor.qti.hardware.qxr-V1-ndk_platform.so" not found: needed by main executable
08-26 18:12:09.075 4825 4825 F linker : CANNOT LINK EXECUTABLE "/vendor/bin/hw/qvrservice": library "vendor.qti.hardware.qxr-V1-ndk_platform.so" not found: needed by /vendor/lib64/libqvrservice.so in namespace (default)
08-26 18:12:09.128 4826 4826 F linker : CANNOT LINK EXECUTABLE "/vendor/bin/hw/sxrservice": library "vendor.qti.hardware.qxr-V1-ndk_platform.so" not found: needed by main executable
08-26 18:12:14.137 4828 4828 F linker : CANNOT LINK EXECUTABLE "/vendor/bin/hw/qvrservice": library "vendor.qti.hardware.qxr-V1-ndk_platform.so" not found: needed by /vendor/lib64/libqvrservice.so in namespace (default)
08-26 18:12:14.188 4829 4829 F linker : CANNOT LINK EXECUTABLE "/vendor/bin/hw/sxrservice": library "vendor.qti.hardware.qxr-V1-ndk_platform.so" not found: needed by main executable
08-26 18:12:19.196 4831 4831 F linker : CANNOT LINK EXECUTABLE "/vendor/bin/hw/qvrservice": library "vendor.qti.hardware.qxr-V1-ndk_platform.so" not found: needed by /vendor/lib64/libqvrservice.so in namespace (default)
08-26 18:12:19.248 4832 4832 F linker : CANNOT LINK EXECUTABLE "/vendor/bin/hw/sxrservice": library "vendor.qti.hardware.qxr-V1-ndk_platform.so" not found: needed by main executable
08-26 18:12:24.256 4834 4834 F linker : CANNOT LINK EXECUTABLE "/vendor/bin/hw/qvrservice": library "vendor.qti.hardware.qxr-V1-ndk_platform.so" not found: needed by /vendor/lib64/libqvrservice.so in namespace (default)
08-26 18:12:24.307 4835 4835 F linker : CANNOT LINK EXECUTABLE "/vendor/bin/hw/sxrservice": library "vendor.qti.hardware.qxr-V1-ndk_platform.so" not found: needed by main executable
08-26 18:12:29.302 4837 4837 F linker : CANNOT LINK EXECUTABLE "/vendor/bin/hw/qvrservice": library "vendor.qti.hardware.qxr-V1-ndk_platform.so" not found: needed by /vendor/lib64/libqvrservice.so in namespace (default)
08-26 18:12:29.309 4838 4838 F linker : CANNOT LINK EXECUTABLE "/vendor/bin/hw/sxrservice": library "vendor.qti.hardware.qxr-V1-ndk_platform.so" not found: needed by main executable
08-26 18:12:34.356 4840 4840 F linker : CANNOT LINK EXECUTABLE "/vendor/bin/hw/qvrservice": library "vendor.qti.hardware.qxr-V1-ndk_platform.so" not found: needed by /vendor/lib64/libqvrservice.so in namespace (default)
08-26 18:12:34.406 4841 4841 F linker : CANNOT LINK EXECUTABLE "/vendor/bin/hw/sxrservice": library "vendor.qti.hardware.qxr-V1-ndk_platform.so" not found: needed by main executable
08-26 18:12:39.425 4843 4843 F linker : CANNOT LINK EXECUTABLE "/vendor/bin/hw/qvrservice": library "vendor.qti.hardware.qxr-V1-ndk_platform.so" not found: needed by /vendor/lib64/libqvrservice.so in namespace (default)
08-26 18:12:39.468 4844 4844 F linker : CANNOT LINK EXECUTABLE "/vendor/bin/hw/sxrservice": library "vendor.qti.hardware.qxr-V1-ndk_platform.so" not found: needed by main executable
08-26 18:12:44.475 4846 4846 F linker : CANNOT LINK EXECUTABLE "/vendor/bin/hw/qvrservice": library "vendor.qti.hardware.qxr-V1-ndk_platform.so" not found: needed by /vendor/lib64/libqvrservice.so in namespace (default)
08-26 18:12:44.527 4847 4847 F linker : CANNOT LINK EXECUTABLE "/vendor/bin/hw/sxrservice": library "vendor.qti.hardware.qxr-V1-ndk_platform.so" not found: needed by main executable
08-26 18:12:49.537 4849 4849 F linker : CANNOT LINK EXECUTABLE "/vendor/bin/hw/qvrservice": library "vendor.qti.hardware.qxr-V1-ndk_platform.so" not found: needed by /vendor/lib64/libqvrservice.so in namespace (default)
08-26 18:12:49.538 4850 4850 F linker : CANNOT LINK EXECUTABLE "/vendor/bin/hw/sxrservice": library "vendor.qti.hardware.qxr-V1-ndk_platform.so" not found: needed by main executable
08-26 18:12:54.576 4852 4852 F linker : CANNOT LINK EXECUTABLE "/vendor/bin/hw/qvrservice": library "vendor.qti.hardware.qxr-V1-ndk_platform.so" not found: needed by /vendor/lib64/libqvrservice.so in namespace (default)
08-26 18:12:54.624 4853 4853 F linker : CANNOT LINK EXECUTABLE "/vendor/bin/hw/sxrservice": library "vendor.qti.hardware.qxr-V1-ndk_platform.so" not found: needed by main executable
08-26 18:12:54.784 1146 2315 I DreamManagerService: Gently waking up from dream.
08-26 18:12:54.785 1146 1726 I DreamManagerService: Performing gentle wake from dream.
08-26 18:12:54.860 1146 1770 I PowerManagerService: Powering on display group fromDreaming (groupId=0, uid=1000, reason=WAKE_REASON_UNKNOWN, details=android.server.power:DREAM_FINISHED)...
08-26 18:12:54.860 1146 1770 I PowerManagerService: Waking up from Dreaming (uid=1000, reason=WAKE_REASON_UNKNOWN, details=android.server.power:DREAM_FINISHED)...
08-26 18:12:55.443 1146 2315 I DreamManagerService: Leaving dreamland.
08-26 18:12:55.446 1146 1726 I DreamManagerService: Performing gentle wake from dream.
08-26 18:12:55.446 1146 1726 I DreamController: Stopping dream: name=ComponentInfo{com.android.deskclock/com.android.deskclock.Screensaver}, isTest=false, canDoze=false, userId=0, reason='finished self'(from 'finished self')
08-26 18:12:55.468 1146 1734 W ActivityTaskManager: Can't find TaskDisplayArea to determine support for multi window. Task id=13 attached=false
08-26 18:12:59.618 4861 4861 F linker : CANNOT LINK EXECUTABLE "/vendor/bin/hw/qvrservice": library "vendor.qti.hardware.qxr-V1-ndk_platform.so" not found: needed by /vendor/lib64/libqvrservice.so in namespace (default)
08-26 18:12:59.667 4862 4862 F linker : CANNOT LINK EXECUTABLE "/vendor/bin/hw/sxrservice": library "vendor.qti.hardware.qxr-V1-ndk_platform.so" not found: needed by main executable
08-26 18:13:04.676 4864 4864 F linker : CANNOT LINK EXECUTABLE "/vendor/bin/hw/qvrservice": library "vendor.qti.hardware.qxr-V1-ndk_platform.so" not found: needed by /vendor/lib64/libqvrservice.so in namespace (default)
08-26 18:13:04.727 4865 4865 F linker : CANNOT LINK EXECUTABLE "/vendor/bin/hw/sxrservice": library "vendor.qti.hardware.qxr-V1-ndk_platform.so" not found: needed by main executable
08-26 18:13:09.736 4867 4867 F linker : CANNOT LINK EXECUTABLE "/vendor/bin/hw/qvrservice": library "vendor.qti.hardware.qxr-V1-ndk_platform.so" not found: needed by /vendor/lib64/libqvrservice.so in namespace (default)
08-26 18:13:09.787 4868 4868 F linker : CANNOT LINK EXECUTABLE "/vendor/bin/hw/sxrservice": library "vendor.qti.hardware.qxr-V1-ndk_platform.so" not found: needed by main executable
08-26 18:13:14.796 4871 4871 F linker : CANNOT LINK EXECUTABLE "/vendor/bin/hw/sxrservice": library "vendor.qti.hardware.qxr-V1-ndk_platform.so" not found: needed by main executable
08-26 18:13:14.796 4870 4870 F linker : CANNOT LINK EXECUTABLE "/vendor/bin/hw/qvrservice": library "vendor.qti.hardware.qxr-V1-ndk_platform.so" not found: needed by /vendor/lib64/libqvrservice.so in namespace (default)
08-26 18:13:19.835 4873 4873 F linker : CANNOT LINK EXECUTABLE "/vendor/bin/hw/qvrservice": library "vendor.qti.hardware.qxr-V1-ndk_platform.so" not found: needed by /vendor/lib64/libqvrservice.so in namespace (default)
08-26 18:13:19.874 4874 4874 F linker : CANNOT LINK EXECUTABLE "/vendor/bin/hw/sxrservice": library "vendor.qti.hardware.qxr-V1-ndk_platform.so" not found: needed by main executable
08-26 18:13:24.895 4877 4877 F linker : CANNOT LINK EXECUTABLE "/vendor/bin/hw/sxrservice": library "vendor.qti.hardware.qxr-V1-ndk_platform.so" not found: needed by main executable
08-26 18:13:24.896 4876 4876 F linker : CANNOT LINK EXECUTABLE "/vendor/bin/hw/qvrservice": library "vendor.qti.hardware.qxr-V1-ndk_platform.so" not found: needed by /vendor/lib64/libqvrservice.so in namespace (default)
08-26 18:13:27.662 1146 1863 D ActivityManager: freezing 2664 com.android.settings:CryptKeeper
08-26 18:13:27.662 1146 1863 E ActivityManager: Unable to freeze binder for 2664 com.android.settings:CryptKeeper
08-26 18:13:27.674 1146 1863 D ActivityManager: froze 2664 com.android.settings:CryptKeeper
08-26 18:13:27.674 1146 1863 E ActivityManager: Unable to freeze binder for 2664 com.android.settings:CryptKeeper
08-26 18:13:27.677 1146 1863 I ActivityManager: Killing 2664:com.android.settings:CryptKeeper/1000 (adj 985): Unable to freeze binder interface
08-26 18:13:29.937 4879 4879 F linker : CANNOT LINK EXECUTABLE "/vendor/bin/hw/qvrservice": library "vendor.qti.hardware.qxr-V1-ndk_platform.so" not found: needed by /vendor/lib64/libqvrservice.so in namespace (default)
08-26 18:13:29.989 4880 4880 F linker : CANNOT LINK EXECUTABLE "/vendor/bin/hw/sxrservice": library "vendor.qti.hardware.qxr-V1-ndk_platform.so" not found: needed by main executable
08-26 18:13:33.407 1146 1863 D ActivityManager: freezing 3418 com.android.documentsui
08-26 18:13:33.409 1146 1863 E ActivityManager: Unable to freeze binder for 3418 com.android.documentsui
08-26 18:13:33.417 1146 1863 D ActivityManager: froze 3418 com.android.documentsui
08-26 18:13:33.418 1146 1863 E ActivityManager: Unable to freeze binder for 3418 com.android.documentsui
08-26 18:13:33.421 1146 1863 I ActivityManager: Killing 3418:com.android.documentsui/u0a35 (adj 985): Unable to freeze binder interface
08-26 18:13:33.760 1146 1863 D ActivityManager: freezing 3437 com.android.provision
08-26 18:13:33.761 1146 1863 E ActivityManager: Unable to freeze binder for 3437 com.android.provision
08-26 18:13:33.765 1146 1863 D ActivityManager: froze 3437 com.android.provision
08-26 18:13:33.765 1146 1863 E ActivityManager: Unable to freeze binder for 3437 com.android.provision
08-26 18:13:33.767 1146 1863 I ActivityManager: Killing 3437:com.android.provision/u0a78 (adj 975): Unable to freeze binder interface
08-26 18:13:34.445 1146 1863 D ActivityManager: freezing 3429 com.android.keychain
08-26 18:13:34.446 1146 1863 E ActivityManager: Unable to freeze binder for 3429 com.android.keychain
08-26 18:13:34.452 1146 1863 D ActivityManager: froze 3429 com.android.keychain
08-26 18:13:34.452 1146 1863 E ActivityManager: Unable to freeze binder for 3429 com.android.keychain
08-26 18:13:34.454 1146 1863 I ActivityManager: Killing 3429:com.android.keychain/1000 (adj 975): Unable to freeze binder interface
08-26 18:13:34.998 4882 4882 F linker : CANNOT LINK EXECUTABLE "/vendor/bin/hw/qvrservice": library "vendor.qti.hardware.qxr-V1-ndk_platform.so" not found: needed by /vendor/lib64/libqvrservice.so in namespace (default)
08-26 18:13:35.027 4883 4883 F linker : CANNOT LINK EXECUTABLE "/vendor/bin/hw/sxrservice": library "vendor.qti.hardware.qxr-V1-ndk_platform.so" not found: needed by main executable
08-26 18:13:35.291 1146 1863 D ActivityManager: freezing 3714 com.android.localtransport
08-26 18:13:35.291 1146 1863 E ActivityManager: Unable to freeze binder for 3714 com.android.localtransport
08-26 18:13:35.294 1146 1863 D ActivityManager: froze 3714 com.android.localtransport
08-26 18:13:35.294 1146 1863 E ActivityManager: Unable to freeze binder for 3714 com.android.localtransport
08-26 18:13:35.295 1146 1863 I ActivityManager: Killing 3714:com.android.localtransport/1000 (adj 975): Unable to freeze binder interface
08-26 18:13:39.995 1146 1863 D ActivityManager: freezing 3567 com.android.externalstorage
08-26 18:13:39.996 1146 1863 E ActivityManager: Unable to freeze binder for 3567 com.android.externalstorage
08-26 18:13:40.000 1146 1863 D ActivityManager: froze 3567 com.android.externalstorage
08-26 18:13:40.000 1146 1863 E ActivityManager: Unable to freeze binder for 3567 com.android.externalstorage
08-26 18:13:40.003 1146 1863 I ActivityManager: Killing 3567:com.android.externalstorage/u0a33 (adj 965): Unable to freeze binder interface
08-26 18:13:40.054 4885 4885 F linker : CANNOT LINK EXECUTABLE "/vendor/bin/hw/qvrservice": library "vendor.qti.hardware.qxr-V1-ndk_platform.so" not found: needed by /vendor/lib64/libqvrservice.so in namespace (default)
08-26 18:13:40.093 4886 4886 F linker : CANNOT LINK EXECUTABLE "/vendor/bin/hw/sxrservice": library "vendor.qti.hardware.qxr-V1-ndk_platform.so" not found: needed by main executable
08-26 18:13:45.116 4888 4888 F linker : CANNOT LINK EXECUTABLE "/vendor/bin/hw/qvrservice": library "vendor.qti.hardware.qxr-V1-ndk_platform.so" not found: needed by /vendor/lib64/libqvrservice.so in namespace (default)
08-26 18:13:45.166 4889 4889 F linker : CANNOT LINK EXECUTABLE "/vendor/bin/hw/sxrservice": library "vendor.qti.hardware.qxr-V1-ndk_platform.so" not found: needed by main executable
08-26 18:13:46.287 1146 1863 D ActivityManager: freezing 3864 com.android.traceur
08-26 18:13:46.288 1146 1863 E ActivityManager: Unable to freeze binder for 3864 com.android.traceur
08-26 18:13:46.293 1146 1863 D ActivityManager: froze 3864 com.android.traceur
08-26 18:13:46.293 1146 1863 E ActivityManager: Unable to freeze binder for 3864 com.android.traceur
08-26 18:13:46.295 1146 1863 I ActivityManager: Killing 3864:com.android.traceur/u0a27 (adj 995): Unable to freeze binder interface
08-26 18:13:46.503 1146 1863 D ActivityManager: freezing 3882 com.qualcomm.qti.qmmi
08-26 18:13:46.503 1146 1863 E ActivityManager: Unable to freeze binder for 3882 com.qualcomm.qti.qmmi
08-26 18:13:46.508 1146 1863 D ActivityManager: froze 3882 com.qualcomm.qti.qmmi
08-26 18:13:46.509 1146 1863 E ActivityManager: Unable to freeze binder for 3882 com.qualcomm.qti.qmmi
08-26 18:13:46.511 1146 1863 I ActivityManager: Killing 3882:com.qualcomm.qti.qmmi/1000 (adj 995): Unable to freeze binder interface
08-26 18:13:47.161 1146 1863 D ActivityManager: freezing 3943 com.android.calendar
08-26 18:13:47.161 1146 1863 E ActivityManager: Unable to freeze binder for 3943 com.android.calendar
08-26 18:13:47.166 1146 1863 D ActivityManager: froze 3943 com.android.calendar
08-26 18:13:47.166 1146 1863 E ActivityManager: Unable to freeze binder for 3943 com.android.calendar
08-26 18:13:47.168 1146 1863 I ActivityManager: Killing 3943:com.android.calendar/u0a64 (adj 985): Unable to freeze binder interface
08-26 18:13:47.408 1146 1863 D ActivityManager: freezing 3964 com.android.dynsystem
08-26 18:13:47.408 1146 1863 E ActivityManager: Unable to freeze binder for 3964 com.android.dynsystem
08-26 18:13:47.410 1146 1863 D ActivityManager: froze 3964 com.android.dynsystem
08-26 18:13:47.411 1146 1863 E ActivityManager: Unable to freeze binder for 3964 com.android.dynsystem
08-26 18:13:47.412 1146 1863 I ActivityManager: Killing 3964:com.android.dynsystem/1000 (adj 975): Unable to freeze binder interface
08-26 18:13:47.652 1146 1863 D ActivityManager: freezing 3981 com.android.dynsystem:dynsystem
08-26 18:13:47.653 1146 1863 E ActivityManager: Unable to freeze binder for 3981 com.android.dynsystem:dynsystem
08-26 18:13:47.656 1146 1863 D ActivityManager: froze 3981 com.android.dynsystem:dynsystem
08-26 18:13:47.657 1146 1863 E ActivityManager: Unable to freeze binder for 3981 com.android.dynsystem:dynsystem
08-26 18:13:47.658 1146 1863 I ActivityManager: Killing 3981:com.android.dynsystem:dynsystem/1000 (adj 975): Unable to freeze binder interface
08-26 18:13:48.343 1146 1863 D ActivityManager: freezing 4039 com.android.onetimeinitializer
08-26 18:13:48.344 1146 1863 E ActivityManager: Unable to freeze binder for 4039 com.android.onetimeinitializer
08-26 18:13:48.349 1146 1863 D ActivityManager: froze 4039 com.android.onetimeinitializer
08-26 18:13:48.349 1146 1863 E ActivityManager: Unable to freeze binder for 4039 com.android.onetimeinitializer
08-26 18:13:48.351 1146 1863 I ActivityManager: Killing 4039:com.android.onetimeinitializer/u0a60 (adj 965): Unable to freeze binder interface
08-26 18:13:49.227 1146 1863 D ActivityManager: freezing 4099 com.android.phone
08-26 18:13:49.228 1146 1863 E ActivityManager: Unable to freeze binder for 4099 com.android.phone
08-26 18:13:49.236 1146 1863 D ActivityManager: froze 4099 com.android.phone
08-26 18:13:49.236 1146 1863 E ActivityManager: Unable to freeze binder for 4099 com.android.phone
08-26 18:13:49.237 1146 1863 I ActivityManager: Killing 4099:com.android.phone/1001 (adj 945): Unable to freeze binder interface
08-26 18:13:49.365 1146 2315 I Watchdog: Interesting Java process com.android.phone died. Pid 4099
08-26 18:13:50.175 4891 4891 F linker : CANNOT LINK EXECUTABLE "/vendor/bin/hw/qvrservice": library "vendor.qti.hardware.qxr-V1-ndk_platform.so" not found: needed by /vendor/lib64/libqvrservice.so in namespace (default)
08-26 18:13:50.189 4892 4892 F linker : CANNOT LINK EXECUTABLE "/vendor/bin/hw/sxrservice": library "vendor.qti.hardware.qxr-V1-ndk_platform.so" not found: needed by main executable
08-26 18:13:54.339 1146 1863 D ActivityManager: freezing 4170 com.qualcomm.qti.qms.service.connectionsecurity
08-26 18:13:54.340 1146 1863 E ActivityManager: Unable to freeze binder for 4170 com.qualcomm.qti.qms.service.connectionsecurity
08-26 18:13:54.346 1146 1863 D ActivityManager: froze 4170 com.qualcomm.qti.qms.service.connectionsecurity
08-26 18:13:54.346 1146 1863 E ActivityManager: Unable to freeze binder for 4170 com.qualcomm.qti.qms.service.connectionsecurity
08-26 18:13:54.348 1146 1863 I ActivityManager: Killing 4170:com.qualcomm.qti.qms.service.connectionsecurity/u0a53 (adj 935): Unable to freeze binder interface
08-26 18:13:54.358 1146 1863 D ActivityManager: freezing 3193 com.qualcomm.qtil.aptxui
08-26 18:13:54.359 1146 1863 E ActivityManager: Unable to freeze binder for 3193 com.qualcomm.qtil.aptxui
08-26 18:13:54.361 1146 1863 D ActivityManager: froze 3193 com.qualcomm.qtil.aptxui
08-26 18:13:54.362 1146 1863 E ActivityManager: Unable to freeze binder for 3193 com.qualcomm.qtil.aptxui
08-26 18:13:54.363 1146 1863 I ActivityManager: Killing 3193:com.qualcomm.qtil.aptxui/u0a93 (adj 935): Unable to freeze binder interface
08-26 18:13:54.497 1146 1863 D ActivityManager: freezing 3987 com.android.gallery3d
08-26 18:13:54.497 1146 1863 E ActivityManager: Unable to freeze binder for 3987 com.android.gallery3d
08-26 18:13:54.500 1146 1863 D ActivityManager: froze 3987 com.android.gallery3d
08-26 18:13:54.501 1146 1863 E ActivityManager: Unable to freeze binder for 3987 com.android.gallery3d
08-26 18:13:54.504 1146 1863 D ActivityManager: freezing 3784 com.android.providers.calendar
08-26 18:13:54.504 1146 1863 E ActivityManager: Unable to freeze binder for 3784 com.android.providers.calendar
08-26 18:13:54.507 1146 1863 D ActivityManager: froze 3784 com.android.providers.calendar
08-26 18:13:54.507 1146 1863 E ActivityManager: Unable to freeze binder for 3784 com.android.providers.calendar
08-26 18:13:54.517 1146 1863 I ActivityManager: Killing 3987:com.android.gallery3d/u0a75 (adj 925): Unable to freeze binder interface
08-26 18:13:54.524 1146 1863 I ActivityManager: Killing 3784:com.android.providers.calendar/u0a28 (adj 925): Unable to freeze binder interface
08-26 18:13:55.235 4894 4894 F linker : CANNOT LINK EXECUTABLE "/vendor/bin/hw/qvrservice": library "vendor.qti.hardware.qxr-V1-ndk_platform.so" not found: needed by /vendor/lib64/libqvrservice.so in namespace (default)
08-26 18:13:55.247 4895 4895 F linker : CANNOT LINK EXECUTABLE "/vendor/bin/hw/sxrservice": library "vendor.qti.hardware.qxr-V1-ndk_platform.so" not found: needed by main executable
08-26 18:14:00.278 4897 4897 F linker : CANNOT LINK EXECUTABLE "/vendor/bin/hw/qvrservice": library "vendor.qti.hardware.qxr-V1-ndk_platform.so" not found: needed by /vendor/lib64/libqvrservice.so in namespace (default)
08-26 18:14:00.326 4898 4898 F linker : CANNOT LINK EXECUTABLE "/vendor/bin/hw/sxrservice": library "vendor.qti.hardware.qxr-V1-ndk_platform.so" not found: needed by main executable
08-26 18:14:04.477 1146 1863 D ActivityManager: freezing 4225 com.qualcomm.qti.qms.service.trustzoneaccess
08-26 18:14:04.478 1146 1863 E ActivityManager: Unable to freeze binder for 4225 com.qualcomm.qti.qms.service.trustzoneaccess
08-26 18:14:04.483 1146 1863 D ActivityManager: froze 4225 com.qualcomm.qti.qms.service.trustzoneaccess
08-26 18:14:04.484 1146 1863 E ActivityManager: Unable to freeze binder for 4225 com.qualcomm.qti.qms.service.trustzoneaccess
08-26 18:14:04.488 1146 1863 I ActivityManager: Killing 4225:com.qualcomm.qti.qms.service.trustzoneaccess/u0a56 (adj 935): Unable to freeze binder interface
08-26 18:14:05.341 4900 4900 F linker : CANNOT LINK EXECUTABLE "/vendor/bin/hw/qvrservice": library "vendor.qti.hardware.qxr-V1-ndk_platform.so" not found: needed by /vendor/lib64/libqvrservice.so in namespace (default)
08-26 18:14:05.385 4901 4901 F linker : CANNOT LINK EXECUTABLE "/vendor/bin/hw/sxrservice": library "vendor.qti.hardware.qxr-V1-ndk_platform.so" not found: needed by main executable
08-26 18:14:10.395 4903 4903 F linker : CANNOT LINK EXECUTABLE "/vendor/bin/hw/qvrservice": library "vendor.qti.hardware.qxr-V1-ndk_platform.so" not found: needed by /vendor/lib64/libqvrservice.so in namespace (default)
08-26 18:14:10.448 4904 4904 F linker : CANNOT LINK EXECUTABLE "/vendor/bin/hw/sxrservice": library "vendor.qti.hardware.qxr-V1-ndk_platform.so" not found: needed by main executable
08-26 18:14:14.111 1146 1863 D ActivityManager: freezing 3499 android.process.media
08-26 18:14:14.112 1146 1863 E ActivityManager: Unable to freeze binder for 3499 android.process.media
08-26 18:14:14.119 1146 1863 D ActivityManager: froze 3499 android.process.media
08-26 18:14:14.122 1146 1863 E ActivityManager: Unable to freeze binder for 3499 android.process.media
08-26 18:14:14.126 1146 1863 D ActivityManager: freezing 3696 android.process.acore
08-26 18:14:14.126 1146 1863 E ActivityManager: Unable to freeze binder for 3696 android.process.acore
08-26 18:14:14.131 1146 1863 D ActivityManager: froze 3696 android.process.acore
08-26 18:14:14.131 1146 1863 E ActivityManager: Unable to freeze binder for 3696 android.process.acore
08-26 18:14:14.134 1146 1863 I ActivityManager: Killing 3499:android.process.media/u0a23 (adj 945): Unable to freeze binder interface
08-26 18:14:14.144 1146 1863 I ActivityManager: Killing 3696:android.process.acore/u0a25 (adj 975): Unable to freeze binder interface
08-26 18:14:14.296 1146 2315 D CountryDetector: No listener is left
08-26 18:14:15.470 4906 4906 F linker : CANNOT LINK EXECUTABLE "/vendor/bin/hw/qvrservice": library "vendor.qti.hardware.qxr-V1-ndk_platform.so" not found: needed by /vendor/lib64/libqvrservice.so in namespace (default)
08-26 18:14:15.474 4907 4907 F linker : CANNOT LINK EXECUTABLE "/vendor/bin/hw/sxrservice": library "vendor.qti.hardware.qxr-V1-ndk_platform.so" not found: needed by main executable
08-26 18:14:20.517 4909 4909 F linker : CANNOT LINK EXECUTABLE "/vendor/bin/hw/qvrservice": library "vendor.qti.hardware.qxr-V1-ndk_platform.so" not found: needed by /vendor/lib64/libqvrservice.so in namespace (default)
08-26 18:14:20.565 4910 4910 F linker : CANNOT LINK EXECUTABLE "/vendor/bin/hw/sxrservice": library "vendor.qti.hardware.qxr-V1-ndk_platform.so" not found: needed by main executable
08-26 18:14:25.025 1146 1855 W DeviceIdleController: motion timeout went off and device isn't stationary
08-26 18:14:25.558 4923 4923 F linker : CANNOT LINK EXECUTABLE "/vendor/bin/hw/qvrservice": library "vendor.qti.hardware.qxr-V1-ndk_platform.so" not found: needed by /vendor/lib64/libqvrservice.so in namespace (default)
08-26 18:14:25.569 4924 4924 F linker : CANNOT LINK EXECUTABLE "/vendor/bin/hw/sxrservice": library "vendor.qti.hardware.qxr-V1-ndk_platform.so" not found: needed by main executable
08-26 18:14:28.058 1146 4912 I BackgroundDexOptService: Pinning optimized code {android}
08-26 18:14:30.596 4966 4966 F linker : CANNOT LINK EXECUTABLE "/vendor/bin/hw/qvrservice": library "vendor.qti.hardware.qxr-V1-ndk_platform.so" not found: needed by /vendor/lib64/libqvrservice.so in namespace (default)
08-26 18:14:30.612 4967 4967 F linker : CANNOT LINK EXECUTABLE "/vendor/bin/hw/sxrservice": library "vendor.qti.hardware.qxr-V1-ndk_platform.so" not found: needed by main executable
08-26 18:14:35.652 4970 4970 F linker : CANNOT LINK EXECUTABLE "/vendor/bin/hw/qvrservice": library "vendor.qti.hardware.qxr-V1-ndk_platform.so" not found: needed by /vendor/lib64/libqvrservice.so in namespace (default)
08-26 18:14:35.653 4971 4971 F linker : CANNOT LINK EXECUTABLE "/vendor/bin/hw/sxrservice": library "vendor.qti.hardware.qxr-V1-ndk_platform.so" not found: needed by main executable
08-26 18:14:40.712 4974 4974 F linker : CANNOT LINK EXECUTABLE "/vendor/bin/hw/qvrservice": library "vendor.qti.hardware.qxr-V1-ndk_platform.so" not found: needed by /vendor/lib64/libqvrservice.so in namespace (default)
08-26 18:14:40.737 4975 4975 F linker : CANNOT LINK EXECUTABLE "/vendor/bin/hw/sxrservice": library "vendor.qti.hardware.qxr-V1-ndk_platform.so" not found: needed by main executable
08-26 18:14:45.754 4977 4977 F linker : CANNOT LINK EXECUTABLE "/vendor/bin/hw/qvrservice": library "vendor.qti.hardware.qxr-V1-ndk_platform.so" not found: needed by /vendor/lib64/libqvrservice.so in namespace (default)
08-26 18:14:45.780 4978 4978 F linker : CANNOT LINK EXECUTABLE "/vendor/bin/hw/sxrservice": library "vendor.qti.hardware.qxr-V1-ndk_platform.so" not found: needed by main executable
08-26 18:14:50.813 4980 4980 F linker : CANNOT LINK EXECUTABLE "/vendor/bin/hw/qvrservice": library "vendor.qti.hardware.qxr-V1-ndk_platform.so" not found: needed by /vendor/lib64/libqvrservice.so in namespace (default)
08-26 18:14:50.864 4981 4981 F linker : CANNOT LINK EXECUTABLE "/vendor/bin/hw/sxrservice": library "vendor.qti.hardware.qxr-V1-ndk_platform.so" not found: needed by main executable
08-26 18:14:55.909 4983 4983 F linker : CANNOT LINK EXECUTABLE "/vendor/bin/hw/qvrservice": library "vendor.qti.hardware.qxr-V1-ndk_platform.so" not found: needed by /vendor/lib64/libqvrservice.so in namespace (default)
08-26 18:14:55.911 4984 4984 F linker : CANNOT LINK EXECUTABLE "/vendor/bin/hw/sxrservice": library "vendor.qti.hardware.qxr-V1-ndk_platform.so" not found: needed by main executable
08-26 18:15:00.953 4986 4986 F linker : CANNOT LINK EXECUTABLE "/vendor/bin/hw/qvrservice": library "vendor.qti.hardware.qxr-V1-ndk_platform.so" not found: needed by /vendor/lib64/libqvrservice.so in namespace (default)
08-26 18:15:01.005 4987 4987 F linker : CANNOT LINK EXECUTABLE "/vendor/bin/hw/sxrservice": library "vendor.qti.hardware.qxr-V1-ndk_platform.so" not found: needed by main executable
08-26 18:15:06.013 4989 4989 F linker : CANNOT LINK EXECUTABLE "/vendor/bin/hw/qvrservice": library "vendor.qti.hardware.qxr-V1-ndk_platform.so" not found: needed by /vendor/lib64/libqvrservice.so in namespace (default)
08-26 18:15:06.049 4990 4990 F linker : CANNOT LINK EXECUTABLE "/vendor/bin/hw/sxrservice": library "vendor.qti.hardware.qxr-V1-ndk_platform.so" not found: needed by main executable
08-26 18:15:11.093 4993 4993 F linker : CANNOT LINK EXECUTABLE "/vendor/bin/hw/qvrservice": library "vendor.qti.hardware.qxr-V1-ndk_platform.so" not found: needed by /vendor/lib64/libqvrservice.so in namespace (default)
08-26 18:15:11.121 4994 4994 F linker : CANNOT LINK EXECUTABLE "/vendor/bin/hw/sxrservice": library "vendor.qti.hardware.qxr-V1-ndk_platform.so" not found: needed by main executable
08-26 18:15:16.168 4996 4996 F linker : CANNOT LINK EXECUTABLE "/vendor/bin/hw/qvrservice": library "vendor.qti.hardware.qxr-V1-ndk_platform.so" not found: needed by /vendor/lib64/libqvrservice.so in namespace (default)
08-26 18:15:16.171 4997 4997 F linker : CANNOT LINK EXECUTABLE "/vendor/bin/hw/sxrservice": library "vendor.qti.hardware.qxr-V1-ndk_platform.so" not found: needed by main executable
08-26 18:15:21.212 4999 4999 F linker : CANNOT LINK EXECUTABLE "/vendor/bin/hw/qvrservice": library "vendor.qti.hardware.qxr-V1-ndk_platform.so" not found: needed by /vendor/lib64/libqvrservice.so in namespace (default)
08-26 18:15:21.265 5000 5000 F linker : CANNOT LINK EXECUTABLE "/vendor/bin/hw/sxrservice": library "vendor.qti.hardware.qxr-V1-ndk_platform.so" not found: needed by main executable
08-26 18:15:26.294 5004 5004 F linker : CANNOT LINK EXECUTABLE "/vendor/bin/hw/qvrservice": library "vendor.qti.hardware.qxr-V1-ndk_platform.so" not found: needed by /vendor/lib64/libqvrservice.so in namespace (default)
08-26 18:15:26.314 5005 5005 F linker : CANNOT LINK EXECUTABLE "/vendor/bin/hw/sxrservice": library "vendor.qti.hardware.qxr-V1-ndk_platform.so" not found: needed by main executable
08-26 18:15:31.351 5007 5007 F linker : CANNOT LINK EXECUTABLE "/vendor/bin/hw/qvrservice": library "vendor.qti.hardware.qxr-V1-ndk_platform.so" not found: needed by /vendor/lib64/libqvrservice.so in namespace (default)
08-26 18:15:31.401 5008 5008 F linker : CANNOT LINK EXECUTABLE "/vendor/bin/hw/sxrservice": library "vendor.qti.hardware.qxr-V1-ndk_platform.so" not found: needed by main executable
08-26 18:15:36.414 5010 5010 F linker : CANNOT LINK EXECUTABLE "/vendor/bin/hw/qvrservice": library "vendor.qti.hardware.qxr-V1-ndk_platform.so" not found: needed by /vendor/lib64/libqvrservice.so in namespace (default)
08-26 18:15:36.459 5011 5011 F linker : CANNOT LINK EXECUTABLE "/vendor/bin/hw/sxrservice": library "vendor.qti.hardware.qxr-V1-ndk_platform.so" not found: needed by main executable
08-26 18:15:41.495 5013 5013 F linker : CANNOT LINK EXECUTABLE "/vendor/bin/hw/qvrservice": library "vendor.qti.hardware.qxr-V1-ndk_platform.so" not found: needed by /vendor/lib64/libqvrservice.so in namespace (default)
08-26 18:15:41.504 5014 5014 F linker : CANNOT LINK EXECUTABLE "/vendor/bin/hw/sxrservice": library "vendor.qti.hardware.qxr-V1-ndk_platform.so" not found: needed by main executable
08-26 18:15:46.551 5016 5016 F linker : CANNOT LINK EXECUTABLE "/vendor/bin/hw/qvrservice": library "vendor.qti.hardware.qxr-V1-ndk_platform.so" not found: needed by /vendor/lib64/libqvrservice.so in namespace (default)
08-26 18:15:46.603 5017 5017 F linker : CANNOT LINK EXECUTABLE "/vendor/bin/hw/sxrservice": library "vendor.qti.hardware.qxr-V1-ndk_platform.so" not found: needed by main executable
08-26 18:15:51.612 5019 5019 F linker : CANNOT LINK EXECUTABLE "/vendor/bin/hw/qvrservice": library "vendor.qti.hardware.qxr-V1-ndk_platform.so" not found: needed by /vendor/lib64/libqvrservice.so in namespace (default)
08-26 18:15:51.661 5020 5020 F linker : CANNOT LINK EXECUTABLE "/vendor/bin/hw/sxrservice": library "vendor.qti.hardware.qxr-V1-ndk_platform.so" not found: needed by main executable
08-26 18:15:56.690 5022 5022 F linker : CANNOT LINK EXECUTABLE "/vendor/bin/hw/qvrservice": library "vendor.qti.hardware.qxr-V1-ndk_platform.so" not found: needed by /vendor/lib64/libqvrservice.so in namespace (default)
08-26 18:15:56.731 5023 5023 F linker : CANNOT LINK EXECUTABLE "/vendor/bin/hw/sxrservice": library "vendor.qti.hardware.qxr-V1-ndk_platform.so" not found: needed by main executable
08-26 18:16:01.755 5025 5025 F linker : CANNOT LINK EXECUTABLE "/vendor/bin/hw/qvrservice": library "vendor.qti.hardware.qxr-V1-ndk_platform.so" not found: needed by /vendor/lib64/libqvrservice.so in namespace (default)
08-26 18:16:01.806 5026 5026 F linker : CANNOT LINK EXECUTABLE "/vendor/bin/hw/sxrservice": library "vendor.qti.hardware.qxr-V1-ndk_platform.so" not found: needed by main executable
08-26 18:16:06.833 5028 5028 F linker : CANNOT LINK EXECUTABLE "/vendor/bin/hw/qvrservice": library "vendor.qti.hardware.qxr-V1-ndk_platform.so" not found: needed by /vendor/lib64/libqvrservice.so in namespace (default)
08-26 18:16:06.859 5029 5029 F linker : CANNOT LINK EXECUTABLE "/vendor/bin/hw/sxrservice": library "vendor.qti.hardware.qxr-V1-ndk_platform.so" not found: needed by main executable
08-26 18:16:11.892 5031 5031 F linker : CANNOT LINK EXECUTABLE "/vendor/bin/hw/qvrservice": library "vendor.qti.hardware.qxr-V1-ndk_platform.so" not found: needed by /vendor/lib64/libqvrservice.so in namespace (default)
08-26 18:16:11.945 5032 5032 F linker : CANNOT LINK EXECUTABLE "/vendor/bin/hw/sxrservice": library "vendor.qti.hardware.qxr-V1-ndk_platform.so" not found: needed by main executable
08-26 18:16:16.956 5034 5034 F linker : CANNOT LINK EXECUTABLE "/vendor/bin/hw/qvrservice": library "vendor.qti.hardware.qxr-V1-ndk_platform.so" not found: needed by /vendor/lib64/libqvrservice.so in namespace (default)
08-26 18:16:16.985 5035 5035 F linker : CANNOT LINK EXECUTABLE "/vendor/bin/hw/sxrservice": library "vendor.qti.hardware.qxr-V1-ndk_platform.so" not found: needed by main executable
08-26 18:16:22.030 5038 5038 F linker : CANNOT LINK EXECUTABLE "/vendor/bin/hw/sxrservice": library "vendor.qti.hardware.qxr-V1-ndk_platform.so" not found: needed by main executable
08-26 18:16:22.033 5037 5037 F linker : CANNOT LINK EXECUTABLE "/vendor/bin/hw/qvrservice": library "vendor.qti.hardware.qxr-V1-ndk_platform.so" not found: needed by /vendor/lib64/libqvrservice.so in namespace (default)
08-26 18:16:27.071 5041 5041 F linker : CANNOT LINK EXECUTABLE "/vendor/bin/hw/sxrservice": library "vendor.qti.hardware.qxr-V1-ndk_platform.so" not found: needed by main executable
08-26 18:16:27.073 5040 5040 F linker : CANNOT LINK EXECUTABLE "/vendor/bin/hw/qvrservice": library "vendor.qti.hardware.qxr-V1-ndk_platform.so" not found: needed by /vendor/lib64/libqvrservice.so in namespace (default)
08-26 18:16:32.114 5043 5043 F linker : CANNOT LINK EXECUTABLE "/vendor/bin/hw/qvrservice": library "vendor.qti.hardware.qxr-V1-ndk_platform.so" not found: needed by /vendor/lib64/libqvrservice.so in namespace (default)
08-26 18:16:32.168 5044 5044 F linker : CANNOT LINK EXECUTABLE "/vendor/bin/hw/sxrservice": library "vendor.qti.hardware.qxr-V1-ndk_platform.so" not found: needed by main executable
08-26 18:16:37.173 5046 5046 F linker : CANNOT LINK EXECUTABLE "/vendor/bin/hw/qvrservice": library "vendor.qti.hardware.qxr-V1-ndk_platform.so" not found: needed by /vendor/lib64/libqvrservice.so in namespace (default)
08-26 18:16:37.188 5047 5047 F linker : CANNOT LINK EXECUTABLE "/vendor/bin/hw/sxrservice": library "vendor.qti.hardware.qxr-V1-ndk_platform.so" not found: needed by main executable
08-26 18:16:42.251 5049 5049 F linker : CANNOT LINK EXECUTABLE "/vendor/bin/hw/qvrservice": library "vendor.qti.hardware.qxr-V1-ndk_platform.so" not found: needed by /vendor/lib64/libqvrservice.so in namespace (default)
08-26 18:16:42.276 5050 5050 F linker : CANNOT LINK EXECUTABLE "/vendor/bin/hw/sxrservice": library "vendor.qti.hardware.qxr-V1-ndk_platform.so" not found: needed by main executable
08-26 18:16:47.293 5052 5052 F linker : CANNOT LINK EXECUTABLE "/vendor/bin/hw/qvrservice": library "vendor.qti.hardware.qxr-V1-ndk_platform.so" not found: needed by /vendor/lib64/libqvrservice.so in namespace (default)
08-26 18:16:47.307 5053 5053 F linker : CANNOT LINK EXECUTABLE "/vendor/bin/hw/sxrservice": library "vendor.qti.hardware.qxr-V1-ndk_platform.so" not found: needed by main executable
08-26 18:16:52.366 5056 5056 F linker : CANNOT LINK EXECUTABLE "/vendor/bin/hw/sxrservice": library "vendor.qti.hardware.qxr-V1-ndk_platform.so" not found: needed by main executable
08-26 18:16:52.367 5055 5055 F linker : CANNOT LINK EXECUTABLE "/vendor/bin/hw/qvrservice": library "vendor.qti.hardware.qxr-V1-ndk_platform.so" not found: needed by /vendor/lib64/libqvrservice.so in namespace (default)
08-26 18:16:57.406 5058 5058 F linker : CANNOT LINK EXECUTABLE "/vendor/bin/hw/qvrservice": library "vendor.qti.hardware.qxr-V1-ndk_platform.so" not found: needed by /vendor/lib64/libqvrservice.so in namespace (default)
08-26 18:16:57.407 5059 5059 F linker : CANNOT LINK EXECUTABLE "/vendor/bin/hw/sxrservice": library "vendor.qti.hardware.qxr-V1-ndk_platform.so" not found: needed by main executable
08-26 18:17:02.453 5061 5061 F linker : CANNOT LINK EXECUTABLE "/vendor/bin/hw/qvrservice": library "vendor.qti.hardware.qxr-V1-ndk_platform.so" not found: needed by /vendor/lib64/libqvrservice.so in namespace (default)
08-26 18:17:02.506 5062 5062 F linker : CANNOT LINK EXECUTABLE "/vendor/bin/hw/sxrservice": library "vendor.qti.hardware.qxr-V1-ndk_platform.so" not found: needed by main executable
08-26 18:17:07.512 5064 5064 F linker : CANNOT LINK EXECUTABLE "/vendor/bin/hw/qvrservice": library "vendor.qti.hardware.qxr-V1-ndk_platform.so" not found: needed by /vendor/lib64/libqvrservice.so in namespace (default)
08-26 18:17:07.544 5065 5065 F linker : CANNOT LINK EXECUTABLE "/vendor/bin/hw/sxrservice": library "vendor.qti.hardware.qxr-V1-ndk_platform.so" not found: needed by main executable
08-26 18:17:12.595 5067 5067 F linker : CANNOT LINK EXECUTABLE "/vendor/bin/hw/qvrservice": library "vendor.qti.hardware.qxr-V1-ndk_platform.so" not found: needed by /vendor/lib64/libqvrservice.so in namespace (default)
08-26 18:17:12.646 5068 5068 F linker : CANNOT LINK EXECUTABLE "/vendor/bin/hw/sxrservice": library "vendor.qti.hardware.qxr-V1-ndk_platform.so" not found: needed by main executable
08-26 18:17:17.652 5070 5070 F linker : CANNOT LINK EXECUTABLE "/vendor/bin/hw/qvrservice": library "vendor.qti.hardware.qxr-V1-ndk_platform.so" not found: needed by /vendor/lib64/libqvrservice.so in namespace (default)
08-26 18:17:17.685 5071 5071 F linker : CANNOT LINK EXECUTABLE "/vendor/bin/hw/sxrservice": library "vendor.qti.hardware.qxr-V1-ndk_platform.so" not found: needed by main executable
08-26 18:17:22.712 5073 5073 F linker : CANNOT LINK EXECUTABLE "/vendor/bin/hw/qvrservice": library "vendor.qti.hardware.qxr-V1-ndk_platform.so" not found: needed by /vendor/lib64/libqvrservice.so in namespace (default)
08-26 18:17:22.766 5074 5074 F linker : CANNOT LINK EXECUTABLE "/vendor/bin/hw/sxrservice": library "vendor.qti.hardware.qxr-V1-ndk_platform.so" not found: needed by main executable
08-26 18:17:27.787 5076 5076 F linker : CANNOT LINK EXECUTABLE "/vendor/bin/hw/qvrservice": library "vendor.qti.hardware.qxr-V1-ndk_platform.so" not found: needed by /vendor/lib64/libqvrservice.so in namespace (default)
08-26 18:17:27.794 5077 5077 F linker : CANNOT LINK EXECUTABLE "/vendor/bin/hw/sxrservice": library "vendor.qti.hardware.qxr-V1-ndk_platform.so" not found: needed by main executable
08-26 18:17:32.830 5080 5080 F linker : CANNOT LINK EXECUTABLE "/vendor/bin/hw/sxrservice": library "vendor.qti.hardware.qxr-V1-ndk_platform.so" not found: needed by main executable
08-26 18:17:32.834 5079 5079 F linker : CANNOT LINK EXECUTABLE "/vendor/bin/hw/qvrservice": library "vendor.qti.hardware.qxr-V1-ndk_platform.so" not found: needed by /vendor/lib64/libqvrservice.so in namespace (default)
08-26 18:17:37.887 5082 5082 F linker : CANNOT LINK EXECUTABLE "/vendor/bin/hw/qvrservice": library "vendor.qti.hardware.qxr-V1-ndk_platform.so" not found: needed by /vendor/lib64/libqvrservice.so in namespace (default)
08-26 18:17:37.890 5083 5083 F linker : CANNOT LINK EXECUTABLE "/vendor/bin/hw/sxrservice": library "vendor.qti.hardware.qxr-V1-ndk_platform.so" not found: needed by main executable
08-26 18:17:38.089 1146 1863 D ActivityManager: freezing 2247 com.android.permissioncontroller
08-26 18:17:38.097 1146 1863 E ActivityManager: Unable to freeze binder for 2247 com.android.permissioncontroller
08-26 18:17:38.100 1146 1863 D ActivityManager: froze 2247 com.android.permissioncontroller
08-26 18:17:38.107 1146 1863 E ActivityManager: Unable to freeze binder for 2247 com.android.permissioncontroller
08-26 18:17:38.108 1146 1863 I ActivityManager: Killing 2247:com.android.permissioncontroller/u0a98 (adj 915): Unable to freeze binder interface
08-26 18:17:42.935 5086 5086 F linker : CANNOT LINK EXECUTABLE "/vendor/bin/hw/qvrservice": library "vendor.qti.hardware.qxr-V1-ndk_platform.so" not found: needed by /vendor/lib64/libqvrservice.so in namespace (default)
08-26 18:17:42.985 5087 5087 F linker : CANNOT LINK EXECUTABLE "/vendor/bin/hw/sxrservice": library "vendor.qti.hardware.qxr-V1-ndk_platform.so" not found: needed by main executable
08-26 18:17:48.012 5089 5089 F linker : CANNOT LINK EXECUTABLE "/vendor/bin/hw/qvrservice": library "vendor.qti.hardware.qxr-V1-ndk_platform.so" not found: needed by /vendor/lib64/libqvrservice.so in namespace (default)
08-26 18:17:48.027 5090 5090 F linker : CANNOT LINK EXECUTABLE "/vendor/bin/hw/sxrservice": library "vendor.qti.hardware.qxr-V1-ndk_platform.so" not found: needed by main executable
