08-26 19:42:39.866 8757 8757 F linker : CANNOT LINK EXECUTABLE "/vendor/bin/hw/sxrservice": library "vendor.qti.hardware.qxr-V1-ndk_platform.so" not found: needed by main executable
08-26 19:42:39.868 8756 8756 F linker : CANNOT LINK EXECUTABLE "/vendor/bin/hw/qvrservice": library "vendor.qti.hardware.qxr-V1-ndk_platform.so" not found: needed by /vendor/lib64/libqvrservice.so in namespace (default)
08-26 19:42:44.894 8759 8759 F linker : CANNOT LINK EXECUTABLE "/vendor/bin/hw/qvrservice": library "vendor.qti.hardware.qxr-V1-ndk_platform.so" not found: needed by /vendor/lib64/libqvrservice.so in namespace (default)
08-26 19:42:44.908 8760 8760 F linker : CANNOT LINK EXECUTABLE "/vendor/bin/hw/sxrservice": library "vendor.qti.hardware.qxr-V1-ndk_platform.so" not found: needed by main executable
08-26 19:42:49.952 8762 8762 F linker : CANNOT LINK EXECUTABLE "/vendor/bin/hw/qvrservice": library "vendor.qti.hardware.qxr-V1-ndk_platform.so" not found: needed by /vendor/lib64/libqvrservice.so in namespace (default)
08-26 19:42:49.953 8763 8763 F linker : CANNOT LINK EXECUTABLE "/vendor/bin/hw/sxrservice": library "vendor.qti.hardware.qxr-V1-ndk_platform.so" not found: needed by main executable
08-26 19:42:54.989 8767 8767 F linker : CANNOT LINK EXECUTABLE "/vendor/bin/hw/sxrservice": library "vendor.qti.hardware.qxr-V1-ndk_platform.so" not found: needed by main executable
08-26 19:42:54.990 8766 8766 F linker : CANNOT LINK EXECUTABLE "/vendor/bin/hw/qvrservice": library "vendor.qti.hardware.qxr-V1-ndk_platform.so" not found: needed by /vendor/lib64/libqvrservice.so in namespace (default)
08-26 19:43:00.032 8769 8769 F linker : CANNOT LINK EXECUTABLE "/vendor/bin/hw/qvrservice": library "vendor.qti.hardware.qxr-V1-ndk_platform.so" not found: needed by /vendor/lib64/libqvrservice.so in namespace (default)
08-26 19:43:00.065 8770 8770 F linker : CANNOT LINK EXECUTABLE "/vendor/bin/hw/sxrservice": library "vendor.qti.hardware.qxr-V1-ndk_platform.so" not found: needed by main executable
08-26 19:43:05.072 8772 8772 F linker : CANNOT LINK EXECUTABLE "/vendor/bin/hw/qvrservice": library "vendor.qti.hardware.qxr-V1-ndk_platform.so" not found: needed by /vendor/lib64/libqvrservice.so in namespace (default)
08-26 19:43:05.093 8773 8773 F linker : CANNOT LINK EXECUTABLE "/vendor/bin/hw/sxrservice": library "vendor.qti.hardware.qxr-V1-ndk_platform.so" not found: needed by main executable
08-26 19:43:10.127 8776 8776 F linker : CANNOT LINK EXECUTABLE "/vendor/bin/hw/sxrservice": library "vendor.qti.hardware.qxr-V1-ndk_platform.so" not found: needed by main executable
08-26 19:43:10.129 8775 8775 F linker : CANNOT LINK EXECUTABLE "/vendor/bin/hw/qvrservice": library "vendor.qti.hardware.qxr-V1-ndk_platform.so" not found: needed by /vendor/lib64/libqvrservice.so in namespace (default)
08-26 19:43:15.206 8778 8778 F linker : CANNOT LINK EXECUTABLE "/vendor/bin/hw/qvrservice": library "vendor.qti.hardware.qxr-V1-ndk_platform.so" not found: needed by /vendor/lib64/libqvrservice.so in namespace (default)
08-26 19:43:15.209 8779 8779 F linker : CANNOT LINK EXECUTABLE "/vendor/bin/hw/sxrservice": library "vendor.qti.hardware.qxr-V1-ndk_platform.so" not found: needed by main executable
08-26 19:43:15.639 1146 1748 I UsageStatsService: User[0] Flushing usage stats to disk
08-26 19:43:20.235 8781 8781 F linker : CANNOT LINK EXECUTABLE "/vendor/bin/hw/qvrservice": library "vendor.qti.hardware.qxr-V1-ndk_platform.so" not found: needed by /vendor/lib64/libqvrservice.so in namespace (default)
08-26 19:43:20.260 8782 8782 F linker : CANNOT LINK EXECUTABLE "/vendor/bin/hw/sxrservice": library "vendor.qti.hardware.qxr-V1-ndk_platform.so" not found: needed by main executable
08-26 19:43:25.287 8784 8784 F linker : CANNOT LINK EXECUTABLE "/vendor/bin/hw/qvrservice": library "vendor.qti.hardware.qxr-V1-ndk_platform.so" not found: needed by /vendor/lib64/libqvrservice.so in namespace (default)
08-26 19:43:25.290 8785 8785 F linker : CANNOT LINK EXECUTABLE "/vendor/bin/hw/sxrservice": library "vendor.qti.hardware.qxr-V1-ndk_platform.so" not found: needed by main executable
08-26 19:43:30.327 8788 8788 F linker : CANNOT LINK EXECUTABLE "/vendor/bin/hw/sxrservice": library "vendor.qti.hardware.qxr-V1-ndk_platform.so" not found: needed by main executable
08-26 19:43:30.329 8787 8787 F linker : CANNOT LINK EXECUTABLE "/vendor/bin/hw/qvrservice": library "vendor.qti.hardware.qxr-V1-ndk_platform.so" not found: needed by /vendor/lib64/libqvrservice.so in namespace (default)
08-26 19:43:35.369 8791 8791 F linker : CANNOT LINK EXECUTABLE "/vendor/bin/hw/sxrservice": library "vendor.qti.hardware.qxr-V1-ndk_platform.so" not found: needed by main executable
08-26 19:43:35.370 8790 8790 F linker : CANNOT LINK EXECUTABLE "/vendor/bin/hw/qvrservice": library "vendor.qti.hardware.qxr-V1-ndk_platform.so" not found: needed by /vendor/lib64/libqvrservice.so in namespace (default)
08-26 19:43:40.425 8793 8793 F linker : CANNOT LINK EXECUTABLE "/vendor/bin/hw/qvrservice": library "vendor.qti.hardware.qxr-V1-ndk_platform.so" not found: needed by /vendor/lib64/libqvrservice.so in namespace (default)
08-26 19:43:40.428 8794 8794 F linker : CANNOT LINK EXECUTABLE "/vendor/bin/hw/sxrservice": library "vendor.qti.hardware.qxr-V1-ndk_platform.so" not found: needed by main executable
08-26 19:43:45.491 8796 8796 F linker : CANNOT LINK EXECUTABLE "/vendor/bin/hw/qvrservice": library "vendor.qti.hardware.qxr-V1-ndk_platform.so" not found: needed by /vendor/lib64/libqvrservice.so in namespace (default)
08-26 19:43:45.507 8797 8797 F linker : CANNOT LINK EXECUTABLE "/vendor/bin/hw/sxrservice": library "vendor.qti.hardware.qxr-V1-ndk_platform.so" not found: needed by main executable
08-26 19:43:50.531 8799 8799 F linker : CANNOT LINK EXECUTABLE "/vendor/bin/hw/qvrservice": library "vendor.qti.hardware.qxr-V1-ndk_platform.so" not found: needed by /vendor/lib64/libqvrservice.so in namespace (default)
08-26 19:43:50.545 8800 8800 F linker : CANNOT LINK EXECUTABLE "/vendor/bin/hw/sxrservice": library "vendor.qti.hardware.qxr-V1-ndk_platform.so" not found: needed by main executable
08-26 19:43:55.571 8802 8802 F linker : CANNOT LINK EXECUTABLE "/vendor/bin/hw/qvrservice": library "vendor.qti.hardware.qxr-V1-ndk_platform.so" not found: needed by /vendor/lib64/libqvrservice.so in namespace (default)
08-26 19:43:55.586 8803 8803 F linker : CANNOT LINK EXECUTABLE "/vendor/bin/hw/sxrservice": library "vendor.qti.hardware.qxr-V1-ndk_platform.so" not found: needed by main executable
08-26 19:44:00.628 8806 8806 F linker : CANNOT LINK EXECUTABLE "/vendor/bin/hw/sxrservice": library "vendor.qti.hardware.qxr-V1-ndk_platform.so" not found: needed by main executable
08-26 19:44:00.628 8805 8805 F linker : CANNOT LINK EXECUTABLE "/vendor/bin/hw/qvrservice": library "vendor.qti.hardware.qxr-V1-ndk_platform.so" not found: needed by /vendor/lib64/libqvrservice.so in namespace (default)
08-26 19:44:05.668 8809 8809 F linker : CANNOT LINK EXECUTABLE "/vendor/bin/hw/sxrservice": library "vendor.qti.hardware.qxr-V1-ndk_platform.so" not found: needed by main executable
08-26 19:44:05.668 8808 8808 F linker : CANNOT LINK EXECUTABLE "/vendor/bin/hw/qvrservice": library "vendor.qti.hardware.qxr-V1-ndk_platform.so" not found: needed by /vendor/lib64/libqvrservice.so in namespace (default) --------- beginning of kernel
01-01 10:23:09.279 0 0 I init : starting service 'qvrd_vndr'...
01-01 10:23:09.285 0 0 I init : Created socket '/dev/socket/qvrservice_vndr', mode 660, user 1000, group 1000
01-01 10:23:09.295 0 0 I init : Created socket '/dev/socket/qvrservice_vndr_camera', mode 660, user 1000, group 1000
01-01 10:23:09.320 0 0 I init : starting service 'sxrd'...
01-01 10:23:09.337 0 0 I init : starting service 'vendor.light-hal-2-0'...
08-26 19:44:10.706 8812 8812 F linker : CANNOT LINK EXECUTABLE "/vendor/bin/hw/sxrservice": library "vendor.qti.hardware.qxr-V1-ndk_platform.so" not found: needed by main executable
08-26 19:44:10.708 8811 8811 F linker : CANNOT LINK EXECUTABLE "/vendor/bin/hw/qvrservice": library "vendor.qti.hardware.qxr-V1-ndk_platform.so" not found: needed by /vendor/lib64/libqvrservice.so in namespace (default)
01-01 10:23:09.362 0 0 I init : Service 'sxrd' (pid 8812) exited with status 1
01-01 10:23:09.368 0 0 I init : Sending signal 9 to service 'sxrd' (pid 8812) process group...
01-01 10:23:09.376 0 0 I libprocessgroup: Successfully killed process cgroup uid 1000 pid 8812 in 0ms
01-01 10:23:09.386 0 0 I init : Service 'qvrd_vndr' (pid 8811) exited with status 1
01-01 10:23:09.393 0 0 I init : Sending signal 9 to service 'qvrd_vndr' (pid 8811) process group...
01-01 10:23:09.713 0 0 D : mv2112_read_status
01-01 10:23:09.717 0 0 D mv2112_update_link: 3.0x901(1G): 0x80
01-01 10:23:09.722 0 0 D mv2112_update_link: 3.0x8109(100M): 0x0
01-01 10:23:09.728 0 0 D mv2112_update_link: link 0x0
01-01 10:23:09.732 0 0 D mv2112_read_status: autoneg is disabled
01-01 10:23:10.737 0 0 D : mv2112_read_status
01-01 10:23:10.741 0 0 D mv2112_update_link: 3.0x901(1G): 0x80
01-01 10:23:10.746 0 0 D mv2112_update_link: 3.0x8109(100M): 0x0
01-01 10:23:10.752 0 0 D mv2112_update_link: link 0x0
01-01 10:23:10.756 0 0 D mv2112_read_status: autoneg is disabled
01-01 10:23:11.761 0 0 D : mv2112_read_status
01-01 10:23:11.765 0 0 D mv2112_update_link: 3.0x901(1G): 0x80
01-01 10:23:11.771 0 0 D mv2112_update_link: 3.0x8109(100M): 0x0
01-01 10:23:11.776 0 0 D mv2112_update_link: link 0x0
01-01 10:23:11.780 0 0 D mv2112_read_status: autoneg is disabled
01-01 10:23:12.785 0 0 D : mv2112_read_status
01-01 10:23:12.789 0 0 D mv2112_update_link: 3.0x901(1G): 0x80
01-01 10:23:12.801 0 0 D mv2112_update_link: 3.0x8109(100M): 0x0
01-01 10:23:12.806 0 0 D mv2112_update_link: link 0x0
01-01 10:23:12.811 0 0 D mv2112_read_status: autoneg is disabled
01-01 10:23:13.841 0 0 D : mv2112_read_status
01-01 10:23:13.844 0 0 D mv2112_update_link: 3.0x901(1G): 0x80
01-01 10:23:13.851 0 0 D mv2112_update_link: 3.0x8109(100M): 0x0
01-01 10:23:13.856 0 0 D mv2112_update_link: link 0x0
01-01 10:23:13.861 0 0 D mv2112_read_status: autoneg is disabled
01-01 10:23:14.319 0 0 I init : starting service 'qvrd_vndr'...
01-01 10:23:14.326 0 0 I init : Created socket '/dev/socket/qvrservice_vndr', mode 660, user 1000, group 1000
01-01 10:23:14.336 0 0 I init : Created socket '/dev/socket/qvrservice_vndr_camera', mode 660, user 1000, group 1000
01-01 10:23:14.362 0 0 I init : starting service 'sxrd'...
01-01 10:23:14.378 0 0 I init : starting service 'vendor.light-hal-2-0'...
08-26 19:44:15.748 8814 8814 F linker : CANNOT LINK EXECUTABLE "/vendor/bin/hw/qvrservice": library "vendor.qti.hardware.qxr-V1-ndk_platform.so" not found: needed by /vendor/lib64/libqvrservice.so in namespace (default)
08-26 19:44:15.748 8815 8815 F linker : CANNOT LINK EXECUTABLE "/vendor/bin/hw/sxrservice": library "vendor.qti.hardware.qxr-V1-ndk_platform.so" not found: needed by main executable
01-01 10:23:14.403 0 0 I init : Service 'qvrd_vndr' (pid 8814) exited with status 1
01-01 10:23:14.410 0 0 I init : Sending signal 9 to service 'qvrd_vndr' (pid 8814) process group...
01-01 10:23:14.418 0 0 I libprocessgroup: Successfully killed process cgroup uid 1000 pid 8814 in 0ms
01-01 10:23:14.428 0 0 I init : Service 'sxrd' (pid 8815) exited with status 1
01-01 10:23:14.434 0 0 I init : Sending signal 9 to service 'sxrd' (pid 8815) process group...
01-01 10:23:14.865 0 0 D : mv2112_read_status
01-01 10:23:14.869 0 0 D mv2112_update_link: 3.0x901(1G): 0x80
01-01 10:23:14.874 0 0 D mv2112_update_link: 3.0x8109(100M): 0x0
01-01 10:23:14.880 0 0 D mv2112_update_link: link 0x0
01-01 10:23:14.884 0 0 D mv2112_read_status: autoneg is disabled
01-01 10:23:15.889 0 0 D : mv2112_read_status
01-01 10:23:15.893 0 0 D mv2112_update_link: 3.0x901(1G): 0x80
01-01 10:23:15.898 0 0 D mv2112_update_link: 3.0x8109(100M): 0x0
01-01 10:23:15.903 0 0 D mv2112_update_link: link 0x0
01-01 10:23:15.908 0 0 D mv2112_read_status: autoneg is disabled
01-01 10:23:16.913 0 0 D : mv2112_read_status
01-01 10:23:16.917 0 0 D mv2112_update_link: 3.0x901(1G): 0x80
01-01 10:23:16.922 0 0 D mv2112_update_link: 3.0x8109(100M): 0x0
01-01 10:23:16.928 0 0 D mv2112_update_link: link 0x0
01-01 10:23:16.932 0 0 D mv2112_read_status: autoneg is disabled
01-01 10:23:17.937 0 0 D : mv2112_read_status
01-01 10:23:17.941 0 0 D mv2112_update_link: 3.0x901(1G): 0x80
01-01 10:23:17.947 0 0 D mv2112_update_link: 3.0x8109(100M): 0x0
01-01 10:23:17.952 0 0 D mv2112_update_link: link 0x0
01-01 10:23:17.958 0 0 D mv2112_read_status: autoneg is disabled
01-01 10:23:18.961 0 0 D : mv2112_read_status
01-01 10:23:18.965 0 0 D mv2112_update_link: 3.0x901(1G): 0x80
01-01 10:23:18.970 0 0 D mv2112_update_link: 3.0x8109(100M): 0x0
01-01 10:23:18.975 0 0 D mv2112_update_link: link 0x0
01-01 10:23:18.979 0 0 D mv2112_read_status: autoneg is disabled
01-01 10:23:19.360 0 0 I init : starting service 'qvrd_vndr'...
01-01 10:23:19.366 0 0 I init : Created socket '/dev/socket/qvrservice_vndr', mode 660, user 1000, group 1000
01-01 10:23:19.376 0 0 I init : Created socket '/dev/socket/qvrservice_vndr_camera', mode 660, user 1000, group 1000
01-01 10:23:19.400 0 0 I init : starting service 'sxrd'...
01-01 10:23:19.416 0 0 I init : starting service 'vendor.light-hal-2-0'...
08-26 19:44:20.788 8819 8819 F linker : CANNOT LINK EXECUTABLE "/vendor/bin/hw/sxrservice": library "vendor.qti.hardware.qxr-V1-ndk_platform.so" not found: needed by main executable
08-26 19:44:20.791 8818 8818 F linker : CANNOT LINK EXECUTABLE "/vendor/bin/hw/qvrservice": library "vendor.qti.hardware.qxr-V1-ndk_platform.so" not found: needed by /vendor/lib64/libqvrservice.so in namespace (default)
01-01 10:23:19.444 0 0 I init : Service 'sxrd' (pid 8819) exited with status 1
01-01 10:23:19.450 0 0 I init : Sending signal 9 to service 'sxrd' (pid 8819) process group...
01-01 10:23:19.458 0 0 I libprocessgroup: Successfully killed process cgroup uid 1000 pid 8819 in 0ms
01-01 10:23:19.467 0 0 I init : Service 'qvrd_vndr' (pid 8818) exited with status 1
01-01 10:23:19.474 0 0 I init : Sending signal 9 to service 'qvrd_vndr' (pid 8818) process group...
01-01 10:23:19.985 0 0 D : mv2112_read_status
01-01 10:23:19.988 0 0 D mv2112_update_link: 3.0x901(1G): 0x80
01-01 10:23:19.994 0 0 D mv2112_update_link: 3.0x8109(100M): 0x0
01-01 10:23:19.999 0 0 D mv2112_update_link: link 0x0
01-01 10:23:20.003 0 0 D mv2112_read_status: autoneg is disabled
01-01 10:23:21.009 0 0 D : mv2112_read_status
01-01 10:23:21.013 0 0 D mv2112_update_link: 3.0x901(1G): 0x80
01-01 10:23:21.019 0 0 D mv2112_update_link: 3.0x8109(100M): 0x0
01-01 10:23:21.024 0 0 D mv2112_update_link: link 0x0
01-01 10:23:21.029 0 0 D mv2112_read_status: autoneg is disabled
01-01 10:23:22.033 0 0 D : mv2112_read_status
01-01 10:23:22.038 0 0 D mv2112_update_link: 3.0x901(1G): 0x80
01-01 10:23:22.043 0 0 D mv2112_update_link: 3.0x8109(100M): 0x0
01-01 10:23:22.048 0 0 D mv2112_update_link: link 0x0
01-01 10:23:22.052 0 0 D mv2112_read_status: autoneg is disabled
01-01 10:23:23.057 0 0 D : mv2112_read_status
01-01 10:23:23.061 0 0 D mv2112_update_link: 3.0x901(1G): 0x80
01-01 10:23:23.067 0 0 D mv2112_update_link: 3.0x8109(100M): 0x0
01-01 10:23:23.072 0 0 D mv2112_update_link: link 0x0
01-01 10:23:23.076 0 0 D mv2112_read_status: autoneg is disabled
01-01 10:23:24.081 0 0 D : mv2112_read_status
01-01 10:23:24.085 0 0 D mv2112_update_link: 3.0x901(1G): 0x80
01-01 10:23:24.090 0 0 D mv2112_update_link: 3.0x8109(100M): 0x0
01-01 10:23:24.096 0 0 D mv2112_update_link: link 0x0
01-01 10:23:24.100 0 0 D mv2112_read_status: autoneg is disabled
01-01 10:23:24.400 0 0 I init : starting service 'qvrd_vndr'...
01-01 10:23:24.407 0 0 I init : Created socket '/dev/socket/qvrservice_vndr', mode 660, user 1000, group 1000
01-01 10:23:24.417 0 0 I init : Created socket '/dev/socket/qvrservice_vndr_camera', mode 660, user 1000, group 1000
01-01 10:23:24.447 0 0 I init : starting service 'sxrd'...
01-01 10:23:24.465 0 0 I init : starting service 'vendor.light-hal-2-0'...
08-26 19:44:25.846 8822 8822 F linker : CANNOT LINK EXECUTABLE "/vendor/bin/hw/sxrservice": library "vendor.qti.hardware.qxr-V1-ndk_platform.so" not found: needed by main executable
08-26 19:44:25.847 8821 8821 F linker : CANNOT LINK EXECUTABLE "/vendor/bin/hw/qvrservice": library "vendor.qti.hardware.qxr-V1-ndk_platform.so" not found: needed by /vendor/lib64/libqvrservice.so in namespace (default)
01-01 10:23:24.501 0 0 I init : Service 'sxrd' (pid 8822) exited with status 1
01-01 10:23:24.507 0 0 I init : Sending signal 9 to service 'sxrd' (pid 8822) process group...
01-01 10:23:24.515 0 0 I libprocessgroup: Successfully killed process cgroup uid 1000 pid 8822 in 0ms
01-01 10:23:24.527 0 0 I init : Service 'qvrd_vndr' (pid 8821) exited with status 1
01-01 10:23:24.534 0 0 I init : Sending signal 9 to service 'qvrd_vndr' (pid 8821) process group...
01-01 10:23:25.105 0 0 D : mv2112_read_status
01-01 10:23:25.108 0 0 D mv2112_update_link: 3.0x901(1G): 0x80
01-01 10:23:25.114 0 0 D mv2112_update_link: 3.0x8109(100M): 0x0
01-01 10:23:25.119 0 0 D mv2112_update_link: link 0x0
01-01 10:23:25.124 0 0 D mv2112_read_status: autoneg is disabled
01-01 10:23:26.129 0 0 D : mv2112_read_status
01-01 10:23:26.132 0 0 D mv2112_update_link: 3.0x901(1G): 0x80
01-01 10:23:26.138 0 0 D mv2112_update_link: 3.0x8109(100M): 0x0
01-01 10:23:26.143 0 0 D mv2112_update_link: link 0x0
01-01 10:23:26.147 0 0 D mv2112_read_status: autoneg is disabled
01-01 10:23:27.155 0 0 D : mv2112_read_status
01-01 10:23:27.158 0 0 D mv2112_update_link: 3.0x901(1G): 0x80
01-01 10:23:27.165 0 0 D mv2112_update_link: 3.0x8109(100M): 0x0
01-01 10:23:27.171 0 0 D mv2112_update_link: link 0x0
01-01 10:23:27.176 0 0 D mv2112_read_status: autoneg is disabled
01-01 10:23:28.209 0 0 D : mv2112_read_status
01-01 10:23:28.213 0 0 D mv2112_update_link: 3.0x901(1G): 0x80
01-01 10:23:28.218 0 0 D mv2112_update_link: 3.0x8109(100M): 0x0
01-01 10:23:28.224 0 0 D mv2112_update_link: link 0x0
01-01 10:23:28.228 0 0 D mv2112_read_status: autoneg is disabled
01-01 10:23:29.233 0 0 D : mv2112_read_status
01-01 10:23:29.237 0 0 D mv2112_update_link: 3.0x901(1G): 0x80
01-01 10:23:29.243 0 0 D mv2112_update_link: 3.0x8109(100M): 0x0
01-01 10:23:29.248 0 0 D mv2112_update_link: link 0x0
01-01 10:23:29.252 0 0 D mv2112_read_status: autoneg is disabled
01-01 10:23:29.447 0 0 I init : starting service 'qvrd_vndr'...
01-01 10:23:29.453 0 0 I init : Created socket '/dev/socket/qvrservice_vndr', mode 660, user 1000, group 1000
01-01 10:23:29.463 0 0 I init : Created socket '/dev/socket/qvrservice_vndr_camera', mode 660, user 1000, group 1000
01-01 10:23:29.490 0 0 I init : starting service 'sxrd'...
01-01 10:23:29.508 0 0 I init : starting service 'vendor.light-hal-2-0'...
08-26 19:44:30.886 8824 8824 F linker : CANNOT LINK EXECUTABLE "/vendor/bin/hw/qvrservice": library "vendor.qti.hardware.qxr-V1-ndk_platform.so" not found: needed by /vendor/lib64/libqvrservice.so in namespace (default)
08-26 19:44:30.886 8825 8825 F linker : CANNOT LINK EXECUTABLE "/vendor/bin/hw/sxrservice": library "vendor.qti.hardware.qxr-V1-ndk_platform.so" not found: needed by main executable
01-01 10:23:29.541 0 0 I init : Service 'qvrd_vndr' (pid 8824) exited with status 1
01-01 10:23:29.548 0 0 I init : Sending signal 9 to service 'qvrd_vndr' (pid 8824) process group...
01-01 10:23:29.556 0 0 I libprocessgroup: Successfully killed process cgroup uid 1000 pid 8824 in 0ms
01-01 10:23:29.567 0 0 I init : Service 'sxrd' (pid 8825) exited with status 1
01-01 10:23:29.573 0 0 I init : Sending signal 9 to service 'sxrd' (pid 8825) process group...
01-01 10:23:30.257 0 0 D : mv2112_read_status
01-01 10:23:30.261 0 0 D mv2112_update_link: 3.0x901(1G): 0x80
01-01 10:23:30.266 0 0 D mv2112_update_link: 3.0x8109(100M): 0x0
01-01 10:23:30.272 0 0 D mv2112_update_link: link 0x0
01-01 10:23:30.276 0 0 D mv2112_read_status: autoneg is disabled
01-01 10:23:31.281 0 0 D : mv2112_read_status
01-01 10:23:31.285 0 0 D mv2112_update_link: 3.0x901(1G): 0x80
01-01 10:23:31.290 0 0 D mv2112_update_link: 3.0x8109(100M): 0x0
01-01 10:23:31.295 0 0 D mv2112_update_link: link 0x0
01-01 10:23:31.299 0 0 D mv2112_read_status: autoneg is disabled
01-01 10:23:32.305 0 0 D : mv2112_read_status
01-01 10:23:32.309 0 0 D mv2112_update_link: 3.0x901(1G): 0x80
01-01 10:23:32.314 0 0 D mv2112_update_link: 3.0x8109(100M): 0x0
01-01 10:23:32.319 0 0 D mv2112_update_link: link 0x0
01-01 10:23:32.324 0 0 D mv2112_read_status: autoneg is disabled
01-01 10:23:33.329 0 0 D : mv2112_read_status
01-01 10:23:33.333 0 0 D mv2112_update_link: 3.0x901(1G): 0x80
01-01 10:23:33.338 0 0 D mv2112_update_link: 3.0x8109(100M): 0x0
01-01 10:23:33.344 0 0 D mv2112_update_link: link 0x0
01-01 10:23:33.348 0 0 D mv2112_read_status: autoneg is disabled
01-01 10:23:34.353 0 0 D : mv2112_read_status
01-01 10:23:34.357 0 0 D mv2112_update_link: 3.0x901(1G): 0x80
01-01 10:23:34.362 0 0 D mv2112_update_link: 3.0x8109(100M): 0x0
01-01 10:23:34.368 0 0 D mv2112_update_link: link 0x0
01-01 10:23:34.372 0 0 D mv2112_read_status: autoneg is disabled
01-01 10:23:34.490 0 0 I init : starting service 'qvrd_vndr'...
01-01 10:23:34.496 0 0 I init : Created socket '/dev/socket/qvrservice_vndr', mode 660, user 1000, group 1000
01-01 10:23:34.507 0 0 I init : Created socket '/dev/socket/qvrservice_vndr_camera', mode 660, user 1000, group 1000
01-01 10:23:34.532 0 0 I init : starting service 'sxrd'...
01-01 10:23:34.550 0 0 I init : starting service 'vendor.light-hal-2-0'...
08-26 19:44:35.926 8828 8828 F linker : CANNOT LINK EXECUTABLE "/vendor/bin/hw/sxrservice": library "vendor.qti.hardware.qxr-V1-ndk_platform.so" not found: needed by main executable
08-26 19:44:35.926 8827 8827 F linker : CANNOT LINK EXECUTABLE "/vendor/bin/hw/qvrservice": library "vendor.qti.hardware.qxr-V1-ndk_platform.so" not found: needed by /vendor/lib64/libqvrservice.so in namespace (default)
01-01 10:23:34.581 0 0 I init : Service 'sxrd' (pid 8828) exited with status 1
01-01 10:23:34.587 0 0 I init : Sending signal 9 to service 'sxrd' (pid 8828) process group...
01-01 10:23:34.595 0 0 I libprocessgroup: Successfully killed process cgroup uid 1000 pid 8828 in 0ms
01-01 10:23:34.606 0 0 I init : Service 'qvrd_vndr' (pid 8827) exited with status 1
01-01 10:23:34.613 0 0 I init : Sending signal 9 to service 'qvrd_vndr' (pid 8827) process group...
01-01 10:23:35.377 0 0 D : mv2112_read_status
01-01 10:23:35.381 0 0 D mv2112_update_link: 3.0x901(1G): 0x80
01-01 10:23:35.387 0 0 D mv2112_update_link: 3.0x8109(100M): 0x0
01-01 10:23:35.394 0 0 D mv2112_update_link: link 0x0
01-01 10:23:35.398 0 0 D mv2112_read_status: autoneg is disabled
01-01 10:23:36.401 0 0 D : mv2112_read_status
01-01 10:23:36.405 0 0 D mv2112_update_link: 3.0x901(1G): 0x80
01-01 10:23:36.421 0 0 D mv2112_update_link: 3.0x8109(100M): 0x0
01-01 10:23:36.433 0 0 D mv2112_update_link: link 0x0
01-01 10:23:36.445 0 0 D mv2112_read_status: autoneg is disabled
01-01 10:23:37.457 0 0 D : mv2112_read_status
01-01 10:23:37.461 0 0 D mv2112_update_link: 3.0x901(1G): 0x80
01-01 10:23:37.466 0 0 D mv2112_update_link: 3.0x8109(100M): 0x0
01-01 10:23:37.472 0 0 D mv2112_update_link: link 0x0
01-01 10:23:37.477 0 0 D mv2112_read_status: autoneg is disabled
01-01 10:23:38.481 0 0 D : mv2112_read_status
01-01 10:23:38.485 0 0 D mv2112_update_link: 3.0x901(1G): 0x80
01-01 10:23:38.491 0 0 D mv2112_update_link: 3.0x8109(100M): 0x0
01-01 10:23:38.496 0 0 D mv2112_update_link: link 0x0
01-01 10:23:38.500 0 0 D mv2112_read_status: autoneg is disabled
01-01 10:23:39.505 0 0 D : mv2112_read_status
01-01 10:23:39.509 0 0 D mv2112_update_link: 3.0x901(1G): 0x80
01-01 10:23:39.514 0 0 D mv2112_update_link: 3.0x8109(100M): 0x0
01-01 10:23:39.520 0 0 D mv2112_update_link: link 0x0
01-01 10:23:39.524 0 0 D mv2112_read_status: autoneg is disabled
01-01 10:23:39.533 0 0 I init : starting service 'qvrd_vndr'...
01-01 10:23:39.540 0 0 I init : Created socket '/dev/socket/qvrservice_vndr', mode 660, user 1000, group 1000
01-01 10:23:39.550 0 0 I init : Created socket '/dev/socket/qvrservice_vndr_camera', mode 660, user 1000, group 1000
01-01 10:23:39.576 0 0 I init : starting service 'sxrd'...
01-01 10:23:39.595 0 0 I init : starting service 'vendor.light-hal-2-0'...
08-26 19:44:40.953 8830 8830 F linker : CANNOT LINK EXECUTABLE "/vendor/bin/hw/qvrservice": library "vendor.qti.hardware.qxr-V1-ndk_platform.so" not found: needed by /vendor/lib64/libqvrservice.so in namespace (default)
01-01 10:23:39.614 0 0 I init : Service 'qvrd_vndr' (pid 8830) exited with status 1
01-01 10:23:39.620 0 0 I init : Sending signal 9 to service 'qvrd_vndr' (pid 8830) process group...
01-01 10:23:39.629 0 0 I libprocessgroup: Successfully killed process cgroup uid 1000 pid 8830 in 0ms
08-26 19:44:40.982 8831 8831 F linker : CANNOT LINK EXECUTABLE "/vendor/bin/hw/sxrservice": library "vendor.qti.hardware.qxr-V1-ndk_platform.so" not found: needed by main executable
01-01 10:23:39.638 0 0 I init : Service 'sxrd' (pid 8831) exited with status 1
01-01 10:23:39.644 0 0 I init : Sending signal 9 to service 'sxrd' (pid 8831) process group...
01-01 10:23:40.529 0 0 D : mv2112_read_status
01-01 10:23:40.532 0 0 D mv2112_update_link: 3.0x901(1G): 0x80
01-01 10:23:40.539 0 0 D mv2112_update_link: 3.0x8109(100M): 0x0
01-01 10:23:40.545 0 0 D mv2112_update_link: link 0x0
01-01 10:23:40.550 0 0 D mv2112_read_status: autoneg is disabled
01-01 10:23:41.585 0 0 D : mv2112_read_status
01-01 10:23:41.589 0 0 D mv2112_update_link: 3.0x901(1G): 0x80
01-01 10:23:41.594 0 0 D mv2112_update_link: 3.0x8109(100M): 0x0
01-01 10:23:41.599 0 0 D mv2112_update_link: link 0x0
01-01 10:23:41.604 0 0 D mv2112_read_status: autoneg is disabled
01-01 10:23:42.609 0 0 D : mv2112_read_status
01-01 10:23:42.613 0 0 D mv2112_update_link: 3.0x901(1G): 0x80
01-01 10:23:42.618 0 0 D mv2112_update_link: 3.0x8109(100M): 0x0
01-01 10:23:42.624 0 0 D mv2112_update_link: link 0x0
01-01 10:23:42.628 0 0 D mv2112_read_status: autoneg is disabled
01-01 10:23:43.633 0 0 D : mv2112_read_status
01-01 10:23:43.637 0 0 D mv2112_update_link: 3.0x901(1G): 0x80
01-01 10:23:43.642 0 0 D mv2112_update_link: 3.0x8109(100M): 0x0
01-01 10:23:43.647 0 0 D mv2112_update_link: link 0x0
01-01 10:23:43.651 0 0 D mv2112_read_status: autoneg is disabled
01-01 10:23:44.575 0 0 I init : starting service 'qvrd_vndr'...
01-01 10:23:44.582 0 0 I init : Created socket '/dev/socket/qvrservice_vndr', mode 660, user 1000, group 1000
01-01 10:23:44.593 0 0 I init : Created socket '/dev/socket/qvrservice_vndr_camera', mode 660, user 1000, group 1000
01-01 10:23:44.620 0 0 I init : starting service 'sxrd'...
01-01 10:23:44.638 0 0 I init : starting service 'vendor.light-hal-2-0'...
08-26 19:44:46.009 8834 8834 F linker : CANNOT LINK EXECUTABLE "/vendor/bin/hw/sxrservice": library "vendor.qti.hardware.qxr-V1-ndk_platform.so" not found: needed by main executable
08-26 19:44:46.011 8833 8833 F linker : CANNOT LINK EXECUTABLE "/vendor/bin/hw/qvrservice": library "vendor.qti.hardware.qxr-V1-ndk_platform.so" not found: needed by /vendor/lib64/libqvrservice.so in namespace (default)
01-01 10:23:44.657 0 0 D : mv2112_read_status
01-01 10:23:44.660 0 0 D mv2112_update_link: 3.0x901(1G): 0x80
01-01 10:23:44.665 0 0 I init : Service 'sxrd' (pid 8834) exited with status 1
01-01 10:23:44.671 0 0 I init : Sending signal 9 to service 'sxrd' (pid 8834) process group...
01-01 10:23:44.673 0 0 D mv2112_update_link: 3.0x8109(100M): 0x0
01-01 10:23:44.679 0 0 I libprocessgroup: Successfully killed process cgroup uid 1000 pid 8834 in 0ms
01-01 10:23:44.684 0 0 D mv2112_update_link: link 0x0
01-01 10:23:44.694 0 0 I init : Service 'qvrd_vndr' (pid 8833) exited with status 1
01-01 10:23:44.697 0 0 D mv2112_read_status: autoneg is disabled
01-01 10:23:44.703 0 0 I init : Sending signal 9 to service 'qvrd_vndr' (pid 8833) process group...
01-01 10:23:45.746 0 0 D : mv2112_read_status
01-01 10:23:45.750 0 0 D mv2112_update_link: 3.0x901(1G): 0x80
01-01 10:23:45.761 0 0 D mv2112_update_link: 3.0x8109(100M): 0x0
01-01 10:23:45.766 0 0 D mv2112_update_link: link 0x0
01-01 10:23:45.771 0 0 D mv2112_read_status: autoneg is disabled
01-01 10:23:46.801 0 0 D : mv2112_read_status
01-01 10:23:46.805 0 0 D mv2112_update_link: 3.0x901(1G): 0x80
01-01 10:23:46.810 0 0 D mv2112_update_link: 3.0x8109(100M): 0x0
01-01 10:23:46.815 0 0 D mv2112_update_link: link 0x0
01-01 10:23:46.820 0 0 D mv2112_read_status: autoneg is disabled
01-01 10:23:47.825 0 0 D : mv2112_read_status
01-01 10:23:47.828 0 0 D mv2112_update_link: 3.0x901(1G): 0x80
01-01 10:23:47.834 0 0 D mv2112_update_link: 3.0x8109(100M): 0x0
01-01 10:23:47.839 0 0 D mv2112_update_link: link 0x0
01-01 10:23:47.843 0 0 D mv2112_read_status: autoneg is disabled
01-01 10:23:48.849 0 0 D : mv2112_read_status
01-01 10:23:48.852 0 0 D mv2112_update_link: 3.0x901(1G): 0x80
01-01 10:23:48.858 0 0 D mv2112_update_link: 3.0x8109(100M): 0x0
01-01 10:23:48.863 0 0 D mv2112_update_link: link 0x0
01-01 10:23:48.867 0 0 D mv2112_read_status: autoneg is disabled
01-01 10:23:49.619 0 0 I init : starting service 'qvrd_vndr'...
01-01 10:23:49.625 0 0 I init : Created socket '/dev/socket/qvrservice_vndr', mode 660, user 1000, group 1000
01-01 10:23:49.636 0 0 I init : Created socket '/dev/socket/qvrservice_vndr_camera', mode 660, user 1000, group 1000
01-01 10:23:49.662 0 0 I init : starting service 'sxrd'...
01-01 10:23:49.678 0 0 I init : starting service 'vendor.light-hal-2-0'...
08-26 19:44:51.048 8836 8836 F linker : CANNOT LINK EXECUTABLE "/vendor/bin/hw/qvrservice": library "vendor.qti.hardware.qxr-V1-ndk_platform.so" not found: needed by /vendor/lib64/libqvrservice.so in namespace (default)
08-26 19:44:51.050 8837 8837 F linker : CANNOT LINK EXECUTABLE "/vendor/bin/hw/sxrservice": library "vendor.qti.hardware.qxr-V1-ndk_platform.so" not found: needed by main executable
01-01 10:23:49.704 0 0 I init : Service 'qvrd_vndr' (pid 8836) exited with status 1
01-01 10:23:49.711 0 0 I init : Sending signal 9 to service 'qvrd_vndr' (pid 8836) process group...
01-01 10:23:49.719 0 0 I libprocessgroup: Successfully killed process cgroup uid 1000 pid 8836 in 0ms
01-01 10:23:49.729 0 0 I init : Service 'sxrd' (pid 8837) exited with status 1
01-01 10:23:49.735 0 0 I init : Sending signal 9 to service 'sxrd' (pid 8837) process group...
01-01 10:23:49.873 0 0 D : mv2112_read_status
01-01 10:23:49.877 0 0 D mv2112_update_link: 3.0x901(1G): 0x80
01-01 10:23:49.882 0 0 D mv2112_update_link: 3.0x8109(100M): 0x0
01-01 10:23:49.887 0 0 D mv2112_update_link: link 0x0
01-01 10:23:49.892 0 0 D mv2112_read_status: autoneg is disabled
01-01 10:23:50.897 0 0 D : mv2112_read_status
01-01 10:23:50.901 0 0 D mv2112_update_link: 3.0x901(1G): 0x80
01-01 10:23:50.906 0 0 D mv2112_update_link: 3.0x8109(100M): 0x0
01-01 10:23:50.912 0 0 D mv2112_update_link: link 0x0
01-01 10:23:50.916 0 0 D mv2112_read_status: autoneg is disabled
01-01 10:23:51.921 0 0 D : mv2112_read_status
01-01 10:23:51.924 0 0 D mv2112_update_link: 3.0x901(1G): 0x80
01-01 10:23:51.930 0 0 D mv2112_update_link: 3.0x8109(100M): 0x0
01-01 10:23:51.935 0 0 D mv2112_update_link: link 0x0
01-01 10:23:51.939 0 0 D mv2112_read_status: autoneg is disabled
01-01 10:23:52.945 0 0 D : mv2112_read_status
01-01 10:23:52.949 0 0 D mv2112_update_link: 3.0x901(1G): 0x80
01-01 10:23:52.954 0 0 D mv2112_update_link: 3.0x8109(100M): 0x0
01-01 10:23:52.959 0 0 D mv2112_update_link: link 0x0
01-01 10:23:52.964 0 0 D mv2112_read_status: autoneg is disabled
01-01 10:23:53.969 0 0 D : mv2112_read_status
01-01 10:23:53.973 0 0 D mv2112_update_link: 3.0x901(1G): 0x80
01-01 10:23:53.978 0 0 D mv2112_update_link: 3.0x8109(100M): 0x0
01-01 10:23:53.984 0 0 D mv2112_update_link: link 0x0
01-01 10:23:53.988 0 0 D mv2112_read_status: autoneg is disabled
01-01 10:23:54.662 0 0 I init : starting service 'qvrd_vndr'...
01-01 10:23:54.668 0 0 I init : Created socket '/dev/socket/qvrservice_vndr', mode 660, user 1000, group 1000
01-01 10:23:54.679 0 0 I init : Created socket '/dev/socket/qvrservice_vndr_camera', mode 660, user 1000, group 1000
01-01 10:23:54.708 0 0 I init : starting service 'sxrd'...
01-01 10:23:54.731 0 0 I init : starting service 'vendor.light-hal-2-0'...
08-26 19:44:56.091 8839 8839 F linker : CANNOT LINK EXECUTABLE "/vendor/bin/hw/qvrservice": library "vendor.qti.hardware.qxr-V1-ndk_platform.so" not found: needed by /vendor/lib64/libqvrservice.so in namespace (default)
01-01 10:23:54.750 0 0 I init : Service 'qvrd_vndr' (pid 8839) exited with status 1
01-01 10:23:54.756 0 0 I init : Sending signal 9 to service 'qvrd_vndr' (pid 8839) process group...
01-01 10:23:54.765 0 0 I libprocessgroup: Successfully killed process cgroup uid 1000 pid 8839 in 0ms
08-26 19:44:56.112 8840 8840 F linker : CANNOT LINK EXECUTABLE "/vendor/bin/hw/sxrservice": library "vendor.qti.hardware.qxr-V1-ndk_platform.so" not found: needed by main executable
01-01 10:23:54.774 0 0 I init : Service 'sxrd' (pid 8840) exited with status 1
01-01 10:23:54.780 0 0 I init : Sending signal 9 to service 'sxrd' (pid 8840) process group...
01-01 10:23:54.993 0 0 D : mv2112_read_status
01-01 10:23:54.996 0 0 D mv2112_update_link: 3.0x901(1G): 0x80
01-01 10:23:55.003 0 0 D mv2112_update_link: 3.0x8109(100M): 0x0
01-01 10:23:55.008 0 0 D mv2112_update_link: link 0x0
01-01 10:23:55.013 0 0 D mv2112_read_status: autoneg is disabled
01-01 10:23:56.017 0 0 D : mv2112_read_status
01-01 10:23:56.021 0 0 D mv2112_update_link: 3.0x901(1G): 0x80
01-01 10:23:56.026 0 0 D mv2112_update_link: 3.0x8109(100M): 0x0
01-01 10:23:56.031 0 0 D mv2112_update_link: link 0x0
01-01 10:23:56.035 0 0 D mv2112_read_status: autoneg is disabled
01-01 10:23:57.041 0 0 D : mv2112_read_status
01-01 10:23:57.044 0 0 D mv2112_update_link: 3.0x901(1G): 0x80
01-01 10:23:57.050 0 0 D mv2112_update_link: 3.0x8109(100M): 0x0
01-01 10:23:57.055 0 0 D mv2112_update_link: link 0x0
01-01 10:23:57.059 0 0 D mv2112_read_status: autoneg is disabled
01-01 10:23:58.065 0 0 D : mv2112_read_status
01-01 10:23:58.068 0 0 D mv2112_update_link: 3.0x901(1G): 0x80
01-01 10:23:58.074 0 0 D mv2112_update_link: 3.0x8109(100M): 0x0
01-01 10:23:58.079 0 0 D mv2112_update_link: link 0x0
01-01 10:23:58.084 0 0 D mv2112_read_status: autoneg is disabled
01-01 10:23:59.089 0 0 D : mv2112_read_status
01-01 10:23:59.092 0 0 D mv2112_update_link: 3.0x901(1G): 0x80
01-01 10:23:59.098 0 0 D mv2112_update_link: 3.0x8109(100M): 0x0
01-01 10:23:59.104 0 0 D mv2112_update_link: link 0x0
01-01 10:23:59.109 0 0 D mv2112_read_status: autoneg is disabled
01-01 10:23:59.707 0 0 I init : starting service 'qvrd_vndr'...
01-01 10:23:59.714 0 0 I init : Created socket '/dev/socket/qvrservice_vndr', mode 660, user 1000, group 1000
01-01 10:23:59.724 0 0 I init : Created socket '/dev/socket/qvrservice_vndr_camera', mode 660, user 1000, group 1000
01-01 10:23:59.751 0 0 I init : starting service 'sxrd'...
01-01 10:23:59.769 0 0 I init : starting service 'vendor.light-hal-2-0'...
08-26 19:45:01.133 8842 8842 F linker : CANNOT LINK EXECUTABLE "/vendor/bin/hw/qvrservice": library "vendor.qti.hardware.qxr-V1-ndk_platform.so" not found: needed by /vendor/lib64/libqvrservice.so in namespace (default)
08-26 19:45:01.146 8843 8843 F linker : CANNOT LINK EXECUTABLE "/vendor/bin/hw/sxrservice": library "vendor.qti.hardware.qxr-V1-ndk_platform.so" not found: needed by main executable
01-01 10:23:59.795 0 0 I init : Service 'qvrd_vndr' (pid 8842) exited with status 1
01-01 10:23:59.802 0 0 I init : Sending signal 9 to service 'qvrd_vndr' (pid 8842) process group...
01-01 10:23:59.810 0 0 I libprocessgroup: Successfully killed process cgroup uid 1000 pid 8842 in 0ms
01-01 10:23:59.821 0 0 I init : Service 'sxrd' (pid 8843) exited with status 1
01-01 10:23:59.827 0 0 I init : Sending signal 9 to service 'sxrd' (pid 8843) process group...
01-01 10:24:00.113 0 0 D : mv2112_read_status
01-01 10:24:00.116 0 0 D mv2112_update_link: 3.0x901(1G): 0x80
01-01 10:24:00.123 0 0 D mv2112_update_link: 3.0x8109(100M): 0x0
01-01 10:24:00.129 0 0 D mv2112_update_link: link 0x0
01-01 10:24:00.133 0 0 D mv2112_read_status: autoneg is disabled
01-01 10:24:01.137 0 0 D : mv2112_read_status
01-01 10:24:01.142 0 0 D mv2112_update_link: 3.0x901(1G): 0x80
01-01 10:24:01.147 0 0 D mv2112_update_link: 3.0x8109(100M): 0x0
01-01 10:24:01.153 0 0 D mv2112_update_link: link 0x0
01-01 10:24:01.158 0 0 D mv2112_read_status: autoneg is disabled
01-01 10:24:02.161 0 0 D : mv2112_read_status
01-01 10:24:02.164 0 0 D mv2112_update_link: 3.0x901(1G): 0x80
01-01 10:24:02.170 0 0 D mv2112_update_link: 3.0x8109(100M): 0x0
01-01 10:24:02.175 0 0 D mv2112_update_link: link 0x0
01-01 10:24:02.179 0 0 D mv2112_read_status: autoneg is disabled
01-01 10:24:03.185 0 0 D : mv2112_read_status
01-01 10:24:03.188 0 0 D mv2112_update_link: 3.0x901(1G): 0x80
01-01 10:24:03.195 0 0 D mv2112_update_link: 3.0x8109(100M): 0x0
01-01 10:24:03.200 0 0 D mv2112_update_link: link 0x0
01-01 10:24:03.205 0 0 D mv2112_read_status: autoneg is disabled
01-01 10:24:04.209 0 0 D : mv2112_read_status
01-01 10:24:04.213 0 0 D mv2112_update_link: 3.0x901(1G): 0x80
01-01 10:24:04.233 0 0 D mv2112_update_link: 3.0x8109(100M): 0x0
01-01 10:24:04.245 0 0 D mv2112_update_link: link 0x0
01-01 10:24:04.249 0 0 D mv2112_read_status: autoneg is disabled
01-01 10:24:04.751 0 0 I init : starting service 'qvrd_vndr'...
01-01 10:24:04.757 0 0 I init : Created socket '/dev/socket/qvrservice_vndr', mode 660, user 1000, group 1000
01-01 10:24:04.768 0 0 I init : Created socket '/dev/socket/qvrservice_vndr_camera', mode 660, user 1000, group 1000
01-01 10:24:04.793 0 0 I init : starting service 'sxrd'...
01-01 10:24:04.811 0 0 I init : starting service 'vendor.light-hal-2-0'...
08-26 19:45:06.188 8846 8846 F linker : CANNOT LINK EXECUTABLE "/vendor/bin/hw/sxrservice": library "vendor.qti.hardware.qxr-V1-ndk_platform.so" not found: needed by main executable
08-26 19:45:06.189 8845 8845 F linker : CANNOT LINK EXECUTABLE "/vendor/bin/hw/qvrservice": library "vendor.qti.hardware.qxr-V1-ndk_platform.so" not found: needed by /vendor/lib64/libqvrservice.so in namespace (default)
01-01 10:24:04.843 0 0 I init : Service 'sxrd' (pid 8846) exited with status 1
01-01 10:24:04.850 0 0 I init : Sending signal 9 to service 'sxrd' (pid 8846) process group...
01-01 10:24:04.858 0 0 I libprocessgroup: Successfully killed process cgroup uid 1000 pid 8846 in 0ms
01-01 10:24:04.869 0 0 I init : Service 'qvrd_vndr' (pid 8845) exited with status 1
01-01 10:24:04.876 0 0 I init : Sending signal 9 to service 'qvrd_vndr' (pid 8845) process group...
01-01 10:24:05.265 0 0 D : mv2112_read_status
01-01 10:24:05.269 0 0 D mv2112_update_link: 3.0x901(1G): 0x80
01-01 10:24:05.274 0 0 D mv2112_update_link: 3.0x8109(100M): 0x0
01-01 10:24:05.280 0 0 D mv2112_update_link: link 0x0
01-01 10:24:05.284 0 0 D mv2112_read_status: autoneg is disabled
01-01 10:24:06.289 0 0 D : mv2112_read_status
01-01 10:24:06.293 0 0 D mv2112_update_link: 3.0x901(1G): 0x80
01-01 10:24:06.298 0 0 D mv2112_update_link: 3.0x8109(100M): 0x0
01-01 10:24:06.303 0 0 D mv2112_update_link: link 0x0
01-01 10:24:06.307 0 0 D mv2112_read_status: autoneg is disabled
01-01 10:24:07.313 0 0 D : mv2112_read_status
01-01 10:24:07.317 0 0 D mv2112_update_link: 3.0x901(1G): 0x80
01-01 10:24:07.322 0 0 D mv2112_update_link: 3.0x8109(100M): 0x0
01-01 10:24:07.327 0 0 D mv2112_update_link: link 0x0
01-01 10:24:07.331 0 0 D mv2112_read_status: autoneg is disabled
01-01 10:24:08.337 0 0 D : mv2112_read_status
01-01 10:24:08.341 0 0 D mv2112_update_link: 3.0x901(1G): 0x80
01-01 10:24:08.346 0 0 D mv2112_update_link: 3.0x8109(100M): 0x0
01-01 10:24:08.351 0 0 D mv2112_update_link: link 0x0
01-01 10:24:08.355 0 0 D mv2112_read_status: autoneg is disabled
01-01 10:24:09.361 0 0 D : mv2112_read_status
01-01 10:24:09.365 0 0 D mv2112_update_link: 3.0x901(1G): 0x80
01-01 10:24:09.370 0 0 D mv2112_update_link: 3.0x8109(100M): 0x0
01-01 10:24:09.375 0 0 D mv2112_update_link: link 0x0
01-01 10:24:09.380 0 0 D mv2112_read_status: autoneg is disabled
01-01 10:24:09.796 0 0 I init : starting service 'qvrd_vndr'...
01-01 10:24:09.807 0 0 I init : Created socket '/dev/socket/qvrservice_vndr', mode 660, user 1000, group 1000
01-01 10:24:09.819 0 0 I init : Created socket '/dev/socket/qvrservice_vndr_camera', mode 660, user 1000, group 1000
01-01 10:24:09.871 0 0 I init : starting service 'sxrd'...
01-01 10:24:09.893 0 0 I init : starting service 'vendor.light-hal-2-0'...
08-26 19:45:11.251 8848 8848 F linker : CANNOT LINK EXECUTABLE "/vendor/bin/hw/qvrservice": library "vendor.qti.hardware.qxr-V1-ndk_platform.so" not found: needed by /vendor/lib64/libqvrservice.so in namespace (default)
01-01 10:24:09.914 0 0 I init : Service 'qvrd_vndr' (pid 8848) exited with status 1
01-01 10:24:09.920 0 0 I init : Sending signal 9 to service 'qvrd_vndr' (pid 8848) process group...
01-01 10:24:09.929 0 0 I libprocessgroup: Successfully killed process cgroup uid 1000 pid 8848 in 0ms
08-26 19:45:11.276 8849 8849 F linker : CANNOT LINK EXECUTABLE "/vendor/bin/hw/sxrservice": library "vendor.qti.hardware.qxr-V1-ndk_platform.so" not found: needed by main executable
01-01 10:24:09.939 0 0 I init : Service 'sxrd' (pid 8849) exited with status 1
01-01 10:24:09.945 0 0 I init : Sending signal 9 to service 'sxrd' (pid 8849) process group...
01-01 10:24:10.385 0 0 D : mv2112_read_status
01-01 10:24:10.389 0 0 D mv2112_update_link: 3.0x901(1G): 0x80
01-01 10:24:10.394 0 0 D mv2112_update_link: 3.0x8109(100M): 0x0
01-01 10:24:10.399 0 0 D mv2112_update_link: link 0x0
01-01 10:24:10.403 0 0 D mv2112_read_status: autoneg is disabled
01-01 10:24:11.409 0 0 D : mv2112_read_status
01-01 10:24:11.413 0 0 D mv2112_update_link: 3.0x901(1G): 0x80
01-01 10:24:11.418 0 0 D mv2112_update_link: 3.0x8109(100M): 0x0
01-01 10:24:11.424 0 0 D mv2112_update_link: link 0x0
01-01 10:24:11.428 0 0 D mv2112_read_status: autoneg is disabled
01-01 10:24:12.433 0 0 D : mv2112_read_status
01-01 10:24:12.436 0 0 D mv2112_update_link: 3.0x901(1G): 0x80
01-01 10:24:12.442 0 0 D mv2112_update_link: 3.0x8109(100M): 0x0
01-01 10:24:12.448 0 0 D mv2112_update_link: link 0x0
01-01 10:24:12.452 0 0 D mv2112_read_status: autoneg is disabled
01-01 10:24:13.457 0 0 D : mv2112_read_status
01-01 10:24:13.461 0 0 D mv2112_update_link: 3.0x901(1G): 0x80
01-01 10:24:13.466 0 0 D mv2112_update_link: 3.0x8109(100M): 0x0
01-01 10:24:13.472 0 0 D mv2112_update_link: link 0x0
01-01 10:24:13.476 0 0 D mv2112_read_status: autoneg is disabled
01-01 10:24:14.481 0 0 D : mv2112_read_status
01-01 10:24:14.485 0 0 D mv2112_update_link: 3.0x901(1G): 0x80
01-01 10:24:14.490 0 0 D mv2112_update_link: 3.0x8109(100M): 0x0
01-01 10:24:14.495 0 0 D mv2112_update_link: link 0x0
01-01 10:24:14.500 0 0 D mv2112_read_status: autoneg is disabled
01-01 10:24:14.866 0 0 I init : starting service 'qvrd_vndr'...
01-01 10:24:14.872 0 0 I init : Created socket '/dev/socket/qvrservice_vndr', mode 660, user 1000, group 1000
01-01 10:24:14.883 0 0 I init : Created socket '/dev/socket/qvrservice_vndr_camera', mode 660, user 1000, group 1000
01-01 10:24:14.911 0 0 I init : starting service 'sxrd'...
01-01 10:24:14.929 0 0 I init : starting service 'vendor.light-hal-2-0'...
08-26 19:45:16.306 8852 8852 F linker : CANNOT LINK EXECUTABLE "/vendor/bin/hw/sxrservice": library "vendor.qti.hardware.qxr-V1-ndk_platform.so" not found: needed by main executable
08-26 19:45:16.307 8851 8851 F linker : CANNOT LINK EXECUTABLE "/vendor/bin/hw/qvrservice": library "vendor.qti.hardware.qxr-V1-ndk_platform.so" not found: needed by /vendor/lib64/libqvrservice.so in namespace (default)
01-01 10:24:14.962 0 0 I init : Service 'sxrd' (pid 8852) exited with status 1
01-01 10:24:14.968 0 0 I init : Sending signal 9 to service 'sxrd' (pid 8852) process group...
01-01 10:24:14.976 0 0 I libprocessgroup: Successfully killed process cgroup uid 1000 pid 8852 in 0ms
01-01 10:24:14.985 0 0 I init : Service 'qvrd_vndr' (pid 8851) exited with status 1
01-01 10:24:14.992 0 0 I init : Sending signal 9 to service 'qvrd_vndr' (pid 8851) process group...
01-01 10:24:15.505 0 0 D : mv2112_read_status
01-01 10:24:15.509 0 0 D mv2112_update_link: 3.0x901(1G): 0x80
01-01 10:24:15.514 0 0 D mv2112_update_link: 3.0x8109(100M): 0x0
01-01 10:24:15.520 0 0 D mv2112_update_link: link 0x0
01-01 10:24:15.524 0 0 D mv2112_read_status: autoneg is disabled
01-01 10:24:16.529 0 0 D : mv2112_read_status
01-01 10:24:16.532 0 0 D mv2112_update_link: 3.0x901(1G): 0x80
01-01 10:24:16.538 0 0 D mv2112_update_link: 3.0x8109(100M): 0x0
01-01 10:24:16.543 0 0 D mv2112_update_link: link 0x0
01-01 10:24:16.547 0 0 D mv2112_read_status: autoneg is disabled
01-01 10:24:17.553 0 0 D : mv2112_read_status
01-01 10:24:17.556 0 0 D mv2112_update_link: 3.0x901(1G): 0x80
01-01 10:24:17.562 0 0 D mv2112_update_link: 3.0x8109(100M): 0x0
01-01 10:24:17.573 0 0 D mv2112_update_link: link 0x0
01-01 10:24:17.577 0 0 D mv2112_read_status: autoneg is disabled
01-01 10:24:18.609 0 0 D : mv2112_read_status
01-01 10:24:18.613 0 0 D mv2112_update_link: 3.0x901(1G): 0x80
01-01 10:24:18.618 0 0 D mv2112_update_link: 3.0x8109(100M): 0x0
01-01 10:24:18.624 0 0 D mv2112_update_link: link 0x0
01-01 10:24:18.628 0 0 D mv2112_read_status: autoneg is disabled
01-01 10:24:19.633 0 0 D : mv2112_read_status
01-01 10:24:19.637 0 0 D mv2112_update_link: 3.0x901(1G): 0x80
01-01 10:24:19.642 0 0 D mv2112_update_link: 3.0x8109(100M): 0x0
01-01 10:24:19.648 0 0 D mv2112_update_link: link 0x0
01-01 10:24:19.652 0 0 D mv2112_read_status: autoneg is disabled
01-01 10:24:19.911 0 0 I init : starting service 'qvrd_vndr'...
01-01 10:24:19.918 0 0 I init : Created socket '/dev/socket/qvrservice_vndr', mode 660, user 1000, group 1000
01-01 10:24:19.928 0 0 I init : Created socket '/dev/socket/qvrservice_vndr_camera', mode 660, user 1000, group 1000
01-01 10:24:19.953 0 0 I init : starting service 'sxrd'...
01-01 10:24:19.970 0 0 I init : starting service 'vendor.light-hal-2-0'...
08-26 19:45:21.330 8854 8854 F linker : CANNOT LINK EXECUTABLE "/vendor/bin/hw/qvrservice": library "vendor.qti.hardware.qxr-V1-ndk_platform.so" not found: needed by /vendor/lib64/libqvrservice.so in namespace (default)
01-01 10:24:19.986 0 0 I init : Service 'qvrd_vndr' (pid 8854) exited with status 1
01-01 10:24:19.993 0 0 I init : Sending signal 9 to service 'qvrd_vndr' (pid 8854) process group...
01-01 10:24:20.001 0 0 I libprocessgroup: Successfully killed process cgroup uid 1000 pid 8854 in 0ms
08-26 19:45:21.353 8855 8855 F linker : CANNOT LINK EXECUTABLE "/vendor/bin/hw/sxrservice": library "vendor.qti.hardware.qxr-V1-ndk_platform.so" not found: needed by main executable
01-01 10:24:20.012 0 0 I init : Service 'sxrd' (pid 8855) exited with status 1
01-01 10:24:20.019 0 0 I init : Sending signal 9 to service 'sxrd' (pid 8855) process group...
01-01 10:24:20.657 0 0 D : mv2112_read_status
01-01 10:24:20.661 0 0 D mv2112_update_link: 3.0x901(1G): 0x80
01-01 10:24:20.667 0 0 D mv2112_update_link: 3.0x8109(100M): 0x0
01-01 10:24:20.672 0 0 D mv2112_update_link: link 0x0
01-01 10:24:20.677 0 0 D mv2112_read_status: autoneg is disabled
01-01 10:24:21.681 0 0 D : mv2112_read_status
01-01 10:24:21.685 0 0 D mv2112_update_link: 3.0x901(1G): 0x80
01-01 10:24:21.691 0 0 D mv2112_update_link: 3.0x8109(100M): 0x0
01-01 10:24:21.697 0 0 D mv2112_update_link: link 0x0
01-01 10:24:21.701 0 0 D mv2112_read_status: autoneg is disabled
01-01 10:24:22.705 0 0 D : mv2112_read_status
01-01 10:24:22.709 0 0 D mv2112_update_link: 3.0x901(1G): 0x80
01-01 10:24:22.714 0 0 D mv2112_update_link: 3.0x8109(100M): 0x0
01-01 10:24:22.719 0 0 D mv2112_update_link: link 0x0
01-01 10:24:22.723 0 0 D mv2112_read_status: autoneg is disabled
01-01 10:24:23.729 0 0 D : mv2112_read_status
01-01 10:24:23.733 0 0 D mv2112_update_link: 3.0x901(1G): 0x80
01-01 10:24:23.738 0 0 D mv2112_update_link: 3.0x8109(100M): 0x0
01-01 10:24:23.744 0 0 D mv2112_update_link: link 0x0
01-01 10:24:23.748 0 0 D mv2112_read_status: autoneg is disabled
01-01 10:24:24.753 0 0 D : mv2112_read_status
01-01 10:24:24.756 0 0 D mv2112_update_link: 3.0x901(1G): 0x80
01-01 10:24:24.762 0 0 D mv2112_update_link: 3.0x8109(100M): 0x0
01-01 10:24:24.767 0 0 D mv2112_update_link: link 0x0
01-01 10:24:24.771 0 0 D mv2112_read_status: autoneg is disabled
01-01 10:24:24.954 0 0 I init : starting service 'qvrd_vndr'...
01-01 10:24:24.960 0 0 I init : Created socket '/dev/socket/qvrservice_vndr', mode 660, user 1000, group 1000
01-01 10:24:24.971 0 0 I init : Created socket '/dev/socket/qvrservice_vndr_camera', mode 660, user 1000, group 1000
01-01 10:24:24.996 0 0 I init : starting service 'sxrd'...
01-01 10:24:25.013 0 0 I init : starting service 'vendor.light-hal-2-0'...
08-26 19:45:26.387 8857 8857 F linker : CANNOT LINK EXECUTABLE "/vendor/bin/hw/qvrservice": library "vendor.qti.hardware.qxr-V1-ndk_platform.so" not found: needed by /vendor/lib64/libqvrservice.so in namespace (default)
08-26 19:45:26.387 8858 8858 F linker : CANNOT LINK EXECUTABLE "/vendor/bin/hw/sxrservice": library "vendor.qti.hardware.qxr-V1-ndk_platform.so" not found: needed by main executable
01-01 10:24:25.043 0 0 I init : Service 'qvrd_vndr' (pid 8857) exited with status 1
01-01 10:24:25.049 0 0 I init : Sending signal 9 to service 'qvrd_vndr' (pid 8857) process group...
01-01 10:24:25.058 0 0 I libprocessgroup: Successfully killed process cgroup uid 1000 pid 8857 in 0ms
01-01 10:24:25.069 0 0 I init : Service 'sxrd' (pid 8858) exited with status 1
01-01 10:24:25.075 0 0 I init : Sending signal 9 to service 'sxrd' (pid 8858) process group...
01-01 10:24:25.777 0 0 D : mv2112_read_status
01-01 10:24:25.781 0 0 D mv2112_update_link: 3.0x901(1G): 0x80
01-01 10:24:25.787 0 0 D mv2112_update_link: 3.0x8109(100M): 0x0
01-01 10:24:25.792 0 0 D mv2112_update_link: link 0x0
01-01 10:24:25.796 0 0 D mv2112_read_status: autoneg is disabled
01-01 10:24:26.801 0 0 D : mv2112_read_status
