--------- beginning of system
01-01 08:41:56.703 562 575 I QISL : QSEE Interrupt Service Listener Thread is started
01-01 08:41:56.704 562 575 I QISL : QSEE Interrupt Service Listener was activated successfully
01-01 08:41:56.707 562 562 D SPL : Call QSEECom_register_listener()
01-01 08:41:56.708 562 562 D SPL : Registered listener sucessfully!
01-01 08:41:56.708 562 562 D SPL : pipe read-fd [32] write-fd [33]
01-01 08:41:56.708 562 562 D SPL : Create thread
01-01 08:41:56.708 562 562 D SPL : Thread created sucessfully.
01-01 08:41:56.708 562 577 D SPL : spl_dispatch() started
01-01 08:41:56.708 562 577 D SPL : ==== Wait For Request ======
01-01 08:41:56.715 564 564 I vold : Vold 3.0 (the awakening) firing up
01-01 08:41:56.716 564 564 D vold : Detected support for: ext4 f2fs vfat
01-01 08:41:56.721 564 564 D vold : Found unmanaged dm device named system_ext_a
01-01 08:41:56.721 564 564 D vold : Found unmanaged dm device named odm_a
01-01 08:41:56.721 564 564 D vold : Found unmanaged dm device named system_a
01-01 08:41:56.721 564 564 D vold : Found unmanaged dm device named vendor-verity
01-01 08:41:56.721 564 564 D vold : Found unmanaged dm device named vendor_a
01-01 08:41:56.722 564 564 D vold : Found unmanaged dm device named system_ext-verity
01-01 08:41:56.722 564 564 D vold : Found unmanaged dm device named odm-verity
01-01 08:41:56.722 564 564 D vold : Found unmanaged dm device named product-verity
01-01 08:41:56.722 564 564 D vold : Found unmanaged dm device named system-verity
01-01 08:41:56.722 564 564 D vold : Found unmanaged dm device named product_a
01-01 08:41:56.724 564 564 I vold : [libfs_mgr]dt_fstab: Skip disabled entry for partition vendor
01-01 08:41:56.743 564 564 D vold : VoldNativeService::start() completed OK
01-01 08:41:57.195 591 591 D spdaemon: Firmware Name [spss2p].
01-01 08:41:57.195 591 591 D spdaemon: Prod FW.
01-01 08:41:57.195 591 591 D spdaemon: firmware_type [p].
01-01 08:41:57.195 591 591 D spdaemon: open() file [/sys/devices/soc0/machine] Failed, ret =-1.
01-01 08:41:57.195 591 591 D spdaemon: soc_type 1048576
01-01 08:41:57.196 591 591 E iardb : [iar_db_get_iar_state] failed to open file /mnt/vendor/spunvm/iar_db/iar_state.bin [13] [Permission denied]
01-01 08:41:57.196 591 591 D iarlib : [iar_get_state] Can't get iar_state, return DISABLED
01-01 08:41:57.196 591 591 I spdaemon: IAR is not activated
01-01 08:41:57.196 591 591 D spdaemon: ------ going to start SP From kernel ------
01-01 08:41:57.196 591 591 I spcomlib: [spcom_restart_sp_subsystem] restart_sp starts
01-01 08:41:57.196 591 591 D spcomlib: [spcom_restart_sp_subsystem] restart_sp - Send PIL request [1]
01-01 08:41:57.224 591 591 D spcomlib: [spcom_restart_sp_subsystem] restart_sp - Restart SP command ok.
01-01 08:41:57.224 591 591 D spcomlib: [spcom_signal_event] event [0] [pil_called] EVENT_STATUS_SIGNALED
01-01 08:41:57.224 591 591 I spcomlib: [spcom_reset_all_app_loaded_prop] start reset all spcomlib apploaded props.
01-01 08:41:58.537 564 564 D vold : fscrypt_mount_metadata_encrypted: /data encrypt: 0 format: 0 with null
01-01 08:41:58.538 564 564 D vold : metadata_key_dir/key: /metadata/vold/metadata_encryption/key
01-01 08:41:58.539 564 564 D vold : Key exists, using: /metadata/vold/metadata_encryption/key
01-01 08:41:58.563 564 564 D vold : Mounting metadata-encrypted filesystem:/data
01-01 08:41:58.568 564 564 I vold : [libfs_mgr]Running /system/bin/fsck.f2fs -a -c 10000 --debug-cache /dev/block/dm-10
01-01 08:41:58.966 564 564 I vold : [libfs_mgr]__mount(source=/dev/block/dm-10,target=/data,type=f2fs)=0: Success
01-01 08:41:58.967 564 564 D vold : Mounted /data
01-01 08:41:58.967 564 583 D vold : Disk at 252:10 changed
01-01 08:41:59.037 564 564 I Checkpoint: cp_prepareCheckpoint called
01-01 08:41:59.060 638 640 D spcomlib: [spcom_register_service] spcom_register_service() name [sp_keymaster_ssr] pid [476073082032]
01-01 08:41:59.060 638 640 D spcomlib: [spcom_open] ch [sp_keymaster_ssr] doesn't exist, create it.
01-01 08:41:59.060 638 640 D spcomlib: [spcom_create_channel] Create Channel [sp_keymaster_ssr].
01-01 08:41:59.079 564 564 I vold : fscrypt_initialize_systemwide_keys
01-01 08:41:59.080 564 564 I vold : Creating new key in /data/unencrypted/key
01-01 08:41:59.080 564 564 D vold : Generating wrapped storage key
01-01 08:41:59.082 638 640 D spcomlib: [add_ssr_cb] ssr cb added!
01-01 08:41:59.082 638 640 D spcomlib: [start_ssr_thread] ch [spcom] ready!
01-01 08:41:59.082 638 640 D spcomlib: [start_ssr_thread] main pthread self_id [0xd82abcb0].
01-01 08:41:59.082 638 640 D spcomlib: [start_ssr_thread] pthread_create() ret [0] thread-id [0xd71adcb0].
01-01 08:41:59.082 638 640 D spcomlib: [start_ssr_thread] Wait for SSR thread to run.
01-01 08:41:59.082 638 643 D spcomlib: [notify_ssr_thread] SSR pthread self_id [0xd71adcb0].
01-01 08:41:59.082 638 640 D spcomlib: [start_ssr_thread] pthread_cond_wait() ret [0].
01-01 08:41:59.083 638 640 D spcomlib: [start_ssr_thread] done.
01-01 08:41:59.083 638 640 D spcomlib: [add_ch] add ch [sp_keymaster_ssr].
01-01 08:41:59.083 638 640 D spcomlib: [spcom_register_service] spcom_register_service() name [sp_keymaster_ssr] pid [476073082032] done
01-01 08:41:59.083 564 564 E vold : keystore2 Keystore generateKey returned service specific error: -67
01-01 08:41:59.083 564 564 W vold : Failed to generate rollback-resistant key. This is expected if keymaster doesn't support rollback resistance. Falling back to non-rollback-resistant key.
01-01 08:41:59.090 564 564 D vold : Generating "key storage" key
01-01 08:41:59.092 564 564 E vold : keystore2 Keystore generateKey returned service specific error: -67
01-01 08:41:59.092 564 564 W vold : Failed to generate rollback-resistant key. This is expected if keymaster doesn't support rollback resistance. Falling back to non-rollback-resistant key.
01-01 08:41:59.100 564 564 D vold : Created key: /data/unencrypted/key
01-01 08:41:59.111 564 564 D vold : Installed fscrypt key with ref 4c7b6a12fde739c40707ff53fc2d0ba1 to /data
01-01 08:41:59.112 564 564 D vold : Added fscrypt-provisioning key for 4c7b6a12fde739c40707ff53fc2d0ba1 to session keyring
01-01 08:41:59.112 564 564 I vold : Wrote system DE key reference to:/data/unencrypted/ref
01-01 08:41:59.112 564 564 D vold : Generating wrapped storage key
01-01 08:41:59.114 564 564 E vold : keystore2 Keystore generateKey returned service specific error: -67
01-01 08:41:59.114 564 564 W vold : Failed to generate rollback-resistant key. This is expected if keymaster doesn't support rollback resistance. Falling back to non-rollback-resistant key.
01-01 08:41:59.123 564 564 D vold : Installed fscrypt key with ref 3bee4d0fd52a004d8e6fe1f6b1fa3fab to /data
01-01 08:41:59.123 564 564 D vold : Added fscrypt-provisioning key for 3bee4d0fd52a004d8e6fe1f6b1fa3fab to session keyring
01-01 08:41:59.123 564 564 I vold : Wrote per boot key reference to:/data/unencrypted/per_boot_ref
01-01 08:41:59.196 564 564 I incfs : Initial API level of the device: 30
01-01 08:41:59.196 564 564 I incfs : ro.incremental.enable: 1
01-01 08:41:59.196 564 564 I incfs : isFsAvailable: true
01-01 08:41:59.197 564 564 I incfs : isFsAvailable: true
01-01 08:41:59.197 564 564 I incfs : IncFs_Features: v1
01-01 08:41:59.233 564 564 E vold : keystore2 Keystore earlyBootEnded returned service specific error: -68
01-01 08:41:59.451 564 564 D vold : fscrypt_init_user0
01-01 08:41:59.451 564 564 D vold : Preparing: /data/misc/vold/user_keys
01-01 08:41:59.452 564 564 D vold : Preparing: /data/misc/vold/user_keys/ce
01-01 08:41:59.452 564 564 D vold : Preparing: /data/misc/vold/user_keys/de
01-01 08:41:59.452 564 564 D vold : Generating wrapped storage key
01-01 08:41:59.455 564 564 E vold : keystore2 Keystore generateKey returned service specific error: -67
01-01 08:41:59.455 564 564 W vold : Failed to generate rollback-resistant key. This is expected if keymaster doesn't support rollback resistance. Falling back to non-rollback-resistant key.
01-01 08:41:59.460 564 564 D vold : Generating wrapped storage key
01-01 08:41:59.462 564 564 E vold : keystore2 Keystore generateKey returned service specific error: -67
01-01 08:41:59.462 564 564 W vold : Failed to generate rollback-resistant key. This is expected if keymaster doesn't support rollback resistance. Falling back to non-rollback-resistant key.
01-01 08:41:59.465 564 564 D vold : Preparing: /data/misc/vold/user_keys/ce/0
01-01 08:41:59.468 564 564 D vold : Generating "key storage" key
01-01 08:41:59.469 564 564 E vold : keystore2 Keystore generateKey returned service specific error: -67
01-01 08:41:59.469 564 564 W vold : Failed to generate rollback-resistant key. This is expected if keymaster doesn't support rollback resistance. Falling back to non-rollback-resistant key.
01-01 08:41:59.479 564 564 D vold : Created key: /data/misc/vold/user_keys/ce/0/current
01-01 08:41:59.482 564 564 D vold : Generating "key storage" key
01-01 08:41:59.483 564 564 E vold : keystore2 Keystore generateKey returned service specific error: -67
01-01 08:41:59.483 564 564 W vold : Failed to generate rollback-resistant key. This is expected if keymaster doesn't support rollback resistance. Falling back to non-rollback-resistant key.
01-01 08:41:59.491 564 564 D vold : Created key: /data/misc/vold/user_keys/de/0
01-01 08:41:59.497 564 564 D vold : Installed fscrypt key with ref 53527d8dde8f86a2a198961a92337db4 to /data
01-01 08:41:59.497 564 564 D vold : Added fscrypt-provisioning key for 53527d8dde8f86a2a198961a92337db4 to session keyring
01-01 08:41:59.503 564 564 D vold : Installed fscrypt key with ref 1a769aa57a366442e03b912032f96f22 to /data
01-01 08:41:59.503 564 564 D vold : Added fscrypt-provisioning key for 1a769aa57a366442e03b912032f96f22 to session keyring
01-01 08:41:59.503 564 564 D vold : Created keys for user 0
01-01 08:41:59.514 564 564 D vold : Installed fscrypt key with ref 53527d8dde8f86a2a198961a92337db4 to /data
01-01 08:41:59.514 564 564 D vold : Added fscrypt-provisioning key for 53527d8dde8f86a2a198961a92337db4 to session keyring
01-01 08:41:59.514 564 564 D vold : Installed de key for user 0
01-01 08:41:59.514 564 564 D vold : fscrypt_prepare_user_storage for volume null, user 0, serial 0, flags 1
01-01 08:41:59.514 564 564 D vold : Preparing: /data/system/users/0
01-01 08:41:59.514 564 564 D vold : Preparing: /data/misc/profiles/cur/0
01-01 08:41:59.515 564 564 D vold : Preparing: /data/system_de/0
01-01 08:41:59.515 564 564 D vold : Preparing: /data/misc_de/0
01-01 08:41:59.515 564 564 D vold : Preparing: /data/vendor_de/0
01-01 08:41:59.515 564 564 D vold : Preparing: /data/user_de/0
01-01 08:41:59.517 564 564 I vold : Encryption policy of /data/system_de/0 set to 53527d8dde8f86a2a198961a92337db4 v2 modes 1/4 flags 0xa
01-01 08:41:59.517 564 564 I vold : Encryption policy of /data/misc_de/0 set to 53527d8dde8f86a2a198961a92337db4 v2 modes 1/4 flags 0xa
01-01 08:41:59.517 564 564 I vold : Encryption policy of /data/vendor_de/0 set to 53527d8dde8f86a2a198961a92337db4 v2 modes 1/4 flags 0xa
01-01 08:41:59.517 564 564 I vold : Encryption policy of /data/user_de/0 set to 53527d8dde8f86a2a198961a92337db4 v2 modes 1/4 flags 0xa
01-01 08:41:59.517 564 564 D vold : /system/bin/vold_prepare_subdirs
01-01 08:41:59.517 564 564 D vold : prepare
01-01 08:41:59.517 564 564 D vold :
01-01 08:41:59.517 564 564 D vold : 0
01-01 08:41:59.517 564 564 D vold : 1
01-01 08:41:59.571 564 564 D vold : Detected support for FS_IOC_ADD_ENCRYPTION_KEY
01-01 08:41:59.572 564 564 D vold : Installing fscrypt-provisioning key for 1a769aa57a366442e03b912032f96f22 back into /data fs-keyring
01-01 08:42:01.385 695 695 D Zygote32Timing: PostZygoteInitGC took to complete: 19ms
01-01 08:42:01.385 695 695 D Zygote32Timing: ZygoteInit took to complete: 26ms
01-01 08:42:01.477 694 694 D Zygote64Timing: BeginPreload took to complete: 114ms
01-01 08:42:02.248 960 960 I android.hardware.wifi@1.0-service: Wifi Hal is booting up...
01-01 08:42:02.261 960 960 I HidlServiceManagement: Registered android.hardware.wifi@1.4::IWifi/default (start delay of 222ms)
01-01 08:42:02.888 1026 1026 I irsc_util: Starting irsc tool
01-01 08:42:02.892 1026 1026 I irsc_util: Num of entries:298
01-01 08:42:02.892 1026 1026 I irsc_util: Ending irsc tool
01-01 08:42:03.255 694 694 D Zygote64Timing: PreloadClasses took to complete: 1779ms
01-01 08:42:03.320 694 694 D Zygote64Timing: CacheNonBootClasspathClassLoaders took to complete: 65ms
01-01 08:42:03.353 694 694 D Zygote64Timing: PreloadResources took to complete: 33ms
01-01 08:42:03.609 694 694 D Zygote64Timing: ZygotePreload took to complete: 2246ms
01-01 08:42:03.729 694 694 D Zygote64Timing: PostZygoteInitGC took to complete: 120ms
01-01 08:42:03.729 694 694 D Zygote64Timing: ZygoteInit took to complete: 2375ms
01-01 08:42:05.202 1214 1214 I gsid : no DSU: No such file or directory
01-01 08:42:05.598 1235 1235 I iorapd : iorapd (the prefetchening) firing up
01-01 08:42:05.601 1235 1235 E iorapd : SQLite error (14): cannot open file at line 39583 of [bcd014c473]
01-01 08:42:05.601 1235 1235 E iorapd : SQLite error (14): os_unix.c:39583: (2) open(/data/misc/iorapd/sqlite.db) -
01-01 08:42:05.640 1235 1235 I iorapd : Reinitialized database at '/data/misc/iorapd/sqlite.db'
01-01 08:42:05.640 1235 1235 W iorapd : Reconnect to package manager service: 1 times
01-01 08:42:05.862 1260 1260 I installd: installd firing up
01-01 08:42:05.863 1260 1260 D installd: Assuming that device has multi-user storage layout; upgrade no longer supported
01-01 08:42:05.863 1260 1260 D installd: Upgrading to /data/misc/user directories
01-01 08:42:06.165 1286 1286 I wificond: wificond is starting up...
01-01 08:42:06.215 1286 1286 I HidlServiceManagement: Registered android.system.wifi.keystore@1.0::IKeystore/default
01-01 08:42:06.613 1324 1324 I imsrcsd : Uce Service HAL is starting up...
01-01 08:42:06.617 1324 1324 I imsrcsd : Uce Service HAL loading imsrcsbaseimpl
01-01 08:42:06.830 1324 1324 I imsrcsd : Starting Service for First Time imsbaseimpl
01-01 08:42:06.838 1324 1324 I imsrcsd : Interface com.qualcomm.qti.uceservice@2.3::IUceService com.qualcomm.qti.uceservice is found in manifest
01-01 08:42:06.841 1324 1324 I HidlServiceManagement: Registered com.qualcomm.qti.uceservice@2.3::IUceService/com.qualcomm.qti.uceservice (start delay of 372ms)
01-01 08:42:06.849 1324 1324 I imsrcsd : Interface com.qualcomm.qti.imscmservice@2.2::IImsCmService qti.ims.connectionmanagerservice is found in manifest
01-01 08:42:06.851 1324 1324 I HidlServiceManagement: Registered com.qualcomm.qti.imscmservice@2.2::IImsCmService/qti.ims.connectionmanagerservice (start delay of 382ms)
01-01 08:42:06.853 1324 1324 I imsrcsd : Interface vendor.qti.ims.factory@1.1::IImsFactory default is not found in manifest
01-01 08:42:06.855 1324 1324 I imsrcsd : Interface vendor.qti.ims.factory@1.0::IImsFactory default is found in manifest
01-01 08:42:06.906 1324 1324 I HidlServiceManagement: Registered vendor.qti.ims.factory@1.0::IImsFactory/default (start delay of 437ms)
01-01 08:42:06.918 1324 1324 I imsrcsd : Interface vendor.qti.ims.callinfo@1.0::IService default is found in manifest
01-01 08:42:06.926 1324 1324 I HidlServiceManagement: Registered vendor.qti.ims.callinfo@1.0::IService/default (start delay of 457ms)
01-01 08:42:06.926 1324 1324 I imsrcsd : ImsRcsBaseImpl ImsCallInfo After Registering Service
01-01 08:42:07.205 1280 1280 W HidlServiceManagement: Waited one second for android.hardware.health@2.0::IHealth/default --------- beginning of crash
01-01 08:42:07.603 1466 1466 F linker : CANNOT LINK EXECUTABLE "/vendor/bin/hw/sxrservice": library "vendor.qti.hardware.qxr-V1-ndk_platform.so" not found: needed by main executable
01-01 08:42:07.606 1459 1459 F linker : CANNOT LINK EXECUTABLE "/vendor/bin/hw/qvrservice": library "vendor.qti.hardware.qxr-V1-ndk_platform.so" not found: needed by /vendor/lib64/libqvrservice.so in namespace (default)
01-01 08:42:07.691 1136 1156 D BootAnimation: BootAnimationShownTiming start time: 51042ms
01-01 08:42:07.805 1486 1486 I TLOC : [main ]"TLOC DAEMON main thread"
01-01 08:42:07.806 1486 1486 D TLOC : [TLOCDaemon ]"---------- TLOC Daemon Starts ----------"
01-01 08:42:07.806 1486 1486 D TLOC : [TLOCChannel]"The channel was initialized successfully for TLOCD"
01-01 08:42:07.806 1486 1486 D TLOC : [TLOCChannel]"The channel was initialized successfully for TLOCL"
01-01 08:42:07.807 1486 1486 D TLOC : [TLOCChannel]"The channel was initialized successfully for MODEM"
01-01 08:42:07.807 1486 1486 D TLOC : [TLOCChannel]"TLOCChannel was initialized successfully"
01-01 08:42:07.807 1486 1486 D TLOC : [TLOCChannel] "TLOCChannel is already initialized"
01-01 08:42:08.269 1280 1280 W HidlServiceManagement: Waited one second for android.hardware.health@2.0::IHealth/default
01-01 08:42:08.994 1146 1146 I SystemServerTiming: InitBeforeStartServices
01-01 08:42:09.007 1146 1146 I SystemServer: Entered the Android system server!
01-01 08:42:09.271 1280 1280 W HidlServiceManagement: Waited one second for android.hardware.health@2.0::IHealth/default
01-01 08:42:09.468 1146 1146 I SystemServerInitThreadPool: Creating instance with 8 threads
01-01 08:42:09.505 1280 1280 W storaged: health: invalid battery status
01-01 08:42:10.278 1146 1146 D SystemServerTiming: InitBeforeStartServices took to complete: 1283ms
01-01 08:42:10.278 1146 1146 I SystemServerTiming: StartServices
01-01 08:42:10.278 1146 1146 I SystemServerTiming: startBootstrapServices
01-01 08:42:10.278 1146 1146 I SystemServerTiming: StartWatchdog
01-01 08:42:10.307 1146 1146 D SystemServerTiming: StartWatchdog took to complete: 29ms
01-01 08:42:10.307 1146 1146 I SystemServer: Reading configuration...
01-01 08:42:10.307 1146 1146 I SystemServerTiming: ReadingSystemConfig
01-01 08:42:10.307 1146 1146 D SystemServerTiming: ReadingSystemConfig took to complete: 1ms
01-01 08:42:10.308 1146 1146 I SystemServerTiming: PlatformCompat
01-01 08:42:10.308 1146 1737 I SystemServerTimingAsync: InitThreadPoolExec:ReadingSystemConfig
01-01 08:42:10.308 1146 1737 D SystemServerInitThreadPool: Started executing ReadingSystemConfig
01-01 08:42:10.314 1146 1146 D CompatConfig: Found a config file: /system/etc/compatconfig/calendar-provider-compat-config.xml
01-01 08:42:10.316 1146 1146 D CompatConfig: Adding: com.android.server.compat.config.Change@664119e
01-01 08:42:10.317 1146 1737 I SystemConfig: Reading permissions from /system/etc/sysconfig/preinstalled-packages-platform.xml
01-01 08:42:10.318 1146 1146 D CompatConfig: Found a config file: /system/etc/compatconfig/documents-ui-compat-config.xml
01-01 08:42:10.320 1146 1146 D CompatConfig: Adding: com.android.server.compat.config.Change@2daa495
01-01 08:42:10.321 1146 1146 D CompatConfig: Found a config file: /system/etc/compatconfig/services-platform-compat-config.xml
01-01 08:42:10.324 1146 1737 I SystemConfig: Reading permissions from /system/etc/sysconfig/preinstalled-packages-platform-full-base.xml
01-01 08:42:10.331 1146 1146 D CompatConfig: Adding: com.android.server.compat.config.Change@938f138
01-01 08:42:10.331 1146 1737 I SystemConfig: Reading permissions from /system/etc/sysconfig/preinstalled-packages-com.android.providers.media.module.xml
01-01 08:42:10.333 1146 1146 D CompatConfig: Adding: com.android.server.compat.config.Change@2c2b676
01-01 08:42:10.334 1146 1737 I SystemConfig: Reading permissions from /system/etc/sysconfig/framework-sysconfig.xml
01-01 08:42:10.334 1146 1146 D CompatConfig: Adding: com.android.server.compat.config.Change@a27e8e4
01-01 08:42:10.335 1146 1146 D CompatConfig: Adding: com.android.server.compat.config.Change@4bd14d
01-01 08:42:10.337 1146 1146 D CompatConfig: Adding: com.android.server.compat.config.Change@89bc402
01-01 08:42:10.338 1146 1737 I SystemConfig: Reading permissions from /system/etc/sysconfig/hiddenapi-package-whitelist.xml
01-01 08:42:10.340 1146 1737 I SystemConfig: Reading permissions from /system/etc/sysconfig/qti_whitelist.xml
01-01 08:42:10.342 1146 1146 D CompatConfig: Adding: com.android.server.compat.config.Change@6113549
01-01 08:42:10.343 1146 1146 D CompatConfig: Adding: com.android.server.compat.config.Change@3061e4e
01-01 08:42:10.344 1146 1146 D CompatConfig: Adding: com.android.server.compat.config.Change@52adb6f
01-01 08:42:10.346 1146 1737 I SystemConfig: Reading permissions from /system/etc/permissions/com.android.networkstack.tethering.xml
01-01 08:42:10.347 1146 1146 D CompatConfig: Adding: com.android.server.compat.config.Change@4aedd05
01-01 08:42:10.348 1146 1146 D CompatConfig: Adding: com.android.server.compat.config.Change@ca9d15a
01-01 08:42:10.349 1146 1146 D CompatConfig: Adding: com.android.server.compat.config.Change@7b3bf8b
01-01 08:42:10.350 1146 1737 I SystemConfig: Reading permissions from /system/etc/permissions/android.test.runner.xml
01-01 08:42:10.351 1146 1146 D CompatConfig: Adding: com.android.server.compat.config.Change@9c54481
01-01 08:42:10.353 1146 1146 D CompatConfig: Adding: com.android.server.compat.config.Change@a3a926
01-01 08:42:10.354 1146 1737 I SystemConfig: Reading permissions from /system/etc/permissions/com.android.media.remotedisplay.xml
01-01 08:42:10.355 1146 1146 D CompatConfig: Adding: com.android.server.compat.config.Change@c95314
01-01 08:42:10.356 1146 1146 D CompatConfig: Adding: com.android.server.compat.config.Change@280a7bd
01-01 08:42:10.357 1146 1737 I SystemConfig: Reading permissions from /system/etc/permissions/com.android.mediadrm.signer.xml
01-01 08:42:10.359 1146 1146 D CompatConfig: Adding: com.android.server.compat.config.Change@f229503
01-01 08:42:10.359 1146 1737 I SystemConfig: Reading permissions from /system/etc/permissions/privapp-permissions-platform.xml
01-01 08:42:10.360 1146 1146 D CompatConfig: Adding: com.android.server.compat.config.Change@89502b9
01-01 08:42:10.360 1146 1146 D CompatConfig: Adding: com.android.server.compat.config.Change@25cb6fe
01-01 08:42:10.361 1146 1146 D CompatConfig: Adding: com.android.server.compat.config.Change@7af7e5f
01-01 08:42:10.364 1146 1737 I SystemConfig: Reading permissions from /system/etc/permissions/com.thundercomm.mcuupgrade.xml
01-01 08:42:10.365 1146 1146 D CompatConfig: Adding: com.android.server.compat.config.Change@2fa1175
01-01 08:42:10.366 1146 1737 I SystemConfig: Reading permissions from /system/etc/permissions/com.android.nfc_extras.xml
01-01 08:42:10.367 1146 1146 D CompatConfig: Adding: com.android.server.compat.config.Change@f7a17b
01-01 08:42:10.367 1146 1737 I SystemConfig: Reading permissions from /system/etc/permissions/com.android.documentsui.xml
01-01 08:42:10.369 1146 1146 D CompatConfig: Adding: com.android.server.compat.config.Change@6674ff1
01-01 08:42:10.370 1146 1146 D CompatConfig: Adding: com.android.server.compat.config.Change@2d4da57
01-01 08:42:10.370 1146 1737 I SystemConfig: Reading permissions from /system/etc/permissions/org.apache.http.legacy.xml
01-01 08:42:10.372 1146 1146 D CompatConfig: Adding: com.android.server.compat.config.Change@571a944
01-01 08:42:10.372 1146 1737 I SystemConfig: Reading permissions from /system/etc/permissions/android.software.live_wallpaper.xml
01-01 08:42:10.373 1146 1146 D CompatConfig: Adding: com.android.server.compat.config.Change@4556b62
01-01 08:42:10.375 1146 1146 D CompatConfig: Adding: com.android.server.compat.config.Change@ee2c4f3
01-01 08:42:10.375 1146 1737 I SystemConfig: Reading permissions from /system/etc/permissions/uimremoteserver.xml
01-01 08:42:10.377 1146 1146 D CompatConfig: Adding: com.android.server.compat.config.Change@11f0c29
01-01 08:42:10.378 1146 1146 D CompatConfig: Adding: com.android.server.compat.config.Change@adabd4f
01-01 08:42:10.378 1146 1737 I SystemConfig: Reading permissions from /system/etc/permissions/com.android.location.provider.xml
01-01 08:42:10.379 1146 1146 D CompatConfig: Adding: com.android.server.compat.config.Change@eeadcdc
01-01 08:42:10.381 1146 1146 D CompatConfig: Adding: com.android.server.compat.config.Change@77341e5
01-01 08:42:10.381 1146 1737 I SystemConfig: Reading permissions from /system/etc/permissions/android.software.webview.xml
01-01 08:42:10.383 1146 1737 I SystemConfig: Reading permissions from /system/etc/permissions/uimremoteclient.xml
01-01 08:42:10.384 1146 1146 D CompatConfig: Adding: com.android.server.compat.config.Change@cb6eac8
01-01 08:42:10.386 1146 1146 D CompatConfig: Adding: com.android.server.compat.config.Change@41b1761
01-01 08:42:10.386 1146 1737 I SystemConfig: Reading permissions from /system/etc/permissions/com.android.future.usb.accessory.xml
01-01 08:42:10.387 1146 1146 D CompatConfig: Adding: com.android.server.compat.config.Change@c6b0747
01-01 08:42:10.388 1146 1146 D CompatConfig: Adding: com.android.server.compat.config.Change@db3eb74
01-01 08:42:10.389 1146 1737 I SystemConfig: Reading permissions from /system/etc/permissions/android.software.freeform_window_management.xml
01-01 08:42:10.390 1146 1146 D CompatConfig: Adding: com.android.server.compat.config.Change@5b37112
01-01 08:42:10.391 1146 1146 D CompatConfig: Adding: com.android.server.compat.config.Change@fc6d0e3
01-01 08:42:10.392 1146 1146 D CompatConfig: Adding: com.android.server.compat.config.Change@dde4ae0
01-01 08:42:10.392 1146 1737 I SystemConfig: Reading permissions from /system/etc/permissions/com.android.networkstack.xml
01-01 08:42:10.393 1146 1146 D CompatConfig: Adding: com.android.server.compat.config.Change@ed38c5e
01-01 08:42:10.394 1146 1737 I SystemConfig: Reading permissions from /system/etc/permissions/android.test.mock.xml
01-01 08:42:10.395 1146 1146 D CompatConfig: Adding: com.android.server.compat.config.Change@a8d350c
01-01 08:42:10.396 1146 1146 D CompatConfig: Adding: com.android.server.compat.config.Change@7916e55
01-01 08:42:10.397 1146 1737 I SystemConfig: Reading permissions from /system/etc/permissions/android.test.base.xml
01-01 08:42:10.398 1146 1146 D CompatConfig: Adding: com.android.server.compat.config.Change@6ab795b
01-01 08:42:10.399 1146 1146 D CompatConfig: Adding: com.android.server.compat.config.Change@d5e95f8
01-01 08:42:10.400 1146 1737 I SystemConfig: Reading permissions from /system/etc/permissions/javax.obex.xml
01-01 08:42:10.401 1146 1146 D CompatConfig: Adding: com.android.server.compat.config.Change@ccec936
01-01 08:42:10.403 1146 1737 I SystemConfig: Reading permissions from /system/etc/permissions/privapp-permissions-qti.xml
01-01 08:42:10.403 1146 1146 D CompatConfig: Adding: com.android.server.compat.config.Change@9e319a4
01-01 08:42:10.405 1146 1146 D CompatConfig: Adding: com.android.server.compat.config.Change@5a130d
01-01 08:42:10.405 1146 1737 I SystemConfig: Reading permissions from /system/etc/permissions/platform.xml
01-01 08:42:10.406 1146 1146 D CompatConfig: Adding: com.android.server.compat.config.Change@7db8d3
01-01 08:42:10.407 1146 1146 D CompatConfig: Adding: com.android.server.compat.config.Change@a0a2c10
01-01 08:42:10.408 1146 1146 D CompatConfig: Adding: com.android.server.compat.config.Change@421d309
01-01 08:42:10.410 1146 1146 D CompatConfig: Adding: com.android.server.compat.config.Change@2a9c90e
01-01 08:42:10.412 1146 1146 D CompatConfig: Adding: com.android.server.compat.config.Change@c610f2f
01-01 08:42:10.414 1146 1146 D CompatConfig: Adding: com.android.server.compat.config.Change@54df93c
01-01 08:42:10.415 1146 1146 D CompatConfig: Adding: com.android.server.compat.config.Change@48b96c5
01-01 08:42:10.415 1146 1737 I SystemConfig: Reading permissions from /vendor/etc/permissions/android.hardware.wifi.passpoint.xml
01-01 08:42:10.416 1146 1146 D CompatConfig: Found a config file: /system/etc/compatconfig/icu4j-platform-compat-config.xml
01-01 08:42:10.418 1146 1737 I SystemConfig: Reading permissions from /vendor/etc/permissions/android.hardware.bluetooth_le.xml
01-01 08:42:10.418 1146 1146 D CompatConfig: Adding: com.android.server.compat.config.Change@213da41
01-01 08:42:10.419 1146 1146 D CompatConfig: Found a config file: /system/etc/compatconfig/framework-platform-compat-config.xml
01-01 08:42:10.419 1146 1737 I SystemConfig: Reading permissions from /vendor/etc/permissions/android.hardware.location.gps.xml
01-01 08:42:10.421 1146 1737 I SystemConfig: Reading permissions from /vendor/etc/permissions/qti_fingerprint_interface.xml
01-01 08:42:10.423 1146 1737 I SystemConfig: Reading permissions from /vendor/etc/permissions/android.software.midi.xml
01-01 08:42:10.423 1146 1146 D CompatConfig: Adding: com.android.server.compat.config.Change@fa8e072
01-01 08:42:10.424 1146 1146 D CompatConfig: Adding: com.android.server.compat.config.Change@9767cc3
01-01 08:42:10.426 1146 1146 D CompatConfig: Adding: com.android.server.compat.config.Change@348b940
01-01 08:42:10.427 1146 1146 D CompatConfig: Adding: com.android.server.compat.config.Change@5e89079
01-01 08:42:10.428 1146 1737 I SystemConfig: Reading permissions from /vendor/etc/permissions/android.hardware.audio.low_latency.xml
01-01 08:42:10.430 1146 1146 D CompatConfig: Adding: com.android.server.compat.config.Change@5ba221f
01-01 08:42:10.431 1146 1737 I SystemConfig: Reading permissions from /vendor/etc/permissions/android.hardware.sensor.relative_humidity.xml
01-01 08:42:10.432 1146 1146 D CompatConfig: Adding: com.android.server.compat.config.Change@b58bb35
01-01 08:42:10.433 1146 1146 D CompatConfig: Adding: com.android.server.compat.config.Change@dd00bca
01-01 08:42:10.434 1146 1737 I SystemConfig: Reading permissions from /vendor/etc/permissions/android.hardware.vulkan.version-1_1.xml
01-01 08:42:10.435 1146 1146 D CompatConfig: Adding: com.android.server.compat.config.Change@f1c7058
01-01 08:42:10.436 1146 1146 D CompatConfig: Adding: com.android.server.compat.config.Change@566d5b1
01-01 08:42:10.437 1146 1146 D CompatConfig: Adding: com.android.server.compat.config.Change@9cb1a96
01-01 08:42:10.438 1146 1146 D CompatConfig: Adding: com.android.server.compat.config.Change@3983617
01-01 08:42:10.438 1146 1146 D CompatConfig: Adding: com.android.server.compat.config.Change@5143a04
01-01 08:42:10.440 1146 1146 D CompatConfig: Adding: com.android.server.compat.config.Change@6621bed
01-01 08:42:10.441 1146 1146 D CompatConfig: Adding: com.android.server.compat.config.Change@2964a22
01-01 08:42:10.441 1146 1737 I SystemConfig: Reading permissions from /vendor/etc/permissions/android.hardware.wifi.rtt.xml
01-01 08:42:10.442 1146 1146 D CompatConfig: Adding: com.android.server.compat.config.Change@99cf270
01-01 08:42:10.443 1146 1737 I SystemConfig: Reading permissions from /vendor/etc/permissions/android.software.device_id_attestation.xml
01-01 08:42:10.444 1146 1146 D CompatConfig: Adding: com.android.server.compat.config.Change@9f2e66e
01-01 08:42:10.445 1146 1146 D CompatConfig: Adding: com.android.server.compat.config.Change@5b5d10f
01-01 08:42:10.446 1146 1737 I SystemConfig: Reading permissions from /vendor/etc/permissions/android.hardware.vulkan.compute-0.xml
01-01 08:42:10.446 1146 1146 D CompatConfig: Adding: com.android.server.compat.config.Change@4afdba5
01-01 08:42:10.448 1146 1146 D CompatConfig: Adding: com.android.server.compat.config.Change@a6afb7a
01-01 08:42:10.449 1146 1737 I SystemConfig: Reading permissions from /vendor/etc/permissions/android.hardware.opengles.aep.xml
01-01 08:42:10.449 1146 1146 D CompatConfig: Adding: com.android.server.compat.config.Change@c389f88
01-01 08:42:10.451 1146 1737 I SystemConfig: Reading permissions from /vendor/etc/permissions/android.hardware.sensor.ambient_temperature.xml
01-01 08:42:10.453 1146 1737 I SystemConfig: Reading permissions from /vendor/etc/permissions/android.hardware.sensor.hifi_sensors.xml
01-01 08:42:10.455 1146 1737 I SystemConfig: Reading permissions from /vendor/etc/permissions/android.hardware.wifi.direct.xml
01-01 08:42:10.457 1146 1146 D CompatConfig: Adding: com.android.server.compat.config.Change@a7c2c34
01-01 08:42:10.457 1146 1737 I SystemConfig: Reading permissions from /vendor/etc/permissions/handheld_core_hardware.xml
01-01 08:42:10.458 1146 1146 D CompatConfig: Adding: com.android.server.compat.config.Change@4497fd2
01-01 08:42:10.459 1146 1146 D CompatConfig: Adding: com.android.server.compat.config.Change@6a998a3
01-01 08:42:10.459 1146 1737 I SystemConfig: Reading permissions from /vendor/etc/permissions/android.software.verified_boot.xml
01-01 08:42:10.459 1146 1146 D CompatConfig: Adding: com.android.server.compat.config.Change@263bf59
01-01 08:42:10.461 1146 1146 D CompatConfig: Adding: com.android.server.compat.config.Change@9bc71e
01-01 08:42:10.462 1146 1737 I SystemConfig: Reading permissions from /vendor/etc/permissions/android.hardware.usb.host.xml
01-01 08:42:10.462 1146 1146 D CompatConfig: Adding: com.android.server.compat.config.Change@684cdcc
01-01 08:42:10.463 1146 1146 D CompatConfig: Adding: com.android.server.compat.config.Change@507f815
01-01 08:42:10.464 1146 1737 I SystemConfig: Reading permissions from /vendor/etc/permissions/android.hardware.bluetooth.xml
01-01 08:42:10.464 1146 1146 D CompatConfig: Adding: com.android.server.compat.config.Change@6a7791b
01-01 08:42:10.466 1146 1146 D CompatConfig: Adding: com.android.server.compat.config.Change@216fab8
01-01 08:42:10.466 1146 1146 D CompatConfig: Adding: com.android.server.compat.config.Change@67d0091
01-01 08:42:10.467 1146 1146 D CompatConfig: Adding: com.android.server.compat.config.Change@a8b9bf6
01-01 08:42:10.468 1146 1737 I SystemConfig: Reading permissions from /vendor/etc/permissions/android.hardware.se.omapi.uicc.xml
01-01 08:42:10.469 1146 1146 D CompatConfig: Adding: com.android.server.compat.config.Change@9d0a64
01-01 08:42:10.469 1146 1146 D CompatConfig: Adding: com.android.server.compat.config.Change@96014cd
01-01 08:42:10.470 1146 1737 I SystemConfig: Reading permissions from /vendor/etc/permissions/android.hardware.sensor.accelerometer.xml
01-01 08:42:10.471 1146 1146 D CompatConfig: Adding: com.android.server.compat.config.Change@c81f093
01-01 08:42:10.472 1146 1146 D CompatConfig: Adding: com.android.server.compat.config.Change@f5268d0
01-01 08:42:10.472 1146 1737 I SystemConfig: Reading permissions from /vendor/etc/permissions/android.hardware.light.xml
01-01 08:42:10.473 1146 1146 D CompatConfig: Adding: com.android.server.compat.config.Change@35633ce
01-01 08:42:10.474 1146 1146 D CompatConfig: Adding: com.android.server.compat.config.Change@ed102ef
01-01 08:42:10.475 1146 1737 I SystemConfig: Reading permissions from /vendor/etc/permissions/vendor.qti.hardware.factory.xml
01-01 08:42:10.475 1146 1146 D CompatConfig: Adding: com.android.server.compat.config.Change@c981085
01-01 08:42:10.476 1146 1146 D CompatConfig: Adding: com.android.server.compat.config.Change@da5beda
01-01 08:42:10.477 1146 1737 I SystemConfig: Reading permissions from /vendor/etc/permissions/android.hardware.sensor.gyroscope.xml
01-01 08:42:10.478 1146 1146 D CompatConfig: Adding: com.android.server.compat.config.Change@b9a81e8
01-01 08:42:10.479 1146 1146 D CompatConfig: Adding: com.android.server.compat.config.Change@5ce3001
01-01 08:42:10.480 1146 1146 D CompatConfig: Adding: com.android.server.compat.config.Change@d30eea6
01-01 08:42:10.481 1146 1146 D CompatConfig: Adding: com.android.server.compat.config.Change@f060e7
01-01 08:42:10.482 1146 1146 D CompatConfig: Adding: com.android.server.compat.config.Change@d89d494
01-01 08:42:10.482 1146 1737 I SystemConfig: Reading permissions from /vendor/etc/permissions/android.hardware.wifi.xml
01-01 08:42:10.483 1146 1146 D CompatConfig: Adding: com.android.server.compat.config.Change@8ed4f32
01-01 08:42:10.484 1146 1146 D CompatConfig: Adding: com.android.server.compat.config.Change@dd82483
01-01 08:42:10.484 1146 1737 I SystemConfig: Reading permissions from /vendor/etc/permissions/android.hardware.vulkan.level-1.xml
01-01 08:42:10.485 1146 1146 D CompatConfig: Adding: com.android.server.compat.config.Change@85fde39
01-01 08:42:10.486 1146 1146 D CompatConfig: Adding: com.android.server.compat.config.Change@f9d2c7e
01-01 08:42:10.487 1146 1146 D CompatConfig: Adding: com.android.server.compat.config.Change@ee85df
01-01 08:42:10.487 1146 1737 I SystemConfig: Reading permissions from /vendor/etc/permissions/android.hardware.audio.pro.xml
01-01 08:42:10.488 1146 1146 D CompatConfig: Adding: com.android.server.compat.config.Change@75724f5
01-01 08:42:10.489 1146 1737 I SystemConfig: Reading permissions from /vendor/etc/permissions/android.hardware.sensor.barometer.xml
01-01 08:42:10.490 1146 1146 D CompatConfig: Adding: com.android.server.compat.config.Change@fdfa0fb
01-01 08:42:10.491 1146 1146 D CompatConfig: Adding: com.android.server.compat.config.Change@2663518
01-01 08:42:10.492 1146 1737 I SystemConfig: Reading permissions from /vendor/etc/permissions/android.hardware.wifi.aware.xml
01-01 08:42:10.493 1146 1146 D CompatConfig: Adding: com.android.server.compat.config.Change@4e84d56
01-01 08:42:10.494 1146 1146 D CompatConfig: Adding: com.android.server.compat.config.Change@4fd51d7
01-01 08:42:10.495 1146 1737 I SystemConfig: Reading permissions from /vendor/etc/permissions/android.software.vulkan.deqp.level.xml
01-01 08:42:10.499 1146 1737 I SystemConfig: Reading permissions from /vendor/etc/permissions/android.hardware.sensor.compass.xml
01-01 08:42:10.500 1146 1146 D CompatConfig: Adding: com.android.server.compat.config.Change@b0bfdad
01-01 08:42:10.501 1146 1737 I SystemConfig: Reading permissions from /vendor/etc/permissions/android.hardware.se.omapi.ese.xml
01-01 08:42:10.502 1146 1146 D CompatConfig: Adding: com.android.server.compat.config.Change@2428f30
01-01 08:42:10.502 1146 1146 D CompatConfig: Adding: com.android.server.compat.config.Change@d17c7a9
01-01 08:42:10.503 1146 1737 I SystemConfig: Reading permissions from /vendor/etc/permissions/android.hardware.usb.accessory.xml
01-01 08:42:10.503 1146 1146 D CompatConfig: Adding: com.android.server.compat.config.Change@baaa4cf
01-01 08:42:10.505 1146 1737 I SystemConfig: Reading permissions from /vendor/etc/permissions/android.hardware.fingerprint.xml
01-01 08:42:10.506 1146 1146 D CompatConfig: Found a config file: /system/system_ext/etc/compatconfig/settings-platform-compat-config.xml
01-01 08:42:10.506 1146 1737 I SystemConfig: Reading permissions from /vendor/etc/permissions/android.software.ipsec_tunnels.xml
01-01 08:42:10.507 1146 1146 D CompatConfig: Adding: com.android.server.compat.config.Change@356beeb
01-01 08:42:10.508 1146 1737 I SystemConfig: Reading permissions from /vendor/etc/permissions/vendor-qti-hardware-sensorscalibrate.xml
01-01 08:42:10.510 1146 1737 I SystemConfig: Reading permissions from /vendor/etc/permissions/android.hardware.touchscreen.multitouch.jazzhand.xml
01-01 08:42:10.510 1146 1146 D CompatConfig: No directory /apex/com.android.vndk.v30/etc/compatconfig, skipping
01-01 08:42:10.510 1146 1146 D CompatConfig: No directory /apex/com.android.wifi/etc/compatconfig, skipping
01-01 08:42:10.511 1146 1146 D CompatConfig: No directory /apex/com.android.vndk.v31/etc/compatconfig, skipping
01-01 08:42:10.511 1146 1146 D CompatConfig: No directory /apex/com.android.tzdata/etc/compatconfig, skipping
01-01 08:42:10.511 1146 1146 D CompatConfig: No directory /apex/com.android.tethering/etc/compatconfig, skipping
01-01 08:42:10.511 1146 1146 D CompatConfig: No directory /apex/com.android.sdkext/etc/compatconfig, skipping
01-01 08:42:10.512 1146 1146 D CompatConfig: No directory /apex/com.android.scheduling/etc/compatconfig, skipping
01-01 08:42:10.512 1146 1146 D CompatConfig: No directory /apex/com.android.runtime/etc/compatconfig, skipping
01-01 08:42:10.512 1146 1146 D CompatConfig: No directory /apex/com.android.resolv/etc/compatconfig, skipping
01-01 08:42:10.512 1146 1146 D CompatConfig: No directory /apex/com.android.permission/etc/compatconfig, skipping
01-01 08:42:10.512 1146 1146 D CompatConfig: No directory /apex/com.android.os.statsd/etc/compatconfig, skipping
01-01 08:42:10.512 1146 1146 D CompatConfig: No directory /apex/com.android.neuralnetworks/etc/compatconfig, skipping
01-01 08:42:10.515 1146 1146 D CompatConfig: Found a config file: /apex/com.android.mediaprovider/etc/compatconfig/media-provider-platform-compat-config.xml
01-01 08:42:10.516 1146 1737 I SystemConfig: Reading permissions from /product/etc/sysconfig/preinstalled-packages-platform-overlays.xml
01-01 08:42:10.517 1146 1146 D CompatConfig: Adding: com.android.server.compat.config.Change@9d32cf4
01-01 08:42:10.518 1146 1146 D CompatConfig: Adding: com.android.server.compat.config.Change@f54ac1d
01-01 08:42:10.519 1146 1737 I SystemConfig: Reading permissions from /product/etc/sysconfig/preinstalled-packages-platform-handheld-product.xml
01-01 08:42:10.519 1146 1146 D CompatConfig: Adding: com.android.server.compat.config.Change@17a2063
01-01 08:42:10.520 1146 1146 D CompatConfig: Adding: com.android.server.compat.config.Change@6702460
01-01 08:42:10.522 1146 1146 D CompatConfig: Adding: com.android.server.compat.config.Change@b14ed19
01-01 08:42:10.523 1146 1146 D CompatConfig: Adding: com.android.server.compat.config.Change@27cc1de
01-01 08:42:10.524 1146 1146 D CompatConfig: Adding: com.android.server.compat.config.Change@1e45fbf
01-01 08:42:10.527 1146 1737 I SystemConfig: Reading permissions from /product/etc/permissions/telephony_product_privapp-permissions-qti.xml
01-01 08:42:10.529 1146 1737 I SystemConfig: Reading permissions from /product/etc/permissions/ims_ext_common.xml
01-01 08:42:10.529 1146 1146 D CompatConfig: No directory /apex/com.android.media.swcodec/etc/compatconfig, skipping
01-01 08:42:10.529 1146 1146 D CompatConfig: No directory /apex/com.android.media/etc/compatconfig, skipping
01-01 08:42:10.529 1146 1146 D CompatConfig: No directory /apex/com.android.ipsec/etc/compatconfig, skipping
01-01 08:42:10.529 1146 1146 D CompatConfig: No directory /apex/com.android.i18n/etc/compatconfig, skipping
01-01 08:42:10.530 1146 1146 D CompatConfig: No directory /apex/com.android.extservices/etc/compatconfig, skipping
01-01 08:42:10.530 1146 1146 D CompatConfig: No directory /apex/com.android.conscrypt/etc/compatconfig, skipping
01-01 08:42:10.531 1146 1737 I SystemConfig: Reading permissions from /product/etc/permissions/vendor.qti.hardware.data.connection-V1.0-java.xml
01-01 08:42:10.532 1146 1737 I SystemConfig: Reading permissions from /product/etc/permissions/com.qti.snapdragon.sdk.display.xml
01-01 08:42:10.534 1146 1737 I SystemConfig: Reading permissions from /product/etc/permissions/vendor.qti.hardware.data.connection-V1.1-java.xml
01-01 08:42:10.536 1146 1737 I SystemConfig: Reading permissions from /product/etc/permissions/com.android.settings.intelligence.xml
01-01 08:42:10.537 1146 1146 D CompatConfig: Found a config file: /apex/com.android.art/etc/compatconfig/libcore-platform-compat-config.xml
01-01 08:42:10.538 1146 1146 D CompatConfig: Adding: com.android.server.compat.config.Change@3d887b7
01-01 08:42:10.538 1146 1737 I SystemConfig: Reading permissions from /product/etc/permissions/privapp-permissions-soundrecorder.xml
01-01 08:42:10.539 1146 1146 D CompatConfig: Adding: com.android.server.compat.config.Change@91dd68d
01-01 08:42:10.539 1146 1737 I SystemConfig: Reading permissions from /product/etc/permissions/UimService.xml
01-01 08:42:10.540 1146 1146 D CompatConfig: Adding: com.android.server.compat.config.Change@363e853
01-01 08:42:10.541 1146 1146 D CompatConfig: Adding: com.android.server.compat.config.Change@5856590
01-01 08:42:10.542 1146 1146 D CompatConfig: Adding: com.android.server.compat.config.Change@c1e4e89
01-01 08:42:10.545 1146 1146 D CompatConfig: No directory /apex/com.android.appsearch/etc/compatconfig, skipping
01-01 08:42:10.545 1146 1146 D CompatConfig: No directory /apex/com.android.adbd/etc/compatconfig, skipping
01-01 08:42:10.546 1146 1737 I SystemConfig: Reading permissions from /system_ext/etc/sysconfig/qti_whitelist_system_ext.xml
01-01 08:42:10.549 1146 1146 D SystemServerTiming: PlatformCompat took to complete: 241ms
01-01 08:42:10.549 1146 1146 I SystemServerTiming: StartFileIntegrityService
01-01 08:42:10.549 1146 1737 I SystemConfig: Reading permissions from /system_ext/etc/sysconfig/qti_telephony_system_packages_config.xml
01-01 08:42:10.549 1146 1146 I SystemServiceManager: Starting com.android.server.security.FileIntegrityService
01-01 08:42:10.556 1146 1737 I SystemConfig: Reading permissions from /system_ext/etc/permissions/com.qualcomm.qti.imscmservice-V2.1-java.xml
01-01 08:42:10.559 1146 1146 D SystemServerTiming: StartFileIntegrityService took to complete: 10ms
01-01 08:42:10.559 1146 1146 I SystemServerTiming: StartInstaller
01-01 08:42:10.559 1146 1146 I SystemServiceManager: Starting com.android.server.pm.Installer
01-01 08:42:10.559 1146 1737 I SystemConfig: Reading permissions from /system_ext/etc/permissions/com.qualcomm.qti.imscmservice-V2.0-java.xml
01-01 08:42:10.562 1146 1737 I SystemConfig: Reading permissions from /system_ext/etc/permissions/android.software.verified_boot.xml
01-01 08:42:10.566 1146 1146 D SystemServerTiming: StartInstaller took to complete: 7ms
01-01 08:42:10.566 1146 1146 I SystemServerTiming: DeviceIdentifiersPolicyService
01-01 08:42:10.566 1146 1146 I SystemServiceManager: Starting com.android.server.os.DeviceIdentifiersPolicyService
01-01 08:42:10.567 1146 1737 I SystemConfig: Reading permissions from /system_ext/etc/permissions/com.qti.media.secureprocessor.xml
01-01 08:42:10.568 1146 1146 D SystemServerTiming: DeviceIdentifiersPolicyService took to complete: 2ms
01-01 08:42:10.568 1146 1146 I SystemServerTiming: UriGrantsManagerService
01-01 08:42:10.568 1146 1146 I SystemServiceManager: Starting com.android.server.uri.UriGrantsManagerService$Lifecycle
01-01 08:42:10.569 1146 1146 D SystemServerTiming: UriGrantsManagerService took to complete: 2ms
01-01 08:42:10.569 1146 1146 I SystemServerTiming: StartPowerStatsService
01-01 08:42:10.570 1146 1146 I SystemServiceManager: Starting com.android.server.powerstats.PowerStatsService
01-01 08:42:10.571 1146 1737 I SystemConfig: Reading permissions from /system_ext/etc/permissions/com.android.provision.xml
01-01 08:42:10.573 1146 1737 I SystemConfig: Reading permissions from /system_ext/etc/permissions/com.android.settings.xml
01-01 08:42:10.576 1146 1737 I SystemConfig: Reading permissions from /system_ext/etc/permissions/privapp-permissions-aptxals.xml
01-01 08:42:10.577 1146 1146 D SystemServerTiming: StartPowerStatsService took to complete: 7ms
01-01 08:42:10.577 1146 1146 I SystemServerTiming: StartIStatsService
01-01 08:42:10.578 1146 1737 I SystemConfig: Reading permissions from /system_ext/etc/permissions/com.qti.location.sdk.xml
01-01 08:42:10.580 1146 1146 D SystemServerTiming: StartIStatsService took to complete: 3ms
01-01 08:42:10.580 1146 1146 I SystemServerTiming: MemtrackProxyService
01-01 08:42:10.584 1146 1146 D SystemServerTiming: MemtrackProxyService took to complete: 4ms
01-01 08:42:10.584 1146 1146 I SystemServerTiming: StartActivityManager
01-01 08:42:10.584 1146 1146 I SystemServiceManager: Starting com.android.server.wm.ActivityTaskManagerService$Lifecycle
01-01 08:42:10.585 1146 1737 I SystemConfig: Reading permissions from /system_ext/etc/permissions/com.nxp.nfc.nq.xml
01-01 08:42:10.587 1146 1737 I SystemConfig: Reading permissions from /system_ext/etc/permissions/audiosphere.xml
01-01 08:42:10.588 1146 1737 I SystemConfig: Reading permissions from /system_ext/etc/permissions/com.android.storagemanager.xml
01-01 08:42:10.589 1146 1737 I SystemConfig: Reading permissions from /system_ext/etc/permissions/privapp-permissions-com.qualcomm.location.xml
01-01 08:42:10.591 1146 1737 I SystemConfig: Reading permissions from /system_ext/etc/permissions/com.android.emergency.xml
01-01 08:42:10.592 1146 1737 I SystemConfig: Reading permissions from /system_ext/etc/permissions/vendor.qti.ims.rcsservice.xml
01-01 08:42:10.592 1146 1146 I SystemServiceManager: Starting com.android.server.am.ActivityManagerService$Lifecycle
01-01 08:42:10.594 1146 1737 I SystemConfig: Reading permissions from /system_ext/etc/permissions/telephony_system-ext_privapp-permissions-qti.xml
01-01 08:42:10.596 1146 1737 I SystemConfig: Reading permissions from /system_ext/etc/permissions/com.qualcomm.qti.imscmservice-V2.2-java.xml
01-01 08:42:10.598 1146 1737 I SystemConfig: Reading permissions from /system_ext/etc/permissions/izat.xt.srv.xml
01-01 08:42:10.599 1146 1737 I SystemConfig: Reading permissions from /system_ext/etc/permissions/com.qualcomm.qti.imscmservice.xml
01-01 08:42:10.602 1146 1737 I SystemConfig: Reading permissions from /system_ext/etc/permissions/com.qualcomm.location.xml
01-01 08:42:10.603 1146 1737 I SystemConfig: Reading permissions from /system_ext/etc/permissions/dpmapi.xml
01-01 08:42:10.604 1146 1146 I ActivityManager: Memory class: 512
01-01 08:42:10.605 1146 1737 I SystemConfig: Reading permissions from /system_ext/etc/permissions/privapp-permissions-qti-system-ext.xml
01-01 08:42:10.606 1146 1749 I Binder : Setting heavy hitter watcher config: false, 0, 0.0
01-01 08:42:10.607 1146 1737 I SystemConfig: Reading permissions from /system_ext/etc/permissions/com.android.launcher3.xml
01-01 08:42:10.611 1146 1737 I SystemConfig: Reading permissions from /system_ext/etc/permissions/com.android.systemui.xml
01-01 08:42:10.613 1146 1737 I SystemConfig: Reading permissions from /system_ext/etc/permissions/embms.xml
01-01 08:42:10.615 1146 1737 I SystemConfig: Reading permissions from /system_ext/etc/permissions/com.qualcomm.qmapbridge.xml
01-01 08:42:10.616 1146 1737 I SystemConfig: Reading permissions from /system_ext/etc/permissions/qti_libpermissions.xml
01-01 08:42:10.625 1146 1737 I SystemConfig: Reading permissions from /system_ext/etc/permissions/wfd-system-ext-privapp-permissions-qti.xml
01-01 08:42:10.627 1146 1737 I SystemConfig: Reading permissions from /system_ext/etc/permissions/qti_supplicant_interface.xml
