01-01 10:24:26.805 0 0 D mv2112_update_link: 3.0x901(1G): 0x80
01-01 10:24:26.811 0 0 D mv2112_update_link: 3.0x8109(100M): 0x0
01-01 10:24:26.816 0 0 D mv2112_update_link: link 0x0
01-01 10:24:26.820 0 0 D mv2112_read_status: autoneg is disabled
01-01 10:24:27.825 0 0 D : mv2112_read_status
01-01 10:24:27.829 0 0 D mv2112_update_link: 3.0x901(1G): 0x80
01-01 10:24:27.836 0 0 D mv2112_update_link: 3.0x8109(100M): 0x0
01-01 10:24:27.843 0 0 D mv2112_update_link: link 0x0
01-01 10:24:27.847 0 0 D mv2112_read_status: autoneg is disabled
01-01 10:24:28.881 0 0 D : mv2112_read_status
01-01 10:24:28.885 0 0 D mv2112_update_link: 3.0x901(1G): 0x80
01-01 10:24:28.890 0 0 D mv2112_update_link: 3.0x8109(100M): 0x0
01-01 10:24:28.896 0 0 D mv2112_update_link: link 0x0
01-01 10:24:28.900 0 0 D mv2112_read_status: autoneg is disabled
01-01 10:24:29.905 0 0 D : mv2112_read_status
01-01 10:24:29.909 0 0 D mv2112_update_link: 3.0x901(1G): 0x80
01-01 10:24:29.914 0 0 D mv2112_update_link: 3.0x8109(100M): 0x0
01-01 10:24:29.919 0 0 D mv2112_update_link: link 0x0
01-01 10:24:29.924 0 0 D mv2112_read_status: autoneg is disabled
01-01 10:24:29.997 0 0 I init : starting service 'qvrd_vndr'...
01-01 10:24:30.005 0 0 I init : Created socket '/dev/socket/qvrservice_vndr', mode 660, user 1000, group 1000
01-01 10:24:30.016 0 0 I init : Created socket '/dev/socket/qvrservice_vndr_camera', mode 660, user 1000, group 1000
01-01 10:24:30.041 0 0 I init : starting service 'sxrd'...
01-01 10:24:30.057 0 0 I init : starting service 'vendor.light-hal-2-0'...
08-26 19:45:31.429 8861 8861 F linker : CANNOT LINK EXECUTABLE "/vendor/bin/hw/sxrservice": library "vendor.qti.hardware.qxr-V1-ndk_platform.so" not found: needed by main executable
08-26 19:45:31.429 8860 8860 F linker : CANNOT LINK EXECUTABLE "/vendor/bin/hw/qvrservice": library "vendor.qti.hardware.qxr-V1-ndk_platform.so" not found: needed by /vendor/lib64/libqvrservice.so in namespace (default)
01-01 10:24:30.084 0 0 I init : Service 'sxrd' (pid 8861) exited with status 1
01-01 10:24:30.090 0 0 I init : Sending signal 9 to service 'sxrd' (pid 8861) process group...
01-01 10:24:30.098 0 0 I libprocessgroup: Successfully killed process cgroup uid 1000 pid 8861 in 0ms
01-01 10:24:30.108 0 0 I init : Service 'qvrd_vndr' (pid 8860) exited with status 1
01-01 10:24:30.115 0 0 I init : Sending signal 9 to service 'qvrd_vndr' (pid 8860) process group...
01-01 10:24:30.929 0 0 D : mv2112_read_status
01-01 10:24:30.933 0 0 D mv2112_update_link: 3.0x901(1G): 0x80
01-01 10:24:30.938 0 0 D mv2112_update_link: 3.0x8109(100M): 0x0
01-01 10:24:30.944 0 0 D mv2112_update_link: link 0x0
01-01 10:24:30.948 0 0 D mv2112_read_status: autoneg is disabled
01-01 10:24:31.953 0 0 D : mv2112_read_status
01-01 10:24:31.957 0 0 D mv2112_update_link: 3.0x901(1G): 0x80
01-01 10:24:31.963 0 0 D mv2112_update_link: 3.0x8109(100M): 0x0
01-01 10:24:31.968 0 0 D mv2112_update_link: link 0x0
01-01 10:24:31.973 0 0 D mv2112_read_status: autoneg is disabled
01-01 10:24:32.977 0 0 D : mv2112_read_status
01-01 10:24:32.981 0 0 D mv2112_update_link: 3.0x901(1G): 0x80
01-01 10:24:32.987 0 0 D mv2112_update_link: 3.0x8109(100M): 0x0
01-01 10:24:32.992 0 0 D mv2112_update_link: link 0x0
01-01 10:24:32.997 0 0 D mv2112_read_status: autoneg is disabled
01-01 10:24:34.001 0 0 D : mv2112_read_status
01-01 10:24:34.005 0 0 D mv2112_update_link: 3.0x901(1G): 0x80
01-01 10:24:34.010 0 0 D mv2112_update_link: 3.0x8109(100M): 0x0
01-01 10:24:34.016 0 0 D mv2112_update_link: link 0x0
01-01 10:24:34.020 0 0 D mv2112_read_status: autoneg is disabled
01-01 10:24:35.025 0 0 D : mv2112_read_status
01-01 10:24:35.029 0 0 D mv2112_update_link: 3.0x901(1G): 0x80
01-01 10:24:35.034 0 0 D mv2112_update_link: 3.0x8109(100M): 0x0
01-01 10:24:35.040 0 0 D mv2112_update_link: link 0x0
01-01 10:24:35.041 0 0 I init : starting service 'qvrd_vndr'...
01-01 10:24:35.044 0 0 D mv2112_read_status: autoneg is disabled
01-01 10:24:35.050 0 0 I init : Created socket '/dev/socket/qvrservice_vndr', mode 660, user 1000, group 1000
01-01 10:24:35.064 0 0 I init : Created socket '/dev/socket/qvrservice_vndr_camera', mode 660, user 1000, group 1000
01-01 10:24:35.088 0 0 I init : starting service 'sxrd'...
01-01 10:24:35.104 0 0 I init : starting service 'vendor.light-hal-2-0'...
08-26 19:45:36.469 8863 8863 F linker : CANNOT LINK EXECUTABLE "/vendor/bin/hw/qvrservice": library "vendor.qti.hardware.qxr-V1-ndk_platform.so" not found: needed by /vendor/lib64/libqvrservice.so in namespace (default)
08-26 19:45:36.484 8864 8864 F linker : CANNOT LINK EXECUTABLE "/vendor/bin/hw/sxrservice": library "vendor.qti.hardware.qxr-V1-ndk_platform.so" not found: needed by main executable
01-01 10:24:35.125 0 0 I init : Service 'qvrd_vndr' (pid 8863) exited with status 1
01-01 10:24:35.132 0 0 I init : Sending signal 9 to service 'qvrd_vndr' (pid 8863) process group...
01-01 10:24:35.140 0 0 I libprocessgroup: Successfully killed process cgroup uid 1000 pid 8863 in 0ms
01-01 10:24:35.150 0 0 I init : Service 'sxrd' (pid 8864) exited with status 1
01-01 10:24:35.156 0 0 I init : Sending signal 9 to service 'sxrd' (pid 8864) process group...
01-01 10:24:36.081 0 0 D : mv2112_read_status
01-01 10:24:36.085 0 0 D mv2112_update_link: 3.0x901(1G): 0x80
01-01 10:24:36.090 0 0 D mv2112_update_link: 3.0x8109(100M): 0x0
01-01 10:24:36.096 0 0 D mv2112_update_link: link 0x0
01-01 10:24:36.101 0 0 D mv2112_read_status: autoneg is disabled
01-01 10:24:37.105 0 0 D : mv2112_read_status
01-01 10:24:37.109 0 0 D mv2112_update_link: 3.0x901(1G): 0x80
01-01 10:24:37.133 0 0 D mv2112_update_link: 3.0x8109(100M): 0x0
01-01 10:24:37.138 0 0 D mv2112_update_link: link 0x0
01-01 10:24:37.153 0 0 D mv2112_read_status: autoneg is disabled
01-01 10:24:38.161 0 0 D : mv2112_read_status
01-01 10:24:38.165 0 0 D mv2112_update_link: 3.0x901(1G): 0x80
01-01 10:24:38.170 0 0 D mv2112_update_link: 3.0x8109(100M): 0x0
01-01 10:24:38.176 0 0 D mv2112_update_link: link 0x0
01-01 10:24:38.180 0 0 D mv2112_read_status: autoneg is disabled
01-01 10:24:39.185 0 0 D : mv2112_read_status
01-01 10:24:39.189 0 0 D mv2112_update_link: 3.0x901(1G): 0x80
01-01 10:24:39.195 0 0 D mv2112_update_link: 3.0x8109(100M): 0x0
01-01 10:24:39.200 0 0 D mv2112_update_link: link 0x0
01-01 10:24:39.205 0 0 D mv2112_read_status: autoneg is disabled
01-01 10:24:40.088 0 0 I init : starting service 'qvrd_vndr'...
01-01 10:24:40.094 0 0 I init : Created socket '/dev/socket/qvrservice_vndr', mode 660, user 1000, group 1000
01-01 10:24:40.104 0 0 I init : Created socket '/dev/socket/qvrservice_vndr_camera', mode 660, user 1000, group 1000
01-01 10:24:40.130 0 0 I init : starting service 'sxrd'...
01-01 10:24:40.148 0 0 I init : starting service 'vendor.light-hal-2-0'...
08-26 19:45:41.529 8867 8867 F linker : CANNOT LINK EXECUTABLE "/vendor/bin/hw/sxrservice": library "vendor.qti.hardware.qxr-V1-ndk_platform.so" not found: needed by main executable
08-26 19:45:41.529 8866 8866 F linker : CANNOT LINK EXECUTABLE "/vendor/bin/hw/qvrservice": library "vendor.qti.hardware.qxr-V1-ndk_platform.so" not found: needed by /vendor/lib64/libqvrservice.so in namespace (default)
01-01 10:24:40.184 0 0 I init : Service 'sxrd' (pid 8867) exited with status 1
01-01 10:24:40.191 0 0 I init : Sending signal 9 to service 'sxrd' (pid 8867) process group...
01-01 10:24:40.199 0 0 I libprocessgroup: Successfully killed process cgroup uid 1000 pid 8867 in 0ms
01-01 10:24:40.209 0 0 D : mv2112_read_status
01-01 10:24:40.209 0 0 I init : Service 'qvrd_vndr' (pid 8866) exited with status 1
01-01 10:24:40.212 0 0 D mv2112_update_link: 3.0x901(1G): 0x80
01-01 10:24:40.219 0 0 I init : Sending signal 9 to service 'qvrd_vndr' (pid 8866) process group...
01-01 10:24:40.233 0 0 D mv2112_update_link: 3.0x8109(100M): 0x0
01-01 10:24:40.238 0 0 D mv2112_update_link: link 0x0
01-01 10:24:40.242 0 0 D mv2112_read_status: autoneg is disabled
01-01 10:24:41.265 0 0 D : mv2112_read_status
01-01 10:24:41.269 0 0 D mv2112_update_link: 3.0x901(1G): 0x80
01-01 10:24:41.274 0 0 D mv2112_update_link: 3.0x8109(100M): 0x0
01-01 10:24:41.279 0 0 D mv2112_update_link: link 0x0
01-01 10:24:41.283 0 0 D mv2112_read_status: autoneg is disabled
01-01 10:24:42.289 0 0 D : mv2112_read_status
01-01 10:24:42.293 0 0 D mv2112_update_link: 3.0x901(1G): 0x80
01-01 10:24:42.298 0 0 D mv2112_update_link: 3.0x8109(100M): 0x0
01-01 10:24:42.304 0 0 D mv2112_update_link: link 0x0
01-01 10:24:42.308 0 0 D mv2112_read_status: autoneg is disabled
01-01 10:24:43.313 0 0 D : mv2112_read_status
01-01 10:24:43.317 0 0 D mv2112_update_link: 3.0x901(1G): 0x80
01-01 10:24:43.322 0 0 D mv2112_update_link: 3.0x8109(100M): 0x0
01-01 10:24:43.328 0 0 D mv2112_update_link: link 0x0
01-01 10:24:43.332 0 0 D mv2112_read_status: autoneg is disabled
01-01 10:24:44.337 0 0 D : mv2112_read_status
01-01 10:24:44.341 0 0 D mv2112_update_link: 3.0x901(1G): 0x80
01-01 10:24:44.346 0 0 D mv2112_update_link: 3.0x8109(100M): 0x0
01-01 10:24:44.352 0 0 D mv2112_update_link: link 0x0
01-01 10:24:44.356 0 0 D mv2112_read_status: autoneg is disabled
01-01 10:24:45.132 0 0 I init : starting service 'qvrd_vndr'...
01-01 10:24:45.142 0 0 I init : Created socket '/dev/socket/qvrservice_vndr', mode 660, user 1000, group 1000
01-01 10:24:45.155 0 0 I init : Created socket '/dev/socket/qvrservice_vndr_camera', mode 660, user 1000, group 1000
01-01 10:24:45.207 0 0 I init : starting service 'sxrd'...
08-26 19:45:46.572 8869 8869 F linker : CANNOT LINK EXECUTABLE "/vendor/bin/hw/qvrservice": library "vendor.qti.hardware.qxr-V1-ndk_platform.so" not found: needed by /vendor/lib64/libqvrservice.so in namespace (default)
01-01 10:24:45.228 0 0 I init : Service 'qvrd_vndr' (pid 8869) exited with status 1
01-01 10:24:45.234 0 0 I init : Sending signal 9 to service 'qvrd_vndr' (pid 8869) process group...
01-01 10:24:45.243 0 0 I libprocessgroup: Successfully killed process cgroup uid 1000 pid 8869 in 0ms
01-01 10:24:45.253 0 0 I init : starting service 'vendor.light-hal-2-0'...
08-26 19:45:46.623 8870 8870 F linker : CANNOT LINK EXECUTABLE "/vendor/bin/hw/sxrservice": library "vendor.qti.hardware.qxr-V1-ndk_platform.so" not found: needed by main executable
01-01 10:24:45.279 0 0 I init : Service 'sxrd' (pid 8870) exited with status 1
01-01 10:24:45.285 0 0 I init : Sending signal 9 to service 'sxrd' (pid 8870) process group...
01-01 10:24:45.361 0 0 D : mv2112_read_status
01-01 10:24:45.364 0 0 D mv2112_update_link: 3.0x901(1G): 0x80
01-01 10:24:45.371 0 0 D mv2112_update_link: 3.0x8109(100M): 0x0
01-01 10:24:45.376 0 0 D mv2112_update_link: link 0x0
01-01 10:24:45.380 0 0 D mv2112_read_status: autoneg is disabled
01-01 10:24:46.385 0 0 D : mv2112_read_status
01-01 10:24:46.389 0 0 D mv2112_update_link: 3.0x901(1G): 0x80
01-01 10:24:46.394 0 0 D mv2112_update_link: 3.0x8109(100M): 0x0
01-01 10:24:46.400 0 0 D mv2112_update_link: link 0x0
01-01 10:24:46.404 0 0 D mv2112_read_status: autoneg is disabled
01-01 10:24:47.409 0 0 D : mv2112_read_status
01-01 10:24:47.413 0 0 D mv2112_update_link: 3.0x901(1G): 0x80
01-01 10:24:47.418 0 0 D mv2112_update_link: 3.0x8109(100M): 0x0
01-01 10:24:47.423 0 0 D mv2112_update_link: link 0x0
01-01 10:24:47.428 0 0 D mv2112_read_status: autoneg is disabled
01-01 10:24:48.433 0 0 D : mv2112_read_status
01-01 10:24:48.437 0 0 D mv2112_update_link: 3.0x901(1G): 0x80
01-01 10:24:48.442 0 0 D mv2112_update_link: 3.0x8109(100M): 0x0
01-01 10:24:48.447 0 0 D mv2112_update_link: link 0x0
01-01 10:24:48.452 0 0 D mv2112_read_status: autoneg is disabled
01-01 10:24:49.457 0 0 D : mv2112_read_status
01-01 10:24:49.461 0 0 D mv2112_update_link: 3.0x901(1G): 0x80
01-01 10:24:49.466 0 0 D mv2112_update_link: 3.0x8109(100M): 0x0
01-01 10:24:49.472 0 0 D mv2112_update_link: link 0x0
01-01 10:24:49.476 0 0 D mv2112_read_status: autoneg is disabled
01-01 10:24:50.201 0 0 I init : starting service 'qvrd_vndr'...
01-01 10:24:50.208 0 0 I init : Created socket '/dev/socket/qvrservice_vndr', mode 660, user 1000, group 1000
01-01 10:24:50.218 0 0 I init : Created socket '/dev/socket/qvrservice_vndr_camera', mode 660, user 1000, group 1000
01-01 10:24:50.248 0 0 I init : starting service 'sxrd'...
01-01 10:24:50.271 0 0 I init : starting service 'vendor.light-hal-2-0'...
08-26 19:45:51.631 8872 8872 F linker : CANNOT LINK EXECUTABLE "/vendor/bin/hw/qvrservice": library "vendor.qti.hardware.qxr-V1-ndk_platform.so" not found: needed by /vendor/lib64/libqvrservice.so in namespace (default)
08-26 19:45:51.646 8873 8873 F linker : CANNOT LINK EXECUTABLE "/vendor/bin/hw/sxrservice": library "vendor.qti.hardware.qxr-V1-ndk_platform.so" not found: needed by main executable
01-01 10:24:50.290 0 0 I init : Service 'qvrd_vndr' (pid 8872) exited with status 1
01-01 10:24:50.297 0 0 I init : Sending signal 9 to service 'qvrd_vndr' (pid 8872) process group...
01-01 10:24:50.305 0 0 I libprocessgroup: Successfully killed process cgroup uid 1000 pid 8872 in 0ms
01-01 10:24:50.316 0 0 I init : Service 'sxrd' (pid 8873) exited with status 1
01-01 10:24:50.322 0 0 I init : Sending signal 9 to service 'sxrd' (pid 8873) process group...
01-01 10:24:50.481 0 0 D : mv2112_read_status
01-01 10:24:50.485 0 0 D mv2112_update_link: 3.0x901(1G): 0x80
01-01 10:24:50.490 0 0 D mv2112_update_link: 3.0x8109(100M): 0x0
01-01 10:24:50.495 0 0 D mv2112_update_link: link 0x0
01-01 10:24:50.500 0 0 D mv2112_read_status: autoneg is disabled
01-01 10:24:51.505 0 0 D : mv2112_read_status
01-01 10:24:51.509 0 0 D mv2112_update_link: 3.0x901(1G): 0x80
01-01 10:24:51.514 0 0 D mv2112_update_link: 3.0x8109(100M): 0x0
01-01 10:24:51.520 0 0 D mv2112_update_link: link 0x0
01-01 10:24:51.524 0 0 D mv2112_read_status: autoneg is disabled
01-01 10:24:52.529 0 0 D : mv2112_read_status
01-01 10:24:52.533 0 0 D mv2112_update_link: 3.0x901(1G): 0x80
01-01 10:24:52.538 0 0 D mv2112_update_link: 3.0x8109(100M): 0x0
01-01 10:24:52.545 0 0 D mv2112_update_link: link 0x0
01-01 10:24:52.550 0 0 D mv2112_read_status: autoneg is disabled
01-01 10:24:53.553 0 0 D : mv2112_read_status
01-01 10:24:53.557 0 0 D mv2112_update_link: 3.0x901(1G): 0x80
01-01 10:24:53.562 0 0 D mv2112_update_link: 3.0x8109(100M): 0x0
01-01 10:24:53.567 0 0 D mv2112_update_link: link 0x0
01-01 10:24:53.572 0 0 D mv2112_read_status: autoneg is disabled
01-01 10:24:54.577 0 0 D : mv2112_read_status
01-01 10:24:54.581 0 0 D mv2112_update_link: 3.0x901(1G): 0x80
01-01 10:24:54.586 0 0 D mv2112_update_link: 3.0x8109(100M): 0x0
01-01 10:24:54.592 0 0 D mv2112_update_link: link 0x0
01-01 10:24:54.596 0 0 D mv2112_read_status: autoneg is disabled
01-01 10:24:55.248 0 0 I init : starting service 'qvrd_vndr'...
01-01 10:24:55.254 0 0 I init : Created socket '/dev/socket/qvrservice_vndr', mode 660, user 1000, group 1000
01-01 10:24:55.265 0 0 I init : Created socket '/dev/socket/qvrservice_vndr_camera', mode 660, user 1000, group 1000
01-01 10:24:55.293 0 0 I init : starting service 'sxrd'...
01-01 10:24:55.310 0 0 I init : starting service 'vendor.light-hal-2-0'...
08-26 19:45:56.685 8875 8875 F linker : CANNOT LINK EXECUTABLE "/vendor/bin/hw/qvrservice": library "vendor.qti.hardware.qxr-V1-ndk_platform.so" not found: needed by /vendor/lib64/libqvrservice.so in namespace (default)
08-26 19:45:56.687 8876 8876 F linker : CANNOT LINK EXECUTABLE "/vendor/bin/hw/sxrservice": library "vendor.qti.hardware.qxr-V1-ndk_platform.so" not found: needed by main executable
01-01 10:24:55.341 0 0 I init : Service 'qvrd_vndr' (pid 8875) exited with status 1
01-01 10:24:55.347 0 0 I init : Sending signal 9 to service 'qvrd_vndr' (pid 8875) process group...
01-01 10:24:55.356 0 0 I libprocessgroup: Successfully killed process cgroup uid 1000 pid 8875 in 0ms
01-01 10:24:55.367 0 0 I init : Service 'sxrd' (pid 8876) exited with status 1
01-01 10:24:55.374 0 0 I init : Sending signal 9 to service 'sxrd' (pid 8876) process group...
01-01 10:24:55.601 0 0 D : mv2112_read_status
01-01 10:24:55.605 0 0 D mv2112_update_link: 3.0x901(1G): 0x80
01-01 10:24:55.611 0 0 D mv2112_update_link: 3.0x8109(100M): 0x0
01-01 10:24:55.617 0 0 D mv2112_update_link: link 0x0
01-01 10:24:55.621 0 0 D mv2112_read_status: autoneg is disabled
01-01 10:24:56.625 0 0 D : mv2112_read_status
01-01 10:24:56.629 0 0 D mv2112_update_link: 3.0x901(1G): 0x80
01-01 10:24:56.634 0 0 D mv2112_update_link: 3.0x8109(100M): 0x0
01-01 10:24:56.640 0 0 D mv2112_update_link: link 0x0
01-01 10:24:56.644 0 0 D mv2112_read_status: autoneg is disabled
01-01 10:24:57.649 0 0 D : mv2112_read_status
01-01 10:24:57.652 0 0 D mv2112_update_link: 3.0x901(1G): 0x80
01-01 10:24:57.658 0 0 D mv2112_update_link: 3.0x8109(100M): 0x0
01-01 10:24:57.664 0 0 D mv2112_update_link: link 0x0
01-01 10:24:57.668 0 0 D mv2112_read_status: autoneg is disabled
01-01 10:24:58.673 0 0 D : mv2112_read_status
01-01 10:24:58.679 0 0 D mv2112_update_link: 3.0x901(1G): 0x80
01-01 10:24:58.686 0 0 D mv2112_update_link: 3.0x8109(100M): 0x0
01-01 10:24:58.693 0 0 D mv2112_update_link: link 0x0
01-01 10:24:58.697 0 0 D mv2112_read_status: autoneg is disabled
01-01 10:24:59.729 0 0 D : mv2112_read_status
01-01 10:24:59.732 0 0 D mv2112_update_link: 3.0x901(1G): 0x80
01-01 10:24:59.737 0 0 D mv2112_update_link: 3.0x8109(100M): 0x0
01-01 10:24:59.743 0 0 D mv2112_update_link: link 0x0
01-01 10:24:59.748 0 0 D mv2112_read_status: autoneg is disabled
01-01 10:25:00.292 0 0 I init : starting service 'qvrd_vndr'...
01-01 10:25:00.299 0 0 I init : Created socket '/dev/socket/qvrservice_vndr', mode 660, user 1000, group 1000
01-01 10:25:00.310 0 0 I init : Created socket '/dev/socket/qvrservice_vndr_camera', mode 660, user 1000, group 1000
01-01 10:25:00.341 0 0 I init : starting service 'sxrd'...
01-01 10:25:00.360 0 0 I init : starting service 'vendor.light-hal-2-0'...
08-26 19:46:01.715 8878 8878 F linker : CANNOT LINK EXECUTABLE "/vendor/bin/hw/qvrservice": library "vendor.qti.hardware.qxr-V1-ndk_platform.so" not found: needed by /vendor/lib64/libqvrservice.so in namespace (default)
08-26 19:46:01.730 8879 8879 F linker : CANNOT LINK EXECUTABLE "/vendor/bin/hw/sxrservice": library "vendor.qti.hardware.qxr-V1-ndk_platform.so" not found: needed by main executable
01-01 10:25:00.379 0 0 I init : Service 'qvrd_vndr' (pid 8878) exited with status 1
01-01 10:25:00.386 0 0 I init : Sending signal 9 to service 'qvrd_vndr' (pid 8878) process group...
01-01 10:25:00.394 0 0 I libprocessgroup: Successfully killed process cgroup uid 1000 pid 8878 in 0ms
01-01 10:25:00.404 0 0 I init : Service 'sxrd' (pid 8879) exited with status 1
01-01 10:25:00.410 0 0 I init : Sending signal 9 to service 'sxrd' (pid 8879) process group...
01-01 10:25:00.753 0 0 D : mv2112_read_status
01-01 10:25:00.756 0 0 D mv2112_update_link: 3.0x901(1G): 0x80
01-01 10:25:00.762 0 0 D mv2112_update_link: 3.0x8109(100M): 0x0
01-01 10:25:00.767 0 0 D mv2112_update_link: link 0x0
01-01 10:25:00.773 0 0 D mv2112_read_status: autoneg is disabled
01-01 10:25:01.777 0 0 D : mv2112_read_status
01-01 10:25:01.781 0 0 D mv2112_update_link: 3.0x901(1G): 0x80
01-01 10:25:01.787 0 0 D mv2112_update_link: 3.0x8109(100M): 0x0
01-01 10:25:01.793 0 0 D mv2112_update_link: link 0x0
01-01 10:25:01.798 0 0 D mv2112_read_status: autoneg is disabled
01-01 10:25:02.801 0 0 D : mv2112_read_status
01-01 10:25:02.804 0 0 D mv2112_update_link: 3.0x901(1G): 0x80
01-01 10:25:02.811 0 0 D mv2112_update_link: 3.0x8109(100M): 0x0
01-01 10:25:02.816 0 0 D mv2112_update_link: link 0x0
01-01 10:25:02.821 0 0 D mv2112_read_status: autoneg is disabled
01-01 10:25:03.825 0 0 D : mv2112_read_status
01-01 10:25:03.829 0 0 D mv2112_update_link: 3.0x901(1G): 0x80
01-01 10:25:03.834 0 0 D mv2112_update_link: 3.0x8109(100M): 0x0
01-01 10:25:03.839 0 0 D mv2112_update_link: link 0x0
01-01 10:25:03.843 0 0 D mv2112_read_status: autoneg is disabled
01-01 10:25:04.849 0 0 D : mv2112_read_status
01-01 10:25:04.853 0 0 D mv2112_update_link: 3.0x901(1G): 0x80
01-01 10:25:04.858 0 0 D mv2112_update_link: 3.0x8109(100M): 0x0
01-01 10:25:04.863 0 0 D mv2112_update_link: link 0x0
01-01 10:25:04.868 0 0 D mv2112_read_status: autoneg is disabled
01-01 10:25:05.335 0 0 I init : starting service 'qvrd_vndr'...
01-01 10:25:05.342 0 0 I init : Created socket '/dev/socket/qvrservice_vndr', mode 660, user 1000, group 1000
01-01 10:25:05.352 0 0 I init : Created socket '/dev/socket/qvrservice_vndr_camera', mode 660, user 1000, group 1000
01-01 10:25:05.378 0 0 I init : starting service 'sxrd'...
01-01 10:25:05.395 0 0 I init : starting service 'vendor.light-hal-2-0'...
08-26 19:46:06.752 8881 8881 F linker : CANNOT LINK EXECUTABLE "/vendor/bin/hw/qvrservice": library "vendor.qti.hardware.qxr-V1-ndk_platform.so" not found: needed by /vendor/lib64/libqvrservice.so in namespace (default)
01-01 10:25:05.414 0 0 I init : Service 'qvrd_vndr' (pid 8881) exited with status 1
01-01 10:25:05.421 0 0 I init : Sending signal 9 to service 'qvrd_vndr' (pid 8881) process group...
01-01 10:25:05.429 0 0 I libprocessgroup: Successfully killed process cgroup uid 1000 pid 8881 in 0ms
08-26 19:46:06.778 8882 8882 F linker : CANNOT LINK EXECUTABLE "/vendor/bin/hw/sxrservice": library "vendor.qti.hardware.qxr-V1-ndk_platform.so" not found: needed by main executable
01-01 10:25:05.439 0 0 I init : Service 'sxrd' (pid 8882) exited with status 1
01-01 10:25:05.446 0 0 I init : Sending signal 9 to service 'sxrd' (pid 8882) process group...
01-01 10:25:05.873 0 0 D : mv2112_read_status
01-01 10:25:05.876 0 0 D mv2112_update_link: 3.0x901(1G): 0x80
01-01 10:25:05.884 0 0 D mv2112_update_link: 3.0x8109(100M): 0x0
01-01 10:25:05.890 0 0 D mv2112_update_link: link 0x0
01-01 10:25:05.895 0 0 D mv2112_read_status: autoneg is disabled
01-01 10:25:06.897 0 0 D : mv2112_read_status
01-01 10:25:06.901 0 0 D mv2112_update_link: 3.0x901(1G): 0x80
01-01 10:25:06.906 0 0 D mv2112_update_link: 3.0x8109(100M): 0x0
01-01 10:25:06.912 0 0 D mv2112_update_link: link 0x0
01-01 10:25:06.916 0 0 D mv2112_read_status: autoneg is disabled
01-01 10:25:07.921 0 0 D : mv2112_read_status
01-01 10:25:07.924 0 0 D mv2112_update_link: 3.0x901(1G): 0x80
01-01 10:25:07.931 0 0 D mv2112_update_link: 3.0x8109(100M): 0x0
01-01 10:25:07.936 0 0 D mv2112_update_link: link 0x0
01-01 10:25:07.941 0 0 D mv2112_read_status: autoneg is disabled
01-01 10:25:08.945 0 0 D : mv2112_read_status
01-01 10:25:08.948 0 0 D mv2112_update_link: 3.0x901(1G): 0x80
01-01 10:25:08.955 0 0 D mv2112_update_link: 3.0x8109(100M): 0x0
01-01 10:25:08.960 0 0 D mv2112_update_link: link 0x0
01-01 10:25:08.966 0 0 D mv2112_read_status: autoneg is disabled
01-01 10:25:09.969 0 0 D : mv2112_read_status
01-01 10:25:09.972 0 0 D mv2112_update_link: 3.0x901(1G): 0x80
01-01 10:25:09.978 0 0 D mv2112_update_link: 3.0x8109(100M): 0x0
01-01 10:25:09.983 0 0 D mv2112_update_link: link 0x0
01-01 10:25:09.987 0 0 D mv2112_read_status: autoneg is disabled
01-01 10:25:10.378 0 0 I init : starting service 'qvrd_vndr'...
01-01 10:25:10.384 0 0 I init : Created socket '/dev/socket/qvrservice_vndr', mode 660, user 1000, group 1000
01-01 10:25:10.395 0 0 I init : Created socket '/dev/socket/qvrservice_vndr_camera', mode 660, user 1000, group 1000
01-01 10:25:10.421 0 0 I init : starting service 'sxrd'...
01-01 10:25:10.438 0 0 I init : starting service 'vendor.light-hal-2-0'...
08-26 19:46:11.808 8885 8885 F linker : CANNOT LINK EXECUTABLE "/vendor/bin/hw/sxrservice": library "vendor.qti.hardware.qxr-V1-ndk_platform.so" not found: needed by main executable
08-26 19:46:11.808 8884 8884 F linker : CANNOT LINK EXECUTABLE "/vendor/bin/hw/qvrservice": library "vendor.qti.hardware.qxr-V1-ndk_platform.so" not found: needed by /vendor/lib64/libqvrservice.so in namespace (default)
01-01 10:25:10.463 0 0 I init : Service 'sxrd' (pid 8885) exited with status 1
01-01 10:25:10.469 0 0 I init : Sending signal 9 to service 'sxrd' (pid 8885) process group...
01-01 10:25:10.477 0 0 I libprocessgroup: Successfully killed process cgroup uid 1000 pid 8885 in 0ms
01-01 10:25:10.488 0 0 I init : Service 'qvrd_vndr' (pid 8884) exited with status 1
01-01 10:25:10.495 0 0 I init : Sending signal 9 to service 'qvrd_vndr' (pid 8884) process group...
01-01 10:25:10.993 0 0 D : mv2112_read_status
01-01 10:25:10.996 0 0 D mv2112_update_link: 3.0x901(1G): 0x80
01-01 10:25:11.003 0 0 D mv2112_update_link: 3.0x8109(100M): 0x0
01-01 10:25:11.008 0 0 D mv2112_update_link: link 0x0
01-01 10:25:11.013 0 0 D mv2112_read_status: autoneg is disabled
01-01 10:25:12.017 0 0 D : mv2112_read_status
01-01 10:25:12.020 0 0 D mv2112_update_link: 3.0x901(1G): 0x80
01-01 10:25:12.026 0 0 D mv2112_update_link: 3.0x8109(100M): 0x0
01-01 10:25:12.031 0 0 D mv2112_update_link: link 0x0
01-01 10:25:12.036 0 0 D mv2112_read_status: autoneg is disabled
01-01 10:25:13.041 0 0 D : mv2112_read_status
01-01 10:25:13.045 0 0 D mv2112_update_link: 3.0x901(1G): 0x80
01-01 10:25:13.051 0 0 D mv2112_update_link: 3.0x8109(100M): 0x0
01-01 10:25:13.056 0 0 D mv2112_update_link: link 0x0
01-01 10:25:13.061 0 0 D mv2112_read_status: autoneg is disabled
01-01 10:25:14.065 0 0 D : mv2112_read_status
01-01 10:25:14.068 0 0 D mv2112_update_link: 3.0x901(1G): 0x80
01-01 10:25:14.075 0 0 D mv2112_update_link: 3.0x8109(100M): 0x0
01-01 10:25:14.080 0 0 D mv2112_update_link: link 0x0
01-01 10:25:14.085 0 0 D mv2112_read_status: autoneg is disabled
01-01 10:25:15.089 0 0 D : mv2112_read_status
01-01 10:25:15.092 0 0 D mv2112_update_link: 3.0x901(1G): 0x80
01-01 10:25:15.098 0 0 D mv2112_update_link: 3.0x8109(100M): 0x0
01-01 10:25:15.103 0 0 D mv2112_update_link: link 0x0
01-01 10:25:15.107 0 0 D mv2112_read_status: autoneg is disabled
01-01 10:25:15.420 0 0 I init : starting service 'qvrd_vndr'...
01-01 10:25:15.427 0 0 I init : Created socket '/dev/socket/qvrservice_vndr', mode 660, user 1000, group 1000
01-01 10:25:15.438 0 0 I init : Created socket '/dev/socket/qvrservice_vndr_camera', mode 660, user 1000, group 1000
01-01 10:25:15.467 0 0 I init : starting service 'sxrd'...
01-01 10:25:15.491 0 0 I init : starting service 'vendor.light-hal-2-0'...
08-26 19:46:16.852 8887 8887 F linker : CANNOT LINK EXECUTABLE "/vendor/bin/hw/qvrservice": library "vendor.qti.hardware.qxr-V1-ndk_platform.so" not found: needed by /vendor/lib64/libqvrservice.so in namespace (default)
08-26 19:46:16.865 8888 8888 F linker : CANNOT LINK EXECUTABLE "/vendor/bin/hw/sxrservice": library "vendor.qti.hardware.qxr-V1-ndk_platform.so" not found: needed by main executable
01-01 10:25:15.510 0 0 I init : Service 'qvrd_vndr' (pid 8887) exited with status 1
01-01 10:25:15.517 0 0 I init : Sending signal 9 to service 'qvrd_vndr' (pid 8887) process group...
01-01 10:25:15.525 0 0 I libprocessgroup: Successfully killed process cgroup uid 1000 pid 8887 in 0ms
01-01 10:25:15.537 0 0 I init : Service 'sxrd' (pid 8888) exited with status 1
01-01 10:25:15.543 0 0 I init : Sending signal 9 to service 'sxrd' (pid 8888) process group...
01-01 10:25:16.113 0 0 D : mv2112_read_status
01-01 10:25:16.116 0 0 D mv2112_update_link: 3.0x901(1G): 0x80
01-01 10:25:16.122 0 0 D mv2112_update_link: 3.0x8109(100M): 0x0
01-01 10:25:16.127 0 0 D mv2112_update_link: link 0x0
01-01 10:25:16.132 0 0 D mv2112_read_status: autoneg is disabled
01-01 10:25:17.137 0 0 D : mv2112_read_status
01-01 10:25:17.140 0 0 D mv2112_update_link: 3.0x901(1G): 0x80
01-01 10:25:17.147 0 0 D mv2112_update_link: 3.0x8109(100M): 0x0
01-01 10:25:17.152 0 0 D mv2112_update_link: link 0x0
01-01 10:25:17.157 0 0 D mv2112_read_status: autoneg is disabled
01-01 10:25:18.161 0 0 D : mv2112_read_status
01-01 10:25:18.164 0 0 D mv2112_update_link: 3.0x901(1G): 0x80
01-01 10:25:18.170 0 0 D mv2112_update_link: 3.0x8109(100M): 0x0
01-01 10:25:18.175 0 0 D mv2112_update_link: link 0x0
01-01 10:25:18.179 0 0 D mv2112_read_status: autoneg is disabled
01-01 10:25:19.185 0 0 D : mv2112_read_status
01-01 10:25:19.189 0 0 D mv2112_update_link: 3.0x901(1G): 0x80
01-01 10:25:19.194 0 0 D mv2112_update_link: 3.0x8109(100M): 0x0
01-01 10:25:19.199 0 0 D mv2112_update_link: link 0x0
01-01 10:25:19.204 0 0 D mv2112_read_status: autoneg is disabled
01-01 10:25:20.209 0 0 D : mv2112_read_status
01-01 10:25:20.213 0 0 D mv2112_update_link: 3.0x901(1G): 0x80
01-01 10:25:20.218 0 0 D mv2112_update_link: 3.0x8109(100M): 0x0
01-01 10:25:20.223 0 0 D mv2112_update_link: link 0x0
01-01 10:25:20.227 0 0 D mv2112_read_status: autoneg is disabled
01-01 10:25:20.467 0 0 I init : starting service 'qvrd_vndr'...
01-01 10:25:20.474 0 0 I init : Created socket '/dev/socket/qvrservice_vndr', mode 660, user 1000, group 1000
01-01 10:25:20.484 0 0 I init : Created socket '/dev/socket/qvrservice_vndr_camera', mode 660, user 1000, group 1000
01-01 10:25:20.511 0 0 I init : starting service 'sxrd'...
01-01 10:25:20.529 0 0 I init : starting service 'vendor.light-hal-2-0'...
08-26 19:46:21.908 8891 8891 F linker : CANNOT LINK EXECUTABLE "/vendor/bin/hw/sxrservice": library "vendor.qti.hardware.qxr-V1-ndk_platform.so" not found: needed by main executable
08-26 19:46:21.909 8890 8890 F linker : CANNOT LINK EXECUTABLE "/vendor/bin/hw/qvrservice": library "vendor.qti.hardware.qxr-V1-ndk_platform.so" not found: needed by /vendor/lib64/libqvrservice.so in namespace (default)
01-01 10:25:20.564 0 0 I init : Service 'sxrd' (pid 8891) exited with status 1
01-01 10:25:20.570 0 0 I init : Sending signal 9 to service 'sxrd' (pid 8891) process group...
01-01 10:25:20.578 0 0 I libprocessgroup: Successfully killed process cgroup uid 1000 pid 8891 in 0ms
01-01 10:25:20.588 0 0 I init : Service 'qvrd_vndr' (pid 8890) exited with status 1
01-01 10:25:20.595 0 0 I init : Sending signal 9 to service 'qvrd_vndr' (pid 8890) process group...
01-01 10:25:21.233 0 0 D : mv2112_read_status
01-01 10:25:21.236 0 0 D mv2112_update_link: 3.0x901(1G): 0x80
01-01 10:25:21.242 0 0 D mv2112_update_link: 3.0x8109(100M): 0x0
01-01 10:25:21.247 0 0 D mv2112_update_link: link 0x0
01-01 10:25:21.251 0 0 D mv2112_read_status: autoneg is disabled
01-01 10:25:22.257 0 0 D : mv2112_read_status
01-01 10:25:22.261 0 0 D mv2112_update_link: 3.0x901(1G): 0x80
01-01 10:25:22.266 0 0 D mv2112_update_link: 3.0x8109(100M): 0x0
01-01 10:25:22.272 0 0 D mv2112_update_link: link 0x0
01-01 10:25:22.276 0 0 D mv2112_read_status: autoneg is disabled
01-01 10:25:23.281 0 0 D : mv2112_read_status
01-01 10:25:23.284 0 0 D mv2112_update_link: 3.0x901(1G): 0x80
01-01 10:25:23.291 0 0 D mv2112_update_link: 3.0x8109(100M): 0x0
01-01 10:25:23.296 0 0 D mv2112_update_link: link 0x0
01-01 10:25:23.301 0 0 D mv2112_read_status: autoneg is disabled
01-01 10:25:24.305 0 0 D : mv2112_read_status
01-01 10:25:24.309 0 0 D mv2112_update_link: 3.0x901(1G): 0x80
01-01 10:25:24.314 0 0 D mv2112_update_link: 3.0x8109(100M): 0x0
01-01 10:25:24.319 0 0 D mv2112_update_link: link 0x0
01-01 10:25:24.324 0 0 D mv2112_read_status: autoneg is disabled
01-01 10:25:25.329 0 0 D : mv2112_read_status
01-01 10:25:25.332 0 0 D mv2112_update_link: 3.0x901(1G): 0x80
01-01 10:25:25.338 0 0 D mv2112_update_link: 3.0x8109(100M): 0x0
01-01 10:25:25.343 0 0 D mv2112_update_link: link 0x0
01-01 10:25:25.347 0 0 D mv2112_read_status: autoneg is disabled
01-01 10:25:25.511 0 0 I init : starting service 'qvrd_vndr'...
01-01 10:25:25.518 0 0 I init : Created socket '/dev/socket/qvrservice_vndr', mode 660, user 1000, group 1000
01-01 10:25:25.528 0 0 I init : Created socket '/dev/socket/qvrservice_vndr_camera', mode 660, user 1000, group 1000
01-01 10:25:25.553 0 0 I init : starting service 'sxrd'...
01-01 10:25:25.571 0 0 I init : starting service 'vendor.light-hal-2-0'...
08-26 19:46:26.948 8893 8893 F linker : CANNOT LINK EXECUTABLE "/vendor/bin/hw/qvrservice": library "vendor.qti.hardware.qxr-V1-ndk_platform.so" not found: needed by /vendor/lib64/libqvrservice.so in namespace (default)
08-26 19:46:26.948 8894 8894 F linker : CANNOT LINK EXECUTABLE "/vendor/bin/hw/sxrservice": library "vendor.qti.hardware.qxr-V1-ndk_platform.so" not found: needed by main executable
01-01 10:25:25.604 0 0 I init : Service 'qvrd_vndr' (pid 8893) exited with status 1
01-01 10:25:25.611 0 0 I init : Sending signal 9 to service 'qvrd_vndr' (pid 8893) process group...
01-01 10:25:25.619 0 0 I libprocessgroup: Successfully killed process cgroup uid 1000 pid 8893 in 0ms
01-01 10:25:25.631 0 0 I init : Service 'sxrd' (pid 8894) exited with status 1
01-01 10:25:25.637 0 0 I init : Sending signal 9 to service 'sxrd' (pid 8894) process group...
01-01 10:25:26.353 0 0 D : mv2112_read_status
01-01 10:25:26.357 0 0 D mv2112_update_link: 3.0x901(1G): 0x80
01-01 10:25:26.362 0 0 D mv2112_update_link: 3.0x8109(100M): 0x0
01-01 10:25:26.368 0 0 D mv2112_update_link: link 0x0
01-01 10:25:26.372 0 0 D mv2112_read_status: autoneg is disabled
01-01 10:25:27.377 0 0 D : mv2112_read_status
01-01 10:25:27.380 0 0 D mv2112_update_link: 3.0x901(1G): 0x80
01-01 10:25:27.386 0 0 D mv2112_update_link: 3.0x8109(100M): 0x0
01-01 10:25:27.391 0 0 D mv2112_update_link: link 0x0
01-01 10:25:27.395 0 0 D mv2112_read_status: autoneg is disabled
01-01 10:25:28.401 0 0 D : mv2112_read_status
01-01 10:25:28.404 0 0 D mv2112_update_link: 3.0x901(1G): 0x80
01-01 10:25:28.410 0 0 D mv2112_update_link: 3.0x8109(100M): 0x0
01-01 10:25:28.415 0 0 D mv2112_update_link: link 0x0
01-01 10:25:28.419 0 0 D mv2112_read_status: autoneg is disabled
01-01 10:25:29.425 0 0 D : mv2112_read_status
01-01 10:25:29.428 0 0 D mv2112_update_link: 3.0x901(1G): 0x80
01-01 10:25:29.434 0 0 D mv2112_update_link: 3.0x8109(100M): 0x0
01-01 10:25:29.439 0 0 D mv2112_update_link: link 0x0
01-01 10:25:29.443 0 0 D mv2112_read_status: autoneg is disabled
01-01 10:25:30.449 0 0 D : mv2112_read_status
01-01 10:25:30.452 0 0 D mv2112_update_link: 3.0x901(1G): 0x80
01-01 10:25:30.458 0 0 D mv2112_update_link: 3.0x8109(100M): 0x0
01-01 10:25:30.463 0 0 D mv2112_update_link: link 0x0
01-01 10:25:30.467 0 0 D mv2112_read_status: autoneg is disabled
01-01 10:25:30.555 0 0 I init : starting service 'qvrd_vndr'...
01-01 10:25:30.565 0 0 I init : Created socket '/dev/socket/qvrservice_vndr', mode 660, user 1000, group 1000
01-01 10:25:30.577 0 0 I init : Created socket '/dev/socket/qvrservice_vndr_camera', mode 660, user 1000, group 1000
01-01 10:25:30.627 0 0 I init : starting service 'sxrd'...
01-01 10:25:30.648 0 0 I init : starting service 'vendor.light-hal-2-0'...
08-26 19:46:32.015 8896 8896 F linker : CANNOT LINK EXECUTABLE "/vendor/bin/hw/qvrservice": library "vendor.qti.hardware.qxr-V1-ndk_platform.so" not found: needed by /vendor/lib64/libqvrservice.so in namespace (default)
08-26 19:46:32.025 8897 8897 F linker : CANNOT LINK EXECUTABLE "/vendor/bin/hw/sxrservice": library "vendor.qti.hardware.qxr-V1-ndk_platform.so" not found: needed by main executable
01-01 10:25:30.670 0 0 I init : Service 'qvrd_vndr' (pid 8896) exited with status 1
01-01 10:25:30.677 0 0 I init : Sending signal 9 to service 'qvrd_vndr' (pid 8896) process group...
01-01 10:25:30.685 0 0 I libprocessgroup: Successfully killed process cgroup uid 1000 pid 8896 in 0ms
01-01 10:25:30.695 0 0 I init : Service 'sxrd' (pid 8897) exited with status 1
01-01 10:25:30.701 0 0 I init : Sending signal 9 to service 'sxrd' (pid 8897) process group...
01-01 10:25:31.473 0 0 D : mv2112_read_status
01-01 10:25:31.476 0 0 D mv2112_update_link: 3.0x901(1G): 0x80
01-01 10:25:31.482 0 0 D mv2112_update_link: 3.0x8109(100M): 0x0
01-01 10:25:31.487 0 0 D mv2112_update_link: link 0x0
01-01 10:25:31.492 0 0 D mv2112_read_status: autoneg is disabled
01-01 10:25:32.497 0 0 D : mv2112_read_status
01-01 10:25:32.501 0 0 D mv2112_update_link: 3.0x901(1G): 0x80
01-01 10:25:32.506 0 0 D mv2112_update_link: 3.0x8109(100M): 0x0
01-01 10:25:32.512 0 0 D mv2112_update_link: link 0x0
01-01 10:25:32.516 0 0 D mv2112_read_status: autoneg is disabled
01-01 10:25:33.521 0 0 D : mv2112_read_status
01-01 10:25:33.525 0 0 D mv2112_update_link: 3.0x901(1G): 0x80
01-01 10:25:33.531 0 0 D mv2112_update_link: 3.0x8109(100M): 0x0
01-01 10:25:33.536 0 0 D mv2112_update_link: link 0x0
01-01 10:25:33.540 0 0 D mv2112_read_status: autoneg is disabled
01-01 10:25:34.545 0 0 D : mv2112_read_status
01-01 10:25:34.549 0 0 D mv2112_update_link: 3.0x901(1G): 0x80
01-01 10:25:34.554 0 0 D mv2112_update_link: 3.0x8109(100M): 0x0
01-01 10:25:34.559 0 0 D mv2112_update_link: link 0x0
01-01 10:25:34.564 0 0 D mv2112_read_status: autoneg is disabled
01-01 10:25:35.569 0 0 D : mv2112_read_status
01-01 10:25:35.572 0 0 D mv2112_update_link: 3.0x901(1G): 0x80
01-01 10:25:35.578 0 0 D mv2112_update_link: 3.0x8109(100M): 0x0
01-01 10:25:35.583 0 0 D mv2112_update_link: link 0x0
01-01 10:25:35.587 0 0 D mv2112_read_status: autoneg is disabled
01-01 10:25:35.623 0 0 I init : starting service 'qvrd_vndr'...
01-01 10:25:35.630 0 0 I init : Created socket '/dev/socket/qvrservice_vndr', mode 660, user 1000, group 1000
01-01 10:25:35.640 0 0 I init : Created socket '/dev/socket/qvrservice_vndr_camera', mode 660, user 1000, group 1000
01-01 10:25:35.669 0 0 I init : starting service 'sxrd'...
01-01 10:25:35.691 0 0 I init : starting service 'vendor.light-hal-2-0'...
08-26 19:46:37.065 8900 8900 F linker : CANNOT LINK EXECUTABLE "/vendor/bin/hw/qvrservice": library "vendor.qti.hardware.qxr-V1-ndk_platform.so" not found: needed by /vendor/lib64/libqvrservice.so in namespace (default)
08-26 19:46:37.066 8901 8901 F linker : CANNOT LINK EXECUTABLE "/vendor/bin/hw/sxrservice": library "vendor.qti.hardware.qxr-V1-ndk_platform.so" not found: needed by main executable
01-01 10:25:35.720 0 0 I init : Service 'qvrd_vndr' (pid 8900) exited with status 1
01-01 10:25:35.727 0 0 I init : Sending signal 9 to service 'qvrd_vndr' (pid 8900) process group...
01-01 10:25:35.735 0 0 I libprocessgroup: Successfully killed process cgroup uid 1000 pid 8900 in 0ms
01-01 10:25:35.747 0 0 I init : Service 'sxrd' (pid 8901) exited with status 1
01-01 10:25:35.753 0 0 I init : Sending signal 9 to service 'sxrd' (pid 8901) process group...
01-01 10:25:36.593 0 0 D : mv2112_read_status
01-01 10:25:36.596 0 0 D mv2112_update_link: 3.0x901(1G): 0x80
01-01 10:25:36.603 0 0 D mv2112_update_link: 3.0x8109(100M): 0x0
01-01 10:25:36.608 0 0 D mv2112_update_link: link 0x0
01-01 10:25:36.612 0 0 D mv2112_read_status: autoneg is disabled
01-01 10:25:37.617 0 0 D : mv2112_read_status
01-01 10:25:37.621 0 0 D mv2112_update_link: 3.0x901(1G): 0x80
01-01 10:25:37.626 0 0 D mv2112_update_link: 3.0x8109(100M): 0x0
01-01 10:25:37.631 0 0 D mv2112_update_link: link 0x0
01-01 10:25:37.635 0 0 D mv2112_read_status: autoneg is disabled
01-01 10:25:38.641 0 0 D : mv2112_read_status
01-01 10:25:38.645 0 0 D mv2112_update_link: 3.0x901(1G): 0x80
01-01 10:25:38.650 0 0 D mv2112_update_link: 3.0x8109(100M): 0x0
01-01 10:25:38.655 0 0 D mv2112_update_link: link 0x0
01-01 10:25:38.659 0 0 D mv2112_read_status: autoneg is disabled
01-01 10:25:39.665 0 0 D : mv2112_read_status
01-01 10:25:39.668 0 0 D mv2112_update_link: 3.0x901(1G): 0x80
01-01 10:25:39.674 0 0 D mv2112_update_link: 3.0x8109(100M): 0x0
01-01 10:25:39.679 0 0 D mv2112_update_link: link 0x0
01-01 10:25:39.683 0 0 D mv2112_read_status: autoneg is disabled
01-01 10:25:40.669 0 0 I init : starting service 'qvrd_vndr'...
01-01 10:25:40.676 0 0 I init : Created socket '/dev/socket/qvrservice_vndr', mode 660, user 1000, group 1000
01-01 10:25:40.686 0 0 I init : Created socket '/dev/socket/qvrservice_vndr_camera', mode 660, user 1000, group 1000
01-01 10:25:40.693 0 0 D : mv2112_read_status
01-01 10:25:40.705 0 0 D mv2112_update_link: 3.0x901(1G): 0x80
01-01 10:25:40.712 0 0 D mv2112_update_link: 3.0x8109(100M): 0x0
01-01 10:25:40.714 0 0 I init : starting service 'sxrd'...
01-01 10:25:40.717 0 0 D mv2112_update_link: link 0x0
01-01 10:25:40.726 0 0 D mv2112_read_status: autoneg is disabled
01-01 10:25:40.736 0 0 I init : starting service 'vendor.light-hal-2-0'...
08-26 19:46:42.096 8903 8903 F linker : CANNOT LINK EXECUTABLE "/vendor/bin/hw/qvrservice": library "vendor.qti.hardware.qxr-V1-ndk_platform.so" not found: needed by /vendor/lib64/libqvrservice.so in namespace (default)
01-01 10:25:40.755 0 0 I init : Service 'qvrd_vndr' (pid 8903) exited with status 1
01-01 10:25:40.762 0 0 I init : Sending signal 9 to service 'qvrd_vndr' (pid 8903) process group...
08-26 19:46:42.120 8904 8904 F linker : CANNOT LINK EXECUTABLE "/vendor/bin/hw/sxrservice": library "vendor.qti.hardware.qxr-V1-ndk_platform.so" not found: needed by main executable
01-01 10:25:40.770 0 0 I libprocessgroup: Successfully killed process cgroup uid 1000 pid 8903 in 0ms
01-01 10:25:40.780 0 0 I init : Service 'sxrd' (pid 8904) exited with status 1
01-01 10:25:40.786 0 0 I init : Sending signal 9 to service 'sxrd' (pid 8904) process group...
01-01 10:25:41.745 0 0 D : mv2112_read_status
01-01 10:25:41.749 0 0 D mv2112_update_link: 3.0x901(1G): 0x80
01-01 10:25:41.754 0 0 D mv2112_update_link: 3.0x8109(100M): 0x0
01-01 10:25:41.759 0 0 D mv2112_update_link: link 0x0
01-01 10:25:41.764 0 0 D mv2112_read_status: autoneg is disabled
01-01 10:25:42.769 0 0 D : mv2112_read_status
01-01 10:25:42.773 0 0 D mv2112_update_link: 3.0x901(1G): 0x80
01-01 10:25:42.778 0 0 D mv2112_update_link: 3.0x8109(100M): 0x0
01-01 10:25:42.783 0 0 D mv2112_update_link: link 0x0
01-01 10:25:42.787 0 0 D mv2112_read_status: autoneg is disabled
01-01 10:25:43.793 0 0 D : mv2112_read_status
01-01 10:25:43.797 0 0 D mv2112_update_link: 3.0x901(1G): 0x80
01-01 10:25:43.802 0 0 D mv2112_update_link: 3.0x8109(100M): 0x0
01-01 10:25:43.808 0 0 D mv2112_update_link: link 0x0
01-01 10:25:43.812 0 0 D mv2112_read_status: autoneg is disabled
01-01 10:25:44.817 0 0 D : mv2112_read_status
01-01 10:25:44.821 0 0 D mv2112_update_link: 3.0x901(1G): 0x80
01-01 10:25:44.826 0 0 D mv2112_update_link: 3.0x8109(100M): 0x0
01-01 10:25:44.832 0 0 D mv2112_update_link: link 0x0
01-01 10:25:44.836 0 0 D mv2112_read_status: autoneg is disabled
01-01 10:25:45.713 0 0 I init : starting service 'qvrd_vndr'...
01-01 10:25:45.720 0 0 I init : Created socket '/dev/socket/qvrservice_vndr', mode 660, user 1000, group 1000
01-01 10:25:45.730 0 0 I init : Created socket '/dev/socket/qvrservice_vndr_camera', mode 660, user 1000, group 1000
01-01 10:25:45.756 0 0 I init : starting service 'sxrd'...
01-01 10:25:45.773 0 0 I init : starting service 'vendor.light-hal-2-0'...
08-26 19:46:47.148 8906 8906 F linker : CANNOT LINK EXECUTABLE "/vendor/bin/hw/qvrservice": library "vendor.qti.hardware.qxr-V1-ndk_platform.so" not found: needed by /vendor/lib64/libqvrservice.so in namespace (default)
08-26 19:46:47.148 8907 8907 F linker : CANNOT LINK EXECUTABLE "/vendor/bin/hw/sxrservice": library "vendor.qti.hardware.qxr-V1-ndk_platform.so" not found: needed by main executable
01-01 10:25:45.803 0 0 I init : Service 'qvrd_vndr' (pid 8906) exited with status 1
01-01 10:25:45.810 0 0 I init : Sending signal 9 to service 'qvrd_vndr' (pid 8906) process group...
01-01 10:25:45.818 0 0 I libprocessgroup: Successfully killed process cgroup uid 1000 pid 8906 in 0ms
01-01 10:25:45.828 0 0 I init : Service 'sxrd' (pid 8907) exited with status 1
01-01 10:25:45.834 0 0 I init : Sending signal 9 to service 'sxrd' (pid 8907) process group...
01-01 10:25:45.841 0 0 D : mv2112_read_status
01-01 10:25:45.845 0 0 D mv2112_update_link: 3.0x901(1G): 0x80
01-01 10:25:45.851 0 0 D mv2112_update_link: 3.0x8109(100M): 0x0
01-01 10:25:45.856 0 0 D mv2112_update_link: link 0x0
01-01 10:25:45.860 0 0 D mv2112_read_status: autoneg is disabled
01-01 10:25:46.865 0 0 D : mv2112_read_status
01-01 10:25:46.869 0 0 D mv2112_update_link: 3.0x901(1G): 0x80
01-01 10:25:46.874 0 0 D mv2112_update_link: 3.0x8109(100M): 0x0
01-01 10:25:46.880 0 0 D mv2112_update_link: link 0x0
01-01 10:25:46.884 0 0 D mv2112_read_status: autoneg is disabled
01-01 10:25:47.889 0 0 D : mv2112_read_status
01-01 10:25:47.893 0 0 D mv2112_update_link: 3.0x901(1G): 0x80
01-01 10:25:47.898 0 0 D mv2112_update_link: 3.0x8109(100M): 0x0
01-01 10:25:47.903 0 0 D mv2112_update_link: link 0x0
01-01 10:25:47.908 0 0 D mv2112_read_status: autoneg is disabled
01-01 10:25:48.913 0 0 D : mv2112_read_status
01-01 10:25:48.917 0 0 D mv2112_update_link: 3.0x901(1G): 0x80
01-01 10:25:48.923 0 0 D mv2112_update_link: 3.0x8109(100M): 0x0
01-01 10:25:48.928 0 0 D mv2112_update_link: link 0x0
01-01 10:25:48.933 0 0 D mv2112_read_status: autoneg is disabled
01-01 10:25:49.937 0 0 D : mv2112_read_status
01-01 10:25:49.941 0 0 D mv2112_update_link: 3.0x901(1G): 0x80
01-01 10:25:49.946 0 0 D mv2112_update_link: 3.0x8109(100M): 0x0
01-01 10:25:49.951 0 0 D mv2112_update_link: link 0x0
01-01 10:25:49.956 0 0 D mv2112_read_status: autoneg is disabled
01-01 10:25:50.756 0 0 I init : starting service 'qvrd_vndr'...
01-01 10:25:50.762 0 0 I init : Created socket '/dev/socket/qvrservice_vndr', mode 660, user 1000, group 1000
01-01 10:25:50.772 0 0 I init : Created socket '/dev/socket/qvrservice_vndr_camera', mode 660, user 1000, group 1000
01-01 10:25:50.799 0 0 I init : starting service 'sxrd'...
01-01 10:25:50.817 0 0 I init : starting service 'vendor.light-hal-2-0'...
08-26 19:46:52.189 8910 8910 F linker : CANNOT LINK EXECUTABLE "/vendor/bin/hw/sxrservice": library "vendor.qti.hardware.qxr-V1-ndk_platform.so" not found: needed by main executable
08-26 19:46:52.189 8909 8909 F linker : CANNOT LINK EXECUTABLE "/vendor/bin/hw/qvrservice": library "vendor.qti.hardware.qxr-V1-ndk_platform.so" not found: needed by /vendor/lib64/libqvrservice.so in namespace (default)
01-01 10:25:50.844 0 0 I init : Service 'sxrd' (pid 8910) exited with status 1
01-01 10:25:50.850 0 0 I init : Sending signal 9 to service 'sxrd' (pid 8910) process group...
01-01 10:25:50.858 0 0 I libprocessgroup: Successfully killed process cgroup uid 1000 pid 8910 in 0ms
01-01 10:25:50.868 0 0 I init : Service 'qvrd_vndr' (pid 8909) exited with status 1
01-01 10:25:50.875 0 0 I init : Sending signal 9 to service 'qvrd_vndr' (pid 8909) process group...
01-01 10:25:50.961 0 0 D : mv2112_read_status
01-01 10:25:50.965 0 0 D mv2112_update_link: 3.0x901(1G): 0x80
01-01 10:25:50.970 0 0 D mv2112_update_link: 3.0x8109(100M): 0x0
01-01 10:25:50.975 0 0 D mv2112_update_link: link 0x0
01-01 10:25:50.979 0 0 D mv2112_read_status: autoneg is disabled
01-01 10:25:51.985 0 0 D : mv2112_read_status
01-01 10:25:51.988 0 0 D mv2112_update_link: 3.0x901(1G): 0x80
01-01 10:25:51.994 0 0 D mv2112_update_link: 3.0x8109(100M): 0x0
01-01 10:25:51.999 0 0 D mv2112_update_link: link 0x0
01-01 10:25:52.003 0 0 D mv2112_read_status: autoneg is disabled
01-01 10:25:53.009 0 0 D : mv2112_read_status
01-01 10:25:53.013 0 0 D mv2112_update_link: 3.0x901(1G): 0x80
01-01 10:25:53.018 0 0 D mv2112_update_link: 3.0x8109(100M): 0x0
01-01 10:25:53.024 0 0 D mv2112_update_link: link 0x0
01-01 10:25:53.028 0 0 D mv2112_read_status: autoneg is disabled
01-01 10:25:54.033 0 0 D : mv2112_read_status
01-01 10:25:54.036 0 0 D mv2112_update_link: 3.0x901(1G): 0x80
01-01 10:25:54.042 0 0 D mv2112_update_link: 3.0x8109(100M): 0x0
01-01 10:25:54.047 0 0 D mv2112_update_link: link 0x0
01-01 10:25:54.052 0 0 D mv2112_read_status: autoneg is disabled
01-01 10:25:55.057 0 0 D : mv2112_read_status
01-01 10:25:55.061 0 0 D mv2112_update_link: 3.0x901(1G): 0x80
01-01 10:25:55.066 0 0 D mv2112_update_link: 3.0x8109(100M): 0x0
01-01 10:25:55.071 0 0 D mv2112_update_link: link 0x0
01-01 10:25:55.076 0 0 D mv2112_read_status: autoneg is disabled
01-01 10:25:55.798 0 0 I init : starting service 'qvrd_vndr'...
01-01 10:25:55.804 0 0 I init : Created socket '/dev/socket/qvrservice_vndr', mode 660, user 1000, group 1000
01-01 10:25:55.814 0 0 I init : Created socket '/dev/socket/qvrservice_vndr_camera', mode 660, user 1000, group 1000
01-01 10:25:55.839 0 0 I init : starting service 'sxrd'...
01-01 10:25:55.856 0 0 I init : starting service 'vendor.light-hal-2-0'...
08-26 19:46:57.228 8913 8913 F linker : CANNOT LINK EXECUTABLE "/vendor/bin/hw/sxrservice": library "vendor.qti.hardware.qxr-V1-ndk_platform.so" not found: needed by main executable
08-26 19:46:57.228 8912 8912 F linker : CANNOT LINK EXECUTABLE "/vendor/bin/hw/qvrservice": library "vendor.qti.hardware.qxr-V1-ndk_platform.so" not found: needed by /vendor/lib64/libqvrservice.so in namespace (default)
01-01 10:25:55.883 0 0 I init : Service 'sxrd' (pid 8913) exited with status 1
01-01 10:25:55.890 0 0 I init : Sending signal 9 to service 'sxrd' (pid 8913) process group...
01-01 10:25:55.898 0 0 I libprocessgroup: Successfully killed process cgroup uid 1000 pid 8913 in 0ms
01-01 10:25:55.908 0 0 I init : Service 'qvrd_vndr' (pid 8912) exited with status 1
01-01 10:25:55.914 0 0 I init : Sending signal 9 to service 'qvrd_vndr' (pid 8912) process group...
01-01 10:25:56.081 0 0 D : mv2112_read_status
01-01 10:25:56.085 0 0 D mv2112_update_link: 3.0x901(1G): 0x80
01-01 10:25:56.091 0 0 D mv2112_update_link: 3.0x8109(100M): 0x0
01-01 10:25:56.096 0 0 D mv2112_update_link: link 0x0
01-01 10:25:56.101 0 0 D mv2112_read_status: autoneg is disabled
01-01 10:25:57.115 0 0 D : mv2112_read_status
01-01 10:25:57.120 0 0 D mv2112_update_link: 3.0x901(1G): 0x80
01-01 10:25:57.126 0 0 D mv2112_update_link: 3.0x8109(100M): 0x0
01-01 10:25:57.131 0 0 D mv2112_update_link: link 0x0
01-01 10:25:57.135 0 0 D mv2112_read_status: autoneg is disabled
01-01 10:25:58.161 0 0 D : mv2112_read_status
01-01 10:25:58.164 0 0 D mv2112_update_link: 3.0x901(1G): 0x80
01-01 10:25:58.170 0 0 D mv2112_update_link: 3.0x8109(100M): 0x0
01-01 10:25:58.175 0 0 D mv2112_update_link: link 0x0
01-01 10:25:58.180 0 0 D mv2112_read_status: autoneg is disabled
01-01 10:25:59.185 0 0 D : mv2112_read_status
01-01 10:25:59.188 0 0 D mv2112_update_link: 3.0x901(1G): 0x80
01-01 10:25:59.195 0 0 D mv2112_update_link: 3.0x8109(100M): 0x0
01-01 10:25:59.200 0 0 D mv2112_update_link: link 0x0
01-01 10:25:59.205 0 0 D mv2112_read_status: autoneg is disabled
01-01 10:26:00.209 0 0 D : mv2112_read_status
01-01 10:26:00.212 0 0 D mv2112_update_link: 3.0x901(1G): 0x80
01-01 10:26:00.218 0 0 D mv2112_update_link: 3.0x8109(100M): 0x0
