08-26 18:58:11.187 6993 6993 F linker : CANNOT LINK EXECUTABLE "/vendor/bin/hw/qvrservice": library "vendor.qti.hardware.qxr-V1-ndk_platform.so" not found: needed by /vendor/lib64/libqvrservice.so in namespace (default)
08-26 18:58:11.193 1146 1749 W BroadcastQueue: Background execution not allowed: receiving Intent { act=android.intent.action.PACKAGE_ADDED dat=package:com.shipoplayer.jnjeqy flg=0x4000010 (has extras) } to com.android.gallery3d/.app.PackagesMonitor
08-26 18:58:11.199 1146 1726 D CompanionDeviceManagerService: onPackageModified(packageName = com.shipoplayer.jnjeqy)
08-26 18:58:11.204 1146 1748 W PackageManager: Failed registering loading progress callback. Package is fully loaded.
08-26 18:58:11.204 1146 1748 W VoiceInteractionManager: no available voice recognition services found for user 0
08-26 18:58:11.212 1146 1146 I Telecom : DefaultDialerCache: Refreshing default dialer for user 0: now null: DDC.oR@AC4
08-26 18:58:11.246 1146 1748 W VoiceInteractionManager: no available voice recognition services found for user 0
08-26 18:58:16.234 6996 6996 F linker : CANNOT LINK EXECUTABLE "/vendor/bin/hw/qvrservice": library "vendor.qti.hardware.qxr-V1-ndk_platform.so" not found: needed by /vendor/lib64/libqvrservice.so in namespace (default)
08-26 18:58:16.284 6997 6997 F linker : CANNOT LINK EXECUTABLE "/vendor/bin/hw/sxrservice": library "vendor.qti.hardware.qxr-V1-ndk_platform.so" not found: needed by main executable
08-26 18:58:21.256 7004 7004 F linker : CANNOT LINK EXECUTABLE "/vendor/bin/hw/qvrservice": library "vendor.qti.hardware.qxr-V1-ndk_platform.so" not found: needed by /vendor/lib64/libqvrservice.so in namespace (default)
08-26 18:58:21.290 7005 7005 F linker : CANNOT LINK EXECUTABLE "/vendor/bin/hw/sxrservice": library "vendor.qti.hardware.qxr-V1-ndk_platform.so" not found: needed by main executable
08-26 18:58:26.316 7008 7008 F linker : CANNOT LINK EXECUTABLE "/vendor/bin/hw/sxrservice": library "vendor.qti.hardware.qxr-V1-ndk_platform.so" not found: needed by main executable
08-26 18:58:26.329 7007 7007 F linker : CANNOT LINK EXECUTABLE "/vendor/bin/hw/qvrservice": library "vendor.qti.hardware.qxr-V1-ndk_platform.so" not found: needed by /vendor/lib64/libqvrservice.so in namespace (default)
08-26 18:58:26.493 1146 1840 D ApkSignatureVerifier: Perflock acquired for PackageInstall
08-26 18:58:27.559 1146 1840 D ApkSignatureVerifier: Perflock released for PackageInstall
08-26 18:58:28.088 1146 1889 W PackageParsing: Unknown element under : meta-data at /data/app/vmdl287249152.tmp/base.apk Binary XML file line #140
08-26 18:58:28.245 1146 1889 W RuleEvaluation: Integrity rule files are not available.
08-26 18:58:28.245 1146 1786 I PackageManager: Integrity check passed for file:///data/app/vmdl287249152.tmp
08-26 18:58:28.288 1146 1786 W PackageParsing: Unknown element under : meta-data at /data/app/vmdl287249152.tmp/base.apk Binary XML file line #140
08-26 18:58:28.395 1146 1786 W PackageManager: Skipping provider name com.tencent.mtt.fileProvider (in package com.tencent.mtt): name already used by com.tencent.mtt
08-26 18:58:28.399 1146 1786 I PackageManager: Permission ownership changed. Updating all permissions.
08-26 18:58:28.462 1146 1786 D PackageManager: Instant App installer not found with android.intent.action.INSTALL_INSTANT_APP_PACKAGE
08-26 18:58:28.462 1146 1786 D PackageManager: Clear ephemeral installer activity
08-26 18:58:28.528 1146 1726 V StorageManagerService: Package null has legacy storage
08-26 18:58:31.349 7023 7023 F linker : CANNOT LINK EXECUTABLE "/vendor/bin/hw/qvrservice": library "vendor.qti.hardware.qxr-V1-ndk_platform.so" not found: needed by /vendor/lib64/libqvrservice.so in namespace (default)
08-26 18:58:31.362 7024 7024 F linker : CANNOT LINK EXECUTABLE "/vendor/bin/hw/sxrservice": library "vendor.qti.hardware.qxr-V1-ndk_platform.so" not found: needed by main executable
08-26 18:58:32.553 1146 1786 V BackupManagerService: [UserID:0] restoreAtInstall pkg=com.tencent.mtt token=4 restoreSet=0
08-26 18:58:32.553 1146 1786 V BackupManagerService: [UserID:0] Finishing install immediately
08-26 18:58:32.558 1146 1786 D CompatibilityChangeReporter: Compat change id reported: 168419799; UID 10104; state: DISABLED
08-26 18:58:32.593 1146 1146 I Telecom : DefaultDialerCache: Refreshing default dialer for user 0: now null: DDC.oR@AC8
08-26 18:58:32.595 1146 1625 W BroadcastQueue: Background execution not allowed: receiving Intent { act=android.intent.action.PACKAGE_ADDED dat=package:com.tencent.mtt flg=0x4000010 (has extras) } to com.android.packageinstaller/.PackageInstalledReceiver
08-26 18:58:32.599 1146 1749 W BroadcastQueue: Background execution not allowed: receiving Intent { act=android.intent.action.PACKAGE_ADDED dat=package:com.tencent.mtt flg=0x4000010 (has extras) } to com.android.gallery3d/.app.PackagesMonitor
08-26 18:58:32.607 1146 1726 D CompanionDeviceManagerService: onPackageModified(packageName = com.tencent.mtt)
08-26 18:58:32.609 1146 1146 I Telecom : DefaultDialerCache: Refreshing default dialer for user 0: now null: DDC.oR@ADA
08-26 18:58:32.658 1146 1748 W PackageManager: Failed registering loading progress callback. Package is fully loaded.
08-26 18:58:32.659 1146 1748 W VoiceInteractionManager: no available voice recognition services found for user 0
08-26 18:58:32.690 1146 1748 W VoiceInteractionManager: no available voice recognition services found for user 0
08-26 18:58:32.798 1146 1146 I Telecom : PhoneAccountRegistrar: getSimCallManager: SimCallManager for subId -1 queried, returning: null: TSI.gSCMFU@ADE
08-26 18:58:36.469 7028 7028 F linker : CANNOT LINK EXECUTABLE "/vendor/bin/hw/qvrservice": library "vendor.qti.hardware.qxr-V1-ndk_platform.so" not found: needed by /vendor/lib64/libqvrservice.so in namespace (default)
08-26 18:58:36.472 7029 7029 F linker : CANNOT LINK EXECUTABLE "/vendor/bin/hw/sxrservice": library "vendor.qti.hardware.qxr-V1-ndk_platform.so" not found: needed by main executable
08-26 18:58:41.493 7032 7032 F linker : CANNOT LINK EXECUTABLE "/vendor/bin/hw/sxrservice": library "vendor.qti.hardware.qxr-V1-ndk_platform.so" not found: needed by main executable
08-26 18:58:41.511 7031 7031 F linker : CANNOT LINK EXECUTABLE "/vendor/bin/hw/qvrservice": library "vendor.qti.hardware.qxr-V1-ndk_platform.so" not found: needed by /vendor/lib64/libqvrservice.so in namespace (default)
08-26 18:58:46.550 7035 7035 F linker : CANNOT LINK EXECUTABLE "/vendor/bin/hw/sxrservice": library "vendor.qti.hardware.qxr-V1-ndk_platform.so" not found: needed by main executable
08-26 18:58:46.550 7034 7034 F linker : CANNOT LINK EXECUTABLE "/vendor/bin/hw/qvrservice": library "vendor.qti.hardware.qxr-V1-ndk_platform.so" not found: needed by /vendor/lib64/libqvrservice.so in namespace (default)
08-26 18:58:51.592 7037 7037 F linker : CANNOT LINK EXECUTABLE "/vendor/bin/hw/qvrservice": library "vendor.qti.hardware.qxr-V1-ndk_platform.so" not found: needed by /vendor/lib64/libqvrservice.so in namespace (default)
08-26 18:58:51.608 7038 7038 F linker : CANNOT LINK EXECUTABLE "/vendor/bin/hw/sxrservice": library "vendor.qti.hardware.qxr-V1-ndk_platform.so" not found: needed by main executable
08-26 18:58:56.646 7041 7041 F linker : CANNOT LINK EXECUTABLE "/vendor/bin/hw/sxrservice": library "vendor.qti.hardware.qxr-V1-ndk_platform.so" not found: needed by main executable
08-26 18:58:56.647 7040 7040 F linker : CANNOT LINK EXECUTABLE "/vendor/bin/hw/qvrservice": library "vendor.qti.hardware.qxr-V1-ndk_platform.so" not found: needed by /vendor/lib64/libqvrservice.so in namespace (default)
08-26 18:59:01.687 7043 7043 F linker : CANNOT LINK EXECUTABLE "/vendor/bin/hw/qvrservice": library "vendor.qti.hardware.qxr-V1-ndk_platform.so" not found: needed by /vendor/lib64/libqvrservice.so in namespace (default)
08-26 18:59:01.688 7044 7044 F linker : CANNOT LINK EXECUTABLE "/vendor/bin/hw/sxrservice": library "vendor.qti.hardware.qxr-V1-ndk_platform.so" not found: needed by main executable
08-26 18:59:06.727 7047 7047 F linker : CANNOT LINK EXECUTABLE "/vendor/bin/hw/sxrservice": library "vendor.qti.hardware.qxr-V1-ndk_platform.so" not found: needed by main executable
08-26 18:59:06.728 7046 7046 F linker : CANNOT LINK EXECUTABLE "/vendor/bin/hw/qvrservice": library "vendor.qti.hardware.qxr-V1-ndk_platform.so" not found: needed by /vendor/lib64/libqvrservice.so in namespace (default)
08-26 18:59:11.791 7049 7049 F linker : CANNOT LINK EXECUTABLE "/vendor/bin/hw/qvrservice": library "vendor.qti.hardware.qxr-V1-ndk_platform.so" not found: needed by /vendor/lib64/libqvrservice.so in namespace (default)
08-26 18:59:11.815 7050 7050 F linker : CANNOT LINK EXECUTABLE "/vendor/bin/hw/sxrservice": library "vendor.qti.hardware.qxr-V1-ndk_platform.so" not found: needed by main executable
08-26 18:59:16.832 7052 7052 F linker : CANNOT LINK EXECUTABLE "/vendor/bin/hw/qvrservice": library "vendor.qti.hardware.qxr-V1-ndk_platform.so" not found: needed by /vendor/lib64/libqvrservice.so in namespace (default)
08-26 18:59:16.848 7053 7053 F linker : CANNOT LINK EXECUTABLE "/vendor/bin/hw/sxrservice": library "vendor.qti.hardware.qxr-V1-ndk_platform.so" not found: needed by main executable
08-26 18:59:21.888 7056 7056 F linker : CANNOT LINK EXECUTABLE "/vendor/bin/hw/sxrservice": library "vendor.qti.hardware.qxr-V1-ndk_platform.so" not found: needed by main executable
08-26 18:59:21.888 7055 7055 F linker : CANNOT LINK EXECUTABLE "/vendor/bin/hw/qvrservice": library "vendor.qti.hardware.qxr-V1-ndk_platform.so" not found: needed by /vendor/lib64/libqvrservice.so in namespace (default)
08-26 18:59:26.929 7059 7059 F linker : CANNOT LINK EXECUTABLE "/vendor/bin/hw/sxrservice": library "vendor.qti.hardware.qxr-V1-ndk_platform.so" not found: needed by main executable
08-26 18:59:26.929 7058 7058 F linker : CANNOT LINK EXECUTABLE "/vendor/bin/hw/qvrservice": library "vendor.qti.hardware.qxr-V1-ndk_platform.so" not found: needed by /vendor/lib64/libqvrservice.so in namespace (default)
08-26 18:59:28.637 1146 2316 D CompatibilityChangeReporter: Compat change id reported: 149924527; UID 2000; state: ENABLED
08-26 18:59:28.639 1146 2316 D CompatibilityChangeReporter: Compat change id reported: 132649864; UID 2000; state: DISABLED
08-26 18:59:31.990 7076 7076 F linker : CANNOT LINK EXECUTABLE "/vendor/bin/hw/qvrservice": library "vendor.qti.hardware.qxr-V1-ndk_platform.so" not found: needed by /vendor/lib64/libqvrservice.so in namespace (default)
08-26 18:59:31.991 7077 7077 F linker : CANNOT LINK EXECUTABLE "/vendor/bin/hw/sxrservice": library "vendor.qti.hardware.qxr-V1-ndk_platform.so" not found: needed by main executable
08-26 18:59:37.003 7084 7084 F linker : CANNOT LINK EXECUTABLE "/vendor/bin/hw/qvrservice": library "vendor.qti.hardware.qxr-V1-ndk_platform.so" not found: needed by /vendor/lib64/libqvrservice.so in namespace (default)
08-26 18:59:37.021 7085 7085 F linker : CANNOT LINK EXECUTABLE "/vendor/bin/hw/sxrservice": library "vendor.qti.hardware.qxr-V1-ndk_platform.so" not found: needed by main executable
08-26 18:59:42.076 7087 7087 F linker : CANNOT LINK EXECUTABLE "/vendor/bin/hw/qvrservice": library "vendor.qti.hardware.qxr-V1-ndk_platform.so" not found: needed by /vendor/lib64/libqvrservice.so in namespace (default)
08-26 18:59:42.088 7088 7088 F linker : CANNOT LINK EXECUTABLE "/vendor/bin/hw/sxrservice": library "vendor.qti.hardware.qxr-V1-ndk_platform.so" not found: needed by main executable
08-26 18:59:47.109 7096 7096 F linker : CANNOT LINK EXECUTABLE "/vendor/bin/hw/qvrservice": library "vendor.qti.hardware.qxr-V1-ndk_platform.so" not found: needed by /vendor/lib64/libqvrservice.so in namespace (default)
08-26 18:59:47.125 7097 7097 F linker : CANNOT LINK EXECUTABLE "/vendor/bin/hw/sxrservice": library "vendor.qti.hardware.qxr-V1-ndk_platform.so" not found: needed by main executable
08-26 18:59:52.163 7105 7105 F linker : CANNOT LINK EXECUTABLE "/vendor/bin/hw/qvrservice": library "vendor.qti.hardware.qxr-V1-ndk_platform.so" not found: needed by /vendor/lib64/libqvrservice.so in namespace (default)
08-26 18:59:52.187 7106 7106 F linker : CANNOT LINK EXECUTABLE "/vendor/bin/hw/sxrservice": library "vendor.qti.hardware.qxr-V1-ndk_platform.so" not found: needed by main executable
08-26 18:59:57.191 7108 7108 F linker : CANNOT LINK EXECUTABLE "/vendor/bin/hw/qvrservice": library "vendor.qti.hardware.qxr-V1-ndk_platform.so" not found: needed by /vendor/lib64/libqvrservice.so in namespace (default)
08-26 18:59:57.208 7109 7109 F linker : CANNOT LINK EXECUTABLE "/vendor/bin/hw/sxrservice": library "vendor.qti.hardware.qxr-V1-ndk_platform.so" not found: needed by main executable
08-26 19:00:02.230 7112 7112 F linker : CANNOT LINK EXECUTABLE "/vendor/bin/hw/sxrservice": library "vendor.qti.hardware.qxr-V1-ndk_platform.so" not found: needed by main executable
08-26 19:00:02.233 7111 7111 F linker : CANNOT LINK EXECUTABLE "/vendor/bin/hw/qvrservice": library "vendor.qti.hardware.qxr-V1-ndk_platform.so" not found: needed by /vendor/lib64/libqvrservice.so in namespace (default)
08-26 19:00:07.270 7116 7116 F linker : CANNOT LINK EXECUTABLE "/vendor/bin/hw/sxrservice": library "vendor.qti.hardware.qxr-V1-ndk_platform.so" not found: needed by main executable
08-26 19:00:07.272 7115 7115 F linker : CANNOT LINK EXECUTABLE "/vendor/bin/hw/qvrservice": library "vendor.qti.hardware.qxr-V1-ndk_platform.so" not found: needed by /vendor/lib64/libqvrservice.so in namespace (default)
08-26 19:00:12.321 7118 7118 F linker : CANNOT LINK EXECUTABLE "/vendor/bin/hw/qvrservice": library "vendor.qti.hardware.qxr-V1-ndk_platform.so" not found: needed by /vendor/lib64/libqvrservice.so in namespace (default)
08-26 19:00:12.328 7119 7119 F linker : CANNOT LINK EXECUTABLE "/vendor/bin/hw/sxrservice": library "vendor.qti.hardware.qxr-V1-ndk_platform.so" not found: needed by main executable
08-26 19:00:17.348 7132 7132 F linker : CANNOT LINK EXECUTABLE "/vendor/bin/hw/qvrservice": library "vendor.qti.hardware.qxr-V1-ndk_platform.so" not found: needed by /vendor/lib64/libqvrservice.so in namespace (default)
08-26 19:00:17.362 7133 7133 F linker : CANNOT LINK EXECUTABLE "/vendor/bin/hw/sxrservice": library "vendor.qti.hardware.qxr-V1-ndk_platform.so" not found: needed by main executable
08-26 19:00:22.425 7138 7138 F linker : CANNOT LINK EXECUTABLE "/vendor/bin/hw/sxrservice": library "vendor.qti.hardware.qxr-V1-ndk_platform.so" not found: needed by main executable
08-26 19:00:22.427 7137 7137 F linker : CANNOT LINK EXECUTABLE "/vendor/bin/hw/qvrservice": library "vendor.qti.hardware.qxr-V1-ndk_platform.so" not found: needed by /vendor/lib64/libqvrservice.so in namespace (default)
08-26 19:00:27.467 7141 7141 F linker : CANNOT LINK EXECUTABLE "/vendor/bin/hw/sxrservice": library "vendor.qti.hardware.qxr-V1-ndk_platform.so" not found: needed by main executable
08-26 19:00:27.468 7140 7140 F linker : CANNOT LINK EXECUTABLE "/vendor/bin/hw/qvrservice": library "vendor.qti.hardware.qxr-V1-ndk_platform.so" not found: needed by /vendor/lib64/libqvrservice.so in namespace (default)
08-26 19:00:32.492 7143 7143 F linker : CANNOT LINK EXECUTABLE "/vendor/bin/hw/qvrservice": library "vendor.qti.hardware.qxr-V1-ndk_platform.so" not found: needed by /vendor/lib64/libqvrservice.so in namespace (default)
08-26 19:00:32.520 7144 7144 F linker : CANNOT LINK EXECUTABLE "/vendor/bin/hw/sxrservice": library "vendor.qti.hardware.qxr-V1-ndk_platform.so" not found: needed by main executable
08-26 19:00:37.548 7147 7147 F linker : CANNOT LINK EXECUTABLE "/vendor/bin/hw/sxrservice": library "vendor.qti.hardware.qxr-V1-ndk_platform.so" not found: needed by main executable
08-26 19:00:37.550 7146 7146 F linker : CANNOT LINK EXECUTABLE "/vendor/bin/hw/qvrservice": library "vendor.qti.hardware.qxr-V1-ndk_platform.so" not found: needed by /vendor/lib64/libqvrservice.so in namespace (default)
08-26 19:00:42.574 7150 7150 F linker : CANNOT LINK EXECUTABLE "/vendor/bin/hw/qvrservice": library "vendor.qti.hardware.qxr-V1-ndk_platform.so" not found: needed by /vendor/lib64/libqvrservice.so in namespace (default)
08-26 19:00:42.586 7151 7151 F linker : CANNOT LINK EXECUTABLE "/vendor/bin/hw/sxrservice": library "vendor.qti.hardware.qxr-V1-ndk_platform.so" not found: needed by main executable
08-26 19:00:47.626 7164 7164 F linker : CANNOT LINK EXECUTABLE "/vendor/bin/hw/qvrservice": library "vendor.qti.hardware.qxr-V1-ndk_platform.so" not found: needed by /vendor/lib64/libqvrservice.so in namespace (default)
08-26 19:00:47.632 7165 7165 F linker : CANNOT LINK EXECUTABLE "/vendor/bin/hw/sxrservice": library "vendor.qti.hardware.qxr-V1-ndk_platform.so" not found: needed by main executable
08-26 19:00:52.645 7173 7173 F linker : CANNOT LINK EXECUTABLE "/vendor/bin/hw/qvrservice": library "vendor.qti.hardware.qxr-V1-ndk_platform.so" not found: needed by /vendor/lib64/libqvrservice.so in namespace (default)
08-26 19:00:52.647 7174 7174 F linker : CANNOT LINK EXECUTABLE "/vendor/bin/hw/sxrservice": library "vendor.qti.hardware.qxr-V1-ndk_platform.so" not found: needed by main executable
08-26 19:00:57.692 7176 7176 F linker : CANNOT LINK EXECUTABLE "/vendor/bin/hw/qvrservice": library "vendor.qti.hardware.qxr-V1-ndk_platform.so" not found: needed by /vendor/lib64/libqvrservice.so in namespace (default)
08-26 19:00:57.708 7177 7177 F linker : CANNOT LINK EXECUTABLE "/vendor/bin/hw/sxrservice": library "vendor.qti.hardware.qxr-V1-ndk_platform.so" not found: needed by main executable
08-26 19:01:02.737 7185 7185 F linker : CANNOT LINK EXECUTABLE "/vendor/bin/hw/qvrservice": library "vendor.qti.hardware.qxr-V1-ndk_platform.so" not found: needed by /vendor/lib64/libqvrservice.so in namespace (default)
08-26 19:01:02.751 7186 7186 F linker : CANNOT LINK EXECUTABLE "/vendor/bin/hw/sxrservice": library "vendor.qti.hardware.qxr-V1-ndk_platform.so" not found: needed by main executable
08-26 19:01:07.789 7189 7189 F linker : CANNOT LINK EXECUTABLE "/vendor/bin/hw/sxrservice": library "vendor.qti.hardware.qxr-V1-ndk_platform.so" not found: needed by main executable
08-26 19:01:07.790 7188 7188 F linker : CANNOT LINK EXECUTABLE "/vendor/bin/hw/qvrservice": library "vendor.qti.hardware.qxr-V1-ndk_platform.so" not found: needed by /vendor/lib64/libqvrservice.so in namespace (default)
08-26 19:01:12.832 7191 7191 F linker : CANNOT LINK EXECUTABLE "/vendor/bin/hw/qvrservice": library "vendor.qti.hardware.qxr-V1-ndk_platform.so" not found: needed by /vendor/lib64/libqvrservice.so in namespace (default)
08-26 19:01:12.862 7192 7192 F linker : CANNOT LINK EXECUTABLE "/vendor/bin/hw/sxrservice": library "vendor.qti.hardware.qxr-V1-ndk_platform.so" not found: needed by main executable
08-26 19:01:17.876 7204 7204 F linker : CANNOT LINK EXECUTABLE "/vendor/bin/hw/qvrservice": library "vendor.qti.hardware.qxr-V1-ndk_platform.so" not found: needed by /vendor/lib64/libqvrservice.so in namespace (default)
08-26 19:01:17.890 7205 7205 F linker : CANNOT LINK EXECUTABLE "/vendor/bin/hw/sxrservice": library "vendor.qti.hardware.qxr-V1-ndk_platform.so" not found: needed by main executable
08-26 19:01:22.921 7207 7207 F linker : CANNOT LINK EXECUTABLE "/vendor/bin/hw/qvrservice": library "vendor.qti.hardware.qxr-V1-ndk_platform.so" not found: needed by /vendor/lib64/libqvrservice.so in namespace (default)
08-26 19:01:22.926 7208 7208 F linker : CANNOT LINK EXECUTABLE "/vendor/bin/hw/sxrservice": library "vendor.qti.hardware.qxr-V1-ndk_platform.so" not found: needed by main executable
08-26 19:01:27.960 7216 7216 F linker : CANNOT LINK EXECUTABLE "/vendor/bin/hw/qvrservice": library "vendor.qti.hardware.qxr-V1-ndk_platform.so" not found: needed by /vendor/lib64/libqvrservice.so in namespace (default)
08-26 19:01:27.972 7217 7217 F linker : CANNOT LINK EXECUTABLE "/vendor/bin/hw/sxrservice": library "vendor.qti.hardware.qxr-V1-ndk_platform.so" not found: needed by main executable
08-26 19:01:33.009 7221 7221 F linker : CANNOT LINK EXECUTABLE "/vendor/bin/hw/sxrservice": library "vendor.qti.hardware.qxr-V1-ndk_platform.so" not found: needed by main executable
08-26 19:01:33.009 7220 7220 F linker : CANNOT LINK EXECUTABLE "/vendor/bin/hw/qvrservice": library "vendor.qti.hardware.qxr-V1-ndk_platform.so" not found: needed by /vendor/lib64/libqvrservice.so in namespace (default)
08-26 19:01:38.051 7223 7223 F linker : CANNOT LINK EXECUTABLE "/vendor/bin/hw/qvrservice": library "vendor.qti.hardware.qxr-V1-ndk_platform.so" not found: needed by /vendor/lib64/libqvrservice.so in namespace (default)
08-26 19:01:38.074 7224 7224 F linker : CANNOT LINK EXECUTABLE "/vendor/bin/hw/sxrservice": library "vendor.qti.hardware.qxr-V1-ndk_platform.so" not found: needed by main executable
08-26 19:01:43.105 7227 7227 F linker : CANNOT LINK EXECUTABLE "/vendor/bin/hw/sxrservice": library "vendor.qti.hardware.qxr-V1-ndk_platform.so" not found: needed by main executable
08-26 19:01:43.107 7226 7226 F linker : CANNOT LINK EXECUTABLE "/vendor/bin/hw/qvrservice": library "vendor.qti.hardware.qxr-V1-ndk_platform.so" not found: needed by /vendor/lib64/libqvrservice.so in namespace (default)
08-26 19:01:48.146 7229 7229 F linker : CANNOT LINK EXECUTABLE "/vendor/bin/hw/qvrservice": library "vendor.qti.hardware.qxr-V1-ndk_platform.so" not found: needed by /vendor/lib64/libqvrservice.so in namespace (default)
08-26 19:01:48.146 7230 7230 F linker : CANNOT LINK EXECUTABLE "/vendor/bin/hw/sxrservice": library "vendor.qti.hardware.qxr-V1-ndk_platform.so" not found: needed by main executable
08-26 19:01:50.457 1146 2311 I DreamManagerService: Gently waking up from dream.
08-26 19:01:50.460 1146 1726 I DreamManagerService: Performing gentle wake from dream.
08-26 19:01:50.473 1146 2313 D CompatibilityChangeReporter: Compat change id reported: 181136395; UID 1000; state: DISABLED
08-26 19:01:50.474 1146 2313 D CompatibilityChangeReporter: Compat change id reported: 174042936; UID 1000; state: DISABLED
08-26 19:01:50.535 1146 1770 I PowerManagerService: Powering on display group fromDreaming (groupId=0, uid=1000, reason=WAKE_REASON_UNKNOWN, details=android.server.power:DREAM_FINISHED)...
08-26 19:01:50.535 1146 1770 I PowerManagerService: Waking up from Dreaming (uid=1000, reason=WAKE_REASON_UNKNOWN, details=android.server.power:DREAM_FINISHED)...
08-26 19:01:51.123 1146 5821 I DreamManagerService: Leaving dreamland.
08-26 19:01:51.124 1146 1726 I DreamManagerService: Performing gentle wake from dream.
08-26 19:01:51.124 1146 1726 I DreamController: Stopping dream: name=ComponentInfo{com.android.deskclock/com.android.deskclock.Screensaver}, isTest=false, canDoze=false, userId=0, reason='finished self'(from 'finished self')
08-26 19:01:51.140 1146 1734 W ActivityTaskManager: Can't find TaskDisplayArea to determine support for multi window. Task id=19 attached=false
08-26 19:01:53.210 7235 7235 F linker : CANNOT LINK EXECUTABLE "/vendor/bin/hw/qvrservice": library "vendor.qti.hardware.qxr-V1-ndk_platform.so" not found: needed by /vendor/lib64/libqvrservice.so in namespace (default)
08-26 19:01:53.214 7236 7236 F linker : CANNOT LINK EXECUTABLE "/vendor/bin/hw/sxrservice": library "vendor.qti.hardware.qxr-V1-ndk_platform.so" not found: needed by main executable
08-26 19:01:58.248 7238 7238 F linker : CANNOT LINK EXECUTABLE "/vendor/bin/hw/qvrservice": library "vendor.qti.hardware.qxr-V1-ndk_platform.so" not found: needed by /vendor/lib64/libqvrservice.so in namespace (default)
08-26 19:01:58.249 7239 7239 F linker : CANNOT LINK EXECUTABLE "/vendor/bin/hw/sxrservice": library "vendor.qti.hardware.qxr-V1-ndk_platform.so" not found: needed by main executable
08-26 19:02:03.270 7242 7242 F linker : CANNOT LINK EXECUTABLE "/vendor/bin/hw/sxrservice": library "vendor.qti.hardware.qxr-V1-ndk_platform.so" not found: needed by main executable
08-26 19:02:03.308 7241 7241 F linker : CANNOT LINK EXECUTABLE "/vendor/bin/hw/qvrservice": library "vendor.qti.hardware.qxr-V1-ndk_platform.so" not found: needed by /vendor/lib64/libqvrservice.so in namespace (default)
08-26 19:02:08.328 7245 7245 F linker : CANNOT LINK EXECUTABLE "/vendor/bin/hw/sxrservice": library "vendor.qti.hardware.qxr-V1-ndk_platform.so" not found: needed by main executable
08-26 19:02:08.330 7244 7244 F linker : CANNOT LINK EXECUTABLE "/vendor/bin/hw/qvrservice": library "vendor.qti.hardware.qxr-V1-ndk_platform.so" not found: needed by /vendor/lib64/libqvrservice.so in namespace (default)
08-26 19:02:13.369 7248 7248 F linker : CANNOT LINK EXECUTABLE "/vendor/bin/hw/sxrservice": library "vendor.qti.hardware.qxr-V1-ndk_platform.so" not found: needed by main executable
08-26 19:02:13.369 7247 7247 F linker : CANNOT LINK EXECUTABLE "/vendor/bin/hw/qvrservice": library "vendor.qti.hardware.qxr-V1-ndk_platform.so" not found: needed by /vendor/lib64/libqvrservice.so in namespace (default)
08-26 19:02:18.123 1146 1758 W BatteryExternalStatsWorker: error reading modem stats:ERROR_PHONE_NOT_AVAILABLE
08-26 19:02:18.171 1146 1758 E KernelCpuSpeedReader: Failed to read cpu-freq: /sys/devices/system/cpu/cpu4/cpufreq/stats/time_in_state: open failed: ENOENT (No such file or directory)
08-26 19:02:18.171 1146 1758 E KernelCpuSpeedReader: Failed to read cpu-freq: /sys/devices/system/cpu/cpu0/cpufreq/stats/time_in_state: open failed: ENOENT (No such file or directory)
08-26 19:02:18.407 7251 7251 F linker : CANNOT LINK EXECUTABLE "/vendor/bin/hw/sxrservice": library "vendor.qti.hardware.qxr-V1-ndk_platform.so" not found: needed by main executable
08-26 19:02:18.410 7250 7250 F linker : CANNOT LINK EXECUTABLE "/vendor/bin/hw/qvrservice": library "vendor.qti.hardware.qxr-V1-ndk_platform.so" not found: needed by /vendor/lib64/libqvrservice.so in namespace (default)
08-26 19:02:23.466 7254 7254 F linker : CANNOT LINK EXECUTABLE "/vendor/bin/hw/sxrservice": library "vendor.qti.hardware.qxr-V1-ndk_platform.so" not found: needed by main executable
08-26 19:02:23.468 7253 7253 F linker : CANNOT LINK EXECUTABLE "/vendor/bin/hw/qvrservice": library "vendor.qti.hardware.qxr-V1-ndk_platform.so" not found: needed by /vendor/lib64/libqvrservice.so in namespace (default)
08-26 19:02:28.491 7256 7256 F linker : CANNOT LINK EXECUTABLE "/vendor/bin/hw/qvrservice": library "vendor.qti.hardware.qxr-V1-ndk_platform.so" not found: needed by /vendor/lib64/libqvrservice.so in namespace (default)
08-26 19:02:28.505 7257 7257 F linker : CANNOT LINK EXECUTABLE "/vendor/bin/hw/sxrservice": library "vendor.qti.hardware.qxr-V1-ndk_platform.so" not found: needed by main executable
08-26 19:02:33.547 7260 7260 F linker : CANNOT LINK EXECUTABLE "/vendor/bin/hw/sxrservice": library "vendor.qti.hardware.qxr-V1-ndk_platform.so" not found: needed by main executable
08-26 19:02:33.547 7259 7259 F linker : CANNOT LINK EXECUTABLE "/vendor/bin/hw/qvrservice": library "vendor.qti.hardware.qxr-V1-ndk_platform.so" not found: needed by /vendor/lib64/libqvrservice.so in namespace (default)
08-26 19:02:38.585 7263 7263 F linker : CANNOT LINK EXECUTABLE "/vendor/bin/hw/sxrservice": library "vendor.qti.hardware.qxr-V1-ndk_platform.so" not found: needed by main executable
08-26 19:02:38.587 7262 7262 F linker : CANNOT LINK EXECUTABLE "/vendor/bin/hw/qvrservice": library "vendor.qti.hardware.qxr-V1-ndk_platform.so" not found: needed by /vendor/lib64/libqvrservice.so in namespace (default)
08-26 19:02:43.544 1146 1770 V DisplayPowerController[0]: Brightness [0.05] reason changing to: 'manual [ dim ]', previous reason: 'manual'.
08-26 19:02:43.545 1146 1770 W PowerManagerService: Screen on took 53010 ms
08-26 19:02:43.551 1146 2196 E DisplayDeviceConfig: requesting nits when no mapping exists.
08-26 19:02:43.552 1146 2196 E DisplayDeviceConfig: requesting nits when no mapping exists.
08-26 19:02:43.556 1146 1749 I DropBoxManagerService: add tag=system_server_wtf isTagEnabled=true flags=0x2
08-26 19:02:43.582 1146 2196 E DisplayDeviceConfig: requesting nits when no mapping exists.
08-26 19:02:43.582 1146 2196 E DisplayDeviceConfig: requesting nits when no mapping exists.
08-26 19:02:43.588 1146 1749 I DropBoxManagerService: add tag=system_server_wtf isTagEnabled=true flags=0x2
08-26 19:02:43.593 1146 1749 I DropBoxManagerService: add tag=system_server_wtf isTagEnabled=true flags=0x2
08-26 19:02:43.598 1146 1749 I DropBoxManagerService: add tag=system_server_wtf isTagEnabled=true flags=0x2
08-26 19:02:43.598 1146 2196 E DisplayDeviceConfig: requesting nits when no mapping exists.
08-26 19:02:43.599 1146 2196 E DisplayDeviceConfig: requesting nits when no mapping exists.
08-26 19:02:43.603 1146 1749 I DropBoxManagerService: add tag=system_server_wtf isTagEnabled=true flags=0x2
08-26 19:02:43.615 1146 2196 E DisplayDeviceConfig: requesting nits when no mapping exists.
08-26 19:02:43.615 1146 2196 E DisplayDeviceConfig: requesting nits when no mapping exists.
08-26 19:02:43.625 7265 7265 F linker : CANNOT LINK EXECUTABLE "/vendor/bin/hw/qvrservice": library "vendor.qti.hardware.qxr-V1-ndk_platform.so" not found: needed by /vendor/lib64/libqvrservice.so in namespace (default)
08-26 19:02:43.629 7266 7266 F linker : CANNOT LINK EXECUTABLE "/vendor/bin/hw/sxrservice": library "vendor.qti.hardware.qxr-V1-ndk_platform.so" not found: needed by main executable
08-26 19:02:43.632 1146 2196 E DisplayDeviceConfig: requesting nits when no mapping exists.
08-26 19:02:43.633 1146 2196 E DisplayDeviceConfig: requesting nits when no mapping exists.
08-26 19:02:43.649 1146 2196 E DisplayDeviceConfig: requesting nits when no mapping exists.
08-26 19:02:43.653 1146 2196 E DisplayDeviceConfig: requesting nits when no mapping exists.
08-26 19:02:43.665 1146 2196 E DisplayDeviceConfig: requesting nits when no mapping exists.
08-26 19:02:43.666 1146 2196 E DisplayDeviceConfig: requesting nits when no mapping exists.
08-26 19:02:43.681 1146 2196 E DisplayDeviceConfig: requesting nits when no mapping exists.
08-26 19:02:43.682 1146 2196 E DisplayDeviceConfig: requesting nits when no mapping exists.
08-26 19:02:43.698 1146 2196 E DisplayDeviceConfig: requesting nits when no mapping exists.
08-26 19:02:43.699 1146 2196 E DisplayDeviceConfig: requesting nits when no mapping exists.
08-26 19:02:43.715 1146 2196 E DisplayDeviceConfig: requesting nits when no mapping exists.
08-26 19:02:43.716 1146 2196 E DisplayDeviceConfig: requesting nits when no mapping exists.
08-26 19:02:43.732 1146 2196 E DisplayDeviceConfig: requesting nits when no mapping exists.
08-26 19:02:43.732 1146 2196 E DisplayDeviceConfig: requesting nits when no mapping exists.
08-26 19:02:43.748 1146 2196 E DisplayDeviceConfig: requesting nits when no mapping exists.
08-26 19:02:43.749 1146 2196 E DisplayDeviceConfig: requesting nits when no mapping exists.
08-26 19:02:43.765 1146 2196 E DisplayDeviceConfig: requesting nits when no mapping exists.
08-26 19:02:43.765 1146 2196 E DisplayDeviceConfig: requesting nits when no mapping exists.
08-26 19:02:43.782 1146 2196 E DisplayDeviceConfig: requesting nits when no mapping exists.
08-26 19:02:43.782 1146 2196 E DisplayDeviceConfig: requesting nits when no mapping exists.
08-26 19:02:43.798 1146 2196 E DisplayDeviceConfig: requesting nits when no mapping exists.
08-26 19:02:43.800 1146 2196 E DisplayDeviceConfig: requesting nits when no mapping exists.
08-26 19:02:43.815 1146 2196 E DisplayDeviceConfig: requesting nits when no mapping exists.
08-26 19:02:43.816 1146 2196 E DisplayDeviceConfig: requesting nits when no mapping exists.
08-26 19:02:43.832 1146 2196 E DisplayDeviceConfig: requesting nits when no mapping exists.
08-26 19:02:43.833 1146 2196 E DisplayDeviceConfig: requesting nits when no mapping exists.
08-26 19:02:43.849 1146 2196 E DisplayDeviceConfig: requesting nits when no mapping exists.
08-26 19:02:43.849 1146 2196 E DisplayDeviceConfig: requesting nits when no mapping exists.
08-26 19:02:43.865 1146 2196 E DisplayDeviceConfig: requesting nits when no mapping exists.
08-26 19:02:43.866 1146 2196 E DisplayDeviceConfig: requesting nits when no mapping exists.
08-26 19:02:43.882 1146 2196 E DisplayDeviceConfig: requesting nits when no mapping exists.
08-26 19:02:43.883 1146 2196 E DisplayDeviceConfig: requesting nits when no mapping exists.
08-26 19:02:43.899 1146 2196 E DisplayDeviceConfig: requesting nits when no mapping exists.
08-26 19:02:43.900 1146 2196 E DisplayDeviceConfig: requesting nits when no mapping exists.
08-26 19:02:43.915 1146 2196 E DisplayDeviceConfig: requesting nits when no mapping exists.
08-26 19:02:43.916 1146 2196 E DisplayDeviceConfig: requesting nits when no mapping exists.
08-26 19:02:43.932 1146 2196 E DisplayDeviceConfig: requesting nits when no mapping exists.
08-26 19:02:43.933 1146 2196 E DisplayDeviceConfig: requesting nits when no mapping exists.
08-26 19:02:43.949 1146 2196 E DisplayDeviceConfig: requesting nits when no mapping exists.
08-26 19:02:43.950 1146 2196 E DisplayDeviceConfig: requesting nits when no mapping exists.
08-26 19:02:43.965 1146 2196 E DisplayDeviceConfig: requesting nits when no mapping exists.
08-26 19:02:43.966 1146 2196 E DisplayDeviceConfig: requesting nits when no mapping exists.
08-26 19:02:43.982 1146 2196 E DisplayDeviceConfig: requesting nits when no mapping exists.
08-26 19:02:43.983 1146 2196 E DisplayDeviceConfig: requesting nits when no mapping exists.
08-26 19:02:43.999 1146 2196 E DisplayDeviceConfig: requesting nits when no mapping exists.
08-26 19:02:44.000 1146 2196 E DisplayDeviceConfig: requesting nits when no mapping exists.
08-26 19:02:44.017 1146 2196 E DisplayDeviceConfig: requesting nits when no mapping exists.
08-26 19:02:44.017 1146 2196 E DisplayDeviceConfig: requesting nits when no mapping exists.
08-26 19:02:44.032 1146 2196 E DisplayDeviceConfig: requesting nits when no mapping exists.
08-26 19:02:44.034 1146 2196 E DisplayDeviceConfig: requesting nits when no mapping exists.
08-26 19:02:44.049 1146 2196 E DisplayDeviceConfig: requesting nits when no mapping exists.
08-26 19:02:44.050 1146 2196 E DisplayDeviceConfig: requesting nits when no mapping exists.
08-26 19:02:48.667 7269 7269 F linker : CANNOT LINK EXECUTABLE "/vendor/bin/hw/sxrservice": library "vendor.qti.hardware.qxr-V1-ndk_platform.so" not found: needed by main executable
08-26 19:02:48.681 7268 7268 F linker : CANNOT LINK EXECUTABLE "/vendor/bin/hw/qvrservice": library "vendor.qti.hardware.qxr-V1-ndk_platform.so" not found: needed by /vendor/lib64/libqvrservice.so in namespace (default)
08-26 19:02:51.096 1146 1770 I PowerManagerService: Napping display group (groupId=0, uid=1000)...
08-26 19:02:51.096 1146 1770 I PowerManagerService: Nap time (uid 1000)...
08-26 19:02:51.100 1146 1770 I DreamManagerService: Entering dreamland.
08-26 19:02:51.102 1146 1770 I PowerManagerService: Dreaming...
08-26 19:02:51.117 1146 1726 I DreamController: Starting dream: name=ComponentInfo{com.android.deskclock/com.android.deskclock.Screensaver}, isTest=false, canDoze=false, userId=0
08-26 19:02:51.129 1146 1726 D CompatibilityChangeReporter: Compat change id reported: 168419799; UID 10068; state: DISABLED
08-26 19:02:51.132 1146 1726 D AutofillManagerService: Close system dialogs
08-26 19:02:51.140 1146 2311 I ActivityTaskManager: START u0 {flg=0x10000000 pkg=com.android.deskclock cmp=com.android.deskclock/android.service.dreams.DreamActivity (has extras)} from uid 10068
08-26 19:02:51.146 1146 2311 W ActivityTaskManager: Can't find TaskDisplayArea to determine support for multi window. Task id=20 attached=false
08-26 19:02:51.155 1146 2311 V SplashScreenExceptionList: SplashScreen checking exception for package com.android.deskclock (target sdk:29) -> false
08-26 19:02:51.167 1146 2312 I ActivityTaskManager: The Process com.android.deskclock Already Exists in BG. So sending its PID: 5938
08-26 19:02:51.167 1146 2312 W ActivityTaskManager: Tried to set launchTime (0) < mLastActivityLaunchTime (2761150)
08-26 19:02:51.256 1146 1770 V DisplayPowerController[0]: Brightness [0.39763778] reason changing to: 'manual', previous reason: 'manual [ dim ]'.
08-26 19:02:51.271 1146 2196 E DisplayDeviceConfig: requesting nits when no mapping exists.
08-26 19:02:51.271 1146 2196 E DisplayDeviceConfig: requesting nits when no mapping exists.
08-26 19:02:51.284 1146 2196 E DisplayDeviceConfig: requesting nits when no mapping exists.
08-26 19:02:51.284 1146 2196 E DisplayDeviceConfig: requesting nits when no mapping exists.
08-26 19:02:51.300 1146 2196 E DisplayDeviceConfig: requesting nits when no mapping exists.
08-26 19:02:51.301 1146 2196 E DisplayDeviceConfig: requesting nits when no mapping exists.
08-26 19:02:51.319 1146 2196 E DisplayDeviceConfig: requesting nits when no mapping exists.
08-26 19:02:51.319 1146 2196 E DisplayDeviceConfig: requesting nits when no mapping exists.
08-26 19:02:51.334 1146 2196 E DisplayDeviceConfig: requesting nits when no mapping exists.
08-26 19:02:51.334 1146 2196 E DisplayDeviceConfig: requesting nits when no mapping exists.
08-26 19:02:51.351 1146 2196 E DisplayDeviceConfig: requesting nits when no mapping exists.
08-26 19:02:51.352 1146 2196 E DisplayDeviceConfig: requesting nits when no mapping exists.
08-26 19:02:51.369 1146 2196 E DisplayDeviceConfig: requesting nits when no mapping exists.
08-26 19:02:51.370 1146 2196 E DisplayDeviceConfig: requesting nits when no mapping exists.
08-26 19:02:51.385 1146 2196 E DisplayDeviceConfig: requesting nits when no mapping exists.
08-26 19:02:51.386 1146 2196 E DisplayDeviceConfig: requesting nits when no mapping exists.
08-26 19:02:51.404 1146 2196 E DisplayDeviceConfig: requesting nits when no mapping exists.
08-26 19:02:51.405 1146 2196 E DisplayDeviceConfig: requesting nits when no mapping exists.
08-26 19:02:51.423 1146 2196 E DisplayDeviceConfig: requesting nits when no mapping exists.
08-26 19:02:51.424 1146 2196 E DisplayDeviceConfig: requesting nits when no mapping exists.
08-26 19:02:51.450 1146 2196 E DisplayDeviceConfig: requesting nits when no mapping exists.
08-26 19:02:51.451 1146 2196 E DisplayDeviceConfig: requesting nits when no mapping exists.
08-26 19:02:51.469 1146 2196 E DisplayDeviceConfig: requesting nits when no mapping exists.
08-26 19:02:51.470 1146 2196 E DisplayDeviceConfig: requesting nits when no mapping exists.
08-26 19:02:51.485 1146 2196 E DisplayDeviceConfig: requesting nits when no mapping exists.
08-26 19:02:51.486 1146 2196 E DisplayDeviceConfig: requesting nits when no mapping exists.
08-26 19:02:51.503 1146 2196 E DisplayDeviceConfig: requesting nits when no mapping exists.
08-26 19:02:51.504 1146 2196 E DisplayDeviceConfig: requesting nits when no mapping exists.
08-26 19:02:51.518 1146 2196 E DisplayDeviceConfig: requesting nits when no mapping exists.
08-26 19:02:51.518 1146 2196 E DisplayDeviceConfig: requesting nits when no mapping exists.
08-26 19:02:51.535 1146 2196 E DisplayDeviceConfig: requesting nits when no mapping exists.
08-26 19:02:51.535 1146 2196 E DisplayDeviceConfig: requesting nits when no mapping exists.
08-26 19:02:51.552 1146 2196 E DisplayDeviceConfig: requesting nits when no mapping exists.
08-26 19:02:51.560 1146 2196 E DisplayDeviceConfig: requesting nits when no mapping exists.
08-26 19:02:51.568 1146 2196 E DisplayDeviceConfig: requesting nits when no mapping exists.
08-26 19:02:51.569 1146 2196 E DisplayDeviceConfig: requesting nits when no mapping exists.
08-26 19:02:51.587 1146 2196 E DisplayDeviceConfig: requesting nits when no mapping exists.
08-26 19:02:51.587 1146 2196 E DisplayDeviceConfig: requesting nits when no mapping exists.
08-26 19:02:51.605 1146 2196 E DisplayDeviceConfig: requesting nits when no mapping exists.
08-26 19:02:51.605 1146 2196 E DisplayDeviceConfig: requesting nits when no mapping exists.
08-26 19:02:51.618 1146 2196 E DisplayDeviceConfig: requesting nits when no mapping exists.
08-26 19:02:51.618 1146 2196 E DisplayDeviceConfig: requesting nits when no mapping exists.
08-26 19:02:51.636 1146 2196 E DisplayDeviceConfig: requesting nits when no mapping exists.
08-26 19:02:51.637 1146 2196 E DisplayDeviceConfig: requesting nits when no mapping exists.
08-26 19:02:51.651 1146 2196 E DisplayDeviceConfig: requesting nits when no mapping exists.
08-26 19:02:51.652 1146 2196 E DisplayDeviceConfig: requesting nits when no mapping exists.
08-26 19:02:51.668 1146 2196 E DisplayDeviceConfig: requesting nits when no mapping exists.
08-26 19:02:51.669 1146 2196 E DisplayDeviceConfig: requesting nits when no mapping exists.
08-26 19:02:51.685 1146 2196 E DisplayDeviceConfig: requesting nits when no mapping exists.
08-26 19:02:51.686 1146 2196 E DisplayDeviceConfig: requesting nits when no mapping exists.
08-26 19:02:51.703 1146 2196 E DisplayDeviceConfig: requesting nits when no mapping exists.
08-26 19:02:51.704 1146 2196 E DisplayDeviceConfig: requesting nits when no mapping exists.
08-26 19:02:51.718 1146 2196 E DisplayDeviceConfig: requesting nits when no mapping exists.
08-26 19:02:51.720 1146 2196 E DisplayDeviceConfig: requesting nits when no mapping exists.
08-26 19:02:51.737 1146 2196 E DisplayDeviceConfig: requesting nits when no mapping exists.
08-26 19:02:51.740 1146 2196 E DisplayDeviceConfig: requesting nits when no mapping exists.
08-26 19:02:51.759 1146 2196 E DisplayDeviceConfig: requesting nits when no mapping exists.
08-26 19:02:51.762 1146 2196 E DisplayDeviceConfig: requesting nits when no mapping exists.
08-26 19:02:53.696 7274 7274 F linker : CANNOT LINK EXECUTABLE "/vendor/bin/hw/qvrservice": library "vendor.qti.hardware.qxr-V1-ndk_platform.so" not found: needed by /vendor/lib64/libqvrservice.so in namespace (default)
08-26 19:02:53.709 7275 7275 F linker : CANNOT LINK EXECUTABLE "/vendor/bin/hw/sxrservice": library "vendor.qti.hardware.qxr-V1-ndk_platform.so" not found: needed by main executable
08-26 19:02:58.732 7278 7278 F linker : CANNOT LINK EXECUTABLE "/vendor/bin/hw/sxrservice": library "vendor.qti.hardware.qxr-V1-ndk_platform.so" not found: needed by main executable
08-26 19:02:58.751 7277 7277 F linker : CANNOT LINK EXECUTABLE "/vendor/bin/hw/qvrservice": library "vendor.qti.hardware.qxr-V1-ndk_platform.so" not found: needed by /vendor/lib64/libqvrservice.so in namespace (default)
08-26 19:03:03.805 7280 7280 F linker : CANNOT LINK EXECUTABLE "/vendor/bin/hw/qvrservice": library "vendor.qti.hardware.qxr-V1-ndk_platform.so" not found: needed by /vendor/lib64/libqvrservice.so in namespace (default)
08-26 19:03:03.805 7281 7281 F linker : CANNOT LINK EXECUTABLE "/vendor/bin/hw/sxrservice": library "vendor.qti.hardware.qxr-V1-ndk_platform.so" not found: needed by main executable
08-26 19:03:08.848 7284 7284 F linker : CANNOT LINK EXECUTABLE "/vendor/bin/hw/sxrservice": library "vendor.qti.hardware.qxr-V1-ndk_platform.so" not found: needed by main executable
08-26 19:03:08.848 7283 7283 F linker : CANNOT LINK EXECUTABLE "/vendor/bin/hw/qvrservice": library "vendor.qti.hardware.qxr-V1-ndk_platform.so" not found: needed by /vendor/lib64/libqvrservice.so in namespace (default)
08-26 19:03:13.885 7287 7287 F linker : CANNOT LINK EXECUTABLE "/vendor/bin/hw/sxrservice": library "vendor.qti.hardware.qxr-V1-ndk_platform.so" not found: needed by main executable
08-26 19:03:13.886 7286 7286 F linker : CANNOT LINK EXECUTABLE "/vendor/bin/hw/qvrservice": library "vendor.qti.hardware.qxr-V1-ndk_platform.so" not found: needed by /vendor/lib64/libqvrservice.so in namespace (default)
08-26 19:03:15.440 1146 1748 I UsageStatsService: User[0] Flushing usage stats to disk
08-26 19:03:18.926 7289 7289 F linker : CANNOT LINK EXECUTABLE "/vendor/bin/hw/qvrservice": library "vendor.qti.hardware.qxr-V1-ndk_platform.so" not found: needed by /vendor/lib64/libqvrservice.so in namespace (default)
08-26 19:03:18.927 7290 7290 F linker : CANNOT LINK EXECUTABLE "/vendor/bin/hw/sxrservice": library "vendor.qti.hardware.qxr-V1-ndk_platform.so" not found: needed by main executable
08-26 19:03:23.967 7293 7293 F linker : CANNOT LINK EXECUTABLE "/vendor/bin/hw/sxrservice": library "vendor.qti.hardware.qxr-V1-ndk_platform.so" not found: needed by main executable
08-26 19:03:23.968 7292 7292 F linker : CANNOT LINK EXECUTABLE "/vendor/bin/hw/qvrservice": library "vendor.qti.hardware.qxr-V1-ndk_platform.so" not found: needed by /vendor/lib64/libqvrservice.so in namespace (default)
08-26 19:03:29.007 7296 7296 F linker : CANNOT LINK EXECUTABLE "/vendor/bin/hw/sxrservice": library "vendor.qti.hardware.qxr-V1-ndk_platform.so" not found: needed by main executable
08-26 19:03:29.008 7295 7295 F linker : CANNOT LINK EXECUTABLE "/vendor/bin/hw/qvrservice": library "vendor.qti.hardware.qxr-V1-ndk_platform.so" not found: needed by /vendor/lib64/libqvrservice.so in namespace (default)
08-26 19:03:34.048 7298 7298 F linker : CANNOT LINK EXECUTABLE "/vendor/bin/hw/qvrservice": library "vendor.qti.hardware.qxr-V1-ndk_platform.so" not found: needed by /vendor/lib64/libqvrservice.so in namespace (default)
08-26 19:03:34.053 7299 7299 F linker : CANNOT LINK EXECUTABLE "/vendor/bin/hw/sxrservice": library "vendor.qti.hardware.qxr-V1-ndk_platform.so" not found: needed by main executable
08-26 19:03:39.090 7301 7301 F linker : CANNOT LINK EXECUTABLE "/vendor/bin/hw/qvrservice": library "vendor.qti.hardware.qxr-V1-ndk_platform.so" not found: needed by /vendor/lib64/libqvrservice.so in namespace (default)
08-26 19:03:39.091 7302 7302 F linker : CANNOT LINK EXECUTABLE "/vendor/bin/hw/sxrservice": library "vendor.qti.hardware.qxr-V1-ndk_platform.so" not found: needed by main executable
08-26 19:03:44.127 7305 7305 F linker : CANNOT LINK EXECUTABLE "/vendor/bin/hw/sxrservice": library "vendor.qti.hardware.qxr-V1-ndk_platform.so" not found: needed by main executable
08-26 19:03:44.129 7304 7304 F linker : CANNOT LINK EXECUTABLE "/vendor/bin/hw/qvrservice": library "vendor.qti.hardware.qxr-V1-ndk_platform.so" not found: needed by /vendor/lib64/libqvrservice.so in namespace (default)
08-26 19:03:49.169 7307 7307 F linker : CANNOT LINK EXECUTABLE "/vendor/bin/hw/qvrservice": library "vendor.qti.hardware.qxr-V1-ndk_platform.so" not found: needed by /vendor/lib64/libqvrservice.so in namespace (default)
08-26 19:03:49.174 7308 7308 F linker : CANNOT LINK EXECUTABLE "/vendor/bin/hw/sxrservice": library "vendor.qti.hardware.qxr-V1-ndk_platform.so" not found: needed by main executable
08-26 19:03:54.208 7311 7311 F linker : CANNOT LINK EXECUTABLE "/vendor/bin/hw/sxrservice": library "vendor.qti.hardware.qxr-V1-ndk_platform.so" not found: needed by main executable
08-26 19:03:54.209 7310 7310 F linker : CANNOT LINK EXECUTABLE "/vendor/bin/hw/qvrservice": library "vendor.qti.hardware.qxr-V1-ndk_platform.so" not found: needed by /vendor/lib64/libqvrservice.so in namespace (default)
08-26 19:03:59.251 7313 7313 F linker : CANNOT LINK EXECUTABLE "/vendor/bin/hw/qvrservice": library "vendor.qti.hardware.qxr-V1-ndk_platform.so" not found: needed by /vendor/lib64/libqvrservice.so in namespace (default)
08-26 19:03:59.265 7314 7314 F linker : CANNOT LINK EXECUTABLE "/vendor/bin/hw/sxrservice": library "vendor.qti.hardware.qxr-V1-ndk_platform.so" not found: needed by main executable
08-26 19:04:04.308 7317 7317 F linker : CANNOT LINK EXECUTABLE "/vendor/bin/hw/sxrservice": library "vendor.qti.hardware.qxr-V1-ndk_platform.so" not found: needed by main executable
08-26 19:04:04.309 7316 7316 F linker : CANNOT LINK EXECUTABLE "/vendor/bin/hw/qvrservice": library "vendor.qti.hardware.qxr-V1-ndk_platform.so" not found: needed by /vendor/lib64/libqvrservice.so in namespace (default)
08-26 19:04:09.346 7319 7319 F linker : CANNOT LINK EXECUTABLE "/vendor/bin/hw/qvrservice": library "vendor.qti.hardware.qxr-V1-ndk_platform.so" not found: needed by /vendor/lib64/libqvrservice.so in namespace (default)
08-26 19:04:09.346 7320 7320 F linker : CANNOT LINK EXECUTABLE "/vendor/bin/hw/sxrservice": library "vendor.qti.hardware.qxr-V1-ndk_platform.so" not found: needed by main executable
08-26 19:04:14.388 7322 7322 F linker : CANNOT LINK EXECUTABLE "/vendor/bin/hw/qvrservice": library "vendor.qti.hardware.qxr-V1-ndk_platform.so" not found: needed by /vendor/lib64/libqvrservice.so in namespace (default)
08-26 19:04:14.388 7323 7323 F linker : CANNOT LINK EXECUTABLE "/vendor/bin/hw/sxrservice": library "vendor.qti.hardware.qxr-V1-ndk_platform.so" not found: needed by main executable
08-26 19:04:19.429 7326 7326 F linker : CANNOT LINK EXECUTABLE "/vendor/bin/hw/sxrservice": library "vendor.qti.hardware.qxr-V1-ndk_platform.so" not found: needed by main executable
08-26 19:04:19.430 7325 7325 F linker : CANNOT LINK EXECUTABLE "/vendor/bin/hw/qvrservice": library "vendor.qti.hardware.qxr-V1-ndk_platform.so" not found: needed by /vendor/lib64/libqvrservice.so in namespace (default)
08-26 19:04:24.492 7328 7328 F linker : CANNOT LINK EXECUTABLE "/vendor/bin/hw/qvrservice": library "vendor.qti.hardware.qxr-V1-ndk_platform.so" not found: needed by /vendor/lib64/libqvrservice.so in namespace (default)
08-26 19:04:24.547 7329 7329 F linker : CANNOT LINK EXECUTABLE "/vendor/bin/hw/sxrservice": library "vendor.qti.hardware.qxr-V1-ndk_platform.so" not found: needed by main executable
08-26 19:04:29.548 7332 7332 F linker : CANNOT LINK EXECUTABLE "/vendor/bin/hw/sxrservice": library "vendor.qti.hardware.qxr-V1-ndk_platform.so" not found: needed by main executable
08-26 19:04:29.550 7331 7331 F linker : CANNOT LINK EXECUTABLE "/vendor/bin/hw/qvrservice": library "vendor.qti.hardware.qxr-V1-ndk_platform.so" not found: needed by /vendor/lib64/libqvrservice.so in namespace (default)
08-26 19:04:34.589 7335 7335 F linker : CANNOT LINK EXECUTABLE "/vendor/bin/hw/sxrservice": library "vendor.qti.hardware.qxr-V1-ndk_platform.so" not found: needed by main executable
08-26 19:04:34.590 7334 7334 F linker : CANNOT LINK EXECUTABLE "/vendor/bin/hw/qvrservice": library "vendor.qti.hardware.qxr-V1-ndk_platform.so" not found: needed by /vendor/lib64/libqvrservice.so in namespace (default)
