08-26 18:03:30.139 1146 2308 D CompatibilityChangeReporter: Compat change id reported: 168419799; UID 10089; state: DISABLED
08-26 18:03:30.145 1146 2308 D CompatibilityChangeReporter: Compat change id reported: 135634846; UID 10085; state: DISABLED
08-26 18:03:30.146 1146 2308 D CompatibilityChangeReporter: Compat change id reported: 177438394; UID 10085; state: DISABLED
08-26 18:03:30.146 1146 2308 D CompatibilityChangeReporter: Compat change id reported: 135772972; UID 10085; state: DISABLED
08-26 18:03:30.147 1146 2308 D CompatibilityChangeReporter: Compat change id reported: 135754954; UID 10085; state: ENABLED
08-26 18:03:30.149 1146 1750 D CompatibilityChangeReporter: Compat change id reported: 143937733; UID 10085; state: ENABLED
08-26 18:03:30.149 1146 1750 W ActivityManager: com.qualcomm.location inode == 0 (b/152760674)
08-26 18:03:30.156 1146 1146 D BluetoothManagerService: Bluetooth Adapter address changed to 22:22:61:07:E0:79
08-26 18:03:30.156 1146 1146 D BluetoothManagerService: Stored Bluetoothaddress: 22:22:61:07:E0:79
08-26 18:03:30.166 1146 1730 D BluetoothManagerService: MESSAGE_BLUETOOTH_STATE_CHANGE: BLE_TURNING_ON > BLE_ON
08-26 18:03:30.166 1146 1730 D BluetoothManagerService: Bluetooth is in LE only mode
08-26 18:03:30.166 1146 1730 D BluetoothManagerService: Binding Bluetooth GATT service
08-26 18:03:30.169 1146 1730 D BluetoothManagerService: Sending BLE State Change: BLE_TURNING_ON > BLE_ON
08-26 18:03:30.170 1146 1146 D CompanionDeviceManagerService: Received BT state transition broadcast: BLE_TURNING_ON -> BLE_ON
08-26 18:03:30.172 1146 1146 I CompanionDeviceManagerService: startBleScan()
08-26 18:03:30.173 1146 1146 I CompanionDeviceManagerService: Read associations from disk: {0=[]}
08-26 18:03:30.173 1146 1146 D BluetoothManagerService: BluetoothServiceConnection: com.android.bluetooth.gatt.GattService
08-26 18:03:30.174 1146 1730 D BluetoothManagerService: MESSAGE_BLUETOOTH_SERVICE_CONNECTED: 2
08-26 18:03:30.175 1146 1730 D BluetoothManagerService: continueFromBleOnState()
08-26 18:03:30.183 1146 1730 D BluetoothManagerService: Persisting Bluetooth Setting: 1
08-26 18:03:30.188 1146 1730 D BluetoothManagerService: MESSAGE_BLUETOOTH_STATE_CHANGE: BLE_ON > TURNING_ON
08-26 18:03:30.188 1146 1730 D BluetoothManagerService: Sending BLE State Change: BLE_ON > TURNING_ON
08-26 18:03:30.190 1146 1730 D BluetoothManagerService: Sending State Change: OFF > TURNING_ON
08-26 18:03:30.191 1146 1146 D CompanionDeviceManagerService: Received BT state transition broadcast: BLE_ON -> TURNING_ON
08-26 18:03:30.222 1146 1750 W ActivityManager: Slow operation: 77ms so far, now at startProcess: returned from zygote!
08-26 18:03:30.224 1146 1750 W ActivityManager: Slow operation: 79ms so far, now at startProcess: done updating battery stats
08-26 18:03:30.224 1146 1750 W ActivityManager: Slow operation: 79ms so far, now at startProcess: building log message
08-26 18:03:30.224 1146 1750 I ActivityManager: Start proc 3073:com.qualcomm.location/u0a85 for broadcast {com.qualcomm.location/com.qualcomm.location.LocationServiceReceiver}
08-26 18:03:30.224 1146 1750 W ActivityManager: Slow operation: 79ms so far, now at startProcess: starting to update pids map
08-26 18:03:30.224 1146 1750 W ActivityManager: Slow operation: 79ms so far, now at startProcess: done updating pids map
08-26 18:03:30.489 1146 1841 D CompatibilityChangeReporter: Compat change id reported: 168419799; UID 10085; state: DISABLED
08-26 18:03:30.621 1146 1146 I Telecom : BluetoothDeviceManager: Got BluetoothHearingAid: android.bluetooth.BluetoothHearingAid@45a00ec: BMSL.oSC@AAM
08-26 18:03:30.658 2200 3122 W ActivityThread: Failed to find provider info for com.android.contacts (user not unlocked)
08-26 18:03:30.716 1146 1730 D BluetoothManagerService: MESSAGE_BLUETOOTH_STATE_CHANGE: TURNING_ON > ON
08-26 18:03:30.717 1146 1730 D BluetoothManagerService: Broadcasting onBluetoothStateChange(true) to 10 receivers.
08-26 18:03:30.719 1146 1730 D BluetoothManagerService: Creating new ProfileServiceConnections object for profile: 1
08-26 18:03:30.720 1146 2308 D PackageManager: Instant App installer not found with android.intent.action.INSTALL_INSTANT_APP_PACKAGE
08-26 18:03:30.721 1146 2308 D PackageManager: Clear ephemeral installer activity
08-26 18:03:30.731 1146 1730 W BluetoothManagerService: psc is not null in bindBluetoothProfileService
08-26 18:03:30.732 1146 1730 D BluetoothManagerService: Sending BLE State Change: TURNING_ON > ON
08-26 18:03:30.734 1146 1146 D CompanionDeviceManagerService: Received BT state transition broadcast: TURNING_ON -> ON
08-26 18:03:30.737 1146 1146 I CompanionDeviceManagerService: startBleScan()
08-26 18:03:30.738 1146 1730 D BluetoothManagerService: Sending State Change: TURNING_ON > ON
08-26 18:03:30.766 1146 1841 W BluetoothManagerService: psc is not null in bindBluetoothProfileService
08-26 18:03:30.833 1146 1146 I Telecom : BluetoothDeviceManager: Got BluetoothHeadset: com.android.server.telecom.BluetoothHeadsetProxy@b5c3e13: BMSL.oSC@AAQ
08-26 18:03:31.057 2645 2645 W ContextImpl: Calling a method in the system process without a qualified user: android.app.ContextImpl.startService:1816 android.content.ContextWrapper.startService:774 android.content.ContextWrapper.startService:774 com.qualcomm.qti.qdma.app.BootReceiver.onBootReceived:115 com.qualcomm.qti.innodme.InnoBootReceiver.onReceive:22
08-26 18:03:31.077 2645 3170 W ContextImpl: Calling a method in the system process without a qualified user: android.app.ContextImpl.startService:1816 android.content.ContextWrapper.startService:774 com.qualcomm.qti.qdma.util.PeriodicCI.run:477 com.qualcomm.qti.qdma.util.PeriodicCI.start:390 com.qualcomm.qti.qdma.app.ActiveCareService$ProcessSessionRequest.run:457
08-26 18:03:31.108 1146 1841 D CompatibilityChangeReporter: Compat change id reported: 135634846; UID 10093; state: DISABLED
08-26 18:03:31.109 1146 1841 D CompatibilityChangeReporter: Compat change id reported: 177438394; UID 10093; state: DISABLED
08-26 18:03:31.109 1146 1841 D CompatibilityChangeReporter: Compat change id reported: 135772972; UID 10093; state: DISABLED
08-26 18:03:31.109 1146 1841 D CompatibilityChangeReporter: Compat change id reported: 135754954; UID 10093; state: ENABLED
08-26 18:03:31.110 1146 1750 D CompatibilityChangeReporter: Compat change id reported: 143937733; UID 10093; state: ENABLED
08-26 18:03:31.110 1146 1750 W ActivityManager: com.qualcomm.qtil.aptxui inode == 0 (b/152760674)
08-26 18:03:31.130 1146 2315 D CompatibilityChangeReporter: Compat change id reported: 182478738; UID 1001; state: DISABLED
08-26 18:03:31.163 1146 1750 W ActivityManager: Slow operation: 55ms so far, now at startProcess: returned from zygote!
08-26 18:03:31.163 1146 1750 W ActivityManager: Slow operation: 55ms so far, now at startProcess: done updating battery stats
08-26 18:03:31.163 1146 1750 W ActivityManager: Slow operation: 55ms so far, now at startProcess: building log message
08-26 18:03:31.163 1146 1750 I ActivityManager: Start proc 3193:com.qualcomm.qtil.aptxui/u0a93 for broadcast {com.qualcomm.qtil.aptxui/com.qualcomm.qtil.aptxui.aptxuiBootReceiver}
08-26 18:03:31.163 1146 1750 W ActivityManager: Slow operation: 55ms so far, now at startProcess: starting to update pids map
08-26 18:03:31.164 1146 1750 W ActivityManager: Slow operation: 56ms so far, now at startProcess: done updating pids map
08-26 18:03:31.295 1146 1842 D CompatibilityChangeReporter: Compat change id reported: 168419799; UID 10093; state: DISABLED
08-26 18:03:31.440 1146 1842 D CompatibilityChangeReporter: Compat change id reported: 168419799; UID 10059; state: DISABLED
08-26 18:03:31.471 1146 2315 D CompatibilityChangeReporter: Compat change id reported: 168419799; UID 1000; state: DISABLED
08-26 18:03:31.478 2538 2538 W ContextImpl: Calling a method in the system process without a qualified user: android.app.ContextImpl.startService:1816 android.content.ContextWrapper.startService:774 android.content.ContextWrapper.startService:774 vendor.qti.qesdk.sysservice.QesdkSysReceiver.onReceive:42 android.app.ActivityThread.handleReceiver:4309
08-26 18:03:31.563 1146 1726 V PackageManager: reconcileAppsData finished 137 packages
08-26 18:03:31.563 1146 1726 I ActivityManager: User 0 state changed from RUNNING_LOCKED to RUNNING_UNLOCKING
08-26 18:03:31.565 1146 1726 D ActivityManager: Unlocking user 0 progress 20
08-26 18:03:31.566 1146 1726 W Looper : Slow dispatch took 2137ms android.fg h=android.os.Handler c=com.android.server.am.UserController$$ExternalSyntheticLambda3@1d493b8 m=0
08-26 18:03:31.566 1146 1726 W Looper : Slow delivery took 2137ms android.fg h=android.os.Handler c=com.android.server.am.UserController$$ExternalSyntheticLambda1@f595cf6 m=0
08-26 18:03:31.566 1146 1749 I SystemServerTimingAsync: ssm.UnlockingUser-0
08-26 18:03:31.566 1146 1749 I SystemServiceManager: Calling onUnlockingUser 0
08-26 18:03:31.566 1146 1749 I SystemServerTimingAsync: ssm.onUnlockingUser-0_com.android.server.security.FileIntegrityService
08-26 18:03:31.566 1146 1749 D SystemServerTimingAsync: ssm.onUnlockingUser-0_com.android.server.security.FileIntegrityService took to complete: 0ms
08-26 18:03:31.566 1146 1749 I SystemServerTimingAsync: ssm.onUnlockingUser-0_com.android.server.pm.Installer
08-26 18:03:31.567 1146 1749 D SystemServerTimingAsync: ssm.onUnlockingUser-0_com.android.server.pm.Installer took to complete: 0ms
08-26 18:03:31.567 1146 1749 I SystemServerTimingAsync: ssm.onUnlockingUser-0_com.android.server.os.DeviceIdentifiersPolicyService
08-26 18:03:31.567 1146 1749 D SystemServerTimingAsync: ssm.onUnlockingUser-0_com.android.server.os.DeviceIdentifiersPolicyService took to complete: 0ms
08-26 18:03:31.567 1146 1749 I SystemServerTimingAsync: ssm.onUnlockingUser-0_com.android.server.uri.UriGrantsManagerService$Lifecycle
08-26 18:03:31.567 1146 1749 D SystemServerTimingAsync: ssm.onUnlockingUser-0_com.android.server.uri.UriGrantsManagerService$Lifecycle took to complete: 0ms
08-26 18:03:31.567 1146 1749 I SystemServerTimingAsync: ssm.onUnlockingUser-0_com.android.server.powerstats.PowerStatsService
08-26 18:03:31.567 1146 1749 D SystemServerTimingAsync: ssm.onUnlockingUser-0_com.android.server.powerstats.PowerStatsService took to complete: 0ms
08-26 18:03:31.568 1146 1749 I SystemServerTimingAsync: ssm.onUnlockingUser-0_com.android.server.wm.ActivityTaskManagerService$Lifecycle
08-26 18:03:31.568 1146 1749 D SystemServerTimingAsync: ssm.onUnlockingUser-0_com.android.server.wm.ActivityTaskManagerService$Lifecycle took to complete: 0ms
08-26 18:03:31.568 1146 1749 I SystemServerTimingAsync: ssm.onUnlockingUser-0_com.android.server.am.ActivityManagerService$Lifecycle
08-26 18:03:31.568 1146 1749 D SystemServerTimingAsync: ssm.onUnlockingUser-0_com.android.server.am.ActivityManagerService$Lifecycle took to complete: 0ms
08-26 18:03:31.568 1146 1749 I SystemServerTimingAsync: ssm.onUnlockingUser-0_com.android.server.pm.DataLoaderManagerService
08-26 18:03:31.568 1146 1749 D SystemServerTimingAsync: ssm.onUnlockingUser-0_com.android.server.pm.DataLoaderManagerService took to complete: 0ms
08-26 18:03:31.568 1146 1749 I SystemServerTimingAsync: ssm.onUnlockingUser-0_com.android.server.power.PowerManagerService
08-26 18:03:31.568 1146 1749 D SystemServerTimingAsync: ssm.onUnlockingUser-0_com.android.server.power.PowerManagerService took to complete: 0ms
08-26 18:03:31.568 1146 1749 I SystemServerTimingAsync: ssm.onUnlockingUser-0_com.android.server.power.ThermalManagerService
08-26 18:03:31.568 1146 1749 D SystemServerTimingAsync: ssm.onUnlockingUser-0_com.android.server.power.ThermalManagerService took to complete: 0ms
08-26 18:03:31.568 1146 1749 I SystemServerTimingAsync: ssm.onUnlockingUser-0_com.android.server.power.hint.HintManagerService
08-26 18:03:31.568 1146 1749 D SystemServerTimingAsync: ssm.onUnlockingUser-0_com.android.server.power.hint.HintManagerService took to complete: 0ms
08-26 18:03:31.568 1146 1749 I SystemServerTimingAsync: ssm.onUnlockingUser-0_com.android.server.recoverysystem.RecoverySystemService$Lifecycle
08-26 18:03:31.568 1146 1749 D SystemServerTimingAsync: ssm.onUnlockingUser-0_com.android.server.recoverysystem.RecoverySystemService$Lifecycle took to complete: 0ms
08-26 18:03:31.569 1146 1749 I SystemServerTimingAsync: ssm.onUnlockingUser-0_com.android.server.lights.LightsService
08-26 18:03:31.569 1146 1749 D SystemServerTimingAsync: ssm.onUnlockingUser-0_com.android.server.lights.LightsService took to complete: 0ms
08-26 18:03:31.569 1146 1749 I SystemServerTimingAsync: ssm.onUnlockingUser-0_com.android.server.display.DisplayManagerService
08-26 18:03:31.569 1146 1749 D SystemServerTimingAsync: ssm.onUnlockingUser-0_com.android.server.display.DisplayManagerService took to complete: 0ms
08-26 18:03:31.569 1146 1749 I SystemServerTimingAsync: ssm.onUnlockingUser-0_com.android.server.pm.verify.domain.DomainVerificationService
08-26 18:03:31.569 1146 1749 D SystemServerTimingAsync: ssm.onUnlockingUser-0_com.android.server.pm.verify.domain.DomainVerificationService took to complete: 0ms
08-26 18:03:31.569 1146 1749 I SystemServerTimingAsync: ssm.onUnlockingUser-0_com.android.server.pm.PackageInstallerService$Lifecycle
08-26 18:03:31.570 1146 1749 D SystemServerTimingAsync: ssm.onUnlockingUser-0_com.android.server.pm.PackageInstallerService$Lifecycle took to complete: 0ms
08-26 18:03:31.570 1146 1749 I SystemServerTimingAsync: ssm.onUnlockingUser-0_com.android.server.pm.UserManagerService$LifeCycle
08-26 18:03:31.570 1146 1749 D SystemServerTimingAsync: ssm.onUnlockingUser-0_com.android.server.pm.UserManagerService$LifeCycle took to complete: 0ms
08-26 18:03:31.570 1146 1749 I SystemServerTimingAsync: ssm.onUnlockingUser-0_com.android.server.om.OverlayManagerService
08-26 18:03:31.570 1146 1749 D SystemServerTimingAsync: ssm.onUnlockingUser-0_com.android.server.om.OverlayManagerService took to complete: 0ms
08-26 18:03:31.570 1146 1749 I SystemServerTimingAsync: ssm.onUnlockingUser-0_com.android.server.SensorPrivacyService
08-26 18:03:31.570 1146 1749 D SystemServerTimingAsync: ssm.onUnlockingUser-0_com.android.server.SensorPrivacyService took to complete: 0ms
08-26 18:03:31.570 1146 1749 I SystemServerTimingAsync: ssm.onUnlockingUser-0_com.android.server.sensors.SensorService
08-26 18:03:31.570 1146 1749 D SystemServerTimingAsync: ssm.onUnlockingUser-0_com.android.server.sensors.SensorService took to complete: 0ms
08-26 18:03:31.570 1146 1749 I SystemServerTimingAsync: ssm.onUnlockingUser-0_com.android.server.SystemConfigService
08-26 18:03:31.570 1146 1749 D SystemServerTimingAsync: ssm.onUnlockingUser-0_com.android.server.SystemConfigService took to complete: 0ms
08-26 18:03:31.571 1146 1749 I SystemServerTimingAsync: ssm.onUnlockingUser-0_com.android.server.BatteryService
08-26 18:03:31.572 1146 1749 D SystemServerTimingAsync: ssm.onUnlockingUser-0_com.android.server.BatteryService took to complete: 0ms
08-26 18:03:31.572 1146 1749 I SystemServerTimingAsync: ssm.onUnlockingUser-0_com.android.server.usage.UsageStatsService
08-26 18:03:31.572 1146 1749 D SystemServerTimingAsync: ssm.onUnlockingUser-0_com.android.server.usage.UsageStatsService took to complete: 0ms
08-26 18:03:31.572 1146 1749 I SystemServerTimingAsync: ssm.onUnlockingUser-0_com.android.server.webkit.WebViewUpdateService
08-26 18:03:31.572 1146 1749 D SystemServerTimingAsync: ssm.onUnlockingUser-0_com.android.server.webkit.WebViewUpdateService took to complete: 0ms
08-26 18:03:31.572 1146 1749 I SystemServerTimingAsync: ssm.onUnlockingUser-0_com.android.server.CachedDeviceStateService
08-26 18:03:31.572 1146 1749 D SystemServerTimingAsync: ssm.onUnlockingUser-0_com.android.server.CachedDeviceStateService took to complete: 0ms
08-26 18:03:31.572 1146 1749 I SystemServerTimingAsync: ssm.onUnlockingUser-0_com.android.server.BinderCallsStatsService$LifeCycle
08-26 18:03:31.572 1146 1749 D SystemServerTimingAsync: ssm.onUnlockingUser-0_com.android.server.BinderCallsStatsService$LifeCycle took to complete: 0ms
08-26 18:03:31.572 1146 1749 I SystemServerTimingAsync: ssm.onUnlockingUser-0_com.android.server.LooperStatsService$Lifecycle
08-26 18:03:31.572 1146 1749 D SystemServerTimingAsync: ssm.onUnlockingUser-0_com.android.server.LooperStatsService$Lifecycle took to complete: 0ms
08-26 18:03:31.572 1146 1749 I SystemServerTimingAsync: ssm.onUnlockingUser-0_com.android.server.rollback.RollbackManagerService
08-26 18:03:31.577 1146 1749 D SystemServerTimingAsync: ssm.onUnlockingUser-0_com.android.server.rollback.RollbackManagerService took to complete: 4ms
08-26 18:03:31.577 1146 1749 I SystemServerTimingAsync: ssm.onUnlockingUser-0_com.android.server.os.NativeTombstoneManagerService
08-26 18:03:31.577 1146 1749 D SystemServerTimingAsync: ssm.onUnlockingUser-0_com.android.server.os.NativeTombstoneManagerService took to complete: 0ms
08-26 18:03:31.577 1146 1749 I SystemServerTimingAsync: ssm.onUnlockingUser-0_com.android.server.os.BugreportManagerService
08-26 18:03:31.577 1146 1749 D SystemServerTimingAsync: ssm.onUnlockingUser-0_com.android.server.os.BugreportManagerService took to complete: 0ms
08-26 18:03:31.577 1146 1749 I SystemServerTimingAsync: ssm.onUnlockingUser-0_com.android.server.gpu.GpuService
08-26 18:03:31.577 1146 1749 D SystemServerTimingAsync: ssm.onUnlockingUser-0_com.android.server.gpu.GpuService took to complete: 0ms
08-26 18:03:31.577 1146 1749 I SystemServerTimingAsync: ssm.onUnlockingUser-0_com.android.server.security.KeyChainSystemService
08-26 18:03:31.577 1146 1749 D SystemServerTimingAsync: ssm.onUnlockingUser-0_com.android.server.security.KeyChainSystemService took to complete: 0ms
08-26 18:03:31.578 1146 1749 I SystemServerTimingAsync: ssm.onUnlockingUser-0_com.android.server.telecom.TelecomLoaderService
08-26 18:03:31.578 1146 1749 D SystemServerTimingAsync: ssm.onUnlockingUser-0_com.android.server.telecom.TelecomLoaderService took to complete: 0ms
08-26 18:03:31.578 1146 1749 I SystemServerTimingAsync: ssm.onUnlockingUser-0_com.android.server.accounts.AccountManagerService$Lifecycle
08-26 18:03:31.578 1146 1749 D SystemServerTimingAsync: ssm.onUnlockingUser-0_com.android.server.accounts.AccountManagerService$Lifecycle took to complete: 0ms
08-26 18:03:31.578 1146 1749 I SystemServerTimingAsync: ssm.onUnlockingUser-0_com.android.server.content.ContentService$Lifecycle
08-26 18:03:31.578 1146 1749 D SystemServerTimingAsync: ssm.onUnlockingUser-0_com.android.server.content.ContentService$Lifecycle took to complete: 0ms
08-26 18:03:31.578 1146 1749 I SystemServerTimingAsync: ssm.onUnlockingUser-0_com.android.server.DropBoxManagerService
08-26 18:03:31.579 1146 1749 D SystemServerTimingAsync: ssm.onUnlockingUser-0_com.android.server.DropBoxManagerService took to complete: 0ms
08-26 18:03:31.579 1146 1749 I SystemServerTimingAsync: ssm.onUnlockingUser-0_com.android.role.RoleService
08-26 18:03:31.579 1146 1749 D SystemServerTimingAsync: ssm.onUnlockingUser-0_com.android.role.RoleService took to complete: 0ms
08-26 18:03:31.579 1146 1749 I SystemServerTimingAsync: ssm.onUnlockingUser-0_com.android.server.vibrator.VibratorManagerService$Lifecycle
08-26 18:03:31.579 1146 1749 D SystemServerTimingAsync: ssm.onUnlockingUser-0_com.android.server.vibrator.VibratorManagerService$Lifecycle took to complete: 0ms
08-26 18:03:31.579 1146 1749 I SystemServerTimingAsync: ssm.onUnlockingUser-0_com.android.server.alarm.AlarmManagerService
08-26 18:03:31.579 1146 1749 D SystemServerTimingAsync: ssm.onUnlockingUser-0_com.android.server.alarm.AlarmManagerService took to complete: 0ms
08-26 18:03:31.579 1146 1749 I SystemServerTimingAsync: ssm.onUnlockingUser-0_com.android.server.devicestate.DeviceStateManagerService
08-26 18:03:31.579 1146 1749 D SystemServerTimingAsync: ssm.onUnlockingUser-0_com.android.server.devicestate.DeviceStateManagerService took to complete: 0ms
08-26 18:03:31.579 1146 1749 I SystemServerTimingAsync: ssm.onUnlockingUser-0_com.android.server.camera.CameraServiceProxy
08-26 18:03:31.579 1146 1749 D SystemServerTimingAsync: ssm.onUnlockingUser-0_com.android.server.camera.CameraServiceProxy took to complete: 0ms
08-26 18:03:31.580 1146 1749 I SystemServerTimingAsync: ssm.onUnlockingUser-0_com.android.server.BluetoothService
08-26 18:03:31.580 1146 1749 D BluetoothManagerService: User 0 unlocked
08-26 18:03:31.580 1146 1749 D SystemServerTimingAsync: ssm.onUnlockingUser-0_com.android.server.BluetoothService took to complete: 1ms
08-26 18:03:31.581 1146 1749 I SystemServerTimingAsync: ssm.onUnlockingUser-0_com.android.server.connectivity.IpConnectivityMetrics
08-26 18:03:31.581 1146 1749 D SystemServerTimingAsync: ssm.onUnlockingUser-0_com.android.server.connectivity.IpConnectivityMetrics took to complete: 0ms
08-26 18:03:31.581 1146 1749 I SystemServerTimingAsync: ssm.onUnlockingUser-0_com.android.server.net.watchlist.NetworkWatchlistService$Lifecycle
08-26 18:03:31.581 1146 1749 D SystemServerTimingAsync: ssm.onUnlockingUser-0_com.android.server.net.watchlist.NetworkWatchlistService$Lifecycle took to complete: 0ms
08-26 18:03:31.581 1146 1749 I SystemServerTimingAsync: ssm.onUnlockingUser-0_com.android.server.PinnerService
08-26 18:03:31.581 1146 1749 D SystemServerTimingAsync: ssm.onUnlockingUser-0_com.android.server.PinnerService took to complete: 0ms
08-26 18:03:31.581 1146 1749 I SystemServerTimingAsync: ssm.onUnlockingUser-0_com.google.android.startop.iorap.IorapForwardingService
08-26 18:03:31.581 1146 1749 D SystemServerTimingAsync: ssm.onUnlockingUser-0_com.google.android.startop.iorap.IorapForwardingService took to complete: 0ms
08-26 18:03:31.581 1146 1749 I SystemServerTimingAsync: ssm.onUnlockingUser-0_com.android.server.ActivityTriggerService
08-26 18:03:31.581 1146 1749 D SystemServerTimingAsync: ssm.onUnlockingUser-0_com.android.server.ActivityTriggerService took to complete: 0ms
08-26 18:03:31.581 1146 1749 I SystemServerTimingAsync: ssm.onUnlockingUser-0_com.android.server.integrity.AppIntegrityManagerService
08-26 18:03:31.581 1146 1749 D SystemServerTimingAsync: ssm.onUnlockingUser-0_com.android.server.integrity.AppIntegrityManagerService took to complete: 0ms
08-26 18:03:31.581 1146 1749 I SystemServerTimingAsync: ssm.onUnlockingUser-0_com.android.server.inputmethod.InputMethodManagerService$Lifecycle
08-26 18:03:31.582 1146 1749 D SystemServerTimingAsync: ssm.onUnlockingUser-0_com.android.server.inputmethod.InputMethodManagerService$Lifecycle took to complete: 1ms
08-26 18:03:31.582 1146 1749 I SystemServerTimingAsync: ssm.onUnlockingUser-0_com.android.server.accessibility.AccessibilityManagerService$Lifecycle
08-26 18:03:31.582 1146 1749 D SystemServerTimingAsync: ssm.onUnlockingUser-0_com.android.server.accessibility.AccessibilityManagerService$Lifecycle took to complete: 0ms
08-26 18:03:31.582 1146 1749 I SystemServerTimingAsync: ssm.onUnlockingUser-0_com.android.server.StorageManagerService$Lifecycle
08-26 18:03:31.582 1146 1749 D StorageManagerService: onUnlockUser 0
08-26 18:03:31.582 1146 1749 I StorageSessionController: On user unlock 0
08-26 18:03:31.582 1146 1749 I StorageSessionController: Initialialising...
08-26 18:03:31.582 1146 1730 D BluetoothManagerService: MESSAGE_USER_UNLOCKED
08-26 18:03:31.587 1146 1726 W Looper : Drained
08-26 18:03:31.590 564 564 I vold : onUserStarted: 0
08-26 18:03:31.593 1146 1842 V StorageManagerService: Found primary storage at VolumeInfo{emulated;0}:
08-26 18:03:31.593 1146 1842 V StorageManagerService: type=EMULATED diskId=null partGuid= mountFlags=0 mountUserId=0
08-26 18:03:31.593 1146 1842 V StorageManagerService: state=UNMOUNTED
08-26 18:03:31.593 1146 1842 V StorageManagerService: fsType=null fsUuid=null fsLabel=null
08-26 18:03:31.593 1146 1842 V StorageManagerService: path=null internalPath=null
08-26 18:03:31.594 1146 1892 I StorageManagerService: Mounting volume VolumeInfo{emulated;0}:
08-26 18:03:31.594 1146 1892 I StorageManagerService: type=EMULATED diskId=null partGuid= mountFlags=PRIMARY|VISIBLE
08-26 18:03:31.594 1146 1892 I StorageManagerService: mountUserId=0 state=UNMOUNTED
08-26 18:03:31.594 1146 1892 I StorageManagerService: fsType=null fsUuid=null fsLabel=null
08-26 18:03:31.594 1146 1892 I StorageManagerService: path=null internalPath=null
08-26 18:03:31.594 1146 1749 D SystemServerTimingAsync: ssm.onUnlockingUser-0_com.android.server.StorageManagerService$Lifecycle took to complete: 12ms
08-26 18:03:31.594 1146 1749 I SystemServerTimingAsync: ssm.onUnlockingUser-0_com.android.server.usage.StorageStatsService$Lifecycle
08-26 18:03:31.594 1146 1749 D SystemServerTimingAsync: ssm.onUnlockingUser-0_com.android.server.usage.StorageStatsService$Lifecycle took to complete: 0ms
08-26 18:03:31.594 1146 1749 I SystemServerTimingAsync: ssm.onUnlockingUser-0_com.android.server.UiModeManagerService
08-26 18:03:31.594 1146 1749 D SystemServerTimingAsync: ssm.onUnlockingUser-0_com.android.server.UiModeManagerService took to complete: 0ms
08-26 18:03:31.594 1146 1749 I SystemServerTimingAsync: ssm.onUnlockingUser-0_com.android.server.locksettings.LockSettingsService$Lifecycle
08-26 18:03:31.595 1146 1749 D SystemServerTimingAsync: ssm.onUnlockingUser-0_com.android.server.locksettings.LockSettingsService$Lifecycle took to complete: 0ms
08-26 18:03:31.595 1146 1749 I SystemServerTimingAsync: ssm.onUnlockingUser-0_com.android.server.PersistentDataBlockService
08-26 18:03:31.595 1146 1749 D SystemServerTimingAsync: ssm.onUnlockingUser-0_com.android.server.PersistentDataBlockService took to complete: 0ms
08-26 18:03:31.595 1146 1749 I SystemServerTimingAsync: ssm.onUnlockingUser-0_com.android.server.testharness.TestHarnessModeService
08-26 18:03:31.595 1146 1749 D SystemServerTimingAsync: ssm.onUnlockingUser-0_com.android.server.testharness.TestHarnessModeService took to complete: 0ms
08-26 18:03:31.595 1146 1749 I SystemServerTimingAsync: ssm.onUnlockingUser-0_com.android.server.oemlock.OemLockService
08-26 18:03:31.595 1146 1749 D SystemServerTimingAsync: ssm.onUnlockingUser-0_com.android.server.oemlock.OemLockService took to complete: 0ms
08-26 18:03:31.595 1146 1749 I SystemServerTimingAsync: ssm.onUnlockingUser-0_com.android.server.DeviceIdleController
08-26 18:03:31.595 564 564 I vold : Executing sdcardfs
08-26 18:03:31.595 1146 1749 D SystemServerTimingAsync: ssm.onUnlockingUser-0_com.android.server.DeviceIdleController took to complete: 0ms
08-26 18:03:31.595 1146 1749 I SystemServerTimingAsync: ssm.onUnlockingUser-0_com.android.server.devicepolicy.DevicePolicyManagerService$Lifecycle
08-26 18:03:31.596 1146 1749 D SystemServerTimingAsync: ssm.onUnlockingUser-0_com.android.server.devicepolicy.DevicePolicyManagerService$Lifecycle took to complete: 0ms
08-26 18:03:31.596 1146 1749 I SystemServerTimingAsync: ssm.onUnlockingUser-0_com.android.server.texttospeech.TextToSpeechManagerService
08-26 18:03:31.598 1146 1749 D SystemServerTimingAsync: ssm.onUnlockingUser-0_com.android.server.texttospeech.TextToSpeechManagerService took to complete: 2ms
08-26 18:03:31.598 1146 1749 I SystemServerTimingAsync: ssm.onUnlockingUser-0_com.android.server.speech.SpeechRecognitionManagerService
08-26 18:03:31.599 1146 1749 D SystemServerTimingAsync: ssm.onUnlockingUser-0_com.android.server.speech.SpeechRecognitionManagerService took to complete: 1ms
08-26 18:03:31.599 1146 1749 I SystemServerTimingAsync: ssm.onUnlockingUser-0_com.android.server.searchui.SearchUiManagerService
08-26 18:03:31.599 1146 1749 D SystemServerTimingAsync: ssm.onUnlockingUser-0_com.android.server.searchui.SearchUiManagerService took to complete: 0ms
08-26 18:03:31.600 1146 1749 I SystemServerTimingAsync: ssm.onUnlockingUser-0_com.android.server.smartspace.SmartspaceManagerService
08-26 18:03:31.600 1146 1749 D SystemServerTimingAsync: ssm.onUnlockingUser-0_com.android.server.smartspace.SmartspaceManagerService took to complete: 0ms
08-26 18:03:31.600 1146 1749 I SystemServerTimingAsync: ssm.onUnlockingUser-0_com.android.server.graphics.fonts.FontManagerService$Lifecycle
08-26 18:03:31.600 1146 1749 D SystemServerTimingAsync: ssm.onUnlockingUser-0_com.android.server.graphics.fonts.FontManagerService$Lifecycle took to complete: 0ms
08-26 18:03:31.600 1146 1749 I SystemServerTimingAsync: ssm.onUnlockingUser-0_com.android.server.textservices.TextServicesManagerService$Lifecycle
08-26 18:03:31.603 564 564 D vold : Waiting for sdcardfs to spin up...
08-26 18:03:31.607 1146 1749 D SystemServerTimingAsync: ssm.onUnlockingUser-0_com.android.server.textservices.TextServicesManagerService$Lifecycle took to complete: 7ms
08-26 18:03:31.607 1146 1749 I SystemServerTimingAsync: ssm.onUnlockingUser-0_com.android.server.textclassifier.TextClassificationManagerService$Lifecycle
08-26 18:03:31.607 1146 1749 D SystemServerTimingAsync: ssm.onUnlockingUser-0_com.android.server.textclassifier.TextClassificationManagerService$Lifecycle took to complete: 1ms
08-26 18:03:31.608 1146 1749 I SystemServerTimingAsync: ssm.onUnlockingUser-0_com.android.server.NetworkScoreService$Lifecycle
08-26 18:03:31.608 1146 1749 D SystemServerTimingAsync: ssm.onUnlockingUser-0_com.android.server.NetworkScoreService$Lifecycle took to complete: 0ms
08-26 18:03:31.608 1146 1749 I SystemServerTimingAsync: ssm.onUnlockingUser-0_com.android.server.wifi.WifiService
08-26 18:03:31.608 1146 1749 D SystemServerTimingAsync: ssm.onUnlockingUser-0_com.android.server.wifi.WifiService took to complete: 1ms
08-26 18:03:31.609 1146 1749 I SystemServerTimingAsync: ssm.onUnlockingUser-0_com.android.server.wifi.scanner.WifiScanningService
08-26 18:03:31.609 1146 1749 D SystemServerTimingAsync: ssm.onUnlockingUser-0_com.android.server.wifi.scanner.WifiScanningService took to complete: 0ms
08-26 18:03:31.609 1146 1749 I SystemServerTimingAsync: ssm.onUnlockingUser-0_com.android.server.wifi.rtt.RttService
08-26 18:03:31.609 1146 1749 D SystemServerTimingAsync: ssm.onUnlockingUser-0_com.android.server.wifi.rtt.RttService took to complete: 0ms
08-26 18:03:31.609 1146 1749 I SystemServerTimingAsync: ssm.onUnlockingUser-0_com.android.server.wifi.aware.WifiAwareService
08-26 18:03:31.609 1146 1749 D SystemServerTimingAsync: ssm.onUnlockingUser-0_com.android.server.wifi.aware.WifiAwareService took to complete: 0ms
08-26 18:03:31.609 1146 1749 I SystemServerTimingAsync: ssm.onUnlockingUser-0_com.android.server.wifi.p2p.WifiP2pService
08-26 18:03:31.609 1146 1749 D SystemServerTimingAsync: ssm.onUnlockingUser-0_com.android.server.wifi.p2p.WifiP2pService took to complete: 0ms
08-26 18:03:31.609 1146 1749 I SystemServerTimingAsync: ssm.onUnlockingUser-0_com.android.server.ethernet.EthernetService
08-26 18:03:31.609 1146 1749 D SystemServerTimingAsync: ssm.onUnlockingUser-0_com.android.server.ethernet.EthernetService took to complete: 0ms
08-26 18:03:31.609 1146 1749 I SystemServerTimingAsync: ssm.onUnlockingUser-0_com.android.server.ConnectivityServiceInitializer
08-26 18:03:31.610 1146 1749 D SystemServerTimingAsync: ssm.onUnlockingUser-0_com.android.server.ConnectivityServiceInitializer took to complete: 0ms
08-26 18:03:31.610 1146 1749 I SystemServerTimingAsync: ssm.onUnlockingUser-0_com.android.server.notification.NotificationManagerService
08-26 18:03:31.610 1146 1749 D SystemServerTimingAsync: ssm.onUnlockingUser-0_com.android.server.notification.NotificationManagerService took to complete: 0ms
08-26 18:03:31.610 1146 1749 I SystemServerTimingAsync: ssm.onUnlockingUser-0_com.android.server.storage.DeviceStorageMonitorService
08-26 18:03:31.610 1146 1749 D SystemServerTimingAsync: ssm.onUnlockingUser-0_com.android.server.storage.DeviceStorageMonitorService took to complete: 0ms
08-26 18:03:31.610 1146 1749 I SystemServerTimingAsync: ssm.onUnlockingUser-0_com.android.server.location.LocationManagerService$Lifecycle
08-26 18:03:31.610 1146 1749 D SystemServerTimingAsync: ssm.onUnlockingUser-0_com.android.server.location.LocationManagerService$Lifecycle took to complete: 0ms
08-26 18:03:31.610 1146 1749 I SystemServerTimingAsync: ssm.onUnlockingUser-0_com.android.server.timedetector.TimeDetectorService$Lifecycle
08-26 18:03:31.610 1146 1749 D SystemServerTimingAsync: ssm.onUnlockingUser-0_com.android.server.timedetector.TimeDetectorService$Lifecycle took to complete: 0ms
08-26 18:03:31.610 1146 1749 I SystemServerTimingAsync: ssm.onUnlockingUser-0_com.android.server.timezonedetector.TimeZoneDetectorService$Lifecycle
08-26 18:03:31.610 1146 1749 D SystemServerTimingAsync: ssm.onUnlockingUser-0_com.android.server.timezonedetector.TimeZoneDetectorService$Lifecycle took to complete: 0ms
08-26 18:03:31.611 1146 1749 I SystemServerTimingAsync: ssm.onUnlockingUser-0_com.android.server.timezonedetector.location.LocationTimeZoneManagerService$Lifecycle
08-26 18:03:31.611 1146 1749 D SystemServerTimingAsync: ssm.onUnlockingUser-0_com.android.server.timezonedetector.location.LocationTimeZoneManagerService$Lifecycle took to complete: 0ms
08-26 18:03:31.611 1146 1749 I SystemServerTimingAsync: ssm.onUnlockingUser-0_com.android.server.search.SearchManagerService$Lifecycle
08-26 18:03:31.611 1146 1749 D SystemServerTimingAsync: ssm.onUnlockingUser-0_com.android.server.search.SearchManagerService$Lifecycle took to complete: 0ms
08-26 18:03:31.611 1146 1749 I SystemServerTimingAsync: ssm.onUnlockingUser-0_com.android.server.wallpaper.WallpaperManagerService$Lifecycle
08-26 18:03:31.612 1146 1749 I WallpaperManagerService: on-unlock-user-0
08-26 18:03:31.612 1146 1749 D WallpaperManagerService: on-unlock-user-0 took to complete: 0ms
08-26 18:03:31.612 1146 1749 D SystemServerTimingAsync: ssm.onUnlockingUser-0_com.android.server.wallpaper.WallpaperManagerService$Lifecycle took to complete: 0ms
08-26 18:03:31.612 1146 1749 I SystemServerTimingAsync: ssm.onUnlockingUser-0_com.android.server.audio.AudioService$Lifecycle
08-26 18:03:31.612 1146 1749 D SystemServerTimingAsync: ssm.onUnlockingUser-0_com.android.server.audio.AudioService$Lifecycle took to complete: 0ms
08-26 18:03:31.613 1146 1749 I SystemServerTimingAsync: ssm.onUnlockingUser-0_com.android.server.soundtrigger_middleware.SoundTriggerMiddlewareService$Lifecycle
08-26 18:03:31.613 1146 1749 D SystemServerTimingAsync: ssm.onUnlockingUser-0_com.android.server.soundtrigger_middleware.SoundTriggerMiddlewareService$Lifecycle took to complete: 0ms
08-26 18:03:31.613 1146 1749 I SystemServerTimingAsync: ssm.onUnlockingUser-0_com.android.server.DockObserver
08-26 18:03:31.613 1146 1749 D SystemServerTimingAsync: ssm.onUnlockingUser-0_com.android.server.DockObserver took to complete: 0ms
08-26 18:03:31.613 1146 1749 I SystemServerTimingAsync: ssm.onUnlockingUser-0_com.android.server.midi.MidiService$Lifecycle
08-26 18:03:31.613 1146 1749 D SystemServerTimingAsync: ssm.onUnlockingUser-0_com.android.server.midi.MidiService$Lifecycle took to complete: 0ms
08-26 18:03:31.613 1146 1749 I SystemServerTimingAsync: ssm.onUnlockingUser-0_com.android.server.adb.AdbService$Lifecycle
08-26 18:03:31.613 1146 1749 D SystemServerTimingAsync: ssm.onUnlockingUser-0_com.android.server.adb.AdbService$Lifecycle took to complete: 0ms
08-26 18:03:31.613 1146 1749 I SystemServerTimingAsync: ssm.onUnlockingUser-0_com.android.server.usb.UsbService$Lifecycle
08-26 18:03:31.620 1146 1749 D SystemServerTimingAsync: ssm.onUnlockingUser-0_com.android.server.usb.UsbService$Lifecycle took to complete: 6ms
08-26 18:03:31.620 1146 1749 I SystemServerTimingAsync: ssm.onUnlockingUser-0_com.android.server.twilight.TwilightService
08-26 18:03:31.620 1146 1749 D SystemServerTimingAsync: ssm.onUnlockingUser-0_com.android.server.twilight.TwilightService took to complete: 0ms
08-26 18:03:31.620 1146 1749 I SystemServerTimingAsync: ssm.onUnlockingUser-0_com.android.server.display.color.ColorDisplayService
08-26 18:03:31.620 1146 1749 D SystemServerTimingAsync: ssm.onUnlockingUser-0_com.android.server.display.color.ColorDisplayService took to complete: 0ms
08-26 18:03:31.620 1146 1749 I SystemServerTimingAsync: ssm.onUnlockingUser-0_com.android.server.job.JobSchedulerService
08-26 18:03:31.620 1146 1749 D SystemServerTimingAsync: ssm.onUnlockingUser-0_com.android.server.job.JobSchedulerService took to complete: 0ms
08-26 18:03:31.620 1146 1749 I SystemServerTimingAsync: ssm.onUnlockingUser-0_com.android.server.soundtrigger.SoundTriggerService
08-26 18:03:31.620 1146 1749 D SystemServerTimingAsync: ssm.onUnlockingUser-0_com.android.server.soundtrigger.SoundTriggerService took to complete: 0ms
08-26 18:03:31.620 1146 1749 I SystemServerTimingAsync: ssm.onUnlockingUser-0_com.android.server.trust.TrustManagerService
08-26 18:03:31.620 1146 1749 D SystemServerTimingAsync: ssm.onUnlockingUser-0_com.android.server.trust.TrustManagerService took to complete: 1ms
08-26 18:03:31.620 1146 1749 I SystemServerTimingAsync: ssm.onUnlockingUser-0_com.android.server.backup.BackupManagerService$Lifecycle
08-26 18:03:31.621 1146 1749 D SystemServerTimingAsync: ssm.onUnlockingUser-0_com.android.server.backup.BackupManagerService$Lifecycle took to complete: 0ms
08-26 18:03:31.621 1146 1749 I SystemServerTimingAsync: ssm.onUnlockingUser-0_com.android.server.appwidget.AppWidgetService
08-26 18:03:31.621 1146 1749 D SystemServerTimingAsync: ssm.onUnlockingUser-0_com.android.server.appwidget.AppWidgetService took to complete: 0ms
08-26 18:03:31.621 1146 1749 I SystemServerTimingAsync: ssm.onUnlockingUser-0_com.android.server.voiceinteraction.VoiceInteractionManagerService
08-26 18:03:31.622 1146 2169 I BackupManagerService: Starting service for user: 0
08-26 18:03:31.626 1146 1727 I ActivityTaskManager: Config changes=20 {1.0 ?mcc?mnc [zh_CN] ldltr sw680dp w1586dp h608dp 240dpi lrg long hdr land finger -keyb/v/h -nav/h winConfig={ mBounds=Rect(0, 0 - 2380, 1020) mAppBounds=Rect(0, 0 - 2380, 948) mMaxBounds=Rect(0, 0 - 2380, 1020) mWindowingMode=fullscreen mDisplayWindowingMode=fullscreen mActivityType=undefined mAlwaysOnTop=undefined mRotation=ROTATION_0} s.15 fontWeightAdjustment=0}
08-26 18:03:31.627 1146 1749 W VoiceInteractionManager: no available voice recognition services found for user 0
08-26 18:03:31.629 1146 1727 W ActivityTaskManager: Current config: {1.0 ?mcc?mnc [zh_CN] ldltr sw680dp w1586dp h608dp 240dpi lrg long hdr land finger -keyb/h/h -nav/h winConfig={ mBounds=Rect(0, 0 - 2380, 1020) mAppBounds=Rect(0, 0 - 2380, 948) mMaxBounds=Rect(0, 0 - 2380, 1020) mWindowingMode=fullscreen mDisplayWindowingMode=fullscreen mActivityType=undefined mAlwaysOnTop=undefined mRotation=ROTATION_0} s.15 fontWeightAdjustment=0} unchanged for IME proc com.android.inputmethod.latin
08-26 18:03:31.641 1146 1727 I WindowManager: Override config changes=20 {1.0 ?mcc?mnc [zh_CN] ldltr sw680dp w1586dp h608dp 240dpi lrg long hdr land finger -keyb/v/h -nav/h winConfig={ mBounds=Rect(0, 0 - 2380, 1020) mAppBounds=Rect(0, 0 - 2380, 948) mMaxBounds=Rect(0, 0 - 2380, 1020) mWindowingMode=fullscreen mDisplayWindowingMode=fullscreen mActivityType=undefined mAlwaysOnTop=undefined mRotation=ROTATION_0} s.15 fontWeightAdjustment=0} for displayId=0
08-26 18:03:31.642 1146 1727 V ActivityTaskManager: Sending to IME proc com.android.inputmethod.latin new config {1.0 ?mcc?mnc [zh_CN] ldltr sw680dp w1586dp h608dp 240dpi lrg long hdr land finger -keyb/v/h -nav/h winConfig={ mBounds=Rect(0, 0 - 2380, 1020) mAppBounds=Rect(0, 0 - 2380, 948) mMaxBounds=Rect(0, 0 - 2380, 1020) mWindowingMode=fullscreen mDisplayWindowingMode=fullscreen mActivityType=undefined mAlwaysOnTop=undefined mRotation=ROTATION_0} s.15 fontWeightAdjustment=0}
08-26 18:03:31.647 1146 2169 V BackupManagerService: [UserID:0] Starting with transport com.android.localtransport/.LocalTransport
08-26 18:03:31.648 1146 2169 D BackupManagerService: [UserID:0] Started thread backup-0
08-26 18:03:31.652 1146 1146 I NotificationHistory: Attempted to unlock gone/disabled user 0
08-26 18:03:31.654 564 564 D vold : Waiting for sdcardfs to spin up...
08-26 18:03:31.659 3252 3252 W sdcard : Device explicitly enabled sdcardfs
08-26 18:03:31.665 1146 2169 E BackupPasswordManager: Unable to read backup pw version
08-26 18:03:31.666 1146 2169 E BackupPasswordManager: Unable to read saved backup pw hash
08-26 18:03:31.694 1146 2169 V BackupManagerService: [UserID:0] No ancestral data
08-26 18:03:31.723 564 564 I vold : Mounting emulated fuse volume
08-26 18:03:31.748 1146 1727 W Looper : Slow dispatch took 124ms android.ui h=com.android.server.policy.PhoneWindowManager$PolicyHandler c=android.database.ContentObserver$$ExternalSyntheticLambda0@cf60ca9 m=0
08-26 18:03:31.773 1146 1730 I DropBoxManagerService: add tag=system_app_strictmode isTagEnabled=true flags=0x2
08-26 18:03:31.778 564 564 I vold : Bind mounting /mnt/runtime/full/emulated to /mnt/pass_through/0/emulated
08-26 18:03:31.784 1146 1892 I StorageSessionController: On volume mount VolumeInfo{emulated;0}:
08-26 18:03:31.784 1146 1892 I StorageSessionController: type=EMULATED diskId=null partGuid= mountFlags=PRIMARY|VISIBLE
08-26 18:03:31.784 1146 1892 I StorageSessionController: mountUserId=0 state=CHECKING
08-26 18:03:31.784 1146 1892 I StorageSessionController: fsType=null fsUuid=null fsLabel=null
08-26 18:03:31.784 1146 1892 I StorageSessionController: path=/storage/emulated internalPath=/data/media
08-26 18:03:31.787 1146 1892 I StorageSessionController: Creating connection for user: 0
08-26 18:03:31.789 1146 1892 I StorageSessionController: Creating and starting session with id: emulated;0
08-26 18:03:31.790 1146 1892 I StorageUserConnection: Binding to the ExternalStorageService for user 0
08-26 18:03:31.810 1146 1749 W SystemServiceManager: Service com.android.server.voiceinteraction.VoiceInteractionManagerService took 189 ms in onUnlockingUser-0
08-26 18:03:31.811 1146 1749 D SystemServerTimingAsync: ssm.onUnlockingUser-0_com.android.server.voiceinteraction.VoiceInteractionManagerService took to complete: 190ms
08-26 18:03:31.811 1146 1749 I SystemServerTimingAsync: ssm.onUnlockingUser-0_com.android.server.apphibernation.AppHibernationService
08-26 18:03:31.811 1146 1749 D SystemServerTimingAsync: ssm.onUnlockingUser-0_com.android.server.apphibernation.AppHibernationService took to complete: 0ms
08-26 18:03:31.811 1146 1749 I SystemServerTimingAsync: ssm.onUnlockingUser-0_com.android.server.GestureLauncherService
08-26 18:03:31.811 1146 1749 D SystemServerTimingAsync: ssm.onUnlockingUser-0_com.android.server.GestureLauncherService took to complete: 0ms
08-26 18:03:31.811 1146 1749 I SystemServerTimingAsync: ssm.onUnlockingUser-0_com.android.server.SensorNotificationService
08-26 18:03:31.812 1146 1749 D SystemServerTimingAsync: ssm.onUnlockingUser-0_com.android.server.SensorNotificationService took to complete: 0ms
08-26 18:03:31.812 1146 1749 I SystemServerTimingAsync: ssm.onUnlockingUser-0_com.android.server.emergency.EmergencyAffordanceService
08-26 18:03:31.812 1146 1749 D SystemServerTimingAsync: ssm.onUnlockingUser-0_com.android.server.emergency.EmergencyAffordanceService took to complete: 0ms
08-26 18:03:31.812 1146 1749 I SystemServerTimingAsync: ssm.onUnlockingUser-0_com.android.server.blob.BlobStoreManagerService
08-26 18:03:31.812 1146 1749 D SystemServerTimingAsync: ssm.onUnlockingUser-0_com.android.server.blob.BlobStoreManagerService took to complete: 0ms
08-26 18:03:31.812 1146 1749 I SystemServerTimingAsync: ssm.onUnlockingUser-0_com.android.server.dreams.DreamManagerService
08-26 18:03:31.812 1146 1749 D SystemServerTimingAsync: ssm.onUnlockingUser-0_com.android.server.dreams.DreamManagerService took to complete: 0ms
08-26 18:03:31.812 1146 1749 I SystemServerTimingAsync: ssm.onUnlockingUser-0_com.android.server.companion.CompanionDeviceManagerService
08-26 18:03:31.812 1146 1749 D SystemServerTimingAsync: ssm.onUnlockingUser-0_com.android.server.companion.CompanionDeviceManagerService took to complete: 0ms
08-26 18:03:31.812 1146 1749 I SystemServerTimingAsync: ssm.onUnlockingUser-0_com.android.server.restrictions.RestrictionsManagerService
08-26 18:03:31.812 1146 1749 D SystemServerTimingAsync: ssm.onUnlockingUser-0_com.android.server.restrictions.RestrictionsManagerService took to complete: 0ms
08-26 18:03:31.812 1146 1749 I SystemServerTimingAsync: ssm.onUnlockingUser-0_com.android.server.media.MediaSessionService
08-26 18:03:31.812 1146 1749 D SystemServerTimingAsync: ssm.onUnlockingUser-0_com.android.server.media.MediaSessionService took to complete: 0ms
08-26 18:03:31.812 1146 1749 I SystemServerTimingAsync: ssm.onUnlockingUser-0_com.android.server.media.MediaResourceMonitorService
08-26 18:03:31.812 1146 1749 D SystemServerTimingAsync: ssm.onUnlockingUser-0_com.android.server.media.MediaResourceMonitorService took to complete: 0ms
08-26 18:03:31.812 1146 1749 I SystemServerTimingAsync: ssm.onUnlockingUser-0_com.android.server.biometrics.sensors.fingerprint.FingerprintService
08-26 18:03:31.812 1146 1749 D SystemServerTimingAsync: ssm.onUnlockingUser-0_com.android.server.biometrics.sensors.fingerprint.FingerprintService took to complete: 0ms
08-26 18:03:31.812 1146 1749 I SystemServerTimingAsync: ssm.onUnlockingUser-0_com.android.server.biometrics.BiometricService
08-26 18:03:31.812 1146 1749 D SystemServerTimingAsync: ssm.onUnlockingUser-0_com.android.server.biometrics.BiometricService took to complete: 0ms
08-26 18:03:31.813 1146 1749 I SystemServerTimingAsync: ssm.onUnlockingUser-0_com.android.server.biometrics.AuthService
08-26 18:03:31.813 1146 1749 D SystemServerTimingAsync: ssm.onUnlockingUser-0_com.android.server.biometrics.AuthService took to complete: 0ms
08-26 18:03:31.813 1146 1749 I SystemServerTimingAsync: ssm.onUnlockingUser-0_com.android.server.pm.ShortcutService$Lifecycle
08-26 18:03:31.813 1146 1749 D SystemServerTimingAsync: ssm.onUnlockingUser-0_com.android.server.pm.ShortcutService$Lifecycle took to complete: 0ms
08-26 18:03:31.813 1146 1749 I SystemServerTimingAsync: ssm.onUnlockingUser-0_com.android.server.pm.LauncherAppsService
08-26 18:03:31.813 1146 1749 D SystemServerTimingAsync: ssm.onUnlockingUser-0_com.android.server.pm.LauncherAppsService took to complete: 0ms
08-26 18:03:31.813 1146 1749 I SystemServerTimingAsync: ssm.onUnlockingUser-0_com.android.server.pm.CrossProfileAppsService
08-26 18:03:31.813 1146 1749 D SystemServerTimingAsync: ssm.onUnlockingUser-0_com.android.server.pm.CrossProfileAppsService took to complete: 0ms
08-26 18:03:31.813 1146 1749 I SystemServerTimingAsync: ssm.onUnlockingUser-0_com.android.server.people.PeopleService
08-26 18:03:31.813 1146 1749 D SystemServerTimingAsync: ssm.onUnlockingUser-0_com.android.server.people.PeopleService took to complete: 0ms
08-26 18:03:31.813 1146 1749 I SystemServerTimingAsync: ssm.onUnlockingUser-0_com.android.server.media.metrics.MediaMetricsManagerService
08-26 18:03:31.813 1146 1749 D SystemServerTimingAsync: ssm.onUnlockingUser-0_com.android.server.media.metrics.MediaMetricsManagerService took to complete: 0ms
08-26 18:03:31.813 1146 1749 I SystemServerTimingAsync: ssm.onUnlockingUser-0_com.android.server.media.projection.MediaProjectionManagerService
08-26 18:03:31.814 1146 1749 D SystemServerTimingAsync: ssm.onUnlockingUser-0_com.android.server.media.projection.MediaProjectionManagerService took to complete: 0ms
08-26 18:03:31.814 1146 1749 I SystemServerTimingAsync: ssm.onUnlockingUser-0_com.android.server.slice.SliceManagerService$Lifecycle
08-26 18:03:31.814 1146 1749 D SystemServerTimingAsync: ssm.onUnlockingUser-0_com.android.server.slice.SliceManagerService$Lifecycle took to complete: 0ms
08-26 18:03:31.814 1146 1749 I SystemServerTimingAsync: ssm.onUnlockingUser-0_com.android.server.stats.StatsCompanion$Lifecycle
08-26 18:03:31.814 1146 1749 D SystemServerTimingAsync: ssm.onUnlockingUser-0_com.android.server.stats.StatsCompanion$Lifecycle took to complete: 0ms
08-26 18:03:31.814 1146 1749 I SystemServerTimingAsync: ssm.onUnlockingUser-0_com.android.server.scheduling.RebootReadinessManagerService$Lifecycle
08-26 18:03:31.814 1146 1749 D SystemServerTimingAsync: ssm.onUnlockingUser-0_com.android.server.scheduling.RebootReadinessManagerService$Lifecycle took to complete: 0ms
08-26 18:03:31.814 1146 1749 I SystemServerTimingAsync: ssm.onUnlockingUser-0_com.android.server.stats.pull.StatsPullAtomService
08-26 18:03:31.814 1146 1749 D SystemServerTimingAsync: ssm.onUnlockingUser-0_com.android.server.stats.pull.StatsPullAtomService took to complete: 0ms
08-26 18:03:31.814 1146 1749 I SystemServerTimingAsync: ssm.onUnlockingUser-0_com.android.server.incident.IncidentCompanionService
08-26 18:03:31.814 1146 1749 D SystemServerTimingAsync: ssm.onUnlockingUser-0_com.android.server.incident.IncidentCompanionService took to complete: 0ms
08-26 18:03:31.814 1146 1749 I SystemServerTimingAsync: ssm.onUnlockingUser-0_com.android.server.MmsServiceBroker
08-26 18:03:31.814 1146 1749 D SystemServerTimingAsync: ssm.onUnlockingUser-0_com.android.server.MmsServiceBroker took to complete: 0ms
08-26 18:03:31.814 1146 1749 I SystemServerTimingAsync: ssm.onUnlockingUser-0_com.android.server.autofill.AutofillManagerService
08-26 18:03:31.814 1146 1749 D AutofillManagerServiceImpl: Reset component for user 0:
08-26 18:03:31.814 1146 1727 D AutofillUI: destroySaveUiUiThread(): already destroyed
08-26 18:03:31.815 1146 2993 I HibernationStateDiskStore: No hibernation file on disk for file /data/system_ce/0/hibernation/states
08-26 18:03:31.818 1146 1749 D FieldClassificationStrategy: reset(): service is not bound. Do nothing.
08-26 18:03:31.818 1146 1749 D SystemServerTimingAsync: ssm.onUnlockingUser-0_com.android.server.autofill.AutofillManagerService took to complete: 4ms
08-26 18:03:31.819 1146 1749 I SystemServerTimingAsync: ssm.onUnlockingUser-0_com.android.server.clipboard.ClipboardService
08-26 18:03:31.819 1146 1749 D SystemServerTimingAsync: ssm.onUnlockingUser-0_com.android.server.clipboard.ClipboardService took to complete: 0ms
08-26 18:03:31.819 1146 1749 I SystemServerTimingAsync: ssm.onUnlockingUser-0_com.android.server.appbinding.AppBindingService$Lifecycle
08-26 18:03:31.819 1146 1749 W AppBindingService: [Default SMS app] u0 Target package not found
