01-01 10:36:36.555 0 0 I init : Sending signal 9 to service 'sxrd' (pid 9597) process group...
01-01 10:36:37.201 0 0 D : mv2112_read_status
01-01 10:36:37.205 0 0 D mv2112_update_link: 3.0x901(1G): 0x80
01-01 10:36:37.211 0 0 D mv2112_update_link: 3.0x8109(100M): 0x0
01-01 10:36:37.216 0 0 D mv2112_update_link: link 0x0
01-01 10:36:37.220 0 0 D mv2112_read_status: autoneg is disabled
01-01 10:36:38.225 0 0 D : mv2112_read_status
01-01 10:36:38.229 0 0 D mv2112_update_link: 3.0x901(1G): 0x80
01-01 10:36:38.234 0 0 D mv2112_update_link: 3.0x8109(100M): 0x0
01-01 10:36:38.239 0 0 D mv2112_update_link: link 0x0
01-01 10:36:38.244 0 0 D mv2112_read_status: autoneg is disabled
01-01 10:36:39.249 0 0 D : mv2112_read_status
01-01 10:36:39.252 0 0 D mv2112_update_link: 3.0x901(1G): 0x80
01-01 10:36:39.258 0 0 D mv2112_update_link: 3.0x8109(100M): 0x0
01-01 10:36:39.263 0 0 D mv2112_update_link: link 0x0
01-01 10:36:39.268 0 0 D mv2112_read_status: autoneg is disabled
01-01 10:36:40.274 0 0 D : mv2112_read_status
01-01 10:36:40.278 0 0 D mv2112_update_link: 3.0x901(1G): 0x80
01-01 10:36:40.283 0 0 D mv2112_update_link: 3.0x8109(100M): 0x0
01-01 10:36:40.288 0 0 D mv2112_update_link: link 0x0
01-01 10:36:40.292 0 0 D mv2112_read_status: autoneg is disabled
01-01 10:36:41.297 0 0 D : mv2112_read_status
01-01 10:36:41.301 0 0 D mv2112_update_link: 3.0x901(1G): 0x80
01-01 10:36:41.306 0 0 D mv2112_update_link: 3.0x8109(100M): 0x0
01-01 10:36:41.311 0 0 D mv2112_update_link: link 0x0
01-01 10:36:41.316 0 0 D mv2112_read_status: autoneg is disabled
01-01 10:36:41.479 0 0 I init : starting service 'qvrd_vndr'...
01-01 10:36:41.485 0 0 I init : Created socket '/dev/socket/qvrservice_vndr', mode 660, user 1000, group 1000
01-01 10:36:41.496 0 0 I init : Created socket '/dev/socket/qvrservice_vndr_camera', mode 660, user 1000, group 1000
01-01 10:36:41.523 0 0 I init : starting service 'sxrd'...
01-01 10:36:41.539 0 0 I init : starting service 'vendor.light-hal-2-0'...
08-26 19:57:42.892 9600 9600 F linker : CANNOT LINK EXECUTABLE "/vendor/bin/hw/sxrservice": library "vendor.qti.hardware.qxr-V1-ndk_platform.so" not found: needed by main executable
08-26 19:57:42.908 9599 9599 F linker : CANNOT LINK EXECUTABLE "/vendor/bin/hw/qvrservice": library "vendor.qti.hardware.qxr-V1-ndk_platform.so" not found: needed by /vendor/lib64/libqvrservice.so in namespace (default)
01-01 10:36:41.556 0 0 I init : Service 'sxrd' (pid 9600) exited with status 1
01-01 10:36:41.562 0 0 I init : Sending signal 9 to service 'sxrd' (pid 9600) process group...
01-01 10:36:41.570 0 0 I libprocessgroup: Successfully killed process cgroup uid 1000 pid 9600 in 0ms
01-01 10:36:41.580 0 0 I init : Service 'qvrd_vndr' (pid 9599) exited with status 1
01-01 10:36:41.587 0 0 I init : Sending signal 9 to service 'qvrd_vndr' (pid 9599) process group...
01-01 10:36:42.353 0 0 D : mv2112_read_status
01-01 10:36:42.358 0 0 D mv2112_update_link: 3.0x901(1G): 0x80
01-01 10:36:42.363 0 0 D mv2112_update_link: 3.0x8109(100M): 0x0
01-01 10:36:42.369 0 0 D mv2112_update_link: link 0x0
01-01 10:36:42.373 0 0 D mv2112_read_status: autoneg is disabled
01-01 10:36:43.377 0 0 D : mv2112_read_status
01-01 10:36:43.381 0 0 D mv2112_update_link: 3.0x901(1G): 0x80
01-01 10:36:43.387 0 0 D mv2112_update_link: 3.0x8109(100M): 0x0
01-01 10:36:43.392 0 0 D mv2112_update_link: link 0x0
01-01 10:36:43.397 0 0 D mv2112_read_status: autoneg is disabled
01-01 10:36:44.401 0 0 D : mv2112_read_status
01-01 10:36:44.405 0 0 D mv2112_update_link: 3.0x901(1G): 0x80
01-01 10:36:44.410 0 0 D mv2112_update_link: 3.0x8109(100M): 0x0
01-01 10:36:44.415 0 0 D mv2112_update_link: link 0x0
01-01 10:36:44.420 0 0 D mv2112_read_status: autoneg is disabled
01-01 10:36:45.425 0 0 D : mv2112_read_status
01-01 10:36:45.429 0 0 D mv2112_update_link: 3.0x901(1G): 0x80
01-01 10:36:45.434 0 0 D mv2112_update_link: 3.0x8109(100M): 0x0
01-01 10:36:45.440 0 0 D mv2112_update_link: link 0x0
01-01 10:36:45.444 0 0 D mv2112_read_status: autoneg is disabled
01-01 10:36:46.449 0 0 D : mv2112_read_status
01-01 10:36:46.453 0 0 D mv2112_update_link: 3.0x901(1G): 0x80
01-01 10:36:46.458 0 0 D mv2112_update_link: 3.0x8109(100M): 0x0
01-01 10:36:46.463 0 0 D mv2112_update_link: link 0x0
01-01 10:36:46.468 0 0 D mv2112_read_status: autoneg is disabled
01-01 10:36:46.523 0 0 I init : starting service 'qvrd_vndr'...
01-01 10:36:46.530 0 0 I init : Created socket '/dev/socket/qvrservice_vndr', mode 660, user 1000, group 1000
01-01 10:36:46.541 0 0 I init : Created socket '/dev/socket/qvrservice_vndr_camera', mode 660, user 1000, group 1000
01-01 10:36:46.569 0 0 I init : starting service 'sxrd'...
01-01 10:36:46.587 0 0 I init : starting service 'vendor.light-hal-2-0'...
08-26 19:57:47.964 9602 9602 F linker : CANNOT LINK EXECUTABLE "/vendor/bin/hw/qvrservice": library "vendor.qti.hardware.qxr-V1-ndk_platform.so" not found: needed by /vendor/lib64/libqvrservice.so in namespace (default)
08-26 19:57:47.968 9603 9603 F linker : CANNOT LINK EXECUTABLE "/vendor/bin/hw/sxrservice": library "vendor.qti.hardware.qxr-V1-ndk_platform.so" not found: needed by main executable
01-01 10:36:46.620 0 0 I init : Service 'qvrd_vndr' (pid 9602) exited with status 1
01-01 10:36:46.627 0 0 I init : Sending signal 9 to service 'qvrd_vndr' (pid 9602) process group...
01-01 10:36:46.635 0 0 I libprocessgroup: Successfully killed process cgroup uid 1000 pid 9602 in 0ms
01-01 10:36:46.646 0 0 I init : Service 'sxrd' (pid 9603) exited with status 1
01-01 10:36:46.652 0 0 I init : Sending signal 9 to service 'sxrd' (pid 9603) process group...
01-01 10:36:47.473 0 0 D : mv2112_read_status
01-01 10:36:47.476 0 0 D mv2112_update_link: 3.0x901(1G): 0x80
01-01 10:36:47.483 0 0 D mv2112_update_link: 3.0x8109(100M): 0x0
01-01 10:36:47.488 0 0 D mv2112_update_link: link 0x0
01-01 10:36:47.493 0 0 D mv2112_read_status: autoneg is disabled
01-01 10:36:48.497 0 0 D : mv2112_read_status
01-01 10:36:48.501 0 0 D mv2112_update_link: 3.0x901(1G): 0x80
01-01 10:36:48.506 0 0 D mv2112_update_link: 3.0x8109(100M): 0x0
01-01 10:36:48.511 0 0 D mv2112_update_link: link 0x0
01-01 10:36:48.515 0 0 D mv2112_read_status: autoneg is disabled
01-01 10:36:49.521 0 0 D : mv2112_read_status
01-01 10:36:49.525 0 0 D mv2112_update_link: 3.0x901(1G): 0x80
01-01 10:36:49.530 0 0 D mv2112_update_link: 3.0x8109(100M): 0x0
01-01 10:36:49.535 0 0 D mv2112_update_link: link 0x0
01-01 10:36:49.539 0 0 D mv2112_read_status: autoneg is disabled
01-01 10:36:50.545 0 0 D : mv2112_read_status
01-01 10:36:50.549 0 0 D mv2112_update_link: 3.0x901(1G): 0x80
01-01 10:36:50.554 0 0 D mv2112_update_link: 3.0x8109(100M): 0x0
01-01 10:36:50.560 0 0 D mv2112_update_link: link 0x0
01-01 10:36:50.564 0 0 D mv2112_read_status: autoneg is disabled
01-01 10:36:51.569 0 0 D : mv2112_read_status
01-01 10:36:51.570 0 0 I init : starting service 'qvrd_vndr'...
01-01 10:36:51.573 0 0 D mv2112_update_link: 3.0x901(1G): 0x80
01-01 10:36:51.579 0 0 I init : Created socket '/dev/socket/qvrservice_vndr', mode 660, user 1000, group 1000
01-01 10:36:51.583 0 0 D mv2112_update_link: 3.0x8109(100M): 0x0
01-01 10:36:51.593 0 0 I init : Created socket '/dev/socket/qvrservice_vndr_camera', mode 660, user 1000, group 1000
01-01 10:36:51.607 0 0 D mv2112_update_link: link 0x0
01-01 10:36:51.611 0 0 D mv2112_read_status: autoneg is disabled
01-01 10:36:51.622 0 0 I init : starting service 'sxrd'...
01-01 10:36:51.639 0 0 I init : starting service 'vendor.light-hal-2-0'...
08-26 19:57:52.994 9605 9605 F linker : CANNOT LINK EXECUTABLE "/vendor/bin/hw/qvrservice": library "vendor.qti.hardware.qxr-V1-ndk_platform.so" not found: needed by /vendor/lib64/libqvrservice.so in namespace (default)
01-01 10:36:51.659 0 0 I init : Service 'qvrd_vndr' (pid 9605) exited with status 1
01-01 10:36:51.665 0 0 I init : Sending signal 9 to service 'qvrd_vndr' (pid 9605) process group...
01-01 10:36:51.673 0 0 I libprocessgroup: Successfully killed process cgroup uid 1000 pid 9605 in 0ms
08-26 19:57:53.025 9606 9606 F linker : CANNOT LINK EXECUTABLE "/vendor/bin/hw/sxrservice": library "vendor.qti.hardware.qxr-V1-ndk_platform.so" not found: needed by main executable
01-01 10:36:51.683 0 0 I init : Service 'sxrd' (pid 9606) exited with status 1
01-01 10:36:51.690 0 0 I init : Sending signal 9 to service 'sxrd' (pid 9606) process group...
01-01 10:36:52.625 0 0 D : mv2112_read_status
01-01 10:36:52.629 0 0 D mv2112_update_link: 3.0x901(1G): 0x80
01-01 10:36:52.636 0 0 D mv2112_update_link: 3.0x8109(100M): 0x0
01-01 10:36:52.641 0 0 D mv2112_update_link: link 0x0
01-01 10:36:52.646 0 0 D mv2112_read_status: autoneg is disabled
01-01 10:36:53.649 0 0 D : mv2112_read_status
01-01 10:36:53.653 0 0 D mv2112_update_link: 3.0x901(1G): 0x80
01-01 10:36:53.658 0 0 D mv2112_update_link: 3.0x8109(100M): 0x0
01-01 10:36:53.664 0 0 D mv2112_update_link: link 0x0
01-01 10:36:53.668 0 0 D mv2112_read_status: autoneg is disabled
01-01 10:36:54.673 0 0 D : mv2112_read_status
01-01 10:36:54.677 0 0 D mv2112_update_link: 3.0x901(1G): 0x80
01-01 10:36:54.682 0 0 D mv2112_update_link: 3.0x8109(100M): 0x0
01-01 10:36:54.688 0 0 D mv2112_update_link: link 0x0
01-01 10:36:54.692 0 0 D mv2112_read_status: autoneg is disabled
01-01 10:36:55.697 0 0 D : mv2112_read_status
01-01 10:36:55.701 0 0 D mv2112_update_link: 3.0x901(1G): 0x80
01-01 10:36:55.706 0 0 D mv2112_update_link: 3.0x8109(100M): 0x0
01-01 10:36:55.712 0 0 D mv2112_update_link: link 0x0
01-01 10:36:55.716 0 0 D mv2112_read_status: autoneg is disabled
01-01 10:36:56.622 0 0 I init : starting service 'qvrd_vndr'...
01-01 10:36:56.630 0 0 I init : Created socket '/dev/socket/qvrservice_vndr', mode 660, user 1000, group 1000
01-01 10:36:56.641 0 0 I init : Created socket '/dev/socket/qvrservice_vndr_camera', mode 660, user 1000, group 1000
01-01 10:36:56.669 0 0 I init : starting service 'sxrd'...
01-01 10:36:56.686 0 0 I init : starting service 'vendor.light-hal-2-0'...
08-26 19:57:58.050 9608 9608 F linker : CANNOT LINK EXECUTABLE "/vendor/bin/hw/qvrservice": library "vendor.qti.hardware.qxr-V1-ndk_platform.so" not found: needed by /vendor/lib64/libqvrservice.so in namespace (default)
01-01 10:36:56.705 0 0 I init : Service 'qvrd_vndr' (pid 9608) exited with status 1
01-01 10:36:56.712 0 0 I init : Sending signal 9 to service 'qvrd_vndr' (pid 9608) process group...
08-26 19:57:58.067 9609 9609 F linker : CANNOT LINK EXECUTABLE "/vendor/bin/hw/sxrservice": library "vendor.qti.hardware.qxr-V1-ndk_platform.so" not found: needed by main executable
01-01 10:36:56.720 0 0 I libprocessgroup: Successfully killed process cgroup uid 1000 pid 9608 in 0ms
01-01 10:36:56.725 0 0 D : mv2112_read_status
01-01 10:36:56.730 0 0 I init : Service 'sxrd' (pid 9609) exited with status 1
01-01 10:36:56.732 0 0 D mv2112_update_link: 3.0x901(1G): 0x80
01-01 10:36:56.738 0 0 I init : Sending signal 9 to service 'sxrd' (pid 9609) process group...
01-01 10:36:56.751 0 0 D mv2112_update_link: 3.0x8109(100M): 0x0
01-01 10:36:56.757 0 0 D mv2112_update_link: link 0x0
01-01 10:36:56.761 0 0 D mv2112_read_status: autoneg is disabled
01-01 10:36:57.785 0 0 D : mv2112_read_status
01-01 10:36:57.790 0 0 D mv2112_update_link: 3.0x901(1G): 0x80
01-01 10:36:57.795 0 0 D mv2112_update_link: 3.0x8109(100M): 0x0
01-01 10:36:57.801 0 0 D mv2112_update_link: link 0x0
01-01 10:36:57.805 0 0 D mv2112_read_status: autoneg is disabled
01-01 10:36:58.837 0 0 D : mv2112_read_status
01-01 10:36:58.841 0 0 D mv2112_update_link: 3.0x901(1G): 0x80
01-01 10:36:58.846 0 0 D mv2112_update_link: 3.0x8109(100M): 0x0
01-01 10:36:58.851 0 0 D mv2112_update_link: link 0x0
01-01 10:36:58.856 0 0 D mv2112_read_status: autoneg is disabled
01-01 10:36:59.889 0 0 D : mv2112_read_status
01-01 10:36:59.892 0 0 D mv2112_update_link: 3.0x901(1G): 0x80
01-01 10:36:59.898 0 0 D mv2112_update_link: 3.0x8109(100M): 0x0
01-01 10:36:59.903 0 0 D mv2112_update_link: link 0x0
01-01 10:36:59.907 0 0 D mv2112_read_status: autoneg is disabled
01-01 10:37:00.913 0 0 D : mv2112_read_status
01-01 10:37:00.916 0 0 D mv2112_update_link: 3.0x901(1G): 0x80
01-01 10:37:00.922 0 0 D mv2112_update_link: 3.0x8109(100M): 0x0
01-01 10:37:00.928 0 0 D mv2112_update_link: link 0x0
01-01 10:37:00.933 0 0 D mv2112_read_status: autoneg is disabled
01-01 10:37:01.669 0 0 I init : starting service 'qvrd_vndr'...
01-01 10:37:01.676 0 0 I init : Created socket '/dev/socket/qvrservice_vndr', mode 660, user 1000, group 1000
01-01 10:37:01.686 0 0 I init : Created socket '/dev/socket/qvrservice_vndr_camera', mode 660, user 1000, group 1000
01-01 10:37:01.712 0 0 I init : starting service 'sxrd'...
01-01 10:37:01.730 0 0 I init : starting service 'vendor.light-hal-2-0'...
08-26 19:58:03.107 9611 9611 F linker : CANNOT LINK EXECUTABLE "/vendor/bin/hw/qvrservice": library "vendor.qti.hardware.qxr-V1-ndk_platform.so" not found: needed by /vendor/lib64/libqvrservice.so in namespace (default)
08-26 19:58:03.107 9612 9612 F linker : CANNOT LINK EXECUTABLE "/vendor/bin/hw/sxrservice": library "vendor.qti.hardware.qxr-V1-ndk_platform.so" not found: needed by main executable
01-01 10:37:01.762 0 0 I init : Service 'qvrd_vndr' (pid 9611) exited with status 1
01-01 10:37:01.769 0 0 I init : Sending signal 9 to service 'qvrd_vndr' (pid 9611) process group...
01-01 10:37:01.778 0 0 I libprocessgroup: Successfully killed process cgroup uid 1000 pid 9611 in 0ms
01-01 10:37:01.788 0 0 I init : Service 'sxrd' (pid 9612) exited with status 1
01-01 10:37:01.794 0 0 I init : Sending signal 9 to service 'sxrd' (pid 9612) process group...
01-01 10:37:01.937 0 0 D : mv2112_read_status
01-01 10:37:01.941 0 0 D mv2112_update_link: 3.0x901(1G): 0x80
01-01 10:37:01.946 0 0 D mv2112_update_link: 3.0x8109(100M): 0x0
01-01 10:37:01.952 0 0 D mv2112_update_link: link 0x0
01-01 10:37:01.956 0 0 D mv2112_read_status: autoneg is disabled
01-01 10:37:02.961 0 0 D : mv2112_read_status
01-01 10:37:02.965 0 0 D mv2112_update_link: 3.0x901(1G): 0x80
01-01 10:37:02.971 0 0 D mv2112_update_link: 3.0x8109(100M): 0x0
01-01 10:37:02.976 0 0 D mv2112_update_link: link 0x0
01-01 10:37:02.980 0 0 D mv2112_read_status: autoneg is disabled
01-01 10:37:03.985 0 0 D : mv2112_read_status
01-01 10:37:03.989 0 0 D mv2112_update_link: 3.0x901(1G): 0x80
01-01 10:37:03.994 0 0 D mv2112_update_link: 3.0x8109(100M): 0x0
01-01 10:37:04.000 0 0 D mv2112_update_link: link 0x0
01-01 10:37:04.004 0 0 D mv2112_read_status: autoneg is disabled
01-01 10:37:05.009 0 0 D : mv2112_read_status
01-01 10:37:05.013 0 0 D mv2112_update_link: 3.0x901(1G): 0x80
01-01 10:37:05.018 0 0 D mv2112_update_link: 3.0x8109(100M): 0x0
01-01 10:37:05.023 0 0 D mv2112_update_link: link 0x0
01-01 10:37:05.028 0 0 D mv2112_read_status: autoneg is disabled
01-01 10:37:06.033 0 0 D : mv2112_read_status
01-01 10:37:06.037 0 0 D mv2112_update_link: 3.0x901(1G): 0x80
01-01 10:37:06.044 0 0 D mv2112_update_link: 3.0x8109(100M): 0x0
01-01 10:37:06.050 0 0 D mv2112_update_link: link 0x0
01-01 10:37:06.055 0 0 D mv2112_read_status: autoneg is disabled
01-01 10:37:06.712 0 0 I init : starting service 'qvrd_vndr'...
01-01 10:37:06.718 0 0 I init : Created socket '/dev/socket/qvrservice_vndr', mode 660, user 1000, group 1000
01-01 10:37:06.729 0 0 I init : Created socket '/dev/socket/qvrservice_vndr_camera', mode 660, user 1000, group 1000
01-01 10:37:06.753 0 0 I init : starting service 'sxrd'...
01-01 10:37:06.770 0 0 I init : starting service 'vendor.light-hal-2-0'...
08-26 19:58:08.146 9615 9615 F linker : CANNOT LINK EXECUTABLE "/vendor/bin/hw/sxrservice": library "vendor.qti.hardware.qxr-V1-ndk_platform.so" not found: needed by main executable
08-26 19:58:08.147 9614 9614 F linker : CANNOT LINK EXECUTABLE "/vendor/bin/hw/qvrservice": library "vendor.qti.hardware.qxr-V1-ndk_platform.so" not found: needed by /vendor/lib64/libqvrservice.so in namespace (default)
01-01 10:37:06.802 0 0 I init : Service 'sxrd' (pid 9615) exited with status 1
01-01 10:37:06.808 0 0 I init : Sending signal 9 to service 'sxrd' (pid 9615) process group...
01-01 10:37:06.816 0 0 I libprocessgroup: Successfully killed process cgroup uid 1000 pid 9615 in 0ms
01-01 10:37:06.826 0 0 I init : Service 'qvrd_vndr' (pid 9614) exited with status 1
01-01 10:37:06.833 0 0 I init : Sending signal 9 to service 'qvrd_vndr' (pid 9614) process group...
01-01 10:37:07.057 0 0 D : mv2112_read_status
01-01 10:37:07.061 0 0 D mv2112_update_link: 3.0x901(1G): 0x80
01-01 10:37:07.067 0 0 D mv2112_update_link: 3.0x8109(100M): 0x0
01-01 10:37:07.072 0 0 D mv2112_update_link: link 0x0
01-01 10:37:07.076 0 0 D mv2112_read_status: autoneg is disabled
01-01 10:37:08.081 0 0 D : mv2112_read_status
01-01 10:37:08.085 0 0 D mv2112_update_link: 3.0x901(1G): 0x80
01-01 10:37:08.090 0 0 D mv2112_update_link: 3.0x8109(100M): 0x0
01-01 10:37:08.096 0 0 D mv2112_update_link: link 0x0
01-01 10:37:08.100 0 0 D mv2112_read_status: autoneg is disabled
01-01 10:37:09.105 0 0 D : mv2112_read_status
01-01 10:37:09.109 0 0 D mv2112_update_link: 3.0x901(1G): 0x80
01-01 10:37:09.114 0 0 D mv2112_update_link: 3.0x8109(100M): 0x0
01-01 10:37:09.119 0 0 D mv2112_update_link: link 0x0
01-01 10:37:09.124 0 0 D mv2112_read_status: autoneg is disabled
01-01 10:37:10.129 0 0 D : mv2112_read_status
01-01 10:37:10.133 0 0 D mv2112_update_link: 3.0x901(1G): 0x80
01-01 10:37:10.139 0 0 D mv2112_update_link: 3.0x8109(100M): 0x0
01-01 10:37:10.161 0 0 D mv2112_update_link: link 0x0
01-01 10:37:10.165 0 0 D mv2112_read_status: autoneg is disabled
01-01 10:37:11.185 0 0 D : mv2112_read_status
01-01 10:37:11.189 0 0 D mv2112_update_link: 3.0x901(1G): 0x80
01-01 10:37:11.195 0 0 D mv2112_update_link: 3.0x8109(100M): 0x0
01-01 10:37:11.200 0 0 D mv2112_update_link: link 0x0
01-01 10:37:11.205 0 0 D mv2112_read_status: autoneg is disabled
01-01 10:37:11.754 0 0 I init : starting service 'qvrd_vndr'...
01-01 10:37:11.760 0 0 I init : Created socket '/dev/socket/qvrservice_vndr', mode 660, user 1000, group 1000
01-01 10:37:11.771 0 0 I init : Created socket '/dev/socket/qvrservice_vndr_camera', mode 660, user 1000, group 1000
01-01 10:37:11.795 0 0 I init : starting service 'sxrd'...
01-01 10:37:11.812 0 0 I init : starting service 'vendor.light-hal-2-0'...
08-26 19:58:13.186 9617 9617 F linker : CANNOT LINK EXECUTABLE "/vendor/bin/hw/qvrservice": library "vendor.qti.hardware.qxr-V1-ndk_platform.so" not found: needed by /vendor/lib64/libqvrservice.so in namespace (default)
08-26 19:58:13.188 9618 9618 F linker : CANNOT LINK EXECUTABLE "/vendor/bin/hw/sxrservice": library "vendor.qti.hardware.qxr-V1-ndk_platform.so" not found: needed by main executable
01-01 10:37:11.842 0 0 I init : Service 'qvrd_vndr' (pid 9617) exited with status 1
01-01 10:37:11.849 0 0 I init : Sending signal 9 to service 'qvrd_vndr' (pid 9617) process group...
01-01 10:37:11.857 0 0 I libprocessgroup: Successfully killed process cgroup uid 1000 pid 9617 in 0ms
01-01 10:37:11.868 0 0 I init : Service 'sxrd' (pid 9618) exited with status 1
01-01 10:37:11.874 0 0 I init : Sending signal 9 to service 'sxrd' (pid 9618) process group...
01-01 10:37:12.209 0 0 D : mv2112_read_status
01-01 10:37:12.212 0 0 D mv2112_update_link: 3.0x901(1G): 0x80
01-01 10:37:12.219 0 0 D mv2112_update_link: 3.0x8109(100M): 0x0
01-01 10:37:12.225 0 0 D mv2112_update_link: link 0x0
01-01 10:37:12.230 0 0 D mv2112_read_status: autoneg is disabled
01-01 10:37:13.233 0 0 D : mv2112_read_status
01-01 10:37:13.237 0 0 D mv2112_update_link: 3.0x901(1G): 0x80
01-01 10:37:13.242 0 0 D mv2112_update_link: 3.0x8109(100M): 0x0
01-01 10:37:13.247 0 0 D mv2112_update_link: link 0x0
01-01 10:37:13.251 0 0 D mv2112_read_status: autoneg is disabled
01-01 10:37:14.257 0 0 D : mv2112_read_status
01-01 10:37:14.260 0 0 D mv2112_update_link: 3.0x901(1G): 0x80
01-01 10:37:14.266 0 0 D mv2112_update_link: 3.0x8109(100M): 0x0
01-01 10:37:14.271 0 0 D mv2112_update_link: link 0x0
01-01 10:37:14.275 0 0 D mv2112_read_status: autoneg is disabled
01-01 10:37:15.281 0 0 D : mv2112_read_status
01-01 10:37:15.284 0 0 D mv2112_update_link: 3.0x901(1G): 0x80
01-01 10:37:15.291 0 0 D mv2112_update_link: 3.0x8109(100M): 0x0
01-01 10:37:15.296 0 0 D mv2112_update_link: link 0x0
01-01 10:37:15.300 0 0 D mv2112_read_status: autoneg is disabled
01-01 10:37:16.305 0 0 D : mv2112_read_status
01-01 10:37:16.309 0 0 D mv2112_update_link: 3.0x901(1G): 0x80
01-01 10:37:16.314 0 0 D mv2112_update_link: 3.0x8109(100M): 0x0
01-01 10:37:16.319 0 0 D mv2112_update_link: link 0x0
01-01 10:37:16.324 0 0 D mv2112_read_status: autoneg is disabled
01-01 10:37:16.797 0 0 I init : starting service 'qvrd_vndr'...
01-01 10:37:16.806 0 0 I init : Created socket '/dev/socket/qvrservice_vndr', mode 660, user 1000, group 1000
01-01 10:37:16.818 0 0 I init : Created socket '/dev/socket/qvrservice_vndr_camera', mode 660, user 1000, group 1000
01-01 10:37:16.869 0 0 I init : starting service 'sxrd'...
08-26 19:58:18.236 9620 9620 F linker : CANNOT LINK EXECUTABLE "/vendor/bin/hw/qvrservice": library "vendor.qti.hardware.qxr-V1-ndk_platform.so" not found: needed by /vendor/lib64/libqvrservice.so in namespace (default)
01-01 10:37:16.890 0 0 I init : starting service 'vendor.light-hal-2-0'...
01-01 10:37:16.908 0 0 I init : Service 'qvrd_vndr' (pid 9620) exited with status 1
01-01 10:37:16.914 0 0 I init : Sending signal 9 to service 'qvrd_vndr' (pid 9620) process group...
01-01 10:37:16.922 0 0 I libprocessgroup: Successfully killed process cgroup uid 1000 pid 9620 in 0ms
08-26 19:58:18.284 9621 9621 F linker : CANNOT LINK EXECUTABLE "/vendor/bin/hw/sxrservice": library "vendor.qti.hardware.qxr-V1-ndk_platform.so" not found: needed by main executable
01-01 10:37:16.939 0 0 I init : Service 'sxrd' (pid 9621) exited with status 1
01-01 10:37:16.946 0 0 I init : Sending signal 9 to service 'sxrd' (pid 9621) process group...
01-01 10:37:17.329 0 0 D : mv2112_read_status
01-01 10:37:17.333 0 0 D mv2112_update_link: 3.0x901(1G): 0x80
01-01 10:37:17.338 0 0 D mv2112_update_link: 3.0x8109(100M): 0x0
01-01 10:37:17.344 0 0 D mv2112_update_link: link 0x0
01-01 10:37:17.348 0 0 D mv2112_read_status: autoneg is disabled
01-01 10:37:18.353 0 0 D : mv2112_read_status
01-01 10:37:18.357 0 0 D mv2112_update_link: 3.0x901(1G): 0x80
01-01 10:37:18.363 0 0 D mv2112_update_link: 3.0x8109(100M): 0x0
01-01 10:37:18.369 0 0 D mv2112_update_link: link 0x0
01-01 10:37:18.373 0 0 D mv2112_read_status: autoneg is disabled
01-01 10:37:19.377 0 0 D : mv2112_read_status
01-01 10:37:19.380 0 0 D mv2112_update_link: 3.0x901(1G): 0x80
01-01 10:37:19.386 0 0 D mv2112_update_link: 3.0x8109(100M): 0x0
01-01 10:37:19.392 0 0 D mv2112_update_link: link 0x0
01-01 10:37:19.396 0 0 D mv2112_read_status: autoneg is disabled
01-01 10:37:20.401 0 0 D : mv2112_read_status
01-01 10:37:20.405 0 0 D mv2112_update_link: 3.0x901(1G): 0x80
01-01 10:37:20.410 0 0 D mv2112_update_link: 3.0x8109(100M): 0x0
01-01 10:37:20.415 0 0 D mv2112_update_link: link 0x0
01-01 10:37:20.419 0 0 D mv2112_read_status: autoneg is disabled
01-01 10:37:21.425 0 0 D : mv2112_read_status
01-01 10:37:21.429 0 0 D mv2112_update_link: 3.0x901(1G): 0x80
01-01 10:37:21.434 0 0 D mv2112_update_link: 3.0x8109(100M): 0x0
01-01 10:37:21.440 0 0 D mv2112_update_link: link 0x0
01-01 10:37:21.444 0 0 D mv2112_read_status: autoneg is disabled
01-01 10:37:21.864 0 0 I init : starting service 'qvrd_vndr'...
01-01 10:37:21.870 0 0 I init : Created socket '/dev/socket/qvrservice_vndr', mode 660, user 1000, group 1000
01-01 10:37:21.881 0 0 I init : Created socket '/dev/socket/qvrservice_vndr_camera', mode 660, user 1000, group 1000
01-01 10:37:21.909 0 0 I init : starting service 'sxrd'...
01-01 10:37:21.927 0 0 I init : starting service 'vendor.light-hal-2-0'...
08-26 19:58:23.307 9623 9623 F linker : CANNOT LINK EXECUTABLE "/vendor/bin/hw/qvrservice": library "vendor.qti.hardware.qxr-V1-ndk_platform.so" not found: needed by /vendor/lib64/libqvrservice.so in namespace (default)
08-26 19:58:23.309 9624 9624 F linker : CANNOT LINK EXECUTABLE "/vendor/bin/hw/sxrservice": library "vendor.qti.hardware.qxr-V1-ndk_platform.so" not found: needed by main executable
01-01 10:37:21.963 0 0 I init : Service 'qvrd_vndr' (pid 9623) exited with status 1
01-01 10:37:21.970 0 0 I init : Sending signal 9 to service 'qvrd_vndr' (pid 9623) process group...
01-01 10:37:21.978 0 0 I libprocessgroup: Successfully killed process cgroup uid 1000 pid 9623 in 0ms
01-01 10:37:21.988 0 0 I init : Service 'sxrd' (pid 9624) exited with status 1
01-01 10:37:21.994 0 0 I init : Sending signal 9 to service 'sxrd' (pid 9624) process group...
01-01 10:37:22.449 0 0 D : mv2112_read_status
01-01 10:37:22.453 0 0 D mv2112_update_link: 3.0x901(1G): 0x80
01-01 10:37:22.458 0 0 D mv2112_update_link: 3.0x8109(100M): 0x0
01-01 10:37:22.464 0 0 D mv2112_update_link: link 0x0
01-01 10:37:22.468 0 0 D mv2112_read_status: autoneg is disabled
01-01 10:37:23.473 0 0 D : mv2112_read_status
01-01 10:37:23.477 0 0 D mv2112_update_link: 3.0x901(1G): 0x80
01-01 10:37:23.482 0 0 D mv2112_update_link: 3.0x8109(100M): 0x0
01-01 10:37:23.488 0 0 D mv2112_update_link: link 0x0
01-01 10:37:23.492 0 0 D mv2112_read_status: autoneg is disabled
01-01 10:37:24.497 0 0 D : mv2112_read_status
01-01 10:37:24.501 0 0 D mv2112_update_link: 3.0x901(1G): 0x80
01-01 10:37:24.506 0 0 D mv2112_update_link: 3.0x8109(100M): 0x0
01-01 10:37:24.512 0 0 D mv2112_update_link: link 0x0
01-01 10:37:24.516 0 0 D mv2112_read_status: autoneg is disabled
01-01 10:37:25.521 0 0 D : mv2112_read_status
01-01 10:37:25.525 0 0 D mv2112_update_link: 3.0x901(1G): 0x80
01-01 10:37:25.530 0 0 D mv2112_update_link: 3.0x8109(100M): 0x0
01-01 10:37:25.536 0 0 D mv2112_update_link: link 0x0
01-01 10:37:25.540 0 0 D mv2112_read_status: autoneg is disabled
01-01 10:37:26.545 0 0 D : mv2112_read_status
01-01 10:37:26.549 0 0 D mv2112_update_link: 3.0x901(1G): 0x80
01-01 10:37:26.554 0 0 D mv2112_update_link: 3.0x8109(100M): 0x0
01-01 10:37:26.560 0 0 D mv2112_update_link: link 0x0
01-01 10:37:26.564 0 0 D mv2112_read_status: autoneg is disabled
01-01 10:37:26.909 0 0 I init : starting service 'qvrd_vndr'...
01-01 10:37:26.915 0 0 I init : Created socket '/dev/socket/qvrservice_vndr', mode 660, user 1000, group 1000
01-01 10:37:26.925 0 0 I init : Created socket '/dev/socket/qvrservice_vndr_camera', mode 660, user 1000, group 1000
01-01 10:37:26.951 0 0 I init : starting service 'sxrd'...
01-01 10:37:26.969 0 0 I init : starting service 'vendor.light-hal-2-0'...
08-26 19:58:28.349 9628 9628 F linker : CANNOT LINK EXECUTABLE "/vendor/bin/hw/sxrservice": library "vendor.qti.hardware.qxr-V1-ndk_platform.so" not found: needed by main executable
08-26 19:58:28.350 9627 9627 F linker : CANNOT LINK EXECUTABLE "/vendor/bin/hw/qvrservice": library "vendor.qti.hardware.qxr-V1-ndk_platform.so" not found: needed by /vendor/lib64/libqvrservice.so in namespace (default)
01-01 10:37:27.004 0 0 I init : Service 'sxrd' (pid 9628) exited with status 1
01-01 10:37:27.011 0 0 I init : Sending signal 9 to service 'sxrd' (pid 9628) process group...
01-01 10:37:27.018 0 0 I libprocessgroup: Successfully killed process cgroup uid 1000 pid 9628 in 0ms
01-01 10:37:27.028 0 0 I init : Service 'qvrd_vndr' (pid 9627) exited with status 1
01-01 10:37:27.035 0 0 I init : Sending signal 9 to service 'qvrd_vndr' (pid 9627) process group...
01-01 10:37:27.569 0 0 D : mv2112_read_status
01-01 10:37:27.573 0 0 D mv2112_update_link: 3.0x901(1G): 0x80
01-01 10:37:27.579 0 0 D mv2112_update_link: 3.0x8109(100M): 0x0
01-01 10:37:27.585 0 0 D mv2112_update_link: link 0x0
01-01 10:37:27.590 0 0 D mv2112_read_status: autoneg is disabled
01-01 10:37:28.593 0 0 D : mv2112_read_status
01-01 10:37:28.597 0 0 D mv2112_update_link: 3.0x901(1G): 0x80
01-01 10:37:28.603 0 0 D mv2112_update_link: 3.0x8109(100M): 0x0
01-01 10:37:28.610 0 0 D mv2112_update_link: link 0x0
01-01 10:37:28.614 0 0 D mv2112_read_status: autoneg is disabled
01-01 10:37:29.617 0 0 D : mv2112_read_status
01-01 10:37:29.621 0 0 D mv2112_update_link: 3.0x901(1G): 0x80
01-01 10:37:29.626 0 0 D mv2112_update_link: 3.0x8109(100M): 0x0
01-01 10:37:29.631 0 0 D mv2112_update_link: link 0x0
01-01 10:37:29.636 0 0 D mv2112_read_status: autoneg is disabled
01-01 10:37:30.641 0 0 D : mv2112_read_status
01-01 10:37:30.645 0 0 D mv2112_update_link: 3.0x901(1G): 0x80
01-01 10:37:30.650 0 0 D mv2112_update_link: 3.0x8109(100M): 0x0
01-01 10:37:30.655 0 0 D mv2112_update_link: link 0x0
01-01 10:37:30.659 0 0 D mv2112_read_status: autoneg is disabled
01-01 10:37:31.665 0 0 D : mv2112_read_status
01-01 10:37:31.669 0 0 D mv2112_update_link: 3.0x901(1G): 0x80
01-01 10:37:31.674 0 0 D mv2112_update_link: 3.0x8109(100M): 0x0
01-01 10:37:31.680 0 0 D mv2112_update_link: link 0x0
01-01 10:37:31.684 0 0 D mv2112_read_status: autoneg is disabled
01-01 10:37:31.951 0 0 I init : starting service 'qvrd_vndr'...
01-01 10:37:31.958 0 0 I init : Created socket '/dev/socket/qvrservice_vndr', mode 660, user 1000, group 1000
01-01 10:37:31.968 0 0 I init : Created socket '/dev/socket/qvrservice_vndr_camera', mode 660, user 1000, group 1000
01-01 10:37:31.994 0 0 I init : starting service 'sxrd'...
01-01 10:37:32.011 0 0 I init : starting service 'vendor.light-hal-2-0'...
08-26 19:58:33.372 9630 9630 F linker : CANNOT LINK EXECUTABLE "/vendor/bin/hw/qvrservice": library "vendor.qti.hardware.qxr-V1-ndk_platform.so" not found: needed by /vendor/lib64/libqvrservice.so in namespace (default)
01-01 10:37:32.028 0 0 I init : Service 'qvrd_vndr' (pid 9630) exited with status 1
01-01 10:37:32.035 0 0 I init : Sending signal 9 to service 'qvrd_vndr' (pid 9630) process group...
01-01 10:37:32.043 0 0 I libprocessgroup: Successfully killed process cgroup uid 1000 pid 9630 in 0ms
08-26 19:58:33.397 9631 9631 F linker : CANNOT LINK EXECUTABLE "/vendor/bin/hw/sxrservice": library "vendor.qti.hardware.qxr-V1-ndk_platform.so" not found: needed by main executable
01-01 10:37:32.058 0 0 I init : Service 'sxrd' (pid 9631) exited with status 1
01-01 10:37:32.064 0 0 I init : Sending signal 9 to service 'sxrd' (pid 9631) process group...
01-01 10:37:32.689 0 0 D : mv2112_read_status
01-01 10:37:32.693 0 0 D mv2112_update_link: 3.0x901(1G): 0x80
01-01 10:37:32.698 0 0 D mv2112_update_link: 3.0x8109(100M): 0x0
01-01 10:37:32.703 0 0 D mv2112_update_link: link 0x0
01-01 10:37:32.707 0 0 D mv2112_read_status: autoneg is disabled
01-01 10:37:33.713 0 0 D : mv2112_read_status
01-01 10:37:33.717 0 0 D mv2112_update_link: 3.0x901(1G): 0x80
01-01 10:37:33.722 0 0 D mv2112_update_link: 3.0x8109(100M): 0x0
01-01 10:37:33.729 0 0 D mv2112_update_link: link 0x0
01-01 10:37:33.734 0 0 D mv2112_read_status: autoneg is disabled
01-01 10:37:34.737 0 0 D : mv2112_read_status
01-01 10:37:34.741 0 0 D mv2112_update_link: 3.0x901(1G): 0x80
01-01 10:37:34.746 0 0 D mv2112_update_link: 3.0x8109(100M): 0x0
01-01 10:37:34.751 0 0 D mv2112_update_link: link 0x0
01-01 10:37:34.755 0 0 D mv2112_read_status: autoneg is disabled
01-01 10:37:35.761 0 0 D : mv2112_read_status
01-01 10:37:35.764 0 0 D mv2112_update_link: 3.0x901(1G): 0x80
01-01 10:37:35.771 0 0 D mv2112_update_link: 3.0x8109(100M): 0x0
01-01 10:37:35.776 0 0 D mv2112_update_link: link 0x0
01-01 10:37:35.781 0 0 D mv2112_read_status: autoneg is disabled
01-01 10:37:36.785 0 0 D : mv2112_read_status
01-01 10:37:36.789 0 0 D mv2112_update_link: 3.0x901(1G): 0x80
01-01 10:37:36.805 0 0 D mv2112_update_link: 3.0x8109(100M): 0x0
01-01 10:37:36.817 0 0 D mv2112_update_link: link 0x0
01-01 10:37:36.821 0 0 D mv2112_read_status: autoneg is disabled
01-01 10:37:36.994 0 0 I init : starting service 'qvrd_vndr'...
01-01 10:37:37.000 0 0 I init : Created socket '/dev/socket/qvrservice_vndr', mode 660, user 1000, group 1000
01-01 10:37:37.011 0 0 I init : Created socket '/dev/socket/qvrservice_vndr_camera', mode 660, user 1000, group 1000
01-01 10:37:37.036 0 0 I init : starting service 'sxrd'...
01-01 10:37:37.054 0 0 I init : starting service 'vendor.light-hal-2-0'...
08-26 19:58:38.411 9633 9633 F linker : CANNOT LINK EXECUTABLE "/vendor/bin/hw/qvrservice": library "vendor.qti.hardware.qxr-V1-ndk_platform.so" not found: needed by /vendor/lib64/libqvrservice.so in namespace (default)
01-01 10:37:37.073 0 0 I init : Service 'qvrd_vndr' (pid 9633) exited with status 1
01-01 10:37:37.080 0 0 I init : Sending signal 9 to service 'qvrd_vndr' (pid 9633) process group...
01-01 10:37:37.088 0 0 I libprocessgroup: Successfully killed process cgroup uid 1000 pid 9633 in 0ms
08-26 19:58:38.442 9634 9634 F linker : CANNOT LINK EXECUTABLE "/vendor/bin/hw/sxrservice": library "vendor.qti.hardware.qxr-V1-ndk_platform.so" not found: needed by main executable
01-01 10:37:37.099 0 0 I init : Service 'sxrd' (pid 9634) exited with status 1
01-01 10:37:37.106 0 0 I init : Sending signal 9 to service 'sxrd' (pid 9634) process group...
01-01 10:37:37.841 0 0 D : mv2112_read_status
01-01 10:37:37.845 0 0 D mv2112_update_link: 3.0x901(1G): 0x80
01-01 10:37:37.851 0 0 D mv2112_update_link: 3.0x8109(100M): 0x0
01-01 10:37:37.856 0 0 D mv2112_update_link: link 0x0
01-01 10:37:37.861 0 0 D mv2112_read_status: autoneg is disabled
01-01 10:37:38.865 0 0 D : mv2112_read_status
01-01 10:37:38.869 0 0 D mv2112_update_link: 3.0x901(1G): 0x80
01-01 10:37:38.874 0 0 D mv2112_update_link: 3.0x8109(100M): 0x0
01-01 10:37:38.880 0 0 D mv2112_update_link: link 0x0
01-01 10:37:38.884 0 0 D mv2112_read_status: autoneg is disabled
01-01 10:37:39.889 0 0 D : mv2112_read_status
01-01 10:37:39.893 0 0 D mv2112_update_link: 3.0x901(1G): 0x80
01-01 10:37:39.898 0 0 D mv2112_update_link: 3.0x8109(100M): 0x0
01-01 10:37:39.904 0 0 D mv2112_update_link: link 0x0
01-01 10:37:39.908 0 0 D mv2112_read_status: autoneg is disabled
01-01 10:37:40.913 0 0 D : mv2112_read_status
01-01 10:37:40.916 0 0 D mv2112_update_link: 3.0x901(1G): 0x80
01-01 10:37:40.922 0 0 D mv2112_update_link: 3.0x8109(100M): 0x0
01-01 10:37:40.927 0 0 D mv2112_update_link: link 0x0
01-01 10:37:40.931 0 0 D mv2112_read_status: autoneg is disabled
01-01 10:37:41.937 0 0 D : mv2112_read_status
01-01 10:37:41.941 0 0 D mv2112_update_link: 3.0x901(1G): 0x80
01-01 10:37:41.946 0 0 D mv2112_update_link: 3.0x8109(100M): 0x0
01-01 10:37:41.951 0 0 D mv2112_update_link: link 0x0
01-01 10:37:41.955 0 0 D mv2112_read_status: autoneg is disabled
01-01 10:37:42.036 0 0 I init : starting service 'qvrd_vndr'...
01-01 10:37:42.043 0 0 I init : Created socket '/dev/socket/qvrservice_vndr', mode 660, user 1000, group 1000
01-01 10:37:42.053 0 0 I init : Created socket '/dev/socket/qvrservice_vndr_camera', mode 660, user 1000, group 1000
01-01 10:37:42.080 0 0 I init : starting service 'sxrd'...
01-01 10:37:42.098 0 0 I init : starting service 'vendor.light-hal-2-0'...
08-26 19:58:43.470 9636 9636 F linker : CANNOT LINK EXECUTABLE "/vendor/bin/hw/qvrservice": library "vendor.qti.hardware.qxr-V1-ndk_platform.so" not found: needed by /vendor/lib64/libqvrservice.so in namespace (default)
08-26 19:58:43.471 9637 9637 F linker : CANNOT LINK EXECUTABLE "/vendor/bin/hw/sxrservice": library "vendor.qti.hardware.qxr-V1-ndk_platform.so" not found: needed by main executable
01-01 10:37:42.126 0 0 I init : Service 'qvrd_vndr' (pid 9636) exited with status 1
01-01 10:37:42.133 0 0 I init : Sending signal 9 to service 'qvrd_vndr' (pid 9636) process group...
01-01 10:37:42.141 0 0 I libprocessgroup: Successfully killed process cgroup uid 1000 pid 9636 in 0ms
01-01 10:37:42.151 0 0 I init : Service 'sxrd' (pid 9637) exited with status 1
01-01 10:37:42.157 0 0 I init : Sending signal 9 to service 'sxrd' (pid 9637) process group...
01-01 10:37:42.961 0 0 D : mv2112_read_status
01-01 10:37:42.965 0 0 D mv2112_update_link: 3.0x901(1G): 0x80
01-01 10:37:42.971 0 0 D mv2112_update_link: 3.0x8109(100M): 0x0
01-01 10:37:42.976 0 0 D mv2112_update_link: link 0x0
01-01 10:37:42.980 0 0 D mv2112_read_status: autoneg is disabled
01-01 10:37:43.985 0 0 D : mv2112_read_status
01-01 10:37:43.989 0 0 D mv2112_update_link: 3.0x901(1G): 0x80
01-01 10:37:43.995 0 0 D mv2112_update_link: 3.0x8109(100M): 0x0
01-01 10:37:44.000 0 0 D mv2112_update_link: link 0x0
01-01 10:37:44.004 0 0 D mv2112_read_status: autoneg is disabled
01-01 10:37:45.009 0 0 D : mv2112_read_status
01-01 10:37:45.013 0 0 D mv2112_update_link: 3.0x901(1G): 0x80
01-01 10:37:45.019 0 0 D mv2112_update_link: 3.0x8109(100M): 0x0
01-01 10:37:45.024 0 0 D mv2112_update_link: link 0x0
01-01 10:37:45.028 0 0 D mv2112_read_status: autoneg is disabled
01-01 10:37:46.033 0 0 D : mv2112_read_status
01-01 10:37:46.036 0 0 D mv2112_update_link: 3.0x901(1G): 0x80
01-01 10:37:46.043 0 0 D mv2112_update_link: 3.0x8109(100M): 0x0
01-01 10:37:46.048 0 0 D mv2112_update_link: link 0x0
01-01 10:37:46.053 0 0 D mv2112_read_status: autoneg is disabled
01-01 10:37:47.057 0 0 D : mv2112_read_status
01-01 10:37:47.061 0 0 D mv2112_update_link: 3.0x901(1G): 0x80
01-01 10:37:47.066 0 0 D mv2112_update_link: 3.0x8109(100M): 0x0
01-01 10:37:47.072 0 0 D mv2112_update_link: link 0x0
01-01 10:37:47.076 0 0 D mv2112_read_status: autoneg is disabled
01-01 10:37:47.078 0 0 I init : starting service 'qvrd_vndr'...
01-01 10:37:47.088 0 0 I init : Created socket '/dev/socket/qvrservice_vndr', mode 660, user 1000, group 1000
01-01 10:37:47.098 0 0 I init : Created socket '/dev/socket/qvrservice_vndr_camera', mode 660, user 1000, group 1000
01-01 10:37:47.123 0 0 I init : starting service 'sxrd'...
01-01 10:37:47.140 0 0 I init : starting service 'vendor.light-hal-2-0'...
08-26 19:58:48.493 9639 9639 F linker : CANNOT LINK EXECUTABLE "/vendor/bin/hw/qvrservice": library "vendor.qti.hardware.qxr-V1-ndk_platform.so" not found: needed by /vendor/lib64/libqvrservice.so in namespace (default)
01-01 10:37:47.159 0 0 I init : Service 'qvrd_vndr' (pid 9639) exited with status 1
01-01 10:37:47.166 0 0 I init : Sending signal 9 to service 'qvrd_vndr' (pid 9639) process group...
01-01 10:37:47.174 0 0 I libprocessgroup: Successfully killed process cgroup uid 1000 pid 9639 in 0ms
08-26 19:58:48.524 9640 9640 F linker : CANNOT LINK EXECUTABLE "/vendor/bin/hw/sxrservice": library "vendor.qti.hardware.qxr-V1-ndk_platform.so" not found: needed by main executable
01-01 10:37:47.184 0 0 I init : Service 'sxrd' (pid 9640) exited with status 1
01-01 10:37:47.191 0 0 I init : Sending signal 9 to service 'sxrd' (pid 9640) process group...
01-01 10:37:48.081 0 0 D : mv2112_read_status
01-01 10:37:48.085 0 0 D mv2112_update_link: 3.0x901(1G): 0x80
01-01 10:37:48.091 0 0 D mv2112_update_link: 3.0x8109(100M): 0x0
01-01 10:37:48.096 0 0 D mv2112_update_link: link 0x0
01-01 10:37:48.101 0 0 D mv2112_read_status: autoneg is disabled
01-01 10:37:49.105 0 0 D : mv2112_read_status
01-01 10:37:49.109 0 0 D mv2112_update_link: 3.0x901(1G): 0x80
01-01 10:37:49.114 0 0 D mv2112_update_link: 3.0x8109(100M): 0x0
01-01 10:37:49.120 0 0 D mv2112_update_link: link 0x0
01-01 10:37:49.124 0 0 D mv2112_read_status: autoneg is disabled
01-01 10:37:50.129 0 0 D : mv2112_read_status
01-01 10:37:50.133 0 0 D mv2112_update_link: 3.0x901(1G): 0x80
01-01 10:37:50.138 0 0 D mv2112_update_link: 3.0x8109(100M): 0x0
01-01 10:37:50.143 0 0 D mv2112_update_link: link 0x0
01-01 10:37:50.147 0 0 D mv2112_read_status: autoneg is disabled
01-01 10:37:51.153 0 0 D : mv2112_read_status
01-01 10:37:51.157 0 0 D mv2112_update_link: 3.0x901(1G): 0x80
01-01 10:37:51.162 0 0 D mv2112_update_link: 3.0x8109(100M): 0x0
01-01 10:37:51.168 0 0 D mv2112_update_link: link 0x0
01-01 10:37:51.172 0 0 D mv2112_read_status: autoneg is disabled
01-01 10:37:52.123 0 0 I init : starting service 'qvrd_vndr'...
01-01 10:37:52.130 0 0 I init : Created socket '/dev/socket/qvrservice_vndr', mode 660, user 1000, group 1000
01-01 10:37:52.140 0 0 I init : Created socket '/dev/socket/qvrservice_vndr_camera', mode 660, user 1000, group 1000
01-01 10:37:52.169 0 0 I init : starting service 'sxrd'...
01-01 10:37:52.177 0 0 D : mv2112_read_status
01-01 10:37:52.180 0 0 D mv2112_update_link: 3.0x901(1G): 0x80
01-01 10:37:52.185 0 0 D mv2112_update_link: 3.0x8109(100M): 0x0
01-01 10:37:52.187 0 0 I init : starting service 'vendor.light-hal-2-0'...
01-01 10:37:52.191 0 0 D mv2112_update_link: link 0x0
01-01 10:37:52.200 0 0 D mv2112_read_status: autoneg is disabled
08-26 19:58:53.554 9642 9642 F linker : CANNOT LINK EXECUTABLE "/vendor/bin/hw/qvrservice": library "vendor.qti.hardware.qxr-V1-ndk_platform.so" not found: needed by /vendor/lib64/libqvrservice.so in namespace (default)
08-26 19:58:53.568 9643 9643 F linker : CANNOT LINK EXECUTABLE "/vendor/bin/hw/sxrservice": library "vendor.qti.hardware.qxr-V1-ndk_platform.so" not found: needed by main executable
01-01 10:37:52.209 0 0 I init : Service 'qvrd_vndr' (pid 9642) exited with status 1
01-01 10:37:52.216 0 0 I init : Sending signal 9 to service 'qvrd_vndr' (pid 9642) process group...
01-01 10:37:52.224 0 0 I libprocessgroup: Successfully killed process cgroup uid 1000 pid 9642 in 0ms
01-01 10:37:52.234 0 0 I init : Service 'sxrd' (pid 9643) exited with status 1
01-01 10:37:52.240 0 0 I init : Sending signal 9 to service 'sxrd' (pid 9643) process group...
01-01 10:37:53.233 0 0 D : mv2112_read_status
01-01 10:37:53.237 0 0 D mv2112_update_link: 3.0x901(1G): 0x80
01-01 10:37:53.243 0 0 D mv2112_update_link: 3.0x8109(100M): 0x0
01-01 10:37:53.248 0 0 D mv2112_update_link: link 0x0
01-01 10:37:53.252 0 0 D mv2112_read_status: autoneg is disabled
01-01 10:37:54.257 0 0 D : mv2112_read_status
01-01 10:37:54.261 0 0 D mv2112_update_link: 3.0x901(1G): 0x80
01-01 10:37:54.266 0 0 D mv2112_update_link: 3.0x8109(100M): 0x0
01-01 10:37:54.272 0 0 D mv2112_update_link: link 0x0
01-01 10:37:54.276 0 0 D mv2112_read_status: autoneg is disabled
01-01 10:37:55.281 0 0 D : mv2112_read_status
01-01 10:37:55.285 0 0 D mv2112_update_link: 3.0x901(1G): 0x80
01-01 10:37:55.290 0 0 D mv2112_update_link: 3.0x8109(100M): 0x0
01-01 10:37:55.296 0 0 D mv2112_update_link: link 0x0
01-01 10:37:55.300 0 0 D mv2112_read_status: autoneg is disabled
01-01 10:37:56.306 0 0 D : mv2112_read_status
01-01 10:37:56.310 0 0 D mv2112_update_link: 3.0x901(1G): 0x80
01-01 10:37:56.316 0 0 D mv2112_update_link: 3.0x8109(100M): 0x0
01-01 10:37:56.321 0 0 D mv2112_update_link: link 0x0
01-01 10:37:56.326 0 0 D mv2112_read_status: autoneg is disabled
01-01 10:37:57.169 0 0 I init : starting service 'qvrd_vndr'...
01-01 10:37:57.176 0 0 I init : Created socket '/dev/socket/qvrservice_vndr', mode 660, user 1000, group 1000
01-01 10:37:57.187 0 0 I init : Created socket '/dev/socket/qvrservice_vndr_camera', mode 660, user 1000, group 1000
01-01 10:37:57.212 0 0 I init : starting service 'sxrd'...
01-01 10:37:57.229 0 0 I init : starting service 'vendor.light-hal-2-0'...
08-26 19:58:58.591 9645 9645 F linker : CANNOT LINK EXECUTABLE "/vendor/bin/hw/qvrservice": library "vendor.qti.hardware.qxr-V1-ndk_platform.so" not found: needed by /vendor/lib64/libqvrservice.so in namespace (default)
01-01 10:37:57.247 0 0 I init : Service 'qvrd_vndr' (pid 9645) exited with status 1
01-01 10:37:57.253 0 0 I init : Sending signal 9 to service 'qvrd_vndr' (pid 9645) process group...
01-01 10:37:57.262 0 0 I libprocessgroup: Successfully killed process cgroup uid 1000 pid 9645 in 0ms
08-26 19:58:58.609 9646 9646 F linker : CANNOT LINK EXECUTABLE "/vendor/bin/hw/sxrservice": library "vendor.qti.hardware.qxr-V1-ndk_platform.so" not found: needed by main executable
01-01 10:37:57.275 0 0 I init : Service 'sxrd' (pid 9646) exited with status 1
01-01 10:37:57.281 0 0 I init : Sending signal 9 to service 'sxrd' (pid 9646) process group...
01-01 10:37:57.329 0 0 D : mv2112_read_status
01-01 10:37:57.333 0 0 D mv2112_update_link: 3.0x901(1G): 0x80
01-01 10:37:57.338 0 0 D mv2112_update_link: 3.0x8109(100M): 0x0
01-01 10:37:57.343 0 0 D mv2112_update_link: link 0x0
01-01 10:37:57.348 0 0 D mv2112_read_status: autoneg is disabled
01-01 10:37:58.353 0 0 D : mv2112_read_status
01-01 10:37:58.357 0 0 D mv2112_update_link: 3.0x901(1G): 0x80
01-01 10:37:58.362 0 0 D mv2112_update_link: 3.0x8109(100M): 0x0
01-01 10:37:58.367 0 0 D mv2112_update_link: link 0x0
01-01 10:37:58.371 0 0 D mv2112_read_status: autoneg is disabled
01-01 10:37:59.416 0 0 D : mv2112_read_status
01-01 10:37:59.419 0 0 D mv2112_update_link: 3.0x901(1G): 0x80
01-01 10:37:59.425 0 0 D mv2112_update_link: 3.0x8109(100M): 0x0
01-01 10:37:59.430 0 0 D mv2112_update_link: link 0x0
01-01 10:37:59.435 0 0 D mv2112_read_status: autoneg is disabled
01-01 10:38:00.465 0 0 D : mv2112_read_status
01-01 10:38:00.469 0 0 D mv2112_update_link: 3.0x901(1G): 0x80
01-01 10:38:00.475 0 0 D mv2112_update_link: 3.0x8109(100M): 0x0
01-01 10:38:00.481 0 0 D mv2112_update_link: link 0x0
01-01 10:38:00.485 0 0 D mv2112_read_status: autoneg is disabled
01-01 10:38:01.489 0 0 D : mv2112_read_status
01-01 10:38:01.493 0 0 D mv2112_update_link: 3.0x901(1G): 0x80
01-01 10:38:01.498 0 0 D mv2112_update_link: 3.0x8109(100M): 0x0
01-01 10:38:01.503 0 0 D mv2112_update_link: link 0x0
01-01 10:38:01.507 0 0 D mv2112_read_status: autoneg is disabled
01-01 10:38:02.213 0 0 I init : starting service 'qvrd_vndr'...
01-01 10:38:02.219 0 0 I init : Created socket '/dev/socket/qvrservice_vndr', mode 660, user 1000, group 1000
01-01 10:38:02.229 0 0 I init : Created socket '/dev/socket/qvrservice_vndr_camera', mode 660, user 1000, group 1000
01-01 10:38:02.254 0 0 I init : starting service 'sxrd'...
01-01 10:38:02.271 0 0 I init : starting service 'vendor.light-hal-2-0'...
08-26 19:59:03.647 9648 9648 F linker : CANNOT LINK EXECUTABLE "/vendor/bin/hw/qvrservice": library "vendor.qti.hardware.qxr-V1-ndk_platform.so" not found: needed by /vendor/lib64/libqvrservice.so in namespace (default)
08-26 19:59:03.647 9649 9649 F linker : CANNOT LINK EXECUTABLE "/vendor/bin/hw/sxrservice": library "vendor.qti.hardware.qxr-V1-ndk_platform.so" not found: needed by main executable
01-01 10:38:02.303 0 0 I init : Service 'qvrd_vndr' (pid 9648) exited with status 1
01-01 10:38:02.309 0 0 I init : Sending signal 9 to service 'qvrd_vndr' (pid 9648) process group...
01-01 10:38:02.318 0 0 I libprocessgroup: Successfully killed process cgroup uid 1000 pid 9648 in 0ms
01-01 10:38:02.329 0 0 I init : Service 'sxrd' (pid 9649) exited with status 1
01-01 10:38:02.335 0 0 I init : Sending signal 9 to service 'sxrd' (pid 9649) process group...
01-01 10:38:02.513 0 0 D : mv2112_read_status
01-01 10:38:02.517 0 0 D mv2112_update_link: 3.0x901(1G): 0x80
01-01 10:38:02.522 0 0 D mv2112_update_link: 3.0x8109(100M): 0x0
01-01 10:38:02.528 0 0 D mv2112_update_link: link 0x0
01-01 10:38:02.532 0 0 D mv2112_read_status: autoneg is disabled
01-01 10:38:03.537 0 0 D : mv2112_read_status
01-01 10:38:03.541 0 0 D mv2112_update_link: 3.0x901(1G): 0x80
01-01 10:38:03.547 0 0 D mv2112_update_link: 3.0x8109(100M): 0x0
01-01 10:38:03.552 0 0 D mv2112_update_link: link 0x0
01-01 10:38:03.556 0 0 D mv2112_read_status: autoneg is disabled
01-01 10:38:04.561 0 0 D : mv2112_read_status
01-01 10:38:04.565 0 0 D mv2112_update_link: 3.0x901(1G): 0x80
01-01 10:38:04.570 0 0 D mv2112_update_link: 3.0x8109(100M): 0x0
01-01 10:38:04.576 0 0 D mv2112_update_link: link 0x0
01-01 10:38:04.580 0 0 D mv2112_read_status: autoneg is disabled
01-01 10:38:05.585 0 0 D : mv2112_read_status
01-01 10:38:05.589 0 0 D mv2112_update_link: 3.0x901(1G): 0x80
01-01 10:38:05.594 0 0 D mv2112_update_link: 3.0x8109(100M): 0x0
01-01 10:38:05.599 0 0 D mv2112_update_link: link 0x0
01-01 10:38:05.603 0 0 D mv2112_read_status: autoneg is disabled
01-01 10:38:06.609 0 0 D : mv2112_read_status
01-01 10:38:06.613 0 0 D mv2112_update_link: 3.0x901(1G): 0x80
01-01 10:38:06.618 0 0 D mv2112_update_link: 3.0x8109(100M): 0x0
01-01 10:38:06.624 0 0 D mv2112_update_link: link 0x0
01-01 10:38:06.628 0 0 D mv2112_read_status: autoneg is disabled
01-01 10:38:07.254 0 0 I init : starting service 'qvrd_vndr'...
01-01 10:38:07.261 0 0 I init : Created socket '/dev/socket/qvrservice_vndr', mode 660, user 1000, group 1000
01-01 10:38:07.272 0 0 I init : Created socket '/dev/socket/qvrservice_vndr_camera', mode 660, user 1000, group 1000
01-01 10:38:07.296 0 0 I init : starting service 'sxrd'...
01-01 10:38:07.313 0 0 I init : starting service 'vendor.light-hal-2-0'...
08-26 19:59:08.686 9652 9652 F linker : CANNOT LINK EXECUTABLE "/vendor/bin/hw/sxrservice": library "vendor.qti.hardware.qxr-V1-ndk_platform.so" not found: needed by main executable
08-26 19:59:08.688 9651 9651 F linker : CANNOT LINK EXECUTABLE "/vendor/bin/hw/qvrservice": library "vendor.qti.hardware.qxr-V1-ndk_platform.so" not found: needed by /vendor/lib64/libqvrservice.so in namespace (default)
01-01 10:38:07.341 0 0 I init : Service 'sxrd' (pid 9652) exited with status 1
01-01 10:38:07.348 0 0 I init : Sending signal 9 to service 'sxrd' (pid 9652) process group...
01-01 10:38:07.356 0 0 I libprocessgroup: Successfully killed process cgroup uid 1000 pid 9652 in 0ms
01-01 10:38:07.366 0 0 I init : Service 'qvrd_vndr' (pid 9651) exited with status 1
01-01 10:38:07.373 0 0 I init : Sending signal 9 to service 'qvrd_vndr' (pid 9651) process group...
01-01 10:38:07.633 0 0 D : mv2112_read_status
01-01 10:38:07.637 0 0 D mv2112_update_link: 3.0x901(1G): 0x80
01-01 10:38:07.642 0 0 D mv2112_update_link: 3.0x8109(100M): 0x0
01-01 10:38:07.648 0 0 D mv2112_update_link: link 0x0
01-01 10:38:07.652 0 0 D mv2112_read_status: autoneg is disabled
01-01 10:38:08.657 0 0 D : mv2112_read_status
01-01 10:38:08.662 0 0 D mv2112_update_link: 3.0x901(1G): 0x80
01-01 10:38:08.668 0 0 D mv2112_update_link: 3.0x8109(100M): 0x0
01-01 10:38:08.673 0 0 D mv2112_update_link: link 0x0
01-01 10:38:08.677 0 0 D mv2112_read_status: autoneg is disabled
01-01 10:38:09.681 0 0 D : mv2112_read_status
01-01 10:38:09.685 0 0 D mv2112_update_link: 3.0x901(1G): 0x80
01-01 10:38:09.690 0 0 D mv2112_update_link: 3.0x8109(100M): 0x0
01-01 10:38:09.695 0 0 D mv2112_update_link: link 0x0
01-01 10:38:09.699 0 0 D mv2112_read_status: autoneg is disabled
01-01 10:38:10.705 0 0 D : mv2112_read_status
