08-26 18:03:15.363 1146 1146 D SystemServerTiming: StartStorageStatsService took to complete: 21ms
08-26 18:03:15.363 1146 1146 I SystemServerTiming: StartUiModeManager
08-26 18:03:15.363 1146 1146 I SystemServiceManager: Starting com.android.server.UiModeManagerService
08-26 18:03:15.382 1146 1894 I SystemServerTimingAsync: InitThreadPoolExec:UiModeManager.onStart
08-26 18:03:15.382 1146 1894 D SystemServerInitThreadPool: Started executing UiModeManager.onStart
08-26 18:03:15.384 1146 1146 D SystemServerTiming: StartUiModeManager took to complete: 21ms
08-26 18:03:15.384 1146 1146 I SystemServerTiming: UpdatePackagesIfNeeded
08-26 18:03:15.384 1146 1146 I Watchdog: Pausing HandlerChecker: main thread for reason: dexopt. Pause count: 1
08-26 18:03:15.386 1146 1894 D SystemServerInitThreadPool: Finished executing UiModeManager.onStart
08-26 18:03:15.386 1146 1894 D SystemServerTimingAsync: InitThreadPoolExec:UiModeManager.onStart took to complete: 4ms
08-26 18:03:15.387 1146 1748 D PinnerService: pinRangeStream: null
08-26 18:03:15.442 1146 1748 D PinnerService: pinRangeStream: null
08-26 18:03:15.443 1146 1748 D PinnerService: pinRangeStream: null
08-26 18:03:15.488 1235 1235 W iorapd : Readahead disabled by system property
08-26 18:03:15.488 1146 1748 D PinnerService: pinRangeStream: null
08-26 18:03:15.491 1146 1748 D PinnerService: pinRangeStream: null
08-26 18:03:15.492 1146 1748 E PinnerService: Could not pin file /system/lib64/libsurfaceflinger.so
08-26 18:03:15.492 1146 1748 E PinnerService: android.system.ErrnoException: open failed: ENOENT (No such file or directory)
08-26 18:03:15.492 1146 1748 E PinnerService: at libcore.io.Linux.open(Native Method)
08-26 18:03:15.492 1146 1748 E PinnerService: at libcore.io.ForwardingOs.open(ForwardingOs.java:567)
08-26 18:03:15.492 1146 1748 E PinnerService: at libcore.io.BlockGuardOs.open(BlockGuardOs.java:273)
08-26 18:03:15.492 1146 1748 E PinnerService: at android.system.Os.open(Os.java:501)
08-26 18:03:15.492 1146 1748 E PinnerService: at com.android.server.PinnerService.pinFileRanges(PinnerService.java:939)
08-26 18:03:15.492 1146 1748 E PinnerService: at com.android.server.PinnerService.pinFile(PinnerService.java:814)
08-26 18:03:15.492 1146 1748 E PinnerService: at com.android.server.PinnerService.handlePinOnStart(PinnerService.java:273)
08-26 18:03:15.492 1146 1748 E PinnerService: at com.android.server.PinnerService.access$1600(PinnerService.java:91)
08-26 18:03:15.492 1146 1748 E PinnerService: at com.android.server.PinnerService$PinnerHandler.handleMessage(PinnerService.java:1183)
08-26 18:03:15.492 1146 1748 E PinnerService: at android.os.Handler.dispatchMessage(Handler.java:106)
08-26 18:03:15.492 1146 1748 E PinnerService: at android.os.Looper.loopOnce(Looper.java:201)
08-26 18:03:15.492 1146 1748 E PinnerService: at android.os.Looper.loop(Looper.java:288)
08-26 18:03:15.492 1146 1748 E PinnerService: at android.os.HandlerThread.run(HandlerThread.java:67)
08-26 18:03:15.492 1146 1748 E PinnerService: Failed to pin file = /system/lib64/libsurfaceflinger.so
08-26 18:03:15.505 1235 1235 W iorapd : Reconnect to package manager service: 1 times
08-26 18:03:15.571 1896 1896 D iorap.prefetcherd: Installing minijail
08-26 18:03:15.574 1896 1896 W iorap.prefetcherd: No seccomp filter defined for this architecture.
08-26 18:03:16.080 695 695 D ZygoteInitTiming_lazy: PreloadClasses took to complete: 1349ms
08-26 18:03:16.118 695 695 D ZygoteInitTiming_lazy: CacheNonBootClasspathClassLoaders took to complete: 38ms
08-26 18:03:16.155 695 695 D ZygoteInitTiming_lazy: PreloadResources took to complete: 37ms
08-26 18:03:16.446 1146 1859 D SystemServerTimingAsync: SecondaryZygotePreload took to complete: 1818ms
08-26 18:03:16.446 1146 1859 D SystemServerInitThreadPool: Finished executing SecondaryZygotePreload
08-26 18:03:16.446 1146 1859 D SystemServerTimingAsync: InitThreadPoolExec:SecondaryZygotePreload took to complete: 1818ms
08-26 18:03:16.508 1235 1235 I iorapd : iorapd (the prefetchening) readied up
08-26 18:03:17.189 1146 1730 W BackgroundDexOptService: SysProp pm.dexopt.downgrade_after_inactive_days not set
08-26 18:03:18.096 1146 1882 I WatchlistLoggingHandler: Milliseconds spent on tryAggregateRecords(): 2924
08-26 18:03:18.097 1146 1730 I DropBoxManagerService: add tag=system_server_strictmode isTagEnabled=true flags=0x2
08-26 18:03:18.099 1146 1730 I DropBoxManagerService: add tag=system_server_strictmode isTagEnabled=true flags=0x2
08-26 18:03:18.101 1146 1730 I DropBoxManagerService: add tag=system_server_strictmode isTagEnabled=true flags=0x2
08-26 18:03:18.103 1146 1730 I DropBoxManagerService: add tag=system_server_strictmode isTagEnabled=true flags=0x2
08-26 18:03:18.104 1146 1730 I DropBoxManagerService: add tag=system_server_strictmode isTagEnabled=true flags=0x2
08-26 18:03:18.105 1146 1730 I DropBoxManagerService: add tag=system_server_strictmode isTagEnabled=true flags=0x2
08-26 18:03:18.107 1146 1730 I DropBoxManagerService: add tag=system_server_strictmode isTagEnabled=true flags=0x2
08-26 18:03:18.108 1146 1730 I DropBoxManagerService: add tag=system_server_strictmode isTagEnabled=true flags=0x2
08-26 18:03:18.109 1146 1730 I DropBoxManagerService: add tag=system_server_strictmode isTagEnabled=true flags=0x2
08-26 18:03:18.111 1146 1730 I DropBoxManagerService: add tag=system_server_strictmode isTagEnabled=true flags=0x2
08-26 18:03:18.771 1976 1976 F linker : CANNOT LINK EXECUTABLE "/vendor/bin/hw/qvrservice": library "vendor.qti.hardware.qxr-V1-ndk_platform.so" not found: needed by /vendor/lib64/libqvrservice.so in namespace (default)
08-26 18:03:18.794 1977 1977 F linker : CANNOT LINK EXECUTABLE "/vendor/bin/hw/sxrservice": library "vendor.qti.hardware.qxr-V1-ndk_platform.so" not found: needed by main executable
08-26 18:03:23.086 1146 1146 I Watchdog: Resuming HandlerChecker: main thread for reason: dexopt. Pause count: 0
08-26 18:03:23.086 1146 1146 D SystemServerTiming: UpdatePackagesIfNeeded took to complete: 7702ms
08-26 18:03:23.086 1146 1146 I SystemServerTiming: PerformFstrimIfNeeded
08-26 18:03:23.087 1146 1146 W PackageManager: No disk maintenance in 1661508203087; running immediately
08-26 18:03:23.087 1146 1146 D SystemServerTiming: PerformFstrimIfNeeded took to complete: 1ms
08-26 18:03:23.087 1146 1146 I SystemServerTiming: StartLockSettingsService
08-26 18:03:23.087 1146 1892 I StorageManagerService: Running fstrim idle maintenance
08-26 18:03:23.087 1146 1146 I SystemServiceManager: Starting com.android.server.locksettings.LockSettingsService$Lifecycle
08-26 18:03:23.090 564 2130 D vold : Starting trim of /metadata
08-26 18:03:23.095 564 2130 I vold : Trimmed 11862016 bytes on /metadata in 5ms
08-26 18:03:23.096 564 2130 D vold : Starting trim of /data
08-26 18:03:23.096 564 2130 I vold : Trimmed 0 bytes on /data in 0ms
08-26 18:03:23.096 564 2130 D vold : Starting trim of /mnt/vendor/persist
08-26 18:03:23.096 1146 1625 I DropBoxManagerService: add tag=storage_trim isTagEnabled=true flags=0x2
08-26 18:03:23.097 1146 1842 I DropBoxManagerService: add tag=storage_trim isTagEnabled=true flags=0x2
08-26 18:03:23.100 564 2130 I vold : Trimmed 28020736 bytes on /mnt/vendor/persist in 3ms
08-26 18:03:23.100 564 2130 D vold : Starting trim of /mnt/vendor/spunvm
08-26 18:03:23.100 1146 1842 I DropBoxManagerService: add tag=storage_trim isTagEnabled=true flags=0x2
08-26 18:03:23.100 564 2130 W vold : Failed to open /mnt/vendor/spunvm: Permission denied
08-26 18:03:23.102 1146 1146 D SystemServerTiming: StartLockSettingsService took to complete: 15ms
08-26 18:03:23.102 1146 1146 I SystemServerTiming: StartPersistentDataBlock
08-26 18:03:23.102 1146 1146 I SystemServiceManager: Starting com.android.server.PersistentDataBlockService
08-26 18:03:23.103 1146 1146 D SystemServerTiming: StartPersistentDataBlock took to complete: 1ms
08-26 18:03:23.103 1146 1146 I SystemServerTiming: StartTestHarnessMode
08-26 18:03:23.103 1146 1146 I SystemServiceManager: Starting com.android.server.testharness.TestHarnessModeService
08-26 18:03:23.104 1146 2132 I SystemServerTimingAsync: InitThreadPoolExec:PersistentDataBlockService.onStart
08-26 18:03:23.104 1146 1146 D SystemServerTiming: StartTestHarnessMode took to complete: 1ms
08-26 18:03:23.104 1146 1146 I SystemServerTiming: StartOemLockService
08-26 18:03:23.104 1146 2132 D SystemServerInitThreadPool: Started executing PersistentDataBlockService.onStart
08-26 18:03:23.104 1146 1146 I SystemServiceManager: Starting com.android.server.oemlock.OemLockService
08-26 18:03:23.105 1146 1146 I OemLock : OemLock HAL not present on device
08-26 18:03:23.105 1146 1146 I OemLock : Using persistent data block based lock
08-26 18:03:23.105 1146 1146 D SystemServerTiming: StartOemLockService took to complete: 1ms
08-26 18:03:23.105 1146 1146 I SystemServerTiming: StartDeviceIdleController
08-26 18:03:23.105 1146 1146 I SystemServiceManager: Starting com.android.server.DeviceIdleController
08-26 18:03:23.107 1146 1146 D SystemServerTiming: StartDeviceIdleController took to complete: 2ms
08-26 18:03:23.107 1146 1146 I SystemServerTiming: StartDevicePolicyManager
08-26 18:03:23.107 1146 1146 I SystemServiceManager: Starting com.android.server.devicepolicy.DevicePolicyManagerService$Lifecycle
08-26 18:03:23.107 1146 2132 E PersistentDataBlockService: not able to find package com.google.android.gms
08-26 18:03:23.107 1146 2132 E PersistentDataBlockService: android.content.pm.PackageManager$NameNotFoundException: com.google.android.gms
08-26 18:03:23.107 1146 2132 E PersistentDataBlockService: at android.app.ApplicationPackageManager.getPackageUidAsUser(ApplicationPackageManager.java:364)
08-26 18:03:23.107 1146 2132 E PersistentDataBlockService: at com.android.server.PersistentDataBlockService.getAllowedUid(PersistentDataBlockService.java:162)
08-26 18:03:23.107 1146 2132 E PersistentDataBlockService: at com.android.server.PersistentDataBlockService.lambda$onStart$0$PersistentDataBlockService(PersistentDataBlockService.java:176)
08-26 18:03:23.107 1146 2132 E PersistentDataBlockService: at com.android.server.PersistentDataBlockService$$ExternalSyntheticLambda0.run(Unknown Source:2)
08-26 18:03:23.107 1146 2132 E PersistentDataBlockService: at com.android.server.SystemServerInitThreadPool.lambda$submitTask$0$SystemServerInitThreadPool(SystemServerInitThreadPool.java:105)
08-26 18:03:23.107 1146 2132 E PersistentDataBlockService: at com.android.server.SystemServerInitThreadPool$$ExternalSyntheticLambda0.run(Unknown Source:6)
08-26 18:03:23.107 1146 2132 E PersistentDataBlockService: at java.util.concurrent.Executors$RunnableAdapter.call(Executors.java:462)
08-26 18:03:23.107 1146 2132 E PersistentDataBlockService: at java.util.concurrent.FutureTask.run(FutureTask.java:266)
08-26 18:03:23.107 1146 2132 E PersistentDataBlockService: at java.util.concurrent.ThreadPoolExecutor.runWorker(ThreadPoolExecutor.java:1167)
08-26 18:03:23.107 1146 2132 E PersistentDataBlockService: at java.util.concurrent.ThreadPoolExecutor$Worker.run(ThreadPoolExecutor.java:641)
08-26 18:03:23.107 1146 2132 E PersistentDataBlockService: at com.android.internal.util.ConcurrentUtils$1$1.run(ConcurrentUtils.java:65)
08-26 18:03:23.110 1146 1146 D SystemServerTiming: StartDevicePolicyManager took to complete: 3ms
08-26 18:03:23.110 1146 1146 I SystemServerTiming: StartStatusBarManagerService
08-26 18:03:23.110 1146 1146 D SystemServerTiming: StartStatusBarManagerService took to complete: 0ms
08-26 18:03:23.110 1146 1146 D SystemServer: MusicRecognitionManagerService not defined by OEM or disabled by flag
08-26 18:03:23.110 1146 1146 D SystemServer: ContentCaptureService disabled because resource is not overlaid
08-26 18:03:23.111 1146 1146 D SystemServer: AttentionService is not configured on this device
08-26 18:03:23.111 1146 1146 D SystemServer: RotationResolverService is not configured on this device
08-26 18:03:23.111 1146 1146 D SystemServer: SystemCaptionsManagerService disabled because resource is not overlaid
08-26 18:03:23.111 1146 1146 I SystemServerTiming: StartTextToSpeechManagerService
08-26 18:03:23.111 1146 1146 I SystemServiceManager: Starting com.android.server.texttospeech.TextToSpeechManagerService
08-26 18:03:23.112 1146 1146 D SystemServerTiming: StartTextToSpeechManagerService took to complete: 1ms
08-26 18:03:23.112 1146 1146 I SystemServerTiming: StartSpeechRecognitionManagerService
08-26 18:03:23.112 1146 1146 I SystemServiceManager: Starting com.android.server.speech.SpeechRecognitionManagerService
08-26 18:03:23.112 1146 1146 D SystemServerTiming: StartSpeechRecognitionManagerService took to complete: 1ms
08-26 18:03:23.112 1146 1146 D SystemServer: AppPredictionService not defined by OEM
08-26 18:03:23.113 1146 1146 D SystemServer: ContentSuggestionsService not defined by OEM
08-26 18:03:23.113 1146 1146 I SystemServerTiming: StartSearchUiService
08-26 18:03:23.113 1146 1146 I SystemServiceManager: Starting com.android.server.searchui.SearchUiManagerService
08-26 18:03:23.113 1146 1146 D SystemServerTiming: StartSearchUiService took to complete: 0ms
08-26 18:03:23.113 1146 1146 I SystemServerTiming: StartSmartspaceService
08-26 18:03:23.113 1146 1146 I SystemServiceManager: Starting com.android.server.smartspace.SmartspaceManagerService
08-26 18:03:23.114 1146 1146 D SystemServerTiming: StartSmartspaceService took to complete: 1ms
08-26 18:03:23.114 1146 1146 I SystemServerTiming: InitConnectivityModuleConnector
08-26 18:03:23.114 1146 1146 D ConnectivityModuleConnector: Network stack init
08-26 18:03:23.115 1146 1146 D SystemServerTiming: InitConnectivityModuleConnector took to complete: 1ms
08-26 18:03:23.115 1146 1146 I SystemServerTiming: InitNetworkStackClient
08-26 18:03:23.115 1146 1146 D SystemServerTiming: InitNetworkStackClient took to complete: 1ms
08-26 18:03:23.116 1146 1146 I SystemServerTiming: StartNetworkManagementService
08-26 18:03:23.118 1146 2132 I PersistentDataBlockService: Formatting FRP partition...
08-26 18:03:23.119 1146 1146 D SystemServerTiming: StartNetworkManagementService took to complete: 3ms
08-26 18:03:23.119 1146 1146 I SystemServerTiming: StartIpSecService
08-26 18:03:23.120 1146 1146 D SystemServerTiming: StartIpSecService took to complete: 1ms
08-26 18:03:23.120 1146 1146 I SystemServerTiming: StartFontManagerService
08-26 18:03:23.146 1146 2132 D SystemServerInitThreadPool: Finished executing PersistentDataBlockService.onStart
08-26 18:03:23.146 1146 2132 D SystemServerTimingAsync: InitThreadPoolExec:PersistentDataBlockService.onStart took to complete: 42ms
08-26 18:03:23.234 1146 1146 D SystemServerTiming: StartFontManagerService took to complete: 113ms
08-26 18:03:23.234 1146 1146 I SystemServerTiming: StartTextServicesManager
08-26 18:03:23.234 1146 1146 I SystemServiceManager: Starting com.android.server.textservices.TextServicesManagerService$Lifecycle
08-26 18:03:23.235 1146 1146 D SystemServerTiming: StartTextServicesManager took to complete: 1ms
08-26 18:03:23.235 1146 1146 I SystemServerTiming: StartTextClassificationManagerService
08-26 18:03:23.235 1146 1146 I SystemServiceManager: Starting com.android.server.textclassifier.TextClassificationManagerService$Lifecycle
08-26 18:03:23.236 1146 1146 D SystemServerTiming: StartTextClassificationManagerService took to complete: 1ms
08-26 18:03:23.236 1146 1146 I SystemServerTiming: StartNetworkScoreService
08-26 18:03:23.236 1146 1146 I SystemServiceManager: Starting com.android.server.NetworkScoreService$Lifecycle
08-26 18:03:23.237 1146 1146 D SystemServerTiming: StartNetworkScoreService took to complete: 1ms
08-26 18:03:23.237 1146 1146 I SystemServerTiming: StartNetworkStatsService
08-26 18:03:23.239 1146 1146 D SystemServerTiming: StartNetworkStatsService took to complete: 2ms
08-26 18:03:23.239 1146 1146 I SystemServerTiming: StartNetworkPolicyManagerService
08-26 18:03:23.242 1146 1146 D SystemServerTiming: StartNetworkPolicyManagerService took to complete: 3ms
08-26 18:03:23.242 1146 1146 I SystemServerTiming: StartWifi
08-26 18:03:23.273 1146 1146 I SystemServiceManager: Starting com.android.server.wifi.WifiService
08-26 18:03:23.348 1286 1286 I wificond: New wificond event callback registered
08-26 18:03:23.353 1146 1146 V HistoricalRegistry: Interaction before persistence initialized
08-26 18:03:23.358 1146 1146 D SystemServerTiming: StartWifi took to complete: 116ms
08-26 18:03:23.358 1146 1146 I SystemServerTiming: StartWifiScanning
08-26 18:03:23.358 1146 1146 I SystemServiceManager: Starting com.android.server.wifi.scanner.WifiScanningService
08-26 18:03:23.361 1146 1146 D SystemServerTiming: StartWifiScanning took to complete: 2ms
08-26 18:03:23.361 1146 1146 I SystemServerTiming: StartRttService
08-26 18:03:23.361 1146 1146 I SystemServiceManager: Starting com.android.server.wifi.rtt.RttService
08-26 18:03:23.362 1146 1146 D SystemServerTiming: StartRttService took to complete: 0ms
08-26 18:03:23.362 1146 1146 I SystemServerTiming: StartWifiAware
08-26 18:03:23.362 1146 1146 I SystemServiceManager: Starting com.android.server.wifi.aware.WifiAwareService
08-26 18:03:23.363 1146 1146 D SystemServerTiming: StartWifiAware took to complete: 1ms
08-26 18:03:23.363 1146 1146 I SystemServerTiming: StartWifiP2P
08-26 18:03:23.363 1146 1146 I SystemServiceManager: Starting com.android.server.wifi.p2p.WifiP2pService
08-26 18:03:23.369 1146 1146 D SystemServerTiming: StartWifiP2P took to complete: 6ms
08-26 18:03:23.369 1146 1146 I SystemServerTiming: StartEthernet
08-26 18:03:23.369 1146 1146 I SystemServiceManager: Starting com.android.server.ethernet.EthernetService
08-26 18:03:23.370 1146 1146 D SystemServerTiming: StartEthernet took to complete: 1ms
08-26 18:03:23.370 1146 1146 I SystemServerTiming: StartPacProxyService
08-26 18:03:23.372 1146 1146 D SystemServerTiming: StartPacProxyService took to complete: 2ms
08-26 18:03:23.372 1146 1146 I SystemServerTiming: StartConnectivityService
08-26 18:03:23.384 1146 1146 I SystemServiceManager: Starting com.android.server.ConnectivityServiceInitializer
08-26 18:03:23.415 1146 1146 D CompatibilityChangeReporter: Compat change id reported: 182478738; UID 1000; state: ENABLED
08-26 18:03:23.419 1146 1146 D SystemServerTiming: StartConnectivityService took to complete: 47ms
08-26 18:03:23.419 1146 1146 I SystemServerTiming: StartVpnManagerService
08-26 18:03:23.421 1146 1146 D SystemServerTiming: StartVpnManagerService took to complete: 3ms
08-26 18:03:23.421 1146 1146 I SystemServerTiming: StartVcnManagementService
08-26 18:03:23.424 1146 1146 D SystemServerTiming: StartVcnManagementService took to complete: 2ms
08-26 18:03:23.424 1146 1146 I SystemServerTiming: StartNsdService
08-26 18:03:23.424 1146 1146 D NsdService: Network service discovery is enabled
08-26 18:03:23.426 1146 1146 D SystemServerTiming: StartNsdService took to complete: 2ms
08-26 18:03:23.426 1146 1146 I SystemServerTiming: StartSystemUpdateManagerService
08-26 18:03:23.427 1146 1146 I SystemUpdateManagerService: No existing info file /data/system/system-update-info.xml
08-26 18:03:23.427 1146 1146 D SystemServerTiming: StartSystemUpdateManagerService took to complete: 2ms
08-26 18:03:23.427 1146 1146 I SystemServerTiming: StartUpdateLockService
08-26 18:03:23.428 1146 1146 D SystemServerTiming: StartUpdateLockService took to complete: 0ms
08-26 18:03:23.428 1146 1146 I SystemServerTiming: StartNotificationManager
08-26 18:03:23.428 1146 1146 I SystemServiceManager: Starting com.android.server.notification.NotificationManagerService
08-26 18:03:23.432 1146 1146 D ConditionProviders.SCP: new ScheduleConditionProvider()
08-26 18:03:23.434 1146 1146 I ConditionProviders: Allowing condition provider com.android.camera2 (userSet: true)
08-26 18:03:23.434 1146 1146 I ConditionProviders: Allowing condition provider android.ext.services/android.ext.services.notification.Assistant (userSet: true)
08-26 18:03:23.434 1146 1146 I NotificationAssistants: Allowing notification assistant android.ext.services/android.ext.services.notification.Assistant (userSet: false)
08-26 18:03:23.434 1146 1146 V NotificationAssistants: enabling notification assistant for 0: ComponentInfo{android.ext.services/android.ext.services.notification.Assistant}
08-26 18:03:23.434 1146 1146 V NotificationAssistants: binding: Intent { act=android.service.notification.NotificationAssistantService cmp=android.ext.services/.notification.Assistant (has extras) }
08-26 18:03:23.437 1146 1146 D CompatibilityChangeReporter: Compat change id reported: 157233955; UID 1000; state: ENABLED
08-26 18:03:23.459 1146 1146 D SystemServerTiming: StartNotificationManager took to complete: 31ms
08-26 18:03:23.459 1146 1146 I SystemServerTiming: StartDeviceMonitor
08-26 18:03:23.459 1146 1146 I SystemServiceManager: Starting com.android.server.storage.DeviceStorageMonitorService
08-26 18:03:23.461 1146 1146 D SystemServerTiming: StartDeviceMonitor took to complete: 2ms
08-26 18:03:23.461 1146 1146 I SystemServerTiming: StartLocationManagerService
08-26 18:03:23.461 1146 1146 I SystemServiceManager: Starting com.android.server.location.LocationManagerService$Lifecycle
08-26 18:03:23.467 1146 1146 D SystemServerTiming: StartLocationManagerService took to complete: 6ms
08-26 18:03:23.467 1146 1146 I SystemServerTiming: StartCountryDetectorService
08-26 18:03:23.471 1146 1146 D SystemServerTiming: StartCountryDetectorService took to complete: 4ms
08-26 18:03:23.471 1146 1146 I SystemServerTiming: StartTimeDetectorService
08-26 18:03:23.471 1146 1146 I SystemServiceManager: Starting com.android.server.timedetector.TimeDetectorService$Lifecycle
08-26 18:03:23.472 1146 1146 D SystemServerTiming: StartTimeDetectorService took to complete: 1ms
08-26 18:03:23.472 1146 1146 I SystemServerTiming: StartTimeZoneDetectorService
08-26 18:03:23.472 1146 1146 I SystemServiceManager: Starting com.android.server.timezonedetector.TimeZoneDetectorService$Lifecycle
08-26 18:03:23.474 1146 1146 D SystemServerTiming: StartTimeZoneDetectorService took to complete: 1ms
08-26 18:03:23.474 1146 1146 I SystemServerTiming: StartLocationTimeZoneManagerService
08-26 18:03:23.474 1146 1146 I SystemServiceManager: Starting com.android.server.timezonedetector.location.LocationTimeZoneManagerService$Lifecycle
08-26 18:03:23.475 1146 1146 D SystemServerTiming: StartLocationTimeZoneManagerService took to complete: 1ms
08-26 18:03:23.475 1146 1146 I SystemServerTiming: StartSearchManagerService
08-26 18:03:23.475 1146 1146 I SystemServiceManager: Starting com.android.server.search.SearchManagerService$Lifecycle
08-26 18:03:23.476 1146 1146 D SystemServerTiming: StartSearchManagerService took to complete: 1ms
08-26 18:03:23.476 1146 1146 I SystemServerTiming: StartWallpaperManagerService
08-26 18:03:23.476 1146 1146 I SystemServiceManager: Starting com.android.server.wallpaper.WallpaperManagerService$Lifecycle
08-26 18:03:23.477 1146 1146 D SystemServerTiming: StartWallpaperManagerService took to complete: 1ms
08-26 18:03:23.477 1146 1146 I SystemServerTiming: StartAudioService
08-26 18:03:23.477 1146 1146 I SystemServiceManager: Starting com.android.server.audio.AudioService$Lifecycle
08-26 18:03:23.524 1146 1146 D SystemServerTiming: StartAudioService took to complete: 47ms
08-26 18:03:23.524 1146 1146 I SystemServerTiming: StartSoundTriggerMiddlewareService
08-26 18:03:23.524 1146 1146 I SystemServiceManager: Starting com.android.server.soundtrigger_middleware.SoundTriggerMiddlewareService$Lifecycle
08-26 18:03:23.533 1146 1146 D SystemServerTiming: StartSoundTriggerMiddlewareService took to complete: 10ms
08-26 18:03:23.534 1146 1146 I SystemServerTiming: StartDockObserver
08-26 18:03:23.534 1146 1146 I SystemServiceManager: Starting com.android.server.DockObserver
08-26 18:03:23.534 1146 1146 W DockObserver: This kernel does not have dock station support
08-26 18:03:23.535 1146 1146 D SystemServerTiming: StartDockObserver took to complete: 1ms
08-26 18:03:23.535 1146 1146 I SystemServerTiming: StartWiredAccessoryManager
08-26 18:03:23.536 1146 1146 W WiredAccessoryManager: This kernel does not have usb audio support
08-26 18:03:23.536 1146 1146 W WiredAccessoryManager: This kernel does not have HDMI audio support
08-26 18:03:23.536 1146 1146 E WiredAccessoryManager: file /sys/devices/platform/soc/soc:qcom,msm-ext-disp/extcon/extcon3/name not found
08-26 18:03:23.536 1146 1146 W WiredAccessoryManager: Conn soc:qcom,msm-ext-disp/3/0 does not have DP audio support
08-26 18:03:23.537 1146 1146 E WiredAccessoryManager: file /sys/devices/platform/soc/soc:qcom,msm-ext-disp/extcon/extcon2/name not found
08-26 18:03:23.537 1146 1146 W WiredAccessoryManager: Conn soc:qcom,msm-ext-disp/2/0 does not have DP audio support
08-26 18:03:23.538 1146 1146 E WiredAccessoryManager: set dev_index 1
08-26 18:03:23.539 1146 1146 W WiredAccessoryManager: checkCableIndex set cable 0
08-26 18:03:23.540 1146 1146 E WiredAccessoryManager: set dev_index 0
08-26 18:03:23.541 1146 1146 W WiredAccessoryManager: checkCableIndex set cable 0
08-26 18:03:23.541 1146 1146 D SystemServerTiming: StartWiredAccessoryManager took to complete: 6ms
08-26 18:03:23.541 1146 1146 I SystemServerTiming: StartMidiManager
08-26 18:03:23.541 1146 1146 I SystemServiceManager: Starting com.android.server.midi.MidiService$Lifecycle
08-26 18:03:23.542 1146 1146 D SystemServerTiming: StartMidiManager took to complete: 1ms
08-26 18:03:23.542 1146 1146 I SystemServerTiming: StartAdbService
08-26 18:03:23.542 1146 1146 I SystemServiceManager: Starting com.android.server.adb.AdbService$Lifecycle
08-26 18:03:23.551 1146 1146 D SystemServerTiming: StartAdbService took to complete: 9ms
08-26 18:03:23.551 1146 1146 I SystemServerTiming: StartUsbService
08-26 18:03:23.551 1146 1146 I SystemServiceManager: Starting com.android.server.usb.UsbService$Lifecycle
08-26 18:03:23.551 1146 1146 D SystemServerTiming: StartUsbService took to complete: 0ms
08-26 18:03:23.551 1146 1146 I SystemServerTiming: StartSerialService
08-26 18:03:23.551 1146 1737 I SystemServerTimingAsync: InitThreadPoolExec:UsbService$Lifecycle#onStart
08-26 18:03:23.551 1146 1737 D SystemServerInitThreadPool: Started executing UsbService$Lifecycle#onStart
08-26 18:03:23.552 1146 1737 E UsbDeviceManager: failed to write to /sys/class/android_usb/android0/f_rndis/ethaddr
08-26 18:03:23.552 1146 1146 D SystemServerTiming: StartSerialService took to complete: 1ms
08-26 18:03:23.552 1146 1146 I SystemServerTiming: StartHardwarePropertiesManagerService
08-26 18:03:23.553 1146 1737 I UsbDeviceManager: USB GADGET HAL not present in the device
08-26 18:03:23.553 1146 1737 I UsbDeviceManager: java.util.NoSuchElementException
08-26 18:03:23.553 1146 1737 I UsbDeviceManager: at android.os.HwBinder.getService(Native Method)
08-26 18:03:23.553 1146 1737 I UsbDeviceManager: at android.hardware.usb.gadget.V1_0.IUsbGadget.getService(IUsbGadget.java:57)
08-26 18:03:23.553 1146 1737 I UsbDeviceManager: at android.hardware.usb.gadget.V1_0.IUsbGadget.getService(IUsbGadget.java:64)
08-26 18:03:23.553 1146 1737 I UsbDeviceManager: at com.android.server.usb.UsbDeviceManager.(UsbDeviceManager.java:293)
08-26 18:03:23.553 1146 1737 I UsbDeviceManager: at com.android.server.usb.UsbService.(UsbService.java:178)
08-26 18:03:23.553 1146 1737 I UsbDeviceManager: at com.android.server.usb.UsbService$Lifecycle.lambda$onStart$0$UsbService$Lifecycle(UsbService.java:92)
08-26 18:03:23.553 1146 1737 I UsbDeviceManager: at com.android.server.usb.UsbService$Lifecycle$$ExternalSyntheticLambda1.run(Unknown Source:2)
08-26 18:03:23.553 1146 1737 I UsbDeviceManager: at com.android.server.SystemServerInitThreadPool.lambda$submitTask$0$SystemServerInitThreadPool(SystemServerInitThreadPool.java:105)
08-26 18:03:23.553 1146 1737 I UsbDeviceManager: at com.android.server.SystemServerInitThreadPool$$ExternalSyntheticLambda0.run(Unknown Source:6)
08-26 18:03:23.553 1146 1737 I UsbDeviceManager: at java.util.concurrent.Executors$RunnableAdapter.call(Executors.java:462)
08-26 18:03:23.553 1146 1737 I UsbDeviceManager: at java.util.concurrent.FutureTask.run(FutureTask.java:266)
08-26 18:03:23.553 1146 1737 I UsbDeviceManager: at java.util.concurrent.ThreadPoolExecutor.runWorker(ThreadPoolExecutor.java:1167)
08-26 18:03:23.553 1146 1737 I UsbDeviceManager: at java.util.concurrent.ThreadPoolExecutor$Worker.run(ThreadPoolExecutor.java:641)
08-26 18:03:23.553 1146 1737 I UsbDeviceManager: at com.android.internal.util.ConcurrentUtils$1$1.run(ConcurrentUtils.java:65)
08-26 18:03:23.553 1146 1737 E UsbDeviceManager: Failed to open control for mtp
08-26 18:03:23.553 1146 1737 E UsbDeviceManager: Failed to open control for ptp
08-26 18:03:23.555 1146 1737 W StorageManagerService: No primary storage defined yet; hacking together a stub
08-26 18:03:23.559 1146 1146 D SystemServerTiming: StartHardwarePropertiesManagerService took to complete: 7ms
08-26 18:03:23.559 1146 1146 I SystemServerTiming: StartTwilightService
08-26 18:03:23.559 1146 1146 I SystemServiceManager: Starting com.android.server.twilight.TwilightService
08-26 18:03:23.559 1146 1146 D SystemServerTiming: StartTwilightService took to complete: 0ms
08-26 18:03:23.559 1146 1146 I SystemServerTiming: StartColorDisplay
08-26 18:03:23.559 1146 1146 I SystemServiceManager: Starting com.android.server.display.color.ColorDisplayService
08-26 18:03:23.560 1146 1883 I UsbPortManager: Usb hal service started android.hardware.usb@1.0::IUsb default
08-26 18:03:23.561 1146 1146 D SystemServerTiming: StartColorDisplay took to complete: 2ms
08-26 18:03:23.561 1146 1146 I SystemServerTiming: StartJobScheduler
08-26 18:03:23.561 1146 1146 I SystemServiceManager: Starting com.android.server.job.JobSchedulerService
08-26 18:03:23.564 1146 1146 I JobStore: Read 0 jobs
08-26 18:03:23.571 1146 1146 V HistoricalRegistry: Interaction before persistence initialized
08-26 18:03:23.571 1146 1146 V HistoricalRegistry: Interaction before persistence initialized
08-26 18:03:23.572 1146 1146 D SystemServerTiming: StartJobScheduler took to complete: 11ms
08-26 18:03:23.572 1146 1146 I SystemServerTiming: StartSoundTrigger
08-26 18:03:23.572 1146 1146 I SystemServiceManager: Starting com.android.server.soundtrigger.SoundTriggerService
08-26 18:03:23.574 1146 1737 I UsbPortManager: USB HAL version: 12
08-26 18:03:23.574 1146 1146 D SystemServerTiming: StartSoundTrigger took to complete: 2ms
08-26 18:03:23.577 1146 1146 I SystemServerTiming: StartTrustManager
08-26 18:03:23.577 1146 1146 I SystemServiceManager: Starting com.android.server.trust.TrustManagerService
08-26 18:03:23.577 1146 1737 D SystemServerInitThreadPool: Finished executing UsbService$Lifecycle#onStart
08-26 18:03:23.577 1146 1737 D SystemServerTimingAsync: InitThreadPoolExec:UsbService$Lifecycle#onStart took to complete: 26ms
08-26 18:03:23.578 1146 1146 D SystemServerTiming: StartTrustManager took to complete: 1ms
08-26 18:03:23.578 1146 1146 I SystemServerTiming: StartBackupManager
08-26 18:03:23.578 1146 1146 I SystemServiceManager: Starting com.android.server.backup.BackupManagerService$Lifecycle
08-26 18:03:23.580 1146 1146 D SystemServerTiming: StartBackupManager took to complete: 2ms
08-26 18:03:23.580 1146 1146 I SystemServerTiming: StartAppWidgetService
08-26 18:03:23.580 1146 1146 I SystemServiceManager: Starting com.android.server.appwidget.AppWidgetService
08-26 18:03:23.581 1146 1146 D SystemServerTiming: StartAppWidgetService took to complete: 1ms
08-26 18:03:23.581 1146 1146 I SystemServerTiming: StartVoiceRecognitionManager
08-26 18:03:23.581 1146 1146 I SystemServiceManager: Starting com.android.server.voiceinteraction.VoiceInteractionManagerService
08-26 18:03:23.585 1146 1146 I RoleServicePlatformHelperImpl: Legacy roles.xml not found
08-26 18:03:23.586 1146 1146 D SystemServerTiming: StartVoiceRecognitionManager took to complete: 4ms
08-26 18:03:23.586 1146 1146 I SystemServerTiming: StartAppHibernationService
08-26 18:03:23.586 1146 1146 I SystemServiceManager: Starting com.android.server.apphibernation.AppHibernationService
08-26 18:03:23.587 1146 1146 D SystemServerTiming: StartAppHibernationService took to complete: 1ms
08-26 18:03:23.587 1146 1146 I SystemServerTiming: StartGestureLauncher
08-26 18:03:23.587 1146 1146 I SystemServiceManager: Starting com.android.server.GestureLauncherService
08-26 18:03:23.587 1146 1146 D SystemServerTiming: StartGestureLauncher took to complete: 0ms
08-26 18:03:23.588 1146 1146 I SystemServerTiming: StartSensorNotification
08-26 18:03:23.588 1146 1146 I SystemServiceManager: Starting com.android.server.SensorNotificationService
08-26 18:03:23.588 1146 1146 D SystemServerTiming: StartSensorNotification took to complete: 0ms
08-26 18:03:23.588 1146 1146 I SystemServerTiming: StartDiskStatsService
08-26 18:03:23.590 1146 1146 D SystemServerTiming: StartDiskStatsService took to complete: 2ms
08-26 18:03:23.590 1146 1146 I SystemServerTiming: RuntimeService
08-26 18:03:23.590 1146 1146 D SystemServerTiming: RuntimeService took to complete: 0ms
08-26 18:03:23.590 1146 1146 I SystemServerTiming: StartNetworkTimeUpdateService
08-26 18:03:23.592 1146 1146 D SystemServerTiming: StartNetworkTimeUpdateService took to complete: 1ms
08-26 18:03:23.592 1146 1146 I SystemServerTiming: CertBlacklister
08-26 18:03:23.593 1146 1146 D SystemServerTiming: CertBlacklister took to complete: 0ms
08-26 18:03:23.593 1146 1146 I SystemServerTiming: StartEmergencyAffordanceService
08-26 18:03:23.593 1146 1146 I SystemServiceManager: Starting com.android.server.emergency.EmergencyAffordanceService
08-26 18:03:23.594 1146 1146 D SystemServerTiming: StartEmergencyAffordanceService took to complete: 1ms
08-26 18:03:23.594 1146 1146 I SystemServerTiming: startBlobStoreManagerService
08-26 18:03:23.594 1146 1146 I SystemServiceManager: Starting com.android.server.blob.BlobStoreManagerService
08-26 18:03:23.596 1146 1146 D SystemServerTiming: startBlobStoreManagerService took to complete: 3ms
08-26 18:03:23.597 1146 1146 I SystemServerTiming: StartDreamManager
08-26 18:03:23.597 1146 1146 I SystemServiceManager: Starting com.android.server.dreams.DreamManagerService
08-26 18:03:23.597 1146 1146 D SystemServerTiming: StartDreamManager took to complete: 0ms
08-26 18:03:23.597 1146 1146 I SystemServerTiming: AddGraphicsStatsService
08-26 18:03:23.604 1146 1146 D SystemServerTiming: AddGraphicsStatsService took to complete: 7ms
08-26 18:03:23.604 1146 1146 I SystemServerTiming: StartCompanionDeviceManager
08-26 18:03:23.604 1146 1146 I SystemServiceManager: Starting com.android.server.companion.CompanionDeviceManagerService
08-26 18:03:23.606 1146 1146 D SystemServerTiming: StartCompanionDeviceManager took to complete: 3ms
08-26 18:03:23.606 1146 1146 I SystemServerTiming: StartRestrictionManager
08-26 18:03:23.607 1146 1146 I SystemServiceManager: Starting com.android.server.restrictions.RestrictionsManagerService
08-26 18:03:23.608 1146 1146 D SystemServerTiming: StartRestrictionManager took to complete: 1ms
08-26 18:03:23.608 1146 1146 I SystemServerTiming: StartMediaSessionService
08-26 18:03:23.608 1146 1146 I SystemServiceManager: Starting com.android.server.media.MediaSessionService
08-26 18:03:23.610 1146 1146 D SystemServerTiming: StartMediaSessionService took to complete: 2ms
08-26 18:03:23.610 1146 1146 I SystemServerTiming: StartMediaResourceMonitor
08-26 18:03:23.611 1146 1146 I SystemServiceManager: Starting com.android.server.media.MediaResourceMonitorService
08-26 18:03:23.611 1146 1146 D SystemServerTiming: StartMediaResourceMonitor took to complete: 1ms
08-26 18:03:23.611 1146 1146 I SystemServerTiming: StartMediaRouterService
08-26 18:03:23.612 1146 1146 V HistoricalRegistry: Interaction before persistence initialized
08-26 18:03:23.614 1146 1146 D SystemServerTiming: StartMediaRouterService took to complete: 2ms
08-26 18:03:23.614 1146 1146 I SystemServerTiming: StartFingerprintSensor
08-26 18:03:23.614 1146 1146 I SystemServiceManager: Starting com.android.server.biometrics.sensors.fingerprint.FingerprintService
08-26 18:03:23.615 1146 1146 D SystemServerTiming: StartFingerprintSensor took to complete: 1ms
08-26 18:03:23.615 1146 1146 I SystemServerTiming: StartBiometricService
08-26 18:03:23.615 1146 1146 I SystemServiceManager: Starting com.android.server.biometrics.BiometricService
08-26 18:03:23.617 1146 1146 D SystemServerTiming: StartBiometricService took to complete: 2ms
08-26 18:03:23.617 1146 1146 I SystemServerTiming: StartAuthService
08-26 18:03:23.617 1146 1146 I SystemServiceManager: Starting com.android.server.biometrics.AuthService
08-26 18:03:23.618 1146 1146 D AuthService: Registering HIDL ID: 0 Modality: 2 Strength: 15
08-26 18:03:23.618 1146 1146 D AuthService: Registering HIDL ID: 1 Modality: 8 Strength: 15
08-26 18:03:23.621 1146 1146 E AuthService: HIDL face configuration exists, but FaceService is null.
08-26 18:03:23.623 1146 1146 D SystemServerTiming: StartAuthService took to complete: 5ms
08-26 18:03:23.623 1146 1146 I SystemServerTiming: StartBackgroundDexOptService
08-26 18:03:23.623 1146 1146 D SystemServerTiming: StartBackgroundDexOptService took to complete: 0ms
08-26 18:03:23.623 1146 1146 I SystemServerTiming: StartDynamicCodeLoggingService
08-26 18:03:23.624 1146 1146 D SystemServerTiming: StartDynamicCodeLoggingService took to complete: 0ms
08-26 18:03:23.624 1146 1146 I SystemServerTiming: StartPruneInstantAppsJobService
08-26 18:03:23.624 1146 1146 D SystemServerTiming: StartPruneInstantAppsJobService took to complete: 0ms
08-26 18:03:23.624 1146 1146 I SystemServerTiming: StartShortcutServiceLifecycle
08-26 18:03:23.624 1146 1146 I SystemServiceManager: Starting com.android.server.pm.ShortcutService$Lifecycle
08-26 18:03:23.625 1146 1146 V HistoricalRegistry: Interaction before persistence initialized
08-26 18:03:23.626 1146 1146 D SystemServerTiming: StartShortcutServiceLifecycle took to complete: 2ms
08-26 18:03:23.626 1146 1146 I SystemServerTiming: StartLauncherAppsService
08-26 18:03:23.626 1146 1146 I SystemServiceManager: Starting com.android.server.pm.LauncherAppsService
08-26 18:03:23.628 1146 1146 D SystemServerTiming: StartLauncherAppsService took to complete: 1ms
08-26 18:03:23.628 1146 1146 I SystemServerTiming: StartCrossProfileAppsService
08-26 18:03:23.628 1146 1146 I SystemServiceManager: Starting com.android.server.pm.CrossProfileAppsService
08-26 18:03:23.628 1146 1146 D SystemServerTiming: StartCrossProfileAppsService took to complete: 1ms
08-26 18:03:23.629 1146 1146 I SystemServerTiming: StartPeopleService
08-26 18:03:23.629 1146 1146 I SystemServiceManager: Starting com.android.server.people.PeopleService
08-26 18:03:23.629 1146 1146 D SystemServerTiming: StartPeopleService took to complete: 1ms
08-26 18:03:23.630 1146 1146 I SystemServerTiming: StartMediaMetricsManager
08-26 18:03:23.630 1146 1146 I SystemServiceManager: Starting com.android.server.media.metrics.MediaMetricsManagerService
08-26 18:03:23.631 1146 1146 D SystemServerTiming: StartMediaMetricsManager took to complete: 1ms
08-26 18:03:23.631 1146 1146 I SystemServerTiming: StartMediaProjectionManager
08-26 18:03:23.631 1146 1146 I SystemServiceManager: Starting com.android.server.media.projection.MediaProjectionManagerService
08-26 18:03:23.634 1146 1146 D SystemServerTiming: StartMediaProjectionManager took to complete: 3ms
08-26 18:03:23.634 1146 1146 I SystemServerTiming: StartSliceManagerService
08-26 18:03:23.634 1146 1146 I SystemServiceManager: Starting com.android.server.slice.SliceManagerService$Lifecycle
08-26 18:03:23.637 1146 1146 D SystemServerTiming: StartSliceManagerService took to complete: 3ms
08-26 18:03:23.637 1146 1146 I SystemServerTiming: StartStatsCompanion
08-26 18:03:23.639 1146 2177 D BiometricService: Registering ID: 0 Modality: 2 Strength: 15
08-26 18:03:23.639 1146 2177 D BiometricStrengthController: updateStrengths: revert sensorId=0 to oemStrength=15
08-26 18:03:23.639 1146 2177 D BiometricService/Sensor: updateStrength: Before(ID(0), oemStrength: 15, updatedStrength: 15, modality 2, state: 0, cookie: 0, props: ID: 0, Strength: 2, Type: 1) After(ID(0), oemStrength: 15, updatedStrength: 15, modality 2, state: 0, cookie: 0, props: ID: 0, Strength: 2, Type: 1)
08-26 18:03:23.644 1146 1146 I SystemServiceManager: Starting com.android.server.stats.StatsCompanion$Lifecycle
08-26 18:03:23.648 1146 1146 D SystemServerTiming: StartStatsCompanion took to complete: 11ms
08-26 18:03:23.648 1146 1146 I SystemServerTiming: StartRebootReadinessManagerService
08-26 18:03:23.658 1146 1146 I SystemServiceManager: Starting com.android.server.scheduling.RebootReadinessManagerService$Lifecycle
08-26 18:03:23.666 1146 1146 D SystemServerTiming: StartRebootReadinessManagerService took to complete: 18ms
08-26 18:03:23.666 1146 1146 I SystemServerTiming: StartStatsPullAtomService
08-26 18:03:23.666 1146 1146 I SystemServiceManager: Starting com.android.server.stats.pull.StatsPullAtomService
08-26 18:03:23.666 1146 1146 D SystemServerTiming: StartStatsPullAtomService took to complete: 0ms
08-26 18:03:23.666 1146 1146 I SystemServerTiming: StartIncidentCompanionService
08-26 18:03:23.666 1146 1146 I SystemServiceManager: Starting com.android.server.incident.IncidentCompanionService
08-26 18:03:23.668 1146 1146 D SystemServerTiming: StartIncidentCompanionService took to complete: 2ms
08-26 18:03:23.668 1146 1146 I SystemServerTiming: StartMmsService
08-26 18:03:23.668 1146 1146 I SystemServiceManager: Starting com.android.server.MmsServiceBroker
08-26 18:03:23.669 1146 1146 D SystemServerTiming: StartMmsService took to complete: 1ms
08-26 18:03:23.669 1146 1146 I SystemServerTiming: StartAutoFillService
08-26 18:03:23.669 1146 1146 I SystemServiceManager: Starting com.android.server.autofill.AutofillManagerService
08-26 18:03:23.670 1146 1146 D AutofillManagerService: setLogLevelFromSettings(): level=2, debug=true, verbose=false
08-26 18:03:23.670 1146 1146 D AutofillManagerService: setMaxPartitionsFromSettings(): 10
08-26 18:03:23.670 1146 1146 D AutofillManagerService: setMaxVisibleDatasetsFromSettings(): 0
08-26 18:03:23.671 1146 1727 D AutofillUI: destroySaveUiUiThread(): already destroyed
08-26 18:03:23.671 1146 1146 D AutofillManagerServiceImpl: Reset component for user 0:
08-26 18:03:23.672 1146 1146 D SystemServerTiming: StartAutoFillService took to complete: 4ms
08-26 18:03:23.673 1146 1146 D SystemServer: TranslationService not defined by OEM
08-26 18:03:23.673 1146 1146 I SystemServerTiming: StartClipboardService
08-26 18:03:23.673 1146 1146 I SystemServiceManager: Starting com.android.server.clipboard.ClipboardService
08-26 18:03:23.675 1146 1146 D SystemServerTiming: StartClipboardService took to complete: 2ms
08-26 18:03:23.675 1146 1146 I SystemServerTiming: AppServiceManager
08-26 18:03:23.675 1146 1146 I SystemServiceManager: Starting com.android.server.appbinding.AppBindingService$Lifecycle
08-26 18:03:23.676 1146 1146 D SystemServerTiming: AppServiceManager took to complete: 1ms
08-26 18:03:23.676 1146 1146 I SystemServerTiming: startTracingServiceProxy
08-26 18:03:23.676 1146 1146 I SystemServiceManager: Starting com.android.server.tracing.TracingServiceProxy
08-26 18:03:23.678 1146 1146 D SystemServerTiming: startTracingServiceProxy took to complete: 1ms
08-26 18:03:23.678 1146 1146 I SystemServerTiming: MakeLockSettingsServiceReady
08-26 18:03:23.692 1146 1146 I LockSettingsService: Migrated lock settings to new location
08-26 18:03:23.696 1146 1146 I LockSettingsService: Migrated per-user lock settings to new location
08-26 18:03:23.700 1146 1146 I LockSettingsService: Migrated biometric weak to use the fallback instead
08-26 18:03:23.702 1146 1146 I LockSettingsService: Migrated lockscreen disabled flag
08-26 18:03:23.704 1146 1146 I LockSettingsService: Migrated keys to LSS namespace
08-26 18:03:23.707 1146 1146 I SyntheticPasswordManager: Device does not support weaver
08-26 18:03:23.708 1146 1146 I LockSettingsService: Device doesn't implement AuthSecret HAL
08-26 18:03:23.710 1146 1146 D SystemServerTiming: MakeLockSettingsServiceReady took to complete: 32ms
08-26 18:03:23.710 1146 1146 I SystemServerTiming: StartBootPhaseLockSettingsReady
08-26 18:03:23.710 1146 1146 I SystemServiceManager: Starting phase 480
08-26 18:03:23.710 1146 1146 I SystemServerTiming: OnBootPhase_480
08-26 18:03:23.710 1146 1146 I SystemServerTiming: OnBootPhase_480_com.android.server.security.FileIntegrityService
08-26 18:03:23.710 1146 1146 D SystemServerTiming: OnBootPhase_480_com.android.server.security.FileIntegrityService took to complete: 0ms
08-26 18:03:23.710 1146 1146 I SystemServerTiming: OnBootPhase_480_com.android.server.pm.Installer
08-26 18:03:23.710 1146 1146 D SystemServerTiming: OnBootPhase_480_com.android.server.pm.Installer took to complete: 0ms
08-26 18:03:23.710 1146 1146 I SystemServerTiming: OnBootPhase_480_com.android.server.os.DeviceIdentifiersPolicyService
08-26 18:03:23.710 1146 1146 D SystemServerTiming: OnBootPhase_480_com.android.server.os.DeviceIdentifiersPolicyService took to complete: 0ms
08-26 18:03:23.710 1146 1146 I SystemServerTiming: OnBootPhase_480_com.android.server.uri.UriGrantsManagerService$Lifecycle
08-26 18:03:23.710 1146 1146 D SystemServerTiming: OnBootPhase_480_com.android.server.uri.UriGrantsManagerService$Lifecycle took to complete: 0ms
08-26 18:03:23.710 1146 1146 I SystemServerTiming: OnBootPhase_480_com.android.server.powerstats.PowerStatsService
08-26 18:03:23.710 1146 1146 D SystemServerTiming: OnBootPhase_480_com.android.server.powerstats.PowerStatsService took to complete: 0ms
08-26 18:03:23.710 1146 1146 I SystemServerTiming: OnBootPhase_480_com.android.server.wm.ActivityTaskManagerService$Lifecycle
08-26 18:03:23.710 1146 1146 D SystemServerTiming: OnBootPhase_480_com.android.server.wm.ActivityTaskManagerService$Lifecycle took to complete: 0ms
08-26 18:03:23.710 1146 1146 I SystemServerTiming: OnBootPhase_480_com.android.server.am.ActivityManagerService$Lifecycle
08-26 18:03:23.710 1146 1146 D SystemServerTiming: OnBootPhase_480_com.android.server.am.ActivityManagerService$Lifecycle took to complete: 0ms
08-26 18:03:23.710 1146 1146 I SystemServerTiming: OnBootPhase_480_com.android.server.pm.DataLoaderManagerService
08-26 18:03:23.710 1146 1146 D SystemServerTiming: OnBootPhase_480_com.android.server.pm.DataLoaderManagerService took to complete: 0ms
08-26 18:03:23.710 1146 1146 I SystemServerTiming: OnBootPhase_480_com.android.server.power.PowerManagerService
08-26 18:03:23.710 1146 1146 D SystemServerTiming: OnBootPhase_480_com.android.server.power.PowerManagerService took to complete: 0ms
08-26 18:03:23.710 1146 1146 I SystemServerTiming: OnBootPhase_480_com.android.server.power.ThermalManagerService
08-26 18:03:23.710 1146 1146 D SystemServerTiming: OnBootPhase_480_com.android.server.power.ThermalManagerService took to complete: 0ms
08-26 18:03:23.710 1146 1146 I SystemServerTiming: OnBootPhase_480_com.android.server.power.hint.HintManagerService
08-26 18:03:23.710 1146 1146 D SystemServerTiming: OnBootPhase_480_com.android.server.power.hint.HintManagerService took to complete: 0ms
08-26 18:03:23.711 1146 1146 I SystemServerTiming: OnBootPhase_480_com.android.server.recoverysystem.RecoverySystemService$Lifecycle
08-26 18:03:23.711 1146 1146 D SystemServerTiming: OnBootPhase_480_com.android.server.recoverysystem.RecoverySystemService$Lifecycle took to complete: 0ms
08-26 18:03:23.711 1146 1146 I SystemServerTiming: OnBootPhase_480_com.android.server.lights.LightsService
08-26 18:03:23.711 1146 1146 D SystemServerTiming: OnBootPhase_480_com.android.server.lights.LightsService took to complete: 0ms
08-26 18:03:23.711 1146 1146 I SystemServerTiming: OnBootPhase_480_com.android.server.display.DisplayManagerService
08-26 18:03:23.711 1146 1146 D SystemServerTiming: OnBootPhase_480_com.android.server.display.DisplayManagerService took to complete: 0ms
08-26 18:03:23.711 1146 1146 I SystemServerTiming: OnBootPhase_480_com.android.server.pm.verify.domain.DomainVerificationService
08-26 18:03:23.711 1146 1146 D SystemServerTiming: OnBootPhase_480_com.android.server.pm.verify.domain.DomainVerificationService took to complete: 0ms
08-26 18:03:23.711 1146 1146 I SystemServerTiming: OnBootPhase_480_com.android.server.pm.PackageInstallerService$Lifecycle
08-26 18:03:23.711 1146 1146 D SystemServerTiming: OnBootPhase_480_com.android.server.pm.PackageInstallerService$Lifecycle took to complete: 0ms
08-26 18:03:23.711 1146 1146 I SystemServerTiming: OnBootPhase_480_com.android.server.pm.UserManagerService$LifeCycle
08-26 18:03:23.711 1146 1146 D SystemServerTiming: OnBootPhase_480_com.android.server.pm.UserManagerService$LifeCycle took to complete: 0ms
08-26 18:03:23.711 1146 1146 I SystemServerTiming: OnBootPhase_480_com.android.server.om.OverlayManagerService
08-26 18:03:23.711 1146 1146 D SystemServerTiming: OnBootPhase_480_com.android.server.om.OverlayManagerService took to complete: 0ms
08-26 18:03:23.711 1146 1146 I SystemServerTiming: OnBootPhase_480_com.android.server.SensorPrivacyService
08-26 18:03:23.711 1146 1146 D SystemServerTiming: OnBootPhase_480_com.android.server.SensorPrivacyService took to complete: 0ms
08-26 18:03:23.711 1146 1146 I SystemServerTiming: OnBootPhase_480_com.android.server.sensors.SensorService
08-26 18:03:23.711 1146 1146 D SystemServerTiming: OnBootPhase_480_com.android.server.sensors.SensorService took to complete: 0ms
08-26 18:03:23.711 1146 1146 I SystemServerTiming: OnBootPhase_480_com.android.server.SystemConfigService
08-26 18:03:23.711 1146 1146 D SystemServerTiming: OnBootPhase_480_com.android.server.SystemConfigService took to complete: 0ms
08-26 18:03:23.711 1146 1146 I SystemServerTiming: OnBootPhase_480_com.android.server.BatteryService
08-26 18:03:23.711 1146 1146 D SystemServerTiming: OnBootPhase_480_com.android.server.BatteryService took to complete: 0ms
08-26 18:03:23.711 1146 1146 I SystemServerTiming: OnBootPhase_480_com.android.server.usage.UsageStatsService
