08-26 18:03:24.112 1146 1146 I SystemServerTiming: OnBootPhase_550_com.android.server.stats.StatsCompanion$Lifecycle
08-26 18:03:24.112 1146 1146 D SystemServerTiming: OnBootPhase_550_com.android.server.stats.StatsCompanion$Lifecycle took to complete: 0ms
08-26 18:03:24.112 1146 1146 I SystemServerTiming: OnBootPhase_550_com.android.server.scheduling.RebootReadinessManagerService$Lifecycle
08-26 18:03:24.112 1146 1146 D SystemServerTiming: OnBootPhase_550_com.android.server.scheduling.RebootReadinessManagerService$Lifecycle took to complete: 0ms
08-26 18:03:24.112 1146 1146 I SystemServerTiming: OnBootPhase_550_com.android.server.stats.pull.StatsPullAtomService
08-26 18:03:24.112 1146 1146 D SystemServerTiming: OnBootPhase_550_com.android.server.stats.pull.StatsPullAtomService took to complete: 0ms
08-26 18:03:24.112 1146 1146 I SystemServerTiming: OnBootPhase_550_com.android.server.incident.IncidentCompanionService
08-26 18:03:24.112 1146 1146 D SystemServerTiming: OnBootPhase_550_com.android.server.incident.IncidentCompanionService took to complete: 0ms
08-26 18:03:24.112 1146 1146 I SystemServerTiming: OnBootPhase_550_com.android.server.MmsServiceBroker
08-26 18:03:24.112 1146 1146 D SystemServerTiming: OnBootPhase_550_com.android.server.MmsServiceBroker took to complete: 0ms
08-26 18:03:24.112 1146 1146 I SystemServerTiming: OnBootPhase_550_com.android.server.autofill.AutofillManagerService
08-26 18:03:24.112 1146 1146 D SystemServerTiming: OnBootPhase_550_com.android.server.autofill.AutofillManagerService took to complete: 0ms
08-26 18:03:24.112 1146 1146 I SystemServerTiming: OnBootPhase_550_com.android.server.clipboard.ClipboardService
08-26 18:03:24.112 1146 1146 D SystemServerTiming: OnBootPhase_550_com.android.server.clipboard.ClipboardService took to complete: 0ms
08-26 18:03:24.112 1146 1146 I SystemServerTiming: OnBootPhase_550_com.android.server.appbinding.AppBindingService$Lifecycle
08-26 18:03:24.113 1146 1146 I AppBindingService: Updating constants with: null
08-26 18:03:24.113 1146 1146 D SystemServerTiming: OnBootPhase_550_com.android.server.appbinding.AppBindingService$Lifecycle took to complete: 1ms
08-26 18:03:24.113 1146 1146 I SystemServerTiming: OnBootPhase_550_com.android.server.tracing.TracingServiceProxy
08-26 18:03:24.113 1146 1146 D SystemServerTiming: OnBootPhase_550_com.android.server.tracing.TracingServiceProxy took to complete: 0ms
08-26 18:03:24.113 1146 1146 I SystemServerTiming: OnBootPhase_550_com.android.server.policy.PermissionPolicyService
08-26 18:03:24.118 1146 1726 D CompatibilityChangeReporter: Compat change id reported: 135634846; UID 10098; state: DISABLED
08-26 18:03:24.118 1146 1726 D CompatibilityChangeReporter: Compat change id reported: 177438394; UID 10098; state: DISABLED
08-26 18:03:24.119 1146 1726 D CompatibilityChangeReporter: Compat change id reported: 135772972; UID 10098; state: DISABLED
08-26 18:03:24.119 1146 1726 D CompatibilityChangeReporter: Compat change id reported: 135754954; UID 10098; state: DISABLED
08-26 18:03:24.153 1146 1842 D CompatibilityChangeReporter: Compat change id reported: 168419799; UID 1002; state: DISABLED
08-26 18:03:24.155 1146 1750 W ActivityManager: Slow operation: 55ms so far, now at startProcess: returned from zygote!
08-26 18:03:24.176 1146 1750 W ActivityManager: Slow operation: 76ms so far, now at startProcess: done updating battery stats
08-26 18:03:24.176 1146 1750 W ActivityManager: Slow operation: 76ms so far, now at startProcess: building log message
08-26 18:03:24.176 1146 1750 I ActivityManager: Start proc 2220:com.android.systemui/u0a87 for service {com.android.systemui/com.android.systemui.ImageWallpaper}
08-26 18:03:24.176 1146 1750 W ActivityManager: Slow operation: 76ms so far, now at startProcess: starting to update pids map
08-26 18:03:24.177 1146 1750 W ActivityManager: Slow operation: 77ms so far, now at startProcess: done updating pids map
08-26 18:03:24.177 1146 1750 W ActivityManager: Slow operation: 59ms so far, now at startProcess: asking zygote to start proc
08-26 18:03:24.177 1146 1750 D CompatibilityChangeReporter: Compat change id reported: 143937733; UID 10098; state: DISABLED
08-26 18:03:24.177 1146 1750 W ActivityManager: com.android.permissioncontroller inode == 0 (b/152760674)
08-26 18:03:24.240 1146 1750 W ActivityManager: Slow operation: 122ms so far, now at startProcess: returned from zygote!
08-26 18:03:24.241 1146 1750 W ActivityManager: Slow operation: 123ms so far, now at startProcess: done updating battery stats
08-26 18:03:24.241 1146 1750 W ActivityManager: Slow operation: 123ms so far, now at startProcess: building log message
08-26 18:03:24.241 1146 1750 I ActivityManager: Start proc 2247:com.android.permissioncontroller/u0a98 for service {com.android.permissioncontroller/com.android.permissioncontroller.permission.service.PermissionControllerServiceImpl}
08-26 18:03:24.241 1146 1750 W ActivityManager: Slow operation: 123ms so far, now at startProcess: starting to update pids map
08-26 18:03:24.242 1146 1750 W ActivityManager: Slow operation: 124ms so far, now at startProcess: done updating pids map
08-26 18:03:24.250 1146 1842 D CompatibilityChangeReporter: Compat change id reported: 168419799; UID 10087; state: DISABLED
08-26 18:03:24.322 1146 1842 D CompatibilityChangeReporter: Compat change id reported: 168419799; UID 10098; state: DISABLED
08-26 18:03:24.327 1146 1841 W StorageManagerService: No primary storage defined yet; hacking together a stub
08-26 18:03:24.407 1146 1841 D PackageManager: Instant App installer not found with android.intent.action.INSTALL_INSTANT_APP_PACKAGE
08-26 18:03:24.407 1146 1841 D PackageManager: Clear ephemeral installer activity
08-26 18:03:24.580 1146 2313 D CompatibilityChangeReporter: Compat change id reported: 171306433; UID 1000; state: ENABLED
08-26 18:03:24.585 1146 2313 D CompatibilityChangeReporter: Compat change id reported: 168419799; UID 10087; state: DISABLED
08-26 18:03:24.615 2220 2220 W OneHandedController: Device doesn't support OneHanded feature
08-26 18:03:24.684 1146 1841 D PackageManager: Instant App installer not found with android.intent.action.INSTALL_INSTANT_APP_PACKAGE
08-26 18:03:24.684 1146 1841 D PackageManager: Clear ephemeral installer activity
08-26 18:03:24.725 1146 2311 D CompatibilityChangeReporter: Compat change id reported: 157233955; UID 10087; state: ENABLED
08-26 18:03:24.762 1146 1146 V StorageManagerService: Package null has legacy storage
08-26 18:03:24.771 1146 1146 V StorageManagerService: Package null has legacy storage
08-26 18:03:24.773 1146 1146 V StorageManagerService: Package null does not have legacy storage
08-26 18:03:24.773 1146 1146 V StorageManagerService: Package null does not have legacy storage
08-26 18:03:24.775 1146 1146 V StorageManagerService: Package null does not have legacy storage
08-26 18:03:24.775 1146 1146 V StorageManagerService: Package null does not have legacy storage
08-26 18:03:24.775 1146 1146 V StorageManagerService: Package null does not have legacy storage
08-26 18:03:24.775 1146 1146 V StorageManagerService: Package null does not have legacy storage
08-26 18:03:24.776 1146 1146 V StorageManagerService: Package null does not have legacy storage
08-26 18:03:24.776 1146 1146 V StorageManagerService: Package null does not have legacy storage
08-26 18:03:24.777 1146 1146 V StorageManagerService: Package null does not have legacy storage
08-26 18:03:24.778 1146 1146 V StorageManagerService: Package null does not have legacy storage
08-26 18:03:24.779 1146 1146 V StorageManagerService: Package null does not have legacy storage
08-26 18:03:24.779 1146 1146 V StorageManagerService: Package null does not have legacy storage
08-26 18:03:24.779 1146 1146 V StorageManagerService: Package null does not have legacy storage
08-26 18:03:24.779 1146 1146 V StorageManagerService: Package null does not have legacy storage
08-26 18:03:24.779 1146 1146 V StorageManagerService: Package null does not have legacy storage
08-26 18:03:24.779 1146 1146 V StorageManagerService: Package null does not have legacy storage
08-26 18:03:24.779 1146 1146 V StorageManagerService: Package null does not have legacy storage
08-26 18:03:24.780 1146 1146 V StorageManagerService: Package null does not have legacy storage
08-26 18:03:24.780 1146 1146 V StorageManagerService: Package null does not have legacy storage
08-26 18:03:24.780 1146 1146 V StorageManagerService: Package null does not have legacy storage
08-26 18:03:24.780 1146 1146 V StorageManagerService: Package null does not have legacy storage
08-26 18:03:24.780 1146 1146 I PackageManager: Permission ownership changed. Updating all permissions.
08-26 18:03:24.799 1146 1146 W SystemServiceManager: Service com.android.server.policy.PermissionPolicyService took 686 ms in onBootPhase
08-26 18:03:24.799 1146 1146 D SystemServerTiming: OnBootPhase_550_com.android.server.policy.PermissionPolicyService took to complete: 686ms
08-26 18:03:24.799 1146 1146 I SystemServerTiming: OnBootPhase_550_com.android.server.pm.StagingManager$Lifecycle
08-26 18:03:24.799 1146 1146 D SystemServerTiming: OnBootPhase_550_com.android.server.pm.StagingManager$Lifecycle took to complete: 0ms
08-26 18:03:24.800 1146 1146 I SystemServerTiming: OnBootPhase_550_com.android.server.app.GameManagerService$Lifecycle
08-26 18:03:24.800 1146 1146 D SystemServerTiming: OnBootPhase_550_com.android.server.app.GameManagerService$Lifecycle took to complete: 0ms
08-26 18:03:24.800 1146 1146 I SystemServerTiming: OnBootPhase_550_com.android.server.appsearch.AppSearchManagerService
08-26 18:03:24.800 1146 1146 D SystemServerTiming: OnBootPhase_550_com.android.server.appsearch.AppSearchManagerService took to complete: 0ms
08-26 18:03:24.800 1146 1146 I SystemServerTiming: OnBootPhase_550_com.android.server.media.MediaCommunicationService
08-26 18:03:24.800 1146 1146 D SystemServerTiming: OnBootPhase_550_com.android.server.media.MediaCommunicationService took to complete: 0ms
08-26 18:03:24.800 1146 1146 D SystemServerTiming: OnBootPhase_550 took to complete: 766ms
08-26 18:03:24.800 1146 1146 D SystemServerTiming: StartActivityManagerReadyPhase took to complete: 766ms
08-26 18:03:24.800 1146 1146 I SystemServerTiming: StartObservingNativeCrashes
08-26 18:03:24.800 1146 1146 D SystemServerTiming: StartObservingNativeCrashes took to complete: 0ms
08-26 18:03:24.800 1146 1146 I SystemServerTiming: RegisterAppOpsPolicy
08-26 18:03:24.802 1146 1146 D SystemServerTiming: RegisterAppOpsPolicy took to complete: 1ms
08-26 18:03:24.802 1146 1146 I SystemServerTiming: MakeNetworkManagementServiceReady
08-26 18:03:24.803 1146 1877 I SystemServerTimingAsync: InitThreadPoolExec:WebViewFactoryPreparation
08-26 18:03:24.803 1146 1877 D SystemServerInitThreadPool: Started executing WebViewFactoryPreparation
08-26 18:03:24.803 1146 1877 I SystemServer: WebViewFactoryPreparation
08-26 18:03:24.803 1146 1877 I SystemServerTimingAsync: WebViewFactoryPreparation
08-26 18:03:24.805 1146 1877 D CompatibilityChangeReporter: Compat change id reported: 135634846; UID 1000; state: DISABLED
08-26 18:03:24.805 1146 1877 D CompatibilityChangeReporter: Compat change id reported: 177438394; UID 1000; state: DISABLED
08-26 18:03:24.805 1146 1877 D CompatibilityChangeReporter: Compat change id reported: 135772972; UID 1000; state: DISABLED
08-26 18:03:24.805 1146 1877 D CompatibilityChangeReporter: Compat change id reported: 178038272; UID 1000; state: DISABLED
08-26 18:03:24.806 1146 1877 D SystemServerTimingAsync: WebViewFactoryPreparation took to complete: 4ms
08-26 18:03:24.807 1146 1877 D SystemServerInitThreadPool: Finished executing WebViewFactoryPreparation
08-26 18:03:24.807 1146 1877 D SystemServerTimingAsync: InitThreadPoolExec:WebViewFactoryPreparation took to complete: 4ms
08-26 18:03:24.809 1146 1146 D SystemServerTiming: MakeNetworkManagementServiceReady took to complete: 7ms
08-26 18:03:24.809 1146 1750 W ActivityManager: com.tc.logclient inode == 0 (b/152760674)
08-26 18:03:24.810 1146 1146 I SystemServerTiming: MakeIpSecServiceReady
08-26 18:03:24.814 1146 1146 D IpSecService: IpSecService is ready
08-26 18:03:24.814 1146 1146 D SystemServerTiming: MakeIpSecServiceReady took to complete: 3ms
08-26 18:03:24.814 1146 1758 W BatteryExternalStatsWorker: error reading modem stats:ERROR_PHONE_NOT_AVAILABLE
08-26 18:03:24.814 1146 2135 W NetworkPolicy: setRestrictBackgroundUL: already false
08-26 18:03:24.814 1146 1146 I SystemServerTiming: MakeNetworkStatsServiceReady
08-26 18:03:24.859 1146 1146 D SystemServerTiming: MakeNetworkStatsServiceReady took to complete: 45ms
08-26 18:03:24.859 1146 1146 I SystemServerTiming: MakeConnectivityServiceReady
08-26 18:03:24.892 1146 1146 D SystemServerTiming: MakeConnectivityServiceReady took to complete: 33ms
08-26 18:03:24.892 1146 1146 I SystemServerTiming: MakeVpnManagerServiceReady
08-26 18:03:24.904 1146 1146 D SystemServerTiming: MakeVpnManagerServiceReady took to complete: 12ms
08-26 18:03:24.904 1146 1146 I SystemServerTiming: MakeVcnManagementServiceReady
08-26 18:03:24.914 1146 1146 D SystemServerTiming: MakeVcnManagementServiceReady took to complete: 10ms
08-26 18:03:24.914 1146 1146 I SystemServerTiming: MakeNetworkPolicyServiceReady
08-26 18:03:24.916 1146 1146 D SystemServerTiming: MakeNetworkPolicyServiceReady took to complete: 2ms
08-26 18:03:24.916 1146 1146 I SystemServerTiming: PhaseThirdPartyAppsCanStart
08-26 18:03:24.917 1146 1146 I SystemServiceManager: Starting phase 600
08-26 18:03:24.917 1146 1146 I SystemServerTiming: OnBootPhase_600
08-26 18:03:24.917 1146 1146 I SystemServerTiming: OnBootPhase_600_com.android.server.security.FileIntegrityService
08-26 18:03:24.917 1146 1146 D SystemServerTiming: OnBootPhase_600_com.android.server.security.FileIntegrityService took to complete: 0ms
08-26 18:03:24.917 1146 1146 I SystemServerTiming: OnBootPhase_600_com.android.server.pm.Installer
08-26 18:03:24.917 1146 1146 D SystemServerTiming: OnBootPhase_600_com.android.server.pm.Installer took to complete: 0ms
08-26 18:03:24.917 1146 1146 I SystemServerTiming: OnBootPhase_600_com.android.server.os.DeviceIdentifiersPolicyService
08-26 18:03:24.917 1146 1146 D SystemServerTiming: OnBootPhase_600_com.android.server.os.DeviceIdentifiersPolicyService took to complete: 0ms
08-26 18:03:24.917 1146 1146 I SystemServerTiming: OnBootPhase_600_com.android.server.uri.UriGrantsManagerService$Lifecycle
08-26 18:03:24.917 1146 1146 D SystemServerTiming: OnBootPhase_600_com.android.server.uri.UriGrantsManagerService$Lifecycle took to complete: 0ms
08-26 18:03:24.917 1146 1146 I SystemServerTiming: OnBootPhase_600_com.android.server.powerstats.PowerStatsService
08-26 18:03:24.917 1146 1146 D SystemServerTiming: OnBootPhase_600_com.android.server.powerstats.PowerStatsService took to complete: 0ms
08-26 18:03:24.917 1146 1146 I SystemServerTiming: OnBootPhase_600_com.android.server.wm.ActivityTaskManagerService$Lifecycle
08-26 18:03:24.918 1146 1146 D SystemServerTiming: OnBootPhase_600_com.android.server.wm.ActivityTaskManagerService$Lifecycle took to complete: 0ms
08-26 18:03:24.918 1146 1146 I SystemServerTiming: OnBootPhase_600_com.android.server.am.ActivityManagerService$Lifecycle
08-26 18:03:24.922 1146 1146 I ExplicitHealthCheckController: Explicit health checks enabled.
08-26 18:03:24.922 1146 1146 I PackageWatchdog: Syncing state, reason: health check state enabled
08-26 18:03:24.922 1146 1146 I PackageWatchdog: Not pruning observers, elapsed time: 0ms
08-26 18:03:24.922 1146 1748 I PackageWatchdog: Saving observer state to file
08-26 18:03:24.923 1146 1146 I PackageWatchdog: Cancelling state sync, nothing to sync
08-26 18:03:24.923 1146 1146 D SystemServerTiming: OnBootPhase_600_com.android.server.am.ActivityManagerService$Lifecycle took to complete: 5ms
08-26 18:03:24.923 1146 1146 I SystemServerTiming: OnBootPhase_600_com.android.server.pm.DataLoaderManagerService
08-26 18:03:24.923 1146 1146 D SystemServerTiming: OnBootPhase_600_com.android.server.pm.DataLoaderManagerService took to complete: 0ms
08-26 18:03:24.923 1146 1146 I SystemServerTiming: OnBootPhase_600_com.android.server.power.PowerManagerService
08-26 18:03:24.924 1146 1146 D SystemServerTiming: OnBootPhase_600_com.android.server.power.PowerManagerService took to complete: 0ms
08-26 18:03:24.924 1146 1146 I SystemServerTiming: OnBootPhase_600_com.android.server.power.ThermalManagerService
08-26 18:03:24.924 1146 1146 D SystemServerTiming: OnBootPhase_600_com.android.server.power.ThermalManagerService took to complete: 0ms
08-26 18:03:24.924 1146 1146 I SystemServerTiming: OnBootPhase_600_com.android.server.power.hint.HintManagerService
08-26 18:03:24.925 1146 1146 D SystemServerTiming: OnBootPhase_600_com.android.server.power.hint.HintManagerService took to complete: 0ms
08-26 18:03:24.925 1146 1146 I SystemServerTiming: OnBootPhase_600_com.android.server.recoverysystem.RecoverySystemService$Lifecycle
08-26 18:03:24.925 1146 1146 D SystemServerTiming: OnBootPhase_600_com.android.server.recoverysystem.RecoverySystemService$Lifecycle took to complete: 0ms
08-26 18:03:24.925 1146 1146 I SystemServerTiming: OnBootPhase_600_com.android.server.lights.LightsService
08-26 18:03:24.925 1146 1146 D SystemServerTiming: OnBootPhase_600_com.android.server.lights.LightsService took to complete: 0ms
08-26 18:03:24.925 1146 1146 I SystemServerTiming: OnBootPhase_600_com.android.server.display.DisplayManagerService
08-26 18:03:24.925 1146 1146 D SystemServerTiming: OnBootPhase_600_com.android.server.display.DisplayManagerService took to complete: 0ms
08-26 18:03:24.925 1146 1146 I SystemServerTiming: OnBootPhase_600_com.android.server.pm.verify.domain.DomainVerificationService
08-26 18:03:24.925 1146 1146 D SystemServerTiming: OnBootPhase_600_com.android.server.pm.verify.domain.DomainVerificationService took to complete: 0ms
08-26 18:03:24.925 1146 1146 I SystemServerTiming: OnBootPhase_600_com.android.server.pm.PackageInstallerService$Lifecycle
08-26 18:03:24.925 1146 1146 D SystemServerTiming: OnBootPhase_600_com.android.server.pm.PackageInstallerService$Lifecycle took to complete: 0ms
08-26 18:03:24.925 1146 1146 I SystemServerTiming: OnBootPhase_600_com.android.server.pm.UserManagerService$LifeCycle
08-26 18:03:24.925 1146 1146 D SystemServerTiming: OnBootPhase_600_com.android.server.pm.UserManagerService$LifeCycle took to complete: 0ms
08-26 18:03:24.925 1146 1146 I SystemServerTiming: OnBootPhase_600_com.android.server.om.OverlayManagerService
08-26 18:03:24.925 1146 1146 D SystemServerTiming: OnBootPhase_600_com.android.server.om.OverlayManagerService took to complete: 0ms
08-26 18:03:24.925 1146 1146 I SystemServerTiming: OnBootPhase_600_com.android.server.SensorPrivacyService
08-26 18:03:24.925 1146 1146 D SystemServerTiming: OnBootPhase_600_com.android.server.SensorPrivacyService took to complete: 0ms
08-26 18:03:24.926 1146 1146 I SystemServerTiming: OnBootPhase_600_com.android.server.sensors.SensorService
08-26 18:03:24.926 1146 1146 D SystemServerTiming: OnBootPhase_600_com.android.server.sensors.SensorService took to complete: 0ms
08-26 18:03:24.926 1146 1146 I SystemServerTiming: OnBootPhase_600_com.android.server.SystemConfigService
08-26 18:03:24.926 1146 1146 D SystemServerTiming: OnBootPhase_600_com.android.server.SystemConfigService took to complete: 0ms
08-26 18:03:24.926 1146 1146 I SystemServerTiming: OnBootPhase_600_com.android.server.BatteryService
08-26 18:03:24.926 1146 1146 D SystemServerTiming: OnBootPhase_600_com.android.server.BatteryService took to complete: 0ms
08-26 18:03:24.926 1146 1146 I SystemServerTiming: OnBootPhase_600_com.android.server.usage.UsageStatsService
08-26 18:03:24.926 1146 1146 D SystemServerTiming: OnBootPhase_600_com.android.server.usage.UsageStatsService took to complete: 0ms
08-26 18:03:24.926 1146 1146 I SystemServerTiming: OnBootPhase_600_com.android.server.webkit.WebViewUpdateService
08-26 18:03:24.926 1146 1146 D SystemServerTiming: OnBootPhase_600_com.android.server.webkit.WebViewUpdateService took to complete: 0ms
08-26 18:03:24.926 1146 1146 I SystemServerTiming: OnBootPhase_600_com.android.server.CachedDeviceStateService
08-26 18:03:24.926 1146 1146 D SystemServerTiming: OnBootPhase_600_com.android.server.CachedDeviceStateService took to complete: 0ms
08-26 18:03:24.926 1146 1146 I SystemServerTiming: OnBootPhase_600_com.android.server.BinderCallsStatsService$LifeCycle
08-26 18:03:24.926 1146 1146 D SystemServerTiming: OnBootPhase_600_com.android.server.BinderCallsStatsService$LifeCycle took to complete: 0ms
08-26 18:03:24.926 1146 1146 I SystemServerTiming: OnBootPhase_600_com.android.server.LooperStatsService$Lifecycle
08-26 18:03:24.928 1146 1146 D SystemServerTiming: OnBootPhase_600_com.android.server.LooperStatsService$Lifecycle took to complete: 0ms
08-26 18:03:24.928 1146 1146 I SystemServerTiming: OnBootPhase_600_com.android.server.rollback.RollbackManagerService
08-26 18:03:24.928 1146 1146 D SystemServerTiming: OnBootPhase_600_com.android.server.rollback.RollbackManagerService took to complete: 0ms
08-26 18:03:24.928 1146 1146 I SystemServerTiming: OnBootPhase_600_com.android.server.os.NativeTombstoneManagerService
08-26 18:03:24.928 1146 1146 D SystemServerTiming: OnBootPhase_600_com.android.server.os.NativeTombstoneManagerService took to complete: 0ms
08-26 18:03:24.928 1146 1146 I SystemServerTiming: OnBootPhase_600_com.android.server.os.BugreportManagerService
08-26 18:03:24.928 1146 1146 D SystemServerTiming: OnBootPhase_600_com.android.server.os.BugreportManagerService took to complete: 0ms
08-26 18:03:24.928 1146 1146 I SystemServerTiming: OnBootPhase_600_com.android.server.gpu.GpuService
08-26 18:03:24.928 1146 1146 D SystemServerTiming: OnBootPhase_600_com.android.server.gpu.GpuService took to complete: 0ms
08-26 18:03:24.928 1146 1146 I SystemServerTiming: OnBootPhase_600_com.android.server.security.KeyChainSystemService
08-26 18:03:24.928 1146 1146 D SystemServerTiming: OnBootPhase_600_com.android.server.security.KeyChainSystemService took to complete: 0ms
08-26 18:03:24.928 1146 1146 I SystemServerTiming: OnBootPhase_600_com.android.server.telecom.TelecomLoaderService
08-26 18:03:24.928 1146 1146 D SystemServerTiming: OnBootPhase_600_com.android.server.telecom.TelecomLoaderService took to complete: 0ms
08-26 18:03:24.928 1146 1146 I SystemServerTiming: OnBootPhase_600_com.android.server.accounts.AccountManagerService$Lifecycle
08-26 18:03:24.928 1146 1146 D SystemServerTiming: OnBootPhase_600_com.android.server.accounts.AccountManagerService$Lifecycle took to complete: 0ms
08-26 18:03:24.928 1146 1146 I SystemServerTiming: OnBootPhase_600_com.android.server.content.ContentService$Lifecycle
08-26 18:03:24.929 1146 1146 D SystemServerTiming: OnBootPhase_600_com.android.server.content.ContentService$Lifecycle took to complete: 0ms
08-26 18:03:24.929 1146 1146 I SystemServerTiming: OnBootPhase_600_com.android.server.DropBoxManagerService
08-26 18:03:24.929 1146 1146 D SystemServerTiming: OnBootPhase_600_com.android.server.DropBoxManagerService took to complete: 0ms
08-26 18:03:24.929 1146 1146 I SystemServerTiming: OnBootPhase_600_com.android.role.RoleService
08-26 18:03:24.929 1146 1146 D SystemServerTiming: OnBootPhase_600_com.android.role.RoleService took to complete: 0ms
08-26 18:03:24.929 1146 1146 I SystemServerTiming: OnBootPhase_600_com.android.server.vibrator.VibratorManagerService$Lifecycle
08-26 18:03:24.929 1146 1146 D SystemServerTiming: OnBootPhase_600_com.android.server.vibrator.VibratorManagerService$Lifecycle took to complete: 0ms
08-26 18:03:24.929 1146 1146 I SystemServerTiming: OnBootPhase_600_com.android.server.alarm.AlarmManagerService
08-26 18:03:24.929 1146 1146 D SystemServerTiming: OnBootPhase_600_com.android.server.alarm.AlarmManagerService took to complete: 0ms
08-26 18:03:24.929 1146 1146 I SystemServerTiming: OnBootPhase_600_com.android.server.devicestate.DeviceStateManagerService
08-26 18:03:24.929 1146 1146 D SystemServerTiming: OnBootPhase_600_com.android.server.devicestate.DeviceStateManagerService took to complete: 0ms
08-26 18:03:24.929 1146 1146 I SystemServerTiming: OnBootPhase_600_com.android.server.camera.CameraServiceProxy
08-26 18:03:24.929 1146 1146 D SystemServerTiming: OnBootPhase_600_com.android.server.camera.CameraServiceProxy took to complete: 0ms
08-26 18:03:24.929 1146 1146 I SystemServerTiming: OnBootPhase_600_com.android.server.BluetoothService
08-26 18:03:24.929 1146 1146 D SystemServerTiming: OnBootPhase_600_com.android.server.BluetoothService took to complete: 0ms
08-26 18:03:24.929 1146 1146 I SystemServerTiming: OnBootPhase_600_com.android.server.connectivity.IpConnectivityMetrics
08-26 18:03:24.929 1146 1146 D SystemServerTiming: OnBootPhase_600_com.android.server.connectivity.IpConnectivityMetrics took to complete: 0ms
08-26 18:03:24.929 1146 1146 I SystemServerTiming: OnBootPhase_600_com.android.server.net.watchlist.NetworkWatchlistService$Lifecycle
08-26 18:03:24.930 1146 1146 D SystemServerTiming: OnBootPhase_600_com.android.server.net.watchlist.NetworkWatchlistService$Lifecycle took to complete: 0ms
08-26 18:03:24.930 1146 1146 I SystemServerTiming: OnBootPhase_600_com.android.server.PinnerService
08-26 18:03:24.930 1146 1146 D SystemServerTiming: OnBootPhase_600_com.android.server.PinnerService took to complete: 0ms
08-26 18:03:24.930 1146 1146 I SystemServerTiming: OnBootPhase_600_com.google.android.startop.iorap.IorapForwardingService
08-26 18:03:24.930 1146 1146 D SystemServerTiming: OnBootPhase_600_com.google.android.startop.iorap.IorapForwardingService took to complete: 0ms
08-26 18:03:24.930 1146 1146 I SystemServerTiming: OnBootPhase_600_com.android.server.ActivityTriggerService
08-26 18:03:24.930 1146 1146 D SystemServerTiming: OnBootPhase_600_com.android.server.ActivityTriggerService took to complete: 0ms
08-26 18:03:24.930 1146 1146 I SystemServerTiming: OnBootPhase_600_com.android.server.integrity.AppIntegrityManagerService
08-26 18:03:24.930 1146 1146 D SystemServerTiming: OnBootPhase_600_com.android.server.integrity.AppIntegrityManagerService took to complete: 0ms
08-26 18:03:24.930 1146 1146 I SystemServerTiming: OnBootPhase_600_com.android.server.inputmethod.InputMethodManagerService$Lifecycle
08-26 18:03:24.930 1146 1146 D SystemServerTiming: OnBootPhase_600_com.android.server.inputmethod.InputMethodManagerService$Lifecycle took to complete: 0ms
08-26 18:03:24.930 1146 1146 I SystemServerTiming: OnBootPhase_600_com.android.server.accessibility.AccessibilityManagerService$Lifecycle
08-26 18:03:24.930 1146 1146 D SystemServerTiming: OnBootPhase_600_com.android.server.accessibility.AccessibilityManagerService$Lifecycle took to complete: 0ms
08-26 18:03:24.930 1146 1146 I SystemServerTiming: OnBootPhase_600_com.android.server.StorageManagerService$Lifecycle
08-26 18:03:24.930 1146 1146 D SystemServerTiming: OnBootPhase_600_com.android.server.StorageManagerService$Lifecycle took to complete: 0ms
08-26 18:03:24.930 1146 1146 I SystemServerTiming: OnBootPhase_600_com.android.server.usage.StorageStatsService$Lifecycle
08-26 18:03:24.934 1146 1146 D SystemServerTiming: OnBootPhase_600_com.android.server.usage.StorageStatsService$Lifecycle took to complete: 0ms
08-26 18:03:24.934 1146 1146 I SystemServerTiming: OnBootPhase_600_com.android.server.UiModeManagerService
08-26 18:03:24.934 1146 1146 D SystemServerTiming: OnBootPhase_600_com.android.server.UiModeManagerService took to complete: 0ms
08-26 18:03:24.934 1146 1146 I SystemServerTiming: OnBootPhase_600_com.android.server.locksettings.LockSettingsService$Lifecycle
08-26 18:03:24.934 1146 1146 D SystemServerTiming: OnBootPhase_600_com.android.server.locksettings.LockSettingsService$Lifecycle took to complete: 0ms
08-26 18:03:24.934 1146 1146 I SystemServerTiming: OnBootPhase_600_com.android.server.PersistentDataBlockService
08-26 18:03:24.934 1146 1146 D SystemServerTiming: OnBootPhase_600_com.android.server.PersistentDataBlockService took to complete: 0ms
08-26 18:03:24.934 1146 1146 I SystemServerTiming: OnBootPhase_600_com.android.server.testharness.TestHarnessModeService
08-26 18:03:24.934 1146 1146 D SystemServerTiming: OnBootPhase_600_com.android.server.testharness.TestHarnessModeService took to complete: 0ms
08-26 18:03:24.934 1146 1146 I SystemServerTiming: OnBootPhase_600_com.android.server.oemlock.OemLockService
08-26 18:03:24.934 1146 1146 D SystemServerTiming: OnBootPhase_600_com.android.server.oemlock.OemLockService took to complete: 0ms
08-26 18:03:24.934 1146 1146 I SystemServerTiming: OnBootPhase_600_com.android.server.DeviceIdleController
08-26 18:03:24.934 1146 1146 D SystemServerTiming: OnBootPhase_600_com.android.server.DeviceIdleController took to complete: 0ms
08-26 18:03:24.934 1146 1146 I SystemServerTiming: OnBootPhase_600_com.android.server.devicepolicy.DevicePolicyManagerService$Lifecycle
08-26 18:03:24.934 1146 1146 D SystemServerTiming: OnBootPhase_600_com.android.server.devicepolicy.DevicePolicyManagerService$Lifecycle took to complete: 0ms
08-26 18:03:24.934 1146 1146 I SystemServerTiming: OnBootPhase_600_com.android.server.texttospeech.TextToSpeechManagerService
08-26 18:03:24.936 1146 1146 D SystemServerTiming: OnBootPhase_600_com.android.server.texttospeech.TextToSpeechManagerService took to complete: 1ms
08-26 18:03:24.936 1146 1146 I SystemServerTiming: OnBootPhase_600_com.android.server.speech.SpeechRecognitionManagerService
08-26 18:03:24.937 1146 1146 D SystemServerTiming: OnBootPhase_600_com.android.server.speech.SpeechRecognitionManagerService took to complete: 0ms
08-26 18:03:24.937 1146 1146 I SystemServerTiming: OnBootPhase_600_com.android.server.searchui.SearchUiManagerService
08-26 18:03:24.937 1146 1146 D SystemServerTiming: OnBootPhase_600_com.android.server.searchui.SearchUiManagerService took to complete: 0ms
08-26 18:03:24.937 1146 1146 I SystemServerTiming: OnBootPhase_600_com.android.server.smartspace.SmartspaceManagerService
08-26 18:03:24.937 1146 1146 D SystemServerTiming: OnBootPhase_600_com.android.server.smartspace.SmartspaceManagerService took to complete: 0ms
08-26 18:03:24.937 1146 1146 I SystemServerTiming: OnBootPhase_600_com.android.server.graphics.fonts.FontManagerService$Lifecycle
08-26 18:03:24.937 1146 1146 D SystemServerTiming: OnBootPhase_600_com.android.server.graphics.fonts.FontManagerService$Lifecycle took to complete: 0ms
08-26 18:03:24.937 1146 1146 I SystemServerTiming: OnBootPhase_600_com.android.server.textservices.TextServicesManagerService$Lifecycle
08-26 18:03:24.937 1146 1146 D SystemServerTiming: OnBootPhase_600_com.android.server.textservices.TextServicesManagerService$Lifecycle took to complete: 0ms
08-26 18:03:24.937 1146 1146 I SystemServerTiming: OnBootPhase_600_com.android.server.textclassifier.TextClassificationManagerService$Lifecycle
08-26 18:03:24.937 1146 1146 D SystemServerTiming: OnBootPhase_600_com.android.server.textclassifier.TextClassificationManagerService$Lifecycle took to complete: 0ms
08-26 18:03:24.937 1146 1146 I SystemServerTiming: OnBootPhase_600_com.android.server.NetworkScoreService$Lifecycle
08-26 18:03:24.937 1146 1146 D SystemServerTiming: OnBootPhase_600_com.android.server.NetworkScoreService$Lifecycle took to complete: 0ms
08-26 18:03:24.937 1146 1146 I SystemServerTiming: OnBootPhase_600_com.android.server.wifi.WifiService
08-26 18:03:24.937 1146 1146 D SystemServerTiming: OnBootPhase_600_com.android.server.wifi.WifiService took to complete: 0ms
08-26 18:03:24.937 1146 1146 I SystemServerTiming: OnBootPhase_600_com.android.server.wifi.scanner.WifiScanningService
08-26 18:03:24.937 1146 1146 D SystemServerTiming: OnBootPhase_600_com.android.server.wifi.scanner.WifiScanningService took to complete: 0ms
08-26 18:03:24.937 1146 1146 I SystemServerTiming: OnBootPhase_600_com.android.server.wifi.rtt.RttService
08-26 18:03:24.938 1146 1146 D SystemServerTiming: OnBootPhase_600_com.android.server.wifi.rtt.RttService took to complete: 0ms
08-26 18:03:24.938 1146 1146 I SystemServerTiming: OnBootPhase_600_com.android.server.wifi.aware.WifiAwareService
08-26 18:03:24.938 1146 1146 D SystemServerTiming: OnBootPhase_600_com.android.server.wifi.aware.WifiAwareService took to complete: 0ms
08-26 18:03:24.938 1146 1146 I SystemServerTiming: OnBootPhase_600_com.android.server.wifi.p2p.WifiP2pService
08-26 18:03:24.938 1146 1146 D SystemServerTiming: OnBootPhase_600_com.android.server.wifi.p2p.WifiP2pService took to complete: 0ms
08-26 18:03:24.938 1146 1146 I SystemServerTiming: OnBootPhase_600_com.android.server.ethernet.EthernetService
08-26 18:03:24.938 1146 1146 D SystemServerTiming: OnBootPhase_600_com.android.server.ethernet.EthernetService took to complete: 0ms
08-26 18:03:24.938 1146 1146 I SystemServerTiming: OnBootPhase_600_com.android.server.ConnectivityServiceInitializer
08-26 18:03:24.938 1146 1146 D SystemServerTiming: OnBootPhase_600_com.android.server.ConnectivityServiceInitializer took to complete: 0ms
08-26 18:03:24.938 1146 1146 I SystemServerTiming: OnBootPhase_600_com.android.server.notification.NotificationManagerService
08-26 18:03:24.940 1146 2311 W OverlayManager: service 'idmap' died
08-26 18:03:24.941 1146 1146 D SystemServerTiming: OnBootPhase_600_com.android.server.notification.NotificationManagerService took to complete: 3ms
08-26 18:03:24.941 1146 1146 I SystemServerTiming: OnBootPhase_600_com.android.server.storage.DeviceStorageMonitorService
08-26 18:03:24.941 1146 1146 D SystemServerTiming: OnBootPhase_600_com.android.server.storage.DeviceStorageMonitorService took to complete: 0ms
08-26 18:03:24.941 1146 1146 I SystemServerTiming: OnBootPhase_600_com.android.server.location.LocationManagerService$Lifecycle
08-26 18:03:24.960 2220 2220 D SystemUIBootTiming: DependencyInjection took to complete: 0ms
08-26 18:03:25.020 1146 1750 W ActivityManager: Slow operation: 215ms so far, now at startProcess: returned from zygote!
08-26 18:03:25.021 1146 1750 W ActivityManager: Slow operation: 216ms so far, now at startProcess: done updating battery stats
08-26 18:03:25.021 1146 1750 W ActivityManager: Slow operation: 216ms so far, now at startProcess: building log message
08-26 18:03:25.021 1146 1750 I ActivityManager: Start proc 2359:WebViewLoader-armeabi-v7a/1037 [android.webkit.WebViewLibraryLoader$RelroFileCreator] for null
08-26 18:03:25.021 1146 1750 W ActivityManager: Slow operation: 216ms so far, now at startProcess: starting to update pids map
08-26 18:03:25.022 1146 1750 W ActivityManager: Slow operation: 217ms so far, now at startProcess: done updating pids map
08-26 18:03:25.022 1146 1750 W ActivityManager: Slow operation: 216ms so far, now at startProcess: asking zygote to start proc
08-26 18:03:25.022 1146 1750 W ActivityManager: com.tc.logclient inode == 0 (b/152760674)
08-26 18:03:25.025 1146 1146 W SystemServiceManager: Service com.android.server.location.LocationManagerService$Lifecycle took 84 ms in onBootPhase
08-26 18:03:25.025 1146 1146 D SystemServerTiming: OnBootPhase_600_com.android.server.location.LocationManagerService$Lifecycle took to complete: 84ms
08-26 18:03:25.025 1146 1146 I SystemServerTiming: OnBootPhase_600_com.android.server.timedetector.TimeDetectorService$Lifecycle
08-26 18:03:25.025 1146 1146 D SystemServerTiming: OnBootPhase_600_com.android.server.timedetector.TimeDetectorService$Lifecycle took to complete: 0ms
08-26 18:03:25.025 1146 1146 I SystemServerTiming: OnBootPhase_600_com.android.server.timezonedetector.TimeZoneDetectorService$Lifecycle
08-26 18:03:25.025 1146 1146 D SystemServerTiming: OnBootPhase_600_com.android.server.timezonedetector.TimeZoneDetectorService$Lifecycle took to complete: 0ms
08-26 18:03:25.025 1146 1146 I SystemServerTiming: OnBootPhase_600_com.android.server.timezonedetector.location.LocationTimeZoneManagerService$Lifecycle
08-26 18:03:25.025 1146 1146 D SystemServerTiming: OnBootPhase_600_com.android.server.timezonedetector.location.LocationTimeZoneManagerService$Lifecycle took to complete: 0ms
08-26 18:03:25.025 1146 1146 I SystemServerTiming: OnBootPhase_600_com.android.server.search.SearchManagerService$Lifecycle
08-26 18:03:25.025 1146 1146 D SystemServerTiming: OnBootPhase_600_com.android.server.search.SearchManagerService$Lifecycle took to complete: 0ms
08-26 18:03:25.025 1146 1146 I SystemServerTiming: OnBootPhase_600_com.android.server.wallpaper.WallpaperManagerService$Lifecycle
08-26 18:03:25.025 1146 1146 I WallpaperManagerService: switch-user-0
08-26 18:03:25.026 1146 1146 V WallpaperManagerService: bindWallpaperComponentLocked: componentName=null
08-26 18:03:25.026 1146 1146 V WallpaperManagerService: No default component; using image wallpaper
08-26 18:03:25.027 1146 1146 D WallpaperManagerService: switch-user-0 took to complete: 2ms
08-26 18:03:25.028 1146 1146 D SystemServerTiming: OnBootPhase_600_com.android.server.wallpaper.WallpaperManagerService$Lifecycle took to complete: 3ms
08-26 18:03:25.028 1146 1146 I SystemServerTiming: OnBootPhase_600_com.android.server.audio.AudioService$Lifecycle
08-26 18:03:25.028 1146 1146 D SystemServerTiming: OnBootPhase_600_com.android.server.audio.AudioService$Lifecycle took to complete: 0ms
08-26 18:03:25.028 1146 1146 I SystemServerTiming: OnBootPhase_600_com.android.server.soundtrigger_middleware.SoundTriggerMiddlewareService$Lifecycle
08-26 18:03:25.028 1146 1146 D SystemServerTiming: OnBootPhase_600_com.android.server.soundtrigger_middleware.SoundTriggerMiddlewareService$Lifecycle took to complete: 0ms
08-26 18:03:25.028 1146 1146 I SystemServerTiming: OnBootPhase_600_com.android.server.DockObserver
08-26 18:03:25.029 1146 1146 D SystemServerTiming: OnBootPhase_600_com.android.server.DockObserver took to complete: 0ms
08-26 18:03:25.029 1146 1146 I SystemServerTiming: OnBootPhase_600_com.android.server.midi.MidiService$Lifecycle
08-26 18:03:25.029 1146 1146 D SystemServerTiming: OnBootPhase_600_com.android.server.midi.MidiService$Lifecycle took to complete: 0ms
08-26 18:03:25.029 1146 1146 I SystemServerTiming: OnBootPhase_600_com.android.server.adb.AdbService$Lifecycle
08-26 18:03:25.029 1146 1146 D SystemServerTiming: OnBootPhase_600_com.android.server.adb.AdbService$Lifecycle took to complete: 0ms
08-26 18:03:25.029 1146 1146 I SystemServerTiming: OnBootPhase_600_com.android.server.usb.UsbService$Lifecycle
08-26 18:03:25.029 1146 1146 D SystemServerTiming: OnBootPhase_600_com.android.server.usb.UsbService$Lifecycle took to complete: 0ms
08-26 18:03:25.029 1146 1146 I SystemServerTiming: OnBootPhase_600_com.android.server.twilight.TwilightService
08-26 18:03:25.029 1146 1146 D SystemServerTiming: OnBootPhase_600_com.android.server.twilight.TwilightService took to complete: 0ms
08-26 18:03:25.029 1146 1146 I SystemServerTiming: OnBootPhase_600_com.android.server.display.color.ColorDisplayService
08-26 18:03:25.029 1146 1146 D SystemServerTiming: OnBootPhase_600_com.android.server.display.color.ColorDisplayService took to complete: 0ms
08-26 18:03:25.030 1146 1146 I SystemServerTiming: OnBootPhase_600_com.android.server.job.JobSchedulerService
08-26 18:03:25.032 1146 1146 D SystemServerTiming: OnBootPhase_600_com.android.server.job.JobSchedulerService took to complete: 2ms
08-26 18:03:25.032 1146 1146 I SystemServerTiming: OnBootPhase_600_com.android.server.soundtrigger.SoundTriggerService
08-26 18:03:25.032 1146 1146 D SoundTriggerService: onBootPhase: 600 : false
08-26 18:03:25.032 1146 1146 D SystemServerTiming: OnBootPhase_600_com.android.server.soundtrigger.SoundTriggerService took to complete: 0ms
08-26 18:03:25.032 1146 1146 I SystemServerTiming: OnBootPhase_600_com.android.server.trust.TrustManagerService
08-26 18:03:25.035 1146 1146 D BiometricService: Sensor ID(0), oemStrength: 15, updatedStrength: 15, modality 2, state: 0, cookie: 0, props: ID: 0, Strength: 2, Type: 1, sensorId 0, hasEnrollments: false cannot participate in Keystore operations
08-26 18:03:25.041 1146 1146 D SystemServerTiming: OnBootPhase_600_com.android.server.trust.TrustManagerService took to complete: 9ms
08-26 18:03:25.041 1146 1146 I SystemServerTiming: OnBootPhase_600_com.android.server.backup.BackupManagerService$Lifecycle
08-26 18:03:25.041 1146 1146 D SystemServerTiming: OnBootPhase_600_com.android.server.backup.BackupManagerService$Lifecycle took to complete: 0ms
08-26 18:03:25.041 1146 1146 I SystemServerTiming: OnBootPhase_600_com.android.server.appwidget.AppWidgetService
08-26 18:03:25.041 1146 1146 D SystemServerTiming: OnBootPhase_600_com.android.server.appwidget.AppWidgetService took to complete: 0ms
08-26 18:03:25.041 1146 1146 I SystemServerTiming: OnBootPhase_600_com.android.server.voiceinteraction.VoiceInteractionManagerService
08-26 18:03:25.042 1146 1146 D SystemServerTiming: OnBootPhase_600_com.android.server.voiceinteraction.VoiceInteractionManagerService took to complete: 1ms
08-26 18:03:25.042 1146 1146 I SystemServerTiming: OnBootPhase_600_com.android.server.apphibernation.AppHibernationService
08-26 18:03:25.042 1146 1146 D SystemServerTiming: OnBootPhase_600_com.android.server.apphibernation.AppHibernationService took to complete: 0ms
08-26 18:03:25.042 1146 1146 I SystemServerTiming: OnBootPhase_600_com.android.server.GestureLauncherService
08-26 18:03:25.043 1146 1146 D SystemServerTiming: OnBootPhase_600_com.android.server.GestureLauncherService took to complete: 1ms
08-26 18:03:25.043 1146 1146 I SystemServerTiming: OnBootPhase_600_com.android.server.SensorNotificationService
08-26 18:03:25.043 1146 1146 D SystemServerTiming: OnBootPhase_600_com.android.server.SensorNotificationService took to complete: 1ms
08-26 18:03:25.044 1146 1146 I SystemServerTiming: OnBootPhase_600_com.android.server.emergency.EmergencyAffordanceService
08-26 18:03:25.044 1146 1146 D SystemServerTiming: OnBootPhase_600_com.android.server.emergency.EmergencyAffordanceService took to complete: 0ms
08-26 18:03:25.044 1146 1146 I SystemServerTiming: OnBootPhase_600_com.android.server.blob.BlobStoreManagerService
08-26 18:03:25.045 1146 1841 D Fingerprint21: Daemon was null, reconnecting, current operation: null
08-26 18:03:25.045 1146 1146 D SystemServerTiming: OnBootPhase_600_com.android.server.blob.BlobStoreManagerService took to complete: 1ms
08-26 18:03:25.045 1146 1146 I SystemServerTiming: OnBootPhase_600_com.android.server.dreams.DreamManagerService
08-26 18:03:25.046 1146 1146 D SystemServerTiming: OnBootPhase_600_com.android.server.dreams.DreamManagerService took to complete: 1ms
08-26 18:03:25.046 1146 1146 I SystemServerTiming: OnBootPhase_600_com.android.server.companion.CompanionDeviceManagerService
08-26 18:03:25.046 1146 1146 D SystemServerTiming: OnBootPhase_600_com.android.server.companion.CompanionDeviceManagerService took to complete: 0ms
08-26 18:03:25.046 1146 1146 I SystemServerTiming: OnBootPhase_600_com.android.server.restrictions.RestrictionsManagerService
08-26 18:03:25.046 1146 1146 D SystemServerTiming: OnBootPhase_600_com.android.server.restrictions.RestrictionsManagerService took to complete: 0ms
08-26 18:03:25.046 1146 1146 I SystemServerTiming: OnBootPhase_600_com.android.server.media.MediaSessionService
08-26 18:03:25.046 1146 1146 D SystemServerTiming: OnBootPhase_600_com.android.server.media.MediaSessionService took to complete: 0ms
08-26 18:03:25.046 1146 1146 I SystemServerTiming: OnBootPhase_600_com.android.server.media.MediaResourceMonitorService
08-26 18:03:25.046 1146 1146 D SystemServerTiming: OnBootPhase_600_com.android.server.media.MediaResourceMonitorService took to complete: 0ms
08-26 18:03:25.046 1146 1146 I SystemServerTiming: OnBootPhase_600_com.android.server.biometrics.sensors.fingerprint.FingerprintService
08-26 18:03:25.046 1146 1146 D SystemServerTiming: OnBootPhase_600_com.android.server.biometrics.sensors.fingerprint.FingerprintService took to complete: 0ms
08-26 18:03:25.046 1146 1146 I SystemServerTiming: OnBootPhase_600_com.android.server.biometrics.BiometricService
08-26 18:03:25.046 1146 1146 D SystemServerTiming: OnBootPhase_600_com.android.server.biometrics.BiometricService took to complete: 0ms
08-26 18:03:25.046 1146 1146 I SystemServerTiming: OnBootPhase_600_com.android.server.biometrics.AuthService
08-26 18:03:25.047 1146 1146 D SystemServerTiming: OnBootPhase_600_com.android.server.biometrics.AuthService took to complete: 0ms
08-26 18:03:25.047 1146 1146 I SystemServerTiming: OnBootPhase_600_com.android.server.pm.ShortcutService$Lifecycle
08-26 18:03:25.047 1146 1146 D SystemServerTiming: OnBootPhase_600_com.android.server.pm.ShortcutService$Lifecycle took to complete: 0ms
08-26 18:03:25.047 1146 1146 I SystemServerTiming: OnBootPhase_600_com.android.server.pm.LauncherAppsService
08-26 18:03:25.047 1146 1146 D SystemServerTiming: OnBootPhase_600_com.android.server.pm.LauncherAppsService took to complete: 0ms
08-26 18:03:25.047 1146 1146 I SystemServerTiming: OnBootPhase_600_com.android.server.pm.CrossProfileAppsService
08-26 18:03:25.047 1146 1146 D SystemServerTiming: OnBootPhase_600_com.android.server.pm.CrossProfileAppsService took to complete: 0ms
08-26 18:03:25.047 1146 1146 I SystemServerTiming: OnBootPhase_600_com.android.server.people.PeopleService
08-26 18:03:25.047 1146 1146 D SystemServerTiming: OnBootPhase_600_com.android.server.people.PeopleService took to complete: 0ms
08-26 18:03:25.047 1146 1146 I SystemServerTiming: OnBootPhase_600_com.android.server.media.metrics.MediaMetricsManagerService
08-26 18:03:25.047 1146 1146 D SystemServerTiming: OnBootPhase_600_com.android.server.media.metrics.MediaMetricsManagerService took to complete: 0ms
08-26 18:03:25.047 1146 1146 I SystemServerTiming: OnBootPhase_600_com.android.server.media.projection.MediaProjectionManagerService
08-26 18:03:25.047 1146 1146 D SystemServerTiming: OnBootPhase_600_com.android.server.media.projection.MediaProjectionManagerService took to complete: 0ms
08-26 18:03:25.047 1146 1146 I SystemServerTiming: OnBootPhase_600_com.android.server.slice.SliceManagerService$Lifecycle
08-26 18:03:25.047 1146 1146 D SystemServerTiming: OnBootPhase_600_com.android.server.slice.SliceManagerService$Lifecycle took to complete: 0ms
08-26 18:03:25.047 1146 1146 I SystemServerTiming: OnBootPhase_600_com.android.server.stats.StatsCompanion$Lifecycle
08-26 18:03:25.057 1146 1726 D CompatibilityChangeReporter: Compat change id reported: 168936375; UID 1000; state: DISABLED
08-26 18:03:25.057 1146 1726 D CompatibilityChangeReporter: Compat change id reported: 168936375; UID 1000; state: ENABLED
08-26 18:03:25.077 1146 1841 D Fingerprint21: Fingerprint HAL ready, HAL ID: 5326416
08-26 18:03:25.087 1146 1146 D SystemServerTiming: OnBootPhase_600_com.android.server.stats.StatsCompanion$Lifecycle took to complete: 40ms
08-26 18:03:25.087 1146 1146 I SystemServerTiming: OnBootPhase_600_com.android.server.scheduling.RebootReadinessManagerService$Lifecycle
08-26 18:03:25.087 1146 1146 D SystemServerTiming: OnBootPhase_600_com.android.server.scheduling.RebootReadinessManagerService$Lifecycle took to complete: 0ms
08-26 18:03:25.087 1146 1146 I SystemServerTiming: OnBootPhase_600_com.android.server.stats.pull.StatsPullAtomService
08-26 18:03:25.087 1146 1146 D SystemServerTiming: OnBootPhase_600_com.android.server.stats.pull.StatsPullAtomService took to complete: 1ms
08-26 18:03:25.088 1146 1146 I SystemServerTiming: OnBootPhase_600_com.android.server.incident.IncidentCompanionService
08-26 18:03:25.088 1146 1146 D SystemServerTiming: OnBootPhase_600_com.android.server.incident.IncidentCompanionService took to complete: 0ms
08-26 18:03:25.088 1146 1146 I SystemServerTiming: OnBootPhase_600_com.android.server.MmsServiceBroker
08-26 18:03:25.088 1146 1146 D SystemServerTiming: OnBootPhase_600_com.android.server.MmsServiceBroker took to complete: 0ms
08-26 18:03:25.088 1146 1146 I SystemServerTiming: OnBootPhase_600_com.android.server.autofill.AutofillManagerService
08-26 18:03:25.088 1146 1146 D SystemServerTiming: OnBootPhase_600_com.android.server.autofill.AutofillManagerService took to complete: 1ms
08-26 18:03:25.088 1146 1146 I SystemServerTiming: OnBootPhase_600_com.android.server.clipboard.ClipboardService
08-26 18:03:25.088 1146 1146 D SystemServerTiming: OnBootPhase_600_com.android.server.clipboard.ClipboardService took to complete: 0ms
08-26 18:03:25.089 1146 1146 I SystemServerTiming: OnBootPhase_600_com.android.server.appbinding.AppBindingService$Lifecycle
08-26 18:03:25.089 1146 1146 D SystemServerTiming: OnBootPhase_600_com.android.server.appbinding.AppBindingService$Lifecycle took to complete: 0ms
08-26 18:03:25.089 1146 1146 I SystemServerTiming: OnBootPhase_600_com.android.server.tracing.TracingServiceProxy
08-26 18:03:25.089 1146 1146 D SystemServerTiming: OnBootPhase_600_com.android.server.tracing.TracingServiceProxy took to complete: 0ms
08-26 18:03:25.089 1146 1146 I SystemServerTiming: OnBootPhase_600_com.android.server.policy.PermissionPolicyService
08-26 18:03:25.089 1146 1146 D SystemServerTiming: OnBootPhase_600_com.android.server.policy.PermissionPolicyService took to complete: 0ms
08-26 18:03:25.089 1146 1146 I SystemServerTiming: OnBootPhase_600_com.android.server.pm.StagingManager$Lifecycle
08-26 18:03:25.089 1146 1146 D SystemServerTiming: OnBootPhase_600_com.android.server.pm.StagingManager$Lifecycle took to complete: 0ms
08-26 18:03:25.089 1146 1146 I SystemServerTiming: OnBootPhase_600_com.android.server.app.GameManagerService$Lifecycle
08-26 18:03:25.089 1146 1146 D SystemServerTiming: OnBootPhase_600_com.android.server.app.GameManagerService$Lifecycle took to complete: 0ms
08-26 18:03:25.089 1146 1146 I SystemServerTiming: OnBootPhase_600_com.android.server.appsearch.AppSearchManagerService
08-26 18:03:25.089 1146 1146 D SystemServerTiming: OnBootPhase_600_com.android.server.appsearch.AppSearchManagerService took to complete: 0ms
08-26 18:03:25.089 1146 1146 I SystemServerTiming: OnBootPhase_600_com.android.server.media.MediaCommunicationService
