01-01 08:42:10.629 1146 1737 I SystemConfig: Reading permissions from /system_ext/etc/permissions/com.qti.dpmframework.xml
01-01 08:42:10.631 1146 1737 I SystemConfig: Reading permissions from /system_ext/etc/permissions/embms-noship_product_privapp_permissions_qti.xml
01-01 08:42:10.633 1146 1737 I SystemConfig: Reading permissions from /system_ext/etc/permissions/com.qualcomm.qti.izattools.xml
01-01 08:42:10.636 1146 1737 I SystemConfig: Reading permissions from /system_ext/etc/permissions/qti_permissions.xml
01-01 08:42:10.642 1146 1737 I SystemConfig: Reading permissions from /apex/com.android.ipsec/etc/permissions/android.net.ipsec.ike.xml
01-01 08:42:10.647 1146 1737 D SystemConfig: readAllPermissions took to complete: 338ms
01-01 08:42:10.647 1146 1737 D SystemServerInitThreadPool: Finished executing ReadingSystemConfig
01-01 08:42:10.647 1146 1737 D SystemServerTimingAsync: InitThreadPoolExec:ReadingSystemConfig took to complete: 339ms
01-01 08:42:10.648 1235 1235 E iorapd : Cannot get package manager service!
01-01 08:42:10.696 1146 1146 D BatteryStatsImpl: Reading daily items from /data/system/batterystats-daily.xml
01-01 08:42:10.701 1146 1758 I KernelCpuUidFreqTimeReader: mPerClusterTimesAvailable=false
01-01 08:42:10.720 1146 1758 E KernelCpuSpeedReader: Failed to read cpu-freq: /sys/devices/system/cpu/cpu4/cpufreq/stats/time_in_state: open failed: ENOENT (No such file or directory)
01-01 08:42:10.721 1146 1758 E KernelCpuSpeedReader: Failed to read cpu-freq: /sys/devices/system/cpu/cpu0/cpufreq/stats/time_in_state: open failed: ENOENT (No such file or directory)
01-01 08:42:10.784 1146 1146 I AppOps : No existing app ops /data/system/appops.xml; starting empty
01-01 08:42:10.787 1146 1146 I IntentFirewall: Read new rules (A:0 B:0 S:0)
01-01 08:42:10.807 1146 1758 W KernelMemoryBandwidthStats: No kernel memory bandwidth stats available
01-01 08:42:10.809 1146 1146 D AppOps : AppOpsService published
01-01 08:42:10.811 1146 1146 D SystemServerTiming: StartActivityManager took to complete: 227ms
01-01 08:42:10.811 1146 1146 I SystemServerTiming: StartDataLoaderManagerService
01-01 08:42:10.811 1146 1146 I SystemServiceManager: Starting com.android.server.pm.DataLoaderManagerService
01-01 08:42:10.812 1146 1146 D SystemServerTiming: StartDataLoaderManagerService took to complete: 2ms
01-01 08:42:10.813 1146 1146 I SystemServerTiming: StartIncrementalService
01-01 08:42:10.830 1146 1146 D SystemServerTiming: StartIncrementalService took to complete: 17ms
01-01 08:42:10.830 1146 1146 I SystemServerTiming: StartPowerManager
01-01 08:42:10.830 1146 1146 I SystemServiceManager: Starting com.android.server.power.PowerManagerService
01-01 08:42:10.855 1146 1146 D SystemServerTiming: StartPowerManager took to complete: 25ms
01-01 08:42:10.855 1146 1146 I SystemServerTiming: StartThermalManager
01-01 08:42:10.855 1146 1146 I SystemServiceManager: Starting com.android.server.power.ThermalManagerService
01-01 08:42:10.856 1146 1146 D SystemServerTiming: StartThermalManager took to complete: 0ms
01-01 08:42:10.856 1146 1146 I SystemServerTiming: StartHintManager
01-01 08:42:10.856 1146 1146 I SystemServiceManager: Starting com.android.server.power.hint.HintManagerService
01-01 08:42:10.858 1146 1146 D SystemServerTiming: StartHintManager took to complete: 2ms
01-01 08:42:10.858 1146 1146 I SystemServerTiming: InitPowerManagement
01-01 08:42:10.859 1146 1146 D SystemServerTiming: InitPowerManagement took to complete: 2ms
01-01 08:42:10.859 1146 1146 I SystemServerTiming: StartRecoverySystemService
01-01 08:42:10.860 1146 1146 I SystemServiceManager: Starting com.android.server.recoverysystem.RecoverySystemService$Lifecycle
01-01 08:42:10.861 1146 1146 D SystemServerTiming: StartRecoverySystemService took to complete: 1ms
01-01 08:42:10.861 1146 1146 I PackageWatchdog: Syncing state, reason: added new observer
01-01 08:42:10.861 1146 1146 I PackageWatchdog: Not pruning observers, elapsed time: 0ms
01-01 08:42:10.861 1146 1146 I PackageWatchdog: Cancelling state sync, nothing to sync
01-01 08:42:10.865 1146 1748 I PackageWatchdog: Saving observer state to file
01-01 08:42:10.865 1146 1146 I SystemServerTiming: StartLightsService
01-01 08:42:10.866 1146 1146 I SystemServiceManager: Starting com.android.server.lights.LightsService
01-01 08:42:10.874 1146 1146 D SystemServerTiming: StartLightsService took to complete: 8ms
01-01 08:42:10.874 1146 1146 I SystemServerTiming: StartSidekickService
01-01 08:42:10.874 1146 1146 D SystemServerTiming: StartSidekickService took to complete: 0ms
01-01 08:42:10.874 1146 1146 I SystemServerTiming: StartDisplayManager
01-01 08:42:10.874 1146 1146 I SystemServiceManager: Starting com.android.server.display.DisplayManagerService
01-01 08:42:10.888 1146 1146 D SystemServerTiming: StartDisplayManager took to complete: 14ms
01-01 08:42:10.888 1146 1146 I SystemServerTiming: WaitForDisplay
01-01 08:42:10.888 1146 1146 I SystemServiceManager: Starting phase 100
01-01 08:42:10.888 1146 1146 I SystemServerTiming: OnBootPhase_100
01-01 08:42:10.888 1146 1146 I SystemServerTiming: OnBootPhase_100_com.android.server.security.FileIntegrityService
01-01 08:42:10.888 1146 1146 D SystemServerTiming: OnBootPhase_100_com.android.server.security.FileIntegrityService took to complete: 0ms
01-01 08:42:10.888 1146 1146 I SystemServerTiming: OnBootPhase_100_com.android.server.pm.Installer
01-01 08:42:10.888 1146 1146 D SystemServerTiming: OnBootPhase_100_com.android.server.pm.Installer took to complete: 0ms
01-01 08:42:10.888 1146 1146 I SystemServerTiming: OnBootPhase_100_com.android.server.os.DeviceIdentifiersPolicyService
01-01 08:42:10.888 1146 1146 D SystemServerTiming: OnBootPhase_100_com.android.server.os.DeviceIdentifiersPolicyService took to complete: 0ms
01-01 08:42:10.888 1146 1146 I SystemServerTiming: OnBootPhase_100_com.android.server.uri.UriGrantsManagerService$Lifecycle
01-01 08:42:10.888 1146 1146 D SystemServerTiming: OnBootPhase_100_com.android.server.uri.UriGrantsManagerService$Lifecycle took to complete: 0ms
01-01 08:42:10.889 1146 1146 I SystemServerTiming: OnBootPhase_100_com.android.server.powerstats.PowerStatsService
01-01 08:42:10.889 1146 1146 D SystemServerTiming: OnBootPhase_100_com.android.server.powerstats.PowerStatsService took to complete: 0ms
01-01 08:42:10.889 1146 1146 I SystemServerTiming: OnBootPhase_100_com.android.server.wm.ActivityTaskManagerService$Lifecycle
01-01 08:42:10.889 1146 1146 D SystemServerTiming: OnBootPhase_100_com.android.server.wm.ActivityTaskManagerService$Lifecycle took to complete: 0ms
01-01 08:42:10.889 1146 1146 I SystemServerTiming: OnBootPhase_100_com.android.server.am.ActivityManagerService$Lifecycle
01-01 08:42:10.889 1146 1146 D SystemServerTiming: OnBootPhase_100_com.android.server.am.ActivityManagerService$Lifecycle took to complete: 0ms
01-01 08:42:10.889 1146 1146 I SystemServerTiming: OnBootPhase_100_com.android.server.pm.DataLoaderManagerService
01-01 08:42:10.889 1146 1146 D SystemServerTiming: OnBootPhase_100_com.android.server.pm.DataLoaderManagerService took to complete: 0ms
01-01 08:42:10.889 1146 1146 I SystemServerTiming: OnBootPhase_100_com.android.server.power.PowerManagerService
01-01 08:42:10.889 1146 1146 D SystemServerTiming: OnBootPhase_100_com.android.server.power.PowerManagerService took to complete: 0ms
01-01 08:42:10.889 1146 1146 I SystemServerTiming: OnBootPhase_100_com.android.server.power.ThermalManagerService
01-01 08:42:10.889 1146 1146 D SystemServerTiming: OnBootPhase_100_com.android.server.power.ThermalManagerService took to complete: 0ms
01-01 08:42:10.889 1146 1146 I SystemServerTiming: OnBootPhase_100_com.android.server.power.hint.HintManagerService
01-01 08:42:10.889 1146 1146 D SystemServerTiming: OnBootPhase_100_com.android.server.power.hint.HintManagerService took to complete: 0ms
01-01 08:42:10.889 1146 1146 I SystemServerTiming: OnBootPhase_100_com.android.server.recoverysystem.RecoverySystemService$Lifecycle
01-01 08:42:10.889 1146 1146 D SystemServerTiming: OnBootPhase_100_com.android.server.recoverysystem.RecoverySystemService$Lifecycle took to complete: 0ms
01-01 08:42:10.889 1146 1146 I SystemServerTiming: OnBootPhase_100_com.android.server.lights.LightsService
01-01 08:42:10.890 1146 1146 D SystemServerTiming: OnBootPhase_100_com.android.server.lights.LightsService took to complete: 0ms
01-01 08:42:10.890 1146 1146 I SystemServerTiming: OnBootPhase_100_com.android.server.display.DisplayManagerService
01-01 08:42:10.903 1146 1731 I DisplayDeviceRepository: Display device added: DisplayDeviceInfo{"内置屏幕": uniqueId="local:4630946370410392961", 2380 x 1020, modeId 1, defaultModeId 1, supportedModes [{id=1, width=2380, height=1020, fps=60.000004, alternativeRefreshRates=[]}], colorMode 0, supportedColorModes [0], hdrCapabilities HdrCapabilities{mSupportedHdrTypes=[2, 3, 4], mMaxLuminance=500.0, mMaxAverageLuminance=500.0, mMinLuminance=0.0}, allmSupported false, gameContentTypeSupported false, density 240, 319.851 x 319.851 dpi, appVsyncOff 1000000, presDeadline 16666666, touch INTERNAL, rotation 0, type INTERNAL, address {port=129, model=0x40446d3026322d}, deviceProductInfo DeviceProductInfo{name=, manufacturerPnpId=QCM, productId=1, modelYear=null, manufactureDate=ManufactureDate{week=27, year=2006}, connectionToSinkType=0}, state UNKNOWN, frameRateOverride , brightnessMinimum 0.0, brightnessMaximum 1.0, brightnessDefault 0.39763778, FLAG_DEFAULT_DISPLAY, FLAG_ROTATES_WITH_CONTENT, FLAG_SECURE, FLAG_SUPPORTS_PROTECTED_BUFFERS}
01-01 08:42:10.905 1146 1731 I LogicalDisplayMapper: Applying layout: [{addr: {port=129, model=0x40446d3026322d}, dispId: 0(ON)}], Previous layout: null
01-01 08:42:10.913 1146 1731 I LogicalDisplayMapper: Adding new display: 0: DisplayInfo{"内置屏幕", displayId 0", displayGroupId -1, FLAG_SECURE, FLAG_SUPPORTS_PROTECTED_BUFFERS, FLAG_TRUSTED, real 2380 x 1020, largest app 2380 x 1020, smallest app 2380 x 1020, appVsyncOff 1000000, presDeadline 16666666, mode 1, defaultMode 1, modes [{id=1, width=2380, height=1020, fps=60.000004, alternativeRefreshRates=[]}], hdrCapabilities HdrCapabilities{mSupportedHdrTypes=[2, 3, 4], mMaxLuminance=500.0, mMaxAverageLuminance=500.0, mMinLuminance=0.0}, userDisabledHdrTypes [], minimalPostProcessingSupported false, rotation 0, state UNKNOWN, type INTERNAL, uniqueId "local:4630946370410392961", app 2380 x 1020, density 240 (319.851 x 319.851) dpi, layerStack 0, colorMode 0, supportedColorModes [0], address {port=129, model=0x40446d3026322d}, deviceProductInfo DeviceProductInfo{name=, manufacturerPnpId=QCM, productId=1, modelYear=null, manufactureDate=ManufactureDate{week=27, year=2006}, connectionToSinkType=0}, removeMode 0, refreshRateOverride 0.0, brightnessMinimum 0.0, brightnessMaximum 1.0, brightnessDefault 0.39763778}
01-01 08:42:10.915 1146 1731 I LogicalDisplayMapper: Setting new display group 0 for display 0, from previous group: null
01-01 08:42:10.919 1146 1731 E DisplayDeviceConfig: requesting nits when no mapping exists.
01-01 08:42:10.935 1146 1731 E DisplayDeviceConfig: requesting nits when no mapping exists.
01-01 08:42:10.946 1146 1146 W SystemServiceManager: Service com.android.server.display.DisplayManagerService took 56 ms in onBootPhase
01-01 08:42:10.947 1146 1146 D SystemServerTiming: OnBootPhase_100_com.android.server.display.DisplayManagerService took to complete: 57ms
01-01 08:42:10.947 1146 1146 D SystemServerTiming: OnBootPhase_100 took to complete: 59ms
01-01 08:42:10.947 1146 1146 D SystemServerTiming: WaitForDisplay took to complete: 59ms
01-01 08:42:10.947 1146 1146 I SystemServerTiming: StartDomainVerificationService
01-01 08:42:10.959 1146 1146 D SystemServerTiming: StartDomainVerificationService took to complete: 11ms
01-01 08:42:10.960 1146 1146 I SystemServerTiming: StartPackageManagerService
01-01 08:42:10.960 1146 1731 I DisplayDeviceRepository: Display device changed state: "内置屏幕", ON
01-01 08:42:10.961 1146 1146 I Watchdog: Pausing HandlerChecker: main thread for reason: packagemanagermain. Pause count: 1
01-01 08:42:10.971 1146 1146 I PackageManagerTiming: create package manager
01-01 08:42:10.978 1146 1146 I PackageManagerTiming: readListOfPackagesToBeDisabled
01-01 08:42:10.978 1146 1146 D PackageManager: Disabling packages for wifi-only device, source: /vendor/etc/telephony_packages.xml
01-01 08:42:10.979 1146 1146 D PackageManagerTiming: readListOfPackagesToBeDisabled took to complete: 1ms
01-01 08:42:10.979 1146 1146 I PackageManagerTiming: createSubComponents
01-01 08:42:11.001 1146 1146 W FileUtils: Failed to chmod(/data/system/packages.list): android.system.ErrnoException: chmod failed: ENOENT (No such file or directory)
01-01 08:42:11.006 1146 1146 D PackageManagerTiming: createSubComponents took to complete: 27ms
01-01 08:42:11.006 1146 1146 I PackageManagerTiming: addSharedUsers
01-01 08:42:11.007 1146 1146 D PackageManagerTiming: addSharedUsers took to complete: 1ms
01-01 08:42:11.008 1146 1146 I PackageManagerTiming: get system config
01-01 08:42:11.008 1146 1146 D PackageManagerTiming: get system config took to complete: 0ms
01-01 08:42:11.019 1146 1146 D PackageManager: Directories scanned as system partitions: [/system:0, /vendor:524288, /odm:4194304, /oem:262144, /product:1048576, /system_ext:2097152, /apex/com.android.vndk.v30:8388608, /apex/com.android.wifi:8388608, /apex/com.android.vndk.v31:8388608, /apex/com.android.tzdata:8388608, /apex/com.android.tethering:8388608, /apex/com.android.sdkext:8388608, /apex/com.android.scheduling:8388608, /apex/com.android.runtime:8388608, /apex/com.android.resolv:8388608, /apex/com.android.permission:8388608, /apex/com.android.os.statsd:8388608, /apex/com.android.neuralnetworks:8388608, /apex/com.android.mediaprovider:8388608, /apex/com.android.media.swcodec:8388608, /apex/com.android.media:8388608, /apex/com.android.ipsec:8388608, /apex/com.android.i18n:8388608, /apex/com.android.extservices:8388608, /apex/com.android.conscrypt:8388608, /apex/com.android.art:8388608, /apex/com.android.appsearch:8388608, /apex/com.android.adbd:8388608]
01-01 08:42:11.024 1146 1146 D SELinuxMMAC: Using policy file /system/etc/selinux/plat_mac_permissions.xml
01-01 08:42:11.027 1146 1146 D SELinuxMMAC: Using policy file /system_ext/etc/selinux/system_ext_mac_permissions.xml
01-01 08:42:11.029 1146 1146 D SELinuxMMAC: Using policy file /product/etc/selinux/product_mac_permissions.xml
01-01 08:42:11.030 1146 1146 D SELinuxMMAC: Using policy file /vendor/etc/selinux/vendor_mac_permissions.xml
01-01 08:42:11.031 1146 1146 D SELinuxMMAC: Using policy file /odm/etc/selinux/odm_mac_permissions.xml
01-01 08:42:11.033 1146 1146 I PackageManagerTiming: loadFallbacks
01-01 08:42:11.035 1146 1146 D PackageManagerTiming: loadFallbacks took to complete: 2ms
01-01 08:42:11.035 1146 1146 I PackageManagerTiming: read user settings
01-01 08:42:11.035 1146 1146 I PackageManager: No settings file; creating initial state
01-01 08:42:11.036 1146 1146 D PackageManagerTiming: read user settings took to complete: 1ms
01-01 08:42:11.042 1146 1146 W android.permission.PermissionManager: Missing ActivityManager; assuming 1000 holds android.permission.WATCH_APPOPS
01-01 08:42:11.045 1146 1146 W android.permission.PermissionManager: Missing ActivityManager; assuming 1000 holds android.permission.WATCH_APPOPS
01-01 08:42:11.054 1146 1146 I PackageManager: /product/overlay/FrameworkResource changed; collecting certs
01-01 08:42:11.065 1146 1146 D CompatibilityChangeReporter: Compat change id reported: 143539591; UID -1; state: ENABLED
01-01 08:42:11.067 1146 1763 W ProcessCpuTracker: Failed to stat(/proc/1765): android.system.ErrnoException: stat failed: ENOENT (No such file or directory)
01-01 08:42:11.067 1146 1763 W ProcessCpuTracker: Skipping unknown process pid 1765
01-01 08:42:11.074 1146 1146 I PackageManager: /product/overlay/FrameworksResCommonQva_Sys.apk changed; collecting certs
01-01 08:42:11.080 1146 1146 I PackageManager: /product/overlay/SettingsResCommon_Sys.apk changed; collecting certs
01-01 08:42:11.083 1146 1146 I PackageManager: /product/overlay/FontNotoSerifSource changed; collecting certs
01-01 08:42:11.085 1146 1146 I PackageManager: /product/overlay/CellBroadcastReceiverResCommon_Sys.apk changed; collecting certs
01-01 08:42:11.088 1146 1146 I PackageManager: /product/overlay/NavigationBarModeGesturalNarrowBack changed; collecting certs
01-01 08:42:11.090 1146 1146 I PackageManager: /product/overlay/WifiResCommon_Sys.apk changed; collecting certs
01-01 08:42:11.093 1146 1146 I PackageManager: /product/overlay/OneHandedModeGestural changed; collecting certs
01-01 08:42:11.096 1146 1146 I PackageManager: /product/overlay/NavigationBarModeGesturalExtraWideBack changed; collecting certs
01-01 08:42:11.098 1146 1146 I PackageManager: /product/overlay/SystemUIResCommon_Sys.apk changed; collecting certs
01-01 08:42:11.101 1146 1146 I PackageManager: /product/overlay/NavigationBarMode3Button changed; collecting certs
01-01 08:42:11.111 1146 1146 I PackageManager: /product/overlay/FrameworksResCommon_Sys.apk changed; collecting certs
01-01 08:42:11.114 1146 1146 I PackageManager: /product/overlay/DisplayCutoutEmulationWaterfall changed; collecting certs
01-01 08:42:11.117 1146 1146 I PackageManager: /product/overlay/NavigationBarModeGestural changed; collecting certs
01-01 08:42:11.119 1146 1146 I PackageManager: /product/overlay/SettingsProviderResource changed; collecting certs
01-01 08:42:11.122 1146 1146 I PackageManager: /product/overlay/NavigationBarModeGesturalWideBack changed; collecting certs
01-01 08:42:11.128 1146 1146 I PackageManager: /vendor/overlay/FrameworksResTarget.apk changed; collecting certs
01-01 08:42:11.130 1146 1146 D CompatibilityChangeReporter: Compat change id reported: 143539591; UID -1; state: DISABLED
01-01 08:42:11.130 1146 1146 D CompatibilityChangeReporter: Compat change id reported: 168782947; UID -1; state: ENABLED
01-01 08:42:11.132 1146 1146 I PackageManager: /vendor/overlay/OptInAppOverlay changed; collecting certs
01-01 08:42:11.135 1146 1146 I PackageManager: /vendor/overlay/WifiResTarget.apk changed; collecting certs
01-01 08:42:11.142 1146 1146 W PackageManager: Failed to parse /system/framework/oat: Missing base APK in /system/framework/oat
01-01 08:42:11.142 1146 1146 W PackageManager: Failed to parse /system/framework/arm64: Missing base APK in /system/framework/arm64
01-01 08:42:11.142 1146 1146 W PackageManager: Failed to parse /system/framework/arm: Missing base APK in /system/framework/arm
01-01 08:42:11.183 1146 1146 I PackageManager: /system/framework/framework-res.apk changed; collecting certs
01-01 08:42:11.187 1146 1146 W PackageManager: Adding duplicate shared id: 1000 name=android
01-01 08:42:11.203 1146 1146 I PackageManager: /system/priv-app/ProxyHandler changed; collecting certs
01-01 08:42:11.220 1146 1146 I PackageManager: /system/priv-app/FusedLocation changed; collecting certs
01-01 08:42:11.224 1146 1146 W PackageManager: Adding duplicate shared id: 1000 name=com.android.location.fused
01-01 08:42:11.234 1146 1146 I PackageManager: /system/priv-app/DynamicSystemInstallationService changed; collecting certs
01-01 08:42:11.238 1146 1146 W PackageManager: Adding duplicate shared id: 1000 name=com.android.dynsystem
01-01 08:42:11.239 1146 1146 I PackageManager: /system/priv-app/VpnDialogs changed; collecting certs
01-01 08:42:11.247 1146 1146 I PackageManager: /system/priv-app/BuiltInPrintService changed; collecting certs
01-01 08:42:11.261 1146 1146 I PackageManager: /system/priv-app/PackageInstaller changed; collecting certs
01-01 08:42:11.264 1146 1146 I PackageManager: /system/priv-app/MediaProviderLegacy changed; collecting certs
01-01 08:42:11.269 1146 1146 W PackageManager: Adding duplicate app id: 10023 name=com.android.providers.media
01-01 08:42:11.271 1146 1146 I PackageManager: /system/priv-app/NetworkStack changed; collecting certs
01-01 08:42:11.277 1146 1146 W PackageManager: Adding duplicate shared id: 1073 name=com.android.networkstack
01-01 08:42:11.281 1146 1146 I PackageManager: /system/priv-app/LocalTransport changed; collecting certs
01-01 08:42:11.286 1146 1146 W PackageManager: Adding duplicate shared id: 1000 name=com.android.localtransport
01-01 08:42:11.288 1146 1146 I PackageManager: /system/priv-app/Telecom changed; collecting certs
01-01 08:42:11.294 1146 1146 W PackageManager: Adding duplicate shared id: 1000 name=com.android.server.telecom
01-01 08:42:11.296 1146 1146 I PackageManager: /system/priv-app/McuUpdate changed; collecting certs
01-01 08:42:11.305 1146 1146 W PackageManager: Adding duplicate shared id: 1000 name=com.thundercomm.mcuupgrade
01-01 08:42:11.307 1146 1146 I PackageManager: /system/priv-app/MtpService changed; collecting certs
01-01 08:42:11.312 1146 1146 W PackageManager: Adding duplicate app id: 10023 name=com.android.mtp
01-01 08:42:11.314 1146 1146 I PackageManager: /system/priv-app/Tag changed; collecting certs
01-01 08:42:11.318 1146 1146 I PackageManager: /system/priv-app/DownloadProviderUi changed; collecting certs
01-01 08:42:11.321 1146 1146 W PackageManager: Adding duplicate app id: 10023 name=com.android.providers.downloads.ui
01-01 08:42:11.323 1146 1146 I PackageManager: /system/priv-app/ContactsProvider changed; collecting certs
01-01 08:42:11.326 1146 1146 W PackageManager: Adding duplicate app id: 10025 name=com.android.providers.contacts
01-01 08:42:11.328 1146 1146 I PackageManager: /system/priv-app/UserDictionaryProvider changed; collecting certs
01-01 08:42:11.330 1146 1146 W PackageManager: Adding duplicate app id: 10025 name=com.android.providers.userdictionary
01-01 08:42:11.331 1146 1146 I PackageManager: /system/priv-app/NetworkPermissionConfig changed; collecting certs
01-01 08:42:11.335 1146 1791 D CompatibilityChangeReporter: Compat change id reported: 150232615; UID -1; state: DISABLED
01-01 08:42:11.335 1146 1146 W PackageManager: Adding duplicate shared id: 1073 name=com.android.networkstack.permissionconfig
01-01 08:42:11.338 1146 1146 I PackageManager: /system/priv-app/CtsShimPrivPrebuilt changed; collecting certs
01-01 08:42:11.344 1146 1146 D CompatibilityChangeReporter: Compat change id reported: 168782947; UID -1; state: DISABLED
01-01 08:42:11.347 1146 1146 I PackageManager: /system/priv-app/Traceur changed; collecting certs
01-01 08:42:11.352 1146 1146 I PackageManager: /system/priv-app/CalendarProvider changed; collecting certs
01-01 08:42:11.356 1146 1146 W PackageManager: Adding duplicate app id: 10028 name=com.android.providers.calendar
01-01 08:42:11.358 1146 1146 I PackageManager: /system/priv-app/SettingsProvider changed; collecting certs
01-01 08:42:11.367 1146 1146 W PackageManager: Adding duplicate shared id: 1000 name=com.android.providers.settings
01-01 08:42:11.368 1146 1146 I PackageManager: /system/priv-app/ManagedProvisioning changed; collecting certs
01-01 08:42:11.371 1146 1146 I PackageManager: /system/priv-app/Shell changed; collecting certs
01-01 08:42:11.373 1146 1146 W PackageManager: Adding duplicate shared id: 2000 name=com.android.shell
01-01 08:42:11.374 1146 1146 I PackageManager: /system/priv-app/SharedStorageBackup changed; collecting certs
01-01 08:42:11.377 1146 1146 I PackageManager: /system/priv-app/DownloadProvider changed; collecting certs
01-01 08:42:11.379 1146 1146 W PackageManager: Adding duplicate app id: 10023 name=com.android.providers.downloads
01-01 08:42:11.381 1146 1146 I PackageManager: /system/priv-app/MusicFX changed; collecting certs
01-01 08:42:11.383 1146 1146 I PackageManager: /system/priv-app/InputDevices changed; collecting certs
01-01 08:42:11.385 1146 1146 W PackageManager: Adding duplicate shared id: 1000 name=com.android.inputdevices
01-01 08:42:11.387 1146 1146 I PackageManager: /system/priv-app/SogouInput_huaren_1.0.0.255_Build_14302_20210415 changed; collecting certs
01-01 08:42:11.441 1146 1146 I PackageManager: /system/priv-app/ExternalStorageProvider changed; collecting certs
01-01 08:42:11.443 1146 1146 I PackageManager: /system/priv-app/SoundPicker changed; collecting certs
01-01 08:42:11.446 1146 1146 W PackageManager: Adding duplicate app id: 10023 name=com.android.soundpicker
01-01 08:42:11.447 1146 1146 I PackageManager: /system/priv-app/BackupRestoreConfirmation changed; collecting certs
01-01 08:42:11.451 1146 1146 I PackageManager: /system/priv-app/DocumentsUI changed; collecting certs
01-01 08:42:11.468 1146 1146 I PackageManager: /system/app/SecureElement changed; collecting certs
01-01 08:42:11.470 1146 1146 W PackageManager: Adding duplicate shared id: 1068 name=com.android.se
01-01 08:42:11.474 1146 1146 I PackageManager: /system/app/CertInstaller changed; collecting certs
01-01 08:42:11.491 1146 1146 I PackageManager: /system/app/CaptivePortalLogin changed; collecting certs
01-01 08:42:11.494 1146 1790 W PackageParsing: No actions in intent-filter at /system/app/Bluetooth/Bluetooth.apk Binary XML file line #284
01-01 08:42:11.498 1146 1146 I PackageManager: /system/app/KeyChain changed; collecting certs
01-01 08:42:11.506 1146 1146 W PackageManager: Adding duplicate shared id: 1000 name=com.android.keychain
01-01 08:42:11.507 1146 1146 I PackageManager: /system/app/LogClient changed; collecting certs
01-01 08:42:11.511 1146 1146 W PackageManager: Adding duplicate shared id: 1000 name=com.tc.logclient
01-01 08:42:11.512 1146 1146 I PackageManager: /system/app/HTMLViewer changed; collecting certs
01-01 08:42:11.516 1146 1146 I PackageManager: /system/app/EasterEgg changed; collecting certs
01-01 08:42:11.520 1146 1146 I PackageManager: /system/app/Bluetooth changed; collecting certs
01-01 08:42:11.524 1146 1146 W PackageManager: Adding duplicate shared id: 1002 name=com.android.bluetooth
01-01 08:42:11.526 1146 1146 I PackageManager: /system/app/CameraExtensionsProxy changed; collecting certs
01-01 08:42:11.530 1146 1146 I PackageManager: /system/app/PrintSpooler changed; collecting certs
01-01 08:42:11.536 1146 1146 I PackageManager: /system/app/CompanionDeviceManager changed; collecting certs
01-01 08:42:11.541 1146 1146 I PackageManager: /system/app/PacProcessor changed; collecting certs
01-01 08:42:11.547 1146 1146 I PackageManager: /system/app/BasicDreams changed; collecting certs
01-01 08:42:11.550 1146 1146 I PackageManager: /system/app/LiveWallpapersPicker changed; collecting certs
01-01 08:42:11.554 1146 1146 I PackageManager: /system/app/BookmarkProvider changed; collecting certs
01-01 08:42:11.556 1146 1146 I PackageManager: /system/app/Stk changed; collecting certs
01-01 08:42:11.558 1146 1146 W PackageManager: Adding duplicate shared id: 1001 name=com.android.stk
01-01 08:42:11.560 1146 1146 I PackageManager: /system/app/ExtShared changed; collecting certs
01-01 08:42:11.564 1146 1146 I PackageManager: /system/app/CtsShimPrebuilt changed; collecting certs
01-01 08:42:11.568 1146 1146 I PackageManager: /system/app/BluetoothMidiService changed; collecting certs
01-01 08:42:11.570 1146 1146 I PackageManager: /system/app/PrintRecommendationService changed; collecting certs
01-01 08:42:11.572 1146 1146 I PackageManager: /system/app/WallpaperBackup changed; collecting certs
01-01 08:42:11.575 1146 1146 W PackageManager: Adding duplicate shared id: 1000 name=com.android.wallpaperbackup
01-01 08:42:11.587 1146 1146 W PackageManager: Failed to parse /vendor/app/CneApp: Missing base APK in /vendor/app/CneApp/lib/arm64
01-01 08:42:11.588 1146 1146 I PackageManager: /vendor/app/com.qualcomm.qti.gpudrivers.kona.api30 changed; collecting certs
01-01 08:42:11.595 1146 1146 I PackageManager: /vendor/app/pasrservice changed; collecting certs
01-01 08:42:11.602 1146 1146 I PackageManager: /vendor/app/ConnectionSecurityService changed; collecting certs
01-01 08:42:11.623 1146 1146 I PackageManager: /vendor/app/QSensorTest changed; collecting certs
01-01 08:42:11.633 1146 1146 I PackageManager: /vendor/app/TimeService changed; collecting certs
01-01 08:42:11.640 1146 1146 I PackageManager: /vendor/app/TrustZoneAccessService changed; collecting certs
01-01 08:42:11.643 1146 1146 I PackageManager: /vendor/app/TsUartService changed; collecting certs
01-01 08:42:11.647 1146 1146 I PackageManager: /vendor/app/UnifiedSensorTestApp changed; collecting certs
01-01 08:42:11.648 1235 1235 W iorapd : Reconnect to package manager service: 2 times
01-01 08:42:11.652 1146 1146 I PackageManager: /vendor/app/CACertService changed; collecting certs
01-01 08:42:11.655 1146 1146 W PackageManager: Adding duplicate app id: 10059 name=vendor.qti.hardware.cacert.server
01-01 08:42:11.656 1146 1146 I PackageManager: /vendor/app/IWlanService changed; collecting certs
01-01 08:42:11.659 1146 1146 W PackageManager: Adding duplicate app id: 10059 name=vendor.qti.iwlan
01-01 08:42:11.671 1146 1146 I PackageManager: /product/priv-app/OneTimeInitializer changed; collecting certs
01-01 08:42:11.683 1146 1146 I PackageManager: /product/priv-app/QtiSoundRecorder changed; collecting certs
01-01 08:42:11.687 1146 1146 I PackageManager: /product/priv-app/SettingsIntelligence changed; collecting certs
01-01 08:42:11.700 1146 1146 I PackageManager: /product/app/uimremoteclient changed; collecting certs
01-01 08:42:11.739 1146 1146 I PackageManager: /product/app/Calendar changed; collecting certs
01-01 08:42:11.759 1146 1146 I PackageManager: /product/app/QuickSearchBox changed; collecting certs
01-01 08:42:11.767 1146 1146 I PackageManager: /product/app/DeviceStatisticsService changed; collecting certs
01-01 08:42:11.773 1146 1146 I PackageManager: /product/app/webview changed; collecting certs
01-01 08:42:11.793 1146 1146 I PackageManager: /product/app/DeskClock changed; collecting certs
01-01 08:42:11.799 1146 1146 I PackageManager: /product/app/SampleLocationAttribution changed; collecting certs
01-01 08:42:11.800 1146 1791 I PackageParsing: Parse times for '/product/app/LatinIME': parse=107ms, update_cache=1 ms
01-01 08:42:11.803 1146 1146 I PackageManager: /product/app/ModuleMetadata changed; collecting certs
01-01 08:42:11.807 1146 1146 I PackageManager: /product/app/uimremoteserver changed; collecting certs
01-01 08:42:11.810 1146 1789 W PackageParsing: No actions in intent-filter at /product/app/SnapdragonMusic/SnapdragonMusic.apk Binary XML file line #80
01-01 08:42:11.811 1146 1789 W PackageParsing: No actions in intent-filter at /product/app/SnapdragonMusic/SnapdragonMusic.apk Binary XML file line #216
01-01 08:42:11.815 1146 1146 I PackageManager: /product/app/LatinIME changed; collecting certs
01-01 08:42:11.821 1146 1146 I PackageManager: /product/app/PhotoTable changed; collecting certs
01-01 08:42:11.825 1146 1146 I PackageManager: /product/app/SnapdragonMusic changed; collecting certs
01-01 08:42:11.837 1146 1146 I PackageManager: /product/app/Gallery2 changed; collecting certs
01-01 08:42:11.861 1146 1146 I PackageManager: /system_ext/priv-app/WfdService changed; collecting certs
01-01 08:42:11.878 1146 1146 I PackageManager: /system_ext/priv-app/QAS_DVC_MSP changed; collecting certs
01-01 08:42:11.885 1146 1146 I PackageManager: /system_ext/priv-app/Provision changed; collecting certs
01-01 08:42:11.894 1146 1146 I PackageManager: /system_ext/priv-app/com.qualcomm.qti.services.systemhelper changed; collecting certs
01-01 08:42:11.915 1146 1146 I PackageManager: /system_ext/priv-app/dpmserviceapp changed; collecting certs
01-01 08:42:11.919 1146 1146 W PackageManager: Adding duplicate shared id: 1001 name=com.qti.dpmserviceapp
01-01 08:42:11.924 1146 1146 I PackageManager: /system_ext/priv-app/EmergencyInfo changed; collecting certs
01-01 08:42:11.927 1146 1146 W PackageManager: Adding duplicate app id: 10080 name=com.android.emergency
01-01 08:42:11.932 1146 1146 I PackageManager: /system_ext/priv-app/Launcher3QuickStep changed; collecting certs
01-01 08:42:11.937 1146 1146 I PackageManager: /system_ext/priv-app/WallpaperCropper changed; collecting certs
01-01 08:42:11.944 1146 1146 I PackageManager: /system_ext/priv-app/xrcbservice changed; collecting certs
01-01 08:42:11.949 1146 1146 I PackageManager: /system_ext/priv-app/xrvdservice changed; collecting certs
01-01 08:42:11.952 1146 1146 W PackageManager: Adding duplicate shared id: 1000 name=com.qualcomm.qti.xrvd.service
01-01 08:42:11.955 1146 1146 I PackageManager: /system_ext/priv-app/StorageManager changed; collecting certs
01-01 08:42:11.959 1146 1146 I PackageManager: /system_ext/priv-app/com.qualcomm.location changed; collecting certs
01-01 08:42:11.963 1146 1146 I PackageManager: /system_ext/priv-app/xtra_t_app changed; collecting certs
01-01 08:42:11.965 1146 1146 W PackageManager: Adding duplicate app id: 10086 name=com.qualcomm.location.XT
01-01 08:42:12.105 1146 1789 W PackageParsing: Ignoring duplicate uses-permissions/uses-permissions-sdk-m: android.permission.CONFIGURE_WIFI_DISPLAY in package: com.android.systemui at: Binary XML file line #160
01-01 08:42:12.123 1146 1789 I PackageParsing: Parse times for '/system_ext/priv-app/SystemUI': parse=167ms, update_cache=1 ms
01-01 08:42:12.124 1146 1146 I PackageManager: /system_ext/priv-app/SystemUI changed; collecting certs
01-01 08:42:12.128 1146 1146 W PackageManager: Adding duplicate app id: 10087 name=com.android.systemui
01-01 08:42:12.325 1146 1791 I PackageParsing: Parse times for '/system_ext/priv-app/Settings': parse=472ms, update_cache=5 ms
01-01 08:42:12.326 1146 1146 I PackageManager: /system_ext/priv-app/Settings changed; collecting certs
01-01 08:42:12.329 1146 1146 W PackageManager: Adding duplicate shared id: 1000 name=com.android.settings
01-01 08:42:12.345 1146 1146 I PackageManager: /system_ext/app/QTIDiagServices changed; collecting certs
01-01 08:42:12.350 1146 1146 W PackageManager: Adding duplicate shared id: 1000 name=com.qti.diagservices
01-01 08:42:12.352 1146 1146 I PackageManager: /system_ext/app/workloadclassifier changed; collecting certs
01-01 08:42:12.367 1146 1146 I PackageManager: /system_ext/app/MStatsSystemService changed; collecting certs
01-01 08:42:12.380 1146 1146 I PackageManager: /system_ext/app/FM2 changed; collecting certs
01-01 08:42:12.388 1146 1146 I PackageManager: /system_ext/app/embms changed; collecting certs
01-01 08:42:12.396 1146 1146 I PackageManager: /system_ext/app/uceShimService changed; collecting certs
01-01 08:42:12.404 1146 1146 W PackageManager: Adding duplicate shared id: 1001 name=com.qualcomm.qti.uceShimService
01-01 08:42:12.405 1146 1146 I PackageManager: /system_ext/app/QCC-Netstat changed; collecting certs
01-01 08:42:12.412 1146 1146 I PackageManager: /system_ext/app/RemoteControlServer changed; collecting certs
01-01 08:42:12.419 1146 1146 W PackageManager: Adding duplicate shared id: 1000 name=com.thundercomm.remotecontrolservice
01-01 08:42:12.420 1146 1146 I PackageManager: /system_ext/app/QdcmFF changed; collecting certs
01-01 08:42:12.427 1831 1831 F linker : CANNOT LINK EXECUTABLE "/vendor/bin/hw/qvrservice": library "vendor.qti.hardware.qxr-V1-ndk_platform.so" not found: needed by /vendor/lib64/libqvrservice.so in namespace (default)
01-01 08:42:12.427 1146 1146 W PackageManager: Adding duplicate shared id: 1000 name=com.qti.snapdragon.qdcm_ff
01-01 08:42:12.429 1146 1146 I PackageManager: /system_ext/app/NQNfcNci changed; collecting certs
01-01 08:42:12.436 1146 1146 W PackageManager: Adding duplicate shared id: 1027 name=com.android.nfc
01-01 08:42:12.437 1833 1833 F linker : CANNOT LINK EXECUTABLE "/vendor/bin/hw/sxrservice": library "vendor.qti.hardware.qxr-V1-ndk_platform.so" not found: needed by main executable
01-01 08:42:12.437 1146 1146 I PackageManager: /system_ext/app/QCC changed; collecting certs
01-01 08:42:12.440 1146 1146 W PackageManager: Adding duplicate shared id: 1000 name=com.qualcomm.qti.qdma
01-01 08:42:12.442 1146 1146 I PackageManager: /system_ext/app/aptxui changed; collecting certs
01-01 08:42:12.445 1146 1146 I PackageManager: /system_ext/app/QesdkSysService changed; collecting certs
01-01 08:42:12.448 1146 1146 W PackageManager: Adding duplicate shared id: 1000 name=vendor.qti.qesdk.sysservice
01-01 08:42:12.449 1146 1146 I PackageManager: /system_ext/app/QCC-AUTHMGR changed; collecting certs
01-01 08:42:12.453 1146 1146 I PackageManager: /system_ext/app/DynamicDDSService changed; collecting certs
01-01 08:42:12.455 1146 1146 W PackageManager: Adding duplicate shared id: 1001 name=com.qualcomm.qti.dynamicddsservice
01-01 08:42:12.458 1146 1146 I PackageManager: /system_ext/app/Qmmi changed; collecting certs
01-01 08:42:12.480 1146 1146 W PackageManager: Adding duplicate shared id: 1000 name=com.qualcomm.qti.qmmi
01-01 08:42:12.506 1146 1146 I PackageManager: /apex/com.android.wifi/priv-app/ServiceWifiResources changed; collecting certs
01-01 08:42:12.533 1146 1146 I PackageManager: /apex/com.android.wifi/app/OsuLogin changed; collecting certs
01-01 08:42:12.552 1146 1146 I PackageManager: /apex/com.android.tethering/priv-app/ServiceConnectivityResources changed; collecting certs
01-01 08:42:12.560 1146 1146 I PackageManager: /apex/com.android.tethering/priv-app/Tethering changed; collecting certs
01-01 08:42:12.569 1146 1146 W PackageManager: Adding duplicate shared id: 1073 name=com.android.networkstack.tethering
01-01 08:42:12.634 1146 1146 I PackageManager: /apex/com.android.permission/priv-app/PermissionController changed; collecting certs
01-01 08:42:12.656 1146 1146 I PackageManager: /apex/com.android.mediaprovider/priv-app/MediaProvider changed; collecting certs
01-01 08:42:12.678 1146 1146 I PackageManager: /apex/com.android.extservices/priv-app/ExtServices changed; collecting certs
01-01 08:42:12.702 1146 1146 I PackageManager: Finished scanning system apps. Time: 1665 ms, packageCount: 137 , timePerPackage: 12 , cached: 0
01-01 08:42:12.705 1146 1146 I PackageManager: Finished scanning non-system apps. Time: 3 ms, packageCount: 0 , timePerPackage: 0 , cached: 0
01-01 08:42:12.706 1146 1146 E PackageManager: updateAllSharedLibrariesLPw failed: Package com.qualcomm.embms requires unavailable shared library com.qualcomm.qcrilhook; failing!
01-01 08:42:12.706 1146 1146 E PackageManager: updateAllSharedLibrariesLPw failed: Package com.android.systemui requires unavailable shared library com.qti.extphone.extphonelib; failing!
01-01 08:42:12.706 1146 1146 E PackageManager: updateAllSharedLibrariesLPw failed: Package com.android.settings requires unavailable shared library com.qti.extphone.extphonelib; failing!
01-01 08:42:12.706 1146 1146 E PackageManager: updateAllSharedLibrariesLPw failed: Package com.qualcomm.qti.devicestatisticsservice requires unavailable shared library qti-telephony-hidl-wrapper-prd; failing!
01-01 08:42:12.706 1146 1146 E PackageManager: updateAllSharedLibrariesLPw failed: Package com.qti.snapdragon.qdcm_ff requires unavailable shared library vendor.display.color.V1_0.IDisplayColor; failing!
01-01 08:42:12.707 1146 1146 E PackageManager: updateAllSharedLibrariesLPw failed: Package com.qti.pasrservice requires unavailable shared library vendor.qti.power.pasrmanager.V1_0.IPasrManager; failing!
01-01 08:42:12.707 1146 1146 E PackageManager: updateAllSharedLibrariesLPw failed: Package com.qualcomm.wfd.service requires unavailable shared library .WfdService; failing!
01-01 08:42:12.707 1146 1146 E PackageManager: updateAllSharedLibrariesLPw failed: Package com.qualcomm.uimremoteserver requires unavailable shared library qti-telephony-hidl-wrapper-prd; failing!
01-01 08:42:12.707 1146 1146 E PackageManager: updateAllSharedLibrariesLPw failed: Package com.qualcomm.uimremoteclient requires unavailable shared library qti-telephony-hidl-wrapper-prd; failing!
01-01 08:42:12.716 1146 1146 I PackageManager: Time to scan packages: 1.679 seconds
01-01 08:42:12.716 1146 1146 I PackageManager: Permission ownership changed. Updating all permissions.
01-01 08:42:12.732 1146 1146 V PackageManager: reconcileAppsData for null u0 0x1 migrateAppData=true
01-01 08:42:12.930 1146 1146 V PackageManager: reconcileAppsData finished 27 packages
01-01 08:42:12.931 1146 1146 I PackageManagerTiming: write settings
01-01 08:42:12.932 1146 1839 I SystemServerTimingAsync: InitThreadPoolExec:prepareAppData
01-01 08:42:12.932 1146 1839 D SystemServerInitThreadPool: Started executing prepareAppData
01-01 08:42:12.945 1146 1839 D SystemServerTimingAsync: AppDataFixup took to complete: 13ms
01-01 08:42:13.023 1146 1146 D PackageManagerTiming: write settings took to complete: 92ms
01-01 08:42:13.024 1146 1146 W PackageManager: Intent filter verifier not found
01-01 08:42:13.024 1146 1146 W PackageManager: Domain verification agent not found
01-01 08:42:13.029 1146 1146 D PackageManager: Ephemeral resolver NOT found; no matching intent filters
01-01 08:42:13.029 1146 1146 D PackageManager: Instant App installer not found with android.intent.action.INSTALL_INSTANT_APP_PACKAGE
01-01 08:42:13.029 1146 1146 D PackageManager: Clear ephemeral installer activity
01-01 08:42:13.032 1146 1146 I PackageManagerTiming: GC
01-01 08:42:13.032 1146 1146 D PackageManagerTiming: GC took to complete: 0ms
01-01 08:42:13.032 1146 1146 I PackageManager: Fix for b/169414761 is applied
01-01 08:42:13.032 1146 1146 D PackageManagerTiming: create package manager took to complete: 2061ms
01-01 08:42:13.041 1146 1146 V UserManagerService: Checking that all system packages are whitelisted.
01-01 08:42:13.045 1146 1146 W UserManagerService: checkWhitelistedSystemPackages(mode=ENFORCE|IMPLICIT_WHITELIST|IMPLICIT_WHITELIST_SYSTEM) has 67 warnings:
01-01 08:42:13.045 1146 1146 W UserManagerService: com.android.internal.display.cutout.emulation.corner is allowlisted but not present.
01-01 08:42:13.045 1146 1146 W UserManagerService: com.android.internal.display.cutout.emulation.double is allowlisted but not present.
01-01 08:42:13.045 1146 1146 W UserManagerService: com.android.theme.color.amethyst is allowlisted but not present.
01-01 08:42:13.045 1146 1146 W UserManagerService: com.android.theme.icon.pebble is allowlisted but not present.
01-01 08:42:13.045 1146 1146 W UserManagerService: com.android.theme.color.sand is allowlisted but not present.
01-01 08:42:13.045 1146 1146 W UserManagerService: com.android.theme.icon.vessel is allowlisted but not present.
01-01 08:42:13.045 1146 1146 W UserManagerService: com.android.theme.color.cinnamon is allowlisted but not present.
01-01 08:42:13.045 1146 1146 W UserManagerService: com.android.theme.icon_pack.victor.settings is allowlisted but not present.
01-01 08:42:13.045 1146 1146 W UserManagerService: com.android.theme.icon_pack.rounded.systemui is allowlisted but not present.
01-01 08:42:13.045 1146 1146 W UserManagerService: com.android.theme.icon.taperedrect is allowlisted but not present.
01-01 08:42:13.045 1146 1146 W UserManagerService: com.android.theme.icon_pack.rounded.android is allowlisted but not present.
01-01 08:42:13.046 1146 1146 W UserManagerService: com.qualcomm.qti.euiccresource is allowlisted but not present.
01-01 08:42:13.046 1146 1146 W UserManagerService: com.qualcomm.qti.telephonyservice is allowlisted but not present.
01-01 08:42:13.046 1146 1146 W UserManagerService: com.android.theme.icon_pack.victor.systemui is allowlisted but not present.
01-01 08:42:13.046 1146 1146 W UserManagerService: com.android.theme.icon_pack.circular.themepicker is allowlisted but not present.
01-01 08:42:13.046 1146 1146 W UserManagerService: com.android.theme.color.tangerine is allowlisted but not present.
01-01 08:42:13.046 1146 1146 W UserManagerService: com.android.theme.color.aquamarine is allowlisted but not present.
01-01 08:42:13.046 1146 1146 W UserManagerService: com.android.internal.display.cutout.emulation.hole is allowlisted but not present.
01-01 08:42:13.046 1146 1146 W UserManagerService: com.android.internal.display.cutout.emulation.tall is allowlisted but not present.
01-01 08:42:13.046 1146 1146 W UserManagerService: com.android.theme.color.black is allowlisted but not present.
01-01 08:42:13.046 1146 1146 W UserManagerService: com.android.theme.color.green is allowlisted but not present.
01-01 08:42:13.046 1146 1146 W UserManagerService: com.android.theme.color.ocean is allowlisted but not present.
01-01 08:42:13.046 1146 1146 W UserManagerService: com.android.theme.color.space is allowlisted but not present.
01-01 08:42:13.046 1146 1146 W UserManagerService: com.qti.qualcomm.datastatusnotification is allowlisted but not present.
01-01 08:42:13.046 1146 1146 W UserManagerService: com.qualcomm.qti.callfeaturessetting is allowlisted but not present.
01-01 08:42:13.046 1146 1146 W UserManagerService: com.android.theme.icon_pack.rounded.launcher is allowlisted but not present.
01-01 08:42:13.046 1146 1146 W UserManagerService: com.qti.qualcomm.deviceinfo is allowlisted but not present.
01-01 08:42:13.046 1146 1146 W UserManagerService: com.android.theme.icon_pack.kai.settings is allowlisted but not present.
01-01 08:42:13.046 1146 1146 W UserManagerService: com.android.internal.systemui.navbar.twobutton is allowlisted but not present.
01-01 08:42:13.046 1146 1146 W UserManagerService: org.codeaurora.ims is allowlisted but not present.
01-01 08:42:13.047 1146 1146 W UserManagerService: com.android.theme.icon_pack.sam.settings is allowlisted but not present.
01-01 08:42:13.047 1146 1146 W UserManagerService: com.android.theme.icon_pack.kai.themepicker is allowlisted but not present.
01-01 08:42:13.047 1146 1146 W UserManagerService: com.qualcomm.qcrilmsgtunnel is allowlisted but not present.
01-01 08:42:13.047 1146 1146 W UserManagerService: com.android.theme.icon_pack.victor.launcher is allowlisted but not present.
01-01 08:42:13.047 1146 1146 W UserManagerService: com.android.theme.icon_pack.filled.settings is allowlisted but not present.
01-01 08:42:13.047 1146 1146 W UserManagerService: com.android.theme.icon_pack.kai.systemui is allowlisted but not present.
01-01 08:42:13.047 1146 1146 W UserManagerService: com.android.theme.icon_pack.circular.settings is allowlisted but not present.
01-01 08:42:13.047 1146 1146 W UserManagerService: com.qti.xdivert is allowlisted but not present.
01-01 08:42:13.047 1146 1146 W UserManagerService: com.android.theme.icon_pack.sam.systemui is allowlisted but not present.
01-01 08:42:13.047 1146 1146 W UserManagerService: com.android.theme.icon.teardrop is allowlisted but not present.
01-01 08:42:13.047 1146 1146 W UserManagerService: com.android.theme.icon_pack.rounded.themepicker is allowlisted but not present.
01-01 08:42:13.047 1146 1146 W UserManagerService: com.android.theme.icon_pack.filled.systemui is allowlisted but not present.
01-01 08:42:13.047 1146 1146 W UserManagerService: com.qualcomm.qti.imsiprivacy.tests is allowlisted but not present.
01-01 08:42:13.047 1146 1146 W UserManagerService: com.android.theme.icon_pack.sam.android is allowlisted but not present.
01-01 08:42:13.047 1146 1146 W UserManagerService: com.android.theme.icon_pack.filled.android is allowlisted but not present.
01-01 08:42:13.047 1146 1146 W UserManagerService: com.android.theme.icon_pack.circular.systemui is allowlisted but not present.
01-01 08:42:13.047 1146 1146 W UserManagerService: com.android.theme.icon_pack.kai.android is allowlisted but not present.
01-01 08:42:13.047 1146 1146 W UserManagerService: com.android.theme.icon_pack.kai.launcher is allowlisted but not present.
01-01 08:42:13.047 1146 1146 W UserManagerService: com.qualcomm.qti.sam.service is allowlisted but not present.
01-01 08:42:13.047 1146 1146 W UserManagerService: com.android.theme.icon_pack.sam.launcher is allowlisted but not present.
01-01 08:42:13.047 1146 1146 W UserManagerService: com.android.theme.icon.squircle is allowlisted but not present.
01-01 08:42:13.048 1146 1146 W UserManagerService: com.android.theme.icon_pack.victor.android is allowlisted but not present.
01-01 08:42:13.048 1146 1146 W UserManagerService: com.android.theme.color.palette is allowlisted but not present.
01-01 08:42:13.048 1146 1146 W UserManagerService: com.android.theme.icon_pack.filled.launcher is allowlisted but not present.
01-01 08:42:13.048 1146 1146 W UserManagerService: com.android.theme.color.carbon is allowlisted but not present.
01-01 08:42:13.048 1146 1146 W UserManagerService: com.android.theme.icon_pack.circular.launcher is allowlisted but not present.
01-01 08:42:13.048 1146 1146 W UserManagerService: com.android.theme.icon_pack.filled.themepicker is allowlisted but not present.
01-01 08:42:13.048 1146 1146 W UserManagerService: com.android.theme.icon_pack.victor.themepicker is allowlisted but not present.
01-01 08:42:13.048 1146 1146 W UserManagerService: com.android.theme.color.orchid is allowlisted but not present.
01-01 08:42:13.048 1146 1146 W UserManagerService: com.android.theme.color.purple is allowlisted but not present.
01-01 08:42:13.048 1146 1146 W UserManagerService: com.qualcomm.qti.confdialer is allowlisted but not present.
01-01 08:42:13.048 1146 1146 W UserManagerService: com.android.theme.icon_pack.sam.themepicker is allowlisted but not present.
01-01 08:42:13.048 1146 1146 W UserManagerService: com.qualcomm.atfwd is allowlisted but not present.
01-01 08:42:13.048 1146 1146 W UserManagerService: com.android.theme.icon.roundedrect is allowlisted but not present.
01-01 08:42:13.048 1146 1146 W UserManagerService: com.android.theme.icon_pack.rounded.settings is allowlisted but not present.
01-01 08:42:13.048 1146 1146 W UserManagerService: org.codeaurora.qti.nrNetworkSettingApp is allowlisted but not present.
01-01 08:42:13.048 1146 1146 W UserManagerService: com.android.theme.icon_pack.circular.android is allowlisted but not present.
01-01 08:42:13.048 1146 1146 I UserManagerService: Reviewing whitelisted packages due to [firstBoot]
01-01 08:42:13.051 1146 1146 I Watchdog: Resuming HandlerChecker: main thread for reason: packagemanagermain. Pause count: 0
01-01 08:42:13.051 1146 1146 I SystemServerDexLoadReporter: Configuring system server dex reporter
