08-26 18:03:24.014 1146 1146 D SystemServerTiming: OnBootPhase_520_com.android.server.midi.MidiService$Lifecycle took to complete: 0ms
08-26 18:03:24.014 1146 1146 I SystemServerTiming: OnBootPhase_520_com.android.server.adb.AdbService$Lifecycle
08-26 18:03:24.014 1146 1146 D SystemServerTiming: OnBootPhase_520_com.android.server.adb.AdbService$Lifecycle took to complete: 0ms
08-26 18:03:24.014 1146 1146 I SystemServerTiming: OnBootPhase_520_com.android.server.usb.UsbService$Lifecycle
08-26 18:03:24.014 1146 1146 D SystemServerTiming: OnBootPhase_520_com.android.server.usb.UsbService$Lifecycle took to complete: 0ms
08-26 18:03:24.014 1146 1146 I SystemServerTiming: OnBootPhase_520_com.android.server.twilight.TwilightService
08-26 18:03:24.014 1146 1146 D SystemServerTiming: OnBootPhase_520_com.android.server.twilight.TwilightService took to complete: 0ms
08-26 18:03:24.014 1146 1146 I SystemServerTiming: OnBootPhase_520_com.android.server.display.color.ColorDisplayService
08-26 18:03:24.014 1146 1146 D SystemServerTiming: OnBootPhase_520_com.android.server.display.color.ColorDisplayService took to complete: 0ms
08-26 18:03:24.014 1146 1146 I SystemServerTiming: OnBootPhase_520_com.android.server.job.JobSchedulerService
08-26 18:03:24.014 1146 1146 D SystemServerTiming: OnBootPhase_520_com.android.server.job.JobSchedulerService took to complete: 0ms
08-26 18:03:24.014 1146 1146 I SystemServerTiming: OnBootPhase_520_com.android.server.soundtrigger.SoundTriggerService
08-26 18:03:24.014 1146 1146 D SoundTriggerService: onBootPhase: 520 : false
08-26 18:03:24.014 1146 1146 D SystemServerTiming: OnBootPhase_520_com.android.server.soundtrigger.SoundTriggerService took to complete: 1ms
08-26 18:03:24.014 1146 1146 I SystemServerTiming: OnBootPhase_520_com.android.server.trust.TrustManagerService
08-26 18:03:24.014 1146 1146 D SystemServerTiming: OnBootPhase_520_com.android.server.trust.TrustManagerService took to complete: 0ms
08-26 18:03:24.015 1146 1146 I SystemServerTiming: OnBootPhase_520_com.android.server.backup.BackupManagerService$Lifecycle
08-26 18:03:24.015 1146 1146 D SystemServerTiming: OnBootPhase_520_com.android.server.backup.BackupManagerService$Lifecycle took to complete: 0ms
08-26 18:03:24.015 1146 1146 I SystemServerTiming: OnBootPhase_520_com.android.server.appwidget.AppWidgetService
08-26 18:03:24.015 1146 1146 D SystemServerTiming: OnBootPhase_520_com.android.server.appwidget.AppWidgetService took to complete: 0ms
08-26 18:03:24.015 1146 1146 I SystemServerTiming: OnBootPhase_520_com.android.server.voiceinteraction.VoiceInteractionManagerService
08-26 18:03:24.015 1146 1146 D SystemServerTiming: OnBootPhase_520_com.android.server.voiceinteraction.VoiceInteractionManagerService took to complete: 0ms
08-26 18:03:24.015 1146 1146 I SystemServerTiming: OnBootPhase_520_com.android.server.apphibernation.AppHibernationService
08-26 18:03:24.015 1146 1146 D SystemServerTiming: OnBootPhase_520_com.android.server.apphibernation.AppHibernationService took to complete: 0ms
08-26 18:03:24.015 1146 1146 I SystemServerTiming: OnBootPhase_520_com.android.server.GestureLauncherService
08-26 18:03:24.015 1146 1146 D SystemServerTiming: OnBootPhase_520_com.android.server.GestureLauncherService took to complete: 0ms
08-26 18:03:24.015 1146 1146 I SystemServerTiming: OnBootPhase_520_com.android.server.SensorNotificationService
08-26 18:03:24.015 1146 1146 D SystemServerTiming: OnBootPhase_520_com.android.server.SensorNotificationService took to complete: 0ms
08-26 18:03:24.015 1146 1146 I SystemServerTiming: OnBootPhase_520_com.android.server.emergency.EmergencyAffordanceService
08-26 18:03:24.015 1146 1146 D SystemServerTiming: OnBootPhase_520_com.android.server.emergency.EmergencyAffordanceService took to complete: 0ms
08-26 18:03:24.015 1146 1146 I SystemServerTiming: OnBootPhase_520_com.android.server.blob.BlobStoreManagerService
08-26 18:03:24.015 1146 1146 D SystemServerTiming: OnBootPhase_520_com.android.server.blob.BlobStoreManagerService took to complete: 0ms
08-26 18:03:24.015 1146 1146 I SystemServerTiming: OnBootPhase_520_com.android.server.dreams.DreamManagerService
08-26 18:03:24.015 1146 1146 D SystemServerTiming: OnBootPhase_520_com.android.server.dreams.DreamManagerService took to complete: 0ms
08-26 18:03:24.015 1146 1146 I SystemServerTiming: OnBootPhase_520_com.android.server.companion.CompanionDeviceManagerService
08-26 18:03:24.015 1146 1146 D SystemServerTiming: OnBootPhase_520_com.android.server.companion.CompanionDeviceManagerService took to complete: 0ms
08-26 18:03:24.015 1146 1146 I SystemServerTiming: OnBootPhase_520_com.android.server.restrictions.RestrictionsManagerService
08-26 18:03:24.015 1146 1146 D SystemServerTiming: OnBootPhase_520_com.android.server.restrictions.RestrictionsManagerService took to complete: 0ms
08-26 18:03:24.015 1146 1146 I SystemServerTiming: OnBootPhase_520_com.android.server.media.MediaSessionService
08-26 18:03:24.015 1146 1146 D SystemServerTiming: OnBootPhase_520_com.android.server.media.MediaSessionService took to complete: 0ms
08-26 18:03:24.015 1146 1146 I SystemServerTiming: OnBootPhase_520_com.android.server.media.MediaResourceMonitorService
08-26 18:03:24.016 1146 1146 D SystemServerTiming: OnBootPhase_520_com.android.server.media.MediaResourceMonitorService took to complete: 0ms
08-26 18:03:24.016 1146 1146 I SystemServerTiming: OnBootPhase_520_com.android.server.biometrics.sensors.fingerprint.FingerprintService
08-26 18:03:24.016 1146 1146 D SystemServerTiming: OnBootPhase_520_com.android.server.biometrics.sensors.fingerprint.FingerprintService took to complete: 0ms
08-26 18:03:24.016 1146 1146 I SystemServerTiming: OnBootPhase_520_com.android.server.biometrics.BiometricService
08-26 18:03:24.016 1146 1146 D SystemServerTiming: OnBootPhase_520_com.android.server.biometrics.BiometricService took to complete: 0ms
08-26 18:03:24.016 1146 1146 I SystemServerTiming: OnBootPhase_520_com.android.server.biometrics.AuthService
08-26 18:03:24.016 1146 1146 D SystemServerTiming: OnBootPhase_520_com.android.server.biometrics.AuthService took to complete: 0ms
08-26 18:03:24.016 1146 1146 I SystemServerTiming: OnBootPhase_520_com.android.server.pm.ShortcutService$Lifecycle
08-26 18:03:24.016 1146 1146 D SystemServerTiming: OnBootPhase_520_com.android.server.pm.ShortcutService$Lifecycle took to complete: 0ms
08-26 18:03:24.016 1146 1146 I SystemServerTiming: OnBootPhase_520_com.android.server.pm.LauncherAppsService
08-26 18:03:24.016 1146 1146 D SystemServerTiming: OnBootPhase_520_com.android.server.pm.LauncherAppsService took to complete: 0ms
08-26 18:03:24.016 1146 1146 I SystemServerTiming: OnBootPhase_520_com.android.server.pm.CrossProfileAppsService
08-26 18:03:24.016 1146 1146 D SystemServerTiming: OnBootPhase_520_com.android.server.pm.CrossProfileAppsService took to complete: 0ms
08-26 18:03:24.016 1146 1146 I SystemServerTiming: OnBootPhase_520_com.android.server.people.PeopleService
08-26 18:03:24.016 1146 1146 D SystemServerTiming: OnBootPhase_520_com.android.server.people.PeopleService took to complete: 0ms
08-26 18:03:24.016 1146 1146 I SystemServerTiming: OnBootPhase_520_com.android.server.media.metrics.MediaMetricsManagerService
08-26 18:03:24.016 1146 1146 D SystemServerTiming: OnBootPhase_520_com.android.server.media.metrics.MediaMetricsManagerService took to complete: 0ms
08-26 18:03:24.016 1146 1146 I SystemServerTiming: OnBootPhase_520_com.android.server.media.projection.MediaProjectionManagerService
08-26 18:03:24.016 1146 1146 D SystemServerTiming: OnBootPhase_520_com.android.server.media.projection.MediaProjectionManagerService took to complete: 0ms
08-26 18:03:24.016 1146 1146 I SystemServerTiming: OnBootPhase_520_com.android.server.slice.SliceManagerService$Lifecycle
08-26 18:03:24.016 1146 1146 D SystemServerTiming: OnBootPhase_520_com.android.server.slice.SliceManagerService$Lifecycle took to complete: 0ms
08-26 18:03:24.016 1146 1146 I SystemServerTiming: OnBootPhase_520_com.android.server.stats.StatsCompanion$Lifecycle
08-26 18:03:24.016 1146 1146 D SystemServerTiming: OnBootPhase_520_com.android.server.stats.StatsCompanion$Lifecycle took to complete: 0ms
08-26 18:03:24.016 1146 1146 I SystemServerTiming: OnBootPhase_520_com.android.server.scheduling.RebootReadinessManagerService$Lifecycle
08-26 18:03:24.016 1146 1146 D SystemServerTiming: OnBootPhase_520_com.android.server.scheduling.RebootReadinessManagerService$Lifecycle took to complete: 0ms
08-26 18:03:24.016 1146 1146 I SystemServerTiming: OnBootPhase_520_com.android.server.stats.pull.StatsPullAtomService
08-26 18:03:24.017 1146 1146 D SystemServerTiming: OnBootPhase_520_com.android.server.stats.pull.StatsPullAtomService took to complete: 0ms
08-26 18:03:24.017 1146 1146 I SystemServerTiming: OnBootPhase_520_com.android.server.incident.IncidentCompanionService
08-26 18:03:24.017 1146 1146 D SystemServerTiming: OnBootPhase_520_com.android.server.incident.IncidentCompanionService took to complete: 0ms
08-26 18:03:24.017 1146 1146 I SystemServerTiming: OnBootPhase_520_com.android.server.MmsServiceBroker
08-26 18:03:24.017 1146 1146 D SystemServerTiming: OnBootPhase_520_com.android.server.MmsServiceBroker took to complete: 0ms
08-26 18:03:24.017 1146 1146 I SystemServerTiming: OnBootPhase_520_com.android.server.autofill.AutofillManagerService
08-26 18:03:24.017 1146 1146 D SystemServerTiming: OnBootPhase_520_com.android.server.autofill.AutofillManagerService took to complete: 0ms
08-26 18:03:24.017 1146 1146 I SystemServerTiming: OnBootPhase_520_com.android.server.clipboard.ClipboardService
08-26 18:03:24.017 1146 1146 D SystemServerTiming: OnBootPhase_520_com.android.server.clipboard.ClipboardService took to complete: 0ms
08-26 18:03:24.017 1146 1146 I SystemServerTiming: OnBootPhase_520_com.android.server.appbinding.AppBindingService$Lifecycle
08-26 18:03:24.017 1146 1146 D SystemServerTiming: OnBootPhase_520_com.android.server.appbinding.AppBindingService$Lifecycle took to complete: 0ms
08-26 18:03:24.017 1146 1146 I SystemServerTiming: OnBootPhase_520_com.android.server.tracing.TracingServiceProxy
08-26 18:03:24.017 1146 1146 D SystemServerTiming: OnBootPhase_520_com.android.server.tracing.TracingServiceProxy took to complete: 0ms
08-26 18:03:24.017 1146 1146 I SystemServerTiming: OnBootPhase_520_com.android.server.policy.PermissionPolicyService
08-26 18:03:24.017 1146 1146 D SystemServerTiming: OnBootPhase_520_com.android.server.policy.PermissionPolicyService took to complete: 0ms
08-26 18:03:24.017 1146 1146 I SystemServerTiming: OnBootPhase_520_com.android.server.pm.StagingManager$Lifecycle
08-26 18:03:24.017 1146 1146 D SystemServerTiming: OnBootPhase_520_com.android.server.pm.StagingManager$Lifecycle took to complete: 0ms
08-26 18:03:24.017 1146 1146 I SystemServerTiming: OnBootPhase_520_com.android.server.app.GameManagerService$Lifecycle
08-26 18:03:24.017 1146 1146 D SystemServerTiming: OnBootPhase_520_com.android.server.app.GameManagerService$Lifecycle took to complete: 0ms
08-26 18:03:24.017 1146 1146 D SystemServerTiming: OnBootPhase_520 took to complete: 10ms
08-26 18:03:24.017 1146 1146 D SystemServerTiming: StartBootPhaseDeviceSpecificServicesReady took to complete: 10ms
08-26 18:03:24.017 1146 1146 I SystemServerTiming: AppSearchManagerService
08-26 18:03:24.019 1146 1146 I SystemServiceManager: Starting com.android.server.appsearch.AppSearchManagerService
08-26 18:03:24.023 1146 1146 D SystemServerTiming: AppSearchManagerService took to complete: 6ms
08-26 18:03:24.023 1146 1146 I SystemServerTiming: StartMediaCommunicationService
08-26 18:03:24.024 1146 1146 I SystemServiceManager: Starting com.android.server.media.MediaCommunicationService
08-26 18:03:24.025 1146 1146 D SystemServerTiming: StartMediaCommunicationService took to complete: 2ms
08-26 18:03:24.025 1146 1146 I SystemServerTiming: PhaseActivityManagerReady
08-26 18:03:24.025 1146 1146 I SystemServerTiming: controllersReady
08-26 18:03:24.027 1146 1860 I SystemServerTimingAsync: InitThreadPoolExec:Update app-ops uidState in case package android changed
08-26 18:03:24.027 1146 1860 D SystemServerInitThreadPool: Started executing Update app-ops uidState in case package android changed
08-26 18:03:24.027 1146 1146 D SystemServerTiming: controllersReady took to complete: 2ms
08-26 18:03:24.027 1146 1860 D SystemServerInitThreadPool: Finished executing Update app-ops uidState in case package android changed
08-26 18:03:24.027 1146 1860 D SystemServerTimingAsync: InitThreadPoolExec:Update app-ops uidState in case package android changed took to complete: 1ms
08-26 18:03:24.028 1146 1146 I SystemServerTiming: killProcesses
08-26 18:03:24.028 1146 1146 D SystemServerTiming: killProcesses took to complete: 0ms
08-26 18:03:24.029 1146 1146 I ActivityManager: System now ready
08-26 18:03:24.029 1146 1146 I SystemServerTiming: updateTopComponentForFactoryTest
08-26 18:03:24.029 1146 1146 D SystemServerTiming: updateTopComponentForFactoryTest took to complete: 0ms
08-26 18:03:24.029 1146 1146 I SystemServerTiming: registerActivityLaunchObserver
08-26 18:03:24.029 1146 1146 D SystemServerTiming: registerActivityLaunchObserver took to complete: 0ms
08-26 18:03:24.029 1146 1146 I SystemServerTiming: watchDeviceProvisioning
08-26 18:03:24.029 1146 1146 D SystemServerTiming: watchDeviceProvisioning took to complete: 0ms
08-26 18:03:24.029 1146 1146 I SystemServerTiming: retrieveSettings
08-26 18:03:24.031 1146 1146 I ActivityTaskManager: Config changes=10000000 {1.0 ?mcc?mnc [zh_CN] ldltr sw680dp w1586dp h608dp 240dpi lrg long land finger -keyb/h/h -nav/h winConfig={ mBounds=Rect(0, 0 - 2380, 1020) mAppBounds=Rect(0, 0 - 2380, 948) mMaxBounds=Rect(0, 0 - 2380, 1020) mWindowingMode=fullscreen mDisplayWindowingMode=fullscreen mActivityType=undefined mAlwaysOnTop=undefined mRotation=ROTATION_0} s.8 fontWeightAdjustment=0}
08-26 18:03:24.032 1146 1146 I WindowManager: Override config changes=10000000 {1.0 ?mcc?mnc [zh_CN] ldltr sw680dp w1586dp h608dp 240dpi lrg long land finger -keyb/h/h -nav/h winConfig={ mBounds=Rect(0, 0 - 2380, 1020) mAppBounds=Rect(0, 0 - 2380, 948) mMaxBounds=Rect(0, 0 - 2380, 1020) mWindowingMode=fullscreen mDisplayWindowingMode=fullscreen mActivityType=undefined mAlwaysOnTop=undefined mRotation=ROTATION_0} s.8 fontWeightAdjustment=0} for displayId=0
08-26 18:03:24.033 1146 1146 D SystemServerTiming: retrieveSettings took to complete: 4ms
08-26 18:03:24.033 1146 1146 I SystemServerTiming: Ugm.onSystemReady
08-26 18:03:24.033 1146 1146 D SystemServerTiming: Ugm.onSystemReady took to complete: 1ms
08-26 18:03:24.033 1146 1146 I SystemServerTiming: updateForceBackgroundCheck
08-26 18:03:24.034 1146 1146 D SystemServerTiming: updateForceBackgroundCheck took to complete: 0ms
08-26 18:03:24.034 1146 1146 I SystemServer: Making services ready
08-26 18:03:24.034 1146 1146 I SystemServerTiming: StartActivityManagerReadyPhase
08-26 18:03:24.034 1146 1146 I SystemServiceManager: Starting phase 550
08-26 18:03:24.034 1146 1146 I SystemServerTiming: OnBootPhase_550
08-26 18:03:24.034 1146 1146 I SystemServerTiming: OnBootPhase_550_com.android.server.security.FileIntegrityService
08-26 18:03:24.034 1146 1146 D SystemServerTiming: OnBootPhase_550_com.android.server.security.FileIntegrityService took to complete: 0ms
08-26 18:03:24.034 1146 1146 I SystemServerTiming: OnBootPhase_550_com.android.server.pm.Installer
08-26 18:03:24.034 1146 1146 D SystemServerTiming: OnBootPhase_550_com.android.server.pm.Installer took to complete: 0ms
08-26 18:03:24.034 1146 1146 I SystemServerTiming: OnBootPhase_550_com.android.server.os.DeviceIdentifiersPolicyService
08-26 18:03:24.034 1146 1146 D SystemServerTiming: OnBootPhase_550_com.android.server.os.DeviceIdentifiersPolicyService took to complete: 0ms
08-26 18:03:24.034 1146 1146 I SystemServerTiming: OnBootPhase_550_com.android.server.uri.UriGrantsManagerService$Lifecycle
08-26 18:03:24.034 1146 1146 D SystemServerTiming: OnBootPhase_550_com.android.server.uri.UriGrantsManagerService$Lifecycle took to complete: 0ms
08-26 18:03:24.034 1146 1146 I SystemServerTiming: OnBootPhase_550_com.android.server.powerstats.PowerStatsService
08-26 18:03:24.034 1146 1146 D SystemServerTiming: OnBootPhase_550_com.android.server.powerstats.PowerStatsService took to complete: 0ms
08-26 18:03:24.034 1146 1146 I SystemServerTiming: OnBootPhase_550_com.android.server.wm.ActivityTaskManagerService$Lifecycle
08-26 18:03:24.034 1146 1146 D SystemServerTiming: OnBootPhase_550_com.android.server.wm.ActivityTaskManagerService$Lifecycle took to complete: 0ms
08-26 18:03:24.034 1146 1146 I SystemServerTiming: OnBootPhase_550_com.android.server.am.ActivityManagerService$Lifecycle
08-26 18:03:24.035 1146 1146 D SystemServerTiming: OnBootPhase_550_com.android.server.am.ActivityManagerService$Lifecycle took to complete: 1ms
08-26 18:03:24.035 1146 1146 I SystemServerTiming: OnBootPhase_550_com.android.server.pm.DataLoaderManagerService
08-26 18:03:24.035 1146 1146 D SystemServerTiming: OnBootPhase_550_com.android.server.pm.DataLoaderManagerService took to complete: 0ms
08-26 18:03:24.035 1146 1146 I SystemServerTiming: OnBootPhase_550_com.android.server.power.PowerManagerService
08-26 18:03:24.035 1146 1146 D SystemServerTiming: OnBootPhase_550_com.android.server.power.PowerManagerService took to complete: 0ms
08-26 18:03:24.035 1146 1146 I SystemServerTiming: OnBootPhase_550_com.android.server.power.ThermalManagerService
08-26 18:03:24.037 1146 1146 I ThermalHalWrapper: Thermal HAL 2.0 service connected.
08-26 18:03:24.037 1146 1146 E ThermalHalWrapper: Couldn't get temperatures because of HAL error: ThermalHAL not initialized properly.
08-26 18:03:24.037 1146 1146 W ThermalManagerService: Thermal HAL reported invalid data, abort connection
08-26 18:03:24.038 1146 1146 E ThermalHalWrapper: Couldn't get temperature thresholds because of HAL error: ThermalHAL not initialized properly.
08-26 18:03:24.038 1146 1146 D SystemServerTiming: OnBootPhase_550_com.android.server.power.ThermalManagerService took to complete: 3ms
08-26 18:03:24.038 1146 1146 I SystemServerTiming: OnBootPhase_550_com.android.server.power.hint.HintManagerService
08-26 18:03:24.038 1146 1146 D SystemServerTiming: OnBootPhase_550_com.android.server.power.hint.HintManagerService took to complete: 0ms
08-26 18:03:24.038 1146 1146 I SystemServerTiming: OnBootPhase_550_com.android.server.recoverysystem.RecoverySystemService$Lifecycle
08-26 18:03:24.038 1146 1146 D SystemServerTiming: OnBootPhase_550_com.android.server.recoverysystem.RecoverySystemService$Lifecycle took to complete: 0ms
08-26 18:03:24.038 1146 1146 I SystemServerTiming: OnBootPhase_550_com.android.server.lights.LightsService
08-26 18:03:24.038 1146 1146 D SystemServerTiming: OnBootPhase_550_com.android.server.lights.LightsService took to complete: 0ms
08-26 18:03:24.038 1146 1146 I SystemServerTiming: OnBootPhase_550_com.android.server.display.DisplayManagerService
08-26 18:03:24.038 1146 1146 D SystemServerTiming: OnBootPhase_550_com.android.server.display.DisplayManagerService took to complete: 0ms
08-26 18:03:24.038 1146 1146 I SystemServerTiming: OnBootPhase_550_com.android.server.pm.verify.domain.DomainVerificationService
08-26 18:03:24.038 1146 1146 D SystemServerTiming: OnBootPhase_550_com.android.server.pm.verify.domain.DomainVerificationService took to complete: 0ms
08-26 18:03:24.038 1146 1146 I SystemServerTiming: OnBootPhase_550_com.android.server.pm.PackageInstallerService$Lifecycle
08-26 18:03:24.038 1146 1146 D SystemServerTiming: OnBootPhase_550_com.android.server.pm.PackageInstallerService$Lifecycle took to complete: 0ms
08-26 18:03:24.038 1146 1146 I SystemServerTiming: OnBootPhase_550_com.android.server.pm.UserManagerService$LifeCycle
08-26 18:03:24.038 1146 1146 D SystemServerTiming: OnBootPhase_550_com.android.server.pm.UserManagerService$LifeCycle took to complete: 0ms
08-26 18:03:24.038 1146 1146 I SystemServerTiming: OnBootPhase_550_com.android.server.om.OverlayManagerService
08-26 18:03:24.038 1146 1146 D SystemServerTiming: OnBootPhase_550_com.android.server.om.OverlayManagerService took to complete: 0ms
08-26 18:03:24.038 1146 1146 I SystemServerTiming: OnBootPhase_550_com.android.server.SensorPrivacyService
08-26 18:03:24.038 1146 1146 D SystemServerTiming: OnBootPhase_550_com.android.server.SensorPrivacyService took to complete: 0ms
08-26 18:03:24.038 1146 1146 I SystemServerTiming: OnBootPhase_550_com.android.server.sensors.SensorService
08-26 18:03:24.038 1146 1146 D SystemServerTiming: OnBootPhase_550_com.android.server.sensors.SensorService took to complete: 0ms
08-26 18:03:24.039 1146 1146 I SystemServerTiming: OnBootPhase_550_com.android.server.SystemConfigService
08-26 18:03:24.039 1146 1146 D SystemServerTiming: OnBootPhase_550_com.android.server.SystemConfigService took to complete: 0ms
08-26 18:03:24.039 1146 1146 I SystemServerTiming: OnBootPhase_550_com.android.server.BatteryService
08-26 18:03:24.039 1146 1146 D SystemServerTiming: OnBootPhase_550_com.android.server.BatteryService took to complete: 0ms
08-26 18:03:24.039 1146 1146 I SystemServerTiming: OnBootPhase_550_com.android.server.usage.UsageStatsService
08-26 18:03:24.039 1146 1146 D SystemServerTiming: OnBootPhase_550_com.android.server.usage.UsageStatsService took to complete: 0ms
08-26 18:03:24.039 1146 1146 I SystemServerTiming: OnBootPhase_550_com.android.server.webkit.WebViewUpdateService
08-26 18:03:24.039 1146 1146 D SystemServerTiming: OnBootPhase_550_com.android.server.webkit.WebViewUpdateService took to complete: 0ms
08-26 18:03:24.039 1146 1146 I SystemServerTiming: OnBootPhase_550_com.android.server.CachedDeviceStateService
08-26 18:03:24.039 1146 1146 D SystemServerTiming: OnBootPhase_550_com.android.server.CachedDeviceStateService took to complete: 0ms
08-26 18:03:24.039 1146 1146 I SystemServerTiming: OnBootPhase_550_com.android.server.BinderCallsStatsService$LifeCycle
08-26 18:03:24.039 1146 1146 D SystemServerTiming: OnBootPhase_550_com.android.server.BinderCallsStatsService$LifeCycle took to complete: 0ms
08-26 18:03:24.039 1146 1146 I SystemServerTiming: OnBootPhase_550_com.android.server.LooperStatsService$Lifecycle
08-26 18:03:24.039 1146 1146 D SystemServerTiming: OnBootPhase_550_com.android.server.LooperStatsService$Lifecycle took to complete: 0ms
08-26 18:03:24.039 1146 1146 I SystemServerTiming: OnBootPhase_550_com.android.server.rollback.RollbackManagerService
08-26 18:03:24.039 1146 1146 D SystemServerTiming: OnBootPhase_550_com.android.server.rollback.RollbackManagerService took to complete: 0ms
08-26 18:03:24.039 1146 1146 I SystemServerTiming: OnBootPhase_550_com.android.server.os.NativeTombstoneManagerService
08-26 18:03:24.040 1146 1146 D SystemServerTiming: OnBootPhase_550_com.android.server.os.NativeTombstoneManagerService took to complete: 0ms
08-26 18:03:24.040 1146 1146 I SystemServerTiming: OnBootPhase_550_com.android.server.os.BugreportManagerService
08-26 18:03:24.040 1146 1146 D SystemServerTiming: OnBootPhase_550_com.android.server.os.BugreportManagerService took to complete: 0ms
08-26 18:03:24.040 1146 1146 I SystemServerTiming: OnBootPhase_550_com.android.server.gpu.GpuService
08-26 18:03:24.040 1146 1146 D SystemServerTiming: OnBootPhase_550_com.android.server.gpu.GpuService took to complete: 0ms
08-26 18:03:24.040 1146 1146 I SystemServerTiming: OnBootPhase_550_com.android.server.security.KeyChainSystemService
08-26 18:03:24.040 1146 1146 D SystemServerTiming: OnBootPhase_550_com.android.server.security.KeyChainSystemService took to complete: 0ms
08-26 18:03:24.040 1146 1146 I SystemServerTiming: OnBootPhase_550_com.android.server.telecom.TelecomLoaderService
08-26 18:03:24.041 1146 1146 W ActivityManager: Too early to start/bind service in system_server: Phase=550 ComponentInfo{com.android.server.telecom/com.android.server.telecom.components.TelecomService}
08-26 18:03:24.042 1146 1146 D CompatibilityChangeReporter: Compat change id reported: 168419799; UID 1000; state: DISABLED
08-26 18:03:24.043 1146 1146 W ActivityManager: Too early to start/bind service in system_server: Phase=550 ComponentInfo{com.android.server.telecom/com.android.server.telecom.components.TelecomService}
08-26 18:03:24.043 1146 1146 D SystemServerTiming: OnBootPhase_550_com.android.server.telecom.TelecomLoaderService took to complete: 3ms
08-26 18:03:24.043 1146 1146 I SystemServerTiming: OnBootPhase_550_com.android.server.accounts.AccountManagerService$Lifecycle
08-26 18:03:24.043 1146 1146 D SystemServerTiming: OnBootPhase_550_com.android.server.accounts.AccountManagerService$Lifecycle took to complete: 0ms
08-26 18:03:24.043 1146 1146 I SystemServerTiming: OnBootPhase_550_com.android.server.content.ContentService$Lifecycle
08-26 18:03:24.043 1146 1146 D SystemServerTiming: OnBootPhase_550_com.android.server.content.ContentService$Lifecycle took to complete: 0ms
08-26 18:03:24.043 1146 1146 I SystemServerTiming: OnBootPhase_550_com.android.server.DropBoxManagerService
08-26 18:03:24.043 1146 1146 D SystemServerTiming: OnBootPhase_550_com.android.server.DropBoxManagerService took to complete: 0ms
08-26 18:03:24.043 1146 1146 I SystemServerTiming: OnBootPhase_550_com.android.role.RoleService
08-26 18:03:24.043 1146 1146 D SystemServerTiming: OnBootPhase_550_com.android.role.RoleService took to complete: 0ms
08-26 18:03:24.043 1146 1146 I SystemServerTiming: OnBootPhase_550_com.android.server.vibrator.VibratorManagerService$Lifecycle
08-26 18:03:24.043 1146 1146 D SystemServerTiming: OnBootPhase_550_com.android.server.vibrator.VibratorManagerService$Lifecycle took to complete: 0ms
08-26 18:03:24.043 1146 1146 I SystemServerTiming: OnBootPhase_550_com.android.server.alarm.AlarmManagerService
08-26 18:03:24.043 1146 1146 D SystemServerTiming: OnBootPhase_550_com.android.server.alarm.AlarmManagerService took to complete: 0ms
08-26 18:03:24.043 1146 1146 I SystemServerTiming: OnBootPhase_550_com.android.server.devicestate.DeviceStateManagerService
08-26 18:03:24.043 1146 1146 D SystemServerTiming: OnBootPhase_550_com.android.server.devicestate.DeviceStateManagerService took to complete: 0ms
08-26 18:03:24.043 1146 1146 I SystemServerTiming: OnBootPhase_550_com.android.server.camera.CameraServiceProxy
08-26 18:03:24.043 1146 1146 D SystemServerTiming: OnBootPhase_550_com.android.server.camera.CameraServiceProxy took to complete: 0ms
08-26 18:03:24.043 1146 1146 I SystemServerTiming: OnBootPhase_550_com.android.server.BluetoothService
08-26 18:03:24.043 1146 1146 D BluetoothManagerService: Bluetooth boot completed
08-26 18:03:24.044 1146 1146 D BluetoothManagerService: Auto-enabling Bluetooth.
08-26 18:03:24.044 1146 1730 D BluetoothManagerService: MESSAGE_ENABLE(0): mBluetooth = null
08-26 18:03:24.044 1146 1730 D BluetoothManagerService: MESSAGE_ENABLE: handleEnable
08-26 18:03:24.044 1146 1730 D BluetoothManagerService: binding Bluetooth service
08-26 18:03:24.046 1146 1730 D CompatibilityChangeReporter: Compat change id reported: 135634846; UID 1002; state: DISABLED
08-26 18:03:24.046 1146 1730 D CompatibilityChangeReporter: Compat change id reported: 177438394; UID 1002; state: DISABLED
08-26 18:03:24.046 1146 1730 D CompatibilityChangeReporter: Compat change id reported: 135772972; UID 1002; state: DISABLED
08-26 18:03:24.046 1146 1730 D CompatibilityChangeReporter: Compat change id reported: 135754954; UID 1002; state: ENABLED
08-26 18:03:24.046 1146 1750 W ActivityManager: com.android.bluetooth inode == 0 (b/152760674)
08-26 18:03:24.047 1146 1730 D BluetoothManagerService: Binding BT service. Current user: 0
08-26 18:03:24.048 1146 1146 D SystemServerTiming: OnBootPhase_550_com.android.server.BluetoothService took to complete: 4ms
08-26 18:03:24.048 1146 1146 I SystemServerTiming: OnBootPhase_550_com.android.server.connectivity.IpConnectivityMetrics
08-26 18:03:24.048 1146 1146 D SystemServerTiming: OnBootPhase_550_com.android.server.connectivity.IpConnectivityMetrics took to complete: 0ms
08-26 18:03:24.048 1146 1146 I SystemServerTiming: OnBootPhase_550_com.android.server.net.watchlist.NetworkWatchlistService$Lifecycle
08-26 18:03:24.049 1146 1146 D SystemServerTiming: OnBootPhase_550_com.android.server.net.watchlist.NetworkWatchlistService$Lifecycle took to complete: 1ms
08-26 18:03:24.049 1146 1146 I SystemServerTiming: OnBootPhase_550_com.android.server.PinnerService
08-26 18:03:24.049 1146 1146 D SystemServerTiming: OnBootPhase_550_com.android.server.PinnerService took to complete: 0ms
08-26 18:03:24.049 1146 1146 I SystemServerTiming: OnBootPhase_550_com.google.android.startop.iorap.IorapForwardingService
08-26 18:03:24.049 1146 1146 D SystemServerTiming: OnBootPhase_550_com.google.android.startop.iorap.IorapForwardingService took to complete: 0ms
08-26 18:03:24.049 1146 1146 I SystemServerTiming: OnBootPhase_550_com.android.server.ActivityTriggerService
08-26 18:03:24.049 1146 1146 D SystemServerTiming: OnBootPhase_550_com.android.server.ActivityTriggerService took to complete: 0ms
08-26 18:03:24.049 1146 1146 I SystemServerTiming: OnBootPhase_550_com.android.server.integrity.AppIntegrityManagerService
08-26 18:03:24.049 1146 1146 D SystemServerTiming: OnBootPhase_550_com.android.server.integrity.AppIntegrityManagerService took to complete: 0ms
08-26 18:03:24.049 1146 1146 I SystemServerTiming: OnBootPhase_550_com.android.server.inputmethod.InputMethodManagerService$Lifecycle
08-26 18:03:24.079 1146 1146 D SystemServerTiming: OnBootPhase_550_com.android.server.inputmethod.InputMethodManagerService$Lifecycle took to complete: 29ms
08-26 18:03:24.079 1146 1146 I SystemServerTiming: OnBootPhase_550_com.android.server.accessibility.AccessibilityManagerService$Lifecycle
08-26 18:03:24.079 1146 1146 D SystemServerTiming: OnBootPhase_550_com.android.server.accessibility.AccessibilityManagerService$Lifecycle took to complete: 0ms
08-26 18:03:24.079 1146 1146 I SystemServerTiming: OnBootPhase_550_com.android.server.StorageManagerService$Lifecycle
08-26 18:03:24.079 1146 1146 D SystemServerTiming: OnBootPhase_550_com.android.server.StorageManagerService$Lifecycle took to complete: 0ms
08-26 18:03:24.079 1146 1146 I SystemServerTiming: OnBootPhase_550_com.android.server.usage.StorageStatsService$Lifecycle
08-26 18:03:24.079 1146 1146 D SystemServerTiming: OnBootPhase_550_com.android.server.usage.StorageStatsService$Lifecycle took to complete: 0ms
08-26 18:03:24.079 1146 1146 I SystemServerTiming: OnBootPhase_550_com.android.server.UiModeManagerService
08-26 18:03:24.079 1146 1146 D SystemServerTiming: OnBootPhase_550_com.android.server.UiModeManagerService took to complete: 0ms
08-26 18:03:24.079 1146 1146 I SystemServerTiming: OnBootPhase_550_com.android.server.locksettings.LockSettingsService$Lifecycle
08-26 18:03:24.086 1146 1750 I ActivityManager: Start proc 2200:com.android.bluetooth/1002 for service {com.android.bluetooth/com.android.bluetooth.btservice.AdapterService}
08-26 18:03:24.093 1146 1146 I LockSettingsService: Migrated migrated_frp.
08-26 18:03:24.093 1146 1146 I RebootEscrowManager: No reboot escrow data found for users, skipping loading escrow data
08-26 18:03:24.095 1146 1146 D SystemServerTiming: OnBootPhase_550_com.android.server.locksettings.LockSettingsService$Lifecycle took to complete: 16ms
08-26 18:03:24.095 1146 1146 I SystemServerTiming: OnBootPhase_550_com.android.server.PersistentDataBlockService
08-26 18:03:24.095 1146 1146 D SystemServerTiming: OnBootPhase_550_com.android.server.PersistentDataBlockService took to complete: 0ms
08-26 18:03:24.095 1146 1146 I SystemServerTiming: OnBootPhase_550_com.android.server.testharness.TestHarnessModeService
08-26 18:03:24.095 1146 1146 D SystemServerTiming: OnBootPhase_550_com.android.server.testharness.TestHarnessModeService took to complete: 0ms
08-26 18:03:24.095 1146 1146 I SystemServerTiming: OnBootPhase_550_com.android.server.oemlock.OemLockService
08-26 18:03:24.095 1146 1146 D SystemServerTiming: OnBootPhase_550_com.android.server.oemlock.OemLockService took to complete: 0ms
08-26 18:03:24.095 1146 1146 I SystemServerTiming: OnBootPhase_550_com.android.server.DeviceIdleController
08-26 18:03:24.096 1146 1146 D SystemServerTiming: OnBootPhase_550_com.android.server.DeviceIdleController took to complete: 0ms
08-26 18:03:24.096 1146 1146 I SystemServerTiming: OnBootPhase_550_com.android.server.devicepolicy.DevicePolicyManagerService$Lifecycle
08-26 18:03:24.096 1146 1146 D SystemServerTiming: OnBootPhase_550_com.android.server.devicepolicy.DevicePolicyManagerService$Lifecycle took to complete: 0ms
08-26 18:03:24.096 1146 1146 I SystemServerTiming: OnBootPhase_550_com.android.server.texttospeech.TextToSpeechManagerService
08-26 18:03:24.096 1146 1146 D SystemServerTiming: OnBootPhase_550_com.android.server.texttospeech.TextToSpeechManagerService took to complete: 0ms
08-26 18:03:24.096 1146 1146 I SystemServerTiming: OnBootPhase_550_com.android.server.speech.SpeechRecognitionManagerService
08-26 18:03:24.096 1146 1146 D SystemServerTiming: OnBootPhase_550_com.android.server.speech.SpeechRecognitionManagerService took to complete: 0ms
08-26 18:03:24.096 1146 1146 I SystemServerTiming: OnBootPhase_550_com.android.server.searchui.SearchUiManagerService
08-26 18:03:24.096 1146 1146 D SystemServerTiming: OnBootPhase_550_com.android.server.searchui.SearchUiManagerService took to complete: 0ms
08-26 18:03:24.096 1146 1146 I SystemServerTiming: OnBootPhase_550_com.android.server.smartspace.SmartspaceManagerService
08-26 18:03:24.096 1146 1146 D SystemServerTiming: OnBootPhase_550_com.android.server.smartspace.SmartspaceManagerService took to complete: 0ms
08-26 18:03:24.096 1146 1146 I SystemServerTiming: OnBootPhase_550_com.android.server.graphics.fonts.FontManagerService$Lifecycle
08-26 18:03:24.096 1146 1146 D SystemServerTiming: OnBootPhase_550_com.android.server.graphics.fonts.FontManagerService$Lifecycle took to complete: 0ms
08-26 18:03:24.096 1146 1146 I SystemServerTiming: OnBootPhase_550_com.android.server.textservices.TextServicesManagerService$Lifecycle
08-26 18:03:24.096 1146 1146 D SystemServerTiming: OnBootPhase_550_com.android.server.textservices.TextServicesManagerService$Lifecycle took to complete: 0ms
08-26 18:03:24.096 1146 1146 I SystemServerTiming: OnBootPhase_550_com.android.server.textclassifier.TextClassificationManagerService$Lifecycle
08-26 18:03:24.096 1146 1146 D SystemServerTiming: OnBootPhase_550_com.android.server.textclassifier.TextClassificationManagerService$Lifecycle took to complete: 0ms
08-26 18:03:24.096 1146 1146 I SystemServerTiming: OnBootPhase_550_com.android.server.NetworkScoreService$Lifecycle
08-26 18:03:24.096 1146 1146 D SystemServerTiming: OnBootPhase_550_com.android.server.NetworkScoreService$Lifecycle took to complete: 0ms
08-26 18:03:24.096 1146 1146 I SystemServerTiming: OnBootPhase_550_com.android.server.wifi.WifiService
08-26 18:03:24.096 1146 1146 D SystemServerTiming: OnBootPhase_550_com.android.server.wifi.WifiService took to complete: 0ms
08-26 18:03:24.096 1146 1146 I SystemServerTiming: OnBootPhase_550_com.android.server.wifi.scanner.WifiScanningService
08-26 18:03:24.096 1146 1146 D SystemServerTiming: OnBootPhase_550_com.android.server.wifi.scanner.WifiScanningService took to complete: 0ms
08-26 18:03:24.096 1146 1146 I SystemServerTiming: OnBootPhase_550_com.android.server.wifi.rtt.RttService
08-26 18:03:24.096 1146 1146 D SystemServerTiming: OnBootPhase_550_com.android.server.wifi.rtt.RttService took to complete: 0ms
08-26 18:03:24.096 1146 1146 I SystemServerTiming: OnBootPhase_550_com.android.server.wifi.aware.WifiAwareService
08-26 18:03:24.096 1146 1146 D SystemServerTiming: OnBootPhase_550_com.android.server.wifi.aware.WifiAwareService took to complete: 0ms
08-26 18:03:24.097 1146 1146 I SystemServerTiming: OnBootPhase_550_com.android.server.wifi.p2p.WifiP2pService
08-26 18:03:24.097 1146 1146 D SystemServerTiming: OnBootPhase_550_com.android.server.wifi.p2p.WifiP2pService took to complete: 0ms
08-26 18:03:24.097 1146 1146 I SystemServerTiming: OnBootPhase_550_com.android.server.ethernet.EthernetService
08-26 18:03:24.097 1146 1146 D SystemServerTiming: OnBootPhase_550_com.android.server.ethernet.EthernetService took to complete: 0ms
08-26 18:03:24.097 1146 1146 I SystemServerTiming: OnBootPhase_550_com.android.server.ConnectivityServiceInitializer
08-26 18:03:24.097 1146 1146 D SystemServerTiming: OnBootPhase_550_com.android.server.ConnectivityServiceInitializer took to complete: 0ms
08-26 18:03:24.097 1146 1146 I SystemServerTiming: OnBootPhase_550_com.android.server.notification.NotificationManagerService
08-26 18:03:24.097 1146 1146 D SystemServerTiming: OnBootPhase_550_com.android.server.notification.NotificationManagerService took to complete: 0ms
08-26 18:03:24.097 1146 1146 I SystemServerTiming: OnBootPhase_550_com.android.server.storage.DeviceStorageMonitorService
08-26 18:03:24.097 1146 1146 D SystemServerTiming: OnBootPhase_550_com.android.server.storage.DeviceStorageMonitorService took to complete: 0ms
08-26 18:03:24.097 1146 1146 I SystemServerTiming: OnBootPhase_550_com.android.server.location.LocationManagerService$Lifecycle
08-26 18:03:24.097 1146 1146 D SystemServerTiming: OnBootPhase_550_com.android.server.location.LocationManagerService$Lifecycle took to complete: 0ms
08-26 18:03:24.097 1146 1146 I SystemServerTiming: OnBootPhase_550_com.android.server.timedetector.TimeDetectorService$Lifecycle
08-26 18:03:24.097 1146 1146 D SystemServerTiming: OnBootPhase_550_com.android.server.timedetector.TimeDetectorService$Lifecycle took to complete: 0ms
08-26 18:03:24.097 1146 1146 I SystemServerTiming: OnBootPhase_550_com.android.server.timezonedetector.TimeZoneDetectorService$Lifecycle
08-26 18:03:24.097 1146 1146 D SystemServerTiming: OnBootPhase_550_com.android.server.timezonedetector.TimeZoneDetectorService$Lifecycle took to complete: 0ms
08-26 18:03:24.097 1146 1146 I SystemServerTiming: OnBootPhase_550_com.android.server.timezonedetector.location.LocationTimeZoneManagerService$Lifecycle
08-26 18:03:24.097 1146 1146 D SystemServerTiming: OnBootPhase_550_com.android.server.timezonedetector.location.LocationTimeZoneManagerService$Lifecycle took to complete: 0ms
08-26 18:03:24.097 1146 1146 I SystemServerTiming: OnBootPhase_550_com.android.server.search.SearchManagerService$Lifecycle
08-26 18:03:24.097 1146 1146 D SystemServerTiming: OnBootPhase_550_com.android.server.search.SearchManagerService$Lifecycle took to complete: 0ms
08-26 18:03:24.097 1146 1146 I SystemServerTiming: OnBootPhase_550_com.android.server.wallpaper.WallpaperManagerService$Lifecycle
08-26 18:03:24.098 1146 1146 I WallpaperManagerService: No static wallpaper imagery; defaults will be shown
08-26 18:03:24.098 1146 1146 V WallpaperManagerService: bindWallpaperComponentLocked: componentName=ComponentInfo{com.android.systemui/com.android.systemui.ImageWallpaper}
08-26 18:03:24.100 1146 1146 D CompatibilityChangeReporter: Compat change id reported: 135634846; UID 10087; state: DISABLED
08-26 18:03:24.100 1146 1146 D CompatibilityChangeReporter: Compat change id reported: 177438394; UID 10087; state: DISABLED
08-26 18:03:24.101 1146 1146 D CompatibilityChangeReporter: Compat change id reported: 135772972; UID 10087; state: DISABLED
08-26 18:03:24.101 1146 1146 D CompatibilityChangeReporter: Compat change id reported: 135754954; UID 10087; state: ENABLED
08-26 18:03:24.102 1146 1750 D CompatibilityChangeReporter: Compat change id reported: 143937733; UID 10087; state: ENABLED
08-26 18:03:24.102 1146 1750 W ActivityManager: com.android.systemui inode == 0 (b/152760674)
08-26 18:03:24.102 1146 1146 W WallpaperManagerService: no current wallpaper -- first boot?
08-26 18:03:24.102 1146 1146 D SystemServerTiming: OnBootPhase_550_com.android.server.wallpaper.WallpaperManagerService$Lifecycle took to complete: 5ms
08-26 18:03:24.102 1146 1146 I SystemServerTiming: OnBootPhase_550_com.android.server.audio.AudioService$Lifecycle
08-26 18:03:24.103 1146 1146 D SystemServerTiming: OnBootPhase_550_com.android.server.audio.AudioService$Lifecycle took to complete: 1ms
08-26 18:03:24.103 1146 1146 I SystemServerTiming: OnBootPhase_550_com.android.server.soundtrigger_middleware.SoundTriggerMiddlewareService$Lifecycle
08-26 18:03:24.103 1146 1146 D SystemServerTiming: OnBootPhase_550_com.android.server.soundtrigger_middleware.SoundTriggerMiddlewareService$Lifecycle took to complete: 0ms
08-26 18:03:24.103 1146 1146 I SystemServerTiming: OnBootPhase_550_com.android.server.DockObserver
08-26 18:03:24.103 1146 1146 D SystemServerTiming: OnBootPhase_550_com.android.server.DockObserver took to complete: 0ms
08-26 18:03:24.103 1146 1146 I SystemServerTiming: OnBootPhase_550_com.android.server.midi.MidiService$Lifecycle
08-26 18:03:24.103 1146 1146 D SystemServerTiming: OnBootPhase_550_com.android.server.midi.MidiService$Lifecycle took to complete: 0ms
08-26 18:03:24.103 1146 1146 I SystemServerTiming: OnBootPhase_550_com.android.server.adb.AdbService$Lifecycle
08-26 18:03:24.104 1146 2156 W BluetoothManagerService: bindBluetoothProfileService:Trying to bind to profile: 1, while Bluetooth is disabled
08-26 18:03:24.104 1146 1146 D SystemServerTiming: OnBootPhase_550_com.android.server.adb.AdbService$Lifecycle took to complete: 0ms
08-26 18:03:24.104 1146 1146 I SystemServerTiming: OnBootPhase_550_com.android.server.usb.UsbService$Lifecycle
08-26 18:03:24.104 1146 1146 D SystemServerTiming: OnBootPhase_550_com.android.server.usb.UsbService$Lifecycle took to complete: 1ms
08-26 18:03:24.105 1146 1146 I SystemServerTiming: OnBootPhase_550_com.android.server.twilight.TwilightService
08-26 18:03:24.105 1146 1146 D SystemServerTiming: OnBootPhase_550_com.android.server.twilight.TwilightService took to complete: 0ms
08-26 18:03:24.105 1146 1146 I SystemServerTiming: OnBootPhase_550_com.android.server.display.color.ColorDisplayService
08-26 18:03:24.105 1146 1146 D SystemServerTiming: OnBootPhase_550_com.android.server.display.color.ColorDisplayService took to complete: 0ms
08-26 18:03:24.105 1146 1146 I SystemServerTiming: OnBootPhase_550_com.android.server.job.JobSchedulerService
08-26 18:03:24.105 1146 1146 D SystemServerTiming: OnBootPhase_550_com.android.server.job.JobSchedulerService took to complete: 0ms
08-26 18:03:24.105 1146 1839 I SystemServerTimingAsync: InitThreadPoolExec:UsbService$Lifecycle#onBootPhase
08-26 18:03:24.105 1146 1146 I SystemServerTiming: OnBootPhase_550_com.android.server.soundtrigger.SoundTriggerService
08-26 18:03:24.105 1146 1146 D SoundTriggerService: onBootPhase: 550 : false
08-26 18:03:24.105 1146 1839 D SystemServerInitThreadPool: Started executing UsbService$Lifecycle#onBootPhase
08-26 18:03:24.105 1146 1146 D SystemServerTiming: OnBootPhase_550_com.android.server.soundtrigger.SoundTriggerService took to complete: 0ms
08-26 18:03:24.106 1146 1146 I SystemServerTiming: OnBootPhase_550_com.android.server.trust.TrustManagerService
08-26 18:03:24.106 1146 1146 D SystemServerTiming: OnBootPhase_550_com.android.server.trust.TrustManagerService took to complete: 0ms
08-26 18:03:24.106 1146 1146 I SystemServerTiming: OnBootPhase_550_com.android.server.backup.BackupManagerService$Lifecycle
08-26 18:03:24.106 1146 1146 D SystemServerTiming: OnBootPhase_550_com.android.server.backup.BackupManagerService$Lifecycle took to complete: 0ms
08-26 18:03:24.106 1146 1146 I SystemServerTiming: OnBootPhase_550_com.android.server.appwidget.AppWidgetService
08-26 18:03:24.106 1146 1146 D SystemServerTiming: OnBootPhase_550_com.android.server.appwidget.AppWidgetService took to complete: 0ms
08-26 18:03:24.106 1146 1146 I SystemServerTiming: OnBootPhase_550_com.android.server.voiceinteraction.VoiceInteractionManagerService
08-26 18:03:24.106 1146 1146 D SystemServerTiming: OnBootPhase_550_com.android.server.voiceinteraction.VoiceInteractionManagerService took to complete: 0ms
08-26 18:03:24.106 1146 1146 I SystemServerTiming: OnBootPhase_550_com.android.server.apphibernation.AppHibernationService
08-26 18:03:24.106 1146 1146 D SystemServerTiming: OnBootPhase_550_com.android.server.apphibernation.AppHibernationService took to complete: 0ms
08-26 18:03:24.106 1146 1146 I SystemServerTiming: OnBootPhase_550_com.android.server.GestureLauncherService
08-26 18:03:24.106 1146 1146 D SystemServerTiming: OnBootPhase_550_com.android.server.GestureLauncherService took to complete: 0ms
08-26 18:03:24.106 1146 1146 I SystemServerTiming: OnBootPhase_550_com.android.server.SensorNotificationService
08-26 18:03:24.107 1146 1146 D SystemServerTiming: OnBootPhase_550_com.android.server.SensorNotificationService took to complete: 0ms
08-26 18:03:24.107 1146 1146 I SystemServerTiming: OnBootPhase_550_com.android.server.emergency.EmergencyAffordanceService
08-26 18:03:24.107 1146 1146 D SystemServerTiming: OnBootPhase_550_com.android.server.emergency.EmergencyAffordanceService took to complete: 0ms
08-26 18:03:24.107 1146 1146 I SystemServerTiming: OnBootPhase_550_com.android.server.blob.BlobStoreManagerService
08-26 18:03:24.107 1146 1839 D SystemServerInitThreadPool: Finished executing UsbService$Lifecycle#onBootPhase
08-26 18:03:24.108 1146 1839 D SystemServerTimingAsync: InitThreadPoolExec:UsbService$Lifecycle#onBootPhase took to complete: 3ms
08-26 18:03:24.108 1146 1146 D SystemServerTiming: OnBootPhase_550_com.android.server.blob.BlobStoreManagerService took to complete: 1ms
08-26 18:03:24.108 1146 1146 I SystemServerTiming: OnBootPhase_550_com.android.server.dreams.DreamManagerService
08-26 18:03:24.108 1146 1146 D SystemServerTiming: OnBootPhase_550_com.android.server.dreams.DreamManagerService took to complete: 0ms
08-26 18:03:24.108 1146 1146 I SystemServerTiming: OnBootPhase_550_com.android.server.companion.CompanionDeviceManagerService
08-26 18:03:24.108 1146 1146 D SystemServerTiming: OnBootPhase_550_com.android.server.companion.CompanionDeviceManagerService took to complete: 0ms
08-26 18:03:24.108 1146 1146 I SystemServerTiming: OnBootPhase_550_com.android.server.restrictions.RestrictionsManagerService
08-26 18:03:24.108 1146 1146 D SystemServerTiming: OnBootPhase_550_com.android.server.restrictions.RestrictionsManagerService took to complete: 0ms
08-26 18:03:24.108 1146 1146 I SystemServerTiming: OnBootPhase_550_com.android.server.media.MediaSessionService
08-26 18:03:24.108 1146 1146 D SystemServerTiming: OnBootPhase_550_com.android.server.media.MediaSessionService took to complete: 0ms
08-26 18:03:24.108 1146 1146 I SystemServerTiming: OnBootPhase_550_com.android.server.media.MediaResourceMonitorService
08-26 18:03:24.108 1146 1146 D SystemServerTiming: OnBootPhase_550_com.android.server.media.MediaResourceMonitorService took to complete: 0ms
08-26 18:03:24.109 1146 1146 I SystemServerTiming: OnBootPhase_550_com.android.server.biometrics.sensors.fingerprint.FingerprintService
08-26 18:03:24.109 1146 1146 D SystemServerTiming: OnBootPhase_550_com.android.server.biometrics.sensors.fingerprint.FingerprintService took to complete: 0ms
08-26 18:03:24.109 1146 1146 I SystemServerTiming: OnBootPhase_550_com.android.server.biometrics.BiometricService
08-26 18:03:24.109 1146 1747 I UsbPortManager: ClientCallback V1_2:
08-26 18:03:24.109 1146 1146 D SystemServerTiming: OnBootPhase_550_com.android.server.biometrics.BiometricService took to complete: 0ms
08-26 18:03:24.109 1146 1146 I SystemServerTiming: OnBootPhase_550_com.android.server.biometrics.AuthService
08-26 18:03:24.109 1146 1146 D SystemServerTiming: OnBootPhase_550_com.android.server.biometrics.AuthService took to complete: 0ms
08-26 18:03:24.109 1146 1146 I SystemServerTiming: OnBootPhase_550_com.android.server.pm.ShortcutService$Lifecycle
08-26 18:03:24.109 1146 1146 D SystemServerTiming: OnBootPhase_550_com.android.server.pm.ShortcutService$Lifecycle took to complete: 0ms
08-26 18:03:24.109 1146 1146 I SystemServerTiming: OnBootPhase_550_com.android.server.pm.LauncherAppsService
08-26 18:03:24.109 1146 1146 D SystemServerTiming: OnBootPhase_550_com.android.server.pm.LauncherAppsService took to complete: 0ms
08-26 18:03:24.109 1146 1146 I SystemServerTiming: OnBootPhase_550_com.android.server.pm.CrossProfileAppsService
08-26 18:03:24.110 1146 1146 D SystemServerTiming: OnBootPhase_550_com.android.server.pm.CrossProfileAppsService took to complete: 0ms
08-26 18:03:24.110 1146 1146 I SystemServerTiming: OnBootPhase_550_com.android.server.people.PeopleService
08-26 18:03:24.110 1146 1726 I UsbPortManager: USB port added: port=UsbPort{id=, supportedModes=nonesupportedContaminantProtectionModes=0supportsEnableContaminantPresenceProtection=falsesupportsEnableContaminantPresenceDetection=false, status=UsbPortStatus{connected=false, currentMode=none, currentPowerRole=no-power, currentDataRole=no-data, supportedRoleCombinations=[no-power:no-data], contaminantDetectionStatus=0, contaminantProtectionStatus=0}, canChangeMode=false, canChangePowerRole=false, canChangeDataRole=false, connectedAtMillis=0, lastConnectDurationMillis=0
08-26 18:03:24.110 1146 1146 D SystemServerTiming: OnBootPhase_550_com.android.server.people.PeopleService took to complete: 0ms
08-26 18:03:24.110 1146 1146 I SystemServerTiming: OnBootPhase_550_com.android.server.media.metrics.MediaMetricsManagerService
08-26 18:03:24.110 1146 1146 D SystemServerTiming: OnBootPhase_550_com.android.server.media.metrics.MediaMetricsManagerService took to complete: 0ms
08-26 18:03:24.110 1146 1146 I SystemServerTiming: OnBootPhase_550_com.android.server.media.projection.MediaProjectionManagerService
08-26 18:03:24.110 1146 1146 D SystemServerTiming: OnBootPhase_550_com.android.server.media.projection.MediaProjectionManagerService took to complete: 0ms
08-26 18:03:24.111 1146 1146 I SystemServerTiming: OnBootPhase_550_com.android.server.slice.SliceManagerService$Lifecycle
08-26 18:03:24.112 1146 1146 D SystemServerTiming: OnBootPhase_550_com.android.server.slice.SliceManagerService$Lifecycle took to complete: 0ms
