08-26 19:48:33.119 8971 8971 F linker : CANNOT LINK EXECUTABLE "/vendor/bin/hw/sxrservice": library "vendor.qti.hardware.qxr-V1-ndk_platform.so" not found: needed by main executable
01-01 10:27:31.777 0 0 I init : Service 'sxrd' (pid 8971) exited with status 1
01-01 10:27:31.783 0 0 I init : Sending signal 9 to service 'sxrd' (pid 8971) process group...
01-01 10:27:31.927 0 0 D : mv2112_read_status
01-01 10:27:31.931 0 0 D mv2112_update_link: 3.0x901(1G): 0x80
01-01 10:27:31.939 0 0 D mv2112_update_link: 3.0x8109(100M): 0x0
01-01 10:27:31.944 0 0 D mv2112_update_link: link 0x0
01-01 10:27:31.949 0 0 D mv2112_read_status: autoneg is disabled
01-01 10:27:32.977 0 0 D : mv2112_read_status
01-01 10:27:32.980 0 0 D mv2112_update_link: 3.0x901(1G): 0x80
01-01 10:27:32.986 0 0 D mv2112_update_link: 3.0x8109(100M): 0x0
01-01 10:27:32.991 0 0 D mv2112_update_link: link 0x0
01-01 10:27:32.995 0 0 D mv2112_read_status: autoneg is disabled
01-01 10:27:34.001 0 0 D : mv2112_read_status
01-01 10:27:34.004 0 0 D mv2112_update_link: 3.0x901(1G): 0x80
01-01 10:27:34.010 0 0 D mv2112_update_link: 3.0x8109(100M): 0x0
01-01 10:27:34.015 0 0 D mv2112_update_link: link 0x0
01-01 10:27:34.019 0 0 D mv2112_read_status: autoneg is disabled
01-01 10:27:35.025 0 0 D : mv2112_read_status
01-01 10:27:35.029 0 0 D mv2112_update_link: 3.0x901(1G): 0x80
01-01 10:27:35.034 0 0 D mv2112_update_link: 3.0x8109(100M): 0x0
01-01 10:27:35.039 0 0 D mv2112_update_link: link 0x0
01-01 10:27:35.043 0 0 D mv2112_read_status: autoneg is disabled
01-01 10:27:36.049 0 0 D : mv2112_read_status
01-01 10:27:36.052 0 0 D mv2112_update_link: 3.0x901(1G): 0x80
01-01 10:27:36.058 0 0 D mv2112_update_link: 3.0x8109(100M): 0x0
01-01 10:27:36.063 0 0 D mv2112_update_link: link 0x0
01-01 10:27:36.067 0 0 D mv2112_read_status: autoneg is disabled
01-01 10:27:36.708 0 0 I init : starting service 'qvrd_vndr'...
01-01 10:27:36.715 0 0 I init : Created socket '/dev/socket/qvrservice_vndr', mode 660, user 1000, group 1000
01-01 10:27:36.725 0 0 I init : Created socket '/dev/socket/qvrservice_vndr_camera', mode 660, user 1000, group 1000
01-01 10:27:36.752 0 0 I init : starting service 'sxrd'...
01-01 10:27:36.770 0 0 I init : starting service 'vendor.light-hal-2-0'...
08-26 19:48:38.147 8974 8974 F linker : CANNOT LINK EXECUTABLE "/vendor/bin/hw/sxrservice": library "vendor.qti.hardware.qxr-V1-ndk_platform.so" not found: needed by main executable
08-26 19:48:38.150 8973 8973 F linker : CANNOT LINK EXECUTABLE "/vendor/bin/hw/qvrservice": library "vendor.qti.hardware.qxr-V1-ndk_platform.so" not found: needed by /vendor/lib64/libqvrservice.so in namespace (default)
01-01 10:27:36.802 0 0 I init : Service 'sxrd' (pid 8974) exited with status 1
01-01 10:27:36.809 0 0 I init : Sending signal 9 to service 'sxrd' (pid 8974) process group...
01-01 10:27:36.817 0 0 I libprocessgroup: Successfully killed process cgroup uid 1000 pid 8974 in 0ms
01-01 10:27:36.826 0 0 I init : Service 'qvrd_vndr' (pid 8973) exited with status 1
01-01 10:27:36.833 0 0 I init : Sending signal 9 to service 'qvrd_vndr' (pid 8973) process group...
01-01 10:27:37.073 0 0 D : mv2112_read_status
01-01 10:27:37.077 0 0 D mv2112_update_link: 3.0x901(1G): 0x80
01-01 10:27:37.082 0 0 D mv2112_update_link: 3.0x8109(100M): 0x0
01-01 10:27:37.087 0 0 D mv2112_update_link: link 0x0
01-01 10:27:37.092 0 0 D mv2112_read_status: autoneg is disabled
01-01 10:27:38.097 0 0 D : mv2112_read_status
01-01 10:27:38.101 0 0 D mv2112_update_link: 3.0x901(1G): 0x80
01-01 10:27:38.107 0 0 D mv2112_update_link: 3.0x8109(100M): 0x0
01-01 10:27:38.112 0 0 D mv2112_update_link: link 0x0
01-01 10:27:38.116 0 0 D mv2112_read_status: autoneg is disabled
01-01 10:27:39.121 0 0 D : mv2112_read_status
01-01 10:27:39.125 0 0 D mv2112_update_link: 3.0x901(1G): 0x80
01-01 10:27:39.130 0 0 D mv2112_update_link: 3.0x8109(100M): 0x0
01-01 10:27:39.136 0 0 D mv2112_update_link: link 0x0
01-01 10:27:39.140 0 0 D mv2112_read_status: autoneg is disabled
01-01 10:27:40.145 0 0 D : mv2112_read_status
01-01 10:27:40.149 0 0 D mv2112_update_link: 3.0x901(1G): 0x80
01-01 10:27:40.154 0 0 D mv2112_update_link: 3.0x8109(100M): 0x0
01-01 10:27:40.159 0 0 D mv2112_update_link: link 0x0
01-01 10:27:40.163 0 0 D mv2112_read_status: autoneg is disabled
01-01 10:27:41.169 0 0 D : mv2112_read_status
01-01 10:27:41.172 0 0 D mv2112_update_link: 3.0x901(1G): 0x80
01-01 10:27:41.179 0 0 D mv2112_update_link: 3.0x8109(100M): 0x0
01-01 10:27:41.184 0 0 D mv2112_update_link: link 0x0
01-01 10:27:41.189 0 0 D mv2112_read_status: autoneg is disabled
01-01 10:27:41.752 0 0 I init : starting service 'qvrd_vndr'...
01-01 10:27:41.759 0 0 I init : Created socket '/dev/socket/qvrservice_vndr', mode 660, user 1000, group 1000
01-01 10:27:41.769 0 0 I init : Created socket '/dev/socket/qvrservice_vndr_camera', mode 660, user 1000, group 1000
01-01 10:27:41.794 0 0 I init : starting service 'sxrd'...
01-01 10:27:41.812 0 0 I init : starting service 'vendor.light-hal-2-0'...
08-26 19:48:43.172 8976 8976 F linker : CANNOT LINK EXECUTABLE "/vendor/bin/hw/qvrservice": library "vendor.qti.hardware.qxr-V1-ndk_platform.so" not found: needed by /vendor/lib64/libqvrservice.so in namespace (default)
01-01 10:27:41.833 0 0 I init : Service 'qvrd_vndr' (pid 8976) exited with status 1
01-01 10:27:41.840 0 0 I init : Sending signal 9 to service 'qvrd_vndr' (pid 8976) process group...
01-01 10:27:41.848 0 0 I libprocessgroup: Successfully killed process cgroup uid 1000 pid 8976 in 0ms
08-26 19:48:43.202 8977 8977 F linker : CANNOT LINK EXECUTABLE "/vendor/bin/hw/sxrservice": library "vendor.qti.hardware.qxr-V1-ndk_platform.so" not found: needed by main executable
01-01 10:27:41.858 0 0 I init : Service 'sxrd' (pid 8977) exited with status 1
01-01 10:27:41.865 0 0 I init : Sending signal 9 to service 'sxrd' (pid 8977) process group...
01-01 10:27:42.193 0 0 D : mv2112_read_status
01-01 10:27:42.197 0 0 D mv2112_update_link: 3.0x901(1G): 0x80
01-01 10:27:42.203 0 0 D mv2112_update_link: 3.0x8109(100M): 0x0
01-01 10:27:42.208 0 0 D mv2112_update_link: link 0x0
01-01 10:27:42.213 0 0 D mv2112_read_status: autoneg is disabled
01-01 10:27:43.217 0 0 D : mv2112_read_status
01-01 10:27:43.221 0 0 D mv2112_update_link: 3.0x901(1G): 0x80
01-01 10:27:43.226 0 0 D mv2112_update_link: 3.0x8109(100M): 0x0
01-01 10:27:43.232 0 0 D mv2112_update_link: link 0x0
01-01 10:27:43.236 0 0 D mv2112_read_status: autoneg is disabled
01-01 10:27:44.241 0 0 D : mv2112_read_status
01-01 10:27:44.245 0 0 D mv2112_update_link: 3.0x901(1G): 0x80
01-01 10:27:44.250 0 0 D mv2112_update_link: 3.0x8109(100M): 0x0
01-01 10:27:44.255 0 0 D mv2112_update_link: link 0x0
01-01 10:27:44.259 0 0 D mv2112_read_status: autoneg is disabled
01-01 10:27:45.265 0 0 D : mv2112_read_status
01-01 10:27:45.269 0 0 D mv2112_update_link: 3.0x901(1G): 0x80
01-01 10:27:45.274 0 0 D mv2112_update_link: 3.0x8109(100M): 0x0
01-01 10:27:45.279 0 0 D mv2112_update_link: link 0x0
01-01 10:27:45.284 0 0 D mv2112_read_status: autoneg is disabled
01-01 10:27:46.289 0 0 D : mv2112_read_status
01-01 10:27:46.293 0 0 D mv2112_update_link: 3.0x901(1G): 0x80
01-01 10:27:46.298 0 0 D mv2112_update_link: 3.0x8109(100M): 0x0
01-01 10:27:46.304 0 0 D mv2112_update_link: link 0x0
01-01 10:27:46.308 0 0 D mv2112_read_status: autoneg is disabled
01-01 10:27:46.794 0 0 I init : starting service 'qvrd_vndr'...
01-01 10:27:46.801 0 0 I init : Created socket '/dev/socket/qvrservice_vndr', mode 660, user 1000, group 1000
01-01 10:27:46.812 0 0 I init : Created socket '/dev/socket/qvrservice_vndr_camera', mode 660, user 1000, group 1000
01-01 10:27:46.837 0 0 I init : starting service 'sxrd'...
01-01 10:27:46.855 0 0 I init : starting service 'vendor.light-hal-2-0'...
08-26 19:48:48.213 8979 8979 F linker : CANNOT LINK EXECUTABLE "/vendor/bin/hw/qvrservice": library "vendor.qti.hardware.qxr-V1-ndk_platform.so" not found: needed by /vendor/lib64/libqvrservice.so in namespace (default)
01-01 10:27:46.875 0 0 I init : Service 'qvrd_vndr' (pid 8979) exited with status 1
01-01 10:27:46.882 0 0 I init : Sending signal 9 to service 'qvrd_vndr' (pid 8979) process group...
01-01 10:27:46.890 0 0 I libprocessgroup: Successfully killed process cgroup uid 1000 pid 8979 in 0ms
08-26 19:48:48.241 8980 8980 F linker : CANNOT LINK EXECUTABLE "/vendor/bin/hw/sxrservice": library "vendor.qti.hardware.qxr-V1-ndk_platform.so" not found: needed by main executable
01-01 10:27:46.900 0 0 I init : Service 'sxrd' (pid 8980) exited with status 1
01-01 10:27:46.906 0 0 I init : Sending signal 9 to service 'sxrd' (pid 8980) process group...
01-01 10:27:47.313 0 0 D : mv2112_read_status
01-01 10:27:47.317 0 0 D mv2112_update_link: 3.0x901(1G): 0x80
01-01 10:27:47.322 0 0 D mv2112_update_link: 3.0x8109(100M): 0x0
01-01 10:27:47.328 0 0 D mv2112_update_link: link 0x0
01-01 10:27:47.333 0 0 D mv2112_read_status: autoneg is disabled
01-01 10:27:48.337 0 0 D : mv2112_read_status
01-01 10:27:48.341 0 0 D mv2112_update_link: 3.0x901(1G): 0x80
01-01 10:27:48.346 0 0 D mv2112_update_link: 3.0x8109(100M): 0x0
01-01 10:27:48.351 0 0 D mv2112_update_link: link 0x0
01-01 10:27:48.355 0 0 D mv2112_read_status: autoneg is disabled
01-01 10:27:49.361 0 0 D : mv2112_read_status
01-01 10:27:49.365 0 0 D mv2112_update_link: 3.0x901(1G): 0x80
01-01 10:27:49.370 0 0 D mv2112_update_link: 3.0x8109(100M): 0x0
01-01 10:27:49.376 0 0 D mv2112_update_link: link 0x0
01-01 10:27:49.380 0 0 D mv2112_read_status: autoneg is disabled
01-01 10:27:50.385 0 0 D : mv2112_read_status
01-01 10:27:50.389 0 0 D mv2112_update_link: 3.0x901(1G): 0x80
01-01 10:27:50.395 0 0 D mv2112_update_link: 3.0x8109(100M): 0x0
01-01 10:27:50.400 0 0 D mv2112_update_link: link 0x0
01-01 10:27:50.405 0 0 D mv2112_read_status: autoneg is disabled
01-01 10:27:51.409 0 0 D : mv2112_read_status
01-01 10:27:51.413 0 0 D mv2112_update_link: 3.0x901(1G): 0x80
01-01 10:27:51.418 0 0 D mv2112_update_link: 3.0x8109(100M): 0x0
01-01 10:27:51.424 0 0 D mv2112_update_link: link 0x0
01-01 10:27:51.428 0 0 D mv2112_read_status: autoneg is disabled
01-01 10:27:51.837 0 0 I init : starting service 'qvrd_vndr'...
01-01 10:27:51.844 0 0 I init : Created socket '/dev/socket/qvrservice_vndr', mode 660, user 1000, group 1000
01-01 10:27:51.856 0 0 I init : Created socket '/dev/socket/qvrservice_vndr_camera', mode 660, user 1000, group 1000
01-01 10:27:51.882 0 0 I init : starting service 'sxrd'...
01-01 10:27:51.899 0 0 I init : starting service 'vendor.light-hal-2-0'...
08-26 19:48:53.270 8983 8983 F linker : CANNOT LINK EXECUTABLE "/vendor/bin/hw/sxrservice": library "vendor.qti.hardware.qxr-V1-ndk_platform.so" not found: needed by main executable
08-26 19:48:53.270 8982 8982 F linker : CANNOT LINK EXECUTABLE "/vendor/bin/hw/qvrservice": library "vendor.qti.hardware.qxr-V1-ndk_platform.so" not found: needed by /vendor/lib64/libqvrservice.so in namespace (default)
01-01 10:27:51.925 0 0 I init : Service 'qvrd_vndr' (pid 8982) exited with status 1
01-01 10:27:51.932 0 0 I init : Sending signal 9 to service 'qvrd_vndr' (pid 8982) process group...
01-01 10:27:51.940 0 0 I libprocessgroup: Successfully killed process cgroup uid 1000 pid 8982 in 0ms
01-01 10:27:51.950 0 0 I init : Service 'sxrd' (pid 8983) exited with status 1
01-01 10:27:51.956 0 0 I init : Sending signal 9 to service 'sxrd' (pid 8983) process group...
01-01 10:27:52.433 0 0 D : mv2112_read_status
01-01 10:27:52.438 0 0 D mv2112_update_link: 3.0x901(1G): 0x80
01-01 10:27:52.443 0 0 D mv2112_update_link: 3.0x8109(100M): 0x0
01-01 10:27:52.448 0 0 D mv2112_update_link: link 0x0
01-01 10:27:52.452 0 0 D mv2112_read_status: autoneg is disabled
01-01 10:27:53.457 0 0 D : mv2112_read_status
01-01 10:27:53.461 0 0 D mv2112_update_link: 3.0x901(1G): 0x80
01-01 10:27:53.467 0 0 D mv2112_update_link: 3.0x8109(100M): 0x0
01-01 10:27:53.472 0 0 D mv2112_update_link: link 0x0
01-01 10:27:53.476 0 0 D mv2112_read_status: autoneg is disabled
01-01 10:27:54.481 0 0 D : mv2112_read_status
01-01 10:27:54.485 0 0 D mv2112_update_link: 3.0x901(1G): 0x80
01-01 10:27:54.490 0 0 D mv2112_update_link: 3.0x8109(100M): 0x0
01-01 10:27:54.496 0 0 D mv2112_update_link: link 0x0
01-01 10:27:54.500 0 0 D mv2112_read_status: autoneg is disabled
01-01 10:27:55.505 0 0 D : mv2112_read_status
01-01 10:27:55.509 0 0 D mv2112_update_link: 3.0x901(1G): 0x80
01-01 10:27:55.514 0 0 D mv2112_update_link: 3.0x8109(100M): 0x0
01-01 10:27:55.519 0 0 D mv2112_update_link: link 0x0
01-01 10:27:55.524 0 0 D mv2112_read_status: autoneg is disabled
01-01 10:27:56.531 0 0 D : mv2112_read_status
01-01 10:27:56.535 0 0 D mv2112_update_link: 3.0x901(1G): 0x80
01-01 10:27:56.540 0 0 D mv2112_update_link: 3.0x8109(100M): 0x0
01-01 10:27:56.546 0 0 D mv2112_update_link: link 0x0
01-01 10:27:56.550 0 0 D mv2112_read_status: autoneg is disabled
01-01 10:27:56.882 0 0 I init : starting service 'qvrd_vndr'...
01-01 10:27:56.888 0 0 I init : Created socket '/dev/socket/qvrservice_vndr', mode 660, user 1000, group 1000
01-01 10:27:56.899 0 0 I init : Created socket '/dev/socket/qvrservice_vndr_camera', mode 660, user 1000, group 1000
01-01 10:27:56.933 0 0 I init : starting service 'sxrd'...
01-01 10:27:56.955 0 0 I init : starting service 'vendor.light-hal-2-0'...
08-26 19:48:58.313 8985 8985 F linker : CANNOT LINK EXECUTABLE "/vendor/bin/hw/qvrservice": library "vendor.qti.hardware.qxr-V1-ndk_platform.so" not found: needed by /vendor/lib64/libqvrservice.so in namespace (default)
08-26 19:48:58.326 8986 8986 F linker : CANNOT LINK EXECUTABLE "/vendor/bin/hw/sxrservice": library "vendor.qti.hardware.qxr-V1-ndk_platform.so" not found: needed by main executable
01-01 10:27:56.979 0 0 I init : Service 'qvrd_vndr' (pid 8985) exited with status 1
01-01 10:27:56.986 0 0 I init : Sending signal 9 to service 'qvrd_vndr' (pid 8985) process group...
01-01 10:27:56.994 0 0 I libprocessgroup: Successfully killed process cgroup uid 1000 pid 8985 in 0ms
01-01 10:27:57.004 0 0 I init : Service 'sxrd' (pid 8986) exited with status 1
01-01 10:27:57.010 0 0 I init : Sending signal 9 to service 'sxrd' (pid 8986) process group...
01-01 10:27:57.553 0 0 D : mv2112_read_status
01-01 10:27:57.558 0 0 D mv2112_update_link: 3.0x901(1G): 0x80
01-01 10:27:57.563 0 0 D mv2112_update_link: 3.0x8109(100M): 0x0
01-01 10:27:57.569 0 0 D mv2112_update_link: link 0x0
01-01 10:27:57.574 0 0 D mv2112_read_status: autoneg is disabled
01-01 10:27:58.577 0 0 D : mv2112_read_status
01-01 10:27:58.580 0 0 D mv2112_update_link: 3.0x901(1G): 0x80
01-01 10:27:58.586 0 0 D mv2112_update_link: 3.0x8109(100M): 0x0
01-01 10:27:58.591 0 0 D mv2112_update_link: link 0x0
01-01 10:27:58.595 0 0 D mv2112_read_status: autoneg is disabled
01-01 10:27:59.601 0 0 D : mv2112_read_status
01-01 10:27:59.604 0 0 D mv2112_update_link: 3.0x901(1G): 0x80
01-01 10:27:59.610 0 0 D mv2112_update_link: 3.0x8109(100M): 0x0
01-01 10:27:59.616 0 0 D mv2112_update_link: link 0x0
01-01 10:27:59.620 0 0 D mv2112_read_status: autoneg is disabled
01-01 10:28:00.625 0 0 D : mv2112_read_status
01-01 10:28:00.628 0 0 D mv2112_update_link: 3.0x901(1G): 0x80
01-01 10:28:00.634 0 0 D mv2112_update_link: 3.0x8109(100M): 0x0
01-01 10:28:00.639 0 0 D mv2112_update_link: link 0x0
01-01 10:28:00.643 0 0 D mv2112_read_status: autoneg is disabled
01-01 10:28:01.681 0 0 D : mv2112_read_status
01-01 10:28:01.685 0 0 D mv2112_update_link: 3.0x901(1G): 0x80
01-01 10:28:01.690 0 0 D mv2112_update_link: 3.0x8109(100M): 0x0
01-01 10:28:01.695 0 0 D mv2112_update_link: link 0x0
01-01 10:28:01.699 0 0 D mv2112_read_status: autoneg is disabled
01-01 10:28:01.928 0 0 I init : starting service 'qvrd_vndr'...
01-01 10:28:01.934 0 0 I init : Created socket '/dev/socket/qvrservice_vndr', mode 660, user 1000, group 1000
01-01 10:28:01.944 0 0 I init : Created socket '/dev/socket/qvrservice_vndr_camera', mode 660, user 1000, group 1000
01-01 10:28:01.970 0 0 I init : starting service 'sxrd'...
01-01 10:28:01.987 0 0 I init : starting service 'vendor.light-hal-2-0'...
08-26 19:49:03.366 8988 8988 F linker : CANNOT LINK EXECUTABLE "/vendor/bin/hw/qvrservice": library "vendor.qti.hardware.qxr-V1-ndk_platform.so" not found: needed by /vendor/lib64/libqvrservice.so in namespace (default)
08-26 19:49:03.366 8989 8989 F linker : CANNOT LINK EXECUTABLE "/vendor/bin/hw/sxrservice": library "vendor.qti.hardware.qxr-V1-ndk_platform.so" not found: needed by main executable
01-01 10:28:02.021 0 0 I init : Service 'qvrd_vndr' (pid 8988) exited with status 1
01-01 10:28:02.028 0 0 I init : Sending signal 9 to service 'qvrd_vndr' (pid 8988) process group...
01-01 10:28:02.037 0 0 I libprocessgroup: Successfully killed process cgroup uid 1000 pid 8988 in 0ms
01-01 10:28:02.048 0 0 I init : Service 'sxrd' (pid 8989) exited with status 1
01-01 10:28:02.054 0 0 I init : Sending signal 9 to service 'sxrd' (pid 8989) process group...
01-01 10:28:02.705 0 0 D : mv2112_read_status
01-01 10:28:02.709 0 0 D mv2112_update_link: 3.0x901(1G): 0x80
01-01 10:28:02.715 0 0 D mv2112_update_link: 3.0x8109(100M): 0x0
01-01 10:28:02.720 0 0 D mv2112_update_link: link 0x0
01-01 10:28:02.724 0 0 D mv2112_read_status: autoneg is disabled
01-01 10:28:03.729 0 0 D : mv2112_read_status
01-01 10:28:03.733 0 0 D mv2112_update_link: 3.0x901(1G): 0x80
01-01 10:28:03.738 0 0 D mv2112_update_link: 3.0x8109(100M): 0x0
01-01 10:28:03.743 0 0 D mv2112_update_link: link 0x0
01-01 10:28:03.747 0 0 D mv2112_read_status: autoneg is disabled
01-01 10:28:04.753 0 0 D : mv2112_read_status
01-01 10:28:04.757 0 0 D mv2112_update_link: 3.0x901(1G): 0x80
01-01 10:28:04.762 0 0 D mv2112_update_link: 3.0x8109(100M): 0x0
01-01 10:28:04.767 0 0 D mv2112_update_link: link 0x0
01-01 10:28:04.772 0 0 D mv2112_read_status: autoneg is disabled
01-01 10:28:05.777 0 0 D : mv2112_read_status
01-01 10:28:05.781 0 0 D mv2112_update_link: 3.0x901(1G): 0x80
01-01 10:28:05.787 0 0 D mv2112_update_link: 3.0x8109(100M): 0x0
01-01 10:28:05.792 0 0 D mv2112_update_link: link 0x0
01-01 10:28:05.796 0 0 D mv2112_read_status: autoneg is disabled
01-01 10:28:06.802 0 0 D : mv2112_read_status
01-01 10:28:06.805 0 0 D mv2112_update_link: 3.0x901(1G): 0x80
01-01 10:28:06.811 0 0 D mv2112_update_link: 3.0x8109(100M): 0x0
01-01 10:28:06.816 0 0 D mv2112_update_link: link 0x0
01-01 10:28:06.820 0 0 D mv2112_read_status: autoneg is disabled
01-01 10:28:06.971 0 0 I init : starting service 'qvrd_vndr'...
01-01 10:28:06.977 0 0 I init : Created socket '/dev/socket/qvrservice_vndr', mode 660, user 1000, group 1000
01-01 10:28:06.988 0 0 I init : Created socket '/dev/socket/qvrservice_vndr_camera', mode 660, user 1000, group 1000
01-01 10:28:07.014 0 0 I init : starting service 'sxrd'...
01-01 10:28:07.034 0 0 I init : starting service 'vendor.light-hal-2-0'...
08-26 19:49:08.407 8991 8991 F linker : CANNOT LINK EXECUTABLE "/vendor/bin/hw/qvrservice": library "vendor.qti.hardware.qxr-V1-ndk_platform.so" not found: needed by /vendor/lib64/libqvrservice.so in namespace (default)
08-26 19:49:08.411 8992 8992 F linker : CANNOT LINK EXECUTABLE "/vendor/bin/hw/sxrservice": library "vendor.qti.hardware.qxr-V1-ndk_platform.so" not found: needed by main executable
01-01 10:28:07.063 0 0 I init : Service 'qvrd_vndr' (pid 8991) exited with status 1
01-01 10:28:07.069 0 0 I init : Sending signal 9 to service 'qvrd_vndr' (pid 8991) process group...
01-01 10:28:07.078 0 0 I libprocessgroup: Successfully killed process cgroup uid 1000 pid 8991 in 0ms
01-01 10:28:07.087 0 0 I init : Service 'sxrd' (pid 8992) exited with status 1
01-01 10:28:07.094 0 0 I init : Sending signal 9 to service 'sxrd' (pid 8992) process group...
01-01 10:28:07.825 0 0 D : mv2112_read_status
01-01 10:28:07.829 0 0 D mv2112_update_link: 3.0x901(1G): 0x80
01-01 10:28:07.835 0 0 D mv2112_update_link: 3.0x8109(100M): 0x0
01-01 10:28:07.842 0 0 D mv2112_update_link: link 0x0
01-01 10:28:07.846 0 0 D mv2112_read_status: autoneg is disabled
01-01 10:28:08.849 0 0 D : mv2112_read_status
01-01 10:28:08.852 0 0 D mv2112_update_link: 3.0x901(1G): 0x80
01-01 10:28:08.858 0 0 D mv2112_update_link: 3.0x8109(100M): 0x0
01-01 10:28:08.863 0 0 D mv2112_update_link: link 0x0
01-01 10:28:08.867 0 0 D mv2112_read_status: autoneg is disabled
01-01 10:28:09.873 0 0 D : mv2112_read_status
01-01 10:28:09.877 0 0 D mv2112_update_link: 3.0x901(1G): 0x80
01-01 10:28:09.882 0 0 D mv2112_update_link: 3.0x8109(100M): 0x0
01-01 10:28:09.887 0 0 D mv2112_update_link: link 0x0
01-01 10:28:09.892 0 0 D mv2112_read_status: autoneg is disabled
01-01 10:28:10.897 0 0 D : mv2112_read_status
01-01 10:28:10.900 0 0 D mv2112_update_link: 3.0x901(1G): 0x80
01-01 10:28:10.907 0 0 D mv2112_update_link: 3.0x8109(100M): 0x0
01-01 10:28:10.912 0 0 D mv2112_update_link: link 0x0
01-01 10:28:10.917 0 0 D mv2112_read_status: autoneg is disabled
01-01 10:28:11.921 0 0 D : mv2112_read_status
01-01 10:28:11.925 0 0 D mv2112_update_link: 3.0x901(1G): 0x80
01-01 10:28:11.930 0 0 D mv2112_update_link: 3.0x8109(100M): 0x0
01-01 10:28:11.936 0 0 D mv2112_update_link: link 0x0
01-01 10:28:11.940 0 0 D mv2112_read_status: autoneg is disabled
01-01 10:28:12.014 0 0 I init : starting service 'qvrd_vndr'...
01-01 10:28:12.020 0 0 I init : Created socket '/dev/socket/qvrservice_vndr', mode 660, user 1000, group 1000
01-01 10:28:12.030 0 0 I init : Created socket '/dev/socket/qvrservice_vndr_camera', mode 660, user 1000, group 1000
01-01 10:28:12.055 0 0 I init : starting service 'sxrd'...
01-01 10:28:12.072 0 0 I init : starting service 'vendor.light-hal-2-0'...
08-26 19:49:13.447 8995 8995 F linker : CANNOT LINK EXECUTABLE "/vendor/bin/hw/sxrservice": library "vendor.qti.hardware.qxr-V1-ndk_platform.so" not found: needed by main executable
08-26 19:49:13.448 8994 8994 F linker : CANNOT LINK EXECUTABLE "/vendor/bin/hw/qvrservice": library "vendor.qti.hardware.qxr-V1-ndk_platform.so" not found: needed by /vendor/lib64/libqvrservice.so in namespace (default)
01-01 10:28:12.103 0 0 I init : Service 'sxrd' (pid 8995) exited with status 1
01-01 10:28:12.109 0 0 I init : Sending signal 9 to service 'sxrd' (pid 8995) process group...
01-01 10:28:12.117 0 0 I libprocessgroup: Successfully killed process cgroup uid 1000 pid 8995 in 0ms
01-01 10:28:12.128 0 0 I init : Service 'qvrd_vndr' (pid 8994) exited with status 1
01-01 10:28:12.134 0 0 I init : Sending signal 9 to service 'qvrd_vndr' (pid 8994) process group...
01-01 10:28:12.945 0 0 D : mv2112_read_status
01-01 10:28:12.949 0 0 D mv2112_update_link: 3.0x901(1G): 0x80
01-01 10:28:12.954 0 0 D mv2112_update_link: 3.0x8109(100M): 0x0
01-01 10:28:12.959 0 0 D mv2112_update_link: link 0x0
01-01 10:28:12.964 0 0 D mv2112_read_status: autoneg is disabled
01-01 10:28:13.969 0 0 D : mv2112_read_status
01-01 10:28:13.972 0 0 D mv2112_update_link: 3.0x901(1G): 0x80
01-01 10:28:13.979 0 0 D mv2112_update_link: 3.0x8109(100M): 0x0
01-01 10:28:13.984 0 0 D mv2112_update_link: link 0x0
01-01 10:28:13.990 0 0 D mv2112_read_status: autoneg is disabled
01-01 10:28:14.993 0 0 D : mv2112_read_status
01-01 10:28:14.997 0 0 D mv2112_update_link: 3.0x901(1G): 0x80
01-01 10:28:15.002 0 0 D mv2112_update_link: 3.0x8109(100M): 0x0
01-01 10:28:15.017 0 0 D mv2112_update_link: link 0x0
01-01 10:28:15.021 0 0 D mv2112_read_status: autoneg is disabled
01-01 10:28:16.049 0 0 D : mv2112_read_status
01-01 10:28:16.053 0 0 D mv2112_update_link: 3.0x901(1G): 0x80
01-01 10:28:16.058 0 0 D mv2112_update_link: 3.0x8109(100M): 0x0
01-01 10:28:16.063 0 0 D mv2112_update_link: link 0x0
01-01 10:28:16.068 0 0 D mv2112_read_status: autoneg is disabled
01-01 10:28:17.058 0 0 I init : starting service 'qvrd_vndr'...
01-01 10:28:17.069 0 0 I init : Created socket '/dev/socket/qvrservice_vndr', mode 660, user 1000, group 1000
01-01 10:28:17.081 0 0 I init : Created socket '/dev/socket/qvrservice_vndr_camera', mode 660, user 1000, group 1000
01-01 10:28:17.081 0 0 D : mv2112_read_status
01-01 10:28:17.101 0 0 D mv2112_update_link: 3.0x901(1G): 0x80
01-01 10:28:17.106 0 0 D mv2112_update_link: 3.0x8109(100M): 0x0
01-01 10:28:17.112 0 0 D mv2112_update_link: link 0x0
01-01 10:28:17.116 0 0 D mv2112_read_status: autoneg is disabled
01-01 10:28:17.125 0 0 I init : starting service 'sxrd'...
01-01 10:28:17.142 0 0 I init : starting service 'vendor.light-hal-2-0'...
08-26 19:49:18.508 8997 8997 F linker : CANNOT LINK EXECUTABLE "/vendor/bin/hw/qvrservice": library "vendor.qti.hardware.qxr-V1-ndk_platform.so" not found: needed by /vendor/lib64/libqvrservice.so in namespace (default)
08-26 19:49:18.509 8998 8998 F linker : CANNOT LINK EXECUTABLE "/vendor/bin/hw/sxrservice": library "vendor.qti.hardware.qxr-V1-ndk_platform.so" not found: needed by main executable
01-01 10:28:17.164 0 0 I init : Service 'qvrd_vndr' (pid 8997) exited with status 1
01-01 10:28:17.170 0 0 I init : Sending signal 9 to service 'qvrd_vndr' (pid 8997) process group...
01-01 10:28:17.179 0 0 I libprocessgroup: Successfully killed process cgroup uid 1000 pid 8997 in 0ms
01-01 10:28:17.188 0 0 I init : Service 'sxrd' (pid 8998) exited with status 1
01-01 10:28:17.195 0 0 I init : Sending signal 9 to service 'sxrd' (pid 8998) process group...
01-01 10:28:18.130 0 0 D : mv2112_read_status
01-01 10:28:18.134 0 0 D mv2112_update_link: 3.0x901(1G): 0x80
01-01 10:28:18.140 0 0 D mv2112_update_link: 3.0x8109(100M): 0x0
01-01 10:28:18.145 0 0 D mv2112_update_link: link 0x0
01-01 10:28:18.150 0 0 D mv2112_read_status: autoneg is disabled
01-01 10:28:19.153 0 0 D : mv2112_read_status
01-01 10:28:19.156 0 0 D mv2112_update_link: 3.0x901(1G): 0x80
01-01 10:28:19.161 0 0 D mv2112_update_link: 3.0x8109(100M): 0x0
01-01 10:28:19.167 0 0 D mv2112_update_link: link 0x0
01-01 10:28:19.171 0 0 D mv2112_read_status: autoneg is disabled
01-01 10:28:20.178 0 0 D : mv2112_read_status
01-01 10:28:20.181 0 0 D mv2112_update_link: 3.0x901(1G): 0x80
01-01 10:28:20.187 0 0 D mv2112_update_link: 3.0x8109(100M): 0x0
01-01 10:28:20.193 0 0 D mv2112_update_link: link 0x0
01-01 10:28:20.197 0 0 D mv2112_read_status: autoneg is disabled
01-01 10:28:21.201 0 0 D : mv2112_read_status
01-01 10:28:21.205 0 0 D mv2112_update_link: 3.0x901(1G): 0x80
01-01 10:28:21.210 0 0 D mv2112_update_link: 3.0x8109(100M): 0x0
01-01 10:28:21.216 0 0 D mv2112_update_link: link 0x0
01-01 10:28:21.220 0 0 D mv2112_read_status: autoneg is disabled
01-01 10:28:22.126 0 0 I init : starting service 'qvrd_vndr'...
01-01 10:28:22.133 0 0 I init : Created socket '/dev/socket/qvrservice_vndr', mode 660, user 1000, group 1000
01-01 10:28:22.143 0 0 I init : Created socket '/dev/socket/qvrservice_vndr_camera', mode 660, user 1000, group 1000
01-01 10:28:22.171 0 0 I init : starting service 'sxrd'...
01-01 10:28:22.191 0 0 I init : starting service 'vendor.light-hal-2-0'...
08-26 19:49:23.553 9000 9000 F linker : CANNOT LINK EXECUTABLE "/vendor/bin/hw/qvrservice": library "vendor.qti.hardware.qxr-V1-ndk_platform.so" not found: needed by /vendor/lib64/libqvrservice.so in namespace (default)
01-01 10:28:22.210 0 0 I init : Service 'qvrd_vndr' (pid 9000) exited with status 1
01-01 10:28:22.216 0 0 I init : Sending signal 9 to service 'qvrd_vndr' (pid 9000) process group...
01-01 10:28:22.225 0 0 I libprocessgroup: Successfully killed process cgroup uid 1000 pid 9000 in 0ms
01-01 10:28:22.225 0 0 D : mv2112_read_status
08-26 19:49:23.577 9001 9001 F linker : CANNOT LINK EXECUTABLE "/vendor/bin/hw/sxrservice": library "vendor.qti.hardware.qxr-V1-ndk_platform.so" not found: needed by main executable
01-01 10:28:22.234 0 0 I init : Service 'sxrd' (pid 9001) exited with status 1
01-01 10:28:22.238 0 0 D mv2112_update_link: 3.0x901(1G): 0x80
01-01 10:28:22.242 0 0 I init : Sending signal 9 to service 'sxrd' (pid 9001) process group...
01-01 10:28:22.256 0 0 D mv2112_update_link: 3.0x8109(100M): 0x0
01-01 10:28:22.261 0 0 D mv2112_update_link: link 0x0
01-01 10:28:22.265 0 0 D mv2112_read_status: autoneg is disabled
01-01 10:28:23.281 0 0 D : mv2112_read_status
01-01 10:28:23.285 0 0 D mv2112_update_link: 3.0x901(1G): 0x80
01-01 10:28:23.297 0 0 D mv2112_update_link: 3.0x8109(100M): 0x0
01-01 10:28:23.302 0 0 D mv2112_update_link: link 0x0
01-01 10:28:23.306 0 0 D mv2112_read_status: autoneg is disabled
01-01 10:28:24.337 0 0 D : mv2112_read_status
01-01 10:28:24.341 0 0 D mv2112_update_link: 3.0x901(1G): 0x80
01-01 10:28:24.347 0 0 D mv2112_update_link: 3.0x8109(100M): 0x0
01-01 10:28:24.352 0 0 D mv2112_update_link: link 0x0
01-01 10:28:24.358 0 0 D mv2112_read_status: autoneg is disabled
01-01 10:28:25.361 0 0 D : mv2112_read_status
01-01 10:28:25.364 0 0 D mv2112_update_link: 3.0x901(1G): 0x80
01-01 10:28:25.371 0 0 D mv2112_update_link: 3.0x8109(100M): 0x0
01-01 10:28:25.376 0 0 D mv2112_update_link: link 0x0
01-01 10:28:25.380 0 0 D mv2112_read_status: autoneg is disabled
01-01 10:28:26.385 0 0 D : mv2112_read_status
01-01 10:28:26.388 0 0 D mv2112_update_link: 3.0x901(1G): 0x80
01-01 10:28:26.394 0 0 D mv2112_update_link: 3.0x8109(100M): 0x0
01-01 10:28:26.400 0 0 D mv2112_update_link: link 0x0
01-01 10:28:26.405 0 0 D mv2112_read_status: autoneg is disabled
01-01 10:28:27.171 0 0 I init : starting service 'qvrd_vndr'...
01-01 10:28:27.178 0 0 I init : Created socket '/dev/socket/qvrservice_vndr', mode 660, user 1000, group 1000
01-01 10:28:27.188 0 0 I init : Created socket '/dev/socket/qvrservice_vndr_camera', mode 660, user 1000, group 1000
01-01 10:28:27.214 0 0 I init : starting service 'sxrd'...
01-01 10:28:27.233 0 0 I init : starting service 'vendor.light-hal-2-0'...
08-26 19:49:28.592 9003 9003 F linker : CANNOT LINK EXECUTABLE "/vendor/bin/hw/qvrservice": library "vendor.qti.hardware.qxr-V1-ndk_platform.so" not found: needed by /vendor/lib64/libqvrservice.so in namespace (default)
01-01 10:28:27.252 0 0 I init : Service 'qvrd_vndr' (pid 9003) exited with status 1
01-01 10:28:27.259 0 0 I init : Sending signal 9 to service 'qvrd_vndr' (pid 9003) process group...
01-01 10:28:27.267 0 0 I libprocessgroup: Successfully killed process cgroup uid 1000 pid 9003 in 0ms
08-26 19:49:28.617 9004 9004 F linker : CANNOT LINK EXECUTABLE "/vendor/bin/hw/sxrservice": library "vendor.qti.hardware.qxr-V1-ndk_platform.so" not found: needed by main executable
01-01 10:28:27.277 0 0 I init : Service 'sxrd' (pid 9004) exited with status 1
01-01 10:28:27.283 0 0 I init : Sending signal 9 to service 'sxrd' (pid 9004) process group...
01-01 10:28:27.409 0 0 D : mv2112_read_status
01-01 10:28:27.413 0 0 D mv2112_update_link: 3.0x901(1G): 0x80
01-01 10:28:27.418 0 0 D mv2112_update_link: 3.0x8109(100M): 0x0
01-01 10:28:27.424 0 0 D mv2112_update_link: link 0x0
01-01 10:28:27.429 0 0 D mv2112_read_status: autoneg is disabled
01-01 10:28:28.433 0 0 D : mv2112_read_status
01-01 10:28:28.437 0 0 D mv2112_update_link: 3.0x901(1G): 0x80
01-01 10:28:28.443 0 0 D mv2112_update_link: 3.0x8109(100M): 0x0
01-01 10:28:28.448 0 0 D mv2112_update_link: link 0x0
01-01 10:28:28.452 0 0 D mv2112_read_status: autoneg is disabled
01-01 10:28:29.457 0 0 D : mv2112_read_status
01-01 10:28:29.461 0 0 D mv2112_update_link: 3.0x901(1G): 0x80
01-01 10:28:29.466 0 0 D mv2112_update_link: 3.0x8109(100M): 0x0
01-01 10:28:29.471 0 0 D mv2112_update_link: link 0x0
01-01 10:28:29.476 0 0 D mv2112_read_status: autoneg is disabled
01-01 10:28:30.481 0 0 D : mv2112_read_status
01-01 10:28:30.484 0 0 D mv2112_update_link: 3.0x901(1G): 0x80
01-01 10:28:30.490 0 0 D mv2112_update_link: 3.0x8109(100M): 0x0
01-01 10:28:30.495 0 0 D mv2112_update_link: link 0x0
01-01 10:28:30.499 0 0 D mv2112_read_status: autoneg is disabled
01-01 10:28:31.505 0 0 D : mv2112_read_status
01-01 10:28:31.508 0 0 D mv2112_update_link: 3.0x901(1G): 0x80
01-01 10:28:31.514 0 0 D mv2112_update_link: 3.0x8109(100M): 0x0
01-01 10:28:31.519 0 0 D mv2112_update_link: link 0x0
01-01 10:28:31.523 0 0 D mv2112_read_status: autoneg is disabled
01-01 10:28:32.214 0 0 I init : starting service 'qvrd_vndr'...
01-01 10:28:32.221 0 0 I init : Created socket '/dev/socket/qvrservice_vndr', mode 660, user 1000, group 1000
01-01 10:28:32.231 0 0 I init : Created socket '/dev/socket/qvrservice_vndr_camera', mode 660, user 1000, group 1000
01-01 10:28:32.258 0 0 I init : starting service 'sxrd'...
01-01 10:28:32.277 0 0 I init : starting service 'vendor.light-hal-2-0'...
08-26 19:49:33.649 9006 9006 F linker : CANNOT LINK EXECUTABLE "/vendor/bin/hw/qvrservice": library "vendor.qti.hardware.qxr-V1-ndk_platform.so" not found: needed by /vendor/lib64/libqvrservice.so in namespace (default)
08-26 19:49:33.650 9007 9007 F linker : CANNOT LINK EXECUTABLE "/vendor/bin/hw/sxrservice": library "vendor.qti.hardware.qxr-V1-ndk_platform.so" not found: needed by main executable
01-01 10:28:32.305 0 0 I init : Service 'qvrd_vndr' (pid 9006) exited with status 1
01-01 10:28:32.312 0 0 I init : Sending signal 9 to service 'qvrd_vndr' (pid 9006) process group...
01-01 10:28:32.320 0 0 I libprocessgroup: Successfully killed process cgroup uid 1000 pid 9006 in 0ms
01-01 10:28:32.330 0 0 I init : Service 'sxrd' (pid 9007) exited with status 1
01-01 10:28:32.336 0 0 I init : Sending signal 9 to service 'sxrd' (pid 9007) process group...
01-01 10:28:32.529 0 0 D : mv2112_read_status
01-01 10:28:32.533 0 0 D mv2112_update_link: 3.0x901(1G): 0x80
01-01 10:28:32.538 0 0 D mv2112_update_link: 3.0x8109(100M): 0x0
01-01 10:28:32.544 0 0 D mv2112_update_link: link 0x0
01-01 10:28:32.549 0 0 D mv2112_read_status: autoneg is disabled
01-01 10:28:33.553 0 0 D : mv2112_read_status
01-01 10:28:33.557 0 0 D mv2112_update_link: 3.0x901(1G): 0x80
01-01 10:28:33.569 0 0 D mv2112_update_link: 3.0x8109(100M): 0x0
01-01 10:28:33.585 0 0 D mv2112_update_link: link 0x0
01-01 10:28:33.589 0 0 D mv2112_read_status: autoneg is disabled
01-01 10:28:34.609 0 0 D : mv2112_read_status
01-01 10:28:34.613 0 0 D mv2112_update_link: 3.0x901(1G): 0x80
01-01 10:28:34.619 0 0 D mv2112_update_link: 3.0x8109(100M): 0x0
01-01 10:28:34.624 0 0 D mv2112_update_link: link 0x0
01-01 10:28:34.628 0 0 D mv2112_read_status: autoneg is disabled
01-01 10:28:35.633 0 0 D : mv2112_read_status
01-01 10:28:35.637 0 0 D mv2112_update_link: 3.0x901(1G): 0x80
01-01 10:28:35.642 0 0 D mv2112_update_link: 3.0x8109(100M): 0x0
01-01 10:28:35.647 0 0 D mv2112_update_link: link 0x0
01-01 10:28:35.652 0 0 D mv2112_read_status: autoneg is disabled
01-01 10:28:36.657 0 0 D : mv2112_read_status
01-01 10:28:36.661 0 0 D mv2112_update_link: 3.0x901(1G): 0x80
01-01 10:28:36.666 0 0 D mv2112_update_link: 3.0x8109(100M): 0x0
01-01 10:28:36.672 0 0 D mv2112_update_link: link 0x0
01-01 10:28:36.676 0 0 D mv2112_read_status: autoneg is disabled
01-01 10:28:37.256 0 0 I init : starting service 'qvrd_vndr'...
01-01 10:28:37.263 0 0 I init : Created socket '/dev/socket/qvrservice_vndr', mode 660, user 1000, group 1000
01-01 10:28:37.274 0 0 I init : Created socket '/dev/socket/qvrservice_vndr_camera', mode 660, user 1000, group 1000
01-01 10:28:37.301 0 0 I init : starting service 'sxrd'...
01-01 10:28:37.319 0 0 I init : starting service 'vendor.light-hal-2-0'...
08-26 19:49:38.690 9009 9009 F linker : CANNOT LINK EXECUTABLE "/vendor/bin/hw/qvrservice": library "vendor.qti.hardware.qxr-V1-ndk_platform.so" not found: needed by /vendor/lib64/libqvrservice.so in namespace (default)
08-26 19:49:38.694 9010 9010 F linker : CANNOT LINK EXECUTABLE "/vendor/bin/hw/sxrservice": library "vendor.qti.hardware.qxr-V1-ndk_platform.so" not found: needed by main executable
01-01 10:28:37.346 0 0 I init : Service 'qvrd_vndr' (pid 9009) exited with status 1
01-01 10:28:37.352 0 0 I init : Sending signal 9 to service 'qvrd_vndr' (pid 9009) process group...
01-01 10:28:37.361 0 0 I libprocessgroup: Successfully killed process cgroup uid 1000 pid 9009 in 0ms
01-01 10:28:37.370 0 0 I init : Service 'sxrd' (pid 9010) exited with status 1
01-01 10:28:37.377 0 0 I init : Sending signal 9 to service 'sxrd' (pid 9010) process group...
01-01 10:28:37.681 0 0 D : mv2112_read_status
01-01 10:28:37.685 0 0 D mv2112_update_link: 3.0x901(1G): 0x80
01-01 10:28:37.690 0 0 D mv2112_update_link: 3.0x8109(100M): 0x0
01-01 10:28:37.695 0 0 D mv2112_update_link: link 0x0
01-01 10:28:37.700 0 0 D mv2112_read_status: autoneg is disabled
01-01 10:28:38.705 0 0 D : mv2112_read_status
01-01 10:28:38.708 0 0 D mv2112_update_link: 3.0x901(1G): 0x80
01-01 10:28:38.714 0 0 D mv2112_update_link: 3.0x8109(100M): 0x0
01-01 10:28:38.719 0 0 D mv2112_update_link: link 0x0
01-01 10:28:38.724 0 0 D mv2112_read_status: autoneg is disabled
01-01 10:28:39.729 0 0 D : mv2112_read_status
01-01 10:28:39.733 0 0 D mv2112_update_link: 3.0x901(1G): 0x80
01-01 10:28:39.738 0 0 D mv2112_update_link: 3.0x8109(100M): 0x0
01-01 10:28:39.743 0 0 D mv2112_update_link: link 0x0
01-01 10:28:39.748 0 0 D mv2112_read_status: autoneg is disabled
01-01 10:28:40.753 0 0 D : mv2112_read_status
01-01 10:28:40.757 0 0 D mv2112_update_link: 3.0x901(1G): 0x80
01-01 10:28:40.762 0 0 D mv2112_update_link: 3.0x8109(100M): 0x0
01-01 10:28:40.767 0 0 D mv2112_update_link: link 0x0
01-01 10:28:40.772 0 0 D mv2112_read_status: autoneg is disabled
01-01 10:28:41.777 0 0 D : mv2112_read_status
01-01 10:28:41.781 0 0 D mv2112_update_link: 3.0x901(1G): 0x80
01-01 10:28:41.786 0 0 D mv2112_update_link: 3.0x8109(100M): 0x0
01-01 10:28:41.791 0 0 D mv2112_update_link: link 0x0
01-01 10:28:41.796 0 0 D mv2112_read_status: autoneg is disabled
01-01 10:28:42.299 0 0 I init : starting service 'qvrd_vndr'...
01-01 10:28:42.304 0 0 I init : Created socket '/dev/socket/qvrservice_vndr', mode 660, user 1000, group 1000
01-01 10:28:42.314 0 0 I init : Created socket '/dev/socket/qvrservice_vndr_camera', mode 660, user 1000, group 1000
01-01 10:28:42.339 0 0 I init : starting service 'sxrd'...
01-01 10:28:42.356 0 0 I init : starting service 'vendor.light-hal-2-0'...
08-26 19:49:43.727 9013 9013 F linker : CANNOT LINK EXECUTABLE "/vendor/bin/hw/sxrservice": library "vendor.qti.hardware.qxr-V1-ndk_platform.so" not found: needed by main executable
08-26 19:49:43.728 9012 9012 F linker : CANNOT LINK EXECUTABLE "/vendor/bin/hw/qvrservice": library "vendor.qti.hardware.qxr-V1-ndk_platform.so" not found: needed by /vendor/lib64/libqvrservice.so in namespace (default)
01-01 10:28:42.382 0 0 I init : Service 'sxrd' (pid 9013) exited with status 1
01-01 10:28:42.389 0 0 I init : Sending signal 9 to service 'sxrd' (pid 9013) process group...
01-01 10:28:42.396 0 0 I libprocessgroup: Successfully killed process cgroup uid 1000 pid 9013 in 0ms
01-01 10:28:42.406 0 0 I init : Service 'qvrd_vndr' (pid 9012) exited with status 1
01-01 10:28:42.413 0 0 I init : Sending signal 9 to service 'qvrd_vndr' (pid 9012) process group...
01-01 10:28:42.801 0 0 D : mv2112_read_status
01-01 10:28:42.805 0 0 D mv2112_update_link: 3.0x901(1G): 0x80
01-01 10:28:42.810 0 0 D mv2112_update_link: 3.0x8109(100M): 0x0
01-01 10:28:42.815 0 0 D mv2112_update_link: link 0x0
01-01 10:28:42.820 0 0 D mv2112_read_status: autoneg is disabled
01-01 10:28:43.825 0 0 D : mv2112_read_status
01-01 10:28:43.829 0 0 D mv2112_update_link: 3.0x901(1G): 0x80
01-01 10:28:43.834 0 0 D mv2112_update_link: 3.0x8109(100M): 0x0
01-01 10:28:43.839 0 0 D mv2112_update_link: link 0x0
01-01 10:28:43.844 0 0 D mv2112_read_status: autoneg is disabled
01-01 10:28:44.849 0 0 D : mv2112_read_status
01-01 10:28:44.853 0 0 D mv2112_update_link: 3.0x901(1G): 0x80
01-01 10:28:44.858 0 0 D mv2112_update_link: 3.0x8109(100M): 0x0
01-01 10:28:44.864 0 0 D mv2112_update_link: link 0x0
01-01 10:28:44.868 0 0 D mv2112_read_status: autoneg is disabled
01-01 10:28:45.873 0 0 D : mv2112_read_status
01-01 10:28:45.877 0 0 D mv2112_update_link: 3.0x901(1G): 0x80
01-01 10:28:45.882 0 0 D mv2112_update_link: 3.0x8109(100M): 0x0
01-01 10:28:45.887 0 0 D mv2112_update_link: link 0x0
01-01 10:28:45.892 0 0 D mv2112_read_status: autoneg is disabled
01-01 10:28:46.897 0 0 D : mv2112_read_status
01-01 10:28:46.901 0 0 D mv2112_update_link: 3.0x901(1G): 0x80
01-01 10:28:46.907 0 0 D mv2112_update_link: 3.0x8109(100M): 0x0
01-01 10:28:46.912 0 0 D mv2112_update_link: link 0x0
01-01 10:28:46.917 0 0 D mv2112_read_status: autoneg is disabled
01-01 10:28:47.338 0 0 I init : starting service 'qvrd_vndr'...
01-01 10:28:47.345 0 0 I init : Created socket '/dev/socket/qvrservice_vndr', mode 660, user 1000, group 1000
01-01 10:28:47.356 0 0 I init : Created socket '/dev/socket/qvrservice_vndr_camera', mode 660, user 1000, group 1000
01-01 10:28:47.382 0 0 I init : starting service 'sxrd'...
01-01 10:28:47.398 0 0 I init : starting service 'vendor.light-hal-2-0'...
08-26 19:49:48.768 9016 9016 F linker : CANNOT LINK EXECUTABLE "/vendor/bin/hw/sxrservice": library "vendor.qti.hardware.qxr-V1-ndk_platform.so" not found: needed by main executable
08-26 19:49:48.769 9015 9015 F linker : CANNOT LINK EXECUTABLE "/vendor/bin/hw/qvrservice": library "vendor.qti.hardware.qxr-V1-ndk_platform.so" not found: needed by /vendor/lib64/libqvrservice.so in namespace (default)
01-01 10:28:47.423 0 0 I init : Service 'sxrd' (pid 9016) exited with status 1
01-01 10:28:47.430 0 0 I init : Sending signal 9 to service 'sxrd' (pid 9016) process group...
01-01 10:28:47.437 0 0 I libprocessgroup: Successfully killed process cgroup uid 1000 pid 9016 in 0ms
01-01 10:28:47.449 0 0 I init : Service 'qvrd_vndr' (pid 9015) exited with status 1
01-01 10:28:47.455 0 0 I init : Sending signal 9 to service 'qvrd_vndr' (pid 9015) process group...
01-01 10:28:47.921 0 0 D : mv2112_read_status
01-01 10:28:47.925 0 0 D mv2112_update_link: 3.0x901(1G): 0x80
01-01 10:28:47.931 0 0 D mv2112_update_link: 3.0x8109(100M): 0x0
01-01 10:28:47.936 0 0 D mv2112_update_link: link 0x0
01-01 10:28:47.941 0 0 D mv2112_read_status: autoneg is disabled
01-01 10:28:48.945 0 0 D : mv2112_read_status
01-01 10:28:48.949 0 0 D mv2112_update_link: 3.0x901(1G): 0x80
01-01 10:28:48.954 0 0 D mv2112_update_link: 3.0x8109(100M): 0x0
01-01 10:28:48.959 0 0 D mv2112_update_link: link 0x0
01-01 10:28:48.964 0 0 D mv2112_read_status: autoneg is disabled
01-01 10:28:49.969 0 0 D : mv2112_read_status
01-01 10:28:49.973 0 0 D mv2112_update_link: 3.0x901(1G): 0x80
01-01 10:28:49.979 0 0 D mv2112_update_link: 3.0x8109(100M): 0x0
01-01 10:28:49.985 0 0 D mv2112_update_link: link 0x0
01-01 10:28:49.990 0 0 D mv2112_read_status: autoneg is disabled
01-01 10:28:50.993 0 0 D : mv2112_read_status
01-01 10:28:50.996 0 0 D mv2112_update_link: 3.0x901(1G): 0x80
01-01 10:28:51.002 0 0 D mv2112_update_link: 3.0x8109(100M): 0x0
01-01 10:28:51.008 0 0 D mv2112_update_link: link 0x0
01-01 10:28:51.012 0 0 D mv2112_read_status: autoneg is disabled
01-01 10:28:52.017 0 0 D : mv2112_read_status
01-01 10:28:52.021 0 0 D mv2112_update_link: 3.0x901(1G): 0x80
01-01 10:28:52.026 0 0 D mv2112_update_link: 3.0x8109(100M): 0x0
01-01 10:28:52.031 0 0 D mv2112_update_link: link 0x0
01-01 10:28:52.035 0 0 D mv2112_read_status: autoneg is disabled
01-01 10:28:52.381 0 0 I init : starting service 'qvrd_vndr'...
01-01 10:28:52.387 0 0 I init : Created socket '/dev/socket/qvrservice_vndr', mode 660, user 1000, group 1000
01-01 10:28:52.397 0 0 I init : Created socket '/dev/socket/qvrservice_vndr_camera', mode 660, user 1000, group 1000
01-01 10:28:52.422 0 0 I init : starting service 'sxrd'...
01-01 10:28:52.438 0 0 I init : starting service 'vendor.light-hal-2-0'...
08-26 19:49:53.809 9019 9019 F linker : CANNOT LINK EXECUTABLE "/vendor/bin/hw/sxrservice": library "vendor.qti.hardware.qxr-V1-ndk_platform.so" not found: needed by main executable
08-26 19:49:53.810 9018 9018 F linker : CANNOT LINK EXECUTABLE "/vendor/bin/hw/qvrservice": library "vendor.qti.hardware.qxr-V1-ndk_platform.so" not found: needed by /vendor/lib64/libqvrservice.so in namespace (default)
01-01 10:28:52.465 0 0 I init : Service 'sxrd' (pid 9019) exited with status 1
01-01 10:28:52.471 0 0 I init : Sending signal 9 to service 'sxrd' (pid 9019) process group...
01-01 10:28:52.479 0 0 I libprocessgroup: Successfully killed process cgroup uid 1000 pid 9019 in 0ms
01-01 10:28:52.490 0 0 I init : Service 'qvrd_vndr' (pid 9018) exited with status 1
01-01 10:28:52.497 0 0 I init : Sending signal 9 to service 'qvrd_vndr' (pid 9018) process group...
01-01 10:28:53.041 0 0 D : mv2112_read_status
01-01 10:28:53.044 0 0 D mv2112_update_link: 3.0x901(1G): 0x80
01-01 10:28:53.050 0 0 D mv2112_update_link: 3.0x8109(100M): 0x0
01-01 10:28:53.055 0 0 D mv2112_update_link: link 0x0
01-01 10:28:53.059 0 0 D mv2112_read_status: autoneg is disabled
01-01 10:28:54.065 0 0 D : mv2112_read_status
01-01 10:28:54.068 0 0 D mv2112_update_link: 3.0x901(1G): 0x80
01-01 10:28:54.074 0 0 D mv2112_update_link: 3.0x8109(100M): 0x0
01-01 10:28:54.079 0 0 D mv2112_update_link: link 0x0
01-01 10:28:54.083 0 0 D mv2112_read_status: autoneg is disabled
01-01 10:28:55.089 0 0 D : mv2112_read_status
01-01 10:28:55.093 0 0 D mv2112_update_link: 3.0x901(1G): 0x80
01-01 10:28:55.098 0 0 D mv2112_update_link: 3.0x8109(100M): 0x0
01-01 10:28:55.104 0 0 D mv2112_update_link: link 0x0
01-01 10:28:55.108 0 0 D mv2112_read_status: autoneg is disabled
01-01 10:28:56.113 0 0 D : mv2112_read_status
01-01 10:28:56.118 0 0 D mv2112_update_link: 3.0x901(1G): 0x80
01-01 10:28:56.124 0 0 D mv2112_update_link: 3.0x8109(100M): 0x0
01-01 10:28:56.129 0 0 D mv2112_update_link: link 0x0
01-01 10:28:56.135 0 0 D mv2112_read_status: autoneg is disabled
01-01 10:28:57.148 0 0 D : mv2112_read_status
01-01 10:28:57.153 0 0 D mv2112_update_link: 3.0x901(1G): 0x80
01-01 10:28:57.158 0 0 D mv2112_update_link: 3.0x8109(100M): 0x0
01-01 10:28:57.164 0 0 D mv2112_update_link: link 0x0
01-01 10:28:57.168 0 0 D mv2112_read_status: autoneg is disabled
01-01 10:28:57.421 0 0 I init : starting service 'qvrd_vndr'...
01-01 10:28:57.428 0 0 I init : Created socket '/dev/socket/qvrservice_vndr', mode 660, user 1000, group 1000
01-01 10:28:57.438 0 0 I init : Created socket '/dev/socket/qvrservice_vndr_camera', mode 660, user 1000, group 1000
01-01 10:28:57.467 0 0 I init : starting service 'sxrd'...
01-01 10:28:57.492 0 0 I init : starting service 'vendor.light-hal-2-0'...
08-26 19:49:58.854 9021 9021 F linker : CANNOT LINK EXECUTABLE "/vendor/bin/hw/qvrservice": library "vendor.qti.hardware.qxr-V1-ndk_platform.so" not found: needed by /vendor/lib64/libqvrservice.so in namespace (default)
08-26 19:49:58.866 9022 9022 F linker : CANNOT LINK EXECUTABLE "/vendor/bin/hw/sxrservice": library "vendor.qti.hardware.qxr-V1-ndk_platform.so" not found: needed by main executable
01-01 10:28:57.510 0 0 I init : Service 'qvrd_vndr' (pid 9021) exited with status 1
01-01 10:28:57.517 0 0 I init : Sending signal 9 to service 'qvrd_vndr' (pid 9021) process group...
01-01 10:28:57.525 0 0 I libprocessgroup: Successfully killed process cgroup uid 1000 pid 9021 in 0ms
01-01 10:28:57.538 0 0 I init : Service 'sxrd' (pid 9022) exited with status 1
01-01 10:28:57.544 0 0 I init : Sending signal 9 to service 'sxrd' (pid 9022) process group...
01-01 10:28:58.193 0 0 D : mv2112_read_status
01-01 10:28:58.196 0 0 D mv2112_update_link: 3.0x901(1G): 0x80
01-01 10:28:58.203 0 0 D mv2112_update_link: 3.0x8109(100M): 0x0
01-01 10:28:58.208 0 0 D mv2112_update_link: link 0x0
01-01 10:28:58.213 0 0 D mv2112_read_status: autoneg is disabled
01-01 10:28:59.217 0 0 D : mv2112_read_status
01-01 10:28:59.221 0 0 D mv2112_update_link: 3.0x901(1G): 0x80
01-01 10:28:59.227 0 0 D mv2112_update_link: 3.0x8109(100M): 0x0
01-01 10:28:59.238 0 0 D mv2112_update_link: link 0x0
01-01 10:28:59.242 0 0 D mv2112_read_status: autoneg is disabled
01-01 10:29:00.275 0 0 D : mv2112_read_status
01-01 10:29:00.279 0 0 D mv2112_update_link: 3.0x901(1G): 0x80
01-01 10:29:00.284 0 0 D mv2112_update_link: 3.0x8109(100M): 0x0
01-01 10:29:00.289 0 0 D mv2112_update_link: link 0x0
01-01 10:29:00.294 0 0 D mv2112_read_status: autoneg is disabled
01-01 10:29:01.297 0 0 D : mv2112_read_status
01-01 10:29:01.300 0 0 D mv2112_update_link: 3.0x901(1G): 0x80
01-01 10:29:01.306 0 0 D mv2112_update_link: 3.0x8109(100M): 0x0
01-01 10:29:01.312 0 0 D mv2112_update_link: link 0x0
01-01 10:29:01.316 0 0 D mv2112_read_status: autoneg is disabled
01-01 10:29:02.321 0 0 D : mv2112_read_status
01-01 10:29:02.325 0 0 D mv2112_update_link: 3.0x901(1G): 0x80
01-01 10:29:02.330 0 0 D mv2112_update_link: 3.0x8109(100M): 0x0
01-01 10:29:02.336 0 0 D mv2112_update_link: link 0x0
01-01 10:29:02.340 0 0 D mv2112_read_status: autoneg is disabled
01-01 10:29:02.467 0 0 I init : starting service 'qvrd_vndr'...
01-01 10:29:02.474 0 0 I init : Created socket '/dev/socket/qvrservice_vndr', mode 660, user 1000, group 1000
01-01 10:29:02.484 0 0 I init : Created socket '/dev/socket/qvrservice_vndr_camera', mode 660, user 1000, group 1000
01-01 10:29:02.511 0 0 I init : starting service 'sxrd'...
01-01 10:29:02.529 0 0 I init : starting service 'vendor.light-hal-2-0'...
08-26 19:50:03.908 9025 9025 F linker : CANNOT LINK EXECUTABLE "/vendor/bin/hw/sxrservice": library "vendor.qti.hardware.qxr-V1-ndk_platform.so" not found: needed by main executable
08-26 19:50:03.908 9024 9024 F linker : CANNOT LINK EXECUTABLE "/vendor/bin/hw/qvrservice": library "vendor.qti.hardware.qxr-V1-ndk_platform.so" not found: needed by /vendor/lib64/libqvrservice.so in namespace (default)
01-01 10:29:02.564 0 0 I init : Service 'qvrd_vndr' (pid 9024) exited with status 1
01-01 10:29:02.570 0 0 I init : Sending signal 9 to service 'qvrd_vndr' (pid 9024) process group...
01-01 10:29:02.578 0 0 I libprocessgroup: Successfully killed process cgroup uid 1000 pid 9024 in 0ms
01-01 10:29:02.589 0 0 I init : Service 'sxrd' (pid 9025) exited with status 1
01-01 10:29:02.595 0 0 I init : Sending signal 9 to service 'sxrd' (pid 9025) process group...
01-01 10:29:03.345 0 0 D : mv2112_read_status
01-01 10:29:03.349 0 0 D mv2112_update_link: 3.0x901(1G): 0x80
01-01 10:29:03.354 0 0 D mv2112_update_link: 3.0x8109(100M): 0x0
01-01 10:29:03.360 0 0 D mv2112_update_link: link 0x0
01-01 10:29:03.364 0 0 D mv2112_read_status: autoneg is disabled
01-01 10:29:04.369 0 0 D : mv2112_read_status
