08-26 18:03:25.567 1146 1146 I SystemServerTiming: ssm.onStartUser-0_com.android.server.emergency.EmergencyAffordanceService
08-26 18:03:25.567 1146 1146 D SystemServerTiming: ssm.onStartUser-0_com.android.server.emergency.EmergencyAffordanceService took to complete: 0ms
08-26 18:03:25.567 1146 1146 I SystemServerTiming: ssm.onStartUser-0_com.android.server.blob.BlobStoreManagerService
08-26 18:03:25.567 1146 1146 D SystemServerTiming: ssm.onStartUser-0_com.android.server.blob.BlobStoreManagerService took to complete: 0ms
08-26 18:03:25.567 1146 1146 I SystemServerTiming: ssm.onStartUser-0_com.android.server.dreams.DreamManagerService
08-26 18:03:25.567 1146 1146 D SystemServerTiming: ssm.onStartUser-0_com.android.server.dreams.DreamManagerService took to complete: 0ms
08-26 18:03:25.567 1146 1146 I SystemServerTiming: ssm.onStartUser-0_com.android.server.companion.CompanionDeviceManagerService
08-26 18:03:25.567 1146 1146 D SystemServerTiming: ssm.onStartUser-0_com.android.server.companion.CompanionDeviceManagerService took to complete: 0ms
08-26 18:03:25.568 1146 1146 I SystemServerTiming: ssm.onStartUser-0_com.android.server.restrictions.RestrictionsManagerService
08-26 18:03:25.568 1146 1146 D SystemServerTiming: ssm.onStartUser-0_com.android.server.restrictions.RestrictionsManagerService took to complete: 0ms
08-26 18:03:25.568 1146 1146 I SystemServerTiming: ssm.onStartUser-0_com.android.server.media.MediaSessionService
08-26 18:03:25.568 1146 1146 D SystemServerTiming: ssm.onStartUser-0_com.android.server.media.MediaSessionService took to complete: 0ms
08-26 18:03:25.568 1146 1146 I SystemServerTiming: ssm.onStartUser-0_com.android.server.media.MediaResourceMonitorService
08-26 18:03:25.568 1146 1146 D SystemServerTiming: ssm.onStartUser-0_com.android.server.media.MediaResourceMonitorService took to complete: 0ms
08-26 18:03:25.568 1146 1146 I SystemServerTiming: ssm.onStartUser-0_com.android.server.biometrics.sensors.fingerprint.FingerprintService
08-26 18:03:25.568 1146 1146 D SystemServerTiming: ssm.onStartUser-0_com.android.server.biometrics.sensors.fingerprint.FingerprintService took to complete: 0ms
08-26 18:03:25.568 1146 1146 I SystemServerTiming: ssm.onStartUser-0_com.android.server.biometrics.BiometricService
08-26 18:03:25.568 1146 1146 D SystemServerTiming: ssm.onStartUser-0_com.android.server.biometrics.BiometricService took to complete: 0ms
08-26 18:03:25.568 1146 1146 I SystemServerTiming: ssm.onStartUser-0_com.android.server.biometrics.AuthService
08-26 18:03:25.568 1146 1146 D SystemServerTiming: ssm.onStartUser-0_com.android.server.biometrics.AuthService took to complete: 0ms
08-26 18:03:25.568 1146 1146 I SystemServerTiming: ssm.onStartUser-0_com.android.server.pm.ShortcutService$Lifecycle
08-26 18:03:25.568 1146 1146 D SystemServerTiming: ssm.onStartUser-0_com.android.server.pm.ShortcutService$Lifecycle took to complete: 0ms
08-26 18:03:25.568 1146 1146 I SystemServerTiming: ssm.onStartUser-0_com.android.server.pm.LauncherAppsService
08-26 18:03:25.568 1146 1146 D SystemServerTiming: ssm.onStartUser-0_com.android.server.pm.LauncherAppsService took to complete: 0ms
08-26 18:03:25.568 1146 1146 I SystemServerTiming: ssm.onStartUser-0_com.android.server.pm.CrossProfileAppsService
08-26 18:03:25.568 1146 1146 D SystemServerTiming: ssm.onStartUser-0_com.android.server.pm.CrossProfileAppsService took to complete: 0ms
08-26 18:03:25.568 1146 1146 I SystemServerTiming: ssm.onStartUser-0_com.android.server.people.PeopleService
08-26 18:03:25.568 1146 1146 D SystemServerTiming: ssm.onStartUser-0_com.android.server.people.PeopleService took to complete: 0ms
08-26 18:03:25.568 1146 1146 I SystemServerTiming: ssm.onStartUser-0_com.android.server.media.metrics.MediaMetricsManagerService
08-26 18:03:25.568 1146 1146 D SystemServerTiming: ssm.onStartUser-0_com.android.server.media.metrics.MediaMetricsManagerService took to complete: 0ms
08-26 18:03:25.569 1146 1146 I SystemServerTiming: ssm.onStartUser-0_com.android.server.media.projection.MediaProjectionManagerService
08-26 18:03:25.569 1146 1146 D SystemServerTiming: ssm.onStartUser-0_com.android.server.media.projection.MediaProjectionManagerService took to complete: 0ms
08-26 18:03:25.569 1146 1146 I SystemServerTiming: ssm.onStartUser-0_com.android.server.slice.SliceManagerService$Lifecycle
08-26 18:03:25.569 1146 1146 D SystemServerTiming: ssm.onStartUser-0_com.android.server.slice.SliceManagerService$Lifecycle took to complete: 0ms
08-26 18:03:25.569 1146 1146 I SystemServerTiming: ssm.onStartUser-0_com.android.server.stats.StatsCompanion$Lifecycle
08-26 18:03:25.569 1146 1146 D SystemServerTiming: ssm.onStartUser-0_com.android.server.stats.StatsCompanion$Lifecycle took to complete: 0ms
08-26 18:03:25.569 1146 1146 I SystemServerTiming: ssm.onStartUser-0_com.android.server.scheduling.RebootReadinessManagerService$Lifecycle
08-26 18:03:25.569 1146 1146 D SystemServerTiming: ssm.onStartUser-0_com.android.server.scheduling.RebootReadinessManagerService$Lifecycle took to complete: 0ms
08-26 18:03:25.569 1146 1146 I SystemServerTiming: ssm.onStartUser-0_com.android.server.stats.pull.StatsPullAtomService
08-26 18:03:25.569 1146 1146 D SystemServerTiming: ssm.onStartUser-0_com.android.server.stats.pull.StatsPullAtomService took to complete: 0ms
08-26 18:03:25.569 1146 1146 I SystemServerTiming: ssm.onStartUser-0_com.android.server.incident.IncidentCompanionService
08-26 18:03:25.569 1146 1146 D SystemServerTiming: ssm.onStartUser-0_com.android.server.incident.IncidentCompanionService took to complete: 0ms
08-26 18:03:25.569 1146 1146 I SystemServerTiming: ssm.onStartUser-0_com.android.server.MmsServiceBroker
08-26 18:03:25.569 1146 1146 D SystemServerTiming: ssm.onStartUser-0_com.android.server.MmsServiceBroker took to complete: 0ms
08-26 18:03:25.569 1146 1146 I SystemServerTiming: ssm.onStartUser-0_com.android.server.autofill.AutofillManagerService
08-26 18:03:25.569 1146 1146 D SystemServerTiming: ssm.onStartUser-0_com.android.server.autofill.AutofillManagerService took to complete: 0ms
08-26 18:03:25.569 1146 1146 I SystemServerTiming: ssm.onStartUser-0_com.android.server.clipboard.ClipboardService
08-26 18:03:25.569 1146 1146 D SystemServerTiming: ssm.onStartUser-0_com.android.server.clipboard.ClipboardService took to complete: 0ms
08-26 18:03:25.569 1146 1146 I SystemServerTiming: ssm.onStartUser-0_com.android.server.appbinding.AppBindingService$Lifecycle
08-26 18:03:25.570 1146 1146 W AppBindingService: [Default SMS app] u0 Target package not found
08-26 18:03:25.570 1146 1146 D SystemServerTiming: ssm.onStartUser-0_com.android.server.appbinding.AppBindingService$Lifecycle took to complete: 0ms
08-26 18:03:25.570 1146 1146 I SystemServerTiming: ssm.onStartUser-0_com.android.server.tracing.TracingServiceProxy
08-26 18:03:25.570 1146 1146 D SystemServerTiming: ssm.onStartUser-0_com.android.server.tracing.TracingServiceProxy took to complete: 0ms
08-26 18:03:25.570 1146 1146 I SystemServerTiming: ssm.onStartUser-0_com.android.server.policy.PermissionPolicyService
08-26 18:03:25.570 1146 1146 D SystemServerTiming: ssm.onStartUser-0_com.android.server.policy.PermissionPolicyService took to complete: 0ms
08-26 18:03:25.570 1146 1146 I SystemServerTiming: ssm.onStartUser-0_com.android.server.pm.StagingManager$Lifecycle
08-26 18:03:25.570 1146 1146 D SystemServerTiming: ssm.onStartUser-0_com.android.server.pm.StagingManager$Lifecycle took to complete: 0ms
08-26 18:03:25.570 1146 1146 I SystemServerTiming: ssm.onStartUser-0_com.android.server.app.GameManagerService$Lifecycle
08-26 18:03:25.571 1146 1146 V GameManagerService: Settings file doesn't exists, skip reading
08-26 18:03:25.571 1146 1146 D SystemServerTiming: ssm.onStartUser-0_com.android.server.app.GameManagerService$Lifecycle took to complete: 1ms
08-26 18:03:25.571 1146 1146 I SystemServerTiming: ssm.onStartUser-0_com.android.server.appsearch.AppSearchManagerService
08-26 18:03:25.571 1146 1146 D SystemServerTiming: ssm.onStartUser-0_com.android.server.appsearch.AppSearchManagerService took to complete: 0ms
08-26 18:03:25.571 1146 1146 I SystemServerTiming: ssm.onStartUser-0_com.android.server.media.MediaCommunicationService
08-26 18:03:25.571 1146 1146 D SystemServerTiming: ssm.onStartUser-0_com.android.server.media.MediaCommunicationService took to complete: 0ms
08-26 18:03:25.571 1146 1146 D SystemServerTiming: ssm.StartUser-0 took to complete: 410ms
08-26 18:03:25.571 1146 1146 I SystemServerTiming: startPersistentApps
08-26 18:03:25.572 1146 1146 D CompatibilityChangeReporter: Compat change id reported: 135634846; UID 1001; state: DISABLED
08-26 18:03:25.574 1146 1146 D CompatibilityChangeReporter: Compat change id reported: 177438394; UID 1001; state: DISABLED
08-26 18:03:25.574 1146 1146 D CompatibilityChangeReporter: Compat change id reported: 135772972; UID 1001; state: DISABLED
08-26 18:03:25.574 1146 1146 D CompatibilityChangeReporter: Compat change id reported: 135754954; UID 1001; state: ENABLED
08-26 18:03:25.575 1146 1146 D CompatibilityChangeReporter: Compat change id reported: 135634846; UID 10059; state: DISABLED
08-26 18:03:25.575 1146 1146 D CompatibilityChangeReporter: Compat change id reported: 177438394; UID 10059; state: DISABLED
08-26 18:03:25.576 1146 1146 D CompatibilityChangeReporter: Compat change id reported: 135772972; UID 10059; state: DISABLED
08-26 18:03:25.576 1146 1146 D CompatibilityChangeReporter: Compat change id reported: 135754954; UID 10059; state: DISABLED
08-26 18:03:25.576 1146 1750 W ActivityManager: com.qti.dpmserviceapp inode == 0 (b/152760674)
08-26 18:03:25.577 1146 1146 D CompatibilityChangeReporter: Compat change id reported: 135634846; UID 1000; state: DISABLED
08-26 18:03:25.577 1146 1146 D CompatibilityChangeReporter: Compat change id reported: 177438394; UID 1000; state: DISABLED
08-26 18:03:25.577 1146 1146 D CompatibilityChangeReporter: Compat change id reported: 135772972; UID 1000; state: DISABLED
08-26 18:03:25.577 1146 1146 D CompatibilityChangeReporter: Compat change id reported: 135754954; UID 1000; state: ENABLED
08-26 18:03:25.578 1146 1146 D CompatibilityChangeReporter: Compat change id reported: 135634846; UID 10089; state: DISABLED
08-26 18:03:25.578 1146 1146 D CompatibilityChangeReporter: Compat change id reported: 177438394; UID 10089; state: DISABLED
08-26 18:03:25.578 1146 1146 D CompatibilityChangeReporter: Compat change id reported: 135772972; UID 10089; state: DISABLED
08-26 18:03:25.579 1146 1146 D CompatibilityChangeReporter: Compat change id reported: 135754954; UID 10089; state: DISABLED
08-26 18:03:25.579 1146 1146 D CompatibilityChangeReporter: Compat change id reported: 135634846; UID 1068; state: DISABLED
08-26 18:03:25.580 1146 1146 D CompatibilityChangeReporter: Compat change id reported: 135634846; UID 10066; state: DISABLED
08-26 18:03:25.580 1146 1146 D CompatibilityChangeReporter: Compat change id reported: 177438394; UID 10066; state: DISABLED
08-26 18:03:25.581 1146 1146 D CompatibilityChangeReporter: Compat change id reported: 135772972; UID 10066; state: DISABLED
08-26 18:03:25.581 1146 1146 D CompatibilityChangeReporter: Compat change id reported: 135754954; UID 10066; state: ENABLED
08-26 18:03:25.582 1146 1146 D SystemServerTiming: startPersistentApps took to complete: 11ms
08-26 18:03:25.582 1146 1146 I SystemServerTiming: startHomeOnAllDisplays
08-26 18:03:25.583 1146 1146 I ActivityTaskManager: START u0 {act=android.intent.action.MAIN cat=[android.intent.category.HOME] flg=0x10000100 cmp=com.android.settings/.CryptKeeper (has extras)} from uid 0
08-26 18:03:25.595 1146 1146 D CompatibilityChangeReporter: Compat change id reported: 174042980; UID 1000; state: DISABLED
08-26 18:03:25.618 1146 1146 D CompatibilityChangeReporter: Compat change id reported: 168419799; UID 1000; state: DISABLED
08-26 18:03:25.619 1146 2461 W ContextImpl: Calling a method in the system process without a qualified user: android.app.ContextImpl.bindService:1895 android.content.ContextWrapper.bindService:810 com.qualcomm.qti.activityextension.ActivityNotifier.bindToDynamicDDSService:103 com.qualcomm.qti.activityextension.ActivityNotifier.handleSendActivityInvokeNotification:184 com.qualcomm.qti.activityextension.ActivityNotifier.access$300:26
08-26 18:03:25.625 1146 1146 D SystemServerTiming: startHomeOnAllDisplays took to complete: 43ms
08-26 18:03:25.625 1146 1146 I SystemServerTiming: showSystemReadyErrorDialogs
08-26 18:03:25.629 1146 1750 W ActivityManager: Slow operation: 57ms so far, now at startProcess: returned from zygote!
08-26 18:03:25.708 1146 1146 D SystemServerTiming: showSystemReadyErrorDialogs took to complete: 83ms
08-26 18:03:25.708 1146 1146 I SystemServerTiming: sendUserStartBroadcast
08-26 18:03:25.708 1146 1146 D SystemServerTiming: sendUserStartBroadcast took to complete: 0ms
08-26 18:03:25.708 1146 1146 I SystemServerTiming: resumeTopActivities
08-26 18:03:25.712 1146 1146 D SystemServerTiming: resumeTopActivities took to complete: 3ms
08-26 18:03:25.712 1146 1146 I SystemServerTiming: sendUserSwitchBroadcasts
08-26 18:03:25.712 1146 1146 D SystemServerTiming: sendUserSwitchBroadcasts took to complete: 0ms
08-26 18:03:25.712 1146 1146 I SystemServerTiming: setBinderProxies
08-26 18:03:25.713 1146 1146 D SystemServerTiming: setBinderProxies took to complete: 0ms
08-26 18:03:25.713 1146 1146 D SystemServerTiming: ActivityManagerStartApps took to complete: 555ms
08-26 18:03:25.713 1146 1146 D SystemServerTiming: PhaseActivityManagerReady took to complete: 1688ms
08-26 18:03:25.713 1146 1146 I SystemServerTiming: StartSystemUI
08-26 18:03:25.720 1146 2461 W ContextImpl: Calling a method in the system process without a qualified user: android.app.ContextImpl.bindService:1895 android.content.ContextWrapper.bindService:810 com.qualcomm.qti.activityextension.ActivityNotifier.bindToDynamicDDSService:103 com.qualcomm.qti.activityextension.ActivityNotifier.handleSendActivityInvokeNotification:184 com.qualcomm.qti.activityextension.ActivityNotifier.access$300:26
08-26 18:03:25.722 1146 1750 W ActivityManager: Slow operation: 150ms so far, now at startProcess: done updating battery stats
08-26 18:03:25.722 1146 1750 W ActivityManager: Slow operation: 150ms so far, now at startProcess: building log message
08-26 18:03:25.722 1146 1750 I ActivityManager: Start proc 2467:.dataservices/1001 for added application .dataservices
08-26 18:03:25.723 1146 1750 W ActivityManager: Slow operation: 150ms so far, now at startProcess: starting to update pids map
08-26 18:03:25.724 1146 1750 W ActivityManager: Slow operation: 152ms so far, now at startProcess: done updating pids map
08-26 18:03:25.724 1146 1750 W ActivityManager: Slow operation: 149ms so far, now at startProcess: asking zygote to start proc
08-26 18:03:25.725 1146 1750 D CompatibilityChangeReporter: Compat change id reported: 143937733; UID 10059; state: DISABLED
08-26 18:03:25.726 1146 1750 W ActivityManager: vendor.qti.hardware.cacert.server inode == 0 (b/152760674)
08-26 18:03:25.726 1146 1841 I ActivityManager: Process WebViewLoader-arm64-v8a (pid 2369) has died: psvc PER
08-26 18:03:25.745 1146 2313 I ActivityManager: Process WebViewLoader-armeabi-v7a (pid 2359) has died: psvc PER
08-26 18:03:25.745 1146 1726 W Looper : Drained
08-26 18:03:25.761 1146 2461 W ContextImpl: Calling a method in the system process without a qualified user: android.app.ContextImpl.bindService:1895 android.content.ContextWrapper.bindService:810 com.qualcomm.qti.activityextension.ActivityNotifier.bindToDynamicDDSService:103 com.qualcomm.qti.activityextension.ActivityNotifier.handleSendActivityInvokeNotification:184 com.qualcomm.qti.activityextension.ActivityNotifier.access$300:26
08-26 18:03:25.773 1146 1146 D SystemServerTiming: StartSystemUI took to complete: 61ms
08-26 18:03:25.774 1146 1146 I SystemServerTiming: startRemoteControlService
08-26 18:03:25.785 1146 2309 D CompatibilityChangeReporter: Compat change id reported: 168419799; UID 1001; state: DISABLED
08-26 18:03:25.805 1146 2309 D CompatibilityChangeReporter: Compat change id reported: 168419799; UID 1001; state: DISABLED
08-26 18:03:25.807 1146 1758 E KernelCpuSpeedReader: Failed to read cpu-freq: /sys/devices/system/cpu/cpu4/cpufreq/stats/time_in_state: open failed: ENOENT (No such file or directory)
08-26 18:03:25.808 1146 1758 E KernelCpuSpeedReader: Failed to read cpu-freq: /sys/devices/system/cpu/cpu0/cpufreq/stats/time_in_state: open failed: ENOENT (No such file or directory)
08-26 18:03:25.813 1146 1146 D SystemServerTiming: startRemoteControlService took to complete: 39ms
08-26 18:03:25.813 1146 1146 D SystemServerTiming: startOtherServices took to complete: 11188ms
08-26 18:03:25.813 1146 1146 D SystemServerTiming: StartServices took to complete: 14181ms
08-26 18:03:25.813 1146 1758 E KernelCpuSpeedReader: Failed to read cpu-freq: /sys/devices/system/cpu/cpu4/cpufreq/stats/time_in_state: open failed: ENOENT (No such file or directory)
08-26 18:03:25.814 1146 1758 E KernelCpuSpeedReader: Failed to read cpu-freq: /sys/devices/system/cpu/cpu0/cpufreq/stats/time_in_state: open failed: ENOENT (No such file or directory)
08-26 18:03:25.815 2220 2220 D SystemUIBootTiming: StartServicescom.android.systemui.util.NotificationChannels took to complete: 45ms
08-26 18:03:25.817 1146 1758 W BatteryStatsImpl: Attempted to remove untracked isolated uid (1037)
08-26 18:03:25.820 1146 1146 W Looper : Slow delivery took 13419ms main h=android.app.PropertyInvalidatedCache$AutoCorker$1 c=null m=0
08-26 18:03:25.822 1146 2313 D CompatibilityChangeReporter: Compat change id reported: 182478738; UID 1073; state: DISABLED
08-26 18:03:25.872 1146 1726 W QuotaTracker: Alarm not scheduled because boot isn't completed
08-26 18:03:25.891 1146 1146 D ConditionProviders.SCP: onConnected
08-26 18:03:25.899 1146 1146 D ConditionProviders: Subscribing to condition://android/event?userId=-10000&calendar=&reply=1 with ComponentInfo{android/com.android.server.notification.EventConditionProvider}
08-26 18:03:25.899 1146 1146 D ConditionProviders: Subscribing to condition://android/schedule?days=1.2.3.4.5.6.7&start=22.0&end=7.0&exitAtAlarm=true with ComponentInfo{android/com.android.server.notification.ScheduleConditionProvider}
08-26 18:03:25.929 1146 1748 D CountryDetector: Using custom country detector class: com.android.server.location.ComprehensiveCountryDetector
08-26 18:03:25.929 1146 1748 E CountryDetector: Could not instantiate the custom country detector class
08-26 18:03:25.929 1146 1748 D CountryDetector: Using default country detector
08-26 18:03:25.929 1146 1750 W ActivityManager: Slow operation: 354ms so far, now at startProcess: returned from zygote!
08-26 18:03:25.930 1146 1750 W ActivityManager: Slow operation: 355ms so far, now at startProcess: done updating battery stats
08-26 18:03:25.930 1146 1750 W ActivityManager: Slow operation: 355ms so far, now at startProcess: building log message
08-26 18:03:25.930 1146 1750 I ActivityManager: Start proc 2530:.qtidataservices/u0a59 for added application .qtidataservices
08-26 18:03:25.930 1146 1750 W ActivityManager: Slow operation: 355ms so far, now at startProcess: starting to update pids map
08-26 18:03:25.930 1146 1750 W ActivityManager: Slow operation: 355ms so far, now at startProcess: done updating pids map
08-26 18:03:25.930 1146 1750 W ActivityManager: Slow operation: 355ms so far, now at startProcess: asking zygote to start proc
08-26 18:03:25.938 1146 1750 W ActivityManager: com.tc.logclient inode == 0 (b/152760674)
08-26 18:03:25.954 2220 2220 D SystemUIBootTiming: StartServicescom.android.systemui.keyguard.KeyguardViewMediator took to complete: 139ms
08-26 18:03:25.964 1146 2313 D CompatibilityChangeReporter: Compat change id reported: 135634846; UID 10081; state: DISABLED
08-26 18:03:25.965 1146 2313 D CompatibilityChangeReporter: Compat change id reported: 177438394; UID 10081; state: DISABLED
08-26 18:03:25.965 1146 2313 D CompatibilityChangeReporter: Compat change id reported: 135772972; UID 10081; state: DISABLED
08-26 18:03:25.965 1146 2313 D CompatibilityChangeReporter: Compat change id reported: 135754954; UID 10081; state: ENABLED
08-26 18:03:25.968 2220 2220 D SystemUIBootTiming: StartServicescom.android.systemui.recents.Recents took to complete: 13ms
08-26 18:03:26.010 1146 1750 W ActivityManager: Slow operation: 434ms so far, now at startProcess: returned from zygote!
08-26 18:03:26.011 1146 1750 W ActivityManager: Slow operation: 435ms so far, now at startProcess: done updating battery stats
08-26 18:03:26.011 1146 1750 W ActivityManager: Slow operation: 435ms so far, now at startProcess: building log message
08-26 18:03:26.011 1146 1750 I ActivityManager: Start proc 2538:vendor.qti.qesdk.sysservice/1000 for added application vendor.qti.qesdk.sysservice
08-26 18:03:26.011 1146 1750 W ActivityManager: Slow operation: 435ms so far, now at startProcess: starting to update pids map
08-26 18:03:26.011 1146 1750 W ActivityManager: Slow operation: 436ms so far, now at startProcess: done updating pids map
08-26 18:03:26.012 1146 1750 W ActivityManager: Slow operation: 434ms so far, now at startProcess: asking zygote to start proc
08-26 18:03:26.012 1146 1750 D CompatibilityChangeReporter: Compat change id reported: 143937733; UID 10089; state: DISABLED
08-26 18:03:26.012 1146 1750 W ActivityManager: com.qti.qualcomm.mstatssystemservice inode == 0 (b/152760674)
08-26 18:03:26.070 2220 2220 D SystemUIBootTiming: StartServicescom.android.systemui.volume.VolumeUI took to complete: 102ms
08-26 18:03:26.078 1146 1750 W ActivityManager: Slow operation: 500ms so far, now at startProcess: returned from zygote!
08-26 18:03:26.078 1146 1750 W ActivityManager: Slow operation: 501ms so far, now at startProcess: done updating battery stats
08-26 18:03:26.079 1146 1750 W ActivityManager: Slow operation: 501ms so far, now at startProcess: building log message
08-26 18:03:26.079 1146 1750 I ActivityManager: Start proc 2546:com.qti.qualcomm.mstatssystemservice/u0a89 for added application com.qti.qualcomm.mstatssystemservice
08-26 18:03:26.079 1146 1750 W ActivityManager: Slow operation: 501ms so far, now at startProcess: starting to update pids map
08-26 18:03:26.079 1146 1750 W ActivityManager: Slow operation: 501ms so far, now at startProcess: done updating pids map
08-26 18:03:26.079 1146 1750 W ActivityManager: Slow operation: 500ms so far, now at startProcess: asking zygote to start proc
08-26 18:03:26.079 1146 1750 W ActivityManager: com.android.se inode == 0 (b/152760674)
08-26 18:03:26.137 1146 2314 D CompatibilityChangeReporter: Compat change id reported: 181136395; UID 1000; state: DISABLED
08-26 18:03:26.140 1146 2314 D CompatibilityChangeReporter: Compat change id reported: 174042936; UID 1000; state: DISABLED
08-26 18:03:26.183 1146 2313 D CompatibilityChangeReporter: Compat change id reported: 168419799; UID 10089; state: DISABLED
08-26 18:03:26.199 1146 1750 W ActivityManager: Slow operation: 620ms so far, now at startProcess: returned from zygote!
08-26 18:03:26.199 1146 1750 W ActivityManager: Slow operation: 620ms so far, now at startProcess: done updating battery stats
08-26 18:03:26.199 1146 1750 W ActivityManager: Slow operation: 621ms so far, now at startProcess: building log message
08-26 18:03:26.199 1146 1750 I ActivityManager: Start proc 2598:com.android.se/1068 for added application com.android.se
08-26 18:03:26.200 1146 1750 W ActivityManager: Slow operation: 621ms so far, now at startProcess: starting to update pids map
08-26 18:03:26.200 1146 1750 W ActivityManager: Slow operation: 621ms so far, now at startProcess: done updating pids map
08-26 18:03:26.200 1146 1750 W ActivityManager: Slow operation: 621ms so far, now at startProcess: asking zygote to start proc
08-26 18:03:26.200 1146 1750 W ActivityManager: com.tc.logclient inode == 0 (b/152760674)
08-26 18:03:26.221 1146 2313 D CompatibilityChangeReporter: Compat change id reported: 168419799; UID 10059; state: DISABLED
08-26 18:03:26.256 1146 1750 W ActivityManager: Slow operation: 677ms so far, now at startProcess: returned from zygote!
08-26 18:03:26.256 1146 1750 W ActivityManager: Slow operation: 677ms so far, now at startProcess: done updating battery stats
08-26 18:03:26.256 1146 1750 W ActivityManager: Slow operation: 677ms so far, now at startProcess: building log message
08-26 18:03:26.256 1146 1750 I ActivityManager: Start proc 2605:com.thundercomm.remotecontrolservice/1000 for added application com.thundercomm.remotecontrolservice
08-26 18:03:26.257 1146 1750 W ActivityManager: Slow operation: 678ms so far, now at startProcess: starting to update pids map
08-26 18:03:26.257 1146 1750 W ActivityManager: Slow operation: 678ms so far, now at startProcess: done updating pids map
08-26 18:03:26.257 1146 1750 W ActivityManager: Slow operation: 677ms so far, now at startProcess: asking zygote to start proc
08-26 18:03:26.257 1146 1750 D CompatibilityChangeReporter: Compat change id reported: 143937733; UID 10066; state: ENABLED
08-26 18:03:26.257 1146 1750 W ActivityManager: com.qualcomm.qti.devicestatisticsservice inode == 0 (b/152760674)
08-26 18:03:26.320 1146 1750 W ActivityManager: Slow operation: 740ms so far, now at startProcess: returned from zygote!
08-26 18:03:26.321 1146 1750 W ActivityManager: Slow operation: 741ms so far, now at startProcess: done updating battery stats
08-26 18:03:26.321 1146 1750 W ActivityManager: Slow operation: 741ms so far, now at startProcess: building log message
08-26 18:03:26.321 1146 1750 I ActivityManager: Start proc 2616:com.qualcomm.qti.devicestatisticsservice/u0a66 for added application com.qualcomm.qti.devicestatisticsservice
08-26 18:03:26.321 1146 1750 W ActivityManager: Slow operation: 741ms so far, now at startProcess: starting to update pids map
08-26 18:03:26.321 1146 1750 W ActivityManager: Slow operation: 741ms so far, now at startProcess: done updating pids map
08-26 18:03:26.321 1146 1750 W ActivityManager: Slow operation: 740ms so far, now at startProcess: asking zygote to start proc
08-26 18:03:26.322 1146 1750 W ActivityManager: com.tc.logclient inode == 0 (b/152760674)
08-26 18:03:26.342 1146 2314 D CompatibilityChangeReporter: Compat change id reported: 168419799; UID 1068; state: DISABLED
08-26 18:03:26.415 1146 1750 W ActivityManager: Slow operation: 833ms so far, now at startProcess: returned from zygote!
08-26 18:03:26.416 1146 1750 W ActivityManager: Slow operation: 834ms so far, now at startProcess: done updating battery stats
08-26 18:03:26.416 1146 1750 W ActivityManager: Slow operation: 834ms so far, now at startProcess: building log message
08-26 18:03:26.416 1146 1750 I ActivityManager: Start proc 2645:com.qualcomm.qti.qdma/1000 for added application com.qualcomm.qti.qdma
08-26 18:03:26.416 1146 1750 W ActivityManager: Slow operation: 834ms so far, now at startProcess: starting to update pids map
08-26 18:03:26.417 1146 1750 W ActivityManager: Slow operation: 835ms so far, now at startProcess: done updating pids map
08-26 18:03:26.417 1146 1750 W ActivityManager: Slow operation: 696ms so far, now at startProcess: asking zygote to start proc
08-26 18:03:26.417 1146 1750 W ActivityManager: com.tc.logclient inode == 0 (b/152760674)
08-26 18:03:26.447 1146 2309 D CompatibilityChangeReporter: Compat change id reported: 168419799; UID 1000; state: DISABLED
08-26 18:03:26.468 1146 2314 I StatusBarManagerService: registerStatusBar bar=com.android.internal.statusbar.IStatusBar$Stub$Proxy@12501f1
08-26 18:03:26.470 1146 1750 W ActivityManager: Slow operation: 749ms so far, now at startProcess: returned from zygote!
08-26 18:03:26.471 1146 1750 W ActivityManager: Slow operation: 750ms so far, now at startProcess: done updating battery stats
08-26 18:03:26.471 1146 1750 W ActivityManager: Slow operation: 750ms so far, now at startProcess: building log message
08-26 18:03:26.471 1146 1750 I ActivityManager: Start proc 2664:com.android.settings:CryptKeeper/1000 for top-activity {com.android.settings/com.android.settings.CryptKeeper}
08-26 18:03:26.471 1146 1750 W ActivityManager: Slow operation: 750ms so far, now at startProcess: starting to update pids map
08-26 18:03:26.471 1146 1750 W ActivityManager: Slow operation: 750ms so far, now at startProcess: done updating pids map
08-26 18:03:26.471 1146 1750 W ActivityManager: Slow operation: 507ms so far, now at startProcess: asking zygote to start proc
08-26 18:03:26.472 1146 1750 D CompatibilityChangeReporter: Compat change id reported: 143937733; UID 10081; state: ENABLED
08-26 18:03:26.472 1146 1750 W ActivityManager: com.android.launcher3 inode == 0 (b/152760674)
08-26 18:03:26.493 1146 2314 D CompatibilityChangeReporter: Compat change id reported: 168419799; UID 10066; state: DISABLED
08-26 18:03:26.570 1146 1750 W ActivityManager: Slow operation: 606ms so far, now at startProcess: returned from zygote!
08-26 18:03:26.570 1146 1750 W ActivityManager: Slow operation: 606ms so far, now at startProcess: done updating battery stats
08-26 18:03:26.571 1146 1750 W ActivityManager: Slow operation: 607ms so far, now at startProcess: building log message
08-26 18:03:26.571 1146 1750 I ActivityManager: Start proc 2695:com.android.launcher3/u0a81 for service {com.android.launcher3/com.android.quickstep.TouchInteractionService}
08-26 18:03:26.571 1146 1750 W ActivityManager: Slow operation: 607ms so far, now at startProcess: starting to update pids map
08-26 18:03:26.572 1146 1750 W ActivityManager: Slow operation: 608ms so far, now at startProcess: done updating pids map
08-26 18:03:26.597 1146 2314 D CompatibilityChangeReporter: Compat change id reported: 168419799; UID 1000; state: DISABLED
08-26 18:03:26.645 1146 1749 I DropBoxManagerService: add tag=system_server_wtf isTagEnabled=true flags=0x2
08-26 18:03:26.736 1146 2309 D CompatibilityChangeReporter: Compat change id reported: 168419799; UID 10081; state: DISABLED
08-26 18:03:26.806 1146 2309 D PackageManager: Instant App installer not found with android.intent.action.INSTALL_INSTANT_APP_PACKAGE
08-26 18:03:26.806 1146 2309 D PackageManager: Clear ephemeral installer activity
08-26 18:03:26.810 1146 2461 W ContextImpl: Calling a method in the system process without a qualified user: android.app.ContextImpl.bindService:1895 android.content.ContextWrapper.bindService:810 com.qualcomm.qti.activityextension.ActivityNotifier.bindToDynamicDDSService:103 com.qualcomm.qti.activityextension.ActivityNotifier.handleSendActivitySuspendNotification:154 com.qualcomm.qti.activityextension.ActivityNotifier.access$400:26
08-26 18:03:26.833 1146 1841 I ActivityTaskManager: START u0 {act=android.intent.action.MAIN cat=[android.intent.category.HOME] flg=0x10000100 cmp=com.android.settings/.FallbackHome (has extras)} from uid 0
08-26 18:03:26.841 1146 2461 W ContextImpl: Calling a method in the system process without a qualified user: android.app.ContextImpl.bindService:1895 android.content.ContextWrapper.bindService:810 com.qualcomm.qti.activityextension.ActivityNotifier.bindToDynamicDDSService:103 com.qualcomm.qti.activityextension.ActivityNotifier.handleSendActivityInvokeNotification:184 com.qualcomm.qti.activityextension.ActivityNotifier.access$300:26
08-26 18:03:26.842 1146 2461 W ContextImpl: Calling a method in the system process without a qualified user: android.app.ContextImpl.bindService:1895 android.content.ContextWrapper.bindService:810 com.qualcomm.qti.activityextension.ActivityNotifier.bindToDynamicDDSService:103 com.qualcomm.qti.activityextension.ActivityNotifier.handleSendActivityInvokeNotification:184 com.qualcomm.qti.activityextension.ActivityNotifier.access$300:26
08-26 18:03:26.853 1146 1731 D CompatibilityChangeReporter: Compat change id reported: 135634846; UID 1000; state: DISABLED
08-26 18:03:26.853 1146 1731 D CompatibilityChangeReporter: Compat change id reported: 177438394; UID 1000; state: DISABLED
08-26 18:03:26.853 1146 1731 D CompatibilityChangeReporter: Compat change id reported: 135772972; UID 1000; state: DISABLED
08-26 18:03:26.853 1146 1731 D CompatibilityChangeReporter: Compat change id reported: 135754954; UID 1000; state: ENABLED
08-26 18:03:26.853 1146 1750 W ActivityManager: com.tc.logclient inode == 0 (b/152760674)
08-26 18:03:26.859 1146 2461 W ContextImpl: Calling a method in the system process without a qualified user: android.app.ContextImpl.bindService:1895 android.content.ContextWrapper.bindService:810 com.qualcomm.qti.activityextension.ActivityNotifier.bindToDynamicDDSService:103 com.qualcomm.qti.activityextension.ActivityNotifier.handleSendActivityInvokeNotification:184 com.qualcomm.qti.activityextension.ActivityNotifier.access$300:26
08-26 18:03:26.996 1146 1750 W ActivityManager: Slow operation: 144ms so far, now at startProcess: returned from zygote!
08-26 18:03:26.997 1146 1750 W ActivityManager: Slow operation: 145ms so far, now at startProcess: done updating battery stats
08-26 18:03:26.998 1146 1750 W ActivityManager: Slow operation: 146ms so far, now at startProcess: building log message
08-26 18:03:26.998 1146 1750 I ActivityManager: Start proc 2779:com.android.settings/1000 for top-activity {com.android.settings/com.android.settings.FallbackHome}
08-26 18:03:26.998 1146 1750 W ActivityManager: Slow operation: 146ms so far, now at startProcess: starting to update pids map
08-26 18:03:26.999 1146 1750 W ActivityManager: Slow operation: 147ms so far, now at startProcess: done updating pids map
08-26 18:03:27.046 1146 1730 E BluetoothManagerService: MESSAGE_TIMEOUT_BIND
08-26 18:03:27.046 1146 1730 D BluetoothManagerService: Current user: 0
08-26 18:03:27.046 1146 1730 E BluetoothManagerService: Trying to Bind again
08-26 18:03:27.046 1146 1730 D BluetoothManagerService: binding Bluetooth service
08-26 18:03:27.047 1146 1730 D BluetoothManagerService: Binding BT service. Current user: 0
08-26 18:03:27.075 1146 1842 D CompatibilityChangeReporter: Compat change id reported: 135634846; UID 10094; state: DISABLED
08-26 18:03:27.075 1146 1842 D CompatibilityChangeReporter: Compat change id reported: 177438394; UID 10094; state: DISABLED
08-26 18:03:27.075 1146 1842 D CompatibilityChangeReporter: Compat change id reported: 135772972; UID 10094; state: DISABLED
08-26 18:03:27.075 1146 1842 D CompatibilityChangeReporter: Compat change id reported: 135754954; UID 10094; state: ENABLED
08-26 18:03:27.076 1146 1750 D CompatibilityChangeReporter: Compat change id reported: 143937733; UID 10094; state: ENABLED
08-26 18:03:27.081 1146 1750 W ActivityManager: com.qualcomm.qti.qccauthmgr inode == 0 (b/152760674)
08-26 18:03:27.115 1146 1146 W Looper : Slow dispatch took 174ms main h=android.app.ActivityThread$H c=null m=114
08-26 18:03:27.123 1146 1146 I PackageWatchdog: Syncing health check requests for packages: {}
08-26 18:03:27.123 1146 1146 I ExplicitHealthCheckController: Service not ready to get health check supported packages. Binding...
08-26 18:03:27.125 1146 1146 I ExplicitHealthCheckController: Explicit health check service is bound
08-26 18:03:27.142 2220 2220 D SystemUIBootTiming: StartServicescom.android.systemui.statusbar.phone.StatusBar took to complete: 1072ms
08-26 18:03:27.149 2220 2220 D SystemUIBootTiming: StartServicescom.android.systemui.usb.StorageNotification took to complete: 8ms
08-26 18:03:27.150 2220 2532 W ActivityThread: Failed to find provider info for com.android.contacts (user not unlocked)
08-26 18:03:27.165 2220 2220 D SystemUIBootTiming: StartServicescom.android.systemui.power.PowerUI took to complete: 15ms
08-26 18:03:27.167 2220 2220 D SystemUIBootTiming: StartServicescom.android.systemui.media.RingtonePlayer took to complete: 2ms
08-26 18:03:27.175 2220 2220 D SystemUIBootTiming: StartServicescom.android.systemui.keyboard.KeyboardUI took to complete: 8ms
08-26 18:03:27.179 2220 2220 D SystemUIBootTiming: StartServicescom.android.systemui.shortcut.ShortcutKeyDispatcher took to complete: 3ms
08-26 18:03:27.179 2220 2220 D SystemUIBootTiming: StartServicescom.android.systemui.VendorServices took to complete: 0ms
08-26 18:03:27.180 2220 2220 D SystemUIBootTiming: StartServicescom.android.systemui.util.leak.GarbageMonitor$Service took to complete: 2ms
08-26 18:03:27.181 2220 2220 D SystemUIBootTiming: StartServicescom.android.systemui.LatencyTester took to complete: 0ms
08-26 18:03:27.191 2220 2220 D SystemUIBootTiming: StartServicescom.android.systemui.globalactions.GlobalActionsComponent took to complete: 10ms
08-26 18:03:27.196 2220 2220 D SystemUIBootTiming: StartServicescom.android.systemui.ScreenDecorations took to complete: 5ms
08-26 18:03:27.200 2220 2220 D SystemUIBootTiming: StartServicescom.android.systemui.biometrics.AuthController took to complete: 3ms
08-26 18:03:27.201 2220 2220 D SystemUIBootTiming: StartServicescom.android.systemui.SliceBroadcastRelayHandler took to complete: 0ms
08-26 18:03:27.206 2220 2220 D SystemUIBootTiming: StartServicescom.android.systemui.statusbar.notification.InstantAppNotifier took to complete: 5ms
08-26 18:03:27.209 2220 2220 D SystemUIBootTiming: StartServicescom.android.systemui.theme.ThemeOverlayController took to complete: 3ms
08-26 18:03:27.210 2220 2220 D SystemUIBootTiming: StartServicescom.android.systemui.accessibility.WindowMagnification took to complete: 1ms
08-26 18:03:27.223 2220 2220 D SystemUIBootTiming: StartServicescom.android.systemui.accessibility.SystemActions took to complete: 13ms
08-26 18:03:27.224 2220 2220 D SystemUIBootTiming: StartServicescom.android.systemui.toast.ToastUI took to complete: 0ms
08-26 18:03:27.233 2220 2220 D SystemUIBootTiming: StartServicescom.android.systemui.wmshell.WMShell took to complete: 8ms
08-26 18:03:27.245 1146 1750 W ActivityManager: Slow operation: 172ms so far, now at startProcess: returned from zygote!
08-26 18:03:27.247 1146 1750 W ActivityManager: Slow operation: 173ms so far, now at startProcess: done updating battery stats
08-26 18:03:27.248 1146 1750 W ActivityManager: Slow operation: 174ms so far, now at startProcess: building log message
08-26 18:03:27.248 1146 1750 I ActivityManager: Start proc 2803:com.qualcomm.qti.qccauthmgr/u0a94 for content provider {com.qualcomm.qti.qccauthmgr/com.qualcomm.qti.qccauthmgr.providers.SMQContentProvider}
08-26 18:03:27.248 1146 1750 W ActivityManager: Slow operation: 174ms so far, now at startProcess: starting to update pids map
08-26 18:03:27.248 1146 1750 W ActivityManager: Slow operation: 174ms so far, now at startProcess: done updating pids map
08-26 18:03:27.262 2220 2220 D SystemUIBootTiming: StartServices took to complete: 1492ms
08-26 18:03:27.277 1146 1146 D BiometricScheduler/Fingerprint21: [Added] {[0] FingerprintUpdateActiveUserClient, proto=1, owner=android, cookie=0, requestId=-1, userId=0}, new queue size: 1
08-26 18:03:27.277 1146 1146 D BiometricScheduler/Fingerprint21: [Polled] {[0] FingerprintUpdateActiveUserClient, proto=1, owner=android, cookie=0, requestId=-1, userId=0}, State: 0
08-26 18:03:27.277 1146 1146 D BiometricScheduler/Fingerprint21: [Starting] {[0] FingerprintUpdateActiveUserClient, proto=1, owner=android, cookie=0, requestId=-1, userId=0}, State: 0
08-26 18:03:27.278 1146 1146 D BiometricScheduler/Fingerprint21: [Started] {[0] FingerprintUpdateActiveUserClient, proto=1, owner=android, cookie=0, requestId=-1, userId=0}
08-26 18:03:27.383 1146 1841 D CompatibilityChangeReporter: Compat change id reported: 168419799; UID 10094; state: DISABLED
08-26 18:03:27.388 1146 2309 W WindowManager: Failed looking up window session=Session{dd3dc3 2779:1000} callers=com.android.server.wm.WindowManagerService.windowForClientLocked:5626 com.android.server.wm.Session.insetsModified:629 android.view.IWindowSession$Stub.onTransact:1151
08-26 18:03:27.601 1146 1731 I ActivityManagerTiming: FinishBooting
08-26 18:03:27.603 1146 1841 D CompatibilityChangeReporter: Compat change id reported: 171306433; UID 1000; state: ENABLED
08-26 18:03:27.670 1146 1146 W Looper : Slow dispatch took 395ms main h=android.os.Handler c=com.android.server.biometrics.sensors.fingerprint.hidl.Fingerprint21$$ExternalSyntheticLambda2@4aa19c9 m=0
08-26 18:03:27.671 1146 1146 D BiometricScheduler/Fingerprint21: [Added] {[1] FingerprintUpdateActiveUserClient, proto=1, owner=android, cookie=0, requestId=-1, userId=0}, new queue size: 1
08-26 18:03:27.671 1146 1146 V BiometricScheduler/Fingerprint21: Not idle, current operation: {[0] FingerprintUpdateActiveUserClient, proto=1, owner=android, cookie=0, requestId=-1, userId=0}, State: 2
08-26 18:03:27.671 1146 1146 D BiometricScheduler/Fingerprint21: [Added] {[2] FingerprintInternalCleanupClient, proto=7, owner=android, cookie=0, requestId=-1, userId=0}, new queue size: 2
08-26 18:03:27.671 1146 1146 V BiometricScheduler/Fingerprint21: Not idle, current operation: {[0] FingerprintUpdateActiveUserClient, proto=1, owner=android, cookie=0, requestId=-1, userId=0}, State: 2
08-26 18:03:27.774 2220 2352 W ActivityThread: Failed to find provider info for com.android.contacts (user not unlocked)
08-26 18:03:27.778 1146 1146 I ConnectivityModuleConnector: Networking module service connected
08-26 18:03:27.796 1146 1146 I SystemServerTiming: ManagedServices.unbindOtherUserServices_current0
08-26 18:03:27.796 1146 1146 D SystemServerTiming: ManagedServices.unbindOtherUserServices_current0 took to complete: 0ms
08-26 18:03:27.796 1146 1146 I SystemServerTiming: ManagedServices.unbindOtherUserServices_current0
08-26 18:03:27.796 1146 1146 D SystemServerTiming: ManagedServices.unbindOtherUserServices_current0 took to complete: 0ms
08-26 18:03:27.796 1146 1146 I SystemServerTiming: ManagedServices.unbindOtherUserServices_current0
08-26 18:03:27.796 1146 1146 D SystemServerTiming: ManagedServices.unbindOtherUserServices_current0 took to complete: 0ms
08-26 18:03:27.796 1146 1146 V NotificationAssistants: enabling notification assistant for 0: ComponentInfo{android.ext.services/android.ext.services.notification.Assistant}
08-26 18:03:27.796 1146 1146 V NotificationAssistants: Not registering ComponentInfo{android.ext.services/android.ext.services.notification.Assistant} is already bound
08-26 18:03:27.882 2220 2352 W ActivityThread: Failed to find provider info for com.android.contacts (user not unlocked)
08-26 18:03:28.107 1146 1841 D CompatibilityChangeReporter: Compat change id reported: 171306433; UID 1073; state: ENABLED
08-26 18:03:28.122 1146 1726 D UsbDeviceManager: push notification:正在通过 USB 为此设备充电
08-26 18:03:28.231 1146 1146 W Looper : Slow dispatch took 436ms main h=android.app.ActivityThread$H c=android.app.LoadedApk$ReceiverDispatcher$Args$$ExternalSyntheticLambda0@f1bbd05 m=0
08-26 18:03:28.234 1146 1146 D BluetoothManagerService: Bluetooth Adapter name changed to QCOM-BTD by android
08-26 18:03:28.235 1146 1146 D BluetoothManagerService: Stored Bluetooth name: QCOM-BTD
08-26 18:03:28.237 1146 1146 I ConnectivityModuleConnector: Networking module service connected
08-26 18:03:28.258 1146 1146 D BluetoothManagerService: BluetoothServiceConnection: com.android.bluetooth.btservice.AdapterService
08-26 18:03:28.259 1146 1730 D BluetoothManagerService: MESSAGE_BLUETOOTH_SERVICE_CONNECTED: 1
08-26 18:03:28.264 1146 1146 D ConditionProviders.SCP: onSubscribe condition://android/schedule?days=1.2.3.4.5.6.7&start=22.0&end=7.0&exitAtAlarm=true
08-26 18:03:28.265 1146 1146 D ConditionProviders.SCP: setRegistered true
08-26 18:03:28.308 1146 2152 W ActivityThread: Failed to find provider info for com.android.calendar (user not unlocked)
08-26 18:03:28.311 1146 1146 D ConditionProviders.SCP: evaluateSubscriptionLocked cal=ScheduleCalendar[mDays={1, 2, 3, 4, 5, 6, 7}, mSchedule=ScheduleInfo{days=[1, 2, 3, 4, 5, 6, 7], startHour=22, startMinute=0, endHour=7, endMinute=0, exitAtAlarm=true, nextAlarm=Thu Jan 01 08:00:00 GMT+08:00 1970 (0)}], now=Fri Aug 26 18:03:28 GMT+08:00 2022 (1661508208265), nextUserAlarmTime=Thu Jan 01 08:00:00 GMT+08:00 1970 (0)
08-26 18:03:28.315 1146 1730 D BluetoothManagerService: MESSAGE_GET_NAME_AND_ADDRESS
08-26 18:03:28.318 1146 1730 D BluetoothManagerService: Stored Bluetooth name: QCOM-BTD
08-26 18:03:28.318 1146 1730 D BluetoothManagerService: MESSAGE_INFORM_ADAPTER_SERVICE_UP
08-26 18:03:28.318 1146 1730 D BluetoothManagerService: Broadcasting onBluetoothServiceUp() to 3 receivers.
08-26 18:03:28.323 1146 1146 D ConditionProviders.SCP: notifyCondition condition://android/schedule?days=1.2.3.4.5.6.7&start=22.0&end=7.0&exitAtAlarm=true STATE_FALSE reason=!meetsSchedule
08-26 18:03:28.327 1146 1146 D ConditionProviders.SCP: Scheduling evaluate for Fri Aug 26 22:00:00 GMT+08:00 2022 (1661522400000), in +3h56m31s735ms, now=Fri Aug 26 18:03:28 GMT+08:00 2022 (1661508208265)
08-26 18:03:28.328 1146 2152 W ActivityThread: Failed to find provider info for com.android.calendar (user not unlocked)
08-26 18:03:28.342 1146 1730 D BluetoothManagerService: MESSAGE_BLUETOOTH_STATE_CHANGE: OFF > BLE_TURNING_ON
08-26 18:03:28.342 1146 1730 D BluetoothManagerService: Sending BLE State Change: OFF > BLE_TURNING_ON
08-26 18:03:28.364 1146 2311 D CompatibilityChangeReporter: Compat change id reported: 168419799; UID 1002; state: DISABLED
08-26 18:03:28.384 1146 1146 W BluetoothManagerService: bindBluetoothProfileService:Trying to bind to profile: 1, while Bluetooth is disabled
08-26 18:03:28.407 1146 2146 W ContextImpl: Calling a method in the system process without a qualified user: android.app.ContextImpl.sendStickyBroadcast:1559 com.android.server.ConnectivityService.sendStickyBroadcast:2811 com.android.server.ConnectivityService.sendGeneralBroadcast:2786 com.android.server.ConnectivityService.sendConnectedBroadcast:2759 com.android.server.ConnectivityService.sendLegacyNetworkBroadcast:8704
08-26 18:03:28.420 1146 2912 I Telecom : BluetoothRouteManager: getBluetoothAudioConnectedDevice: no service available.
08-26 18:03:28.424 1146 1146 I Telecom : SystemStateHelper: Registering broadcast receiver: android.content.IntentFilter@3c86bf7: TS.init@AAA
08-26 18:03:28.425 1146 1146 I Telecom : SystemStateHelper: Registering broadcast receiver: android.content.IntentFilter@e0dd093: TS.init@AAA
08-26 18:03:28.428 1146 2146 W ContextImpl: Calling a method in the system process without a qualified user: android.app.ContextImpl.sendStickyBroadcast:1559 com.android.server.ConnectivityService.sendStickyBroadcast:2811 com.android.server.ConnectivityService.sendGeneralBroadcast:2786 com.android.server.ConnectivityService.sendInetConditionBroadcast:2763 com.android.server.ConnectivityService.updateInetCondition:8451
08-26 18:03:28.452 1146 2922 I Telecom : Logging.Events: Non-call EVENT: AUDIO_ROUTE, Entering state QuiescentEarpieceRoute
08-26 18:03:28.452 1146 2922 I Telecom : BluetoothRouteManager: getBluetoothAudioConnectedDevice: no service available.
08-26 18:03:28.469 1146 2925 I Telecom : CallAudioModeStateMachine: Message received: null.: TS.init->CAMSM.pM_1@AAA
08-26 18:03:28.470 1146 1146 I Telecom : MissedCallNotifierImpl: reloadFromDatabase: Boot not yet complete -- call log db may not be available. Deferring loading until boot complete for user 0: TS.init@AAA
08-26 18:03:28.478 1146 1146 I Telecom : MissedCallNotifierImpl: reloadFromDatabase: Boot not yet complete -- call log db may not be available. Deferring loading until boot complete for user 0: TS.init@AAA
08-26 18:03:28.480 1146 1146 I Telecom : Class: TelecomSystem.INSTANCE being set
08-26 18:03:28.487 1146 1146 I Telecom : PhoneAccountRegistrar: getSimCallManager: SimCallManager for subId -1 queried, returning: null: TSI.gSCM@AAE
08-26 18:03:28.487 1146 1146 W Looper : Slow dispatch took 142ms main h=android.app.ActivityThread$H c=android.app.LoadedApk$ServiceDispatcher$RunConnection@ed7371c m=0
08-26 18:03:28.492 1146 1146 D BiometricScheduler/Fingerprint21: [Finishing] {[0] FingerprintUpdateActiveUserClient, proto=1, owner=android, cookie=0, requestId=-1, userId=0}, success: true
08-26 18:03:28.492 1146 1146 D BiometricScheduler/Fingerprint21: [Polled] {[1] FingerprintUpdateActiveUserClient, proto=1, owner=android, cookie=0, requestId=-1, userId=0}, State: 0
08-26 18:03:28.492 1146 1146 D BiometricScheduler/Fingerprint21: [Starting] {[1] FingerprintUpdateActiveUserClient, proto=1, owner=android, cookie=0, requestId=-1, userId=0}, State: 0
08-26 18:03:28.492 1146 1146 D BiometricScheduler/Fingerprint21: [Started] {[1] FingerprintUpdateActiveUserClient, proto=1, owner=android, cookie=0, requestId=-1, userId=0}
08-26 18:03:28.849 1146 1731 I WindowManager: ******* TELLING SURFACE FLINGER WE ARE BOOTED!
08-26 18:03:28.859 1146 1731 I ActivityManagerTiming: FinishBooting
08-26 18:03:28.866 1146 1731 I ActivityManager: About to commit checkpoint
08-26 18:03:28.877 2948 2948 F linker : CANNOT LINK EXECUTABLE "/vendor/bin/hw/sxrservice": library "vendor.qti.hardware.qxr-V1-ndk_platform.so" not found: needed by main executable
08-26 18:03:28.884 2947 2947 F linker : CANNOT LINK EXECUTABLE "/vendor/bin/hw/qvrservice": library "vendor.qti.hardware.qxr-V1-ndk_platform.so" not found: needed by /vendor/lib64/libqvrservice.so in namespace (default)
08-26 18:03:28.918 1146 1841 D CompatibilityChangeReporter: Compat change id reported: 135634846; UID 10072; state: DISABLED
08-26 18:03:28.919 1146 1841 D CompatibilityChangeReporter: Compat change id reported: 177438394; UID 10072; state: DISABLED
08-26 18:03:28.919 1146 1841 D CompatibilityChangeReporter: Compat change id reported: 135772972; UID 10072; state: DISABLED
08-26 18:03:28.919 1146 1841 D CompatibilityChangeReporter: Compat change id reported: 135754954; UID 10072; state: ENABLED
08-26 18:03:28.921 1146 1750 D CompatibilityChangeReporter: Compat change id reported: 143937733; UID 10072; state: ENABLED
08-26 18:03:28.921 1146 1750 W ActivityManager: com.android.inputmethod.latin inode == 0 (b/152760674)
08-26 18:03:28.997 1146 1750 W ActivityManager: Slow operation: 81ms so far, now at startProcess: returned from zygote!
