08-26 18:03:36.964 1146 2313 D CompatibilityChangeReporter: Compat change id reported: 172100307; UID 10099; state: DISABLED
08-26 18:03:38.887 3778 3778 F linker : CANNOT LINK EXECUTABLE "/vendor/bin/hw/qvrservice": library "vendor.qti.hardware.qxr-V1-ndk_platform.so" not found: needed by /vendor/lib64/libqvrservice.so in namespace (default)
08-26 18:03:38.910 3779 3779 F linker : CANNOT LINK EXECUTABLE "/vendor/bin/hw/sxrservice": library "vendor.qti.hardware.qxr-V1-ndk_platform.so" not found: needed by main executable
08-26 18:03:39.949 1146 2313 I ActivityManager: Process com.qti.ltebc (pid 3662) has died: fg RCVR
08-26 18:03:39.972 1146 1749 D CompatibilityChangeReporter: Compat change id reported: 168419799; UID 10033; state: DISABLED
08-26 18:03:40.008 1146 2313 D CompatibilityChangeReporter: Compat change id reported: 135634846; UID 10028; state: DISABLED
08-26 18:03:40.008 1146 2313 D CompatibilityChangeReporter: Compat change id reported: 177438394; UID 10028; state: DISABLED
08-26 18:03:40.009 1146 2313 D CompatibilityChangeReporter: Compat change id reported: 135772972; UID 10028; state: DISABLED
08-26 18:03:40.009 1146 2313 D CompatibilityChangeReporter: Compat change id reported: 135754954; UID 10028; state: ENABLED
08-26 18:03:40.009 1146 1750 D CompatibilityChangeReporter: Compat change id reported: 143937733; UID 10028; state: ENABLED
08-26 18:03:40.059 1146 1750 W ActivityManager: Slow operation: 51ms so far, now at startProcess: returned from zygote!
08-26 18:03:40.059 1146 1750 W ActivityManager: Slow operation: 51ms so far, now at startProcess: done updating battery stats
08-26 18:03:40.059 1146 1750 W ActivityManager: Slow operation: 52ms so far, now at startProcess: building log message
08-26 18:03:40.059 1146 1750 I ActivityManager: Start proc 3784:com.android.providers.calendar/u0a28 for broadcast {com.android.providers.calendar/com.android.providers.calendar.CalendarUpgradeReceiver}
08-26 18:03:40.060 1146 1750 W ActivityManager: Slow operation: 52ms so far, now at startProcess: starting to update pids map
08-26 18:03:40.060 1146 1750 W ActivityManager: Slow operation: 52ms so far, now at startProcess: done updating pids map
08-26 18:03:40.119 1146 2313 D CompatibilityChangeReporter: Compat change id reported: 168419799; UID 10028; state: DISABLED
08-26 18:03:40.327 1146 2313 I PreBootBroadcaster: Pre-boot of {com.android.providers.contacts/com.android.providers.contacts.ContactsUpgradeReceiver} for user 0
08-26 18:03:40.333 1146 1842 D CompatibilityChangeReporter: Compat change id reported: 143231523; UID 10028; state: DISABLED
08-26 18:03:40.336 1146 2313 D CompatibilityChangeReporter: Compat change id reported: 168419799; UID 10068; state: DISABLED
08-26 18:03:40.385 1146 1842 D CompatibilityChangeReporter: Compat change id reported: 168419799; UID 10025; state: DISABLED
08-26 18:03:40.420 1146 1842 I PreBootBroadcaster: Pre-boot of {com.android.providers.media.module/com.android.providers.media.MediaUpgradeReceiver} for user 0
08-26 18:03:40.432 1146 2313 I PreBootBroadcaster: Pre-boot of {com.android.settings/com.android.settings.SettingsInitialize} for user 0
08-26 18:03:40.436 1146 2313 D CompatibilityChangeReporter: Compat change id reported: 168419799; UID 1000; state: DISABLED
08-26 18:03:40.449 1146 2313 D PackageManager: Instant App installer not found with android.intent.action.INSTALL_INSTANT_APP_PACKAGE
08-26 18:03:40.450 1146 2313 D PackageManager: Clear ephemeral installer activity
08-26 18:03:40.453 1146 1842 I ActivityManager: Posting BOOT_COMPLETED user #0
08-26 18:03:40.453 1146 1749 I SystemServerTimingAsync: ssm.UnlockedUser-0
08-26 18:03:40.453 1146 1749 I SystemServiceManager: Calling onUnlockedUser 0
08-26 18:03:40.453 1146 1749 I SystemServerTimingAsync: ssm.onUnlockedUser-0_com.android.server.security.FileIntegrityService
08-26 18:03:40.453 1146 1749 D SystemServerTimingAsync: ssm.onUnlockedUser-0_com.android.server.security.FileIntegrityService took to complete: 0ms
08-26 18:03:40.454 1146 1749 I SystemServerTimingAsync: ssm.onUnlockedUser-0_com.android.server.pm.Installer
08-26 18:03:40.454 1146 1749 D SystemServerTimingAsync: ssm.onUnlockedUser-0_com.android.server.pm.Installer took to complete: 0ms
08-26 18:03:40.454 1146 1749 I SystemServerTimingAsync: ssm.onUnlockedUser-0_com.android.server.os.DeviceIdentifiersPolicyService
08-26 18:03:40.454 1146 1749 D SystemServerTimingAsync: ssm.onUnlockedUser-0_com.android.server.os.DeviceIdentifiersPolicyService took to complete: 0ms
08-26 18:03:40.454 1146 1749 I SystemServerTimingAsync: ssm.onUnlockedUser-0_com.android.server.uri.UriGrantsManagerService$Lifecycle
08-26 18:03:40.454 1146 1749 D SystemServerTimingAsync: ssm.onUnlockedUser-0_com.android.server.uri.UriGrantsManagerService$Lifecycle took to complete: 0ms
08-26 18:03:40.454 1146 1749 I SystemServerTimingAsync: ssm.onUnlockedUser-0_com.android.server.powerstats.PowerStatsService
08-26 18:03:40.454 1146 1749 D SystemServerTimingAsync: ssm.onUnlockedUser-0_com.android.server.powerstats.PowerStatsService took to complete: 0ms
08-26 18:03:40.454 1146 1749 I SystemServerTimingAsync: ssm.onUnlockedUser-0_com.android.server.wm.ActivityTaskManagerService$Lifecycle
08-26 18:03:40.455 1146 1842 D CompatibilityChangeReporter: Compat change id reported: 135634846; UID 10077; state: DISABLED
08-26 18:03:40.455 1146 1842 D CompatibilityChangeReporter: Compat change id reported: 177438394; UID 10077; state: DISABLED
08-26 18:03:40.455 1146 1842 D CompatibilityChangeReporter: Compat change id reported: 135772972; UID 10077; state: DISABLED
08-26 18:03:40.455 1146 1842 D CompatibilityChangeReporter: Compat change id reported: 135754954; UID 10077; state: ENABLED
08-26 18:03:40.456 1146 1750 D CompatibilityChangeReporter: Compat change id reported: 143937733; UID 10077; state: ENABLED
08-26 18:03:40.456 1146 1749 I LaunchParamsPersister: Didn't find launch param folder for user 0
08-26 18:03:40.456 1146 1749 D SystemServerTimingAsync: ssm.onUnlockedUser-0_com.android.server.wm.ActivityTaskManagerService$Lifecycle took to complete: 3ms
08-26 18:03:40.456 1146 1749 I SystemServerTimingAsync: ssm.onUnlockedUser-0_com.android.server.am.ActivityManagerService$Lifecycle
08-26 18:03:40.457 1146 1749 D SystemServerTimingAsync: ssm.onUnlockedUser-0_com.android.server.am.ActivityManagerService$Lifecycle took to complete: 0ms
08-26 18:03:40.457 1146 1749 I SystemServerTimingAsync: ssm.onUnlockedUser-0_com.android.server.pm.DataLoaderManagerService
08-26 18:03:40.457 1146 1749 D SystemServerTimingAsync: ssm.onUnlockedUser-0_com.android.server.pm.DataLoaderManagerService took to complete: 0ms
08-26 18:03:40.457 1146 1749 I SystemServerTimingAsync: ssm.onUnlockedUser-0_com.android.server.power.PowerManagerService
08-26 18:03:40.457 1146 1146 D CompatibilityChangeReporter: Compat change id reported: 175319604; UID 10087; state: ENABLED
08-26 18:03:40.457 1146 1749 D SystemServerTimingAsync: ssm.onUnlockedUser-0_com.android.server.power.PowerManagerService took to complete: 0ms
08-26 18:03:40.457 1146 1749 I SystemServerTimingAsync: ssm.onUnlockedUser-0_com.android.server.power.ThermalManagerService
08-26 18:03:40.457 1146 1749 D SystemServerTimingAsync: ssm.onUnlockedUser-0_com.android.server.power.ThermalManagerService took to complete: 0ms
08-26 18:03:40.457 1146 1749 I SystemServerTimingAsync: ssm.onUnlockedUser-0_com.android.server.power.hint.HintManagerService
08-26 18:03:40.457 1146 1749 D SystemServerTimingAsync: ssm.onUnlockedUser-0_com.android.server.power.hint.HintManagerService took to complete: 0ms
08-26 18:03:40.458 1146 1749 I SystemServerTimingAsync: ssm.onUnlockedUser-0_com.android.server.recoverysystem.RecoverySystemService$Lifecycle
08-26 18:03:40.458 1146 1749 D SystemServerTimingAsync: ssm.onUnlockedUser-0_com.android.server.recoverysystem.RecoverySystemService$Lifecycle took to complete: 0ms
08-26 18:03:40.458 1146 1749 I SystemServerTimingAsync: ssm.onUnlockedUser-0_com.android.server.lights.LightsService
08-26 18:03:40.458 1146 1749 D SystemServerTimingAsync: ssm.onUnlockedUser-0_com.android.server.lights.LightsService took to complete: 0ms
08-26 18:03:40.458 1146 1749 I SystemServerTimingAsync: ssm.onUnlockedUser-0_com.android.server.display.DisplayManagerService
08-26 18:03:40.458 1146 1749 D SystemServerTimingAsync: ssm.onUnlockedUser-0_com.android.server.display.DisplayManagerService took to complete: 0ms
08-26 18:03:40.458 1146 1749 I SystemServerTimingAsync: ssm.onUnlockedUser-0_com.android.server.pm.verify.domain.DomainVerificationService
08-26 18:03:40.458 1146 1749 D SystemServerTimingAsync: ssm.onUnlockedUser-0_com.android.server.pm.verify.domain.DomainVerificationService took to complete: 0ms
08-26 18:03:40.458 1146 1749 I SystemServerTimingAsync: ssm.onUnlockedUser-0_com.android.server.pm.PackageInstallerService$Lifecycle
08-26 18:03:40.458 1146 1749 D SystemServerTimingAsync: ssm.onUnlockedUser-0_com.android.server.pm.PackageInstallerService$Lifecycle took to complete: 0ms
08-26 18:03:40.458 1146 1749 I SystemServerTimingAsync: ssm.onUnlockedUser-0_com.android.server.pm.UserManagerService$LifeCycle
08-26 18:03:40.458 1146 1749 D SystemServerTimingAsync: ssm.onUnlockedUser-0_com.android.server.pm.UserManagerService$LifeCycle took to complete: 0ms
08-26 18:03:40.458 1146 1749 I SystemServerTimingAsync: ssm.onUnlockedUser-0_com.android.server.om.OverlayManagerService
08-26 18:03:40.459 1146 1749 D SystemServerTimingAsync: ssm.onUnlockedUser-0_com.android.server.om.OverlayManagerService took to complete: 0ms
08-26 18:03:40.459 1146 1749 I SystemServerTimingAsync: ssm.onUnlockedUser-0_com.android.server.SensorPrivacyService
08-26 18:03:40.459 1146 1749 D SystemServerTimingAsync: ssm.onUnlockedUser-0_com.android.server.SensorPrivacyService took to complete: 0ms
08-26 18:03:40.459 1146 1749 I SystemServerTimingAsync: ssm.onUnlockedUser-0_com.android.server.sensors.SensorService
08-26 18:03:40.459 1146 1749 D SystemServerTimingAsync: ssm.onUnlockedUser-0_com.android.server.sensors.SensorService took to complete: 0ms
08-26 18:03:40.460 1146 1749 I SystemServerTimingAsync: ssm.onUnlockedUser-0_com.android.server.SystemConfigService
08-26 18:03:40.460 1146 1749 D SystemServerTimingAsync: ssm.onUnlockedUser-0_com.android.server.SystemConfigService took to complete: 0ms
08-26 18:03:40.460 1146 1726 I AppWidgetServiceImpl: Processing of handleUserUnlocked u0 took 6 ms
08-26 18:03:40.460 1146 1749 I SystemServerTimingAsync: ssm.onUnlockedUser-0_com.android.server.BatteryService
08-26 18:03:40.460 1146 1749 D SystemServerTimingAsync: ssm.onUnlockedUser-0_com.android.server.BatteryService took to complete: 0ms
08-26 18:03:40.460 1146 1749 I SystemServerTimingAsync: ssm.onUnlockedUser-0_com.android.server.usage.UsageStatsService
08-26 18:03:40.460 1146 1749 D SystemServerTimingAsync: ssm.onUnlockedUser-0_com.android.server.usage.UsageStatsService took to complete: 0ms
08-26 18:03:40.460 1146 1749 I SystemServerTimingAsync: ssm.onUnlockedUser-0_com.android.server.webkit.WebViewUpdateService
08-26 18:03:40.460 1146 1749 D SystemServerTimingAsync: ssm.onUnlockedUser-0_com.android.server.webkit.WebViewUpdateService took to complete: 0ms
08-26 18:03:40.460 1146 1749 I SystemServerTimingAsync: ssm.onUnlockedUser-0_com.android.server.CachedDeviceStateService
08-26 18:03:40.460 1146 1749 D SystemServerTimingAsync: ssm.onUnlockedUser-0_com.android.server.CachedDeviceStateService took to complete: 0ms
08-26 18:03:40.461 1146 1749 I SystemServerTimingAsync: ssm.onUnlockedUser-0_com.android.server.BinderCallsStatsService$LifeCycle
08-26 18:03:40.461 1146 1749 D SystemServerTimingAsync: ssm.onUnlockedUser-0_com.android.server.BinderCallsStatsService$LifeCycle took to complete: 0ms
08-26 18:03:40.461 1146 1749 I SystemServerTimingAsync: ssm.onUnlockedUser-0_com.android.server.LooperStatsService$Lifecycle
08-26 18:03:40.461 1146 1749 D SystemServerTimingAsync: ssm.onUnlockedUser-0_com.android.server.LooperStatsService$Lifecycle took to complete: 0ms
08-26 18:03:40.461 1146 1749 I SystemServerTimingAsync: ssm.onUnlockedUser-0_com.android.server.rollback.RollbackManagerService
08-26 18:03:40.461 1146 1749 D SystemServerTimingAsync: ssm.onUnlockedUser-0_com.android.server.rollback.RollbackManagerService took to complete: 0ms
08-26 18:03:40.461 1146 1749 I SystemServerTimingAsync: ssm.onUnlockedUser-0_com.android.server.os.NativeTombstoneManagerService
08-26 18:03:40.461 1146 1749 D SystemServerTimingAsync: ssm.onUnlockedUser-0_com.android.server.os.NativeTombstoneManagerService took to complete: 0ms
08-26 18:03:40.461 1146 1749 I SystemServerTimingAsync: ssm.onUnlockedUser-0_com.android.server.os.BugreportManagerService
08-26 18:03:40.461 1146 1749 D SystemServerTimingAsync: ssm.onUnlockedUser-0_com.android.server.os.BugreportManagerService took to complete: 0ms
08-26 18:03:40.461 1146 1749 I SystemServerTimingAsync: ssm.onUnlockedUser-0_com.android.server.gpu.GpuService
08-26 18:03:40.461 1146 1749 D SystemServerTimingAsync: ssm.onUnlockedUser-0_com.android.server.gpu.GpuService took to complete: 0ms
08-26 18:03:40.461 1146 1749 I SystemServerTimingAsync: ssm.onUnlockedUser-0_com.android.server.security.KeyChainSystemService
08-26 18:03:40.461 1146 1749 D SystemServerTimingAsync: ssm.onUnlockedUser-0_com.android.server.security.KeyChainSystemService took to complete: 0ms
08-26 18:03:40.461 1146 1749 I SystemServerTimingAsync: ssm.onUnlockedUser-0_com.android.server.telecom.TelecomLoaderService
08-26 18:03:40.461 1146 1749 D SystemServerTimingAsync: ssm.onUnlockedUser-0_com.android.server.telecom.TelecomLoaderService took to complete: 0ms
08-26 18:03:40.462 1146 1749 I SystemServerTimingAsync: ssm.onUnlockedUser-0_com.android.server.accounts.AccountManagerService$Lifecycle
08-26 18:03:40.462 1146 1749 D SystemServerTimingAsync: ssm.onUnlockedUser-0_com.android.server.accounts.AccountManagerService$Lifecycle took to complete: 0ms
08-26 18:03:40.462 1146 1749 I SystemServerTimingAsync: ssm.onUnlockedUser-0_com.android.server.content.ContentService$Lifecycle
08-26 18:03:40.462 1146 1749 D SystemServerTimingAsync: ssm.onUnlockedUser-0_com.android.server.content.ContentService$Lifecycle took to complete: 0ms
08-26 18:03:40.462 1146 1749 I SystemServerTimingAsync: ssm.onUnlockedUser-0_com.android.server.DropBoxManagerService
08-26 18:03:40.462 1146 1749 D SystemServerTimingAsync: ssm.onUnlockedUser-0_com.android.server.DropBoxManagerService took to complete: 0ms
08-26 18:03:40.462 1146 1749 I SystemServerTimingAsync: ssm.onUnlockedUser-0_com.android.role.RoleService
08-26 18:03:40.462 1146 1749 D SystemServerTimingAsync: ssm.onUnlockedUser-0_com.android.role.RoleService took to complete: 0ms
08-26 18:03:40.462 1146 1749 I SystemServerTimingAsync: ssm.onUnlockedUser-0_com.android.server.vibrator.VibratorManagerService$Lifecycle
08-26 18:03:40.462 1146 1749 D SystemServerTimingAsync: ssm.onUnlockedUser-0_com.android.server.vibrator.VibratorManagerService$Lifecycle took to complete: 0ms
08-26 18:03:40.462 1146 1749 I SystemServerTimingAsync: ssm.onUnlockedUser-0_com.android.server.alarm.AlarmManagerService
08-26 18:03:40.462 1146 1749 D SystemServerTimingAsync: ssm.onUnlockedUser-0_com.android.server.alarm.AlarmManagerService took to complete: 0ms
08-26 18:03:40.462 1146 1749 I SystemServerTimingAsync: ssm.onUnlockedUser-0_com.android.server.devicestate.DeviceStateManagerService
08-26 18:03:40.462 1146 1749 D SystemServerTimingAsync: ssm.onUnlockedUser-0_com.android.server.devicestate.DeviceStateManagerService took to complete: 0ms
08-26 18:03:40.464 1146 1146 D CompatibilityChangeReporter: Compat change id reported: 175319604; UID 10100; state: DISABLED
08-26 18:03:40.464 1146 1749 I SystemServerTimingAsync: ssm.onUnlockedUser-0_com.android.server.camera.CameraServiceProxy
08-26 18:03:40.464 1146 1749 D SystemServerTimingAsync: ssm.onUnlockedUser-0_com.android.server.camera.CameraServiceProxy took to complete: 0ms
08-26 18:03:40.464 1146 1749 I SystemServerTimingAsync: ssm.onUnlockedUser-0_com.android.server.BluetoothService
08-26 18:03:40.464 1146 1749 D SystemServerTimingAsync: ssm.onUnlockedUser-0_com.android.server.BluetoothService took to complete: 0ms
08-26 18:03:40.464 1146 1749 I SystemServerTimingAsync: ssm.onUnlockedUser-0_com.android.server.connectivity.IpConnectivityMetrics
08-26 18:03:40.464 1146 1749 D SystemServerTimingAsync: ssm.onUnlockedUser-0_com.android.server.connectivity.IpConnectivityMetrics took to complete: 0ms
08-26 18:03:40.466 1146 1749 I SystemServerTimingAsync: ssm.onUnlockedUser-0_com.android.server.net.watchlist.NetworkWatchlistService$Lifecycle
08-26 18:03:40.466 1146 1749 D SystemServerTimingAsync: ssm.onUnlockedUser-0_com.android.server.net.watchlist.NetworkWatchlistService$Lifecycle took to complete: 0ms
08-26 18:03:40.466 1146 1749 I SystemServerTimingAsync: ssm.onUnlockedUser-0_com.android.server.PinnerService
08-26 18:03:40.466 1146 1749 D SystemServerTimingAsync: ssm.onUnlockedUser-0_com.android.server.PinnerService took to complete: 0ms
08-26 18:03:40.466 1146 1749 I SystemServerTimingAsync: ssm.onUnlockedUser-0_com.google.android.startop.iorap.IorapForwardingService
08-26 18:03:40.467 1146 1749 D SystemServerTimingAsync: ssm.onUnlockedUser-0_com.google.android.startop.iorap.IorapForwardingService took to complete: 0ms
08-26 18:03:40.467 1146 1749 I SystemServerTimingAsync: ssm.onUnlockedUser-0_com.android.server.ActivityTriggerService
08-26 18:03:40.467 1146 1749 D SystemServerTimingAsync: ssm.onUnlockedUser-0_com.android.server.ActivityTriggerService took to complete: 0ms
08-26 18:03:40.467 1146 1749 I SystemServerTimingAsync: ssm.onUnlockedUser-0_com.android.server.integrity.AppIntegrityManagerService
08-26 18:03:40.467 1146 1749 D SystemServerTimingAsync: ssm.onUnlockedUser-0_com.android.server.integrity.AppIntegrityManagerService took to complete: 0ms
08-26 18:03:40.468 1146 1749 I SystemServerTimingAsync: ssm.onUnlockedUser-0_com.android.server.inputmethod.InputMethodManagerService$Lifecycle
08-26 18:03:40.468 1146 1749 D SystemServerTimingAsync: ssm.onUnlockedUser-0_com.android.server.inputmethod.InputMethodManagerService$Lifecycle took to complete: 0ms
08-26 18:03:40.468 1146 1749 I SystemServerTimingAsync: ssm.onUnlockedUser-0_com.android.server.accessibility.AccessibilityManagerService$Lifecycle
08-26 18:03:40.468 1146 1749 D SystemServerTimingAsync: ssm.onUnlockedUser-0_com.android.server.accessibility.AccessibilityManagerService$Lifecycle took to complete: 0ms
08-26 18:03:40.468 1146 1749 I SystemServerTimingAsync: ssm.onUnlockedUser-0_com.android.server.StorageManagerService$Lifecycle
08-26 18:03:40.468 1146 1749 D SystemServerTimingAsync: ssm.onUnlockedUser-0_com.android.server.StorageManagerService$Lifecycle took to complete: 0ms
08-26 18:03:40.468 1146 1749 I SystemServerTimingAsync: ssm.onUnlockedUser-0_com.android.server.usage.StorageStatsService$Lifecycle
08-26 18:03:40.468 1146 1749 D SystemServerTimingAsync: ssm.onUnlockedUser-0_com.android.server.usage.StorageStatsService$Lifecycle took to complete: 0ms
08-26 18:03:40.468 1146 1749 I SystemServerTimingAsync: ssm.onUnlockedUser-0_com.android.server.UiModeManagerService
08-26 18:03:40.468 1146 1749 D SystemServerTimingAsync: ssm.onUnlockedUser-0_com.android.server.UiModeManagerService took to complete: 0ms
08-26 18:03:40.468 1146 1749 I SystemServerTimingAsync: ssm.onUnlockedUser-0_com.android.server.locksettings.LockSettingsService$Lifecycle
08-26 18:03:40.468 1146 1749 D SystemServerTimingAsync: ssm.onUnlockedUser-0_com.android.server.locksettings.LockSettingsService$Lifecycle took to complete: 0ms
08-26 18:03:40.468 1146 1749 I SystemServerTimingAsync: ssm.onUnlockedUser-0_com.android.server.PersistentDataBlockService
08-26 18:03:40.468 1146 1749 D SystemServerTimingAsync: ssm.onUnlockedUser-0_com.android.server.PersistentDataBlockService took to complete: 0ms
08-26 18:03:40.468 1146 1749 I SystemServerTimingAsync: ssm.onUnlockedUser-0_com.android.server.testharness.TestHarnessModeService
08-26 18:03:40.468 1146 1749 D SystemServerTimingAsync: ssm.onUnlockedUser-0_com.android.server.testharness.TestHarnessModeService took to complete: 0ms
08-26 18:03:40.469 1146 1749 I SystemServerTimingAsync: ssm.onUnlockedUser-0_com.android.server.oemlock.OemLockService
08-26 18:03:40.469 1146 1749 D SystemServerTimingAsync: ssm.onUnlockedUser-0_com.android.server.oemlock.OemLockService took to complete: 0ms
08-26 18:03:40.469 1146 1749 I SystemServerTimingAsync: ssm.onUnlockedUser-0_com.android.server.DeviceIdleController
08-26 18:03:40.469 1146 1749 D SystemServerTimingAsync: ssm.onUnlockedUser-0_com.android.server.DeviceIdleController took to complete: 0ms
08-26 18:03:40.469 1146 1749 I SystemServerTimingAsync: ssm.onUnlockedUser-0_com.android.server.devicepolicy.DevicePolicyManagerService$Lifecycle
08-26 18:03:40.469 1146 1749 D SystemServerTimingAsync: ssm.onUnlockedUser-0_com.android.server.devicepolicy.DevicePolicyManagerService$Lifecycle took to complete: 0ms
08-26 18:03:40.469 1146 1749 I SystemServerTimingAsync: ssm.onUnlockedUser-0_com.android.server.texttospeech.TextToSpeechManagerService
08-26 18:03:40.469 1146 1749 D SystemServerTimingAsync: ssm.onUnlockedUser-0_com.android.server.texttospeech.TextToSpeechManagerService took to complete: 0ms
08-26 18:03:40.469 1146 1749 I SystemServerTimingAsync: ssm.onUnlockedUser-0_com.android.server.speech.SpeechRecognitionManagerService
08-26 18:03:40.469 1146 1749 D SystemServerTimingAsync: ssm.onUnlockedUser-0_com.android.server.speech.SpeechRecognitionManagerService took to complete: 0ms
08-26 18:03:40.469 1146 1749 I SystemServerTimingAsync: ssm.onUnlockedUser-0_com.android.server.searchui.SearchUiManagerService
08-26 18:03:40.469 1146 1749 D SystemServerTimingAsync: ssm.onUnlockedUser-0_com.android.server.searchui.SearchUiManagerService took to complete: 0ms
08-26 18:03:40.469 1146 1749 I SystemServerTimingAsync: ssm.onUnlockedUser-0_com.android.server.smartspace.SmartspaceManagerService
08-26 18:03:40.469 1146 1749 D SystemServerTimingAsync: ssm.onUnlockedUser-0_com.android.server.smartspace.SmartspaceManagerService took to complete: 0ms
08-26 18:03:40.470 1146 1749 I SystemServerTimingAsync: ssm.onUnlockedUser-0_com.android.server.graphics.fonts.FontManagerService$Lifecycle
08-26 18:03:40.470 1146 1749 D SystemServerTimingAsync: ssm.onUnlockedUser-0_com.android.server.graphics.fonts.FontManagerService$Lifecycle took to complete: 0ms
08-26 18:03:40.470 1146 1749 I SystemServerTimingAsync: ssm.onUnlockedUser-0_com.android.server.textservices.TextServicesManagerService$Lifecycle
08-26 18:03:40.470 1146 1749 D SystemServerTimingAsync: ssm.onUnlockedUser-0_com.android.server.textservices.TextServicesManagerService$Lifecycle took to complete: 0ms
08-26 18:03:40.470 1146 1749 I SystemServerTimingAsync: ssm.onUnlockedUser-0_com.android.server.textclassifier.TextClassificationManagerService$Lifecycle
08-26 18:03:40.470 1146 1749 D SystemServerTimingAsync: ssm.onUnlockedUser-0_com.android.server.textclassifier.TextClassificationManagerService$Lifecycle took to complete: 0ms
08-26 18:03:40.470 1146 1749 I SystemServerTimingAsync: ssm.onUnlockedUser-0_com.android.server.NetworkScoreService$Lifecycle
08-26 18:03:40.470 1146 1749 D SystemServerTimingAsync: ssm.onUnlockedUser-0_com.android.server.NetworkScoreService$Lifecycle took to complete: 0ms
08-26 18:03:40.470 1146 1749 I SystemServerTimingAsync: ssm.onUnlockedUser-0_com.android.server.wifi.WifiService
08-26 18:03:40.470 1146 1749 D SystemServerTimingAsync: ssm.onUnlockedUser-0_com.android.server.wifi.WifiService took to complete: 0ms
08-26 18:03:40.470 1146 1749 I SystemServerTimingAsync: ssm.onUnlockedUser-0_com.android.server.wifi.scanner.WifiScanningService
08-26 18:03:40.470 1146 1749 D SystemServerTimingAsync: ssm.onUnlockedUser-0_com.android.server.wifi.scanner.WifiScanningService took to complete: 0ms
08-26 18:03:40.470 1146 1749 I SystemServerTimingAsync: ssm.onUnlockedUser-0_com.android.server.wifi.rtt.RttService
08-26 18:03:40.471 1146 1749 D SystemServerTimingAsync: ssm.onUnlockedUser-0_com.android.server.wifi.rtt.RttService took to complete: 0ms
08-26 18:03:40.472 1146 1749 I SystemServerTimingAsync: ssm.onUnlockedUser-0_com.android.server.wifi.aware.WifiAwareService
08-26 18:03:40.472 1146 1749 D SystemServerTimingAsync: ssm.onUnlockedUser-0_com.android.server.wifi.aware.WifiAwareService took to complete: 0ms
08-26 18:03:40.472 1146 3809 E TaskPersister: File error accessing recents directory (directory doesn't exist?).
08-26 18:03:40.473 1146 1749 I SystemServerTimingAsync: ssm.onUnlockedUser-0_com.android.server.wifi.p2p.WifiP2pService
08-26 18:03:40.473 1146 1749 D SystemServerTimingAsync: ssm.onUnlockedUser-0_com.android.server.wifi.p2p.WifiP2pService took to complete: 0ms
08-26 18:03:40.473 1146 1749 I SystemServerTimingAsync: ssm.onUnlockedUser-0_com.android.server.ethernet.EthernetService
08-26 18:03:40.473 1146 1749 D SystemServerTimingAsync: ssm.onUnlockedUser-0_com.android.server.ethernet.EthernetService took to complete: 0ms
08-26 18:03:40.473 1146 1749 I SystemServerTimingAsync: ssm.onUnlockedUser-0_com.android.server.ConnectivityServiceInitializer
08-26 18:03:40.473 1146 1749 D SystemServerTimingAsync: ssm.onUnlockedUser-0_com.android.server.ConnectivityServiceInitializer took to complete: 0ms
08-26 18:03:40.473 1146 1749 I SystemServerTimingAsync: ssm.onUnlockedUser-0_com.android.server.notification.NotificationManagerService
08-26 18:03:40.473 1146 1749 D SystemServerTimingAsync: ssm.onUnlockedUser-0_com.android.server.notification.NotificationManagerService took to complete: 0ms
08-26 18:03:40.473 1146 1749 I SystemServerTimingAsync: ssm.onUnlockedUser-0_com.android.server.storage.DeviceStorageMonitorService
08-26 18:03:40.474 1146 1749 D SystemServerTimingAsync: ssm.onUnlockedUser-0_com.android.server.storage.DeviceStorageMonitorService took to complete: 0ms
08-26 18:03:40.474 1146 1749 I SystemServerTimingAsync: ssm.onUnlockedUser-0_com.android.server.location.LocationManagerService$Lifecycle
08-26 18:03:40.474 1146 1749 D SystemServerTimingAsync: ssm.onUnlockedUser-0_com.android.server.location.LocationManagerService$Lifecycle took to complete: 0ms
08-26 18:03:40.474 1146 1749 I SystemServerTimingAsync: ssm.onUnlockedUser-0_com.android.server.timedetector.TimeDetectorService$Lifecycle
08-26 18:03:40.474 1146 1749 D SystemServerTimingAsync: ssm.onUnlockedUser-0_com.android.server.timedetector.TimeDetectorService$Lifecycle took to complete: 0ms
08-26 18:03:40.474 1146 1749 I SystemServerTimingAsync: ssm.onUnlockedUser-0_com.android.server.timezonedetector.TimeZoneDetectorService$Lifecycle
08-26 18:03:40.474 1146 3809 E TaskPersister: File error accessing recents directory (directory doesn't exist?).
08-26 18:03:40.474 1146 1749 D SystemServerTimingAsync: ssm.onUnlockedUser-0_com.android.server.timezonedetector.TimeZoneDetectorService$Lifecycle took to complete: 0ms
08-26 18:03:40.475 1146 1749 I SystemServerTimingAsync: ssm.onUnlockedUser-0_com.android.server.timezonedetector.location.LocationTimeZoneManagerService$Lifecycle
08-26 18:03:40.475 1146 1749 D SystemServerTimingAsync: ssm.onUnlockedUser-0_com.android.server.timezonedetector.location.LocationTimeZoneManagerService$Lifecycle took to complete: 0ms
08-26 18:03:40.475 1146 1749 I SystemServerTimingAsync: ssm.onUnlockedUser-0_com.android.server.search.SearchManagerService$Lifecycle
08-26 18:03:40.475 1146 1749 D SystemServerTimingAsync: ssm.onUnlockedUser-0_com.android.server.search.SearchManagerService$Lifecycle took to complete: 0ms
08-26 18:03:40.475 1146 1749 I SystemServerTimingAsync: ssm.onUnlockedUser-0_com.android.server.wallpaper.WallpaperManagerService$Lifecycle
08-26 18:03:40.475 1146 1749 D SystemServerTimingAsync: ssm.onUnlockedUser-0_com.android.server.wallpaper.WallpaperManagerService$Lifecycle took to complete: 0ms
08-26 18:03:40.475 1146 1749 I SystemServerTimingAsync: ssm.onUnlockedUser-0_com.android.server.audio.AudioService$Lifecycle
08-26 18:03:40.475 1146 1749 D SystemServerTimingAsync: ssm.onUnlockedUser-0_com.android.server.audio.AudioService$Lifecycle took to complete: 0ms
08-26 18:03:40.475 1146 1749 I SystemServerTimingAsync: ssm.onUnlockedUser-0_com.android.server.soundtrigger_middleware.SoundTriggerMiddlewareService$Lifecycle
08-26 18:03:40.476 1146 1749 D SystemServerTimingAsync: ssm.onUnlockedUser-0_com.android.server.soundtrigger_middleware.SoundTriggerMiddlewareService$Lifecycle took to complete: 0ms
08-26 18:03:40.476 1146 1749 I SystemServerTimingAsync: ssm.onUnlockedUser-0_com.android.server.DockObserver
08-26 18:03:40.476 1146 1749 D SystemServerTimingAsync: ssm.onUnlockedUser-0_com.android.server.DockObserver took to complete: 0ms
08-26 18:03:40.476 1146 1749 I SystemServerTimingAsync: ssm.onUnlockedUser-0_com.android.server.midi.MidiService$Lifecycle
08-26 18:03:40.476 1146 1749 D SystemServerTimingAsync: ssm.onUnlockedUser-0_com.android.server.midi.MidiService$Lifecycle took to complete: 0ms
08-26 18:03:40.476 1146 1749 I SystemServerTimingAsync: ssm.onUnlockedUser-0_com.android.server.adb.AdbService$Lifecycle
08-26 18:03:40.476 1146 1749 D SystemServerTimingAsync: ssm.onUnlockedUser-0_com.android.server.adb.AdbService$Lifecycle took to complete: 0ms
08-26 18:03:40.476 1146 1749 I SystemServerTimingAsync: ssm.onUnlockedUser-0_com.android.server.usb.UsbService$Lifecycle
08-26 18:03:40.476 1146 1749 D SystemServerTimingAsync: ssm.onUnlockedUser-0_com.android.server.usb.UsbService$Lifecycle took to complete: 0ms
08-26 18:03:40.476 1146 1749 I SystemServerTimingAsync: ssm.onUnlockedUser-0_com.android.server.twilight.TwilightService
08-26 18:03:40.476 1146 1749 D SystemServerTimingAsync: ssm.onUnlockedUser-0_com.android.server.twilight.TwilightService took to complete: 0ms
08-26 18:03:40.476 1146 1749 I SystemServerTimingAsync: ssm.onUnlockedUser-0_com.android.server.display.color.ColorDisplayService
08-26 18:03:40.476 1146 1749 D SystemServerTimingAsync: ssm.onUnlockedUser-0_com.android.server.display.color.ColorDisplayService took to complete: 0ms
08-26 18:03:40.476 1146 1749 I SystemServerTimingAsync: ssm.onUnlockedUser-0_com.android.server.job.JobSchedulerService
08-26 18:03:40.477 1146 1749 D SystemServerTimingAsync: ssm.onUnlockedUser-0_com.android.server.job.JobSchedulerService took to complete: 0ms
08-26 18:03:40.477 1146 1749 I SystemServerTimingAsync: ssm.onUnlockedUser-0_com.android.server.soundtrigger.SoundTriggerService
08-26 18:03:40.477 1146 1749 D SystemServerTimingAsync: ssm.onUnlockedUser-0_com.android.server.soundtrigger.SoundTriggerService took to complete: 0ms
08-26 18:03:40.477 1146 1749 I SystemServerTimingAsync: ssm.onUnlockedUser-0_com.android.server.trust.TrustManagerService
08-26 18:03:40.477 1146 1749 D SystemServerTimingAsync: ssm.onUnlockedUser-0_com.android.server.trust.TrustManagerService took to complete: 0ms
08-26 18:03:40.477 1146 1749 I SystemServerTimingAsync: ssm.onUnlockedUser-0_com.android.server.backup.BackupManagerService$Lifecycle
08-26 18:03:40.477 1146 1749 D SystemServerTimingAsync: ssm.onUnlockedUser-0_com.android.server.backup.BackupManagerService$Lifecycle took to complete: 0ms
08-26 18:03:40.477 1146 1749 I SystemServerTimingAsync: ssm.onUnlockedUser-0_com.android.server.appwidget.AppWidgetService
08-26 18:03:40.477 1146 1749 D SystemServerTimingAsync: ssm.onUnlockedUser-0_com.android.server.appwidget.AppWidgetService took to complete: 0ms
08-26 18:03:40.477 1146 1749 I SystemServerTimingAsync: ssm.onUnlockedUser-0_com.android.server.voiceinteraction.VoiceInteractionManagerService
08-26 18:03:40.477 1146 1749 D SystemServerTimingAsync: ssm.onUnlockedUser-0_com.android.server.voiceinteraction.VoiceInteractionManagerService took to complete: 0ms
08-26 18:03:40.478 1146 1749 I SystemServerTimingAsync: ssm.onUnlockedUser-0_com.android.server.apphibernation.AppHibernationService
08-26 18:03:40.478 1146 1749 D SystemServerTimingAsync: ssm.onUnlockedUser-0_com.android.server.apphibernation.AppHibernationService took to complete: 0ms
08-26 18:03:40.478 1146 1749 I SystemServerTimingAsync: ssm.onUnlockedUser-0_com.android.server.GestureLauncherService
08-26 18:03:40.478 1146 1749 D SystemServerTimingAsync: ssm.onUnlockedUser-0_com.android.server.GestureLauncherService took to complete: 0ms
08-26 18:03:40.478 1146 1749 I SystemServerTimingAsync: ssm.onUnlockedUser-0_com.android.server.SensorNotificationService
08-26 18:03:40.478 1146 1749 D SystemServerTimingAsync: ssm.onUnlockedUser-0_com.android.server.SensorNotificationService took to complete: 0ms
08-26 18:03:40.478 1146 1749 I SystemServerTimingAsync: ssm.onUnlockedUser-0_com.android.server.emergency.EmergencyAffordanceService
08-26 18:03:40.478 1146 1749 D SystemServerTimingAsync: ssm.onUnlockedUser-0_com.android.server.emergency.EmergencyAffordanceService took to complete: 0ms
08-26 18:03:40.478 1146 1749 I SystemServerTimingAsync: ssm.onUnlockedUser-0_com.android.server.blob.BlobStoreManagerService
08-26 18:03:40.478 1146 1749 D SystemServerTimingAsync: ssm.onUnlockedUser-0_com.android.server.blob.BlobStoreManagerService took to complete: 0ms
08-26 18:03:40.478 1146 1749 I SystemServerTimingAsync: ssm.onUnlockedUser-0_com.android.server.dreams.DreamManagerService
08-26 18:03:40.478 1146 1749 D SystemServerTimingAsync: ssm.onUnlockedUser-0_com.android.server.dreams.DreamManagerService took to complete: 0ms
08-26 18:03:40.478 1146 1749 I SystemServerTimingAsync: ssm.onUnlockedUser-0_com.android.server.companion.CompanionDeviceManagerService
08-26 18:03:40.478 1146 1749 D SystemServerTimingAsync: ssm.onUnlockedUser-0_com.android.server.companion.CompanionDeviceManagerService took to complete: 0ms
08-26 18:03:40.479 1146 1749 I SystemServerTimingAsync: ssm.onUnlockedUser-0_com.android.server.restrictions.RestrictionsManagerService
08-26 18:03:40.479 1146 1749 D SystemServerTimingAsync: ssm.onUnlockedUser-0_com.android.server.restrictions.RestrictionsManagerService took to complete: 0ms
08-26 18:03:40.479 1146 1749 I SystemServerTimingAsync: ssm.onUnlockedUser-0_com.android.server.media.MediaSessionService
08-26 18:03:40.479 1146 1749 D SystemServerTimingAsync: ssm.onUnlockedUser-0_com.android.server.media.MediaSessionService took to complete: 0ms
08-26 18:03:40.479 1146 1749 I SystemServerTimingAsync: ssm.onUnlockedUser-0_com.android.server.media.MediaResourceMonitorService
08-26 18:03:40.479 1146 1749 D SystemServerTimingAsync: ssm.onUnlockedUser-0_com.android.server.media.MediaResourceMonitorService took to complete: 0ms
08-26 18:03:40.479 1146 1749 I SystemServerTimingAsync: ssm.onUnlockedUser-0_com.android.server.biometrics.sensors.fingerprint.FingerprintService
08-26 18:03:40.479 1146 1749 D SystemServerTimingAsync: ssm.onUnlockedUser-0_com.android.server.biometrics.sensors.fingerprint.FingerprintService took to complete: 0ms
08-26 18:03:40.479 1146 1749 I SystemServerTimingAsync: ssm.onUnlockedUser-0_com.android.server.biometrics.BiometricService
08-26 18:03:40.479 1146 1749 D SystemServerTimingAsync: ssm.onUnlockedUser-0_com.android.server.biometrics.BiometricService took to complete: 0ms
08-26 18:03:40.479 1146 1749 I SystemServerTimingAsync: ssm.onUnlockedUser-0_com.android.server.biometrics.AuthService
08-26 18:03:40.479 1146 1749 D SystemServerTimingAsync: ssm.onUnlockedUser-0_com.android.server.biometrics.AuthService took to complete: 0ms
08-26 18:03:40.479 1146 1749 I SystemServerTimingAsync: ssm.onUnlockedUser-0_com.android.server.pm.ShortcutService$Lifecycle
08-26 18:03:40.480 1146 1749 D SystemServerTimingAsync: ssm.onUnlockedUser-0_com.android.server.pm.ShortcutService$Lifecycle took to complete: 0ms
08-26 18:03:40.480 1146 1749 I SystemServerTimingAsync: ssm.onUnlockedUser-0_com.android.server.pm.LauncherAppsService
08-26 18:03:40.480 1146 1749 D SystemServerTimingAsync: ssm.onUnlockedUser-0_com.android.server.pm.LauncherAppsService took to complete: 0ms
08-26 18:03:40.480 1146 1749 I SystemServerTimingAsync: ssm.onUnlockedUser-0_com.android.server.pm.CrossProfileAppsService
08-26 18:03:40.480 1146 1749 D SystemServerTimingAsync: ssm.onUnlockedUser-0_com.android.server.pm.CrossProfileAppsService took to complete: 0ms
08-26 18:03:40.480 1146 1749 I SystemServerTimingAsync: ssm.onUnlockedUser-0_com.android.server.people.PeopleService
08-26 18:03:40.481 1146 1749 D SystemServerTimingAsync: ssm.onUnlockedUser-0_com.android.server.people.PeopleService took to complete: 1ms
08-26 18:03:40.481 1146 1749 I SystemServerTimingAsync: ssm.onUnlockedUser-0_com.android.server.media.metrics.MediaMetricsManagerService
08-26 18:03:40.481 1146 1749 D SystemServerTimingAsync: ssm.onUnlockedUser-0_com.android.server.media.metrics.MediaMetricsManagerService took to complete: 0ms
08-26 18:03:40.481 1146 1749 I SystemServerTimingAsync: ssm.onUnlockedUser-0_com.android.server.media.projection.MediaProjectionManagerService
08-26 18:03:40.481 1146 1749 D SystemServerTimingAsync: ssm.onUnlockedUser-0_com.android.server.media.projection.MediaProjectionManagerService took to complete: 0ms
08-26 18:03:40.482 1146 1749 I SystemServerTimingAsync: ssm.onUnlockedUser-0_com.android.server.slice.SliceManagerService$Lifecycle
08-26 18:03:40.482 1146 1749 D SystemServerTimingAsync: ssm.onUnlockedUser-0_com.android.server.slice.SliceManagerService$Lifecycle took to complete: 0ms
08-26 18:03:40.482 1146 1749 I SystemServerTimingAsync: ssm.onUnlockedUser-0_com.android.server.stats.StatsCompanion$Lifecycle
08-26 18:03:40.482 1146 1749 D SystemServerTimingAsync: ssm.onUnlockedUser-0_com.android.server.stats.StatsCompanion$Lifecycle took to complete: 0ms
08-26 18:03:40.482 1146 1749 I SystemServerTimingAsync: ssm.onUnlockedUser-0_com.android.server.scheduling.RebootReadinessManagerService$Lifecycle
08-26 18:03:40.482 1146 1749 D SystemServerTimingAsync: ssm.onUnlockedUser-0_com.android.server.scheduling.RebootReadinessManagerService$Lifecycle took to complete: 0ms
08-26 18:03:40.482 1146 1749 I SystemServerTimingAsync: ssm.onUnlockedUser-0_com.android.server.stats.pull.StatsPullAtomService
08-26 18:03:40.482 1146 1749 D SystemServerTimingAsync: ssm.onUnlockedUser-0_com.android.server.stats.pull.StatsPullAtomService took to complete: 0ms
08-26 18:03:40.482 1146 1749 I SystemServerTimingAsync: ssm.onUnlockedUser-0_com.android.server.incident.IncidentCompanionService
08-26 18:03:40.482 1146 1749 D SystemServerTimingAsync: ssm.onUnlockedUser-0_com.android.server.incident.IncidentCompanionService took to complete: 0ms
08-26 18:03:40.482 1146 1749 I SystemServerTimingAsync: ssm.onUnlockedUser-0_com.android.server.MmsServiceBroker
08-26 18:03:40.482 1146 1749 D SystemServerTimingAsync: ssm.onUnlockedUser-0_com.android.server.MmsServiceBroker took to complete: 0ms
08-26 18:03:40.483 1146 1749 I SystemServerTimingAsync: ssm.onUnlockedUser-0_com.android.server.autofill.AutofillManagerService
08-26 18:03:40.483 1146 1749 D SystemServerTimingAsync: ssm.onUnlockedUser-0_com.android.server.autofill.AutofillManagerService took to complete: 0ms
08-26 18:03:40.483 1146 1749 I SystemServerTimingAsync: ssm.onUnlockedUser-0_com.android.server.clipboard.ClipboardService
08-26 18:03:40.483 1146 1749 D SystemServerTimingAsync: ssm.onUnlockedUser-0_com.android.server.clipboard.ClipboardService took to complete: 0ms
08-26 18:03:40.483 1146 1749 I SystemServerTimingAsync: ssm.onUnlockedUser-0_com.android.server.appbinding.AppBindingService$Lifecycle
08-26 18:03:40.483 1146 1749 D SystemServerTimingAsync: ssm.onUnlockedUser-0_com.android.server.appbinding.AppBindingService$Lifecycle took to complete: 0ms
08-26 18:03:40.483 1146 1749 I SystemServerTimingAsync: ssm.onUnlockedUser-0_com.android.server.tracing.TracingServiceProxy
08-26 18:03:40.483 1146 1749 D SystemServerTimingAsync: ssm.onUnlockedUser-0_com.android.server.tracing.TracingServiceProxy took to complete: 0ms
08-26 18:03:40.483 1146 1749 I SystemServerTimingAsync: ssm.onUnlockedUser-0_com.android.server.policy.PermissionPolicyService
08-26 18:03:40.483 1146 1749 D SystemServerTimingAsync: ssm.onUnlockedUser-0_com.android.server.policy.PermissionPolicyService took to complete: 0ms
08-26 18:03:40.483 1146 1749 I SystemServerTimingAsync: ssm.onUnlockedUser-0_com.android.server.pm.StagingManager$Lifecycle
08-26 18:03:40.483 1146 1749 D SystemServerTimingAsync: ssm.onUnlockedUser-0_com.android.server.pm.StagingManager$Lifecycle took to complete: 0ms
08-26 18:03:40.483 1146 1749 I SystemServerTimingAsync: ssm.onUnlockedUser-0_com.android.server.app.GameManagerService$Lifecycle
08-26 18:03:40.483 1146 1749 D SystemServerTimingAsync: ssm.onUnlockedUser-0_com.android.server.app.GameManagerService$Lifecycle took to complete: 0ms
08-26 18:03:40.483 1146 1749 I SystemServerTimingAsync: ssm.onUnlockedUser-0_com.android.server.appsearch.AppSearchManagerService
08-26 18:03:40.484 1146 1749 D SystemServerTimingAsync: ssm.onUnlockedUser-0_com.android.server.appsearch.AppSearchManagerService took to complete: 0ms
08-26 18:03:40.484 1146 1749 I SystemServerTimingAsync: ssm.onUnlockedUser-0_com.android.server.media.MediaCommunicationService
08-26 18:03:40.484 1146 1749 D SystemServerTimingAsync: ssm.onUnlockedUser-0_com.android.server.media.MediaCommunicationService took to complete: 0ms
08-26 18:03:40.484 1146 1749 D SystemServerTimingAsync: ssm.UnlockedUser-0 took to complete: 31ms
08-26 18:03:40.484 1146 1749 W ActivityManager: UserLifecycleEvent 6 received without an active userJourneySession.
08-26 18:03:40.485 1146 1730 I DropBoxManagerService: add tag=system_server_strictmode isTagEnabled=true flags=0x2
08-26 18:03:40.502 1146 1750 I ActivityManager: Start proc 3811:com.qti.ltebc/u0a77 for broadcast {com.qti.ltebc/com.qualcomm.ltebc.LTEBroadcastReceiver}
08-26 18:03:40.541 1146 1146 I NotificationService: Cannot find enqueued record for key: 0|android|13|PreBootBroadcaster|1000
08-26 18:03:40.554 1146 2313 D CompatibilityChangeReporter: Compat change id reported: 168419799; UID 10077; state: DISABLED
08-26 18:03:40.627 1146 1146 I NotificationService: Cannot find enqueued record for key: 0|android|13|PreBootBroadcaster|1000
08-26 18:03:40.639 1146 1146 I NotificationService: Cannot find enqueued record for key: 0|android|13|PreBootBroadcaster|1000
08-26 18:03:43.899 3835 3835 F linker : CANNOT LINK EXECUTABLE "/vendor/bin/hw/qvrservice": library "vendor.qti.hardware.qxr-V1-ndk_platform.so" not found: needed by /vendor/lib64/libqvrservice.so in namespace (default)
08-26 18:03:43.912 3836 3836 F linker : CANNOT LINK EXECUTABLE "/vendor/bin/hw/sxrservice": library "vendor.qti.hardware.qxr-V1-ndk_platform.so" not found: needed by main executable
08-26 18:03:44.674 1146 2314 W OverlayManager: service 'idmap' died
08-26 18:03:45.853 1146 1749 I ActivityManager: Waited long enough for: ServiceRecord{f0db97c u0 com.qualcomm.location/.LocationService}
08-26 18:03:45.886 1146 1749 I ActivityManager: Waited long enough for: ServiceRecord{7c13667 u0 com.qualcomm.location/.izat.IzatService}
08-26 18:03:45.954 1146 1842 I ActivityManager: Process com.qti.ltebc (pid 3811) has died: fg RCVR
08-26 18:03:45.992 1146 1842 D CompatibilityChangeReporter: Compat change id reported: 135634846; UID 10027; state: DISABLED
08-26 18:03:45.992 1146 1842 D CompatibilityChangeReporter: Compat change id reported: 177438394; UID 10027; state: DISABLED
08-26 18:03:45.992 1146 1842 D CompatibilityChangeReporter: Compat change id reported: 135772972; UID 10027; state: DISABLED
08-26 18:03:45.993 1146 1842 D CompatibilityChangeReporter: Compat change id reported: 135754954; UID 10027; state: ENABLED
08-26 18:03:45.995 1146 1750 D CompatibilityChangeReporter: Compat change id reported: 143937733; UID 10027; state: ENABLED
08-26 18:03:46.036 1146 1750 I ActivityManager: Start proc 3864:com.android.traceur/u0a27 for broadcast {com.android.traceur/com.android.traceur.Receiver}
08-26 18:03:46.097 1146 1842 D CompatibilityChangeReporter: Compat change id reported: 168419799; UID 10027; state: DISABLED
08-26 18:03:46.220 1146 1842 D PackageManager: Instant App installer not found with android.intent.action.INSTALL_INSTANT_APP_PACKAGE
08-26 18:03:46.221 1146 1842 D PackageManager: Clear ephemeral installer activity
08-26 18:03:46.229 1146 1842 D PackageManager: Instant App installer not found with android.intent.action.INSTALL_INSTANT_APP_PACKAGE
08-26 18:03:46.229 1146 1842 D PackageManager: Clear ephemeral installer activity
08-26 18:03:46.240 1146 2314 D CompatibilityChangeReporter: Compat change id reported: 135634846; UID 1000; state: DISABLED
08-26 18:03:46.240 1146 2314 D CompatibilityChangeReporter: Compat change id reported: 177438394; UID 1000; state: DISABLED
08-26 18:03:46.240 1146 2314 D CompatibilityChangeReporter: Compat change id reported: 135772972; UID 1000; state: DISABLED
08-26 18:03:46.241 1146 2314 D CompatibilityChangeReporter: Compat change id reported: 135754954; UID 1000; state: DISABLED
08-26 18:03:46.284 1146 1750 I ActivityManager: Start proc 3882:com.qualcomm.qti.qmmi/1000 for broadcast {com.qualcomm.qti.qmmi/com.qualcomm.qti.qmmi.framework.QmmiReceiver}
08-26 18:03:46.485 1146 2314 D CompatibilityChangeReporter: Compat change id reported: 168419799; UID 10066; state: DISABLED
08-26 18:03:46.504 2616 2616 E AndroidRuntime: FATAL EXCEPTION: main
08-26 18:03:46.504 2616 2616 E AndroidRuntime: Process: com.qualcomm.qti.devicestatisticsservice, PID: 2616
08-26 18:03:46.504 2616 2616 E AndroidRuntime: java.lang.NoClassDefFoundError: Failed resolution of: Landroid/hidl/manager/V1_0/IServiceNotification$Stub;
08-26 18:03:46.504 2616 2616 E AndroidRuntime: at com.qualcomm.qti.devicestatisticsservice.DeviceStatisticsService.onStartCommand(DeviceStatisticsService.java:83)
08-26 18:03:46.504 2616 2616 E AndroidRuntime: at android.app.ActivityThread.handleServiceArgs(ActivityThread.java:4640)
08-26 18:03:46.504 2616 2616 E AndroidRuntime: at android.app.ActivityThread.access$2000(ActivityThread.java:248)
08-26 18:03:46.504 2616 2616 E AndroidRuntime: at android.app.ActivityThread$H.handleMessage(ActivityThread.java:2092)
08-26 18:03:46.504 2616 2616 E AndroidRuntime: at android.os.Handler.dispatchMessage(Handler.java:106)
08-26 18:03:46.504 2616 2616 E AndroidRuntime: at android.os.Looper.loopOnce(Looper.java:201)
08-26 18:03:46.504 2616 2616 E AndroidRuntime: at android.os.Looper.loop(Looper.java:288)
08-26 18:03:46.504 2616 2616 E AndroidRuntime: at android.app.ActivityThread.main(ActivityThread.java:7880)
08-26 18:03:46.504 2616 2616 E AndroidRuntime: at java.lang.reflect.Method.invoke(Native Method)
08-26 18:03:46.504 2616 2616 E AndroidRuntime: at com.android.internal.os.RuntimeInit$MethodAndArgsCaller.run(RuntimeInit.java:548)
08-26 18:03:46.504 2616 2616 E AndroidRuntime: at com.android.internal.os.ZygoteInit.main(ZygoteInit.java:1009)
08-26 18:03:46.504 2616 2616 E AndroidRuntime: Caused by: java.lang.ClassNotFoundException: android.hidl.manager.V1_0.IServiceNotification$Stub
08-26 18:03:46.504 2616 2616 E AndroidRuntime: ... 11 more
08-26 18:03:46.512 1146 3899 I DropBoxManagerService: add tag=system_app_crash isTagEnabled=true flags=0x2
08-26 18:03:46.513 1146 1842 D CompatibilityChangeReporter: Compat change id reported: 168419799; UID 1000; state: DISABLED
08-26 18:03:46.518 1146 1146 E BootReceiver: Could not open /sys/kernel/tracing/instances/bootreceiver/trace_pipe
08-26 18:03:46.518 1146 1146 E BootReceiver: android.system.ErrnoException: open failed: ENOENT (No such file or directory)
08-26 18:03:46.518 1146 1146 E BootReceiver: at libcore.io.Linux.open(Native Method)
08-26 18:03:46.518 1146 1146 E BootReceiver: at libcore.io.ForwardingOs.open(ForwardingOs.java:567)
08-26 18:03:46.518 1146 1146 E BootReceiver: at libcore.io.BlockGuardOs.open(BlockGuardOs.java:273)
08-26 18:03:46.518 1146 1146 E BootReceiver: at android.system.Os.open(Os.java:501)
08-26 18:03:46.518 1146 1146 E BootReceiver: at com.android.server.BootReceiver.onReceive(BootReceiver.java:167)
08-26 18:03:46.518 1146 1146 E BootReceiver: at android.app.ActivityThread.handleReceiver(ActivityThread.java:4309)
08-26 18:03:46.518 1146 1146 E BootReceiver: at android.app.ActivityThread.access$1600(ActivityThread.java:248)
08-26 18:03:46.518 1146 1146 E BootReceiver: at android.app.ActivityThread$H.handleMessage(ActivityThread.java:2065)
08-26 18:03:46.518 1146 1146 E BootReceiver: at android.os.Handler.dispatchMessage(Handler.java:106)
08-26 18:03:46.518 1146 1146 E BootReceiver: at android.os.Looper.loopOnce(Looper.java:201)
08-26 18:03:46.518 1146 1146 E BootReceiver: at android.os.Looper.loop(Looper.java:288)
08-26 18:03:46.518 1146 1146 E BootReceiver: at com.android.server.SystemServer.run(SystemServer.java:907)
08-26 18:03:46.518 1146 1146 E BootReceiver: at com.android.server.SystemServer.main(SystemServer.java:614)
08-26 18:03:46.518 1146 1146 E BootReceiver: at java.lang.reflect.Method.invoke(Native Method)
08-26 18:03:46.518 1146 1146 E BootReceiver: at com.android.internal.os.RuntimeInit$MethodAndArgsCaller.run(RuntimeInit.java:548)
08-26 18:03:46.518 1146 1146 E BootReceiver: at com.android.internal.os.ZygoteInit.main(ZygoteInit.java:987)
08-26 18:03:46.522 1146 1749 I DropBoxManagerService: add tag=system_server_wtf isTagEnabled=true flags=0x2
08-26 18:03:46.539 1146 3900 I BootReceiver: No existing last log timestamp file /data/system/log-files.xml; starting empty
08-26 18:03:46.545 1146 3900 I DropBoxManagerService: add tag=SYSTEM_BOOT isTagEnabled=true flags=0x2
08-26 18:03:46.550 1146 3900 I BootReceiver: Copying audit failures to DropBox
08-26 18:03:46.553 1146 3900 I BootReceiver: Checking for fsck errors
08-26 18:03:46.555 1146 3900 I BootReceiver: fs_stat, partition:persist stat:0xb
08-26 18:03:46.555 1146 3900 I BootReceiver: fs_stat, partition:dsp_a stat:0x3
08-26 18:03:46.592 1146 2313 D CompatibilityChangeReporter: Compat change id reported: 168419799; UID 10079; state: DISABLED
08-26 18:03:46.598 1146 1842 I ActivityManager: Process com.qualcomm.qti.devicestatisticsservice (pid 2616) has died: pers PER
